2025-06-30 00:45:34.886 140820 DEBUG oslo_service.service [req-4d9af438-47aa-436b-b9d4-c27def7ba735 - - - - -] cert = self.pem log_opt_values /usr/lib/python3/dist-packages/oslo_config/cfg.py:2602
2025-06-30 00:45:34.887 140820 DEBUG oslo_service.service [req-4d9af438-47aa-436b-b9d4-c27def7ba735 - - - - -] compute_driver = libvirt.LibvirtDriver log_opt_values /usr/lib/python3/dist-packages/oslo_config/cfg.py:2602
2025-06-30 00:45:34.886 141260 DEBUG oslo_db.sqlalchemy.engines [req-6c31cb5e-bf18-494f-94c5-8dc322831aee - - - - -] MySQL server mode set to STRICT_TRANS_TABLES,STRICT_ALL_TABLES,NO_ZERO_IN_DATE,NO_ZERO_DATE,ERROR_FOR_DIVISION_BY_ZERO,TRADITIONAL,NO_ENGINE_SUBSTITUTION _check_effective_sql_mode /usr/lib/python3/dist-packages/oslo_db/sqlalchemy/engines.py:314
2025-06-30 00:45:34.886 141259 DEBUG oslo_db.sqlalchemy.engines [req-18a6a290-71c5-4ec2-9157-22e520eab9ad - - - - -] MySQL server mode set to STRICT_TRANS_TABLES,STRICT_ALL_TABLES,NO_ZERO_IN_DATE,NO_ZERO_DATE,ERROR_FOR_DIVISION_BY_ZERO,TRADITIONAL,NO_ENGINE_SUBSTITUTION _check_effective_sql_mode /usr/lib/python3/dist-packages/oslo_db/sqlalchemy/engines.py:314
2025-06-30 00:45:34.887 140820 DEBUG oslo_service.service [req-4d9af438-47aa-436b-b9d4-c27def7ba735 - - - - -] compute_monitors = [] log_opt_values /usr/lib/python3/dist-packages/oslo_config/cfg.py:2602
2025-06-30 00:45:34.887 140820 DEBUG oslo_service.service [req-4d9af438-47aa-436b-b9d4-c27def7ba735 - - - - -] config_dir = [] log_opt_values /usr/lib/python3/dist-packages/oslo_config/cfg.py:2602
2025-06-30 00:45:34.888 140820 DEBUG oslo_service.service [req-4d9af438-47aa-436b-b9d4-c27def7ba735 - - - - -] config_drive_format = iso9660 log_opt_values /usr/lib/python3/dist-packages/oslo_config/cfg.py:2602
2025-06-30 00:45:34.888 140820 DEBUG oslo_service.service [req-4d9af438-47aa-436b-b9d4-c27def7ba735 - - - - -] config_file = ['/etc/nova/nova.conf'] log_opt_values /usr/lib/python3/dist-packages/oslo_config/cfg.py:2602
2025-06-30 00:45:34.888 140820 DEBUG oslo_service.service [req-4d9af438-47aa-436b-b9d4-c27def7ba735 - - - - -] config_source = [] log_opt_values /usr/lib/python3/dist-packages/oslo_config/cfg.py:2602
2025-06-30 00:45:34.889 140820 DEBUG oslo_service.service [req-4d9af438-47aa-436b-b9d4-c27def7ba735 - - - - -] console_host = juju-36f194-0-lxd-7 log_opt_values /usr/lib/python3/dist-packages/oslo_config/cfg.py:2602
2025-06-30 00:45:34.889 140820 DEBUG oslo_service.service [req-4d9af438-47aa-436b-b9d4-c27def7ba735 - - - - -] control_exchange = nova log_opt_values /usr/lib/python3/dist-packages/oslo_config/cfg.py:2602
2025-06-30 00:45:34.890 140820 DEBUG oslo_service.service [req-4d9af438-47aa-436b-b9d4-c27def7ba735 - - - - -] cpu_allocation_ratio = 2.0 log_opt_values /usr/lib/python3/dist-packages/oslo_config/cfg.py:2602
2025-06-30 00:45:34.890 140820 DEBUG oslo_service.service [req-4d9af438-47aa-436b-b9d4-c27def7ba735 - - - - -] daemon = False log_opt_values /usr/lib/python3/dist-packages/oslo_config/cfg.py:2602
2025-06-30 00:45:34.891 140820 DEBUG oslo_service.service [req-4d9af438-47aa-436b-b9d4-c27def7ba735 - - - - -] debug = True log_opt_values /usr/lib/python3/dist-packages/oslo_config/cfg.py:2602
2025-06-30 00:45:34.891 140820 DEBUG oslo_service.service [req-4d9af438-47aa-436b-b9d4-c27def7ba735 - - - - -] default_access_ip_network_name = None log_opt_values /usr/lib/python3/dist-packages/oslo_config/cfg.py:2602
2025-06-30 00:45:34.891 140820 DEBUG oslo_service.service [req-4d9af438-47aa-436b-b9d4-c27def7ba735 - - - - -] default_availability_zone = nova log_opt_values /usr/lib/python3/dist-packages/oslo_config/cfg.py:2602
2025-06-30 00:45:34.892 140820 DEBUG oslo_service.service [req-4d9af438-47aa-436b-b9d4-c27def7ba735 - - - - -] default_ephemeral_format = None log_opt_values /usr/lib/python3/dist-packages/oslo_config/cfg.py:2602
2025-06-30 00:45:34.893 140820 DEBUG oslo_service.service [req-4d9af438-47aa-436b-b9d4-c27def7ba735 - - - - -] default_log_levels = ['amqp=WARN', 'amqplib=WARN', 'boto=WARN', 'qpid=WARN', 'sqlalchemy=WARN', 'suds=INFO', 'oslo.messaging=INFO', 'oslo_messaging=DEBUG', 'iso8601=WARN', 'requests.packages.urllib3.connectionpool=WARN', 'urllib3.connectionpool=WARN', 'websocket=WARN', 'requests.packages.urllib3.util.retry=WARN', 'urllib3.util.retry=WARN', 'keystonemiddleware=WARN', 'routes.middleware=WARN', 'stevedore=WARN', 'taskflow=WARN', 'keystoneauth=WARN', 'oslo.cache=INFO', 'dogpile.core.dogpile=INFO', 'glanceclient=WARN', 'oslo.privsep.daemon=INFO'] log_opt_values /usr/lib/python3/dist-packages/oslo_config/cfg.py:2602
2025-06-30 00:45:34.893 140820 DEBUG oslo_service.service [req-4d9af438-47aa-436b-b9d4-c27def7ba735 - - - - -] default_schedule_zone = None log_opt_values /usr/lib/python3/dist-packages/oslo_config/cfg.py:2602
2025-06-30 00:45:34.893 140820 DEBUG oslo_service.service [req-4d9af438-47aa-436b-b9d4-c27def7ba735 - - - - -] disk_allocation_ratio = 1.0 log_opt_values /usr/lib/python3/dist-packages/oslo_config/cfg.py:2602
2025-06-30 00:45:34.893 140820 DEBUG oslo_service.service [req-4d9af438-47aa-436b-b9d4-c27def7ba735 - - - - -] enable_new_services = True log_opt_values /usr/lib/python3/dist-packages/oslo_config/cfg.py:2602
2025-06-30 00:45:34.894 140820 DEBUG oslo_service.service [req-4d9af438-47aa-436b-b9d4-c27def7ba735 - - - - -] enabled_apis = ['osapi_compute', 'metadata'] log_opt_values /usr/lib/python3/dist-packages/oslo_config/cfg.py:2602
2025-06-30 00:45:34.894 140820 DEBUG oslo_service.service [req-4d9af438-47aa-436b-b9d4-c27def7ba735 - - - - -] enabled_ssl_apis = [] log_opt_values /usr/lib/python3/dist-packages/oslo_config/cfg.py:2602
2025-06-30 00:45:34.894 140820 DEBUG oslo_service.service [req-4d9af438-47aa-436b-b9d4-c27def7ba735 - - - - -] fatal_deprecations = False log_opt_values /usr/lib/python3/dist-packages/oslo_config/cfg.py:2602
2025-06-30 00:45:34.895 140820 DEBUG oslo_service.service [req-4d9af438-47aa-436b-b9d4-c27def7ba735 - - - - -] flat_injected = False log_opt_values /usr/lib/python3/dist-packages/oslo_config/cfg.py:2602
2025-06-30 00:45:34.895 140820 DEBUG oslo_service.service [req-4d9af438-47aa-436b-b9d4-c27def7ba735 - - - - -] force_config_drive = False log_opt_values /usr/lib/python3/dist-packages/oslo_config/cfg.py:2602
2025-06-30 00:45:34.896 140820 DEBUG oslo_service.service [req-4d9af438-47aa-436b-b9d4-c27def7ba735 - - - - -] force_raw_images = True log_opt_values /usr/lib/python3/dist-packages/oslo_config/cfg.py:2602
2025-06-30 00:45:34.896 140820 DEBUG oslo_service.service [req-4d9af438-47aa-436b-b9d4-c27def7ba735 - - - - -] graceful_shutdown_timeout = 60 log_opt_values /usr/lib/python3/dist-packages/oslo_config/cfg.py:2602
2025-06-30 00:45:34.896 140820 DEBUG oslo_service.service [req-4d9af438-47aa-436b-b9d4-c27def7ba735 - - - - -] heal_instance_info_cache_interval = 60 log_opt_values /usr/lib/python3/dist-packages/oslo_config/cfg.py:2602
2025-06-30 00:45:34.896 141258 DEBUG nova.service [req-99038be8-3c2c-4ffd-806a-184df027f974 - - - - -] Creating RPC server for service scheduler start /usr/lib/python3/dist-packages/nova/service.py:182
2025-06-30 00:45:34.897 140820 DEBUG oslo_service.service [req-4d9af438-47aa-436b-b9d4-c27def7ba735 - - - - -] host = juju-36f194-0-lxd-7 log_opt_values /usr/lib/python3/dist-packages/oslo_config/cfg.py:2602
2025-06-30 00:45:34.897 140820 DEBUG oslo_service.service [req-4d9af438-47aa-436b-b9d4-c27def7ba735 - - - - -] initial_cpu_allocation_ratio = 16.0 log_opt_values /usr/lib/python3/dist-packages/oslo_config/cfg.py:2602
2025-06-30 00:45:34.897 140820 DEBUG oslo_service.service [req-4d9af438-47aa-436b-b9d4-c27def7ba735 - - - - -] initial_disk_allocation_ratio = 1.0 log_opt_values /usr/lib/python3/dist-packages/oslo_config/cfg.py:2602
2025-06-30 00:45:34.898 140820 DEBUG oslo_service.service [req-4d9af438-47aa-436b-b9d4-c27def7ba735 - - - - -] initial_ram_allocation_ratio = 1.5 log_opt_values /usr/lib/python3/dist-packages/oslo_config/cfg.py:2602
2025-06-30 00:45:34.898 140820 DEBUG oslo_service.service [req-4d9af438-47aa-436b-b9d4-c27def7ba735 - - - - -] injected_network_template = /usr/lib/python3/dist-packages/nova/virt/interfaces.template log_opt_values /usr/lib/python3/dist-packages/oslo_config/cfg.py:2602
2025-06-30 00:45:34.898 140820 DEBUG oslo_service.service [req-4d9af438-47aa-436b-b9d4-c27def7ba735 - - - - -] instance_build_timeout = 0 log_opt_values /usr/lib/python3/dist-packages/oslo_config/cfg.py:2602
2025-06-30 00:45:34.899 140820 DEBUG oslo_service.service [req-4d9af438-47aa-436b-b9d4-c27def7ba735 - - - - -] instance_delete_interval = 300 log_opt_values /usr/lib/python3/dist-packages/oslo_config/cfg.py:2602
2025-06-30 00:45:34.899 140820 DEBUG oslo_service.service [req-4d9af438-47aa-436b-b9d4-c27def7ba735 - - - - -] instance_format = [instance: %(uuid)s] log_opt_values /usr/lib/python3/dist-packages/oslo_config/cfg.py:2602
2025-06-30 00:45:34.899 140820 DEBUG oslo_service.service [req-4d9af438-47aa-436b-b9d4-c27def7ba735 - - - - -] instance_name_template = instance-%08x log_opt_values /usr/lib/python3/dist-packages/oslo_config/cfg.py:2602
2025-06-30 00:45:34.899 140820 DEBUG oslo_service.service [req-4d9af438-47aa-436b-b9d4-c27def7ba735 - - - - -] instance_usage_audit = False log_opt_values /usr/lib/python3/dist-packages/oslo_config/cfg.py:2602
2025-06-30 00:45:34.900 140820 DEBUG oslo_service.service [req-4d9af438-47aa-436b-b9d4-c27def7ba735 - - - - -] instance_usage_audit_period = month log_opt_values /usr/lib/python3/dist-packages/oslo_config/cfg.py:2602
2025-06-30 00:45:34.900 140820 DEBUG oslo_service.service [req-4d9af438-47aa-436b-b9d4-c27def7ba735 - - - - -] instance_uuid_format = [instance: %(uuid)s] log_opt_values /usr/lib/python3/dist-packages/oslo_config/cfg.py:2602
2025-06-30 00:45:34.900 140820 DEBUG oslo_service.service [req-4d9af438-47aa-436b-b9d4-c27def7ba735 - - - - -] instances_path = /var/lib/nova/instances log_opt_values /usr/lib/python3/dist-packages/oslo_config/cfg.py:2602
2025-06-30 00:45:34.901 140820 DEBUG oslo_service.service [req-4d9af438-47aa-436b-b9d4-c27def7ba735 - - - - -] internal_service_availability_zone = internal log_opt_values /usr/lib/python3/dist-packages/oslo_config/cfg.py:2602
2025-06-30 00:45:34.902 140820 DEBUG oslo_service.service [req-4d9af438-47aa-436b-b9d4-c27def7ba735 - - - - -] key = None log_opt_values /usr/lib/python3/dist-packages/oslo_config/cfg.py:2602
2025-06-30 00:45:34.902 140820 DEBUG oslo_service.service [req-4d9af438-47aa-436b-b9d4-c27def7ba735 - - - - -] live_migration_retry_count = 30 log_opt_values /usr/lib/python3/dist-packages/oslo_config/cfg.py:2602
2025-06-30 00:45:34.902 140820 DEBUG oslo_service.service [req-4d9af438-47aa-436b-b9d4-c27def7ba735 - - - - -] log_config_append = None log_opt_values /usr/lib/python3/dist-packages/oslo_config/cfg.py:2602
2025-06-30 00:45:34.902 140820 DEBUG oslo_service.service [req-4d9af438-47aa-436b-b9d4-c27def7ba735 - - - - -] log_date_format = %Y-%m-%d %H:%M:%S log_opt_values /usr/lib/python3/dist-packages/oslo_config/cfg.py:2602
2025-06-30 00:45:34.903 140820 DEBUG oslo_service.service [req-4d9af438-47aa-436b-b9d4-c27def7ba735 - - - - -] log_dir = /var/log/nova log_opt_values /usr/lib/python3/dist-packages/oslo_config/cfg.py:2602
2025-06-30 00:45:34.903 140820 DEBUG oslo_service.service [req-4d9af438-47aa-436b-b9d4-c27def7ba735 - - - - -] log_file = /var/log/nova/nova-scheduler.log log_opt_values /usr/lib/python3/dist-packages/oslo_config/cfg.py:2602
2025-06-30 00:45:34.903 140820 DEBUG oslo_service.service [req-4d9af438-47aa-436b-b9d4-c27def7ba735 - - - - -] log_options = True log_opt_values /usr/lib/python3/dist-packages/oslo_config/cfg.py:2602
2025-06-30 00:45:34.903 141259 DEBUG nova.service [req-18a6a290-71c5-4ec2-9157-22e520eab9ad - - - - -] Creating RPC server for service scheduler start /usr/lib/python3/dist-packages/nova/service.py:182
2025-06-30 00:45:34.903 140820 DEBUG oslo_service.service [req-4d9af438-47aa-436b-b9d4-c27def7ba735 - - - - -] log_rotate_interval = 1 log_opt_values /usr/lib/python3/dist-packages/oslo_config/cfg.py:2602
2025-06-30 00:45:34.904 140820 DEBUG oslo_service.service [req-4d9af438-47aa-436b-b9d4-c27def7ba735 - - - - -] log_rotate_interval_type = days log_opt_values /usr/lib/python3/dist-packages/oslo_config/cfg.py:2602
2025-06-30 00:45:34.904 140820 DEBUG oslo_service.service [req-4d9af438-47aa-436b-b9d4-c27def7ba735 - - - - -] log_rotation_type = none log_opt_values /usr/lib/python3/dist-packages/oslo_config/cfg.py:2602
2025-06-30 00:45:34.904 140820 DEBUG oslo_service.service [req-4d9af438-47aa-436b-b9d4-c27def7ba735 - - - - -] logging_context_format_string = %(asctime)s.%(msecs)03d %(process)d %(levelname)s %(name)s [%(request_id)s %(user_identity)s] %(instance)s%(message)s log_opt_values /usr/lib/python3/dist-packages/oslo_config/cfg.py:2602
2025-06-30 00:45:34.904 140820 DEBUG oslo_service.service [req-4d9af438-47aa-436b-b9d4-c27def7ba735 - - - - -] logging_debug_format_suffix = %(funcName)s %(pathname)s:%(lineno)d log_opt_values /usr/lib/python3/dist-packages/oslo_config/cfg.py:2602
2025-06-30 00:45:34.905 140820 DEBUG oslo_service.service [req-4d9af438-47aa-436b-b9d4-c27def7ba735 - - - - -] logging_default_format_string = %(asctime)s.%(msecs)03d %(process)d %(levelname)s %(name)s [-] %(instance)s%(message)s log_opt_values /usr/lib/python3/dist-packages/oslo_config/cfg.py:2602
2025-06-30 00:45:34.905 140820 DEBUG oslo_service.service [req-4d9af438-47aa-436b-b9d4-c27def7ba735 - - - - -] logging_exception_prefix = %(asctime)s.%(msecs)03d %(process)d ERROR %(name)s %(instance)s log_opt_values /usr/lib/python3/dist-packages/oslo_config/cfg.py:2602
2025-06-30 00:45:34.905 140820 DEBUG oslo_service.service [req-4d9af438-47aa-436b-b9d4-c27def7ba735 - - - - -] logging_user_identity_format = %(user)s %(project)s %(domain)s %(user_domain)s %(project_domain)s log_opt_values /usr/lib/python3/dist-packages/oslo_config/cfg.py:2602
2025-06-30 00:45:34.906 141260 DEBUG nova.service [req-6c31cb5e-bf18-494f-94c5-8dc322831aee - - - - -] Creating RPC server for service scheduler start /usr/lib/python3/dist-packages/nova/service.py:182
2025-06-30 00:45:34.917 140820 DEBUG oslo_service.service [req-4d9af438-47aa-436b-b9d4-c27def7ba735 - - - - -] long_rpc_timeout = 1800 log_opt_values /usr/lib/python3/dist-packages/oslo_config/cfg.py:2602
2025-06-30 00:45:34.918 140820 DEBUG oslo_service.service [req-4d9af438-47aa-436b-b9d4-c27def7ba735 - - - - -] max_concurrent_builds = 10 log_opt_values /usr/lib/python3/dist-packages/oslo_config/cfg.py:2602
2025-06-30 00:45:34.918 140820 DEBUG oslo_service.service [req-4d9af438-47aa-436b-b9d4-c27def7ba735 - - - - -] max_concurrent_live_migrations = 1 log_opt_values /usr/lib/python3/dist-packages/oslo_config/cfg.py:2602
2025-06-30 00:45:34.919 140820 DEBUG oslo_service.service [req-4d9af438-47aa-436b-b9d4-c27def7ba735 - - - - -] max_concurrent_snapshots = 5 log_opt_values /usr/lib/python3/dist-packages/oslo_config/cfg.py:2602
2025-06-30 00:45:34.919 140820 DEBUG oslo_service.service [req-4d9af438-47aa-436b-b9d4-c27def7ba735 - - - - -] max_local_block_devices = 3 log_opt_values /usr/lib/python3/dist-packages/oslo_config/cfg.py:2602
2025-06-30 00:45:34.919 140820 DEBUG oslo_service.service [req-4d9af438-47aa-436b-b9d4-c27def7ba735 - - - - -] max_logfile_count = 30 log_opt_values /usr/lib/python3/dist-packages/oslo_config/cfg.py:2602
2025-06-30 00:45:34.919 140820 DEBUG oslo_service.service [req-4d9af438-47aa-436b-b9d4-c27def7ba735 - - - - -] max_logfile_size_mb = 200 log_opt_values /usr/lib/python3/dist-packages/oslo_config/cfg.py:2602
2025-06-30 00:45:34.920 140820 DEBUG oslo_service.service [req-4d9af438-47aa-436b-b9d4-c27def7ba735 - - - - -] maximum_instance_delete_attempts = 5 log_opt_values /usr/lib/python3/dist-packages/oslo_config/cfg.py:2602
2025-06-30 00:45:34.920 140820 DEBUG oslo_service.service [req-4d9af438-47aa-436b-b9d4-c27def7ba735 - - - - -] metadata_listen = 0.0.0.0 log_opt_values /usr/lib/python3/dist-packages/oslo_config/cfg.py:2602
2025-06-30 00:45:34.920 140820 DEBUG oslo_service.service [req-4d9af438-47aa-436b-b9d4-c27def7ba735 - - - - -] metadata_listen_port = 8765 log_opt_values /usr/lib/python3/dist-packages/oslo_config/cfg.py:2602
2025-06-30 00:45:34.920 140820 DEBUG oslo_service.service [req-4d9af438-47aa-436b-b9d4-c27def7ba735 - - - - -] metadata_workers = None log_opt_values /usr/lib/python3/dist-packages/oslo_config/cfg.py:2602
2025-06-30 00:45:34.921 140820 DEBUG oslo_service.service [req-4d9af438-47aa-436b-b9d4-c27def7ba735 - - - - -] migrate_max_retries = -1 log_opt_values /usr/lib/python3/dist-packages/oslo_config/cfg.py:2602
2025-06-30 00:45:34.921 140820 DEBUG oslo_service.service [req-4d9af438-47aa-436b-b9d4-c27def7ba735 - - - - -] mkisofs_cmd = genisoimage log_opt_values /usr/lib/python3/dist-packages/oslo_config/cfg.py:2602
2025-06-30 00:45:34.921 140820 DEBUG oslo_service.service [req-4d9af438-47aa-436b-b9d4-c27def7ba735 - - - - -] my_block_storage_ip = 252.56.105.104 log_opt_values /usr/lib/python3/dist-packages/oslo_config/cfg.py:2602
2025-06-30 00:45:34.922 140820 DEBUG oslo_service.service [req-4d9af438-47aa-436b-b9d4-c27def7ba735 - - - - -] my_ip = 252.56.105.104 log_opt_values /usr/lib/python3/dist-packages/oslo_config/cfg.py:2602
2025-06-30 00:45:34.922 140820 DEBUG oslo_service.service [req-4d9af438-47aa-436b-b9d4-c27def7ba735 - - - - -] network_allocate_retries = 0 log_opt_values /usr/lib/python3/dist-packages/oslo_config/cfg.py:2602
2025-06-30 00:45:34.922 140820 DEBUG oslo_service.service [req-4d9af438-47aa-436b-b9d4-c27def7ba735 - - - - -] non_inheritable_image_properties = ['cache_in_nova', 'bittorrent'] log_opt_values /usr/lib/python3/dist-packages/oslo_config/cfg.py:2602
2025-06-30 00:45:34.922 140820 DEBUG oslo_service.service [req-4d9af438-47aa-436b-b9d4-c27def7ba735 - - - - -] osapi_compute_listen = 0.0.0.0 log_opt_values /usr/lib/python3/dist-packages/oslo_config/cfg.py:2602
2025-06-30 00:45:34.923 140820 DEBUG oslo_service.service [req-4d9af438-47aa-436b-b9d4-c27def7ba735 - - - - -] osapi_compute_listen_port = 8764 log_opt_values /usr/lib/python3/dist-packages/oslo_config/cfg.py:2602
2025-06-30 00:45:34.923 140820 DEBUG oslo_service.service [req-4d9af438-47aa-436b-b9d4-c27def7ba735 - - - - -] osapi_compute_unique_server_name_scope = log_opt_values /usr/lib/python3/dist-packages/oslo_config/cfg.py:2602
2025-06-30 00:45:34.923 140820 DEBUG oslo_service.service [req-4d9af438-47aa-436b-b9d4-c27def7ba735 - - - - -] osapi_compute_workers = 4 log_opt_values /usr/lib/python3/dist-packages/oslo_config/cfg.py:2602
2025-06-30 00:45:34.924 140820 DEBUG oslo_service.service [req-4d9af438-47aa-436b-b9d4-c27def7ba735 - - - - -] password_length = 12 log_opt_values /usr/lib/python3/dist-packages/oslo_config/cfg.py:2602
2025-06-30 00:45:34.924 140820 DEBUG oslo_service.service [req-4d9af438-47aa-436b-b9d4-c27def7ba735 - - - - -] periodic_enable = True log_opt_values /usr/lib/python3/dist-packages/oslo_config/cfg.py:2602
2025-06-30 00:45:34.924 140820 DEBUG oslo_service.service [req-4d9af438-47aa-436b-b9d4-c27def7ba735 - - - - -] periodic_fuzzy_delay = 60 log_opt_values /usr/lib/python3/dist-packages/oslo_config/cfg.py:2602
2025-06-30 00:45:34.924 140820 DEBUG oslo_service.service [req-4d9af438-47aa-436b-b9d4-c27def7ba735 - - - - -] pointer_model = usbtablet log_opt_values /usr/lib/python3/dist-packages/oslo_config/cfg.py:2602
2025-06-30 00:45:34.925 140820 DEBUG oslo_service.service [req-4d9af438-47aa-436b-b9d4-c27def7ba735 - - - - -] preallocate_images = none log_opt_values /usr/lib/python3/dist-packages/oslo_config/cfg.py:2602
2025-06-30 00:45:34.925 140820 DEBUG oslo_service.service [req-4d9af438-47aa-436b-b9d4-c27def7ba735 - - - - -] publish_errors = False log_opt_values /usr/lib/python3/dist-packages/oslo_config/cfg.py:2602
2025-06-30 00:45:34.925 140820 DEBUG oslo_service.service [req-4d9af438-47aa-436b-b9d4-c27def7ba735 - - - - -] pybasedir = /usr/lib/python3/dist-packages log_opt_values /usr/lib/python3/dist-packages/oslo_config/cfg.py:2602
2025-06-30 00:45:34.925 140820 DEBUG oslo_service.service [req-4d9af438-47aa-436b-b9d4-c27def7ba735 - - - - -] ram_allocation_ratio = 0.98 log_opt_values /usr/lib/python3/dist-packages/oslo_config/cfg.py:2602
2025-06-30 00:45:34.926 140820 DEBUG oslo_service.service [req-4d9af438-47aa-436b-b9d4-c27def7ba735 - - - - -] rate_limit_burst = 0 log_opt_values /usr/lib/python3/dist-packages/oslo_config/cfg.py:2602
2025-06-30 00:45:34.926 140820 DEBUG oslo_service.service [req-4d9af438-47aa-436b-b9d4-c27def7ba735 - - - - -] rate_limit_except_level = CRITICAL log_opt_values /usr/lib/python3/dist-packages/oslo_config/cfg.py:2602
2025-06-30 00:45:34.926 140820 DEBUG oslo_service.service [req-4d9af438-47aa-436b-b9d4-c27def7ba735 - - - - -] rate_limit_interval = 0 log_opt_values /usr/lib/python3/dist-packages/oslo_config/cfg.py:2602
2025-06-30 00:45:34.927 140820 DEBUG oslo_service.service [req-4d9af438-47aa-436b-b9d4-c27def7ba735 - - - - -] reboot_timeout = 0 log_opt_values /usr/lib/python3/dist-packages/oslo_config/cfg.py:2602
2025-06-30 00:45:34.927 140820 DEBUG oslo_service.service [req-4d9af438-47aa-436b-b9d4-c27def7ba735 - - - - -] reclaim_instance_interval = 0 log_opt_values /usr/lib/python3/dist-packages/oslo_config/cfg.py:2602
2025-06-30 00:45:34.927 140820 DEBUG oslo_service.service [req-4d9af438-47aa-436b-b9d4-c27def7ba735 - - - - -] record = None log_opt_values /usr/lib/python3/dist-packages/oslo_config/cfg.py:2602
2025-06-30 00:45:34.927 141261 DEBUG oslo_db.sqlalchemy.engines [req-0bb7ee08-e83c-4804-9ef9-29ce807a268e - - - - -] MySQL server mode set to STRICT_TRANS_TABLES,STRICT_ALL_TABLES,NO_ZERO_IN_DATE,NO_ZERO_DATE,ERROR_FOR_DIVISION_BY_ZERO,TRADITIONAL,NO_ENGINE_SUBSTITUTION _check_effective_sql_mode /usr/lib/python3/dist-packages/oslo_db/sqlalchemy/engines.py:314
2025-06-30 00:45:34.927 140820 DEBUG oslo_service.service [req-4d9af438-47aa-436b-b9d4-c27def7ba735 - - - - -] report_interval = 10 log_opt_values /usr/lib/python3/dist-packages/oslo_config/cfg.py:2602
2025-06-30 00:45:34.927 140820 DEBUG oslo_service.service [req-4d9af438-47aa-436b-b9d4-c27def7ba735 - - - - -] rescue_timeout = 0 log_opt_values /usr/lib/python3/dist-packages/oslo_config/cfg.py:2602
2025-06-30 00:45:34.928 140820 DEBUG oslo_service.service [req-4d9af438-47aa-436b-b9d4-c27def7ba735 - - - - -] reserved_host_cpus = 0 log_opt_values /usr/lib/python3/dist-packages/oslo_config/cfg.py:2602
2025-06-30 00:45:34.927 141258 DEBUG oslo_messaging._drivers.amqpdriver [-] Listener is running poll /usr/lib/python3/dist-packages/oslo_messaging/_drivers/amqpdriver.py:343
2025-06-30 00:45:34.928 141258 DEBUG oslo_messaging._drivers.amqpdriver [-] AMQPListener connection consume poll /usr/lib/python3/dist-packages/oslo_messaging/_drivers/amqpdriver.py:357
2025-06-30 00:45:34.928 140820 DEBUG oslo_service.service [req-4d9af438-47aa-436b-b9d4-c27def7ba735 - - - - -] reserved_host_disk_mb = 0 log_opt_values /usr/lib/python3/dist-packages/oslo_config/cfg.py:2602
2025-06-30 00:45:34.929 140820 DEBUG oslo_service.service [req-4d9af438-47aa-436b-b9d4-c27def7ba735 - - - - -] reserved_host_memory_mb = 512 log_opt_values /usr/lib/python3/dist-packages/oslo_config/cfg.py:2602
2025-06-30 00:45:34.929 140820 DEBUG oslo_service.service [req-4d9af438-47aa-436b-b9d4-c27def7ba735 - - - - -] reserved_huge_pages = None log_opt_values /usr/lib/python3/dist-packages/oslo_config/cfg.py:2602
2025-06-30 00:45:34.929 140820 DEBUG oslo_service.service [req-4d9af438-47aa-436b-b9d4-c27def7ba735 - - - - -] resize_confirm_window = 0 log_opt_values /usr/lib/python3/dist-packages/oslo_config/cfg.py:2602
2025-06-30 00:45:34.929 140820 DEBUG oslo_service.service [req-4d9af438-47aa-436b-b9d4-c27def7ba735 - - - - -] resize_fs_using_block_device = False log_opt_values /usr/lib/python3/dist-packages/oslo_config/cfg.py:2602
2025-06-30 00:45:34.930 140820 DEBUG oslo_service.service [req-4d9af438-47aa-436b-b9d4-c27def7ba735 - - - - -] resume_guests_state_on_host_boot = False log_opt_values /usr/lib/python3/dist-packages/oslo_config/cfg.py:2602
2025-06-30 00:45:34.929 141258 DEBUG nova.service [req-99038be8-3c2c-4ffd-806a-184df027f974 - - - - -] Join ServiceGroup membership for this service scheduler start /usr/lib/python3/dist-packages/nova/service.py:199
2025-06-30 00:45:34.930 140820 DEBUG oslo_service.service [req-4d9af438-47aa-436b-b9d4-c27def7ba735 - - - - -] rootwrap_config = /etc/nova/rootwrap.conf log_opt_values /usr/lib/python3/dist-packages/oslo_config/cfg.py:2602
2025-06-30 00:45:34.930 141258 DEBUG nova.servicegroup.drivers.db [req-99038be8-3c2c-4ffd-806a-184df027f974 - - - - -] DB_Driver: join new ServiceGroup member juju-36f194-0-lxd-7 to the scheduler group, service = join /usr/lib/python3/dist-packages/nova/servicegroup/drivers/db.py:44
2025-06-30 00:45:34.930 140820 DEBUG oslo_service.service [req-4d9af438-47aa-436b-b9d4-c27def7ba735 - - - - -] run_external_periodic_tasks = True log_opt_values /usr/lib/python3/dist-packages/oslo_config/cfg.py:2602
2025-06-30 00:45:34.931 140820 DEBUG oslo_service.service [req-4d9af438-47aa-436b-b9d4-c27def7ba735 - - - - -] running_deleted_instance_action = reap log_opt_values /usr/lib/python3/dist-packages/oslo_config/cfg.py:2602
2025-06-30 00:45:34.931 140820 DEBUG oslo_service.service [req-4d9af438-47aa-436b-b9d4-c27def7ba735 - - - - -] running_deleted_instance_poll_interval = 1800 log_opt_values /usr/lib/python3/dist-packages/oslo_config/cfg.py:2602
2025-06-30 00:45:34.931 140820 DEBUG oslo_service.service [req-4d9af438-47aa-436b-b9d4-c27def7ba735 - - - - -] running_deleted_instance_timeout = 0 log_opt_values /usr/lib/python3/dist-packages/oslo_config/cfg.py:2602
2025-06-30 00:45:34.931 140820 DEBUG oslo_service.service [req-4d9af438-47aa-436b-b9d4-c27def7ba735 - - - - -] scheduler_instance_sync_interval = 120 log_opt_values /usr/lib/python3/dist-packages/oslo_config/cfg.py:2602
2025-06-30 00:45:34.932 140820 DEBUG oslo_service.service [req-4d9af438-47aa-436b-b9d4-c27def7ba735 - - - - -] service_down_time = 60 log_opt_values /usr/lib/python3/dist-packages/oslo_config/cfg.py:2602
2025-06-30 00:45:34.932 140820 DEBUG oslo_service.service [req-4d9af438-47aa-436b-b9d4-c27def7ba735 - - - - -] servicegroup_driver = db log_opt_values /usr/lib/python3/dist-packages/oslo_config/cfg.py:2602
2025-06-30 00:45:34.932 140820 DEBUG oslo_service.service [req-4d9af438-47aa-436b-b9d4-c27def7ba735 - - - - -] shelved_offload_time = 0 log_opt_values /usr/lib/python3/dist-packages/oslo_config/cfg.py:2602
2025-06-30 00:45:34.932 140820 DEBUG oslo_service.service [req-4d9af438-47aa-436b-b9d4-c27def7ba735 - - - - -] shelved_poll_interval = 3600 log_opt_values /usr/lib/python3/dist-packages/oslo_config/cfg.py:2602
2025-06-30 00:45:34.933 140820 DEBUG oslo_service.service [req-4d9af438-47aa-436b-b9d4-c27def7ba735 - - - - -] shutdown_timeout = 60 log_opt_values /usr/lib/python3/dist-packages/oslo_config/cfg.py:2602
2025-06-30 00:45:34.933 140820 DEBUG oslo_service.service [req-4d9af438-47aa-436b-b9d4-c27def7ba735 - - - - -] source_is_ipv6 = False log_opt_values /usr/lib/python3/dist-packages/oslo_config/cfg.py:2602
2025-06-30 00:45:34.933 140820 DEBUG oslo_service.service [req-4d9af438-47aa-436b-b9d4-c27def7ba735 - - - - -] ssl_only = False log_opt_values /usr/lib/python3/dist-packages/oslo_config/cfg.py:2602
2025-06-30 00:45:34.933 141258 DEBUG oslo_messaging._drivers.amqpdriver [-] AMQPListener connection timeout poll /usr/lib/python3/dist-packages/oslo_messaging/_drivers/amqpdriver.py:360
2025-06-30 00:45:34.933 140820 DEBUG oslo_service.service [req-4d9af438-47aa-436b-b9d4-c27def7ba735 - - - - -] state_path = /var/lib/nova log_opt_values /usr/lib/python3/dist-packages/oslo_config/cfg.py:2602
2025-06-30 00:45:34.933 141258 DEBUG oslo_messaging._drivers.amqpdriver [-] Listener is running poll /usr/lib/python3/dist-packages/oslo_messaging/_drivers/amqpdriver.py:343
2025-06-30 00:45:34.933 141258 DEBUG oslo_messaging._drivers.amqpdriver [-] AMQPListener connection consume poll /usr/lib/python3/dist-packages/oslo_messaging/_drivers/amqpdriver.py:357
2025-06-30 00:45:34.933 140820 DEBUG oslo_service.service [req-4d9af438-47aa-436b-b9d4-c27def7ba735 - - - - -] sync_power_state_interval = 600 log_opt_values /usr/lib/python3/dist-packages/oslo_config/cfg.py:2602
2025-06-30 00:45:34.934 140820 DEBUG oslo_service.service [req-4d9af438-47aa-436b-b9d4-c27def7ba735 - - - - -] sync_power_state_pool_size = 1000 log_opt_values /usr/lib/python3/dist-packages/oslo_config/cfg.py:2602
2025-06-30 00:45:34.934 140820 DEBUG oslo_service.service [req-4d9af438-47aa-436b-b9d4-c27def7ba735 - - - - -] syslog_log_facility = LOG_USER log_opt_values /usr/lib/python3/dist-packages/oslo_config/cfg.py:2602
2025-06-30 00:45:34.934 140820 DEBUG oslo_service.service [req-4d9af438-47aa-436b-b9d4-c27def7ba735 - - - - -] tempdir = None log_opt_values /usr/lib/python3/dist-packages/oslo_config/cfg.py:2602
2025-06-30 00:45:34.934 140820 DEBUG oslo_service.service [req-4d9af438-47aa-436b-b9d4-c27def7ba735 - - - - -] timeout_nbd = 10 log_opt_values /usr/lib/python3/dist-packages/oslo_config/cfg.py:2602
2025-06-30 00:45:34.934 140820 DEBUG oslo_service.service [req-4d9af438-47aa-436b-b9d4-c27def7ba735 - - - - -] transport_url = **** log_opt_values /usr/lib/python3/dist-packages/oslo_config/cfg.py:2602
2025-06-30 00:45:34.935 140820 DEBUG oslo_service.service [req-4d9af438-47aa-436b-b9d4-c27def7ba735 - - - - -] update_resources_interval = 0 log_opt_values /usr/lib/python3/dist-packages/oslo_config/cfg.py:2602
2025-06-30 00:45:34.935 140820 DEBUG oslo_service.service [req-4d9af438-47aa-436b-b9d4-c27def7ba735 - - - - -] use_cow_images = True log_opt_values /usr/lib/python3/dist-packages/oslo_config/cfg.py:2602
2025-06-30 00:45:34.936 140820 DEBUG oslo_service.service [req-4d9af438-47aa-436b-b9d4-c27def7ba735 - - - - -] use_eventlog = False log_opt_values /usr/lib/python3/dist-packages/oslo_config/cfg.py:2602
2025-06-30 00:45:34.936 140820 DEBUG oslo_service.service [req-4d9af438-47aa-436b-b9d4-c27def7ba735 - - - - -] use_journal = False log_opt_values /usr/lib/python3/dist-packages/oslo_config/cfg.py:2602
2025-06-30 00:45:34.936 140820 DEBUG oslo_service.service [req-4d9af438-47aa-436b-b9d4-c27def7ba735 - - - - -] use_json = False log_opt_values /usr/lib/python3/dist-packages/oslo_config/cfg.py:2602
2025-06-30 00:45:34.936 140820 DEBUG oslo_service.service [req-4d9af438-47aa-436b-b9d4-c27def7ba735 - - - - -] use_rootwrap_daemon = False log_opt_values /usr/lib/python3/dist-packages/oslo_config/cfg.py:2602
2025-06-30 00:45:34.937 140820 DEBUG oslo_service.service [req-4d9af438-47aa-436b-b9d4-c27def7ba735 - - - - -] use_stderr = False log_opt_values /usr/lib/python3/dist-packages/oslo_config/cfg.py:2602
2025-06-30 00:45:34.937 140820 DEBUG oslo_service.service [req-4d9af438-47aa-436b-b9d4-c27def7ba735 - - - - -] use_syslog = False log_opt_values /usr/lib/python3/dist-packages/oslo_config/cfg.py:2602
2025-06-30 00:45:34.937 141260 DEBUG oslo_messaging._drivers.amqpdriver [-] Listener is running poll /usr/lib/python3/dist-packages/oslo_messaging/_drivers/amqpdriver.py:343
2025-06-30 00:45:34.937 140820 DEBUG oslo_service.service [req-4d9af438-47aa-436b-b9d4-c27def7ba735 - - - - -] vcpu_pin_set = None log_opt_values /usr/lib/python3/dist-packages/oslo_config/cfg.py:2602
2025-06-30 00:45:34.937 141260 DEBUG oslo_messaging._drivers.amqpdriver [-] AMQPListener connection consume poll /usr/lib/python3/dist-packages/oslo_messaging/_drivers/amqpdriver.py:357
2025-06-30 00:45:34.937 140820 DEBUG oslo_service.service [req-4d9af438-47aa-436b-b9d4-c27def7ba735 - - - - -] vif_plugging_is_fatal = True log_opt_values /usr/lib/python3/dist-packages/oslo_config/cfg.py:2602
2025-06-30 00:45:34.938 140820 DEBUG oslo_service.service [req-4d9af438-47aa-436b-b9d4-c27def7ba735 - - - - -] vif_plugging_timeout = 300 log_opt_values /usr/lib/python3/dist-packages/oslo_config/cfg.py:2602
2025-06-30 00:45:34.938 140820 DEBUG oslo_service.service [req-4d9af438-47aa-436b-b9d4-c27def7ba735 - - - - -] virt_mkfs = [] log_opt_values /usr/lib/python3/dist-packages/oslo_config/cfg.py:2602
2025-06-30 00:45:34.938 140820 DEBUG oslo_service.service [req-4d9af438-47aa-436b-b9d4-c27def7ba735 - - - - -] volume_usage_poll_interval = 0 log_opt_values /usr/lib/python3/dist-packages/oslo_config/cfg.py:2602
2025-06-30 00:45:34.938 141260 DEBUG nova.service [req-6c31cb5e-bf18-494f-94c5-8dc322831aee - - - - -] Join ServiceGroup membership for this service scheduler start /usr/lib/python3/dist-packages/nova/service.py:199
2025-06-30 00:45:34.938 140820 DEBUG oslo_service.service [req-4d9af438-47aa-436b-b9d4-c27def7ba735 - - - - -] watch_log_file = False log_opt_values /usr/lib/python3/dist-packages/oslo_config/cfg.py:2602
2025-06-30 00:45:34.939 141260 DEBUG nova.servicegroup.drivers.db [req-6c31cb5e-bf18-494f-94c5-8dc322831aee - - - - -] DB_Driver: join new ServiceGroup member juju-36f194-0-lxd-7 to the scheduler group, service = join /usr/lib/python3/dist-packages/nova/servicegroup/drivers/db.py:44
2025-06-30 00:45:34.939 140820 DEBUG oslo_service.service [req-4d9af438-47aa-436b-b9d4-c27def7ba735 - - - - -] web = /usr/share/spice-html5 log_opt_values /usr/lib/python3/dist-packages/oslo_config/cfg.py:2602
2025-06-30 00:45:34.939 140820 DEBUG oslo_service.service [req-4d9af438-47aa-436b-b9d4-c27def7ba735 - - - - -] oslo_concurrency.disable_process_locking = False log_opt_values /usr/lib/python3/dist-packages/oslo_config/cfg.py:2609
2025-06-30 00:45:34.939 140820 DEBUG oslo_service.service [req-4d9af438-47aa-436b-b9d4-c27def7ba735 - - - - -] oslo_concurrency.lock_path = /var/lock/nova log_opt_values /usr/lib/python3/dist-packages/oslo_config/cfg.py:2609
2025-06-30 00:45:34.940 140820 WARNING oslo_config.cfg [req-4d9af438-47aa-436b-b9d4-c27def7ba735 - - - - -] Deprecated: Option "auth_strategy" from group "api" is deprecated for removal ( The only non-default choice, ``noauth2``, is for internal development and testing purposes only and should not be used in deployments. This option and its middleware, NoAuthMiddleware[V2_18], will be removed in a future release. ). Its value may be silently ignored in the future.
2025-06-30 00:45:34.940 140820 DEBUG oslo_service.service [req-4d9af438-47aa-436b-b9d4-c27def7ba735 - - - - -] api.auth_strategy = keystone log_opt_values /usr/lib/python3/dist-packages/oslo_config/cfg.py:2609
2025-06-30 00:45:34.940 140820 DEBUG oslo_service.service [req-4d9af438-47aa-436b-b9d4-c27def7ba735 - - - - -] api.compute_link_prefix = None log_opt_values /usr/lib/python3/dist-packages/oslo_config/cfg.py:2609
2025-06-30 00:45:34.941 140820 DEBUG oslo_service.service [req-4d9af438-47aa-436b-b9d4-c27def7ba735 - - - - -] api.config_drive_skip_versions = 1.0 2007-01-19 2007-03-01 2007-08-29 2007-10-10 2007-12-15 2008-02-01 2008-09-01 log_opt_values /usr/lib/python3/dist-packages/oslo_config/cfg.py:2609
2025-06-30 00:45:34.941 140820 DEBUG oslo_service.service [req-4d9af438-47aa-436b-b9d4-c27def7ba735 - - - - -] api.dhcp_domain = novalocal log_opt_values /usr/lib/python3/dist-packages/oslo_config/cfg.py:2609
2025-06-30 00:45:34.941 140820 DEBUG oslo_service.service [req-4d9af438-47aa-436b-b9d4-c27def7ba735 - - - - -] api.enable_instance_password = True log_opt_values /usr/lib/python3/dist-packages/oslo_config/cfg.py:2609
2025-06-30 00:45:34.941 141260 DEBUG oslo_messaging._drivers.amqpdriver [-] AMQPListener connection timeout poll /usr/lib/python3/dist-packages/oslo_messaging/_drivers/amqpdriver.py:360
2025-06-30 00:45:34.941 141260 DEBUG oslo_messaging._drivers.amqpdriver [-] Listener is running poll /usr/lib/python3/dist-packages/oslo_messaging/_drivers/amqpdriver.py:343
2025-06-30 00:45:34.941 140820 DEBUG oslo_service.service [req-4d9af438-47aa-436b-b9d4-c27def7ba735 - - - - -] api.glance_link_prefix = None log_opt_values /usr/lib/python3/dist-packages/oslo_config/cfg.py:2609
2025-06-30 00:45:34.942 141260 DEBUG oslo_messaging._drivers.amqpdriver [-] AMQPListener connection consume poll /usr/lib/python3/dist-packages/oslo_messaging/_drivers/amqpdriver.py:357
2025-06-30 00:45:34.942 140820 DEBUG oslo_service.service [req-4d9af438-47aa-436b-b9d4-c27def7ba735 - - - - -] api.instance_list_cells_batch_fixed_size = 100 log_opt_values /usr/lib/python3/dist-packages/oslo_config/cfg.py:2609
2025-06-30 00:45:34.942 141259 DEBUG oslo_messaging._drivers.amqpdriver [-] Listener is running poll /usr/lib/python3/dist-packages/oslo_messaging/_drivers/amqpdriver.py:343
2025-06-30 00:45:34.942 140820 DEBUG oslo_service.service [req-4d9af438-47aa-436b-b9d4-c27def7ba735 - - - - -] api.instance_list_cells_batch_strategy = distributed log_opt_values /usr/lib/python3/dist-packages/oslo_config/cfg.py:2609
2025-06-30 00:45:34.942 141259 DEBUG oslo_messaging._drivers.amqpdriver [-] AMQPListener connection consume poll /usr/lib/python3/dist-packages/oslo_messaging/_drivers/amqpdriver.py:357
2025-06-30 00:45:34.942 140820 DEBUG oslo_service.service [req-4d9af438-47aa-436b-b9d4-c27def7ba735 - - - - -] api.instance_list_per_project_cells = False log_opt_values /usr/lib/python3/dist-packages/oslo_config/cfg.py:2609
2025-06-30 00:45:34.943 140820 DEBUG oslo_service.service [req-4d9af438-47aa-436b-b9d4-c27def7ba735 - - - - -] api.list_records_by_skipping_down_cells = True log_opt_values /usr/lib/python3/dist-packages/oslo_config/cfg.py:2609
2025-06-30 00:45:34.943 140820 DEBUG oslo_service.service [req-4d9af438-47aa-436b-b9d4-c27def7ba735 - - - - -] api.local_metadata_per_cell = False log_opt_values /usr/lib/python3/dist-packages/oslo_config/cfg.py:2609
2025-06-30 00:45:34.943 140820 DEBUG oslo_service.service [req-4d9af438-47aa-436b-b9d4-c27def7ba735 - - - - -] api.max_limit = 1000 log_opt_values /usr/lib/python3/dist-packages/oslo_config/cfg.py:2609
2025-06-30 00:45:34.943 141259 DEBUG nova.service [req-18a6a290-71c5-4ec2-9157-22e520eab9ad - - - - -] Join ServiceGroup membership for this service scheduler start /usr/lib/python3/dist-packages/nova/service.py:199
2025-06-30 00:45:34.943 140820 DEBUG oslo_service.service [req-4d9af438-47aa-436b-b9d4-c27def7ba735 - - - - -] api.metadata_cache_expiration = 15 log_opt_values /usr/lib/python3/dist-packages/oslo_config/cfg.py:2609
2025-06-30 00:45:34.943 140820 DEBUG oslo_service.service [req-4d9af438-47aa-436b-b9d4-c27def7ba735 - - - - -] api.neutron_default_tenant_id = default log_opt_values /usr/lib/python3/dist-packages/oslo_config/cfg.py:2609
2025-06-30 00:45:34.943 141259 DEBUG nova.servicegroup.drivers.db [req-18a6a290-71c5-4ec2-9157-22e520eab9ad - - - - -] DB_Driver: join new ServiceGroup member juju-36f194-0-lxd-7 to the scheduler group, service = join /usr/lib/python3/dist-packages/nova/servicegroup/drivers/db.py:44
2025-06-30 00:45:34.944 140820 DEBUG oslo_service.service [req-4d9af438-47aa-436b-b9d4-c27def7ba735 - - - - -] api.use_forwarded_for = False log_opt_values /usr/lib/python3/dist-packages/oslo_config/cfg.py:2609
2025-06-30 00:45:34.944 140820 DEBUG oslo_service.service [req-4d9af438-47aa-436b-b9d4-c27def7ba735 - - - - -] api.use_neutron_default_nets = False log_opt_values /usr/lib/python3/dist-packages/oslo_config/cfg.py:2609
2025-06-30 00:45:34.944 140820 DEBUG oslo_service.service [req-4d9af438-47aa-436b-b9d4-c27def7ba735 - - - - -] api.vendordata_dynamic_connect_timeout = 5 log_opt_values /usr/lib/python3/dist-packages/oslo_config/cfg.py:2609
2025-06-30 00:45:34.944 140820 DEBUG oslo_service.service [req-4d9af438-47aa-436b-b9d4-c27def7ba735 - - - - -] api.vendordata_dynamic_failure_fatal = False log_opt_values /usr/lib/python3/dist-packages/oslo_config/cfg.py:2609
2025-06-30 00:45:34.944 140820 DEBUG oslo_service.service [req-4d9af438-47aa-436b-b9d4-c27def7ba735 - - - - -] api.vendordata_dynamic_read_timeout = 5 log_opt_values /usr/lib/python3/dist-packages/oslo_config/cfg.py:2609
2025-06-30 00:45:34.944 140820 DEBUG oslo_service.service [req-4d9af438-47aa-436b-b9d4-c27def7ba735 - - - - -] api.vendordata_dynamic_ssl_certfile = log_opt_values /usr/lib/python3/dist-packages/oslo_config/cfg.py:2609
2025-06-30 00:45:34.945 140820 DEBUG oslo_service.service [req-4d9af438-47aa-436b-b9d4-c27def7ba735 - - - - -] api.vendordata_dynamic_targets = [] log_opt_values /usr/lib/python3/dist-packages/oslo_config/cfg.py:2609
2025-06-30 00:45:34.945 140820 DEBUG oslo_service.service [req-4d9af438-47aa-436b-b9d4-c27def7ba735 - - - - -] api.vendordata_jsonfile_path = None log_opt_values /usr/lib/python3/dist-packages/oslo_config/cfg.py:2609
2025-06-30 00:45:34.945 140820 DEBUG oslo_service.service [req-4d9af438-47aa-436b-b9d4-c27def7ba735 - - - - -] api.vendordata_providers = ['StaticJSON'] log_opt_values /usr/lib/python3/dist-packages/oslo_config/cfg.py:2609
2025-06-30 00:45:34.945 140820 DEBUG oslo_service.service [req-4d9af438-47aa-436b-b9d4-c27def7ba735 - - - - -] cache.backend = dogpile.cache.null log_opt_values /usr/lib/python3/dist-packages/oslo_config/cfg.py:2609
2025-06-30 00:45:34.946 140820 DEBUG oslo_service.service [req-4d9af438-47aa-436b-b9d4-c27def7ba735 - - - - -] cache.backend_argument = **** log_opt_values /usr/lib/python3/dist-packages/oslo_config/cfg.py:2609
2025-06-30 00:45:34.946 140820 DEBUG oslo_service.service [req-4d9af438-47aa-436b-b9d4-c27def7ba735 - - - - -] cache.config_prefix = cache.oslo log_opt_values /usr/lib/python3/dist-packages/oslo_config/cfg.py:2609
2025-06-30 00:45:34.946 140820 DEBUG oslo_service.service [req-4d9af438-47aa-436b-b9d4-c27def7ba735 - - - - -] cache.debug_cache_backend = False log_opt_values /usr/lib/python3/dist-packages/oslo_config/cfg.py:2609
2025-06-30 00:45:34.946 140820 DEBUG oslo_service.service [req-4d9af438-47aa-436b-b9d4-c27def7ba735 - - - - -] cache.enabled = False log_opt_values /usr/lib/python3/dist-packages/oslo_config/cfg.py:2609
2025-06-30 00:45:34.946 140820 DEBUG oslo_service.service [req-4d9af438-47aa-436b-b9d4-c27def7ba735 - - - - -] cache.expiration_time = 600 log_opt_values /usr/lib/python3/dist-packages/oslo_config/cfg.py:2609
2025-06-30 00:45:34.946 140820 DEBUG oslo_service.service [req-4d9af438-47aa-436b-b9d4-c27def7ba735 - - - - -] cache.memcache_dead_retry = 300 log_opt_values /usr/lib/python3/dist-packages/oslo_config/cfg.py:2609
2025-06-30 00:45:34.947 140820 DEBUG oslo_service.service [req-4d9af438-47aa-436b-b9d4-c27def7ba735 - - - - -] cache.memcache_pool_connection_get_timeout = 10 log_opt_values /usr/lib/python3/dist-packages/oslo_config/cfg.py:2609
2025-06-30 00:45:34.947 141259 DEBUG oslo_messaging._drivers.amqpdriver [-] AMQPListener connection timeout poll /usr/lib/python3/dist-packages/oslo_messaging/_drivers/amqpdriver.py:360
2025-06-30 00:45:34.947 141259 DEBUG oslo_messaging._drivers.amqpdriver [-] Listener is running poll /usr/lib/python3/dist-packages/oslo_messaging/_drivers/amqpdriver.py:343
2025-06-30 00:45:34.947 140820 DEBUG oslo_service.service [req-4d9af438-47aa-436b-b9d4-c27def7ba735 - - - - -] cache.memcache_pool_flush_on_reconnect = False log_opt_values /usr/lib/python3/dist-packages/oslo_config/cfg.py:2609
2025-06-30 00:45:34.947 141259 DEBUG oslo_messaging._drivers.amqpdriver [-] AMQPListener connection consume poll /usr/lib/python3/dist-packages/oslo_messaging/_drivers/amqpdriver.py:357
2025-06-30 00:45:34.947 140820 DEBUG oslo_service.service [req-4d9af438-47aa-436b-b9d4-c27def7ba735 - - - - -] cache.memcache_pool_maxsize = 10 log_opt_values /usr/lib/python3/dist-packages/oslo_config/cfg.py:2609
2025-06-30 00:45:34.947 140820 DEBUG oslo_service.service [req-4d9af438-47aa-436b-b9d4-c27def7ba735 - - - - -] cache.memcache_pool_unused_timeout = 60 log_opt_values /usr/lib/python3/dist-packages/oslo_config/cfg.py:2609
2025-06-30 00:45:34.947 140820 DEBUG oslo_service.service [req-4d9af438-47aa-436b-b9d4-c27def7ba735 - - - - -] cache.memcache_servers = ['localhost:11211'] log_opt_values /usr/lib/python3/dist-packages/oslo_config/cfg.py:2609
2025-06-30 00:45:34.948 140820 DEBUG oslo_service.service [req-4d9af438-47aa-436b-b9d4-c27def7ba735 - - - - -] cache.memcache_socket_timeout = 1.0 log_opt_values /usr/lib/python3/dist-packages/oslo_config/cfg.py:2609
2025-06-30 00:45:34.948 140820 DEBUG oslo_service.service [req-4d9af438-47aa-436b-b9d4-c27def7ba735 - - - - -] cache.proxies = [] log_opt_values /usr/lib/python3/dist-packages/oslo_config/cfg.py:2609
2025-06-30 00:45:34.948 140820 DEBUG oslo_service.service [req-4d9af438-47aa-436b-b9d4-c27def7ba735 - - - - -] cache.tls_allowed_ciphers = None log_opt_values /usr/lib/python3/dist-packages/oslo_config/cfg.py:2609
2025-06-30 00:45:34.948 140820 DEBUG oslo_service.service [req-4d9af438-47aa-436b-b9d4-c27def7ba735 - - - - -] cache.tls_cafile = None log_opt_values /usr/lib/python3/dist-packages/oslo_config/cfg.py:2609
2025-06-30 00:45:34.948 140820 DEBUG oslo_service.service [req-4d9af438-47aa-436b-b9d4-c27def7ba735 - - - - -] cache.tls_certfile = None log_opt_values /usr/lib/python3/dist-packages/oslo_config/cfg.py:2609
2025-06-30 00:45:34.948 140820 DEBUG oslo_service.service [req-4d9af438-47aa-436b-b9d4-c27def7ba735 - - - - -] cache.tls_enabled = False log_opt_values /usr/lib/python3/dist-packages/oslo_config/cfg.py:2609
2025-06-30 00:45:34.949 140820 DEBUG oslo_service.service [req-4d9af438-47aa-436b-b9d4-c27def7ba735 - - - - -] cache.tls_keyfile = None log_opt_values /usr/lib/python3/dist-packages/oslo_config/cfg.py:2609
2025-06-30 00:45:34.949 140820 DEBUG oslo_service.service [req-4d9af438-47aa-436b-b9d4-c27def7ba735 - - - - -] cinder.auth_section = None log_opt_values /usr/lib/python3/dist-packages/oslo_config/cfg.py:2609
2025-06-30 00:45:34.949 140820 DEBUG oslo_service.service [req-4d9af438-47aa-436b-b9d4-c27def7ba735 - - - - -] cinder.auth_type = None log_opt_values /usr/lib/python3/dist-packages/oslo_config/cfg.py:2609
2025-06-30 00:45:34.949 140820 DEBUG oslo_service.service [req-4d9af438-47aa-436b-b9d4-c27def7ba735 - - - - -] cinder.cafile = None log_opt_values /usr/lib/python3/dist-packages/oslo_config/cfg.py:2609
2025-06-30 00:45:34.950 140820 DEBUG oslo_service.service [req-4d9af438-47aa-436b-b9d4-c27def7ba735 - - - - -] cinder.catalog_info = volumev3::publicURL log_opt_values /usr/lib/python3/dist-packages/oslo_config/cfg.py:2609
2025-06-30 00:45:34.950 140820 DEBUG oslo_service.service [req-4d9af438-47aa-436b-b9d4-c27def7ba735 - - - - -] cinder.certfile = None log_opt_values /usr/lib/python3/dist-packages/oslo_config/cfg.py:2609
2025-06-30 00:45:34.950 140820 DEBUG oslo_service.service [req-4d9af438-47aa-436b-b9d4-c27def7ba735 - - - - -] cinder.collect_timing = False log_opt_values /usr/lib/python3/dist-packages/oslo_config/cfg.py:2609
2025-06-30 00:45:34.950 140820 DEBUG oslo_service.service [req-4d9af438-47aa-436b-b9d4-c27def7ba735 - - - - -] cinder.cross_az_attach = True log_opt_values /usr/lib/python3/dist-packages/oslo_config/cfg.py:2609
2025-06-30 00:45:34.950 140820 DEBUG oslo_service.service [req-4d9af438-47aa-436b-b9d4-c27def7ba735 - - - - -] cinder.debug = False log_opt_values /usr/lib/python3/dist-packages/oslo_config/cfg.py:2609
2025-06-30 00:45:34.951 140820 DEBUG oslo_service.service [req-4d9af438-47aa-436b-b9d4-c27def7ba735 - - - - -] cinder.endpoint_template = None log_opt_values /usr/lib/python3/dist-packages/oslo_config/cfg.py:2609
2025-06-30 00:45:34.951 140820 DEBUG oslo_service.service [req-4d9af438-47aa-436b-b9d4-c27def7ba735 - - - - -] cinder.http_retries = 3 log_opt_values /usr/lib/python3/dist-packages/oslo_config/cfg.py:2609
2025-06-30 00:45:34.951 140820 DEBUG oslo_service.service [req-4d9af438-47aa-436b-b9d4-c27def7ba735 - - - - -] cinder.insecure = False log_opt_values /usr/lib/python3/dist-packages/oslo_config/cfg.py:2609
2025-06-30 00:45:34.951 140820 DEBUG oslo_service.service [req-4d9af438-47aa-436b-b9d4-c27def7ba735 - - - - -] cinder.keyfile = None log_opt_values /usr/lib/python3/dist-packages/oslo_config/cfg.py:2609
2025-06-30 00:45:34.951 140820 DEBUG oslo_service.service [req-4d9af438-47aa-436b-b9d4-c27def7ba735 - - - - -] cinder.os_region_name = None log_opt_values /usr/lib/python3/dist-packages/oslo_config/cfg.py:2609
2025-06-30 00:45:34.951 140820 DEBUG oslo_service.service [req-4d9af438-47aa-436b-b9d4-c27def7ba735 - - - - -] cinder.split_loggers = False log_opt_values /usr/lib/python3/dist-packages/oslo_config/cfg.py:2609
2025-06-30 00:45:34.952 140820 DEBUG oslo_service.service [req-4d9af438-47aa-436b-b9d4-c27def7ba735 - - - - -] cinder.timeout = None log_opt_values /usr/lib/python3/dist-packages/oslo_config/cfg.py:2609
2025-06-30 00:45:34.952 140820 DEBUG oslo_service.service [req-4d9af438-47aa-436b-b9d4-c27def7ba735 - - - - -] compute.consecutive_build_service_disable_threshold = 10 log_opt_values /usr/lib/python3/dist-packages/oslo_config/cfg.py:2609
2025-06-30 00:45:34.952 140820 DEBUG oslo_service.service [req-4d9af438-47aa-436b-b9d4-c27def7ba735 - - - - -] compute.cpu_dedicated_set = None log_opt_values /usr/lib/python3/dist-packages/oslo_config/cfg.py:2609
2025-06-30 00:45:34.952 140820 DEBUG oslo_service.service [req-4d9af438-47aa-436b-b9d4-c27def7ba735 - - - - -] compute.cpu_shared_set = None log_opt_values /usr/lib/python3/dist-packages/oslo_config/cfg.py:2609
2025-06-30 00:45:34.952 140820 DEBUG oslo_service.service [req-4d9af438-47aa-436b-b9d4-c27def7ba735 - - - - -] compute.image_type_exclude_list = [] log_opt_values /usr/lib/python3/dist-packages/oslo_config/cfg.py:2609
2025-06-30 00:45:34.953 140820 DEBUG oslo_service.service [req-4d9af438-47aa-436b-b9d4-c27def7ba735 - - - - -] compute.live_migration_wait_for_vif_plug = True log_opt_values /usr/lib/python3/dist-packages/oslo_config/cfg.py:2609
2025-06-30 00:45:34.953 140820 DEBUG oslo_service.service [req-4d9af438-47aa-436b-b9d4-c27def7ba735 - - - - -] compute.max_concurrent_disk_ops = 0 log_opt_values /usr/lib/python3/dist-packages/oslo_config/cfg.py:2609
2025-06-30 00:45:34.953 140820 DEBUG oslo_service.service [req-4d9af438-47aa-436b-b9d4-c27def7ba735 - - - - -] compute.max_disk_devices_to_attach = -1 log_opt_values /usr/lib/python3/dist-packages/oslo_config/cfg.py:2609
