2025-06-30 00:43:42.085 119088 DEBUG oslo_service.service [req-3035e449-e6e3-435d-9108-470949c8af66 - - - - -] oslo_limit.max_version = None log_opt_values /usr/lib/python3/dist-packages/oslo_config/cfg.py:2609
2025-06-30 00:43:42.085 119088 DEBUG oslo_service.service [req-3035e449-e6e3-435d-9108-470949c8af66 - - - - -] oslo_limit.min_version = None log_opt_values /usr/lib/python3/dist-packages/oslo_config/cfg.py:2609
2025-06-30 00:43:42.085 119088 DEBUG oslo_service.service [req-3035e449-e6e3-435d-9108-470949c8af66 - - - - -] oslo_limit.region_name = None log_opt_values /usr/lib/python3/dist-packages/oslo_config/cfg.py:2609
2025-06-30 00:43:42.085 119088 DEBUG oslo_service.service [req-3035e449-e6e3-435d-9108-470949c8af66 - - - - -] oslo_limit.service_name = None log_opt_values /usr/lib/python3/dist-packages/oslo_config/cfg.py:2609
2025-06-30 00:43:42.086 119088 DEBUG oslo_service.service [req-3035e449-e6e3-435d-9108-470949c8af66 - - - - -] oslo_limit.service_type = None log_opt_values /usr/lib/python3/dist-packages/oslo_config/cfg.py:2609
2025-06-30 00:43:42.086 119088 DEBUG oslo_service.service [req-3035e449-e6e3-435d-9108-470949c8af66 - - - - -] oslo_limit.split_loggers = False log_opt_values /usr/lib/python3/dist-packages/oslo_config/cfg.py:2609
2025-06-30 00:43:42.086 119088 DEBUG oslo_service.service [req-3035e449-e6e3-435d-9108-470949c8af66 - - - - -] oslo_limit.status_code_retries = None log_opt_values /usr/lib/python3/dist-packages/oslo_config/cfg.py:2609
2025-06-30 00:43:42.086 119088 DEBUG oslo_service.service [req-3035e449-e6e3-435d-9108-470949c8af66 - - - - -] oslo_limit.status_code_retry_delay = None log_opt_values /usr/lib/python3/dist-packages/oslo_config/cfg.py:2609
2025-06-30 00:43:42.086 119088 DEBUG oslo_service.service [req-3035e449-e6e3-435d-9108-470949c8af66 - - - - -] oslo_limit.timeout = None log_opt_values /usr/lib/python3/dist-packages/oslo_config/cfg.py:2609
2025-06-30 00:43:42.086 119088 DEBUG oslo_service.service [req-3035e449-e6e3-435d-9108-470949c8af66 - - - - -] oslo_limit.valid_interfaces = None log_opt_values /usr/lib/python3/dist-packages/oslo_config/cfg.py:2609
2025-06-30 00:43:42.087 119088 DEBUG oslo_service.service [req-3035e449-e6e3-435d-9108-470949c8af66 - - - - -] oslo_limit.version = None log_opt_values /usr/lib/python3/dist-packages/oslo_config/cfg.py:2609
2025-06-30 00:43:42.087 119088 DEBUG oslo_service.service [req-3035e449-e6e3-435d-9108-470949c8af66 - - - - -] oslo_reports.file_event_handler = None log_opt_values /usr/lib/python3/dist-packages/oslo_config/cfg.py:2609
2025-06-30 00:43:42.087 119088 DEBUG oslo_service.service [req-3035e449-e6e3-435d-9108-470949c8af66 - - - - -] oslo_reports.file_event_handler_interval = 1 log_opt_values /usr/lib/python3/dist-packages/oslo_config/cfg.py:2609
2025-06-30 00:43:42.087 119088 DEBUG oslo_service.service [req-3035e449-e6e3-435d-9108-470949c8af66 - - - - -] oslo_reports.log_dir = None log_opt_values /usr/lib/python3/dist-packages/oslo_config/cfg.py:2609
2025-06-30 00:43:42.087 119088 DEBUG oslo_service.service [req-3035e449-e6e3-435d-9108-470949c8af66 - - - - -] ******************************************************************************** log_opt_values /usr/lib/python3/dist-packages/oslo_config/cfg.py:2613
2025-06-30 00:43:42.961 120774 DEBUG oslo_messaging._drivers.amqpdriver [-] AMQPListener connection timeout poll /usr/lib/python3/dist-packages/oslo_messaging/_drivers/amqpdriver.py:360
2025-06-30 00:43:42.961 120774 DEBUG oslo_messaging._drivers.amqpdriver [-] Listener is running poll /usr/lib/python3/dist-packages/oslo_messaging/_drivers/amqpdriver.py:343
2025-06-30 00:43:42.962 120774 DEBUG oslo_messaging._drivers.amqpdriver [-] AMQPListener connection consume poll /usr/lib/python3/dist-packages/oslo_messaging/_drivers/amqpdriver.py:357
2025-06-30 00:43:42.969 120773 DEBUG oslo_messaging._drivers.amqpdriver [-] AMQPListener connection timeout poll /usr/lib/python3/dist-packages/oslo_messaging/_drivers/amqpdriver.py:360
2025-06-30 00:43:42.969 120773 DEBUG oslo_messaging._drivers.amqpdriver [-] Listener is running poll /usr/lib/python3/dist-packages/oslo_messaging/_drivers/amqpdriver.py:343
2025-06-30 00:43:42.969 120773 DEBUG oslo_messaging._drivers.amqpdriver [-] AMQPListener connection consume poll /usr/lib/python3/dist-packages/oslo_messaging/_drivers/amqpdriver.py:357
2025-06-30 00:43:42.976 120776 DEBUG oslo_messaging._drivers.amqpdriver [-] AMQPListener connection timeout poll /usr/lib/python3/dist-packages/oslo_messaging/_drivers/amqpdriver.py:360
2025-06-30 00:43:42.977 120775 DEBUG oslo_messaging._drivers.amqpdriver [-] AMQPListener connection timeout poll /usr/lib/python3/dist-packages/oslo_messaging/_drivers/amqpdriver.py:360
2025-06-30 00:43:42.977 120776 DEBUG oslo_messaging._drivers.amqpdriver [-] Listener is running poll /usr/lib/python3/dist-packages/oslo_messaging/_drivers/amqpdriver.py:343
2025-06-30 00:43:42.977 120775 DEBUG oslo_messaging._drivers.amqpdriver [-] Listener is running poll /usr/lib/python3/dist-packages/oslo_messaging/_drivers/amqpdriver.py:343
2025-06-30 00:43:42.977 120776 DEBUG oslo_messaging._drivers.amqpdriver [-] AMQPListener connection consume poll /usr/lib/python3/dist-packages/oslo_messaging/_drivers/amqpdriver.py:357
2025-06-30 00:43:42.977 120775 DEBUG oslo_messaging._drivers.amqpdriver [-] AMQPListener connection consume poll /usr/lib/python3/dist-packages/oslo_messaging/_drivers/amqpdriver.py:357
2025-06-30 00:43:44.963 120774 DEBUG oslo_messaging._drivers.amqpdriver [-] AMQPListener connection timeout poll /usr/lib/python3/dist-packages/oslo_messaging/_drivers/amqpdriver.py:360
2025-06-30 00:43:44.964 120774 DEBUG oslo_messaging._drivers.amqpdriver [-] Listener is running poll /usr/lib/python3/dist-packages/oslo_messaging/_drivers/amqpdriver.py:343
2025-06-30 00:43:44.964 120774 DEBUG oslo_messaging._drivers.amqpdriver [-] AMQPListener connection consume poll /usr/lib/python3/dist-packages/oslo_messaging/_drivers/amqpdriver.py:357
2025-06-30 00:43:44.972 120773 DEBUG oslo_messaging._drivers.amqpdriver [-] AMQPListener connection timeout poll /usr/lib/python3/dist-packages/oslo_messaging/_drivers/amqpdriver.py:360
2025-06-30 00:43:44.972 120773 DEBUG oslo_messaging._drivers.amqpdriver [-] Listener is running poll /usr/lib/python3/dist-packages/oslo_messaging/_drivers/amqpdriver.py:343
2025-06-30 00:43:44.972 120773 DEBUG oslo_messaging._drivers.amqpdriver [-] AMQPListener connection consume poll /usr/lib/python3/dist-packages/oslo_messaging/_drivers/amqpdriver.py:357
2025-06-30 00:43:44.979 120776 DEBUG oslo_messaging._drivers.amqpdriver [-] AMQPListener connection timeout poll /usr/lib/python3/dist-packages/oslo_messaging/_drivers/amqpdriver.py:360
2025-06-30 00:43:44.979 120776 DEBUG oslo_messaging._drivers.amqpdriver [-] Listener is running poll /usr/lib/python3/dist-packages/oslo_messaging/_drivers/amqpdriver.py:343
2025-06-30 00:43:44.979 120776 DEBUG oslo_messaging._drivers.amqpdriver [-] AMQPListener connection consume poll /usr/lib/python3/dist-packages/oslo_messaging/_drivers/amqpdriver.py:357
2025-06-30 00:43:44.981 120775 DEBUG oslo_messaging._drivers.amqpdriver [-] AMQPListener connection timeout poll /usr/lib/python3/dist-packages/oslo_messaging/_drivers/amqpdriver.py:360
2025-06-30 00:43:44.981 120775 DEBUG oslo_messaging._drivers.amqpdriver [-] Listener is running poll /usr/lib/python3/dist-packages/oslo_messaging/_drivers/amqpdriver.py:343
2025-06-30 00:43:44.981 120775 DEBUG oslo_messaging._drivers.amqpdriver [-] AMQPListener connection consume poll /usr/lib/python3/dist-packages/oslo_messaging/_drivers/amqpdriver.py:357
2025-06-30 00:43:48.966 120774 DEBUG oslo_messaging._drivers.amqpdriver [-] AMQPListener connection timeout poll /usr/lib/python3/dist-packages/oslo_messaging/_drivers/amqpdriver.py:360
2025-06-30 00:43:48.966 120774 DEBUG oslo_messaging._drivers.amqpdriver [-] Listener is running poll /usr/lib/python3/dist-packages/oslo_messaging/_drivers/amqpdriver.py:343
2025-06-30 00:43:48.967 120774 DEBUG oslo_messaging._drivers.amqpdriver [-] AMQPListener connection consume poll /usr/lib/python3/dist-packages/oslo_messaging/_drivers/amqpdriver.py:357
2025-06-30 00:43:48.975 120773 DEBUG oslo_messaging._drivers.amqpdriver [-] AMQPListener connection timeout poll /usr/lib/python3/dist-packages/oslo_messaging/_drivers/amqpdriver.py:360
2025-06-30 00:43:48.975 120773 DEBUG oslo_messaging._drivers.amqpdriver [-] Listener is running poll /usr/lib/python3/dist-packages/oslo_messaging/_drivers/amqpdriver.py:343
2025-06-30 00:43:48.975 120773 DEBUG oslo_messaging._drivers.amqpdriver [-] AMQPListener connection consume poll /usr/lib/python3/dist-packages/oslo_messaging/_drivers/amqpdriver.py:357
2025-06-30 00:43:48.982 120776 DEBUG oslo_messaging._drivers.amqpdriver [-] AMQPListener connection timeout poll /usr/lib/python3/dist-packages/oslo_messaging/_drivers/amqpdriver.py:360
2025-06-30 00:43:48.983 120776 DEBUG oslo_messaging._drivers.amqpdriver [-] Listener is running poll /usr/lib/python3/dist-packages/oslo_messaging/_drivers/amqpdriver.py:343
2025-06-30 00:43:48.983 120776 DEBUG oslo_messaging._drivers.amqpdriver [-] AMQPListener connection consume poll /usr/lib/python3/dist-packages/oslo_messaging/_drivers/amqpdriver.py:357
2025-06-30 00:43:48.984 120775 DEBUG oslo_messaging._drivers.amqpdriver [-] AMQPListener connection timeout poll /usr/lib/python3/dist-packages/oslo_messaging/_drivers/amqpdriver.py:360
2025-06-30 00:43:48.985 120775 DEBUG oslo_messaging._drivers.amqpdriver [-] Listener is running poll /usr/lib/python3/dist-packages/oslo_messaging/_drivers/amqpdriver.py:343
2025-06-30 00:43:48.985 120775 DEBUG oslo_messaging._drivers.amqpdriver [-] AMQPListener connection consume poll /usr/lib/python3/dist-packages/oslo_messaging/_drivers/amqpdriver.py:357
2025-06-30 00:43:56.967 120774 DEBUG oslo_messaging._drivers.amqpdriver [-] AMQPListener connection timeout poll /usr/lib/python3/dist-packages/oslo_messaging/_drivers/amqpdriver.py:360
2025-06-30 00:43:56.967 120774 DEBUG oslo_messaging._drivers.amqpdriver [-] Listener is running poll /usr/lib/python3/dist-packages/oslo_messaging/_drivers/amqpdriver.py:343
2025-06-30 00:43:56.968 120774 DEBUG oslo_messaging._drivers.amqpdriver [-] AMQPListener connection consume poll /usr/lib/python3/dist-packages/oslo_messaging/_drivers/amqpdriver.py:357
2025-06-30 00:43:56.976 120773 DEBUG oslo_messaging._drivers.amqpdriver [-] AMQPListener connection timeout poll /usr/lib/python3/dist-packages/oslo_messaging/_drivers/amqpdriver.py:360
2025-06-30 00:43:56.976 120773 DEBUG oslo_messaging._drivers.amqpdriver [-] Listener is running poll /usr/lib/python3/dist-packages/oslo_messaging/_drivers/amqpdriver.py:343
2025-06-30 00:43:56.976 120773 DEBUG oslo_messaging._drivers.amqpdriver [-] AMQPListener connection consume poll /usr/lib/python3/dist-packages/oslo_messaging/_drivers/amqpdriver.py:357
2025-06-30 00:43:56.985 120776 DEBUG oslo_messaging._drivers.amqpdriver [-] AMQPListener connection timeout poll /usr/lib/python3/dist-packages/oslo_messaging/_drivers/amqpdriver.py:360
2025-06-30 00:43:56.985 120776 DEBUG oslo_messaging._drivers.amqpdriver [-] Listener is running poll /usr/lib/python3/dist-packages/oslo_messaging/_drivers/amqpdriver.py:343
2025-06-30 00:43:56.985 120776 DEBUG oslo_messaging._drivers.amqpdriver [-] AMQPListener connection consume poll /usr/lib/python3/dist-packages/oslo_messaging/_drivers/amqpdriver.py:357
2025-06-30 00:43:56.986 120775 DEBUG oslo_messaging._drivers.amqpdriver [-] AMQPListener connection timeout poll /usr/lib/python3/dist-packages/oslo_messaging/_drivers/amqpdriver.py:360
2025-06-30 00:43:56.986 120775 DEBUG oslo_messaging._drivers.amqpdriver [-] Listener is running poll /usr/lib/python3/dist-packages/oslo_messaging/_drivers/amqpdriver.py:343
2025-06-30 00:43:56.986 120775 DEBUG oslo_messaging._drivers.amqpdriver [-] AMQPListener connection consume poll /usr/lib/python3/dist-packages/oslo_messaging/_drivers/amqpdriver.py:357
2025-06-30 00:44:10.963 120774 DEBUG oslo_service.periodic_task [req-48aad3c2-93e7-4d94-be34-d9368c0f6140 - - - - -] Running periodic task SchedulerManager._discover_hosts_in_cells run_periodic_tasks /usr/lib/python3/dist-packages/oslo_service/periodic_task.py:210
2025-06-30 00:44:10.964 120774 DEBUG oslo_db.sqlalchemy.engines [req-48aad3c2-93e7-4d94-be34-d9368c0f6140 - - - - -] Parent process 119088 forked (120774) with an open database connection, which is being discarded and recreated. checkout /usr/lib/python3/dist-packages/oslo_db/sqlalchemy/engines.py:413
2025-06-30 00:44:10.970 120774 DEBUG oslo_concurrency.lockutils [req-48aad3c2-93e7-4d94-be34-d9368c0f6140 - - - - -] Lock "ba133a0f-5f7c-49a9-8b9d-dac49e19310a" acquired by "nova.context.set_target_cell..get_or_set_cached_cell_and_set_connections" :: waited 0.000s inner /usr/lib/python3/dist-packages/oslo_concurrency/lockutils.py:386
2025-06-30 00:44:10.972 120774 DEBUG oslo_concurrency.lockutils [req-48aad3c2-93e7-4d94-be34-d9368c0f6140 - - - - -] Lock "ba133a0f-5f7c-49a9-8b9d-dac49e19310a" "released" by "nova.context.set_target_cell..get_or_set_cached_cell_and_set_connections" :: held 0.002s inner /usr/lib/python3/dist-packages/oslo_concurrency/lockutils.py:400
2025-06-30 00:44:10.977 120776 DEBUG oslo_service.periodic_task [req-59e66624-74d7-4239-86c0-a445dde367be - - - - -] Running periodic task SchedulerManager._discover_hosts_in_cells run_periodic_tasks /usr/lib/python3/dist-packages/oslo_service/periodic_task.py:210
2025-06-30 00:44:10.977 120774 DEBUG oslo_db.sqlalchemy.engines [req-48aad3c2-93e7-4d94-be34-d9368c0f6140 - - - - -] MySQL server mode set to STRICT_TRANS_TABLES,STRICT_ALL_TABLES,NO_ZERO_IN_DATE,NO_ZERO_DATE,ERROR_FOR_DIVISION_BY_ZERO,TRADITIONAL,NO_ENGINE_SUBSTITUTION _check_effective_sql_mode /usr/lib/python3/dist-packages/oslo_db/sqlalchemy/engines.py:314
2025-06-30 00:44:10.978 120776 DEBUG oslo_db.sqlalchemy.engines [req-59e66624-74d7-4239-86c0-a445dde367be - - - - -] Parent process 119088 forked (120776) with an open database connection, which is being discarded and recreated. checkout /usr/lib/python3/dist-packages/oslo_db/sqlalchemy/engines.py:413
2025-06-30 00:44:10.984 120776 DEBUG oslo_concurrency.lockutils [req-59e66624-74d7-4239-86c0-a445dde367be - - - - -] Lock "ba133a0f-5f7c-49a9-8b9d-dac49e19310a" acquired by "nova.context.set_target_cell..get_or_set_cached_cell_and_set_connections" :: waited 0.000s inner /usr/lib/python3/dist-packages/oslo_concurrency/lockutils.py:386
2025-06-30 00:44:10.986 120776 DEBUG oslo_concurrency.lockutils [req-59e66624-74d7-4239-86c0-a445dde367be - - - - -] Lock "ba133a0f-5f7c-49a9-8b9d-dac49e19310a" "released" by "nova.context.set_target_cell..get_or_set_cached_cell_and_set_connections" :: held 0.002s inner /usr/lib/python3/dist-packages/oslo_concurrency/lockutils.py:400
2025-06-30 00:44:10.991 120776 DEBUG oslo_db.sqlalchemy.engines [req-59e66624-74d7-4239-86c0-a445dde367be - - - - -] MySQL server mode set to STRICT_TRANS_TABLES,STRICT_ALL_TABLES,NO_ZERO_IN_DATE,NO_ZERO_DATE,ERROR_FOR_DIVISION_BY_ZERO,TRADITIONAL,NO_ENGINE_SUBSTITUTION _check_effective_sql_mode /usr/lib/python3/dist-packages/oslo_db/sqlalchemy/engines.py:314
2025-06-30 00:44:19.969 120773 DEBUG oslo_service.periodic_task [req-2b0945f9-aad0-4cba-b9b5-7886fbbbcbda - - - - -] Running periodic task SchedulerManager._discover_hosts_in_cells run_periodic_tasks /usr/lib/python3/dist-packages/oslo_service/periodic_task.py:210
2025-06-30 00:44:19.971 120773 DEBUG oslo_db.sqlalchemy.engines [req-2b0945f9-aad0-4cba-b9b5-7886fbbbcbda - - - - -] Parent process 119088 forked (120773) with an open database connection, which is being discarded and recreated. checkout /usr/lib/python3/dist-packages/oslo_db/sqlalchemy/engines.py:413
2025-06-30 00:44:19.976 120773 DEBUG oslo_concurrency.lockutils [req-2b0945f9-aad0-4cba-b9b5-7886fbbbcbda - - - - -] Lock "ba133a0f-5f7c-49a9-8b9d-dac49e19310a" acquired by "nova.context.set_target_cell..get_or_set_cached_cell_and_set_connections" :: waited 0.000s inner /usr/lib/python3/dist-packages/oslo_concurrency/lockutils.py:386
2025-06-30 00:44:19.978 120773 DEBUG oslo_concurrency.lockutils [req-2b0945f9-aad0-4cba-b9b5-7886fbbbcbda - - - - -] Lock "ba133a0f-5f7c-49a9-8b9d-dac49e19310a" "released" by "nova.context.set_target_cell..get_or_set_cached_cell_and_set_connections" :: held 0.002s inner /usr/lib/python3/dist-packages/oslo_concurrency/lockutils.py:400
2025-06-30 00:44:19.983 120773 DEBUG oslo_db.sqlalchemy.engines [req-2b0945f9-aad0-4cba-b9b5-7886fbbbcbda - - - - -] MySQL server mode set to STRICT_TRANS_TABLES,STRICT_ALL_TABLES,NO_ZERO_IN_DATE,NO_ZERO_DATE,ERROR_FOR_DIVISION_BY_ZERO,TRADITIONAL,NO_ENGINE_SUBSTITUTION _check_effective_sql_mode /usr/lib/python3/dist-packages/oslo_db/sqlalchemy/engines.py:314
2025-06-30 00:44:26.945 120774 DEBUG oslo_messaging._drivers.amqpdriver [-] AMQPListener connection timeout poll /usr/lib/python3/dist-packages/oslo_messaging/_drivers/amqpdriver.py:360
2025-06-30 00:44:26.945 120773 DEBUG oslo_messaging._drivers.amqpdriver [-] AMQPListener connection timeout poll /usr/lib/python3/dist-packages/oslo_messaging/_drivers/amqpdriver.py:360
2025-06-30 00:44:26.945 120774 DEBUG oslo_messaging._drivers.amqpdriver [-] Listener is running poll /usr/lib/python3/dist-packages/oslo_messaging/_drivers/amqpdriver.py:343
2025-06-30 00:44:26.945 120773 DEBUG oslo_messaging._drivers.amqpdriver [-] Listener is running poll /usr/lib/python3/dist-packages/oslo_messaging/_drivers/amqpdriver.py:343
2025-06-30 00:44:26.945 120774 DEBUG oslo_messaging._drivers.amqpdriver [-] AMQPListener connection consume poll /usr/lib/python3/dist-packages/oslo_messaging/_drivers/amqpdriver.py:357
2025-06-30 00:44:26.945 120773 DEBUG oslo_messaging._drivers.amqpdriver [-] AMQPListener connection consume poll /usr/lib/python3/dist-packages/oslo_messaging/_drivers/amqpdriver.py:357
2025-06-30 00:44:26.968 120776 DEBUG oslo_messaging._drivers.amqpdriver [-] AMQPListener connection timeout poll /usr/lib/python3/dist-packages/oslo_messaging/_drivers/amqpdriver.py:360
2025-06-30 00:44:26.968 120776 DEBUG oslo_messaging._drivers.amqpdriver [-] Listener is running poll /usr/lib/python3/dist-packages/oslo_messaging/_drivers/amqpdriver.py:343
2025-06-30 00:44:26.968 120776 DEBUG oslo_messaging._drivers.amqpdriver [-] AMQPListener connection consume poll /usr/lib/python3/dist-packages/oslo_messaging/_drivers/amqpdriver.py:357
2025-06-30 00:44:26.971 120775 DEBUG oslo_messaging._drivers.amqpdriver [-] AMQPListener connection timeout poll /usr/lib/python3/dist-packages/oslo_messaging/_drivers/amqpdriver.py:360
2025-06-30 00:44:26.972 120775 DEBUG oslo_messaging._drivers.amqpdriver [-] Listener is running poll /usr/lib/python3/dist-packages/oslo_messaging/_drivers/amqpdriver.py:343
2025-06-30 00:44:26.972 120775 DEBUG oslo_messaging._drivers.amqpdriver [-] AMQPListener connection consume poll /usr/lib/python3/dist-packages/oslo_messaging/_drivers/amqpdriver.py:357
2025-06-30 00:44:38.976 120775 DEBUG oslo_service.periodic_task [req-95cecd1d-0b6b-48d9-99b5-7817e8833cea - - - - -] Running periodic task SchedulerManager._discover_hosts_in_cells run_periodic_tasks /usr/lib/python3/dist-packages/oslo_service/periodic_task.py:210
2025-06-30 00:44:38.977 120775 DEBUG oslo_db.sqlalchemy.engines [req-95cecd1d-0b6b-48d9-99b5-7817e8833cea - - - - -] Parent process 119088 forked (120775) with an open database connection, which is being discarded and recreated. checkout /usr/lib/python3/dist-packages/oslo_db/sqlalchemy/engines.py:413
2025-06-30 00:44:38.983 120775 DEBUG oslo_concurrency.lockutils [req-95cecd1d-0b6b-48d9-99b5-7817e8833cea - - - - -] Lock "ba133a0f-5f7c-49a9-8b9d-dac49e19310a" acquired by "nova.context.set_target_cell..get_or_set_cached_cell_and_set_connections" :: waited 0.000s inner /usr/lib/python3/dist-packages/oslo_concurrency/lockutils.py:386
2025-06-30 00:44:38.985 120775 DEBUG oslo_concurrency.lockutils [req-95cecd1d-0b6b-48d9-99b5-7817e8833cea - - - - -] Lock "ba133a0f-5f7c-49a9-8b9d-dac49e19310a" "released" by "nova.context.set_target_cell..get_or_set_cached_cell_and_set_connections" :: held 0.002s inner /usr/lib/python3/dist-packages/oslo_concurrency/lockutils.py:400
2025-06-30 00:44:38.990 120775 DEBUG oslo_db.sqlalchemy.engines [req-95cecd1d-0b6b-48d9-99b5-7817e8833cea - - - - -] MySQL server mode set to STRICT_TRANS_TABLES,STRICT_ALL_TABLES,NO_ZERO_IN_DATE,NO_ZERO_DATE,ERROR_FOR_DIVISION_BY_ZERO,TRADITIONAL,NO_ENGINE_SUBSTITUTION _check_effective_sql_mode /usr/lib/python3/dist-packages/oslo_db/sqlalchemy/engines.py:314
2025-06-30 00:44:40.994 120774 DEBUG oslo_service.periodic_task [req-48aad3c2-93e7-4d94-be34-d9368c0f6140 - - - - -] Running periodic task SchedulerManager._discover_hosts_in_cells run_periodic_tasks /usr/lib/python3/dist-packages/oslo_service/periodic_task.py:210
2025-06-30 00:44:40.998 120774 DEBUG oslo_concurrency.lockutils [req-647ebb2e-4b67-406a-97dc-8e86e6a3422a - - - - -] Lock "ba133a0f-5f7c-49a9-8b9d-dac49e19310a" acquired by "nova.context.set_target_cell..get_or_set_cached_cell_and_set_connections" :: waited 0.000s inner /usr/lib/python3/dist-packages/oslo_concurrency/lockutils.py:386
2025-06-30 00:44:40.998 120774 DEBUG oslo_concurrency.lockutils [req-647ebb2e-4b67-406a-97dc-8e86e6a3422a - - - - -] Lock "ba133a0f-5f7c-49a9-8b9d-dac49e19310a" "released" by "nova.context.set_target_cell..get_or_set_cached_cell_and_set_connections" :: held 0.000s inner /usr/lib/python3/dist-packages/oslo_concurrency/lockutils.py:400
2025-06-30 00:44:41.005 120776 DEBUG oslo_service.periodic_task [req-59e66624-74d7-4239-86c0-a445dde367be - - - - -] Running periodic task SchedulerManager._discover_hosts_in_cells run_periodic_tasks /usr/lib/python3/dist-packages/oslo_service/periodic_task.py:210
2025-06-30 00:44:41.009 120776 DEBUG oslo_concurrency.lockutils [req-bfc54499-da5c-4166-bb72-28760b7bfbbc - - - - -] Lock "ba133a0f-5f7c-49a9-8b9d-dac49e19310a" acquired by "nova.context.set_target_cell..get_or_set_cached_cell_and_set_connections" :: waited 0.000s inner /usr/lib/python3/dist-packages/oslo_concurrency/lockutils.py:386
2025-06-30 00:44:41.009 120776 DEBUG oslo_concurrency.lockutils [req-bfc54499-da5c-4166-bb72-28760b7bfbbc - - - - -] Lock "ba133a0f-5f7c-49a9-8b9d-dac49e19310a" "released" by "nova.context.set_target_cell..get_or_set_cached_cell_and_set_connections" :: held 0.000s inner /usr/lib/python3/dist-packages/oslo_concurrency/lockutils.py:400
2025-06-30 00:44:49.997 120773 DEBUG oslo_service.periodic_task [req-2b0945f9-aad0-4cba-b9b5-7886fbbbcbda - - - - -] Running periodic task SchedulerManager._discover_hosts_in_cells run_periodic_tasks /usr/lib/python3/dist-packages/oslo_service/periodic_task.py:210
2025-06-30 00:44:50.001 120773 DEBUG oslo_concurrency.lockutils [req-17a8a9f0-2202-40ae-9c31-58ecbc43e113 - - - - -] Lock "ba133a0f-5f7c-49a9-8b9d-dac49e19310a" acquired by "nova.context.set_target_cell..get_or_set_cached_cell_and_set_connections" :: waited 0.000s inner /usr/lib/python3/dist-packages/oslo_concurrency/lockutils.py:386
2025-06-30 00:44:50.001 120773 DEBUG oslo_concurrency.lockutils [req-17a8a9f0-2202-40ae-9c31-58ecbc43e113 - - - - -] Lock "ba133a0f-5f7c-49a9-8b9d-dac49e19310a" "released" by "nova.context.set_target_cell..get_or_set_cached_cell_and_set_connections" :: held 0.000s inner /usr/lib/python3/dist-packages/oslo_concurrency/lockutils.py:400
2025-06-30 00:44:52.130 119088 INFO oslo_service.service [req-3035e449-e6e3-435d-9108-470949c8af66 - - - - -] Caught SIGTERM, stopping children
2025-06-30 00:44:52.131 119088 DEBUG oslo_concurrency.lockutils [req-3035e449-e6e3-435d-9108-470949c8af66 - - - - -] Acquired lock "singleton_lock" lock /usr/lib/python3/dist-packages/oslo_concurrency/lockutils.py:294
2025-06-30 00:44:52.131 119088 DEBUG oslo_concurrency.lockutils [req-3035e449-e6e3-435d-9108-470949c8af66 - - - - -] Releasing lock "singleton_lock" lock /usr/lib/python3/dist-packages/oslo_concurrency/lockutils.py:312
2025-06-30 00:44:52.131 119088 DEBUG oslo_service.service [req-3035e449-e6e3-435d-9108-470949c8af66 - - - - -] Stop services. stop /usr/lib/python3/dist-packages/oslo_service/service.py:695
2025-06-30 00:44:52.131 119088 DEBUG oslo_service.service [req-3035e449-e6e3-435d-9108-470949c8af66 - - - - -] Killing children. stop /usr/lib/python3/dist-packages/oslo_service/service.py:700
2025-06-30 00:44:52.132 119088 INFO oslo_service.service [req-3035e449-e6e3-435d-9108-470949c8af66 - - - - -] Waiting on 4 children to exit
2025-06-30 00:44:52.139 119088 INFO oslo_service.service [req-3035e449-e6e3-435d-9108-470949c8af66 - - - - -] Child 120773 killed by signal 15
2025-06-30 00:44:52.140 119088 INFO oslo_service.service [req-3035e449-e6e3-435d-9108-470949c8af66 - - - - -] Child 120774 killed by signal 15
2025-06-30 00:44:52.140 119088 INFO oslo_service.service [req-3035e449-e6e3-435d-9108-470949c8af66 - - - - -] Child 120775 killed by signal 15
2025-06-30 00:44:52.140 119088 INFO oslo_service.service [req-3035e449-e6e3-435d-9108-470949c8af66 - - - - -] Child 120776 killed by signal 15
2025-06-30 00:44:54.168 125337 DEBUG oslo_db.sqlalchemy.engines [req-e64f2c24-4ce9-438a-b19c-09d95277fb5f - - - - -] MySQL server mode set to STRICT_TRANS_TABLES,STRICT_ALL_TABLES,NO_ZERO_IN_DATE,NO_ZERO_DATE,ERROR_FOR_DIVISION_BY_ZERO,TRADITIONAL,NO_ENGINE_SUBSTITUTION _check_effective_sql_mode /usr/lib/python3/dist-packages/oslo_db/sqlalchemy/engines.py:314
2025-06-30 00:44:54.201 125337 DEBUG nova.scheduler.host_manager [req-e64f2c24-4ce9-438a-b19c-09d95277fb5f - - - - -] Found 1 cells: ba133a0f-5f7c-49a9-8b9d-dac49e19310a refresh_cells_caches /usr/lib/python3/dist-packages/nova/scheduler/host_manager.py:730
2025-06-30 00:44:54.201 125337 DEBUG nova.scheduler.host_manager [req-e64f2c24-4ce9-438a-b19c-09d95277fb5f - - - - -] Found 0 disabled cells: refresh_cells_caches /usr/lib/python3/dist-packages/nova/scheduler/host_manager.py:742
2025-06-30 00:44:54.207 125337 WARNING nova.scheduler.filters.availability_zone_filter [req-e64f2c24-4ce9-438a-b19c-09d95277fb5f - - - - -] The 'AvailabilityZoneFilter' is deprecated since the 24.0.0 (Xena) release. Since the 18.0.0 (Rocky) release, nova has supported mapping AZs to placement aggregates. The feature is enabled by the 'query_placement_for_availability_zone' config option and is now enabled by default. As such, the 'AvailabilityZoneFilter' is no longer required. Nova is currently configured to use both placement and the AvailabilityZoneFilter for AZ enforcement.
2025-06-30 00:44:54.312 125337 DEBUG nova.scheduler.host_manager [req-e64f2c24-4ce9-438a-b19c-09d95277fb5f - - - - -] START:_async_init_instance_info _async_init_instance_info /usr/lib/python3/dist-packages/nova/scheduler/host_manager.py:411
2025-06-30 00:44:54.314 125337 DEBUG oslo_concurrency.lockutils [req-45ed6394-1271-4eea-ac80-4515dda4ab60 - - - - -] Lock "ba133a0f-5f7c-49a9-8b9d-dac49e19310a" acquired by "nova.context.set_target_cell..get_or_set_cached_cell_and_set_connections" :: waited 0.000s inner /usr/lib/python3/dist-packages/oslo_concurrency/lockutils.py:386
2025-06-30 00:44:54.316 125337 DEBUG oslo_concurrency.lockutils [req-45ed6394-1271-4eea-ac80-4515dda4ab60 - - - - -] Lock "ba133a0f-5f7c-49a9-8b9d-dac49e19310a" "released" by "nova.context.set_target_cell..get_or_set_cached_cell_and_set_connections" :: held 0.002s inner /usr/lib/python3/dist-packages/oslo_concurrency/lockutils.py:400
2025-06-30 00:44:54.322 125337 DEBUG oslo_db.sqlalchemy.engines [req-45ed6394-1271-4eea-ac80-4515dda4ab60 - - - - -] MySQL server mode set to STRICT_TRANS_TABLES,STRICT_ALL_TABLES,NO_ZERO_IN_DATE,NO_ZERO_DATE,ERROR_FOR_DIVISION_BY_ZERO,TRADITIONAL,NO_ENGINE_SUBSTITUTION _check_effective_sql_mode /usr/lib/python3/dist-packages/oslo_db/sqlalchemy/engines.py:314
2025-06-30 00:44:54.332 125337 DEBUG nova.scheduler.host_manager [req-45ed6394-1271-4eea-ac80-4515dda4ab60 - - - - -] Total number of compute nodes: 0 _async_init_instance_info /usr/lib/python3/dist-packages/nova/scheduler/host_manager.py:424
2025-06-30 00:44:54.333 125337 DEBUG oslo_concurrency.lockutils [req-45ed6394-1271-4eea-ac80-4515dda4ab60 - - - - -] Lock "ba133a0f-5f7c-49a9-8b9d-dac49e19310a" acquired by "nova.context.set_target_cell..get_or_set_cached_cell_and_set_connections" :: waited 0.000s inner /usr/lib/python3/dist-packages/oslo_concurrency/lockutils.py:386
2025-06-30 00:44:54.333 125337 DEBUG oslo_concurrency.lockutils [req-45ed6394-1271-4eea-ac80-4515dda4ab60 - - - - -] Lock "ba133a0f-5f7c-49a9-8b9d-dac49e19310a" "released" by "nova.context.set_target_cell..get_or_set_cached_cell_and_set_connections" :: held 0.000s inner /usr/lib/python3/dist-packages/oslo_concurrency/lockutils.py:400
2025-06-30 00:44:54.393 125337 DEBUG nova.scheduler.host_manager [req-45ed6394-1271-4eea-ac80-4515dda4ab60 - - - - -] Adding 0 instances for hosts 10-20 _async_init_instance_info /usr/lib/python3/dist-packages/nova/scheduler/host_manager.py:443
2025-06-30 00:44:54.393 125337 DEBUG nova.scheduler.host_manager [req-45ed6394-1271-4eea-ac80-4515dda4ab60 - - - - -] END:_async_init_instance_info _async_init_instance_info /usr/lib/python3/dist-packages/nova/scheduler/host_manager.py:454
2025-06-30 00:44:56.243 125337 DEBUG nova.context [req-e64f2c24-4ce9-438a-b19c-09d95277fb5f - - - - -] Found 2 cells: 00000000-0000-0000-0000-000000000000(cell0),ba133a0f-5f7c-49a9-8b9d-dac49e19310a(cell1) load_cells /usr/lib/python3/dist-packages/nova/context.py:464
2025-06-30 00:44:56.243 125337 DEBUG oslo_concurrency.lockutils [req-f6f925b3-24c5-47b8-9c53-df1bf2cb0588 - - - - -] Lock "00000000-0000-0000-0000-000000000000" acquired by "nova.context.set_target_cell..get_or_set_cached_cell_and_set_connections" :: waited 0.000s inner /usr/lib/python3/dist-packages/oslo_concurrency/lockutils.py:386
2025-06-30 00:44:56.244 125337 DEBUG oslo_concurrency.lockutils [req-f6f925b3-24c5-47b8-9c53-df1bf2cb0588 - - - - -] Lock "00000000-0000-0000-0000-000000000000" "released" by "nova.context.set_target_cell..get_or_set_cached_cell_and_set_connections" :: held 0.001s inner /usr/lib/python3/dist-packages/oslo_concurrency/lockutils.py:400
2025-06-30 00:44:56.245 125337 DEBUG oslo_concurrency.lockutils [req-f6f925b3-24c5-47b8-9c53-df1bf2cb0588 - - - - -] Lock "ba133a0f-5f7c-49a9-8b9d-dac49e19310a" acquired by "nova.context.set_target_cell..get_or_set_cached_cell_and_set_connections" :: waited 0.000s inner /usr/lib/python3/dist-packages/oslo_concurrency/lockutils.py:386
2025-06-30 00:44:56.245 125337 DEBUG oslo_concurrency.lockutils [req-f6f925b3-24c5-47b8-9c53-df1bf2cb0588 - - - - -] Lock "ba133a0f-5f7c-49a9-8b9d-dac49e19310a" "released" by "nova.context.set_target_cell..get_or_set_cached_cell_and_set_connections" :: held 0.000s inner /usr/lib/python3/dist-packages/oslo_concurrency/lockutils.py:400
2025-06-30 00:44:56.254 125337 DEBUG oslo_db.sqlalchemy.engines [req-f6f925b3-24c5-47b8-9c53-df1bf2cb0588 - - - - -] MySQL server mode set to STRICT_TRANS_TABLES,STRICT_ALL_TABLES,NO_ZERO_IN_DATE,NO_ZERO_DATE,ERROR_FOR_DIVISION_BY_ZERO,TRADITIONAL,NO_ENGINE_SUBSTITUTION _check_effective_sql_mode /usr/lib/python3/dist-packages/oslo_db/sqlalchemy/engines.py:314
2025-06-30 00:44:56.262 125337 DEBUG oslo_concurrency.lockutils [req-f6f925b3-24c5-47b8-9c53-df1bf2cb0588 - - - - -] Acquired lock "singleton_lock" lock /usr/lib/python3/dist-packages/oslo_concurrency/lockutils.py:294
2025-06-30 00:44:56.367 125337 DEBUG oslo_concurrency.lockutils [req-f6f925b3-24c5-47b8-9c53-df1bf2cb0588 - - - - -] Releasing lock "singleton_lock" lock /usr/lib/python3/dist-packages/oslo_concurrency/lockutils.py:312
2025-06-30 00:44:56.368 125337 INFO oslo_service.service [req-f6f925b3-24c5-47b8-9c53-df1bf2cb0588 - - - - -] Starting 4 workers
2025-06-30 00:44:56.372 125337 DEBUG oslo_service.service [req-f6f925b3-24c5-47b8-9c53-df1bf2cb0588 - - - - -] Started child 126165 _start_child /usr/lib/python3/dist-packages/oslo_service/service.py:575
2025-06-30 00:44:56.376 126165 INFO nova.service [-] Starting scheduler node (version 25.2.1)
2025-06-30 00:44:56.376 125337 DEBUG oslo_service.service [req-f6f925b3-24c5-47b8-9c53-df1bf2cb0588 - - - - -] Started child 126166 _start_child /usr/lib/python3/dist-packages/oslo_service/service.py:575
2025-06-30 00:44:56.380 126166 INFO nova.service [-] Starting scheduler node (version 25.2.1)
2025-06-30 00:44:56.381 125337 DEBUG oslo_service.service [req-f6f925b3-24c5-47b8-9c53-df1bf2cb0588 - - - - -] Started child 126167 _start_child /usr/lib/python3/dist-packages/oslo_service/service.py:575
2025-06-30 00:44:56.385 126167 INFO nova.service [-] Starting scheduler node (version 25.2.1)
2025-06-30 00:44:56.385 125337 DEBUG oslo_service.service [req-f6f925b3-24c5-47b8-9c53-df1bf2cb0588 - - - - -] Started child 126168 _start_child /usr/lib/python3/dist-packages/oslo_service/service.py:575
2025-06-30 00:44:56.387 125337 DEBUG oslo_service.service [req-f6f925b3-24c5-47b8-9c53-df1bf2cb0588 - - - - -] Full set of CONF: wait /usr/lib/python3/dist-packages/oslo_service/service.py:649
2025-06-30 00:44:56.387 125337 DEBUG oslo_service.service [req-f6f925b3-24c5-47b8-9c53-df1bf2cb0588 - - - - -] ******************************************************************************** log_opt_values /usr/lib/python3/dist-packages/oslo_config/cfg.py:2589
2025-06-30 00:44:56.387 125337 DEBUG oslo_service.service [req-f6f925b3-24c5-47b8-9c53-df1bf2cb0588 - - - - -] Configuration options gathered from: log_opt_values /usr/lib/python3/dist-packages/oslo_config/cfg.py:2590
2025-06-30 00:44:56.388 125337 DEBUG oslo_service.service [req-f6f925b3-24c5-47b8-9c53-df1bf2cb0588 - - - - -] command line args: ['--config-file=/etc/nova/nova.conf', '--log-file=/var/log/nova/nova-scheduler.log'] log_opt_values /usr/lib/python3/dist-packages/oslo_config/cfg.py:2591
2025-06-30 00:44:56.388 125337 DEBUG oslo_service.service [req-f6f925b3-24c5-47b8-9c53-df1bf2cb0588 - - - - -] config files: ['/etc/nova/nova.conf'] log_opt_values /usr/lib/python3/dist-packages/oslo_config/cfg.py:2592
2025-06-30 00:44:56.388 125337 DEBUG oslo_service.service [req-f6f925b3-24c5-47b8-9c53-df1bf2cb0588 - - - - -] ================================================================================ log_opt_values /usr/lib/python3/dist-packages/oslo_config/cfg.py:2594
2025-06-30 00:44:56.388 125337 DEBUG oslo_service.service [req-f6f925b3-24c5-47b8-9c53-df1bf2cb0588 - - - - -] allow_resize_to_same_host = False log_opt_values /usr/lib/python3/dist-packages/oslo_config/cfg.py:2602
2025-06-30 00:44:56.389 125337 DEBUG oslo_service.service [req-f6f925b3-24c5-47b8-9c53-df1bf2cb0588 - - - - -] arq_binding_timeout = 300 log_opt_values /usr/lib/python3/dist-packages/oslo_config/cfg.py:2602
2025-06-30 00:44:56.389 125337 DEBUG oslo_service.service [req-f6f925b3-24c5-47b8-9c53-df1bf2cb0588 - - - - -] block_device_allocate_retries = 60 log_opt_values /usr/lib/python3/dist-packages/oslo_config/cfg.py:2602
2025-06-30 00:44:56.389 125337 DEBUG oslo_service.service [req-f6f925b3-24c5-47b8-9c53-df1bf2cb0588 - - - - -] block_device_allocate_retries_interval = 3 log_opt_values /usr/lib/python3/dist-packages/oslo_config/cfg.py:2602
2025-06-30 00:44:56.389 125337 DEBUG oslo_service.service [req-f6f925b3-24c5-47b8-9c53-df1bf2cb0588 - - - - -] cert = self.pem log_opt_values /usr/lib/python3/dist-packages/oslo_config/cfg.py:2602
2025-06-30 00:44:56.389 125337 DEBUG oslo_service.service [req-f6f925b3-24c5-47b8-9c53-df1bf2cb0588 - - - - -] compute_driver = libvirt.LibvirtDriver log_opt_values /usr/lib/python3/dist-packages/oslo_config/cfg.py:2602
2025-06-30 00:44:56.389 125337 DEBUG oslo_service.service [req-f6f925b3-24c5-47b8-9c53-df1bf2cb0588 - - - - -] compute_monitors = [] log_opt_values /usr/lib/python3/dist-packages/oslo_config/cfg.py:2602
2025-06-30 00:44:56.390 125337 DEBUG oslo_service.service [req-f6f925b3-24c5-47b8-9c53-df1bf2cb0588 - - - - -] config_dir = [] log_opt_values /usr/lib/python3/dist-packages/oslo_config/cfg.py:2602
2025-06-30 00:44:56.390 125337 DEBUG oslo_service.service [req-f6f925b3-24c5-47b8-9c53-df1bf2cb0588 - - - - -] config_drive_format = iso9660 log_opt_values /usr/lib/python3/dist-packages/oslo_config/cfg.py:2602
2025-06-30 00:44:56.390 125337 DEBUG oslo_service.service [req-f6f925b3-24c5-47b8-9c53-df1bf2cb0588 - - - - -] config_file = ['/etc/nova/nova.conf'] log_opt_values /usr/lib/python3/dist-packages/oslo_config/cfg.py:2602
2025-06-30 00:44:56.390 126168 INFO nova.service [-] Starting scheduler node (version 25.2.1)
2025-06-30 00:44:56.390 125337 DEBUG oslo_service.service [req-f6f925b3-24c5-47b8-9c53-df1bf2cb0588 - - - - -] config_source = [] log_opt_values /usr/lib/python3/dist-packages/oslo_config/cfg.py:2602
2025-06-30 00:44:56.390 125337 DEBUG oslo_service.service [req-f6f925b3-24c5-47b8-9c53-df1bf2cb0588 - - - - -] console_host = juju-36f194-0-lxd-7 log_opt_values /usr/lib/python3/dist-packages/oslo_config/cfg.py:2602
2025-06-30 00:44:56.390 125337 DEBUG oslo_service.service [req-f6f925b3-24c5-47b8-9c53-df1bf2cb0588 - - - - -] control_exchange = nova log_opt_values /usr/lib/python3/dist-packages/oslo_config/cfg.py:2602
2025-06-30 00:44:56.391 125337 DEBUG oslo_service.service [req-f6f925b3-24c5-47b8-9c53-df1bf2cb0588 - - - - -] cpu_allocation_ratio = 2.0 log_opt_values /usr/lib/python3/dist-packages/oslo_config/cfg.py:2602
2025-06-30 00:44:56.391 125337 DEBUG oslo_service.service [req-f6f925b3-24c5-47b8-9c53-df1bf2cb0588 - - - - -] daemon = False log_opt_values /usr/lib/python3/dist-packages/oslo_config/cfg.py:2602
2025-06-30 00:44:56.391 125337 DEBUG oslo_service.service [req-f6f925b3-24c5-47b8-9c53-df1bf2cb0588 - - - - -] debug = True log_opt_values /usr/lib/python3/dist-packages/oslo_config/cfg.py:2602
2025-06-30 00:44:56.391 125337 DEBUG oslo_service.service [req-f6f925b3-24c5-47b8-9c53-df1bf2cb0588 - - - - -] default_access_ip_network_name = None log_opt_values /usr/lib/python3/dist-packages/oslo_config/cfg.py:2602
2025-06-30 00:44:56.391 125337 DEBUG oslo_service.service [req-f6f925b3-24c5-47b8-9c53-df1bf2cb0588 - - - - -] default_availability_zone = nova log_opt_values /usr/lib/python3/dist-packages/oslo_config/cfg.py:2602
2025-06-30 00:44:56.391 125337 DEBUG oslo_service.service [req-f6f925b3-24c5-47b8-9c53-df1bf2cb0588 - - - - -] default_ephemeral_format = None log_opt_values /usr/lib/python3/dist-packages/oslo_config/cfg.py:2602
2025-06-30 00:44:56.392 125337 DEBUG oslo_service.service [req-f6f925b3-24c5-47b8-9c53-df1bf2cb0588 - - - - -] default_log_levels = ['amqp=WARN', 'amqplib=WARN', 'boto=WARN', 'qpid=WARN', 'sqlalchemy=WARN', 'suds=INFO', 'oslo.messaging=INFO', 'oslo_messaging=DEBUG', 'iso8601=WARN', 'requests.packages.urllib3.connectionpool=WARN', 'urllib3.connectionpool=WARN', 'websocket=WARN', 'requests.packages.urllib3.util.retry=WARN', 'urllib3.util.retry=WARN', 'keystonemiddleware=WARN', 'routes.middleware=WARN', 'stevedore=WARN', 'taskflow=WARN', 'keystoneauth=WARN', 'oslo.cache=INFO', 'dogpile.core.dogpile=INFO', 'glanceclient=WARN', 'oslo.privsep.daemon=INFO'] log_opt_values /usr/lib/python3/dist-packages/oslo_config/cfg.py:2602
2025-06-30 00:44:56.392 125337 DEBUG oslo_service.service [req-f6f925b3-24c5-47b8-9c53-df1bf2cb0588 - - - - -] default_schedule_zone = None log_opt_values /usr/lib/python3/dist-packages/oslo_config/cfg.py:2602
2025-06-30 00:44:56.392 125337 DEBUG oslo_service.service [req-f6f925b3-24c5-47b8-9c53-df1bf2cb0588 - - - - -] disk_allocation_ratio = 1.0 log_opt_values /usr/lib/python3/dist-packages/oslo_config/cfg.py:2602
2025-06-30 00:44:56.392 125337 DEBUG oslo_service.service [req-f6f925b3-24c5-47b8-9c53-df1bf2cb0588 - - - - -] enable_new_services = True log_opt_values /usr/lib/python3/dist-packages/oslo_config/cfg.py:2602
2025-06-30 00:44:56.393 125337 DEBUG oslo_service.service [req-f6f925b3-24c5-47b8-9c53-df1bf2cb0588 - - - - -] enabled_apis = ['osapi_compute', 'metadata'] log_opt_values /usr/lib/python3/dist-packages/oslo_config/cfg.py:2602
2025-06-30 00:44:56.393 125337 DEBUG oslo_service.service [req-f6f925b3-24c5-47b8-9c53-df1bf2cb0588 - - - - -] enabled_ssl_apis = [] log_opt_values /usr/lib/python3/dist-packages/oslo_config/cfg.py:2602
2025-06-30 00:44:56.393 125337 DEBUG oslo_service.service [req-f6f925b3-24c5-47b8-9c53-df1bf2cb0588 - - - - -] fatal_deprecations = False log_opt_values /usr/lib/python3/dist-packages/oslo_config/cfg.py:2602
2025-06-30 00:44:56.393 125337 DEBUG oslo_service.service [req-f6f925b3-24c5-47b8-9c53-df1bf2cb0588 - - - - -] flat_injected = False log_opt_values /usr/lib/python3/dist-packages/oslo_config/cfg.py:2602
2025-06-30 00:44:56.393 125337 DEBUG oslo_service.service [req-f6f925b3-24c5-47b8-9c53-df1bf2cb0588 - - - - -] force_config_drive = False log_opt_values /usr/lib/python3/dist-packages/oslo_config/cfg.py:2602
2025-06-30 00:44:56.393 125337 DEBUG oslo_service.service [req-f6f925b3-24c5-47b8-9c53-df1bf2cb0588 - - - - -] force_raw_images = True log_opt_values /usr/lib/python3/dist-packages/oslo_config/cfg.py:2602
2025-06-30 00:44:56.394 125337 DEBUG oslo_service.service [req-f6f925b3-24c5-47b8-9c53-df1bf2cb0588 - - - - -] graceful_shutdown_timeout = 60 log_opt_values /usr/lib/python3/dist-packages/oslo_config/cfg.py:2602
2025-06-30 00:44:56.394 125337 DEBUG oslo_service.service [req-f6f925b3-24c5-47b8-9c53-df1bf2cb0588 - - - - -] heal_instance_info_cache_interval = 60 log_opt_values /usr/lib/python3/dist-packages/oslo_config/cfg.py:2602
2025-06-30 00:44:56.394 125337 DEBUG oslo_service.service [req-f6f925b3-24c5-47b8-9c53-df1bf2cb0588 - - - - -] host = juju-36f194-0-lxd-7 log_opt_values /usr/lib/python3/dist-packages/oslo_config/cfg.py:2602
2025-06-30 00:44:56.394 125337 DEBUG oslo_service.service [req-f6f925b3-24c5-47b8-9c53-df1bf2cb0588 - - - - -] initial_cpu_allocation_ratio = 16.0 log_opt_values /usr/lib/python3/dist-packages/oslo_config/cfg.py:2602
2025-06-30 00:44:56.394 125337 DEBUG oslo_service.service [req-f6f925b3-24c5-47b8-9c53-df1bf2cb0588 - - - - -] initial_disk_allocation_ratio = 1.0 log_opt_values /usr/lib/python3/dist-packages/oslo_config/cfg.py:2602
2025-06-30 00:44:56.395 125337 DEBUG oslo_service.service [req-f6f925b3-24c5-47b8-9c53-df1bf2cb0588 - - - - -] initial_ram_allocation_ratio = 1.5 log_opt_values /usr/lib/python3/dist-packages/oslo_config/cfg.py:2602
2025-06-30 00:44:56.395 125337 DEBUG oslo_service.service [req-f6f925b3-24c5-47b8-9c53-df1bf2cb0588 - - - - -] injected_network_template = /usr/lib/python3/dist-packages/nova/virt/interfaces.template log_opt_values /usr/lib/python3/dist-packages/oslo_config/cfg.py:2602
2025-06-30 00:44:56.395 125337 DEBUG oslo_service.service [req-f6f925b3-24c5-47b8-9c53-df1bf2cb0588 - - - - -] instance_build_timeout = 0 log_opt_values /usr/lib/python3/dist-packages/oslo_config/cfg.py:2602
2025-06-30 00:44:56.395 125337 DEBUG oslo_service.service [req-f6f925b3-24c5-47b8-9c53-df1bf2cb0588 - - - - -] instance_delete_interval = 300 log_opt_values /usr/lib/python3/dist-packages/oslo_config/cfg.py:2602
2025-06-30 00:44:56.395 125337 DEBUG oslo_service.service [req-f6f925b3-24c5-47b8-9c53-df1bf2cb0588 - - - - -] instance_format = [instance: %(uuid)s] log_opt_values /usr/lib/python3/dist-packages/oslo_config/cfg.py:2602
2025-06-30 00:44:56.395 125337 DEBUG oslo_service.service [req-f6f925b3-24c5-47b8-9c53-df1bf2cb0588 - - - - -] instance_name_template = instance-%08x log_opt_values /usr/lib/python3/dist-packages/oslo_config/cfg.py:2602
2025-06-30 00:44:56.396 125337 DEBUG oslo_service.service [req-f6f925b3-24c5-47b8-9c53-df1bf2cb0588 - - - - -] instance_usage_audit = False log_opt_values /usr/lib/python3/dist-packages/oslo_config/cfg.py:2602
2025-06-30 00:44:56.396 125337 DEBUG oslo_service.service [req-f6f925b3-24c5-47b8-9c53-df1bf2cb0588 - - - - -] instance_usage_audit_period = month log_opt_values /usr/lib/python3/dist-packages/oslo_config/cfg.py:2602
2025-06-30 00:44:56.396 125337 DEBUG oslo_service.service [req-f6f925b3-24c5-47b8-9c53-df1bf2cb0588 - - - - -] instance_uuid_format = [instance: %(uuid)s] log_opt_values /usr/lib/python3/dist-packages/oslo_config/cfg.py:2602
2025-06-30 00:44:56.396 125337 DEBUG oslo_service.service [req-f6f925b3-24c5-47b8-9c53-df1bf2cb0588 - - - - -] instances_path = /var/lib/nova/instances log_opt_values /usr/lib/python3/dist-packages/oslo_config/cfg.py:2602
2025-06-30 00:44:56.396 125337 DEBUG oslo_service.service [req-f6f925b3-24c5-47b8-9c53-df1bf2cb0588 - - - - -] internal_service_availability_zone = internal log_opt_values /usr/lib/python3/dist-packages/oslo_config/cfg.py:2602
2025-06-30 00:44:56.397 125337 DEBUG oslo_service.service [req-f6f925b3-24c5-47b8-9c53-df1bf2cb0588 - - - - -] key = None log_opt_values /usr/lib/python3/dist-packages/oslo_config/cfg.py:2602
2025-06-30 00:44:56.397 125337 DEBUG oslo_service.service [req-f6f925b3-24c5-47b8-9c53-df1bf2cb0588 - - - - -] live_migration_retry_count = 30 log_opt_values /usr/lib/python3/dist-packages/oslo_config/cfg.py:2602
2025-06-30 00:44:56.397 125337 DEBUG oslo_service.service [req-f6f925b3-24c5-47b8-9c53-df1bf2cb0588 - - - - -] log_config_append = None log_opt_values /usr/lib/python3/dist-packages/oslo_config/cfg.py:2602
2025-06-30 00:44:56.397 126166 DEBUG oslo_db.sqlalchemy.engines [req-c9ca951c-81b8-45b3-b8b1-d1e4da0d7e4a - - - - -] MySQL server mode set to STRICT_TRANS_TABLES,STRICT_ALL_TABLES,NO_ZERO_IN_DATE,NO_ZERO_DATE,ERROR_FOR_DIVISION_BY_ZERO,TRADITIONAL,NO_ENGINE_SUBSTITUTION _check_effective_sql_mode /usr/lib/python3/dist-packages/oslo_db/sqlalchemy/engines.py:314
2025-06-30 00:44:56.397 125337 DEBUG oslo_service.service [req-f6f925b3-24c5-47b8-9c53-df1bf2cb0588 - - - - -] log_date_format = %Y-%m-%d %H:%M:%S log_opt_values /usr/lib/python3/dist-packages/oslo_config/cfg.py:2602
2025-06-30 00:44:56.397 125337 DEBUG oslo_service.service [req-f6f925b3-24c5-47b8-9c53-df1bf2cb0588 - - - - -] log_dir = /var/log/nova log_opt_values /usr/lib/python3/dist-packages/oslo_config/cfg.py:2602
2025-06-30 00:44:56.397 125337 DEBUG oslo_service.service [req-f6f925b3-24c5-47b8-9c53-df1bf2cb0588 - - - - -] log_file = /var/log/nova/nova-scheduler.log log_opt_values /usr/lib/python3/dist-packages/oslo_config/cfg.py:2602
2025-06-30 00:44:56.398 125337 DEBUG oslo_service.service [req-f6f925b3-24c5-47b8-9c53-df1bf2cb0588 - - - - -] log_options = True log_opt_values /usr/lib/python3/dist-packages/oslo_config/cfg.py:2602
2025-06-30 00:44:56.398 125337 DEBUG oslo_service.service [req-f6f925b3-24c5-47b8-9c53-df1bf2cb0588 - - - - -] log_rotate_interval = 1 log_opt_values /usr/lib/python3/dist-packages/oslo_config/cfg.py:2602
2025-06-30 00:44:56.398 125337 DEBUG oslo_service.service [req-f6f925b3-24c5-47b8-9c53-df1bf2cb0588 - - - - -] log_rotate_interval_type = days log_opt_values /usr/lib/python3/dist-packages/oslo_config/cfg.py:2602
2025-06-30 00:44:56.398 125337 DEBUG oslo_service.service [req-f6f925b3-24c5-47b8-9c53-df1bf2cb0588 - - - - -] log_rotation_type = none log_opt_values /usr/lib/python3/dist-packages/oslo_config/cfg.py:2602
2025-06-30 00:44:56.398 125337 DEBUG oslo_service.service [req-f6f925b3-24c5-47b8-9c53-df1bf2cb0588 - - - - -] logging_context_format_string = %(asctime)s.%(msecs)03d %(process)d %(levelname)s %(name)s [%(request_id)s %(user_identity)s] %(instance)s%(message)s log_opt_values /usr/lib/python3/dist-packages/oslo_config/cfg.py:2602
2025-06-30 00:44:56.398 125337 DEBUG oslo_service.service [req-f6f925b3-24c5-47b8-9c53-df1bf2cb0588 - - - - -] logging_debug_format_suffix = %(funcName)s %(pathname)s:%(lineno)d log_opt_values /usr/lib/python3/dist-packages/oslo_config/cfg.py:2602
2025-06-30 00:44:56.398 125337 DEBUG oslo_service.service [req-f6f925b3-24c5-47b8-9c53-df1bf2cb0588 - - - - -] logging_default_format_string = %(asctime)s.%(msecs)03d %(process)d %(levelname)s %(name)s [-] %(instance)s%(message)s log_opt_values /usr/lib/python3/dist-packages/oslo_config/cfg.py:2602
2025-06-30 00:44:56.399 125337 DEBUG oslo_service.service [req-f6f925b3-24c5-47b8-9c53-df1bf2cb0588 - - - - -] logging_exception_prefix = %(asctime)s.%(msecs)03d %(process)d ERROR %(name)s %(instance)s log_opt_values /usr/lib/python3/dist-packages/oslo_config/cfg.py:2602
2025-06-30 00:44:56.399 125337 DEBUG oslo_service.service [req-f6f925b3-24c5-47b8-9c53-df1bf2cb0588 - - - - -] logging_user_identity_format = %(user)s %(project)s %(domain)s %(user_domain)s %(project_domain)s log_opt_values /usr/lib/python3/dist-packages/oslo_config/cfg.py:2602
2025-06-30 00:44:56.399 125337 DEBUG oslo_service.service [req-f6f925b3-24c5-47b8-9c53-df1bf2cb0588 - - - - -] long_rpc_timeout = 1800 log_opt_values /usr/lib/python3/dist-packages/oslo_config/cfg.py:2602
2025-06-30 00:44:56.399 125337 DEBUG oslo_service.service [req-f6f925b3-24c5-47b8-9c53-df1bf2cb0588 - - - - -] max_concurrent_builds = 10 log_opt_values /usr/lib/python3/dist-packages/oslo_config/cfg.py:2602
2025-06-30 00:44:56.399 125337 DEBUG oslo_service.service [req-f6f925b3-24c5-47b8-9c53-df1bf2cb0588 - - - - -] max_concurrent_live_migrations = 1 log_opt_values /usr/lib/python3/dist-packages/oslo_config/cfg.py:2602
2025-06-30 00:44:56.399 125337 DEBUG oslo_service.service [req-f6f925b3-24c5-47b8-9c53-df1bf2cb0588 - - - - -] max_concurrent_snapshots = 5 log_opt_values /usr/lib/python3/dist-packages/oslo_config/cfg.py:2602
2025-06-30 00:44:56.399 125337 DEBUG oslo_service.service [req-f6f925b3-24c5-47b8-9c53-df1bf2cb0588 - - - - -] max_local_block_devices = 3 log_opt_values /usr/lib/python3/dist-packages/oslo_config/cfg.py:2602
2025-06-30 00:44:56.400 125337 DEBUG oslo_service.service [req-f6f925b3-24c5-47b8-9c53-df1bf2cb0588 - - - - -] max_logfile_count = 30 log_opt_values /usr/lib/python3/dist-packages/oslo_config/cfg.py:2602
2025-06-30 00:44:56.400 125337 DEBUG oslo_service.service [req-f6f925b3-24c5-47b8-9c53-df1bf2cb0588 - - - - -] max_logfile_size_mb = 200 log_opt_values /usr/lib/python3/dist-packages/oslo_config/cfg.py:2602
