2025-06-30 00:44:56.441 125337 DEBUG oslo_service.service [req-f6f925b3-24c5-47b8-9c53-df1bf2cb0588 - - - - -] glance.insecure = False log_opt_values /usr/lib/python3/dist-packages/oslo_config/cfg.py:2609
2025-06-30 00:44:56.441 125337 DEBUG oslo_service.service [req-f6f925b3-24c5-47b8-9c53-df1bf2cb0588 - - - - -] glance.keyfile = None log_opt_values /usr/lib/python3/dist-packages/oslo_config/cfg.py:2609
2025-06-30 00:44:56.442 125337 DEBUG oslo_service.service [req-f6f925b3-24c5-47b8-9c53-df1bf2cb0588 - - - - -] glance.max_version = None log_opt_values /usr/lib/python3/dist-packages/oslo_config/cfg.py:2609
2025-06-30 00:44:56.442 125337 DEBUG oslo_service.service [req-f6f925b3-24c5-47b8-9c53-df1bf2cb0588 - - - - -] glance.min_version = None log_opt_values /usr/lib/python3/dist-packages/oslo_config/cfg.py:2609
2025-06-30 00:44:56.442 125337 DEBUG oslo_service.service [req-f6f925b3-24c5-47b8-9c53-df1bf2cb0588 - - - - -] glance.num_retries = 3 log_opt_values /usr/lib/python3/dist-packages/oslo_config/cfg.py:2609
2025-06-30 00:44:56.442 125337 DEBUG oslo_service.service [req-f6f925b3-24c5-47b8-9c53-df1bf2cb0588 - - - - -] glance.rbd_ceph_conf = log_opt_values /usr/lib/python3/dist-packages/oslo_config/cfg.py:2609
2025-06-30 00:44:56.443 125337 DEBUG oslo_service.service [req-f6f925b3-24c5-47b8-9c53-df1bf2cb0588 - - - - -] glance.rbd_connect_timeout = 5 log_opt_values /usr/lib/python3/dist-packages/oslo_config/cfg.py:2609
2025-06-30 00:44:56.443 125337 DEBUG oslo_service.service [req-f6f925b3-24c5-47b8-9c53-df1bf2cb0588 - - - - -] glance.rbd_pool = log_opt_values /usr/lib/python3/dist-packages/oslo_config/cfg.py:2609
2025-06-30 00:44:56.443 125337 DEBUG oslo_service.service [req-f6f925b3-24c5-47b8-9c53-df1bf2cb0588 - - - - -] glance.rbd_user = log_opt_values /usr/lib/python3/dist-packages/oslo_config/cfg.py:2609
2025-06-30 00:44:56.443 125337 DEBUG oslo_service.service [req-f6f925b3-24c5-47b8-9c53-df1bf2cb0588 - - - - -] glance.region_name = None log_opt_values /usr/lib/python3/dist-packages/oslo_config/cfg.py:2609
2025-06-30 00:44:56.443 125337 DEBUG oslo_service.service [req-f6f925b3-24c5-47b8-9c53-df1bf2cb0588 - - - - -] glance.service_name = None log_opt_values /usr/lib/python3/dist-packages/oslo_config/cfg.py:2609
2025-06-30 00:44:56.444 125337 DEBUG oslo_service.service [req-f6f925b3-24c5-47b8-9c53-df1bf2cb0588 - - - - -] glance.service_type = image log_opt_values /usr/lib/python3/dist-packages/oslo_config/cfg.py:2609
2025-06-30 00:44:56.444 125337 DEBUG oslo_service.service [req-f6f925b3-24c5-47b8-9c53-df1bf2cb0588 - - - - -] glance.split_loggers = False log_opt_values /usr/lib/python3/dist-packages/oslo_config/cfg.py:2609
2025-06-30 00:44:56.445 125337 DEBUG oslo_service.service [req-f6f925b3-24c5-47b8-9c53-df1bf2cb0588 - - - - -] glance.status_code_retries = None log_opt_values /usr/lib/python3/dist-packages/oslo_config/cfg.py:2609
2025-06-30 00:44:56.445 125337 DEBUG oslo_service.service [req-f6f925b3-24c5-47b8-9c53-df1bf2cb0588 - - - - -] glance.status_code_retry_delay = None log_opt_values /usr/lib/python3/dist-packages/oslo_config/cfg.py:2609
2025-06-30 00:44:56.445 125337 DEBUG oslo_service.service [req-f6f925b3-24c5-47b8-9c53-df1bf2cb0588 - - - - -] glance.timeout = None log_opt_values /usr/lib/python3/dist-packages/oslo_config/cfg.py:2609
2025-06-30 00:44:56.445 125337 DEBUG oslo_service.service [req-f6f925b3-24c5-47b8-9c53-df1bf2cb0588 - - - - -] glance.valid_interfaces = ['internal', 'public'] log_opt_values /usr/lib/python3/dist-packages/oslo_config/cfg.py:2609
2025-06-30 00:44:56.445 125337 DEBUG oslo_service.service [req-f6f925b3-24c5-47b8-9c53-df1bf2cb0588 - - - - -] glance.verify_glance_signatures = False log_opt_values /usr/lib/python3/dist-packages/oslo_config/cfg.py:2609
2025-06-30 00:44:56.446 125337 DEBUG oslo_service.service [req-f6f925b3-24c5-47b8-9c53-df1bf2cb0588 - - - - -] glance.version = None log_opt_values /usr/lib/python3/dist-packages/oslo_config/cfg.py:2609
2025-06-30 00:44:56.446 125337 DEBUG oslo_service.service [req-f6f925b3-24c5-47b8-9c53-df1bf2cb0588 - - - - -] guestfs.debug = False log_opt_values /usr/lib/python3/dist-packages/oslo_config/cfg.py:2609
2025-06-30 00:44:56.446 125337 DEBUG oslo_service.service [req-f6f925b3-24c5-47b8-9c53-df1bf2cb0588 - - - - -] hyperv.config_drive_cdrom = False log_opt_values /usr/lib/python3/dist-packages/oslo_config/cfg.py:2609
2025-06-30 00:44:56.446 125337 DEBUG oslo_service.service [req-f6f925b3-24c5-47b8-9c53-df1bf2cb0588 - - - - -] hyperv.config_drive_inject_password = False log_opt_values /usr/lib/python3/dist-packages/oslo_config/cfg.py:2609
2025-06-30 00:44:56.447 125337 DEBUG oslo_service.service [req-f6f925b3-24c5-47b8-9c53-df1bf2cb0588 - - - - -] hyperv.dynamic_memory_ratio = 1.0 log_opt_values /usr/lib/python3/dist-packages/oslo_config/cfg.py:2609
2025-06-30 00:44:56.447 125337 DEBUG oslo_service.service [req-f6f925b3-24c5-47b8-9c53-df1bf2cb0588 - - - - -] hyperv.enable_instance_metrics_collection = False log_opt_values /usr/lib/python3/dist-packages/oslo_config/cfg.py:2609
2025-06-30 00:44:56.447 126168 DEBUG oslo_messaging._drivers.amqpdriver [-] Listener is running poll /usr/lib/python3/dist-packages/oslo_messaging/_drivers/amqpdriver.py:343
2025-06-30 00:44:56.447 125337 DEBUG oslo_service.service [req-f6f925b3-24c5-47b8-9c53-df1bf2cb0588 - - - - -] hyperv.enable_remotefx = False log_opt_values /usr/lib/python3/dist-packages/oslo_config/cfg.py:2609
2025-06-30 00:44:56.448 125337 DEBUG oslo_service.service [req-f6f925b3-24c5-47b8-9c53-df1bf2cb0588 - - - - -] hyperv.instances_path_share = log_opt_values /usr/lib/python3/dist-packages/oslo_config/cfg.py:2609
2025-06-30 00:44:56.447 126168 DEBUG oslo_messaging._drivers.amqpdriver [-] AMQPListener connection consume poll /usr/lib/python3/dist-packages/oslo_messaging/_drivers/amqpdriver.py:357
2025-06-30 00:44:56.448 125337 DEBUG oslo_service.service [req-f6f925b3-24c5-47b8-9c53-df1bf2cb0588 - - - - -] hyperv.iscsi_initiator_list = [] log_opt_values /usr/lib/python3/dist-packages/oslo_config/cfg.py:2609
2025-06-30 00:44:56.448 125337 DEBUG oslo_service.service [req-f6f925b3-24c5-47b8-9c53-df1bf2cb0588 - - - - -] hyperv.limit_cpu_features = False log_opt_values /usr/lib/python3/dist-packages/oslo_config/cfg.py:2609
2025-06-30 00:44:56.448 126168 DEBUG nova.service [req-044aa85b-ec55-4a9a-a257-e724b2c88957 - - - - -] Join ServiceGroup membership for this service scheduler start /usr/lib/python3/dist-packages/nova/service.py:199
2025-06-30 00:44:56.448 125337 DEBUG oslo_service.service [req-f6f925b3-24c5-47b8-9c53-df1bf2cb0588 - - - - -] hyperv.mounted_disk_query_retry_count = 10 log_opt_values /usr/lib/python3/dist-packages/oslo_config/cfg.py:2609
2025-06-30 00:44:56.449 125337 DEBUG oslo_service.service [req-f6f925b3-24c5-47b8-9c53-df1bf2cb0588 - - - - -] hyperv.mounted_disk_query_retry_interval = 5 log_opt_values /usr/lib/python3/dist-packages/oslo_config/cfg.py:2609
2025-06-30 00:44:56.448 126168 DEBUG nova.servicegroup.drivers.db [req-044aa85b-ec55-4a9a-a257-e724b2c88957 - - - - -] DB_Driver: join new ServiceGroup member juju-36f194-0-lxd-7 to the scheduler group, service = join /usr/lib/python3/dist-packages/nova/servicegroup/drivers/db.py:44
2025-06-30 00:44:56.449 125337 DEBUG oslo_service.service [req-f6f925b3-24c5-47b8-9c53-df1bf2cb0588 - - - - -] hyperv.power_state_check_timeframe = 60 log_opt_values /usr/lib/python3/dist-packages/oslo_config/cfg.py:2609
2025-06-30 00:44:56.449 125337 DEBUG oslo_service.service [req-f6f925b3-24c5-47b8-9c53-df1bf2cb0588 - - - - -] hyperv.power_state_event_polling_interval = 2 log_opt_values /usr/lib/python3/dist-packages/oslo_config/cfg.py:2609
2025-06-30 00:44:56.449 125337 DEBUG oslo_service.service [req-f6f925b3-24c5-47b8-9c53-df1bf2cb0588 - - - - -] hyperv.qemu_img_cmd = qemu-img.exe log_opt_values /usr/lib/python3/dist-packages/oslo_config/cfg.py:2609
2025-06-30 00:44:56.450 125337 DEBUG oslo_service.service [req-f6f925b3-24c5-47b8-9c53-df1bf2cb0588 - - - - -] hyperv.use_multipath_io = False log_opt_values /usr/lib/python3/dist-packages/oslo_config/cfg.py:2609
2025-06-30 00:44:56.450 125337 DEBUG oslo_service.service [req-f6f925b3-24c5-47b8-9c53-df1bf2cb0588 - - - - -] hyperv.volume_attach_retry_count = 10 log_opt_values /usr/lib/python3/dist-packages/oslo_config/cfg.py:2609
2025-06-30 00:44:56.450 125337 DEBUG oslo_service.service [req-f6f925b3-24c5-47b8-9c53-df1bf2cb0588 - - - - -] hyperv.volume_attach_retry_interval = 5 log_opt_values /usr/lib/python3/dist-packages/oslo_config/cfg.py:2609
2025-06-30 00:44:56.450 125337 DEBUG oslo_service.service [req-f6f925b3-24c5-47b8-9c53-df1bf2cb0588 - - - - -] hyperv.vswitch_name = None log_opt_values /usr/lib/python3/dist-packages/oslo_config/cfg.py:2609
2025-06-30 00:44:56.450 125337 DEBUG oslo_service.service [req-f6f925b3-24c5-47b8-9c53-df1bf2cb0588 - - - - -] hyperv.wait_soft_reboot_seconds = 60 log_opt_values /usr/lib/python3/dist-packages/oslo_config/cfg.py:2609
2025-06-30 00:44:56.451 125337 DEBUG oslo_service.service [req-f6f925b3-24c5-47b8-9c53-df1bf2cb0588 - - - - -] mks.enabled = False log_opt_values /usr/lib/python3/dist-packages/oslo_config/cfg.py:2609
2025-06-30 00:44:56.452 125337 DEBUG oslo_service.service [req-f6f925b3-24c5-47b8-9c53-df1bf2cb0588 - - - - -] mks.mksproxy_base_url = http://127.0.0.1:6090/ log_opt_values /usr/lib/python3/dist-packages/oslo_config/cfg.py:2609
2025-06-30 00:44:56.452 126168 DEBUG oslo_messaging._drivers.amqpdriver [-] AMQPListener connection timeout poll /usr/lib/python3/dist-packages/oslo_messaging/_drivers/amqpdriver.py:360
2025-06-30 00:44:56.452 125337 DEBUG oslo_service.service [req-f6f925b3-24c5-47b8-9c53-df1bf2cb0588 - - - - -] image_cache.manager_interval = 2400 log_opt_values /usr/lib/python3/dist-packages/oslo_config/cfg.py:2609
2025-06-30 00:44:56.452 125337 DEBUG oslo_service.service [req-f6f925b3-24c5-47b8-9c53-df1bf2cb0588 - - - - -] image_cache.precache_concurrency = 1 log_opt_values /usr/lib/python3/dist-packages/oslo_config/cfg.py:2609
2025-06-30 00:44:56.452 125337 DEBUG oslo_service.service [req-f6f925b3-24c5-47b8-9c53-df1bf2cb0588 - - - - -] image_cache.remove_unused_base_images = True log_opt_values /usr/lib/python3/dist-packages/oslo_config/cfg.py:2609
2025-06-30 00:44:56.453 125337 DEBUG oslo_service.service [req-f6f925b3-24c5-47b8-9c53-df1bf2cb0588 - - - - -] image_cache.remove_unused_original_minimum_age_seconds = 86400 log_opt_values /usr/lib/python3/dist-packages/oslo_config/cfg.py:2609
2025-06-30 00:44:56.453 125337 DEBUG oslo_service.service [req-f6f925b3-24c5-47b8-9c53-df1bf2cb0588 - - - - -] image_cache.remove_unused_resized_minimum_age_seconds = 3600 log_opt_values /usr/lib/python3/dist-packages/oslo_config/cfg.py:2609
2025-06-30 00:44:56.452 126168 DEBUG oslo_messaging._drivers.amqpdriver [-] Listener is running poll /usr/lib/python3/dist-packages/oslo_messaging/_drivers/amqpdriver.py:343
2025-06-30 00:44:56.453 125337 DEBUG oslo_service.service [req-f6f925b3-24c5-47b8-9c53-df1bf2cb0588 - - - - -] image_cache.subdirectory_name = _base log_opt_values /usr/lib/python3/dist-packages/oslo_config/cfg.py:2609
2025-06-30 00:44:56.453 126168 DEBUG oslo_messaging._drivers.amqpdriver [-] AMQPListener connection consume poll /usr/lib/python3/dist-packages/oslo_messaging/_drivers/amqpdriver.py:357
2025-06-30 00:44:56.453 125337 DEBUG oslo_service.service [req-f6f925b3-24c5-47b8-9c53-df1bf2cb0588 - - - - -] ironic.api_max_retries = 60 log_opt_values /usr/lib/python3/dist-packages/oslo_config/cfg.py:2609
2025-06-30 00:44:56.453 125337 DEBUG oslo_service.service [req-f6f925b3-24c5-47b8-9c53-df1bf2cb0588 - - - - -] ironic.api_retry_interval = 2 log_opt_values /usr/lib/python3/dist-packages/oslo_config/cfg.py:2609
2025-06-30 00:44:56.454 125337 DEBUG oslo_service.service [req-f6f925b3-24c5-47b8-9c53-df1bf2cb0588 - - - - -] ironic.auth_section = None log_opt_values /usr/lib/python3/dist-packages/oslo_config/cfg.py:2609
2025-06-30 00:44:56.454 125337 DEBUG oslo_service.service [req-f6f925b3-24c5-47b8-9c53-df1bf2cb0588 - - - - -] ironic.auth_type = None log_opt_values /usr/lib/python3/dist-packages/oslo_config/cfg.py:2609
2025-06-30 00:44:56.454 125337 DEBUG oslo_service.service [req-f6f925b3-24c5-47b8-9c53-df1bf2cb0588 - - - - -] ironic.cafile = None log_opt_values /usr/lib/python3/dist-packages/oslo_config/cfg.py:2609
2025-06-30 00:44:56.454 125337 DEBUG oslo_service.service [req-f6f925b3-24c5-47b8-9c53-df1bf2cb0588 - - - - -] ironic.certfile = None log_opt_values /usr/lib/python3/dist-packages/oslo_config/cfg.py:2609
2025-06-30 00:44:56.454 125337 DEBUG oslo_service.service [req-f6f925b3-24c5-47b8-9c53-df1bf2cb0588 - - - - -] ironic.collect_timing = False log_opt_values /usr/lib/python3/dist-packages/oslo_config/cfg.py:2609
2025-06-30 00:44:56.454 125337 DEBUG oslo_service.service [req-f6f925b3-24c5-47b8-9c53-df1bf2cb0588 - - - - -] ironic.connect_retries = None log_opt_values /usr/lib/python3/dist-packages/oslo_config/cfg.py:2609
2025-06-30 00:44:56.455 125337 DEBUG oslo_service.service [req-f6f925b3-24c5-47b8-9c53-df1bf2cb0588 - - - - -] ironic.connect_retry_delay = None log_opt_values /usr/lib/python3/dist-packages/oslo_config/cfg.py:2609
2025-06-30 00:44:56.455 125337 DEBUG oslo_service.service [req-f6f925b3-24c5-47b8-9c53-df1bf2cb0588 - - - - -] ironic.endpoint_override = None log_opt_values /usr/lib/python3/dist-packages/oslo_config/cfg.py:2609
2025-06-30 00:44:56.457 125337 DEBUG oslo_service.service [req-f6f925b3-24c5-47b8-9c53-df1bf2cb0588 - - - - -] ironic.insecure = False log_opt_values /usr/lib/python3/dist-packages/oslo_config/cfg.py:2609
2025-06-30 00:44:56.458 125337 DEBUG oslo_service.service [req-f6f925b3-24c5-47b8-9c53-df1bf2cb0588 - - - - -] ironic.keyfile = None log_opt_values /usr/lib/python3/dist-packages/oslo_config/cfg.py:2609
2025-06-30 00:44:56.458 125337 DEBUG oslo_service.service [req-f6f925b3-24c5-47b8-9c53-df1bf2cb0588 - - - - -] ironic.max_version = None log_opt_values /usr/lib/python3/dist-packages/oslo_config/cfg.py:2609
2025-06-30 00:44:56.458 125337 DEBUG oslo_service.service [req-f6f925b3-24c5-47b8-9c53-df1bf2cb0588 - - - - -] ironic.min_version = None log_opt_values /usr/lib/python3/dist-packages/oslo_config/cfg.py:2609
2025-06-30 00:44:56.458 125337 DEBUG oslo_service.service [req-f6f925b3-24c5-47b8-9c53-df1bf2cb0588 - - - - -] ironic.partition_key = None log_opt_values /usr/lib/python3/dist-packages/oslo_config/cfg.py:2609
2025-06-30 00:44:56.458 125337 DEBUG oslo_service.service [req-f6f925b3-24c5-47b8-9c53-df1bf2cb0588 - - - - -] ironic.peer_list = [] log_opt_values /usr/lib/python3/dist-packages/oslo_config/cfg.py:2609
2025-06-30 00:44:56.459 125337 DEBUG oslo_service.service [req-f6f925b3-24c5-47b8-9c53-df1bf2cb0588 - - - - -] ironic.region_name = None log_opt_values /usr/lib/python3/dist-packages/oslo_config/cfg.py:2609
2025-06-30 00:44:56.459 125337 DEBUG oslo_service.service [req-f6f925b3-24c5-47b8-9c53-df1bf2cb0588 - - - - -] ironic.serial_console_state_timeout = 10 log_opt_values /usr/lib/python3/dist-packages/oslo_config/cfg.py:2609
2025-06-30 00:44:56.459 125337 DEBUG oslo_service.service [req-f6f925b3-24c5-47b8-9c53-df1bf2cb0588 - - - - -] ironic.service_name = None log_opt_values /usr/lib/python3/dist-packages/oslo_config/cfg.py:2609
2025-06-30 00:44:56.459 125337 DEBUG oslo_service.service [req-f6f925b3-24c5-47b8-9c53-df1bf2cb0588 - - - - -] ironic.service_type = baremetal log_opt_values /usr/lib/python3/dist-packages/oslo_config/cfg.py:2609
2025-06-30 00:44:56.459 125337 DEBUG oslo_service.service [req-f6f925b3-24c5-47b8-9c53-df1bf2cb0588 - - - - -] ironic.split_loggers = False log_opt_values /usr/lib/python3/dist-packages/oslo_config/cfg.py:2609
2025-06-30 00:44:56.460 125337 DEBUG oslo_service.service [req-f6f925b3-24c5-47b8-9c53-df1bf2cb0588 - - - - -] ironic.status_code_retries = None log_opt_values /usr/lib/python3/dist-packages/oslo_config/cfg.py:2609
2025-06-30 00:44:56.460 125337 DEBUG oslo_service.service [req-f6f925b3-24c5-47b8-9c53-df1bf2cb0588 - - - - -] ironic.status_code_retry_delay = None log_opt_values /usr/lib/python3/dist-packages/oslo_config/cfg.py:2609
2025-06-30 00:44:56.461 125337 DEBUG oslo_service.service [req-f6f925b3-24c5-47b8-9c53-df1bf2cb0588 - - - - -] ironic.timeout = None log_opt_values /usr/lib/python3/dist-packages/oslo_config/cfg.py:2609
2025-06-30 00:44:56.461 125337 DEBUG oslo_service.service [req-f6f925b3-24c5-47b8-9c53-df1bf2cb0588 - - - - -] ironic.valid_interfaces = ['internal', 'public'] log_opt_values /usr/lib/python3/dist-packages/oslo_config/cfg.py:2609
2025-06-30 00:44:56.462 125337 DEBUG oslo_service.service [req-f6f925b3-24c5-47b8-9c53-df1bf2cb0588 - - - - -] ironic.version = None log_opt_values /usr/lib/python3/dist-packages/oslo_config/cfg.py:2609
2025-06-30 00:44:56.462 125337 DEBUG oslo_service.service [req-f6f925b3-24c5-47b8-9c53-df1bf2cb0588 - - - - -] key_manager.backend = barbican log_opt_values /usr/lib/python3/dist-packages/oslo_config/cfg.py:2609
2025-06-30 00:44:56.463 125337 DEBUG oslo_service.service [req-f6f925b3-24c5-47b8-9c53-df1bf2cb0588 - - - - -] key_manager.fixed_key = **** log_opt_values /usr/lib/python3/dist-packages/oslo_config/cfg.py:2609
2025-06-30 00:44:56.464 125337 DEBUG oslo_service.service [req-f6f925b3-24c5-47b8-9c53-df1bf2cb0588 - - - - -] barbican.auth_endpoint = http://localhost/identity/v3 log_opt_values /usr/lib/python3/dist-packages/oslo_config/cfg.py:2609
2025-06-30 00:44:56.466 125337 DEBUG oslo_service.service [req-f6f925b3-24c5-47b8-9c53-df1bf2cb0588 - - - - -] barbican.barbican_api_version = None log_opt_values /usr/lib/python3/dist-packages/oslo_config/cfg.py:2609
2025-06-30 00:44:56.467 125337 DEBUG oslo_service.service [req-f6f925b3-24c5-47b8-9c53-df1bf2cb0588 - - - - -] barbican.barbican_endpoint = None log_opt_values /usr/lib/python3/dist-packages/oslo_config/cfg.py:2609
2025-06-30 00:44:56.467 125337 DEBUG oslo_service.service [req-f6f925b3-24c5-47b8-9c53-df1bf2cb0588 - - - - -] barbican.barbican_endpoint_type = public log_opt_values /usr/lib/python3/dist-packages/oslo_config/cfg.py:2609
2025-06-30 00:44:56.467 125337 DEBUG oslo_service.service [req-f6f925b3-24c5-47b8-9c53-df1bf2cb0588 - - - - -] barbican.barbican_region_name = None log_opt_values /usr/lib/python3/dist-packages/oslo_config/cfg.py:2609
2025-06-30 00:44:56.467 125337 DEBUG oslo_service.service [req-f6f925b3-24c5-47b8-9c53-df1bf2cb0588 - - - - -] barbican.cafile = None log_opt_values /usr/lib/python3/dist-packages/oslo_config/cfg.py:2609
2025-06-30 00:44:56.467 125337 DEBUG oslo_service.service [req-f6f925b3-24c5-47b8-9c53-df1bf2cb0588 - - - - -] barbican.certfile = None log_opt_values /usr/lib/python3/dist-packages/oslo_config/cfg.py:2609
2025-06-30 00:44:56.467 126167 DEBUG oslo_messaging._drivers.amqpdriver [-] Listener is running poll /usr/lib/python3/dist-packages/oslo_messaging/_drivers/amqpdriver.py:343
2025-06-30 00:44:56.468 125337 DEBUG oslo_service.service [req-f6f925b3-24c5-47b8-9c53-df1bf2cb0588 - - - - -] barbican.collect_timing = False log_opt_values /usr/lib/python3/dist-packages/oslo_config/cfg.py:2609
2025-06-30 00:44:56.468 126167 DEBUG oslo_messaging._drivers.amqpdriver [-] AMQPListener connection consume poll /usr/lib/python3/dist-packages/oslo_messaging/_drivers/amqpdriver.py:357
2025-06-30 00:44:56.468 125337 DEBUG oslo_service.service [req-f6f925b3-24c5-47b8-9c53-df1bf2cb0588 - - - - -] barbican.insecure = False log_opt_values /usr/lib/python3/dist-packages/oslo_config/cfg.py:2609
2025-06-30 00:44:56.468 125337 DEBUG oslo_service.service [req-f6f925b3-24c5-47b8-9c53-df1bf2cb0588 - - - - -] barbican.keyfile = None log_opt_values /usr/lib/python3/dist-packages/oslo_config/cfg.py:2609
2025-06-30 00:44:56.467 126166 DEBUG oslo_messaging._drivers.amqpdriver [-] Listener is running poll /usr/lib/python3/dist-packages/oslo_messaging/_drivers/amqpdriver.py:343
2025-06-30 00:44:56.468 125337 DEBUG oslo_service.service [req-f6f925b3-24c5-47b8-9c53-df1bf2cb0588 - - - - -] barbican.number_of_retries = 60 log_opt_values /usr/lib/python3/dist-packages/oslo_config/cfg.py:2609
2025-06-30 00:44:56.468 126166 DEBUG oslo_messaging._drivers.amqpdriver [-] AMQPListener connection consume poll /usr/lib/python3/dist-packages/oslo_messaging/_drivers/amqpdriver.py:357
2025-06-30 00:44:56.468 125337 DEBUG oslo_service.service [req-f6f925b3-24c5-47b8-9c53-df1bf2cb0588 - - - - -] barbican.retry_delay = 1 log_opt_values /usr/lib/python3/dist-packages/oslo_config/cfg.py:2609
2025-06-30 00:44:56.468 125337 DEBUG oslo_service.service [req-f6f925b3-24c5-47b8-9c53-df1bf2cb0588 - - - - -] barbican.send_service_user_token = False log_opt_values /usr/lib/python3/dist-packages/oslo_config/cfg.py:2609
2025-06-30 00:44:56.469 125337 DEBUG oslo_service.service [req-f6f925b3-24c5-47b8-9c53-df1bf2cb0588 - - - - -] barbican.split_loggers = False log_opt_values /usr/lib/python3/dist-packages/oslo_config/cfg.py:2609
2025-06-30 00:44:56.469 125337 DEBUG oslo_service.service [req-f6f925b3-24c5-47b8-9c53-df1bf2cb0588 - - - - -] barbican.timeout = None log_opt_values /usr/lib/python3/dist-packages/oslo_config/cfg.py:2609
2025-06-30 00:44:56.469 126167 DEBUG nova.service [req-2382dee9-c594-46d7-bf98-1c042dca0ad8 - - - - -] Join ServiceGroup membership for this service scheduler start /usr/lib/python3/dist-packages/nova/service.py:199
2025-06-30 00:44:56.469 125337 DEBUG oslo_service.service [req-f6f925b3-24c5-47b8-9c53-df1bf2cb0588 - - - - -] barbican.verify_ssl = True log_opt_values /usr/lib/python3/dist-packages/oslo_config/cfg.py:2609
2025-06-30 00:44:56.469 126167 DEBUG nova.servicegroup.drivers.db [req-2382dee9-c594-46d7-bf98-1c042dca0ad8 - - - - -] DB_Driver: join new ServiceGroup member juju-36f194-0-lxd-7 to the scheduler group, service = join /usr/lib/python3/dist-packages/nova/servicegroup/drivers/db.py:44
2025-06-30 00:44:56.469 126165 DEBUG nova.service [req-bd27ee28-81f2-45af-8b4a-83ab14214e3d - - - - -] Creating RPC server for service scheduler start /usr/lib/python3/dist-packages/nova/service.py:182
2025-06-30 00:44:56.470 125337 DEBUG oslo_service.service [req-f6f925b3-24c5-47b8-9c53-df1bf2cb0588 - - - - -] barbican.verify_ssl_path = None log_opt_values /usr/lib/python3/dist-packages/oslo_config/cfg.py:2609
2025-06-30 00:44:56.470 125337 DEBUG oslo_service.service [req-f6f925b3-24c5-47b8-9c53-df1bf2cb0588 - - - - -] barbican_service_user.auth_section = None log_opt_values /usr/lib/python3/dist-packages/oslo_config/cfg.py:2609
2025-06-30 00:44:56.470 126166 DEBUG nova.service [req-c9ca951c-81b8-45b3-b8b1-d1e4da0d7e4a - - - - -] Join ServiceGroup membership for this service scheduler start /usr/lib/python3/dist-packages/nova/service.py:199
2025-06-30 00:44:56.470 125337 DEBUG oslo_service.service [req-f6f925b3-24c5-47b8-9c53-df1bf2cb0588 - - - - -] barbican_service_user.auth_type = None log_opt_values /usr/lib/python3/dist-packages/oslo_config/cfg.py:2609
2025-06-30 00:44:56.471 126166 DEBUG nova.servicegroup.drivers.db [req-c9ca951c-81b8-45b3-b8b1-d1e4da0d7e4a - - - - -] DB_Driver: join new ServiceGroup member juju-36f194-0-lxd-7 to the scheduler group, service = join /usr/lib/python3/dist-packages/nova/servicegroup/drivers/db.py:44
2025-06-30 00:44:56.471 125337 DEBUG oslo_service.service [req-f6f925b3-24c5-47b8-9c53-df1bf2cb0588 - - - - -] barbican_service_user.cafile = None log_opt_values /usr/lib/python3/dist-packages/oslo_config/cfg.py:2609
2025-06-30 00:44:56.471 125337 DEBUG oslo_service.service [req-f6f925b3-24c5-47b8-9c53-df1bf2cb0588 - - - - -] barbican_service_user.certfile = None log_opt_values /usr/lib/python3/dist-packages/oslo_config/cfg.py:2609
2025-06-30 00:44:56.471 125337 DEBUG oslo_service.service [req-f6f925b3-24c5-47b8-9c53-df1bf2cb0588 - - - - -] barbican_service_user.collect_timing = False log_opt_values /usr/lib/python3/dist-packages/oslo_config/cfg.py:2609
2025-06-30 00:44:56.471 125337 DEBUG oslo_service.service [req-f6f925b3-24c5-47b8-9c53-df1bf2cb0588 - - - - -] barbican_service_user.insecure = False log_opt_values /usr/lib/python3/dist-packages/oslo_config/cfg.py:2609
2025-06-30 00:44:56.471 125337 DEBUG oslo_service.service [req-f6f925b3-24c5-47b8-9c53-df1bf2cb0588 - - - - -] barbican_service_user.keyfile = None log_opt_values /usr/lib/python3/dist-packages/oslo_config/cfg.py:2609
2025-06-30 00:44:56.472 125337 DEBUG oslo_service.service [req-f6f925b3-24c5-47b8-9c53-df1bf2cb0588 - - - - -] barbican_service_user.split_loggers = False log_opt_values /usr/lib/python3/dist-packages/oslo_config/cfg.py:2609
2025-06-30 00:44:56.472 125337 DEBUG oslo_service.service [req-f6f925b3-24c5-47b8-9c53-df1bf2cb0588 - - - - -] barbican_service_user.timeout = None log_opt_values /usr/lib/python3/dist-packages/oslo_config/cfg.py:2609
2025-06-30 00:44:56.472 125337 DEBUG oslo_service.service [req-f6f925b3-24c5-47b8-9c53-df1bf2cb0588 - - - - -] vault.approle_role_id = None log_opt_values /usr/lib/python3/dist-packages/oslo_config/cfg.py:2609
2025-06-30 00:44:56.472 125337 DEBUG oslo_service.service [req-f6f925b3-24c5-47b8-9c53-df1bf2cb0588 - - - - -] vault.approle_secret_id = None log_opt_values /usr/lib/python3/dist-packages/oslo_config/cfg.py:2609
2025-06-30 00:44:56.472 125337 DEBUG oslo_service.service [req-f6f925b3-24c5-47b8-9c53-df1bf2cb0588 - - - - -] vault.cafile = None log_opt_values /usr/lib/python3/dist-packages/oslo_config/cfg.py:2609
2025-06-30 00:44:56.472 125337 DEBUG oslo_service.service [req-f6f925b3-24c5-47b8-9c53-df1bf2cb0588 - - - - -] vault.certfile = None log_opt_values /usr/lib/python3/dist-packages/oslo_config/cfg.py:2609
2025-06-30 00:44:56.472 126167 DEBUG oslo_messaging._drivers.amqpdriver [-] AMQPListener connection timeout poll /usr/lib/python3/dist-packages/oslo_messaging/_drivers/amqpdriver.py:360
2025-06-30 00:44:56.473 125337 DEBUG oslo_service.service [req-f6f925b3-24c5-47b8-9c53-df1bf2cb0588 - - - - -] vault.collect_timing = False log_opt_values /usr/lib/python3/dist-packages/oslo_config/cfg.py:2609
2025-06-30 00:44:56.473 126167 DEBUG oslo_messaging._drivers.amqpdriver [-] Listener is running poll /usr/lib/python3/dist-packages/oslo_messaging/_drivers/amqpdriver.py:343
2025-06-30 00:44:56.473 126167 DEBUG oslo_messaging._drivers.amqpdriver [-] AMQPListener connection consume poll /usr/lib/python3/dist-packages/oslo_messaging/_drivers/amqpdriver.py:357
2025-06-30 00:44:56.473 125337 DEBUG oslo_service.service [req-f6f925b3-24c5-47b8-9c53-df1bf2cb0588 - - - - -] vault.insecure = False log_opt_values /usr/lib/python3/dist-packages/oslo_config/cfg.py:2609
2025-06-30 00:44:56.473 125337 DEBUG oslo_service.service [req-f6f925b3-24c5-47b8-9c53-df1bf2cb0588 - - - - -] vault.keyfile = None log_opt_values /usr/lib/python3/dist-packages/oslo_config/cfg.py:2609
2025-06-30 00:44:56.473 125337 DEBUG oslo_service.service [req-f6f925b3-24c5-47b8-9c53-df1bf2cb0588 - - - - -] vault.kv_mountpoint = secret log_opt_values /usr/lib/python3/dist-packages/oslo_config/cfg.py:2609
2025-06-30 00:44:56.473 125337 DEBUG oslo_service.service [req-f6f925b3-24c5-47b8-9c53-df1bf2cb0588 - - - - -] vault.kv_version = 2 log_opt_values /usr/lib/python3/dist-packages/oslo_config/cfg.py:2609
2025-06-30 00:44:56.473 126166 DEBUG oslo_messaging._drivers.amqpdriver [-] AMQPListener connection timeout poll /usr/lib/python3/dist-packages/oslo_messaging/_drivers/amqpdriver.py:360
2025-06-30 00:44:56.473 125337 DEBUG oslo_service.service [req-f6f925b3-24c5-47b8-9c53-df1bf2cb0588 - - - - -] vault.namespace = None log_opt_values /usr/lib/python3/dist-packages/oslo_config/cfg.py:2609
2025-06-30 00:44:56.473 126166 DEBUG oslo_messaging._drivers.amqpdriver [-] Listener is running poll /usr/lib/python3/dist-packages/oslo_messaging/_drivers/amqpdriver.py:343
2025-06-30 00:44:56.473 126166 DEBUG oslo_messaging._drivers.amqpdriver [-] AMQPListener connection consume poll /usr/lib/python3/dist-packages/oslo_messaging/_drivers/amqpdriver.py:357
2025-06-30 00:44:56.474 125337 DEBUG oslo_service.service [req-f6f925b3-24c5-47b8-9c53-df1bf2cb0588 - - - - -] vault.root_token_id = None log_opt_values /usr/lib/python3/dist-packages/oslo_config/cfg.py:2609
2025-06-30 00:44:56.474 125337 DEBUG oslo_service.service [req-f6f925b3-24c5-47b8-9c53-df1bf2cb0588 - - - - -] vault.split_loggers = False log_opt_values /usr/lib/python3/dist-packages/oslo_config/cfg.py:2609
2025-06-30 00:44:56.474 125337 DEBUG oslo_service.service [req-f6f925b3-24c5-47b8-9c53-df1bf2cb0588 - - - - -] vault.ssl_ca_crt_file = None log_opt_values /usr/lib/python3/dist-packages/oslo_config/cfg.py:2609
2025-06-30 00:44:56.474 125337 DEBUG oslo_service.service [req-f6f925b3-24c5-47b8-9c53-df1bf2cb0588 - - - - -] vault.timeout = None log_opt_values /usr/lib/python3/dist-packages/oslo_config/cfg.py:2609
2025-06-30 00:44:56.474 125337 DEBUG oslo_service.service [req-f6f925b3-24c5-47b8-9c53-df1bf2cb0588 - - - - -] vault.use_ssl = False log_opt_values /usr/lib/python3/dist-packages/oslo_config/cfg.py:2609
2025-06-30 00:44:56.474 125337 DEBUG oslo_service.service [req-f6f925b3-24c5-47b8-9c53-df1bf2cb0588 - - - - -] vault.vault_url = http://127.0.0.1:8200 log_opt_values /usr/lib/python3/dist-packages/oslo_config/cfg.py:2609
2025-06-30 00:44:56.474 125337 DEBUG oslo_service.service [req-f6f925b3-24c5-47b8-9c53-df1bf2cb0588 - - - - -] keystone.cafile = None log_opt_values /usr/lib/python3/dist-packages/oslo_config/cfg.py:2609
2025-06-30 00:44:56.475 125337 DEBUG oslo_service.service [req-f6f925b3-24c5-47b8-9c53-df1bf2cb0588 - - - - -] keystone.certfile = None log_opt_values /usr/lib/python3/dist-packages/oslo_config/cfg.py:2609
2025-06-30 00:44:56.475 125337 DEBUG oslo_service.service [req-f6f925b3-24c5-47b8-9c53-df1bf2cb0588 - - - - -] keystone.collect_timing = False log_opt_values /usr/lib/python3/dist-packages/oslo_config/cfg.py:2609
2025-06-30 00:44:56.475 125337 DEBUG oslo_service.service [req-f6f925b3-24c5-47b8-9c53-df1bf2cb0588 - - - - -] keystone.connect_retries = None log_opt_values /usr/lib/python3/dist-packages/oslo_config/cfg.py:2609
2025-06-30 00:44:56.475 125337 DEBUG oslo_service.service [req-f6f925b3-24c5-47b8-9c53-df1bf2cb0588 - - - - -] keystone.connect_retry_delay = None log_opt_values /usr/lib/python3/dist-packages/oslo_config/cfg.py:2609
2025-06-30 00:44:56.475 125337 DEBUG oslo_service.service [req-f6f925b3-24c5-47b8-9c53-df1bf2cb0588 - - - - -] keystone.endpoint_override = None log_opt_values /usr/lib/python3/dist-packages/oslo_config/cfg.py:2609
2025-06-30 00:44:56.475 125337 DEBUG oslo_service.service [req-f6f925b3-24c5-47b8-9c53-df1bf2cb0588 - - - - -] keystone.insecure = False log_opt_values /usr/lib/python3/dist-packages/oslo_config/cfg.py:2609
2025-06-30 00:44:56.476 125337 DEBUG oslo_service.service [req-f6f925b3-24c5-47b8-9c53-df1bf2cb0588 - - - - -] keystone.keyfile = None log_opt_values /usr/lib/python3/dist-packages/oslo_config/cfg.py:2609
2025-06-30 00:44:56.476 125337 DEBUG oslo_service.service [req-f6f925b3-24c5-47b8-9c53-df1bf2cb0588 - - - - -] keystone.max_version = None log_opt_values /usr/lib/python3/dist-packages/oslo_config/cfg.py:2609
2025-06-30 00:44:56.476 125337 DEBUG oslo_service.service [req-f6f925b3-24c5-47b8-9c53-df1bf2cb0588 - - - - -] keystone.min_version = None log_opt_values /usr/lib/python3/dist-packages/oslo_config/cfg.py:2609
2025-06-30 00:44:56.476 125337 DEBUG oslo_service.service [req-f6f925b3-24c5-47b8-9c53-df1bf2cb0588 - - - - -] keystone.region_name = None log_opt_values /usr/lib/python3/dist-packages/oslo_config/cfg.py:2609
2025-06-30 00:44:56.476 125337 DEBUG oslo_service.service [req-f6f925b3-24c5-47b8-9c53-df1bf2cb0588 - - - - -] keystone.service_name = None log_opt_values /usr/lib/python3/dist-packages/oslo_config/cfg.py:2609
2025-06-30 00:44:56.476 125337 DEBUG oslo_service.service [req-f6f925b3-24c5-47b8-9c53-df1bf2cb0588 - - - - -] keystone.service_type = identity log_opt_values /usr/lib/python3/dist-packages/oslo_config/cfg.py:2609
2025-06-30 00:44:56.476 125337 DEBUG oslo_service.service [req-f6f925b3-24c5-47b8-9c53-df1bf2cb0588 - - - - -] keystone.split_loggers = False log_opt_values /usr/lib/python3/dist-packages/oslo_config/cfg.py:2609
2025-06-30 00:44:56.477 125337 DEBUG oslo_service.service [req-f6f925b3-24c5-47b8-9c53-df1bf2cb0588 - - - - -] keystone.status_code_retries = None log_opt_values /usr/lib/python3/dist-packages/oslo_config/cfg.py:2609
2025-06-30 00:44:56.477 125337 DEBUG oslo_service.service [req-f6f925b3-24c5-47b8-9c53-df1bf2cb0588 - - - - -] keystone.status_code_retry_delay = None log_opt_values /usr/lib/python3/dist-packages/oslo_config/cfg.py:2609
2025-06-30 00:44:56.477 125337 DEBUG oslo_service.service [req-f6f925b3-24c5-47b8-9c53-df1bf2cb0588 - - - - -] keystone.timeout = None log_opt_values /usr/lib/python3/dist-packages/oslo_config/cfg.py:2609
2025-06-30 00:44:56.477 125337 DEBUG oslo_service.service [req-f6f925b3-24c5-47b8-9c53-df1bf2cb0588 - - - - -] keystone.valid_interfaces = ['internal', 'public'] log_opt_values /usr/lib/python3/dist-packages/oslo_config/cfg.py:2609
2025-06-30 00:44:56.477 125337 DEBUG oslo_service.service [req-f6f925b3-24c5-47b8-9c53-df1bf2cb0588 - - - - -] keystone.version = None log_opt_values /usr/lib/python3/dist-packages/oslo_config/cfg.py:2609
2025-06-30 00:44:56.478 125337 DEBUG oslo_service.service [req-f6f925b3-24c5-47b8-9c53-df1bf2cb0588 - - - - -] libvirt.connection_uri = log_opt_values /usr/lib/python3/dist-packages/oslo_config/cfg.py:2609
2025-06-30 00:44:56.478 125337 DEBUG oslo_service.service [req-f6f925b3-24c5-47b8-9c53-df1bf2cb0588 - - - - -] libvirt.cpu_mode = None log_opt_values /usr/lib/python3/dist-packages/oslo_config/cfg.py:2609
2025-06-30 00:44:56.478 125337 DEBUG oslo_service.service [req-f6f925b3-24c5-47b8-9c53-df1bf2cb0588 - - - - -] libvirt.cpu_model_extra_flags = [] log_opt_values /usr/lib/python3/dist-packages/oslo_config/cfg.py:2609
2025-06-30 00:44:56.478 125337 DEBUG oslo_service.service [req-f6f925b3-24c5-47b8-9c53-df1bf2cb0588 - - - - -] libvirt.cpu_models = [] log_opt_values /usr/lib/python3/dist-packages/oslo_config/cfg.py:2609
2025-06-30 00:44:56.478 125337 DEBUG oslo_service.service [req-f6f925b3-24c5-47b8-9c53-df1bf2cb0588 - - - - -] libvirt.device_detach_attempts = 8 log_opt_values /usr/lib/python3/dist-packages/oslo_config/cfg.py:2609
2025-06-30 00:44:56.478 125337 DEBUG oslo_service.service [req-f6f925b3-24c5-47b8-9c53-df1bf2cb0588 - - - - -] libvirt.device_detach_timeout = 20 log_opt_values /usr/lib/python3/dist-packages/oslo_config/cfg.py:2609
2025-06-30 00:44:56.478 125337 DEBUG oslo_service.service [req-f6f925b3-24c5-47b8-9c53-df1bf2cb0588 - - - - -] libvirt.disk_cachemodes = [] log_opt_values /usr/lib/python3/dist-packages/oslo_config/cfg.py:2609
2025-06-30 00:44:56.479 125337 DEBUG oslo_service.service [req-f6f925b3-24c5-47b8-9c53-df1bf2cb0588 - - - - -] libvirt.disk_prefix = None log_opt_values /usr/lib/python3/dist-packages/oslo_config/cfg.py:2609
2025-06-30 00:44:56.479 125337 DEBUG oslo_service.service [req-f6f925b3-24c5-47b8-9c53-df1bf2cb0588 - - - - -] libvirt.enabled_perf_events = [] log_opt_values /usr/lib/python3/dist-packages/oslo_config/cfg.py:2609
2025-06-30 00:44:56.479 125337 DEBUG oslo_service.service [req-f6f925b3-24c5-47b8-9c53-df1bf2cb0588 - - - - -] libvirt.file_backed_memory = 0 log_opt_values /usr/lib/python3/dist-packages/oslo_config/cfg.py:2609
2025-06-30 00:44:56.479 125337 DEBUG oslo_service.service [req-f6f925b3-24c5-47b8-9c53-df1bf2cb0588 - - - - -] libvirt.gid_maps = [] log_opt_values /usr/lib/python3/dist-packages/oslo_config/cfg.py:2609
2025-06-30 00:44:56.479 125337 DEBUG oslo_service.service [req-f6f925b3-24c5-47b8-9c53-df1bf2cb0588 - - - - -] libvirt.hw_disk_discard = None log_opt_values /usr/lib/python3/dist-packages/oslo_config/cfg.py:2609
2025-06-30 00:44:56.480 125337 DEBUG oslo_service.service [req-f6f925b3-24c5-47b8-9c53-df1bf2cb0588 - - - - -] libvirt.hw_machine_type = None log_opt_values /usr/lib/python3/dist-packages/oslo_config/cfg.py:2609
2025-06-30 00:44:56.480 125337 DEBUG oslo_service.service [req-f6f925b3-24c5-47b8-9c53-df1bf2cb0588 - - - - -] libvirt.images_rbd_ceph_conf = log_opt_values /usr/lib/python3/dist-packages/oslo_config/cfg.py:2609
2025-06-30 00:44:56.480 125337 DEBUG oslo_service.service [req-f6f925b3-24c5-47b8-9c53-df1bf2cb0588 - - - - -] libvirt.images_rbd_glance_copy_poll_interval = 15 log_opt_values /usr/lib/python3/dist-packages/oslo_config/cfg.py:2609
2025-06-30 00:44:56.480 125337 DEBUG oslo_service.service [req-f6f925b3-24c5-47b8-9c53-df1bf2cb0588 - - - - -] libvirt.images_rbd_glance_copy_timeout = 600 log_opt_values /usr/lib/python3/dist-packages/oslo_config/cfg.py:2609
2025-06-30 00:44:56.480 125337 DEBUG oslo_service.service [req-f6f925b3-24c5-47b8-9c53-df1bf2cb0588 - - - - -] libvirt.images_rbd_glance_store_name = log_opt_values /usr/lib/python3/dist-packages/oslo_config/cfg.py:2609
2025-06-30 00:44:56.480 125337 DEBUG oslo_service.service [req-f6f925b3-24c5-47b8-9c53-df1bf2cb0588 - - - - -] libvirt.images_rbd_pool = rbd log_opt_values /usr/lib/python3/dist-packages/oslo_config/cfg.py:2609
2025-06-30 00:44:56.481 125337 DEBUG oslo_service.service [req-f6f925b3-24c5-47b8-9c53-df1bf2cb0588 - - - - -] libvirt.images_type = default log_opt_values /usr/lib/python3/dist-packages/oslo_config/cfg.py:2609
2025-06-30 00:44:56.481 125337 DEBUG oslo_service.service [req-f6f925b3-24c5-47b8-9c53-df1bf2cb0588 - - - - -] libvirt.images_volume_group = None log_opt_values /usr/lib/python3/dist-packages/oslo_config/cfg.py:2609
2025-06-30 00:44:56.481 125337 DEBUG oslo_service.service [req-f6f925b3-24c5-47b8-9c53-df1bf2cb0588 - - - - -] libvirt.inject_key = False log_opt_values /usr/lib/python3/dist-packages/oslo_config/cfg.py:2609
2025-06-30 00:44:56.481 125337 DEBUG oslo_service.service [req-f6f925b3-24c5-47b8-9c53-df1bf2cb0588 - - - - -] libvirt.inject_partition = -2 log_opt_values /usr/lib/python3/dist-packages/oslo_config/cfg.py:2609
2025-06-30 00:44:56.481 125337 DEBUG oslo_service.service [req-f6f925b3-24c5-47b8-9c53-df1bf2cb0588 - - - - -] libvirt.inject_password = False log_opt_values /usr/lib/python3/dist-packages/oslo_config/cfg.py:2609
2025-06-30 00:44:56.481 125337 DEBUG oslo_service.service [req-f6f925b3-24c5-47b8-9c53-df1bf2cb0588 - - - - -] libvirt.iscsi_iface = None log_opt_values /usr/lib/python3/dist-packages/oslo_config/cfg.py:2609
2025-06-30 00:44:56.482 125337 DEBUG oslo_service.service [req-f6f925b3-24c5-47b8-9c53-df1bf2cb0588 - - - - -] libvirt.iser_use_multipath = False log_opt_values /usr/lib/python3/dist-packages/oslo_config/cfg.py:2609
2025-06-30 00:44:56.482 125337 DEBUG oslo_service.service [req-f6f925b3-24c5-47b8-9c53-df1bf2cb0588 - - - - -] libvirt.live_migration_bandwidth = 0 log_opt_values /usr/lib/python3/dist-packages/oslo_config/cfg.py:2609
2025-06-30 00:44:56.482 125337 DEBUG oslo_service.service [req-f6f925b3-24c5-47b8-9c53-df1bf2cb0588 - - - - -] libvirt.live_migration_completion_timeout = 800 log_opt_values /usr/lib/python3/dist-packages/oslo_config/cfg.py:2609
2025-06-30 00:44:56.483 125337 DEBUG oslo_service.service [req-f6f925b3-24c5-47b8-9c53-df1bf2cb0588 - - - - -] libvirt.live_migration_downtime = 500 log_opt_values /usr/lib/python3/dist-packages/oslo_config/cfg.py:2609
2025-06-30 00:44:56.484 125337 DEBUG oslo_service.service [req-f6f925b3-24c5-47b8-9c53-df1bf2cb0588 - - - - -] libvirt.live_migration_downtime_delay = 75 log_opt_values /usr/lib/python3/dist-packages/oslo_config/cfg.py:2609
2025-06-30 00:44:56.484 125337 DEBUG oslo_service.service [req-f6f925b3-24c5-47b8-9c53-df1bf2cb0588 - - - - -] libvirt.live_migration_downtime_steps = 10 log_opt_values /usr/lib/python3/dist-packages/oslo_config/cfg.py:2609
2025-06-30 00:44:56.485 125337 DEBUG oslo_service.service [req-f6f925b3-24c5-47b8-9c53-df1bf2cb0588 - - - - -] libvirt.live_migration_inbound_addr = None log_opt_values /usr/lib/python3/dist-packages/oslo_config/cfg.py:2609
2025-06-30 00:44:56.485 125337 DEBUG oslo_service.service [req-f6f925b3-24c5-47b8-9c53-df1bf2cb0588 - - - - -] libvirt.live_migration_permit_auto_converge = False log_opt_values /usr/lib/python3/dist-packages/oslo_config/cfg.py:2609
2025-06-30 00:44:56.485 125337 DEBUG oslo_service.service [req-f6f925b3-24c5-47b8-9c53-df1bf2cb0588 - - - - -] libvirt.live_migration_permit_post_copy = False log_opt_values /usr/lib/python3/dist-packages/oslo_config/cfg.py:2609
2025-06-30 00:44:56.486 125337 DEBUG oslo_service.service [req-f6f925b3-24c5-47b8-9c53-df1bf2cb0588 - - - - -] libvirt.live_migration_scheme = None log_opt_values /usr/lib/python3/dist-packages/oslo_config/cfg.py:2609
2025-06-30 00:44:56.486 125337 DEBUG oslo_service.service [req-f6f925b3-24c5-47b8-9c53-df1bf2cb0588 - - - - -] libvirt.live_migration_timeout_action = abort log_opt_values /usr/lib/python3/dist-packages/oslo_config/cfg.py:2609
2025-06-30 00:44:56.487 125337 DEBUG oslo_service.service [req-f6f925b3-24c5-47b8-9c53-df1bf2cb0588 - - - - -] libvirt.live_migration_tunnelled = False log_opt_values /usr/lib/python3/dist-packages/oslo_config/cfg.py:2609
2025-06-30 00:44:56.488 125337 DEBUG oslo_service.service [req-f6f925b3-24c5-47b8-9c53-df1bf2cb0588 - - - - -] libvirt.live_migration_uri = None log_opt_values /usr/lib/python3/dist-packages/oslo_config/cfg.py:2609
2025-06-30 00:44:56.488 125337 DEBUG oslo_service.service [req-f6f925b3-24c5-47b8-9c53-df1bf2cb0588 - - - - -] libvirt.live_migration_with_native_tls = False log_opt_values /usr/lib/python3/dist-packages/oslo_config/cfg.py:2609
2025-06-30 00:44:56.489 125337 DEBUG oslo_service.service [req-f6f925b3-24c5-47b8-9c53-df1bf2cb0588 - - - - -] libvirt.max_queues = None log_opt_values /usr/lib/python3/dist-packages/oslo_config/cfg.py:2609
2025-06-30 00:44:56.489 125337 DEBUG oslo_service.service [req-f6f925b3-24c5-47b8-9c53-df1bf2cb0588 - - - - -] libvirt.mem_stats_period_seconds = 10 log_opt_values /usr/lib/python3/dist-packages/oslo_config/cfg.py:2609
2025-06-30 00:44:56.489 125337 DEBUG oslo_service.service [req-f6f925b3-24c5-47b8-9c53-df1bf2cb0588 - - - - -] libvirt.nfs_mount_options = None log_opt_values /usr/lib/python3/dist-packages/oslo_config/cfg.py:2609
2025-06-30 00:44:56.489 125337 DEBUG oslo_service.service [req-f6f925b3-24c5-47b8-9c53-df1bf2cb0588 - - - - -] libvirt.nfs_mount_point_base = /var/lib/nova/mnt log_opt_values /usr/lib/python3/dist-packages/oslo_config/cfg.py:2609
2025-06-30 00:44:56.490 125337 DEBUG oslo_service.service [req-f6f925b3-24c5-47b8-9c53-df1bf2cb0588 - - - - -] libvirt.num_aoe_discover_tries = 3 log_opt_values /usr/lib/python3/dist-packages/oslo_config/cfg.py:2609
2025-06-30 00:44:56.490 125337 DEBUG oslo_service.service [req-f6f925b3-24c5-47b8-9c53-df1bf2cb0588 - - - - -] libvirt.num_iser_scan_tries = 5 log_opt_values /usr/lib/python3/dist-packages/oslo_config/cfg.py:2609
2025-06-30 00:44:56.490 125337 DEBUG oslo_service.service [req-f6f925b3-24c5-47b8-9c53-df1bf2cb0588 - - - - -] libvirt.num_memory_encrypted_guests = None log_opt_values /usr/lib/python3/dist-packages/oslo_config/cfg.py:2609
2025-06-30 00:44:56.490 125337 DEBUG oslo_service.service [req-f6f925b3-24c5-47b8-9c53-df1bf2cb0588 - - - - -] libvirt.num_nvme_discover_tries = 5 log_opt_values /usr/lib/python3/dist-packages/oslo_config/cfg.py:2609
2025-06-30 00:44:56.490 125337 DEBUG oslo_service.service [req-f6f925b3-24c5-47b8-9c53-df1bf2cb0588 - - - - -] libvirt.num_pcie_ports = 0 log_opt_values /usr/lib/python3/dist-packages/oslo_config/cfg.py:2609
2025-06-30 00:44:56.491 125337 DEBUG oslo_service.service [req-f6f925b3-24c5-47b8-9c53-df1bf2cb0588 - - - - -] libvirt.num_volume_scan_tries = 5 log_opt_values /usr/lib/python3/dist-packages/oslo_config/cfg.py:2609
2025-06-30 00:44:56.491 125337 DEBUG oslo_service.service [req-f6f925b3-24c5-47b8-9c53-df1bf2cb0588 - - - - -] libvirt.pmem_namespaces = [] log_opt_values /usr/lib/python3/dist-packages/oslo_config/cfg.py:2609
2025-06-30 00:44:56.491 125337 DEBUG oslo_service.service [req-f6f925b3-24c5-47b8-9c53-df1bf2cb0588 - - - - -] libvirt.quobyte_client_cfg = None log_opt_values /usr/lib/python3/dist-packages/oslo_config/cfg.py:2609
2025-06-30 00:44:56.491 125337 DEBUG oslo_service.service [req-f6f925b3-24c5-47b8-9c53-df1bf2cb0588 - - - - -] libvirt.quobyte_mount_point_base = /var/lib/nova/mnt log_opt_values /usr/lib/python3/dist-packages/oslo_config/cfg.py:2609
2025-06-30 00:44:56.491 126165 DEBUG oslo_messaging._drivers.amqpdriver [-] Listener is running poll /usr/lib/python3/dist-packages/oslo_messaging/_drivers/amqpdriver.py:343
2025-06-30 00:44:56.492 126165 DEBUG oslo_messaging._drivers.amqpdriver [-] AMQPListener connection consume poll /usr/lib/python3/dist-packages/oslo_messaging/_drivers/amqpdriver.py:357
2025-06-30 00:44:56.492 125337 DEBUG oslo_service.service [req-f6f925b3-24c5-47b8-9c53-df1bf2cb0588 - - - - -] libvirt.rbd_connect_timeout = 5 log_opt_values /usr/lib/python3/dist-packages/oslo_config/cfg.py:2609
2025-06-30 00:44:56.492 125337 DEBUG oslo_service.service [req-f6f925b3-24c5-47b8-9c53-df1bf2cb0588 - - - - -] libvirt.rbd_destroy_volume_retries = 12 log_opt_values /usr/lib/python3/dist-packages/oslo_config/cfg.py:2609
2025-06-30 00:44:56.492 125337 DEBUG oslo_service.service [req-f6f925b3-24c5-47b8-9c53-df1bf2cb0588 - - - - -] libvirt.rbd_destroy_volume_retry_interval = 5 log_opt_values /usr/lib/python3/dist-packages/oslo_config/cfg.py:2609
2025-06-30 00:44:56.492 126165 DEBUG nova.service [req-bd27ee28-81f2-45af-8b4a-83ab14214e3d - - - - -] Join ServiceGroup membership for this service scheduler start /usr/lib/python3/dist-packages/nova/service.py:199
2025-06-30 00:44:56.492 125337 DEBUG oslo_service.service [req-f6f925b3-24c5-47b8-9c53-df1bf2cb0588 - - - - -] libvirt.rbd_secret_uuid = None log_opt_values /usr/lib/python3/dist-packages/oslo_config/cfg.py:2609
2025-06-30 00:44:56.493 125337 DEBUG oslo_service.service [req-f6f925b3-24c5-47b8-9c53-df1bf2cb0588 - - - - -] libvirt.rbd_user = None log_opt_values /usr/lib/python3/dist-packages/oslo_config/cfg.py:2609
2025-06-30 00:44:56.493 126165 DEBUG nova.servicegroup.drivers.db [req-bd27ee28-81f2-45af-8b4a-83ab14214e3d - - - - -] DB_Driver: join new ServiceGroup member juju-36f194-0-lxd-7 to the scheduler group, service = join /usr/lib/python3/dist-packages/nova/servicegroup/drivers/db.py:44
2025-06-30 00:44:56.493 125337 DEBUG oslo_service.service [req-f6f925b3-24c5-47b8-9c53-df1bf2cb0588 - - - - -] libvirt.realtime_scheduler_priority = 1 log_opt_values /usr/lib/python3/dist-packages/oslo_config/cfg.py:2609
2025-06-30 00:44:56.493 125337 DEBUG oslo_service.service [req-f6f925b3-24c5-47b8-9c53-df1bf2cb0588 - - - - -] libvirt.remote_filesystem_transport = ssh log_opt_values /usr/lib/python3/dist-packages/oslo_config/cfg.py:2609
2025-06-30 00:44:56.494 125337 DEBUG oslo_service.service [req-f6f925b3-24c5-47b8-9c53-df1bf2cb0588 - - - - -] libvirt.rescue_image_id = None log_opt_values /usr/lib/python3/dist-packages/oslo_config/cfg.py:2609
2025-06-30 00:44:56.494 125337 DEBUG oslo_service.service [req-f6f925b3-24c5-47b8-9c53-df1bf2cb0588 - - - - -] libvirt.rescue_kernel_id = None log_opt_values /usr/lib/python3/dist-packages/oslo_config/cfg.py:2609
2025-06-30 00:44:56.494 125337 DEBUG oslo_service.service [req-f6f925b3-24c5-47b8-9c53-df1bf2cb0588 - - - - -] libvirt.rescue_ramdisk_id = None log_opt_values /usr/lib/python3/dist-packages/oslo_config/cfg.py:2609
2025-06-30 00:44:56.494 125337 DEBUG oslo_service.service [req-f6f925b3-24c5-47b8-9c53-df1bf2cb0588 - - - - -] libvirt.rng_dev_path = /dev/urandom log_opt_values /usr/lib/python3/dist-packages/oslo_config/cfg.py:2609
2025-06-30 00:44:56.494 125337 DEBUG oslo_service.service [req-f6f925b3-24c5-47b8-9c53-df1bf2cb0588 - - - - -] libvirt.rx_queue_size = None log_opt_values /usr/lib/python3/dist-packages/oslo_config/cfg.py:2609
2025-06-30 00:44:56.495 125337 DEBUG oslo_service.service [req-f6f925b3-24c5-47b8-9c53-df1bf2cb0588 - - - - -] libvirt.smbfs_mount_options = log_opt_values /usr/lib/python3/dist-packages/oslo_config/cfg.py:2609
2025-06-30 00:44:56.495 125337 DEBUG oslo_service.service [req-f6f925b3-24c5-47b8-9c53-df1bf2cb0588 - - - - -] libvirt.smbfs_mount_point_base = /var/lib/nova/mnt log_opt_values /usr/lib/python3/dist-packages/oslo_config/cfg.py:2609
2025-06-30 00:44:56.495 125337 DEBUG oslo_service.service [req-f6f925b3-24c5-47b8-9c53-df1bf2cb0588 - - - - -] libvirt.snapshot_compression = False log_opt_values /usr/lib/python3/dist-packages/oslo_config/cfg.py:2609
2025-06-30 00:44:56.495 125337 DEBUG oslo_service.service [req-f6f925b3-24c5-47b8-9c53-df1bf2cb0588 - - - - -] libvirt.snapshot_image_format = None log_opt_values /usr/lib/python3/dist-packages/oslo_config/cfg.py:2609
2025-06-30 00:44:56.495 126165 DEBUG oslo_messaging._drivers.amqpdriver [-] AMQPListener connection timeout poll /usr/lib/python3/dist-packages/oslo_messaging/_drivers/amqpdriver.py:360
2025-06-30 00:44:56.496 126165 DEBUG oslo_messaging._drivers.amqpdriver [-] Listener is running poll /usr/lib/python3/dist-packages/oslo_messaging/_drivers/amqpdriver.py:343
2025-06-30 00:44:56.496 125337 DEBUG oslo_service.service [req-f6f925b3-24c5-47b8-9c53-df1bf2cb0588 - - - - -] libvirt.snapshots_directory = /var/lib/nova/instances/snapshots log_opt_values /usr/lib/python3/dist-packages/oslo_config/cfg.py:2609
2025-06-30 00:44:56.496 126165 DEBUG oslo_messaging._drivers.amqpdriver [-] AMQPListener connection consume poll /usr/lib/python3/dist-packages/oslo_messaging/_drivers/amqpdriver.py:357
2025-06-30 00:44:56.496 125337 DEBUG oslo_service.service [req-f6f925b3-24c5-47b8-9c53-df1bf2cb0588 - - - - -] libvirt.sparse_logical_volumes = False log_opt_values /usr/lib/python3/dist-packages/oslo_config/cfg.py:2609
2025-06-30 00:44:56.496 125337 DEBUG oslo_service.service [req-f6f925b3-24c5-47b8-9c53-df1bf2cb0588 - - - - -] libvirt.swtpm_enabled = False log_opt_values /usr/lib/python3/dist-packages/oslo_config/cfg.py:2609
2025-06-30 00:44:56.496 125337 DEBUG oslo_service.service [req-f6f925b3-24c5-47b8-9c53-df1bf2cb0588 - - - - -] libvirt.swtpm_group = tss log_opt_values /usr/lib/python3/dist-packages/oslo_config/cfg.py:2609
