2025-06-30 00:43:41.932 119088 DEBUG oslo_service.service [req-3035e449-e6e3-435d-9108-470949c8af66 - - - - -] api.use_forwarded_for = False log_opt_values /usr/lib/python3/dist-packages/oslo_config/cfg.py:2609
2025-06-30 00:43:41.932 119088 DEBUG oslo_service.service [req-3035e449-e6e3-435d-9108-470949c8af66 - - - - -] api.use_neutron_default_nets = False log_opt_values /usr/lib/python3/dist-packages/oslo_config/cfg.py:2609
2025-06-30 00:43:41.932 119088 DEBUG oslo_service.service [req-3035e449-e6e3-435d-9108-470949c8af66 - - - - -] api.vendordata_dynamic_connect_timeout = 5 log_opt_values /usr/lib/python3/dist-packages/oslo_config/cfg.py:2609
2025-06-30 00:43:41.933 119088 DEBUG oslo_service.service [req-3035e449-e6e3-435d-9108-470949c8af66 - - - - -] api.vendordata_dynamic_failure_fatal = False log_opt_values /usr/lib/python3/dist-packages/oslo_config/cfg.py:2609
2025-06-30 00:43:41.933 119088 DEBUG oslo_service.service [req-3035e449-e6e3-435d-9108-470949c8af66 - - - - -] api.vendordata_dynamic_read_timeout = 5 log_opt_values /usr/lib/python3/dist-packages/oslo_config/cfg.py:2609
2025-06-30 00:43:41.933 119088 DEBUG oslo_service.service [req-3035e449-e6e3-435d-9108-470949c8af66 - - - - -] api.vendordata_dynamic_ssl_certfile = log_opt_values /usr/lib/python3/dist-packages/oslo_config/cfg.py:2609
2025-06-30 00:43:41.933 119088 DEBUG oslo_service.service [req-3035e449-e6e3-435d-9108-470949c8af66 - - - - -] api.vendordata_dynamic_targets = [] log_opt_values /usr/lib/python3/dist-packages/oslo_config/cfg.py:2609
2025-06-30 00:43:41.933 119088 DEBUG oslo_service.service [req-3035e449-e6e3-435d-9108-470949c8af66 - - - - -] api.vendordata_jsonfile_path = None log_opt_values /usr/lib/python3/dist-packages/oslo_config/cfg.py:2609
2025-06-30 00:43:41.934 119088 DEBUG oslo_service.service [req-3035e449-e6e3-435d-9108-470949c8af66 - - - - -] api.vendordata_providers = ['StaticJSON'] log_opt_values /usr/lib/python3/dist-packages/oslo_config/cfg.py:2609
2025-06-30 00:43:41.934 119088 DEBUG oslo_service.service [req-3035e449-e6e3-435d-9108-470949c8af66 - - - - -] cache.backend = dogpile.cache.null log_opt_values /usr/lib/python3/dist-packages/oslo_config/cfg.py:2609
2025-06-30 00:43:41.934 119088 DEBUG oslo_service.service [req-3035e449-e6e3-435d-9108-470949c8af66 - - - - -] cache.backend_argument = **** log_opt_values /usr/lib/python3/dist-packages/oslo_config/cfg.py:2609
2025-06-30 00:43:41.935 119088 DEBUG oslo_service.service [req-3035e449-e6e3-435d-9108-470949c8af66 - - - - -] cache.config_prefix = cache.oslo log_opt_values /usr/lib/python3/dist-packages/oslo_config/cfg.py:2609
2025-06-30 00:43:41.935 119088 DEBUG oslo_service.service [req-3035e449-e6e3-435d-9108-470949c8af66 - - - - -] cache.debug_cache_backend = False log_opt_values /usr/lib/python3/dist-packages/oslo_config/cfg.py:2609
2025-06-30 00:43:41.935 119088 DEBUG oslo_service.service [req-3035e449-e6e3-435d-9108-470949c8af66 - - - - -] cache.enabled = False log_opt_values /usr/lib/python3/dist-packages/oslo_config/cfg.py:2609
2025-06-30 00:43:41.935 119088 DEBUG oslo_service.service [req-3035e449-e6e3-435d-9108-470949c8af66 - - - - -] cache.expiration_time = 600 log_opt_values /usr/lib/python3/dist-packages/oslo_config/cfg.py:2609
2025-06-30 00:43:41.936 119088 DEBUG oslo_service.service [req-3035e449-e6e3-435d-9108-470949c8af66 - - - - -] cache.memcache_dead_retry = 300 log_opt_values /usr/lib/python3/dist-packages/oslo_config/cfg.py:2609
2025-06-30 00:43:41.936 119088 DEBUG oslo_service.service [req-3035e449-e6e3-435d-9108-470949c8af66 - - - - -] cache.memcache_pool_connection_get_timeout = 10 log_opt_values /usr/lib/python3/dist-packages/oslo_config/cfg.py:2609
2025-06-30 00:43:41.936 119088 DEBUG oslo_service.service [req-3035e449-e6e3-435d-9108-470949c8af66 - - - - -] cache.memcache_pool_flush_on_reconnect = False log_opt_values /usr/lib/python3/dist-packages/oslo_config/cfg.py:2609
2025-06-30 00:43:41.937 119088 DEBUG oslo_service.service [req-3035e449-e6e3-435d-9108-470949c8af66 - - - - -] cache.memcache_pool_maxsize = 10 log_opt_values /usr/lib/python3/dist-packages/oslo_config/cfg.py:2609
2025-06-30 00:43:41.937 119088 DEBUG oslo_service.service [req-3035e449-e6e3-435d-9108-470949c8af66 - - - - -] cache.memcache_pool_unused_timeout = 60 log_opt_values /usr/lib/python3/dist-packages/oslo_config/cfg.py:2609
2025-06-30 00:43:41.937 119088 DEBUG oslo_service.service [req-3035e449-e6e3-435d-9108-470949c8af66 - - - - -] cache.memcache_servers = ['localhost:11211'] log_opt_values /usr/lib/python3/dist-packages/oslo_config/cfg.py:2609
2025-06-30 00:43:41.938 119088 DEBUG oslo_service.service [req-3035e449-e6e3-435d-9108-470949c8af66 - - - - -] cache.memcache_socket_timeout = 1.0 log_opt_values /usr/lib/python3/dist-packages/oslo_config/cfg.py:2609
2025-06-30 00:43:41.938 119088 DEBUG oslo_service.service [req-3035e449-e6e3-435d-9108-470949c8af66 - - - - -] cache.proxies = [] log_opt_values /usr/lib/python3/dist-packages/oslo_config/cfg.py:2609
2025-06-30 00:43:41.938 119088 DEBUG oslo_service.service [req-3035e449-e6e3-435d-9108-470949c8af66 - - - - -] cache.tls_allowed_ciphers = None log_opt_values /usr/lib/python3/dist-packages/oslo_config/cfg.py:2609
2025-06-30 00:43:41.938 119088 DEBUG oslo_service.service [req-3035e449-e6e3-435d-9108-470949c8af66 - - - - -] cache.tls_cafile = None log_opt_values /usr/lib/python3/dist-packages/oslo_config/cfg.py:2609
2025-06-30 00:43:41.938 119088 DEBUG oslo_service.service [req-3035e449-e6e3-435d-9108-470949c8af66 - - - - -] cache.tls_certfile = None log_opt_values /usr/lib/python3/dist-packages/oslo_config/cfg.py:2609
2025-06-30 00:43:41.939 119088 DEBUG oslo_service.service [req-3035e449-e6e3-435d-9108-470949c8af66 - - - - -] cache.tls_enabled = False log_opt_values /usr/lib/python3/dist-packages/oslo_config/cfg.py:2609
2025-06-30 00:43:41.939 119088 DEBUG oslo_service.service [req-3035e449-e6e3-435d-9108-470949c8af66 - - - - -] cache.tls_keyfile = None log_opt_values /usr/lib/python3/dist-packages/oslo_config/cfg.py:2609
2025-06-30 00:43:41.939 119088 DEBUG oslo_service.service [req-3035e449-e6e3-435d-9108-470949c8af66 - - - - -] cinder.auth_section = None log_opt_values /usr/lib/python3/dist-packages/oslo_config/cfg.py:2609
2025-06-30 00:43:41.939 119088 DEBUG oslo_service.service [req-3035e449-e6e3-435d-9108-470949c8af66 - - - - -] cinder.auth_type = None log_opt_values /usr/lib/python3/dist-packages/oslo_config/cfg.py:2609
2025-06-30 00:43:41.939 119088 DEBUG oslo_service.service [req-3035e449-e6e3-435d-9108-470949c8af66 - - - - -] cinder.cafile = None log_opt_values /usr/lib/python3/dist-packages/oslo_config/cfg.py:2609
2025-06-30 00:43:41.940 119088 DEBUG oslo_service.service [req-3035e449-e6e3-435d-9108-470949c8af66 - - - - -] cinder.catalog_info = volumev3::publicURL log_opt_values /usr/lib/python3/dist-packages/oslo_config/cfg.py:2609
2025-06-30 00:43:41.940 119088 DEBUG oslo_service.service [req-3035e449-e6e3-435d-9108-470949c8af66 - - - - -] cinder.certfile = None log_opt_values /usr/lib/python3/dist-packages/oslo_config/cfg.py:2609
2025-06-30 00:43:41.940 119088 DEBUG oslo_service.service [req-3035e449-e6e3-435d-9108-470949c8af66 - - - - -] cinder.collect_timing = False log_opt_values /usr/lib/python3/dist-packages/oslo_config/cfg.py:2609
2025-06-30 00:43:41.940 119088 DEBUG oslo_service.service [req-3035e449-e6e3-435d-9108-470949c8af66 - - - - -] cinder.cross_az_attach = True log_opt_values /usr/lib/python3/dist-packages/oslo_config/cfg.py:2609
2025-06-30 00:43:41.941 120776 DEBUG nova.service [req-c20f6610-64ae-49dc-8718-14fdd4008a69 - - - - -] Creating RPC server for service scheduler start /usr/lib/python3/dist-packages/nova/service.py:182
2025-06-30 00:43:41.941 119088 DEBUG oslo_service.service [req-3035e449-e6e3-435d-9108-470949c8af66 - - - - -] cinder.debug = False log_opt_values /usr/lib/python3/dist-packages/oslo_config/cfg.py:2609
2025-06-30 00:43:41.941 119088 DEBUG oslo_service.service [req-3035e449-e6e3-435d-9108-470949c8af66 - - - - -] cinder.endpoint_template = None log_opt_values /usr/lib/python3/dist-packages/oslo_config/cfg.py:2609
2025-06-30 00:43:41.942 120775 DEBUG nova.service [req-7c67ff0f-e227-42a6-b390-fae92faf975c - - - - -] Creating RPC server for service scheduler start /usr/lib/python3/dist-packages/nova/service.py:182
2025-06-30 00:43:41.941 119088 DEBUG oslo_service.service [req-3035e449-e6e3-435d-9108-470949c8af66 - - - - -] cinder.http_retries = 3 log_opt_values /usr/lib/python3/dist-packages/oslo_config/cfg.py:2609
2025-06-30 00:43:41.942 119088 DEBUG oslo_service.service [req-3035e449-e6e3-435d-9108-470949c8af66 - - - - -] cinder.insecure = False log_opt_values /usr/lib/python3/dist-packages/oslo_config/cfg.py:2609
2025-06-30 00:43:41.942 119088 DEBUG oslo_service.service [req-3035e449-e6e3-435d-9108-470949c8af66 - - - - -] cinder.keyfile = None log_opt_values /usr/lib/python3/dist-packages/oslo_config/cfg.py:2609
2025-06-30 00:43:41.943 119088 DEBUG oslo_service.service [req-3035e449-e6e3-435d-9108-470949c8af66 - - - - -] cinder.os_region_name = None log_opt_values /usr/lib/python3/dist-packages/oslo_config/cfg.py:2609
2025-06-30 00:43:41.943 119088 DEBUG oslo_service.service [req-3035e449-e6e3-435d-9108-470949c8af66 - - - - -] cinder.split_loggers = False log_opt_values /usr/lib/python3/dist-packages/oslo_config/cfg.py:2609
2025-06-30 00:43:41.944 119088 DEBUG oslo_service.service [req-3035e449-e6e3-435d-9108-470949c8af66 - - - - -] cinder.timeout = None log_opt_values /usr/lib/python3/dist-packages/oslo_config/cfg.py:2609
2025-06-30 00:43:41.944 119088 DEBUG oslo_service.service [req-3035e449-e6e3-435d-9108-470949c8af66 - - - - -] compute.consecutive_build_service_disable_threshold = 10 log_opt_values /usr/lib/python3/dist-packages/oslo_config/cfg.py:2609
2025-06-30 00:43:41.944 119088 DEBUG oslo_service.service [req-3035e449-e6e3-435d-9108-470949c8af66 - - - - -] compute.cpu_dedicated_set = None log_opt_values /usr/lib/python3/dist-packages/oslo_config/cfg.py:2609
2025-06-30 00:43:41.944 119088 DEBUG oslo_service.service [req-3035e449-e6e3-435d-9108-470949c8af66 - - - - -] compute.cpu_shared_set = None log_opt_values /usr/lib/python3/dist-packages/oslo_config/cfg.py:2609
2025-06-30 00:43:41.944 119088 DEBUG oslo_service.service [req-3035e449-e6e3-435d-9108-470949c8af66 - - - - -] compute.image_type_exclude_list = [] log_opt_values /usr/lib/python3/dist-packages/oslo_config/cfg.py:2609
2025-06-30 00:43:41.945 119088 DEBUG oslo_service.service [req-3035e449-e6e3-435d-9108-470949c8af66 - - - - -] compute.live_migration_wait_for_vif_plug = True log_opt_values /usr/lib/python3/dist-packages/oslo_config/cfg.py:2609
2025-06-30 00:43:41.945 119088 DEBUG oslo_service.service [req-3035e449-e6e3-435d-9108-470949c8af66 - - - - -] compute.max_concurrent_disk_ops = 0 log_opt_values /usr/lib/python3/dist-packages/oslo_config/cfg.py:2609
2025-06-30 00:43:41.945 119088 DEBUG oslo_service.service [req-3035e449-e6e3-435d-9108-470949c8af66 - - - - -] compute.max_disk_devices_to_attach = -1 log_opt_values /usr/lib/python3/dist-packages/oslo_config/cfg.py:2609
2025-06-30 00:43:41.945 119088 DEBUG oslo_service.service [req-3035e449-e6e3-435d-9108-470949c8af66 - - - - -] compute.packing_host_numa_cells_allocation_strategy = True log_opt_values /usr/lib/python3/dist-packages/oslo_config/cfg.py:2609
2025-06-30 00:43:41.945 119088 DEBUG oslo_service.service [req-3035e449-e6e3-435d-9108-470949c8af66 - - - - -] compute.provider_config_location = /etc/nova/provider_config/ log_opt_values /usr/lib/python3/dist-packages/oslo_config/cfg.py:2609
2025-06-30 00:43:41.946 119088 DEBUG oslo_service.service [req-3035e449-e6e3-435d-9108-470949c8af66 - - - - -] compute.resource_provider_association_refresh = 300 log_opt_values /usr/lib/python3/dist-packages/oslo_config/cfg.py:2609
2025-06-30 00:43:41.946 119088 DEBUG oslo_service.service [req-3035e449-e6e3-435d-9108-470949c8af66 - - - - -] compute.shutdown_retry_interval = 10 log_opt_values /usr/lib/python3/dist-packages/oslo_config/cfg.py:2609
2025-06-30 00:43:41.946 119088 DEBUG oslo_service.service [req-3035e449-e6e3-435d-9108-470949c8af66 - - - - -] compute.vmdk_allowed_types = ['streamOptimized', 'monolithicSparse'] log_opt_values /usr/lib/python3/dist-packages/oslo_config/cfg.py:2609
2025-06-30 00:43:41.946 119088 DEBUG oslo_service.service [req-3035e449-e6e3-435d-9108-470949c8af66 - - - - -] conductor.workers = 4 log_opt_values /usr/lib/python3/dist-packages/oslo_config/cfg.py:2609
2025-06-30 00:43:41.947 119088 DEBUG oslo_service.service [req-3035e449-e6e3-435d-9108-470949c8af66 - - - - -] console.allowed_origins = [] log_opt_values /usr/lib/python3/dist-packages/oslo_config/cfg.py:2609
2025-06-30 00:43:41.947 119088 DEBUG oslo_service.service [req-3035e449-e6e3-435d-9108-470949c8af66 - - - - -] console.ssl_ciphers = None log_opt_values /usr/lib/python3/dist-packages/oslo_config/cfg.py:2609
2025-06-30 00:43:41.947 119088 DEBUG oslo_service.service [req-3035e449-e6e3-435d-9108-470949c8af66 - - - - -] console.ssl_minimum_version = default log_opt_values /usr/lib/python3/dist-packages/oslo_config/cfg.py:2609
2025-06-30 00:43:41.948 119088 DEBUG oslo_service.service [req-3035e449-e6e3-435d-9108-470949c8af66 - - - - -] consoleauth.token_ttl = 600 log_opt_values /usr/lib/python3/dist-packages/oslo_config/cfg.py:2609
2025-06-30 00:43:41.948 119088 DEBUG oslo_service.service [req-3035e449-e6e3-435d-9108-470949c8af66 - - - - -] cyborg.cafile = None log_opt_values /usr/lib/python3/dist-packages/oslo_config/cfg.py:2609
2025-06-30 00:43:41.948 119088 DEBUG oslo_service.service [req-3035e449-e6e3-435d-9108-470949c8af66 - - - - -] cyborg.certfile = None log_opt_values /usr/lib/python3/dist-packages/oslo_config/cfg.py:2609
2025-06-30 00:43:41.948 119088 DEBUG oslo_service.service [req-3035e449-e6e3-435d-9108-470949c8af66 - - - - -] cyborg.collect_timing = False log_opt_values /usr/lib/python3/dist-packages/oslo_config/cfg.py:2609
2025-06-30 00:43:41.949 119088 DEBUG oslo_service.service [req-3035e449-e6e3-435d-9108-470949c8af66 - - - - -] cyborg.connect_retries = None log_opt_values /usr/lib/python3/dist-packages/oslo_config/cfg.py:2609
2025-06-30 00:43:41.949 119088 DEBUG oslo_service.service [req-3035e449-e6e3-435d-9108-470949c8af66 - - - - -] cyborg.connect_retry_delay = None log_opt_values /usr/lib/python3/dist-packages/oslo_config/cfg.py:2609
2025-06-30 00:43:41.949 119088 DEBUG oslo_service.service [req-3035e449-e6e3-435d-9108-470949c8af66 - - - - -] cyborg.endpoint_override = None log_opt_values /usr/lib/python3/dist-packages/oslo_config/cfg.py:2609
2025-06-30 00:43:41.949 119088 DEBUG oslo_service.service [req-3035e449-e6e3-435d-9108-470949c8af66 - - - - -] cyborg.insecure = False log_opt_values /usr/lib/python3/dist-packages/oslo_config/cfg.py:2609
2025-06-30 00:43:41.949 119088 DEBUG oslo_service.service [req-3035e449-e6e3-435d-9108-470949c8af66 - - - - -] cyborg.keyfile = None log_opt_values /usr/lib/python3/dist-packages/oslo_config/cfg.py:2609
2025-06-30 00:43:41.950 119088 DEBUG oslo_service.service [req-3035e449-e6e3-435d-9108-470949c8af66 - - - - -] cyborg.max_version = None log_opt_values /usr/lib/python3/dist-packages/oslo_config/cfg.py:2609
2025-06-30 00:43:41.950 119088 DEBUG oslo_service.service [req-3035e449-e6e3-435d-9108-470949c8af66 - - - - -] cyborg.min_version = None log_opt_values /usr/lib/python3/dist-packages/oslo_config/cfg.py:2609
2025-06-30 00:43:41.950 119088 DEBUG oslo_service.service [req-3035e449-e6e3-435d-9108-470949c8af66 - - - - -] cyborg.region_name = None log_opt_values /usr/lib/python3/dist-packages/oslo_config/cfg.py:2609
2025-06-30 00:43:41.950 119088 DEBUG oslo_service.service [req-3035e449-e6e3-435d-9108-470949c8af66 - - - - -] cyborg.service_name = None log_opt_values /usr/lib/python3/dist-packages/oslo_config/cfg.py:2609
2025-06-30 00:43:41.951 119088 DEBUG oslo_service.service [req-3035e449-e6e3-435d-9108-470949c8af66 - - - - -] cyborg.service_type = accelerator log_opt_values /usr/lib/python3/dist-packages/oslo_config/cfg.py:2609
2025-06-30 00:43:41.951 119088 DEBUG oslo_service.service [req-3035e449-e6e3-435d-9108-470949c8af66 - - - - -] cyborg.split_loggers = False log_opt_values /usr/lib/python3/dist-packages/oslo_config/cfg.py:2609
2025-06-30 00:43:41.951 119088 DEBUG oslo_service.service [req-3035e449-e6e3-435d-9108-470949c8af66 - - - - -] cyborg.status_code_retries = None log_opt_values /usr/lib/python3/dist-packages/oslo_config/cfg.py:2609
2025-06-30 00:43:41.951 119088 DEBUG oslo_service.service [req-3035e449-e6e3-435d-9108-470949c8af66 - - - - -] cyborg.status_code_retry_delay = None log_opt_values /usr/lib/python3/dist-packages/oslo_config/cfg.py:2609
2025-06-30 00:43:41.951 119088 DEBUG oslo_service.service [req-3035e449-e6e3-435d-9108-470949c8af66 - - - - -] cyborg.timeout = None log_opt_values /usr/lib/python3/dist-packages/oslo_config/cfg.py:2609
2025-06-30 00:43:41.952 119088 DEBUG oslo_service.service [req-3035e449-e6e3-435d-9108-470949c8af66 - - - - -] cyborg.valid_interfaces = ['internal', 'public'] log_opt_values /usr/lib/python3/dist-packages/oslo_config/cfg.py:2609
2025-06-30 00:43:41.952 119088 DEBUG oslo_service.service [req-3035e449-e6e3-435d-9108-470949c8af66 - - - - -] cyborg.version = None log_opt_values /usr/lib/python3/dist-packages/oslo_config/cfg.py:2609
2025-06-30 00:43:41.952 119088 DEBUG oslo_service.service [req-3035e449-e6e3-435d-9108-470949c8af66 - - - - -] database.backend = sqlalchemy log_opt_values /usr/lib/python3/dist-packages/oslo_config/cfg.py:2609
2025-06-30 00:43:41.953 119088 DEBUG oslo_service.service [req-3035e449-e6e3-435d-9108-470949c8af66 - - - - -] database.connection = **** log_opt_values /usr/lib/python3/dist-packages/oslo_config/cfg.py:2609
2025-06-30 00:43:41.953 119088 DEBUG oslo_service.service [req-3035e449-e6e3-435d-9108-470949c8af66 - - - - -] database.connection_debug = 0 log_opt_values /usr/lib/python3/dist-packages/oslo_config/cfg.py:2609
2025-06-30 00:43:41.953 119088 DEBUG oslo_service.service [req-3035e449-e6e3-435d-9108-470949c8af66 - - - - -] database.connection_parameters = log_opt_values /usr/lib/python3/dist-packages/oslo_config/cfg.py:2609
2025-06-30 00:43:41.953 119088 DEBUG oslo_service.service [req-3035e449-e6e3-435d-9108-470949c8af66 - - - - -] database.connection_recycle_time = 3600 log_opt_values /usr/lib/python3/dist-packages/oslo_config/cfg.py:2609
2025-06-30 00:43:41.953 119088 DEBUG oslo_service.service [req-3035e449-e6e3-435d-9108-470949c8af66 - - - - -] database.connection_trace = False log_opt_values /usr/lib/python3/dist-packages/oslo_config/cfg.py:2609
2025-06-30 00:43:41.953 119088 DEBUG oslo_service.service [req-3035e449-e6e3-435d-9108-470949c8af66 - - - - -] database.db_inc_retry_interval = True log_opt_values /usr/lib/python3/dist-packages/oslo_config/cfg.py:2609
2025-06-30 00:43:41.954 119088 DEBUG oslo_service.service [req-3035e449-e6e3-435d-9108-470949c8af66 - - - - -] database.db_max_retries = 20 log_opt_values /usr/lib/python3/dist-packages/oslo_config/cfg.py:2609
2025-06-30 00:43:41.954 119088 DEBUG oslo_service.service [req-3035e449-e6e3-435d-9108-470949c8af66 - - - - -] database.db_max_retry_interval = 10 log_opt_values /usr/lib/python3/dist-packages/oslo_config/cfg.py:2609
2025-06-30 00:43:41.954 119088 DEBUG oslo_service.service [req-3035e449-e6e3-435d-9108-470949c8af66 - - - - -] database.db_retry_interval = 1 log_opt_values /usr/lib/python3/dist-packages/oslo_config/cfg.py:2609
2025-06-30 00:43:41.954 119088 DEBUG oslo_service.service [req-3035e449-e6e3-435d-9108-470949c8af66 - - - - -] database.max_overflow = 50 log_opt_values /usr/lib/python3/dist-packages/oslo_config/cfg.py:2609
2025-06-30 00:43:41.954 120774 DEBUG oslo_messaging._drivers.amqpdriver [-] Listener is running poll /usr/lib/python3/dist-packages/oslo_messaging/_drivers/amqpdriver.py:343
2025-06-30 00:43:41.954 119088 DEBUG oslo_service.service [req-3035e449-e6e3-435d-9108-470949c8af66 - - - - -] database.max_pool_size = 4 log_opt_values /usr/lib/python3/dist-packages/oslo_config/cfg.py:2609
2025-06-30 00:43:41.955 120774 DEBUG oslo_messaging._drivers.amqpdriver [-] AMQPListener connection consume poll /usr/lib/python3/dist-packages/oslo_messaging/_drivers/amqpdriver.py:357
2025-06-30 00:43:41.955 119088 DEBUG oslo_service.service [req-3035e449-e6e3-435d-9108-470949c8af66 - - - - -] database.max_retries = 10 log_opt_values /usr/lib/python3/dist-packages/oslo_config/cfg.py:2609
2025-06-30 00:43:41.955 119088 DEBUG oslo_service.service [req-3035e449-e6e3-435d-9108-470949c8af66 - - - - -] database.mysql_enable_ndb = False log_opt_values /usr/lib/python3/dist-packages/oslo_config/cfg.py:2609
2025-06-30 00:43:41.956 120774 DEBUG nova.service [req-daa99705-40cf-447b-882a-56200261709f - - - - -] Join ServiceGroup membership for this service scheduler start /usr/lib/python3/dist-packages/nova/service.py:199
2025-06-30 00:43:41.956 120774 DEBUG nova.servicegroup.drivers.db [req-daa99705-40cf-447b-882a-56200261709f - - - - -] DB_Driver: join new ServiceGroup member juju-36f194-0-lxd-7 to the scheduler group, service = join /usr/lib/python3/dist-packages/nova/servicegroup/drivers/db.py:44
2025-06-30 00:43:41.955 119088 DEBUG oslo_service.service [req-3035e449-e6e3-435d-9108-470949c8af66 - - - - -] database.mysql_sql_mode = TRADITIONAL log_opt_values /usr/lib/python3/dist-packages/oslo_config/cfg.py:2609
2025-06-30 00:43:41.957 119088 DEBUG oslo_service.service [req-3035e449-e6e3-435d-9108-470949c8af66 - - - - -] database.pool_timeout = None log_opt_values /usr/lib/python3/dist-packages/oslo_config/cfg.py:2609
2025-06-30 00:43:41.957 119088 DEBUG oslo_service.service [req-3035e449-e6e3-435d-9108-470949c8af66 - - - - -] database.retry_interval = 10 log_opt_values /usr/lib/python3/dist-packages/oslo_config/cfg.py:2609
2025-06-30 00:43:41.957 119088 DEBUG oslo_service.service [req-3035e449-e6e3-435d-9108-470949c8af66 - - - - -] database.slave_connection = **** log_opt_values /usr/lib/python3/dist-packages/oslo_config/cfg.py:2609
2025-06-30 00:43:41.957 119088 DEBUG oslo_service.service [req-3035e449-e6e3-435d-9108-470949c8af66 - - - - -] database.sqlite_synchronous = True log_opt_values /usr/lib/python3/dist-packages/oslo_config/cfg.py:2609
2025-06-30 00:43:41.958 119088 DEBUG oslo_service.service [req-3035e449-e6e3-435d-9108-470949c8af66 - - - - -] database.use_db_reconnect = False log_opt_values /usr/lib/python3/dist-packages/oslo_config/cfg.py:2609
2025-06-30 00:43:41.958 119088 DEBUG oslo_service.service [req-3035e449-e6e3-435d-9108-470949c8af66 - - - - -] api_database.backend = sqlalchemy log_opt_values /usr/lib/python3/dist-packages/oslo_config/cfg.py:2609
2025-06-30 00:43:41.958 119088 DEBUG oslo_service.service [req-3035e449-e6e3-435d-9108-470949c8af66 - - - - -] api_database.connection = **** log_opt_values /usr/lib/python3/dist-packages/oslo_config/cfg.py:2609
2025-06-30 00:43:41.958 119088 DEBUG oslo_service.service [req-3035e449-e6e3-435d-9108-470949c8af66 - - - - -] api_database.connection_debug = 0 log_opt_values /usr/lib/python3/dist-packages/oslo_config/cfg.py:2609
2025-06-30 00:43:41.959 119088 DEBUG oslo_service.service [req-3035e449-e6e3-435d-9108-470949c8af66 - - - - -] api_database.connection_parameters = log_opt_values /usr/lib/python3/dist-packages/oslo_config/cfg.py:2609
2025-06-30 00:43:41.959 119088 DEBUG oslo_service.service [req-3035e449-e6e3-435d-9108-470949c8af66 - - - - -] api_database.connection_recycle_time = 3600 log_opt_values /usr/lib/python3/dist-packages/oslo_config/cfg.py:2609
2025-06-30 00:43:41.959 119088 DEBUG oslo_service.service [req-3035e449-e6e3-435d-9108-470949c8af66 - - - - -] api_database.connection_trace = False log_opt_values /usr/lib/python3/dist-packages/oslo_config/cfg.py:2609
2025-06-30 00:43:41.959 119088 DEBUG oslo_service.service [req-3035e449-e6e3-435d-9108-470949c8af66 - - - - -] api_database.db_inc_retry_interval = True log_opt_values /usr/lib/python3/dist-packages/oslo_config/cfg.py:2609
2025-06-30 00:43:41.960 119088 DEBUG oslo_service.service [req-3035e449-e6e3-435d-9108-470949c8af66 - - - - -] api_database.db_max_retries = 20 log_opt_values /usr/lib/python3/dist-packages/oslo_config/cfg.py:2609
2025-06-30 00:43:41.960 120774 DEBUG oslo_messaging._drivers.amqpdriver [-] AMQPListener connection timeout poll /usr/lib/python3/dist-packages/oslo_messaging/_drivers/amqpdriver.py:360
2025-06-30 00:43:41.960 120774 DEBUG oslo_messaging._drivers.amqpdriver [-] Listener is running poll /usr/lib/python3/dist-packages/oslo_messaging/_drivers/amqpdriver.py:343
2025-06-30 00:43:41.960 119088 DEBUG oslo_service.service [req-3035e449-e6e3-435d-9108-470949c8af66 - - - - -] api_database.db_max_retry_interval = 10 log_opt_values /usr/lib/python3/dist-packages/oslo_config/cfg.py:2609
2025-06-30 00:43:41.960 120774 DEBUG oslo_messaging._drivers.amqpdriver [-] AMQPListener connection consume poll /usr/lib/python3/dist-packages/oslo_messaging/_drivers/amqpdriver.py:357
2025-06-30 00:43:41.960 119088 DEBUG oslo_service.service [req-3035e449-e6e3-435d-9108-470949c8af66 - - - - -] api_database.db_retry_interval = 1 log_opt_values /usr/lib/python3/dist-packages/oslo_config/cfg.py:2609
2025-06-30 00:43:41.961 119088 DEBUG oslo_service.service [req-3035e449-e6e3-435d-9108-470949c8af66 - - - - -] api_database.max_overflow = 50 log_opt_values /usr/lib/python3/dist-packages/oslo_config/cfg.py:2609
2025-06-30 00:43:41.961 119088 DEBUG oslo_service.service [req-3035e449-e6e3-435d-9108-470949c8af66 - - - - -] api_database.max_pool_size = 4 log_opt_values /usr/lib/python3/dist-packages/oslo_config/cfg.py:2609
2025-06-30 00:43:41.960 120773 DEBUG oslo_messaging._drivers.amqpdriver [-] Listener is running poll /usr/lib/python3/dist-packages/oslo_messaging/_drivers/amqpdriver.py:343
2025-06-30 00:43:41.961 119088 DEBUG oslo_service.service [req-3035e449-e6e3-435d-9108-470949c8af66 - - - - -] api_database.max_retries = 10 log_opt_values /usr/lib/python3/dist-packages/oslo_config/cfg.py:2609
2025-06-30 00:43:41.961 120773 DEBUG oslo_messaging._drivers.amqpdriver [-] AMQPListener connection consume poll /usr/lib/python3/dist-packages/oslo_messaging/_drivers/amqpdriver.py:357
2025-06-30 00:43:41.961 119088 DEBUG oslo_service.service [req-3035e449-e6e3-435d-9108-470949c8af66 - - - - -] api_database.mysql_enable_ndb = False log_opt_values /usr/lib/python3/dist-packages/oslo_config/cfg.py:2609
2025-06-30 00:43:41.961 119088 DEBUG oslo_service.service [req-3035e449-e6e3-435d-9108-470949c8af66 - - - - -] api_database.mysql_sql_mode = TRADITIONAL log_opt_values /usr/lib/python3/dist-packages/oslo_config/cfg.py:2609
2025-06-30 00:43:41.962 119088 DEBUG oslo_service.service [req-3035e449-e6e3-435d-9108-470949c8af66 - - - - -] api_database.pool_timeout = None log_opt_values /usr/lib/python3/dist-packages/oslo_config/cfg.py:2609
2025-06-30 00:43:41.962 119088 DEBUG oslo_service.service [req-3035e449-e6e3-435d-9108-470949c8af66 - - - - -] api_database.retry_interval = 10 log_opt_values /usr/lib/python3/dist-packages/oslo_config/cfg.py:2609
2025-06-30 00:43:41.962 119088 DEBUG oslo_service.service [req-3035e449-e6e3-435d-9108-470949c8af66 - - - - -] api_database.slave_connection = **** log_opt_values /usr/lib/python3/dist-packages/oslo_config/cfg.py:2609
2025-06-30 00:43:41.962 120773 DEBUG nova.service [req-62f8a0e0-7e3b-4599-b907-0a03b5296d81 - - - - -] Join ServiceGroup membership for this service scheduler start /usr/lib/python3/dist-packages/nova/service.py:199
2025-06-30 00:43:41.962 119088 DEBUG oslo_service.service [req-3035e449-e6e3-435d-9108-470949c8af66 - - - - -] api_database.sqlite_synchronous = True log_opt_values /usr/lib/python3/dist-packages/oslo_config/cfg.py:2609
2025-06-30 00:43:41.962 119088 DEBUG oslo_service.service [req-3035e449-e6e3-435d-9108-470949c8af66 - - - - -] devices.enabled_mdev_types = [] log_opt_values /usr/lib/python3/dist-packages/oslo_config/cfg.py:2609
2025-06-30 00:43:41.962 119088 DEBUG oslo_service.service [req-3035e449-e6e3-435d-9108-470949c8af66 - - - - -] ephemeral_storage_encryption.cipher = aes-xts-plain64 log_opt_values /usr/lib/python3/dist-packages/oslo_config/cfg.py:2609
2025-06-30 00:43:41.963 119088 DEBUG oslo_service.service [req-3035e449-e6e3-435d-9108-470949c8af66 - - - - -] ephemeral_storage_encryption.enabled = False log_opt_values /usr/lib/python3/dist-packages/oslo_config/cfg.py:2609
2025-06-30 00:43:41.963 119088 DEBUG oslo_service.service [req-3035e449-e6e3-435d-9108-470949c8af66 - - - - -] ephemeral_storage_encryption.key_size = 512 log_opt_values /usr/lib/python3/dist-packages/oslo_config/cfg.py:2609
2025-06-30 00:43:41.963 119088 WARNING oslo_config.cfg [req-3035e449-e6e3-435d-9108-470949c8af66 - - - - -] Deprecated: Option "api_servers" from group "glance" is deprecated for removal ( Support for image service configuration via standard keystoneauth1 Adapter options was added in the 17.0.0 Queens release. The api_servers option was retained temporarily to allow consumers time to cut over to a real load balancing solution. ). Its value may be silently ignored in the future.
2025-06-30 00:43:41.963 119088 DEBUG oslo_service.service [req-3035e449-e6e3-435d-9108-470949c8af66 - - - - -] glance.api_servers = ['http://252.56.213.1:9292'] log_opt_values /usr/lib/python3/dist-packages/oslo_config/cfg.py:2609
2025-06-30 00:43:41.964 119088 DEBUG oslo_service.service [req-3035e449-e6e3-435d-9108-470949c8af66 - - - - -] glance.cafile = None log_opt_values /usr/lib/python3/dist-packages/oslo_config/cfg.py:2609
2025-06-30 00:43:41.964 119088 DEBUG oslo_service.service [req-3035e449-e6e3-435d-9108-470949c8af66 - - - - -] glance.certfile = None log_opt_values /usr/lib/python3/dist-packages/oslo_config/cfg.py:2609
2025-06-30 00:43:41.964 119088 DEBUG oslo_service.service [req-3035e449-e6e3-435d-9108-470949c8af66 - - - - -] glance.collect_timing = False log_opt_values /usr/lib/python3/dist-packages/oslo_config/cfg.py:2609
2025-06-30 00:43:41.963 120773 DEBUG nova.servicegroup.drivers.db [req-62f8a0e0-7e3b-4599-b907-0a03b5296d81 - - - - -] DB_Driver: join new ServiceGroup member juju-36f194-0-lxd-7 to the scheduler group, service = join /usr/lib/python3/dist-packages/nova/servicegroup/drivers/db.py:44
2025-06-30 00:43:41.964 119088 DEBUG oslo_service.service [req-3035e449-e6e3-435d-9108-470949c8af66 - - - - -] glance.connect_retries = None log_opt_values /usr/lib/python3/dist-packages/oslo_config/cfg.py:2609
2025-06-30 00:43:41.964 119088 DEBUG oslo_service.service [req-3035e449-e6e3-435d-9108-470949c8af66 - - - - -] glance.connect_retry_delay = None log_opt_values /usr/lib/python3/dist-packages/oslo_config/cfg.py:2609
2025-06-30 00:43:41.964 119088 DEBUG oslo_service.service [req-3035e449-e6e3-435d-9108-470949c8af66 - - - - -] glance.debug = False log_opt_values /usr/lib/python3/dist-packages/oslo_config/cfg.py:2609
2025-06-30 00:43:41.965 119088 DEBUG oslo_service.service [req-3035e449-e6e3-435d-9108-470949c8af66 - - - - -] glance.default_trusted_certificate_ids = [] log_opt_values /usr/lib/python3/dist-packages/oslo_config/cfg.py:2609
2025-06-30 00:43:41.965 119088 DEBUG oslo_service.service [req-3035e449-e6e3-435d-9108-470949c8af66 - - - - -] glance.enable_certificate_validation = False log_opt_values /usr/lib/python3/dist-packages/oslo_config/cfg.py:2609
2025-06-30 00:43:41.965 119088 DEBUG oslo_service.service [req-3035e449-e6e3-435d-9108-470949c8af66 - - - - -] glance.enable_rbd_download = False log_opt_values /usr/lib/python3/dist-packages/oslo_config/cfg.py:2609
2025-06-30 00:43:41.965 119088 DEBUG oslo_service.service [req-3035e449-e6e3-435d-9108-470949c8af66 - - - - -] glance.endpoint_override = None log_opt_values /usr/lib/python3/dist-packages/oslo_config/cfg.py:2609
2025-06-30 00:43:41.965 119088 DEBUG oslo_service.service [req-3035e449-e6e3-435d-9108-470949c8af66 - - - - -] glance.insecure = False log_opt_values /usr/lib/python3/dist-packages/oslo_config/cfg.py:2609
2025-06-30 00:43:41.966 119088 DEBUG oslo_service.service [req-3035e449-e6e3-435d-9108-470949c8af66 - - - - -] glance.keyfile = None log_opt_values /usr/lib/python3/dist-packages/oslo_config/cfg.py:2609
2025-06-30 00:43:41.966 119088 DEBUG oslo_service.service [req-3035e449-e6e3-435d-9108-470949c8af66 - - - - -] glance.max_version = None log_opt_values /usr/lib/python3/dist-packages/oslo_config/cfg.py:2609
2025-06-30 00:43:41.966 119088 DEBUG oslo_service.service [req-3035e449-e6e3-435d-9108-470949c8af66 - - - - -] glance.min_version = None log_opt_values /usr/lib/python3/dist-packages/oslo_config/cfg.py:2609
2025-06-30 00:43:41.966 119088 DEBUG oslo_service.service [req-3035e449-e6e3-435d-9108-470949c8af66 - - - - -] glance.num_retries = 3 log_opt_values /usr/lib/python3/dist-packages/oslo_config/cfg.py:2609
2025-06-30 00:43:41.966 119088 DEBUG oslo_service.service [req-3035e449-e6e3-435d-9108-470949c8af66 - - - - -] glance.rbd_ceph_conf = log_opt_values /usr/lib/python3/dist-packages/oslo_config/cfg.py:2609
2025-06-30 00:43:41.967 119088 DEBUG oslo_service.service [req-3035e449-e6e3-435d-9108-470949c8af66 - - - - -] glance.rbd_connect_timeout = 5 log_opt_values /usr/lib/python3/dist-packages/oslo_config/cfg.py:2609
2025-06-30 00:43:41.967 119088 DEBUG oslo_service.service [req-3035e449-e6e3-435d-9108-470949c8af66 - - - - -] glance.rbd_pool = log_opt_values /usr/lib/python3/dist-packages/oslo_config/cfg.py:2609
2025-06-30 00:43:41.967 119088 DEBUG oslo_service.service [req-3035e449-e6e3-435d-9108-470949c8af66 - - - - -] glance.rbd_user = log_opt_values /usr/lib/python3/dist-packages/oslo_config/cfg.py:2609
2025-06-30 00:43:41.967 120773 DEBUG oslo_messaging._drivers.amqpdriver [-] AMQPListener connection timeout poll /usr/lib/python3/dist-packages/oslo_messaging/_drivers/amqpdriver.py:360
2025-06-30 00:43:41.967 119088 DEBUG oslo_service.service [req-3035e449-e6e3-435d-9108-470949c8af66 - - - - -] glance.region_name = None log_opt_values /usr/lib/python3/dist-packages/oslo_config/cfg.py:2609
2025-06-30 00:43:41.968 120773 DEBUG oslo_messaging._drivers.amqpdriver [-] Listener is running poll /usr/lib/python3/dist-packages/oslo_messaging/_drivers/amqpdriver.py:343
2025-06-30 00:43:41.968 120773 DEBUG oslo_messaging._drivers.amqpdriver [-] AMQPListener connection consume poll /usr/lib/python3/dist-packages/oslo_messaging/_drivers/amqpdriver.py:357
2025-06-30 00:43:41.968 119088 DEBUG oslo_service.service [req-3035e449-e6e3-435d-9108-470949c8af66 - - - - -] glance.service_name = None log_opt_values /usr/lib/python3/dist-packages/oslo_config/cfg.py:2609
2025-06-30 00:43:41.968 119088 DEBUG oslo_service.service [req-3035e449-e6e3-435d-9108-470949c8af66 - - - - -] glance.service_type = image log_opt_values /usr/lib/python3/dist-packages/oslo_config/cfg.py:2609
2025-06-30 00:43:41.968 119088 DEBUG oslo_service.service [req-3035e449-e6e3-435d-9108-470949c8af66 - - - - -] glance.split_loggers = False log_opt_values /usr/lib/python3/dist-packages/oslo_config/cfg.py:2609
2025-06-30 00:43:41.968 119088 DEBUG oslo_service.service [req-3035e449-e6e3-435d-9108-470949c8af66 - - - - -] glance.status_code_retries = None log_opt_values /usr/lib/python3/dist-packages/oslo_config/cfg.py:2609
2025-06-30 00:43:41.968 119088 DEBUG oslo_service.service [req-3035e449-e6e3-435d-9108-470949c8af66 - - - - -] glance.status_code_retry_delay = None log_opt_values /usr/lib/python3/dist-packages/oslo_config/cfg.py:2609
2025-06-30 00:43:41.969 119088 DEBUG oslo_service.service [req-3035e449-e6e3-435d-9108-470949c8af66 - - - - -] glance.timeout = None log_opt_values /usr/lib/python3/dist-packages/oslo_config/cfg.py:2609
2025-06-30 00:43:41.969 119088 DEBUG oslo_service.service [req-3035e449-e6e3-435d-9108-470949c8af66 - - - - -] glance.valid_interfaces = ['internal', 'public'] log_opt_values /usr/lib/python3/dist-packages/oslo_config/cfg.py:2609
2025-06-30 00:43:41.969 119088 DEBUG oslo_service.service [req-3035e449-e6e3-435d-9108-470949c8af66 - - - - -] glance.verify_glance_signatures = False log_opt_values /usr/lib/python3/dist-packages/oslo_config/cfg.py:2609
2025-06-30 00:43:41.969 119088 DEBUG oslo_service.service [req-3035e449-e6e3-435d-9108-470949c8af66 - - - - -] glance.version = None log_opt_values /usr/lib/python3/dist-packages/oslo_config/cfg.py:2609
2025-06-30 00:43:41.970 119088 DEBUG oslo_service.service [req-3035e449-e6e3-435d-9108-470949c8af66 - - - - -] guestfs.debug = False log_opt_values /usr/lib/python3/dist-packages/oslo_config/cfg.py:2609
2025-06-30 00:43:41.970 119088 DEBUG oslo_service.service [req-3035e449-e6e3-435d-9108-470949c8af66 - - - - -] hyperv.config_drive_cdrom = False log_opt_values /usr/lib/python3/dist-packages/oslo_config/cfg.py:2609
2025-06-30 00:43:41.970 119088 DEBUG oslo_service.service [req-3035e449-e6e3-435d-9108-470949c8af66 - - - - -] hyperv.config_drive_inject_password = False log_opt_values /usr/lib/python3/dist-packages/oslo_config/cfg.py:2609
2025-06-30 00:43:41.970 119088 DEBUG oslo_service.service [req-3035e449-e6e3-435d-9108-470949c8af66 - - - - -] hyperv.dynamic_memory_ratio = 1.0 log_opt_values /usr/lib/python3/dist-packages/oslo_config/cfg.py:2609
2025-06-30 00:43:41.971 120775 DEBUG oslo_messaging._drivers.amqpdriver [-] Listener is running poll /usr/lib/python3/dist-packages/oslo_messaging/_drivers/amqpdriver.py:343
2025-06-30 00:43:41.970 119088 DEBUG oslo_service.service [req-3035e449-e6e3-435d-9108-470949c8af66 - - - - -] hyperv.enable_instance_metrics_collection = False log_opt_values /usr/lib/python3/dist-packages/oslo_config/cfg.py:2609
2025-06-30 00:43:41.971 120775 DEBUG oslo_messaging._drivers.amqpdriver [-] AMQPListener connection consume poll /usr/lib/python3/dist-packages/oslo_messaging/_drivers/amqpdriver.py:357
2025-06-30 00:43:41.971 120776 DEBUG oslo_messaging._drivers.amqpdriver [-] Listener is running poll /usr/lib/python3/dist-packages/oslo_messaging/_drivers/amqpdriver.py:343
2025-06-30 00:43:41.971 119088 DEBUG oslo_service.service [req-3035e449-e6e3-435d-9108-470949c8af66 - - - - -] hyperv.enable_remotefx = False log_opt_values /usr/lib/python3/dist-packages/oslo_config/cfg.py:2609
2025-06-30 00:43:41.972 120776 DEBUG oslo_messaging._drivers.amqpdriver [-] AMQPListener connection consume poll /usr/lib/python3/dist-packages/oslo_messaging/_drivers/amqpdriver.py:357
2025-06-30 00:43:41.972 119088 DEBUG oslo_service.service [req-3035e449-e6e3-435d-9108-470949c8af66 - - - - -] hyperv.instances_path_share = log_opt_values /usr/lib/python3/dist-packages/oslo_config/cfg.py:2609
2025-06-30 00:43:41.972 120775 DEBUG nova.service [req-7c67ff0f-e227-42a6-b390-fae92faf975c - - - - -] Join ServiceGroup membership for this service scheduler start /usr/lib/python3/dist-packages/nova/service.py:199
2025-06-30 00:43:41.972 119088 DEBUG oslo_service.service [req-3035e449-e6e3-435d-9108-470949c8af66 - - - - -] hyperv.iscsi_initiator_list = [] log_opt_values /usr/lib/python3/dist-packages/oslo_config/cfg.py:2609
2025-06-30 00:43:41.972 120775 DEBUG nova.servicegroup.drivers.db [req-7c67ff0f-e227-42a6-b390-fae92faf975c - - - - -] DB_Driver: join new ServiceGroup member juju-36f194-0-lxd-7 to the scheduler group, service = join /usr/lib/python3/dist-packages/nova/servicegroup/drivers/db.py:44
2025-06-30 00:43:41.972 119088 DEBUG oslo_service.service [req-3035e449-e6e3-435d-9108-470949c8af66 - - - - -] hyperv.limit_cpu_features = False log_opt_values /usr/lib/python3/dist-packages/oslo_config/cfg.py:2609
2025-06-30 00:43:41.972 120776 DEBUG nova.service [req-c20f6610-64ae-49dc-8718-14fdd4008a69 - - - - -] Join ServiceGroup membership for this service scheduler start /usr/lib/python3/dist-packages/nova/service.py:199
2025-06-30 00:43:41.973 119088 DEBUG oslo_service.service [req-3035e449-e6e3-435d-9108-470949c8af66 - - - - -] hyperv.mounted_disk_query_retry_count = 10 log_opt_values /usr/lib/python3/dist-packages/oslo_config/cfg.py:2609
2025-06-30 00:43:41.973 120776 DEBUG nova.servicegroup.drivers.db [req-c20f6610-64ae-49dc-8718-14fdd4008a69 - - - - -] DB_Driver: join new ServiceGroup member juju-36f194-0-lxd-7 to the scheduler group, service = join /usr/lib/python3/dist-packages/nova/servicegroup/drivers/db.py:44
2025-06-30 00:43:41.973 119088 DEBUG oslo_service.service [req-3035e449-e6e3-435d-9108-470949c8af66 - - - - -] hyperv.mounted_disk_query_retry_interval = 5 log_opt_values /usr/lib/python3/dist-packages/oslo_config/cfg.py:2609
2025-06-30 00:43:41.973 119088 DEBUG oslo_service.service [req-3035e449-e6e3-435d-9108-470949c8af66 - - - - -] hyperv.power_state_check_timeframe = 60 log_opt_values /usr/lib/python3/dist-packages/oslo_config/cfg.py:2609
2025-06-30 00:43:41.973 119088 DEBUG oslo_service.service [req-3035e449-e6e3-435d-9108-470949c8af66 - - - - -] hyperv.power_state_event_polling_interval = 2 log_opt_values /usr/lib/python3/dist-packages/oslo_config/cfg.py:2609
2025-06-30 00:43:41.974 119088 DEBUG oslo_service.service [req-3035e449-e6e3-435d-9108-470949c8af66 - - - - -] hyperv.qemu_img_cmd = qemu-img.exe log_opt_values /usr/lib/python3/dist-packages/oslo_config/cfg.py:2609
2025-06-30 00:43:41.974 119088 DEBUG oslo_service.service [req-3035e449-e6e3-435d-9108-470949c8af66 - - - - -] hyperv.use_multipath_io = False log_opt_values /usr/lib/python3/dist-packages/oslo_config/cfg.py:2609
2025-06-30 00:43:41.974 119088 DEBUG oslo_service.service [req-3035e449-e6e3-435d-9108-470949c8af66 - - - - -] hyperv.volume_attach_retry_count = 10 log_opt_values /usr/lib/python3/dist-packages/oslo_config/cfg.py:2609
2025-06-30 00:43:41.974 119088 DEBUG oslo_service.service [req-3035e449-e6e3-435d-9108-470949c8af66 - - - - -] hyperv.volume_attach_retry_interval = 5 log_opt_values /usr/lib/python3/dist-packages/oslo_config/cfg.py:2609
2025-06-30 00:43:41.974 119088 DEBUG oslo_service.service [req-3035e449-e6e3-435d-9108-470949c8af66 - - - - -] hyperv.vswitch_name = None log_opt_values /usr/lib/python3/dist-packages/oslo_config/cfg.py:2609
2025-06-30 00:43:41.975 119088 DEBUG oslo_service.service [req-3035e449-e6e3-435d-9108-470949c8af66 - - - - -] hyperv.wait_soft_reboot_seconds = 60 log_opt_values /usr/lib/python3/dist-packages/oslo_config/cfg.py:2609
2025-06-30 00:43:41.975 120775 DEBUG oslo_messaging._drivers.amqpdriver [-] AMQPListener connection timeout poll /usr/lib/python3/dist-packages/oslo_messaging/_drivers/amqpdriver.py:360
2025-06-30 00:43:41.975 120776 DEBUG oslo_messaging._drivers.amqpdriver [-] AMQPListener connection timeout poll /usr/lib/python3/dist-packages/oslo_messaging/_drivers/amqpdriver.py:360
2025-06-30 00:43:41.975 120775 DEBUG oslo_messaging._drivers.amqpdriver [-] Listener is running poll /usr/lib/python3/dist-packages/oslo_messaging/_drivers/amqpdriver.py:343
2025-06-30 00:43:41.975 120776 DEBUG oslo_messaging._drivers.amqpdriver [-] Listener is running poll /usr/lib/python3/dist-packages/oslo_messaging/_drivers/amqpdriver.py:343
2025-06-30 00:43:41.975 120775 DEBUG oslo_messaging._drivers.amqpdriver [-] AMQPListener connection consume poll /usr/lib/python3/dist-packages/oslo_messaging/_drivers/amqpdriver.py:357
2025-06-30 00:43:41.975 119088 DEBUG oslo_service.service [req-3035e449-e6e3-435d-9108-470949c8af66 - - - - -] mks.enabled = False log_opt_values /usr/lib/python3/dist-packages/oslo_config/cfg.py:2609
2025-06-30 00:43:41.975 120776 DEBUG oslo_messaging._drivers.amqpdriver [-] AMQPListener connection consume poll /usr/lib/python3/dist-packages/oslo_messaging/_drivers/amqpdriver.py:357
2025-06-30 00:43:41.976 119088 DEBUG oslo_service.service [req-3035e449-e6e3-435d-9108-470949c8af66 - - - - -] mks.mksproxy_base_url = http://127.0.0.1:6090/ log_opt_values /usr/lib/python3/dist-packages/oslo_config/cfg.py:2609
2025-06-30 00:43:41.976 119088 DEBUG oslo_service.service [req-3035e449-e6e3-435d-9108-470949c8af66 - - - - -] image_cache.manager_interval = 2400 log_opt_values /usr/lib/python3/dist-packages/oslo_config/cfg.py:2609
2025-06-30 00:43:41.976 119088 DEBUG oslo_service.service [req-3035e449-e6e3-435d-9108-470949c8af66 - - - - -] image_cache.precache_concurrency = 1 log_opt_values /usr/lib/python3/dist-packages/oslo_config/cfg.py:2609
2025-06-30 00:43:41.977 119088 DEBUG oslo_service.service [req-3035e449-e6e3-435d-9108-470949c8af66 - - - - -] image_cache.remove_unused_base_images = True log_opt_values /usr/lib/python3/dist-packages/oslo_config/cfg.py:2609
2025-06-30 00:43:41.977 119088 DEBUG oslo_service.service [req-3035e449-e6e3-435d-9108-470949c8af66 - - - - -] image_cache.remove_unused_original_minimum_age_seconds = 86400 log_opt_values /usr/lib/python3/dist-packages/oslo_config/cfg.py:2609
2025-06-30 00:43:41.977 119088 DEBUG oslo_service.service [req-3035e449-e6e3-435d-9108-470949c8af66 - - - - -] image_cache.remove_unused_resized_minimum_age_seconds = 3600 log_opt_values /usr/lib/python3/dist-packages/oslo_config/cfg.py:2609
2025-06-30 00:43:41.978 119088 DEBUG oslo_service.service [req-3035e449-e6e3-435d-9108-470949c8af66 - - - - -] image_cache.subdirectory_name = _base log_opt_values /usr/lib/python3/dist-packages/oslo_config/cfg.py:2609
2025-06-30 00:43:41.978 119088 DEBUG oslo_service.service [req-3035e449-e6e3-435d-9108-470949c8af66 - - - - -] ironic.api_max_retries = 60 log_opt_values /usr/lib/python3/dist-packages/oslo_config/cfg.py:2609
2025-06-30 00:43:41.978 119088 DEBUG oslo_service.service [req-3035e449-e6e3-435d-9108-470949c8af66 - - - - -] ironic.api_retry_interval = 2 log_opt_values /usr/lib/python3/dist-packages/oslo_config/cfg.py:2609
2025-06-30 00:43:41.978 119088 DEBUG oslo_service.service [req-3035e449-e6e3-435d-9108-470949c8af66 - - - - -] ironic.auth_section = None log_opt_values /usr/lib/python3/dist-packages/oslo_config/cfg.py:2609
2025-06-30 00:43:41.978 119088 DEBUG oslo_service.service [req-3035e449-e6e3-435d-9108-470949c8af66 - - - - -] ironic.auth_type = None log_opt_values /usr/lib/python3/dist-packages/oslo_config/cfg.py:2609
2025-06-30 00:43:41.978 119088 DEBUG oslo_service.service [req-3035e449-e6e3-435d-9108-470949c8af66 - - - - -] ironic.cafile = None log_opt_values /usr/lib/python3/dist-packages/oslo_config/cfg.py:2609
2025-06-30 00:43:41.979 119088 DEBUG oslo_service.service [req-3035e449-e6e3-435d-9108-470949c8af66 - - - - -] ironic.certfile = None log_opt_values /usr/lib/python3/dist-packages/oslo_config/cfg.py:2609
2025-06-30 00:43:41.979 119088 DEBUG oslo_service.service [req-3035e449-e6e3-435d-9108-470949c8af66 - - - - -] ironic.collect_timing = False log_opt_values /usr/lib/python3/dist-packages/oslo_config/cfg.py:2609
2025-06-30 00:43:41.979 119088 DEBUG oslo_service.service [req-3035e449-e6e3-435d-9108-470949c8af66 - - - - -] ironic.connect_retries = None log_opt_values /usr/lib/python3/dist-packages/oslo_config/cfg.py:2609
2025-06-30 00:43:41.979 119088 DEBUG oslo_service.service [req-3035e449-e6e3-435d-9108-470949c8af66 - - - - -] ironic.connect_retry_delay = None log_opt_values /usr/lib/python3/dist-packages/oslo_config/cfg.py:2609
2025-06-30 00:43:41.979 119088 DEBUG oslo_service.service [req-3035e449-e6e3-435d-9108-470949c8af66 - - - - -] ironic.endpoint_override = None log_opt_values /usr/lib/python3/dist-packages/oslo_config/cfg.py:2609
2025-06-30 00:43:41.979 119088 DEBUG oslo_service.service [req-3035e449-e6e3-435d-9108-470949c8af66 - - - - -] ironic.insecure = False log_opt_values /usr/lib/python3/dist-packages/oslo_config/cfg.py:2609
2025-06-30 00:43:41.980 119088 DEBUG oslo_service.service [req-3035e449-e6e3-435d-9108-470949c8af66 - - - - -] ironic.keyfile = None log_opt_values /usr/lib/python3/dist-packages/oslo_config/cfg.py:2609
2025-06-30 00:43:41.980 119088 DEBUG oslo_service.service [req-3035e449-e6e3-435d-9108-470949c8af66 - - - - -] ironic.max_version = None log_opt_values /usr/lib/python3/dist-packages/oslo_config/cfg.py:2609
2025-06-30 00:43:41.980 119088 DEBUG oslo_service.service [req-3035e449-e6e3-435d-9108-470949c8af66 - - - - -] ironic.min_version = None log_opt_values /usr/lib/python3/dist-packages/oslo_config/cfg.py:2609
2025-06-30 00:43:41.980 119088 DEBUG oslo_service.service [req-3035e449-e6e3-435d-9108-470949c8af66 - - - - -] ironic.partition_key = None log_opt_values /usr/lib/python3/dist-packages/oslo_config/cfg.py:2609
2025-06-30 00:43:41.980 119088 DEBUG oslo_service.service [req-3035e449-e6e3-435d-9108-470949c8af66 - - - - -] ironic.peer_list = [] log_opt_values /usr/lib/python3/dist-packages/oslo_config/cfg.py:2609
2025-06-30 00:43:41.980 119088 DEBUG oslo_service.service [req-3035e449-e6e3-435d-9108-470949c8af66 - - - - -] ironic.region_name = None log_opt_values /usr/lib/python3/dist-packages/oslo_config/cfg.py:2609
2025-06-30 00:43:41.981 119088 DEBUG oslo_service.service [req-3035e449-e6e3-435d-9108-470949c8af66 - - - - -] ironic.serial_console_state_timeout = 10 log_opt_values /usr/lib/python3/dist-packages/oslo_config/cfg.py:2609
2025-06-30 00:43:41.982 119088 DEBUG oslo_service.service [req-3035e449-e6e3-435d-9108-470949c8af66 - - - - -] ironic.service_name = None log_opt_values /usr/lib/python3/dist-packages/oslo_config/cfg.py:2609
2025-06-30 00:43:41.982 119088 DEBUG oslo_service.service [req-3035e449-e6e3-435d-9108-470949c8af66 - - - - -] ironic.service_type = baremetal log_opt_values /usr/lib/python3/dist-packages/oslo_config/cfg.py:2609
2025-06-30 00:43:41.982 119088 DEBUG oslo_service.service [req-3035e449-e6e3-435d-9108-470949c8af66 - - - - -] ironic.split_loggers = False log_opt_values /usr/lib/python3/dist-packages/oslo_config/cfg.py:2609
2025-06-30 00:43:41.982 119088 DEBUG oslo_service.service [req-3035e449-e6e3-435d-9108-470949c8af66 - - - - -] ironic.status_code_retries = None log_opt_values /usr/lib/python3/dist-packages/oslo_config/cfg.py:2609
2025-06-30 00:43:41.983 119088 DEBUG oslo_service.service [req-3035e449-e6e3-435d-9108-470949c8af66 - - - - -] ironic.status_code_retry_delay = None log_opt_values /usr/lib/python3/dist-packages/oslo_config/cfg.py:2609
2025-06-30 00:43:41.983 119088 DEBUG oslo_service.service [req-3035e449-e6e3-435d-9108-470949c8af66 - - - - -] ironic.timeout = None log_opt_values /usr/lib/python3/dist-packages/oslo_config/cfg.py:2609
