2025-06-26 00:34:24.793 36256 DEBUG oslo_service.service [-] clients_nova.insecure = None log_opt_values /usr/lib/python3/dist-packages/oslo_config/cfg.py:2609
2025-06-26 00:34:24.794 36256 DEBUG oslo_service.service [-] clients_nova.key_file = None log_opt_values /usr/lib/python3/dist-packages/oslo_config/cfg.py:2609
2025-06-26 00:34:24.794 36256 DEBUG oslo_service.service [-] clients_octavia.ca_file = None log_opt_values /usr/lib/python3/dist-packages/oslo_config/cfg.py:2609
2025-06-26 00:34:24.794 36256 DEBUG oslo_service.service [-] clients_octavia.cert_file = None log_opt_values /usr/lib/python3/dist-packages/oslo_config/cfg.py:2609
2025-06-26 00:34:24.794 36256 DEBUG oslo_service.service [-] clients_octavia.endpoint_type = None log_opt_values /usr/lib/python3/dist-packages/oslo_config/cfg.py:2609
2025-06-26 00:34:24.794 36256 DEBUG oslo_service.service [-] clients_octavia.insecure = None log_opt_values /usr/lib/python3/dist-packages/oslo_config/cfg.py:2609
2025-06-26 00:34:24.794 36256 DEBUG oslo_service.service [-] clients_octavia.key_file = None log_opt_values /usr/lib/python3/dist-packages/oslo_config/cfg.py:2609
2025-06-26 00:34:24.794 36256 DEBUG oslo_service.service [-] clients_sahara.ca_file = None log_opt_values /usr/lib/python3/dist-packages/oslo_config/cfg.py:2609
2025-06-26 00:34:24.794 36256 DEBUG oslo_service.service [-] clients_sahara.cert_file = None log_opt_values /usr/lib/python3/dist-packages/oslo_config/cfg.py:2609
2025-06-26 00:34:24.795 36256 DEBUG oslo_service.service [-] clients_sahara.endpoint_type = None log_opt_values /usr/lib/python3/dist-packages/oslo_config/cfg.py:2609
2025-06-26 00:34:24.795 36256 DEBUG oslo_service.service [-] clients_sahara.insecure = None log_opt_values /usr/lib/python3/dist-packages/oslo_config/cfg.py:2609
2025-06-26 00:34:24.795 36256 DEBUG oslo_service.service [-] clients_sahara.key_file = None log_opt_values /usr/lib/python3/dist-packages/oslo_config/cfg.py:2609
2025-06-26 00:34:24.797 36256 DEBUG oslo_service.service [-] clients_senlin.ca_file = None log_opt_values /usr/lib/python3/dist-packages/oslo_config/cfg.py:2609
2025-06-26 00:34:24.802 36256 DEBUG oslo_service.service [-] clients_senlin.cert_file = None log_opt_values /usr/lib/python3/dist-packages/oslo_config/cfg.py:2609
2025-06-26 00:34:24.802 36256 DEBUG oslo_service.service [-] clients_senlin.endpoint_type = None log_opt_values /usr/lib/python3/dist-packages/oslo_config/cfg.py:2609
2025-06-26 00:34:24.802 36256 DEBUG oslo_service.service [-] clients_senlin.insecure = None log_opt_values /usr/lib/python3/dist-packages/oslo_config/cfg.py:2609
2025-06-26 00:34:24.806 36256 DEBUG oslo_service.service [-] clients_senlin.key_file = None log_opt_values /usr/lib/python3/dist-packages/oslo_config/cfg.py:2609
2025-06-26 00:34:24.809 36256 DEBUG oslo_service.service [-] clients_swift.ca_file = None log_opt_values /usr/lib/python3/dist-packages/oslo_config/cfg.py:2609
2025-06-26 00:34:24.809 36256 DEBUG oslo_service.service [-] clients_swift.cert_file = None log_opt_values /usr/lib/python3/dist-packages/oslo_config/cfg.py:2609
2025-06-26 00:34:24.809 36256 DEBUG oslo_service.service [-] clients_swift.endpoint_type = None log_opt_values /usr/lib/python3/dist-packages/oslo_config/cfg.py:2609
2025-06-26 00:34:24.809 36256 DEBUG oslo_service.service [-] clients_swift.insecure = None log_opt_values /usr/lib/python3/dist-packages/oslo_config/cfg.py:2609
2025-06-26 00:34:24.809 36256 DEBUG oslo_service.service [-] clients_swift.key_file = None log_opt_values /usr/lib/python3/dist-packages/oslo_config/cfg.py:2609
2025-06-26 00:34:24.809 36256 DEBUG oslo_service.service [-] clients_trove.ca_file = None log_opt_values /usr/lib/python3/dist-packages/oslo_config/cfg.py:2609
2025-06-26 00:34:24.809 36256 DEBUG oslo_service.service [-] clients_trove.cert_file = None log_opt_values /usr/lib/python3/dist-packages/oslo_config/cfg.py:2609
2025-06-26 00:34:24.809 36256 DEBUG oslo_service.service [-] clients_trove.endpoint_type = None log_opt_values /usr/lib/python3/dist-packages/oslo_config/cfg.py:2609
2025-06-26 00:34:24.810 36256 DEBUG oslo_service.service [-] clients_trove.insecure = None log_opt_values /usr/lib/python3/dist-packages/oslo_config/cfg.py:2609
2025-06-26 00:34:24.810 36256 DEBUG oslo_service.service [-] clients_trove.key_file = None log_opt_values /usr/lib/python3/dist-packages/oslo_config/cfg.py:2609
2025-06-26 00:34:24.810 36256 DEBUG oslo_service.service [-] clients_vitrage.ca_file = None log_opt_values /usr/lib/python3/dist-packages/oslo_config/cfg.py:2609
2025-06-26 00:34:24.810 36256 DEBUG oslo_service.service [-] clients_vitrage.cert_file = None log_opt_values /usr/lib/python3/dist-packages/oslo_config/cfg.py:2609
2025-06-26 00:34:24.810 36256 DEBUG oslo_service.service [-] clients_vitrage.endpoint_type = None log_opt_values /usr/lib/python3/dist-packages/oslo_config/cfg.py:2609
2025-06-26 00:34:24.810 36256 DEBUG oslo_service.service [-] clients_vitrage.insecure = None log_opt_values /usr/lib/python3/dist-packages/oslo_config/cfg.py:2609
2025-06-26 00:34:24.810 36256 DEBUG oslo_service.service [-] clients_vitrage.key_file = None log_opt_values /usr/lib/python3/dist-packages/oslo_config/cfg.py:2609
2025-06-26 00:34:24.810 36256 DEBUG oslo_service.service [-] clients_zaqar.ca_file = None log_opt_values /usr/lib/python3/dist-packages/oslo_config/cfg.py:2609
2025-06-26 00:34:24.811 36256 DEBUG oslo_service.service [-] clients_zaqar.cert_file = None log_opt_values /usr/lib/python3/dist-packages/oslo_config/cfg.py:2609
2025-06-26 00:34:24.811 36256 DEBUG oslo_service.service [-] clients_zaqar.endpoint_type = None log_opt_values /usr/lib/python3/dist-packages/oslo_config/cfg.py:2609
2025-06-26 00:34:24.811 36256 DEBUG oslo_service.service [-] clients_zaqar.insecure = None log_opt_values /usr/lib/python3/dist-packages/oslo_config/cfg.py:2609
2025-06-26 00:34:24.811 36256 DEBUG oslo_service.service [-] clients_zaqar.key_file = None log_opt_values /usr/lib/python3/dist-packages/oslo_config/cfg.py:2609
2025-06-26 00:34:24.811 36256 DEBUG oslo_service.service [-] database.backend = sqlalchemy log_opt_values /usr/lib/python3/dist-packages/oslo_config/cfg.py:2609
2025-06-26 00:34:24.811 36256 DEBUG oslo_service.service [-] database.connection = **** log_opt_values /usr/lib/python3/dist-packages/oslo_config/cfg.py:2609
2025-06-26 00:34:24.811 36256 DEBUG oslo_service.service [-] database.connection_debug = 0 log_opt_values /usr/lib/python3/dist-packages/oslo_config/cfg.py:2609
2025-06-26 00:34:24.811 36256 DEBUG oslo_service.service [-] database.connection_parameters = log_opt_values /usr/lib/python3/dist-packages/oslo_config/cfg.py:2609
2025-06-26 00:34:24.812 36256 DEBUG oslo_service.service [-] database.connection_recycle_time = 3600 log_opt_values /usr/lib/python3/dist-packages/oslo_config/cfg.py:2609
2025-06-26 00:34:24.812 36256 DEBUG oslo_service.service [-] database.connection_trace = False log_opt_values /usr/lib/python3/dist-packages/oslo_config/cfg.py:2609
2025-06-26 00:34:24.812 36256 DEBUG oslo_service.service [-] database.db_inc_retry_interval = True log_opt_values /usr/lib/python3/dist-packages/oslo_config/cfg.py:2609
2025-06-26 00:34:24.812 36256 DEBUG oslo_service.service [-] database.db_max_retries = 20 log_opt_values /usr/lib/python3/dist-packages/oslo_config/cfg.py:2609
2025-06-26 00:34:24.813 36256 DEBUG oslo_service.service [-] database.db_max_retry_interval = 10 log_opt_values /usr/lib/python3/dist-packages/oslo_config/cfg.py:2609
2025-06-26 00:34:24.813 36256 DEBUG oslo_service.service [-] database.db_retry_interval = 1 log_opt_values /usr/lib/python3/dist-packages/oslo_config/cfg.py:2609
2025-06-26 00:34:24.813 36256 DEBUG oslo_service.service [-] database.max_overflow = 50 log_opt_values /usr/lib/python3/dist-packages/oslo_config/cfg.py:2609
2025-06-26 00:34:24.813 36256 DEBUG oslo_service.service [-] database.max_pool_size = 5 log_opt_values /usr/lib/python3/dist-packages/oslo_config/cfg.py:2609
2025-06-26 00:34:24.813 36256 DEBUG oslo_service.service [-] database.max_retries = 10 log_opt_values /usr/lib/python3/dist-packages/oslo_config/cfg.py:2609
2025-06-26 00:34:24.814 36256 DEBUG oslo_service.service [-] database.mysql_enable_ndb = False log_opt_values /usr/lib/python3/dist-packages/oslo_config/cfg.py:2609
2025-06-26 00:34:24.814 36256 DEBUG oslo_service.service [-] database.mysql_sql_mode = TRADITIONAL log_opt_values /usr/lib/python3/dist-packages/oslo_config/cfg.py:2609
2025-06-26 00:34:24.815 36256 DEBUG oslo_service.service [-] database.pool_timeout = None log_opt_values /usr/lib/python3/dist-packages/oslo_config/cfg.py:2609
2025-06-26 00:34:24.815 36256 DEBUG oslo_service.service [-] database.retry_interval = 10 log_opt_values /usr/lib/python3/dist-packages/oslo_config/cfg.py:2609
2025-06-26 00:34:24.815 36256 DEBUG oslo_service.service [-] database.slave_connection = **** log_opt_values /usr/lib/python3/dist-packages/oslo_config/cfg.py:2609
2025-06-26 00:34:24.815 36256 DEBUG oslo_service.service [-] database.sqlite_synchronous = True log_opt_values /usr/lib/python3/dist-packages/oslo_config/cfg.py:2609
2025-06-26 00:34:24.815 36256 DEBUG oslo_service.service [-] database.use_db_reconnect = False log_opt_values /usr/lib/python3/dist-packages/oslo_config/cfg.py:2609
2025-06-26 00:34:24.815 36256 DEBUG oslo_service.service [-] oslo_messaging_metrics.metrics_buffer_size = 1000 log_opt_values /usr/lib/python3/dist-packages/oslo_config/cfg.py:2609
2025-06-26 00:34:24.815 36256 DEBUG oslo_service.service [-] oslo_messaging_metrics.metrics_enabled = False log_opt_values /usr/lib/python3/dist-packages/oslo_config/cfg.py:2609
2025-06-26 00:34:24.816 36256 DEBUG oslo_service.service [-] oslo_messaging_metrics.metrics_process_name = log_opt_values /usr/lib/python3/dist-packages/oslo_config/cfg.py:2609
2025-06-26 00:34:24.816 36256 DEBUG oslo_service.service [-] oslo_messaging_metrics.metrics_socket_file = /var/tmp/metrics_collector.sock log_opt_values /usr/lib/python3/dist-packages/oslo_config/cfg.py:2609
2025-06-26 00:34:24.816 36256 DEBUG oslo_service.service [-] oslo_messaging_metrics.metrics_thread_stop_timeout = 10 log_opt_values /usr/lib/python3/dist-packages/oslo_config/cfg.py:2609
2025-06-26 00:34:24.816 36256 DEBUG oslo_service.service [-] oslo_policy.enforce_new_defaults = False log_opt_values /usr/lib/python3/dist-packages/oslo_config/cfg.py:2609
2025-06-26 00:34:24.816 36256 DEBUG oslo_service.service [-] oslo_policy.enforce_scope = False log_opt_values /usr/lib/python3/dist-packages/oslo_config/cfg.py:2609
2025-06-26 00:34:24.816 36256 DEBUG oslo_service.service [-] oslo_policy.policy_default_rule = default log_opt_values /usr/lib/python3/dist-packages/oslo_config/cfg.py:2609
2025-06-26 00:34:24.816 36256 DEBUG oslo_service.service [-] oslo_policy.policy_dirs = ['policy.d'] log_opt_values /usr/lib/python3/dist-packages/oslo_config/cfg.py:2609
2025-06-26 00:34:24.816 36256 DEBUG oslo_service.service [-] oslo_policy.policy_file = policy.yaml log_opt_values /usr/lib/python3/dist-packages/oslo_config/cfg.py:2609
2025-06-26 00:34:24.816 36472 DEBUG oslo_db.sqlalchemy.engines [req-acd699a4-5eff-4cd4-8068-f5639e1d3f21 - - - - -] MySQL server mode set to STRICT_TRANS_TABLES,STRICT_ALL_TABLES,NO_ZERO_IN_DATE,NO_ZERO_DATE,ERROR_FOR_DIVISION_BY_ZERO,TRADITIONAL,NO_ENGINE_SUBSTITUTION _check_effective_sql_mode /usr/lib/python3/dist-packages/oslo_db/sqlalchemy/engines.py:314
2025-06-26 00:34:24.817 36256 DEBUG oslo_service.service [-] oslo_policy.remote_content_type = application/x-www-form-urlencoded log_opt_values /usr/lib/python3/dist-packages/oslo_config/cfg.py:2609
2025-06-26 00:34:24.817 36256 DEBUG oslo_service.service [-] oslo_policy.remote_ssl_ca_crt_file = None log_opt_values /usr/lib/python3/dist-packages/oslo_config/cfg.py:2609
2025-06-26 00:34:24.817 36256 DEBUG oslo_service.service [-] oslo_policy.remote_ssl_client_crt_file = None log_opt_values /usr/lib/python3/dist-packages/oslo_config/cfg.py:2609
2025-06-26 00:34:24.817 36256 DEBUG oslo_service.service [-] oslo_policy.remote_ssl_client_key_file = None log_opt_values /usr/lib/python3/dist-packages/oslo_config/cfg.py:2609
2025-06-26 00:34:24.817 36256 DEBUG oslo_service.service [-] oslo_policy.remote_ssl_verify_server_crt = False log_opt_values /usr/lib/python3/dist-packages/oslo_config/cfg.py:2609
2025-06-26 00:34:24.817 36470 DEBUG oslo_db.sqlalchemy.engines [req-11908ba4-1334-42a3-846b-e8cc5b7417b1 - - - - -] MySQL server mode set to STRICT_TRANS_TABLES,STRICT_ALL_TABLES,NO_ZERO_IN_DATE,NO_ZERO_DATE,ERROR_FOR_DIVISION_BY_ZERO,TRADITIONAL,NO_ENGINE_SUBSTITUTION _check_effective_sql_mode /usr/lib/python3/dist-packages/oslo_db/sqlalchemy/engines.py:314
2025-06-26 00:34:24.817 36256 DEBUG oslo_service.service [-] trustee.auth_section = None log_opt_values /usr/lib/python3/dist-packages/oslo_config/cfg.py:2609
2025-06-26 00:34:24.819 36256 WARNING oslo_config.cfg [-] Deprecated: Option "auth_plugin" from group "trustee" is deprecated. Use option "auth_type" from group "trustee".
2025-06-26 00:34:24.820 36256 DEBUG oslo_service.service [-] trustee.auth_type = password log_opt_values /usr/lib/python3/dist-packages/oslo_config/cfg.py:2609
2025-06-26 00:34:24.821 36256 DEBUG oslo_service.service [-] oslo_versionedobjects.fatal_exception_format_errors = False log_opt_values /usr/lib/python3/dist-packages/oslo_config/cfg.py:2609
2025-06-26 00:34:24.821 36256 DEBUG oslo_service.service [-] oslo_messaging_rabbit.amqp_auto_delete = False log_opt_values /usr/lib/python3/dist-packages/oslo_config/cfg.py:2609
2025-06-26 00:34:24.821 36256 DEBUG oslo_service.service [-] oslo_messaging_rabbit.amqp_durable_queues = False log_opt_values /usr/lib/python3/dist-packages/oslo_config/cfg.py:2609
2025-06-26 00:34:24.821 36256 DEBUG oslo_service.service [-] oslo_messaging_rabbit.conn_pool_min_size = 2 log_opt_values /usr/lib/python3/dist-packages/oslo_config/cfg.py:2609
2025-06-26 00:34:24.821 36256 DEBUG oslo_service.service [-] oslo_messaging_rabbit.conn_pool_ttl = 1200 log_opt_values /usr/lib/python3/dist-packages/oslo_config/cfg.py:2609
2025-06-26 00:34:24.822 36256 DEBUG oslo_service.service [-] oslo_messaging_rabbit.direct_mandatory_flag = True log_opt_values /usr/lib/python3/dist-packages/oslo_config/cfg.py:2609
2025-06-26 00:34:24.822 36256 DEBUG oslo_service.service [-] oslo_messaging_rabbit.enable_cancel_on_failover = False log_opt_values /usr/lib/python3/dist-packages/oslo_config/cfg.py:2609
2025-06-26 00:34:24.822 36256 DEBUG oslo_service.service [-] oslo_messaging_rabbit.heartbeat_in_pthread = False log_opt_values /usr/lib/python3/dist-packages/oslo_config/cfg.py:2609
2025-06-26 00:34:24.822 36256 DEBUG oslo_service.service [-] oslo_messaging_rabbit.heartbeat_rate = 2 log_opt_values /usr/lib/python3/dist-packages/oslo_config/cfg.py:2609
2025-06-26 00:34:24.823 36256 DEBUG oslo_service.service [-] oslo_messaging_rabbit.heartbeat_timeout_threshold = 60 log_opt_values /usr/lib/python3/dist-packages/oslo_config/cfg.py:2609
2025-06-26 00:34:24.826 36256 DEBUG oslo_service.service [-] oslo_messaging_rabbit.kombu_compression = None log_opt_values /usr/lib/python3/dist-packages/oslo_config/cfg.py:2609
2025-06-26 00:34:24.826 36256 DEBUG oslo_service.service [-] oslo_messaging_rabbit.kombu_failover_strategy = round-robin log_opt_values /usr/lib/python3/dist-packages/oslo_config/cfg.py:2609
2025-06-26 00:34:24.826 36256 DEBUG oslo_service.service [-] oslo_messaging_rabbit.kombu_missing_consumer_retry_timeout = 60 log_opt_values /usr/lib/python3/dist-packages/oslo_config/cfg.py:2609
2025-06-26 00:34:24.826 36256 DEBUG oslo_service.service [-] oslo_messaging_rabbit.kombu_reconnect_delay = 1.0 log_opt_values /usr/lib/python3/dist-packages/oslo_config/cfg.py:2609
2025-06-26 00:34:24.826 36256 DEBUG oslo_service.service [-] oslo_messaging_rabbit.rabbit_ha_queues = False log_opt_values /usr/lib/python3/dist-packages/oslo_config/cfg.py:2609
2025-06-26 00:34:24.827 36256 DEBUG oslo_service.service [-] oslo_messaging_rabbit.rabbit_interval_max = 30 log_opt_values /usr/lib/python3/dist-packages/oslo_config/cfg.py:2609
2025-06-26 00:34:24.827 36256 DEBUG oslo_service.service [-] oslo_messaging_rabbit.rabbit_login_method = AMQPLAIN log_opt_values /usr/lib/python3/dist-packages/oslo_config/cfg.py:2609
2025-06-26 00:34:24.827 36256 DEBUG oslo_service.service [-] oslo_messaging_rabbit.rabbit_qos_prefetch_count = 0 log_opt_values /usr/lib/python3/dist-packages/oslo_config/cfg.py:2609
2025-06-26 00:34:24.827 36256 DEBUG oslo_service.service [-] oslo_messaging_rabbit.rabbit_quorum_queue = False log_opt_values /usr/lib/python3/dist-packages/oslo_config/cfg.py:2609
2025-06-26 00:34:24.827 36256 DEBUG oslo_service.service [-] oslo_messaging_rabbit.rabbit_retry_backoff = 2 log_opt_values /usr/lib/python3/dist-packages/oslo_config/cfg.py:2609
2025-06-26 00:34:24.827 36256 DEBUG oslo_service.service [-] oslo_messaging_rabbit.rabbit_retry_interval = 1 log_opt_values /usr/lib/python3/dist-packages/oslo_config/cfg.py:2609
2025-06-26 00:34:24.827 36256 DEBUG oslo_service.service [-] oslo_messaging_rabbit.rabbit_transient_queues_ttl = 1800 log_opt_values /usr/lib/python3/dist-packages/oslo_config/cfg.py:2609
2025-06-26 00:34:24.827 36256 DEBUG oslo_service.service [-] oslo_messaging_rabbit.rpc_conn_pool_size = 30 log_opt_values /usr/lib/python3/dist-packages/oslo_config/cfg.py:2609
2025-06-26 00:34:24.827 36256 DEBUG oslo_service.service [-] oslo_messaging_rabbit.ssl = False log_opt_values /usr/lib/python3/dist-packages/oslo_config/cfg.py:2609
2025-06-26 00:34:24.828 36256 DEBUG oslo_service.service [-] oslo_messaging_rabbit.ssl_ca_file = log_opt_values /usr/lib/python3/dist-packages/oslo_config/cfg.py:2609
2025-06-26 00:34:24.828 36256 DEBUG oslo_service.service [-] oslo_messaging_rabbit.ssl_cert_file = log_opt_values /usr/lib/python3/dist-packages/oslo_config/cfg.py:2609
2025-06-26 00:34:24.833 36473 DEBUG oslo_db.sqlalchemy.engines [req-e9152ca4-816f-4ad1-a0c5-f2e000cbbc18 - - - - -] MySQL server mode set to STRICT_TRANS_TABLES,STRICT_ALL_TABLES,NO_ZERO_IN_DATE,NO_ZERO_DATE,ERROR_FOR_DIVISION_BY_ZERO,TRADITIONAL,NO_ENGINE_SUBSTITUTION _check_effective_sql_mode /usr/lib/python3/dist-packages/oslo_db/sqlalchemy/engines.py:314
2025-06-26 00:34:24.828 36256 DEBUG oslo_service.service [-] oslo_messaging_rabbit.ssl_key_file = log_opt_values /usr/lib/python3/dist-packages/oslo_config/cfg.py:2609
2025-06-26 00:34:24.834 36256 DEBUG oslo_service.service [-] oslo_messaging_rabbit.ssl_version = log_opt_values /usr/lib/python3/dist-packages/oslo_config/cfg.py:2609
2025-06-26 00:34:24.835 36256 DEBUG oslo_service.service [-] oslo_messaging_notifications.driver = [] log_opt_values /usr/lib/python3/dist-packages/oslo_config/cfg.py:2609
2025-06-26 00:34:24.835 36256 DEBUG oslo_service.service [-] oslo_messaging_notifications.retry = -1 log_opt_values /usr/lib/python3/dist-packages/oslo_config/cfg.py:2609
2025-06-26 00:34:24.835 36256 DEBUG oslo_service.service [-] oslo_messaging_notifications.topics = ['notifications'] log_opt_values /usr/lib/python3/dist-packages/oslo_config/cfg.py:2609
2025-06-26 00:34:24.835 36256 DEBUG oslo_service.service [-] oslo_messaging_notifications.transport_url = **** log_opt_values /usr/lib/python3/dist-packages/oslo_config/cfg.py:2609
2025-06-26 00:34:24.835 36256 DEBUG oslo_service.service [-] cache.backend = dogpile.cache.null log_opt_values /usr/lib/python3/dist-packages/oslo_config/cfg.py:2609
2025-06-26 00:34:24.835 36256 DEBUG oslo_service.service [-] cache.backend_argument = **** log_opt_values /usr/lib/python3/dist-packages/oslo_config/cfg.py:2609
2025-06-26 00:34:24.835 36256 DEBUG oslo_service.service [-] cache.config_prefix = cache.oslo log_opt_values /usr/lib/python3/dist-packages/oslo_config/cfg.py:2609
2025-06-26 00:34:24.836 36256 DEBUG oslo_service.service [-] cache.debug_cache_backend = False log_opt_values /usr/lib/python3/dist-packages/oslo_config/cfg.py:2609
2025-06-26 00:34:24.836 36256 DEBUG oslo_service.service [-] cache.enabled = False log_opt_values /usr/lib/python3/dist-packages/oslo_config/cfg.py:2609
2025-06-26 00:34:24.836 36256 DEBUG oslo_service.service [-] cache.expiration_time = 600 log_opt_values /usr/lib/python3/dist-packages/oslo_config/cfg.py:2609
2025-06-26 00:34:24.836 36256 DEBUG oslo_service.service [-] cache.memcache_dead_retry = 300 log_opt_values /usr/lib/python3/dist-packages/oslo_config/cfg.py:2609
2025-06-26 00:34:24.836 36256 DEBUG oslo_service.service [-] cache.memcache_pool_connection_get_timeout = 10 log_opt_values /usr/lib/python3/dist-packages/oslo_config/cfg.py:2609
2025-06-26 00:34:24.836 36256 DEBUG oslo_service.service [-] cache.memcache_pool_flush_on_reconnect = False log_opt_values /usr/lib/python3/dist-packages/oslo_config/cfg.py:2609
2025-06-26 00:34:24.836 36256 DEBUG oslo_service.service [-] cache.memcache_pool_maxsize = 10 log_opt_values /usr/lib/python3/dist-packages/oslo_config/cfg.py:2609
2025-06-26 00:34:24.836 36256 DEBUG oslo_service.service [-] cache.memcache_pool_unused_timeout = 60 log_opt_values /usr/lib/python3/dist-packages/oslo_config/cfg.py:2609
2025-06-26 00:34:24.836 36256 DEBUG oslo_service.service [-] cache.memcache_servers = ['localhost:11211'] log_opt_values /usr/lib/python3/dist-packages/oslo_config/cfg.py:2609
2025-06-26 00:34:24.837 36256 DEBUG oslo_service.service [-] cache.memcache_socket_timeout = 1.0 log_opt_values /usr/lib/python3/dist-packages/oslo_config/cfg.py:2609
2025-06-26 00:34:24.837 36256 DEBUG oslo_service.service [-] cache.proxies = [] log_opt_values /usr/lib/python3/dist-packages/oslo_config/cfg.py:2609
2025-06-26 00:34:24.837 36256 DEBUG oslo_service.service [-] cache.tls_allowed_ciphers = None log_opt_values /usr/lib/python3/dist-packages/oslo_config/cfg.py:2609
2025-06-26 00:34:24.837 36256 DEBUG oslo_service.service [-] cache.tls_cafile = None log_opt_values /usr/lib/python3/dist-packages/oslo_config/cfg.py:2609
2025-06-26 00:34:24.837 36256 DEBUG oslo_service.service [-] cache.tls_certfile = None log_opt_values /usr/lib/python3/dist-packages/oslo_config/cfg.py:2609
2025-06-26 00:34:24.837 36256 DEBUG oslo_service.service [-] cache.tls_enabled = False log_opt_values /usr/lib/python3/dist-packages/oslo_config/cfg.py:2609
2025-06-26 00:34:24.837 36256 DEBUG oslo_service.service [-] cache.tls_keyfile = None log_opt_values /usr/lib/python3/dist-packages/oslo_config/cfg.py:2609
2025-06-26 00:34:24.838 36256 DEBUG oslo_service.service [-] constraint_validation_cache.caching = True log_opt_values /usr/lib/python3/dist-packages/oslo_config/cfg.py:2609
2025-06-26 00:34:24.838 36256 DEBUG oslo_service.service [-] constraint_validation_cache.expiration_time = 60 log_opt_values /usr/lib/python3/dist-packages/oslo_config/cfg.py:2609
2025-06-26 00:34:24.838 36256 DEBUG oslo_service.service [-] service_extension_cache.caching = True log_opt_values /usr/lib/python3/dist-packages/oslo_config/cfg.py:2609
2025-06-26 00:34:24.838 36256 DEBUG oslo_service.service [-] service_extension_cache.expiration_time = 3600 log_opt_values /usr/lib/python3/dist-packages/oslo_config/cfg.py:2609
2025-06-26 00:34:24.838 36256 DEBUG oslo_service.service [-] resource_finder_cache.caching = True log_opt_values /usr/lib/python3/dist-packages/oslo_config/cfg.py:2609
2025-06-26 00:34:24.838 36256 DEBUG oslo_service.service [-] resource_finder_cache.expiration_time = 3600 log_opt_values /usr/lib/python3/dist-packages/oslo_config/cfg.py:2609
2025-06-26 00:34:24.843 36256 DEBUG oslo_service.service [-] yaql.limit_iterators = 200 log_opt_values /usr/lib/python3/dist-packages/oslo_config/cfg.py:2609
2025-06-26 00:34:24.844 36256 DEBUG oslo_service.service [-] yaql.memory_quota = 10000 log_opt_values /usr/lib/python3/dist-packages/oslo_config/cfg.py:2609
2025-06-26 00:34:24.844 36256 DEBUG oslo_service.service [-] ******************************************************************************** log_opt_values /usr/lib/python3/dist-packages/oslo_config/cfg.py:2613
2025-06-26 00:34:24.883 36471 DEBUG oslo_db.sqlalchemy.engines [req-6c527dee-67ef-4d58-be02-d0a69abb3c14 - - - - -] MySQL server mode set to STRICT_TRANS_TABLES,STRICT_ALL_TABLES,NO_ZERO_IN_DATE,NO_ZERO_DATE,ERROR_FOR_DIVISION_BY_ZERO,TRADITIONAL,NO_ENGINE_SUBSTITUTION _check_effective_sql_mode /usr/lib/python3/dist-packages/oslo_db/sqlalchemy/engines.py:314
2025-06-26 00:34:24.893 36470 DEBUG heat.engine.service [req-9fc41fb8-3edf-458b-b513-f475a0e2e799 - - - - -] Service 55428a17-52b6-4066-9bba-b872068bbb13 is started service_manage_report /usr/lib/python3/dist-packages/heat/engine/service.py:2363
2025-06-26 00:34:24.906 36473 DEBUG heat.engine.service [req-58dda20a-6b91-466b-b926-de44a7a66c30 - - - - -] Service c763935b-489c-47a6-9362-857080326620 is started service_manage_report /usr/lib/python3/dist-packages/heat/engine/service.py:2363
2025-06-26 00:34:24.914 36472 DEBUG heat.engine.service [req-77d181ca-c53b-4c96-b337-5853b51644c0 - - - - -] Service 61747665-87a1-474d-8bae-d8a3fee31c9c is started service_manage_report /usr/lib/python3/dist-packages/heat/engine/service.py:2363
2025-06-26 00:34:24.917 36470 DEBUG heat.engine.service [req-9fc41fb8-3edf-458b-b513-f475a0e2e799 - - - - -] Service 55428a17-52b6-4066-9bba-b872068bbb13 is updated service_manage_report /usr/lib/python3/dist-packages/heat/engine/service.py:2370
2025-06-26 00:34:24.927 36473 DEBUG heat.engine.service [req-58dda20a-6b91-466b-b926-de44a7a66c30 - - - - -] Service c763935b-489c-47a6-9362-857080326620 is updated service_manage_report /usr/lib/python3/dist-packages/heat/engine/service.py:2370
2025-06-26 00:34:24.933 36472 DEBUG heat.engine.service [req-77d181ca-c53b-4c96-b337-5853b51644c0 - - - - -] Service 61747665-87a1-474d-8bae-d8a3fee31c9c is updated service_manage_report /usr/lib/python3/dist-packages/heat/engine/service.py:2370
2025-06-26 00:34:24.986 36471 DEBUG heat.engine.service [req-2550a528-6bb6-4374-b849-0c1218afb6c1 - - - - -] Service 0c70e20e-118b-4290-96e5-7918ee87c9fb is started service_manage_report /usr/lib/python3/dist-packages/heat/engine/service.py:2363
2025-06-26 00:34:25.008 36471 DEBUG heat.engine.service [req-2550a528-6bb6-4374-b849-0c1218afb6c1 - - - - -] Service 0c70e20e-118b-4290-96e5-7918ee87c9fb is updated service_manage_report /usr/lib/python3/dist-packages/heat/engine/service.py:2370
2025-06-26 00:35:24.891 36470 DEBUG heat.engine.service [req-34e0a43a-631e-4503-b00e-354e5e47fb17 - - - - -] Service 55428a17-52b6-4066-9bba-b872068bbb13 is updated service_manage_report /usr/lib/python3/dist-packages/heat/engine/service.py:2370
2025-06-26 00:35:24.899 36473 DEBUG heat.engine.service [req-24cd548d-3c0e-42cb-99af-c7ca51504b3b - - - - -] Service c763935b-489c-47a6-9362-857080326620 is updated service_manage_report /usr/lib/python3/dist-packages/heat/engine/service.py:2370
2025-06-26 00:35:24.907 36472 DEBUG heat.engine.service [req-cc83fce0-5c0c-4251-9ec4-65e3c8efc3a7 - - - - -] Service 61747665-87a1-474d-8bae-d8a3fee31c9c is updated service_manage_report /usr/lib/python3/dist-packages/heat/engine/service.py:2370
2025-06-26 00:35:24.974 36471 DEBUG heat.engine.service [req-c8a9bbad-c9e9-482f-a9c4-3b9e92510227 - - - - -] Service 0c70e20e-118b-4290-96e5-7918ee87c9fb is updated service_manage_report /usr/lib/python3/dist-packages/heat/engine/service.py:2370
2025-06-26 00:36:24.893 36470 DEBUG heat.engine.service [req-28b65c6f-7bf7-4ed6-97e3-8600834218cd - - - - -] Service 55428a17-52b6-4066-9bba-b872068bbb13 is updated service_manage_report /usr/lib/python3/dist-packages/heat/engine/service.py:2370
2025-06-26 00:36:24.902 36473 DEBUG heat.engine.service [req-cb6e7bdc-f5ee-47ef-973e-994ce338b4da - - - - -] Service c763935b-489c-47a6-9362-857080326620 is updated service_manage_report /usr/lib/python3/dist-packages/heat/engine/service.py:2370
2025-06-26 00:36:24.908 36472 DEBUG heat.engine.service [req-33ab33e0-60f4-448a-909a-da3eb6a4932c - - - - -] Service 61747665-87a1-474d-8bae-d8a3fee31c9c is updated service_manage_report /usr/lib/python3/dist-packages/heat/engine/service.py:2370
2025-06-26 00:36:24.966 36471 DEBUG heat.engine.service [req-f62e4ded-498e-412d-8ace-70b0966f417a - - - - -] Service 0c70e20e-118b-4290-96e5-7918ee87c9fb is updated service_manage_report /usr/lib/python3/dist-packages/heat/engine/service.py:2370
2025-06-26 00:37:24.898 36470 DEBUG heat.engine.service [req-c5c22e8f-b59c-46bf-b48b-dfe2f5238747 - - - - -] Service 55428a17-52b6-4066-9bba-b872068bbb13 is updated service_manage_report /usr/lib/python3/dist-packages/heat/engine/service.py:2370
2025-06-26 00:37:24.909 36473 DEBUG heat.engine.service [req-c87c1e78-e898-4ce1-aa24-7a1877a59528 - - - - -] Service c763935b-489c-47a6-9362-857080326620 is updated service_manage_report /usr/lib/python3/dist-packages/heat/engine/service.py:2370
2025-06-26 00:37:24.911 36472 DEBUG heat.engine.service [req-4ccecd2f-b71b-452f-9fd2-e584b26ea685 - - - - -] Service 61747665-87a1-474d-8bae-d8a3fee31c9c is updated service_manage_report /usr/lib/python3/dist-packages/heat/engine/service.py:2370
2025-06-26 00:37:24.970 36471 DEBUG heat.engine.service [req-2731b170-8fa0-421a-aa8f-81b0889faabf - - - - -] Service 0c70e20e-118b-4290-96e5-7918ee87c9fb is updated service_manage_report /usr/lib/python3/dist-packages/heat/engine/service.py:2370
2025-06-26 00:38:24.900 36470 DEBUG heat.engine.service [req-4dd0add3-8b61-4e78-bfce-44131ce7918b - - - - -] Service 55428a17-52b6-4066-9bba-b872068bbb13 is updated service_manage_report /usr/lib/python3/dist-packages/heat/engine/service.py:2370
2025-06-26 00:38:24.903 36473 DEBUG heat.engine.service [req-fdf72169-f999-4c1d-a2bd-3ec81b490708 - - - - -] Service c763935b-489c-47a6-9362-857080326620 is updated service_manage_report /usr/lib/python3/dist-packages/heat/engine/service.py:2370
2025-06-26 00:38:24.911 36472 DEBUG heat.engine.service [req-04e603a0-93de-4e04-bd2e-a381ec3664f1 - - - - -] Service 61747665-87a1-474d-8bae-d8a3fee31c9c is updated service_manage_report /usr/lib/python3/dist-packages/heat/engine/service.py:2370
2025-06-26 00:38:24.975 36471 DEBUG heat.engine.service [req-2b591bc7-3dce-4360-b211-2c5520b9e49c - - - - -] Service 0c70e20e-118b-4290-96e5-7918ee87c9fb is updated service_manage_report /usr/lib/python3/dist-packages/heat/engine/service.py:2370
2025-06-26 00:39:24.904 36470 DEBUG heat.engine.service [req-cfefaf07-187b-4ad3-83b2-04a7fec6d3ef - - - - -] Service 55428a17-52b6-4066-9bba-b872068bbb13 is updated service_manage_report /usr/lib/python3/dist-packages/heat/engine/service.py:2370
2025-06-26 00:39:24.908 36473 DEBUG heat.engine.service [req-77b807ce-5727-482d-ab73-23e9085b37c1 - - - - -] Service c763935b-489c-47a6-9362-857080326620 is updated service_manage_report /usr/lib/python3/dist-packages/heat/engine/service.py:2370
2025-06-26 00:39:24.913 36472 DEBUG heat.engine.service [req-98088216-2c02-4184-8f65-bb5c189b8a8f - - - - -] Service 61747665-87a1-474d-8bae-d8a3fee31c9c is updated service_manage_report /usr/lib/python3/dist-packages/heat/engine/service.py:2370
2025-06-26 00:39:24.978 36471 DEBUG heat.engine.service [req-32c6df54-7d62-453b-9445-d88bce462b85 - - - - -] Service 0c70e20e-118b-4290-96e5-7918ee87c9fb is updated service_manage_report /usr/lib/python3/dist-packages/heat/engine/service.py:2370
2025-06-26 00:40:24.907 36470 DEBUG heat.engine.service [req-42ca2878-9762-4373-8427-a99dbf03dd98 - - - - -] Service 55428a17-52b6-4066-9bba-b872068bbb13 is updated service_manage_report /usr/lib/python3/dist-packages/heat/engine/service.py:2370
2025-06-26 00:40:24.910 36473 DEBUG heat.engine.service [req-a4392f23-6624-4e58-b741-e4ee13232d0f - - - - -] Service c763935b-489c-47a6-9362-857080326620 is updated service_manage_report /usr/lib/python3/dist-packages/heat/engine/service.py:2370
2025-06-26 00:40:24.916 36472 DEBUG heat.engine.service [req-f8cfd4d5-9d04-48a8-828e-c4e979751cd4 - - - - -] Service 61747665-87a1-474d-8bae-d8a3fee31c9c is updated service_manage_report /usr/lib/python3/dist-packages/heat/engine/service.py:2370
2025-06-26 00:40:24.982 36471 DEBUG heat.engine.service [req-ac023563-d0eb-4a24-be5d-e9d7604ca082 - - - - -] Service 0c70e20e-118b-4290-96e5-7918ee87c9fb is updated service_manage_report /usr/lib/python3/dist-packages/heat/engine/service.py:2370
2025-06-26 00:41:24.912 36470 DEBUG heat.engine.service [req-2ababed7-0733-469b-8c78-84027950779f - - - - -] Service 55428a17-52b6-4066-9bba-b872068bbb13 is updated service_manage_report /usr/lib/python3/dist-packages/heat/engine/service.py:2370
2025-06-26 00:41:24.913 36473 DEBUG heat.engine.service [req-772fde8e-edd0-4c6c-b8a8-3e9e0b15fc90 - - - - -] Service c763935b-489c-47a6-9362-857080326620 is updated service_manage_report /usr/lib/python3/dist-packages/heat/engine/service.py:2370
2025-06-26 00:41:24.922 36472 DEBUG heat.engine.service [req-5a62d314-3621-4e7b-b697-5beee7de02f9 - - - - -] Service 61747665-87a1-474d-8bae-d8a3fee31c9c is updated service_manage_report /usr/lib/python3/dist-packages/heat/engine/service.py:2370
2025-06-26 00:41:24.987 36471 DEBUG heat.engine.service [req-741d88b3-f875-4d58-99e4-4ca9668d7d79 - - - - -] Service 0c70e20e-118b-4290-96e5-7918ee87c9fb is updated service_manage_report /usr/lib/python3/dist-packages/heat/engine/service.py:2370
2025-06-26 00:42:24.921 36470 DEBUG heat.engine.service [req-152f5d4a-332a-4d52-aa8f-88efaf970ad2 - - - - -] Service 55428a17-52b6-4066-9bba-b872068bbb13 is updated service_manage_report /usr/lib/python3/dist-packages/heat/engine/service.py:2370
2025-06-26 00:42:24.923 36473 DEBUG heat.engine.service [req-f07baf0a-56e3-4b45-b3e8-6ce3915e15d4 - - - - -] Service c763935b-489c-47a6-9362-857080326620 is updated service_manage_report /usr/lib/python3/dist-packages/heat/engine/service.py:2370
2025-06-26 00:42:24.923 36472 DEBUG heat.engine.service [req-6b0c32dc-b4b0-486f-98eb-28cc6bc1ed39 - - - - -] Service 61747665-87a1-474d-8bae-d8a3fee31c9c is updated service_manage_report /usr/lib/python3/dist-packages/heat/engine/service.py:2370
2025-06-26 00:42:24.993 36471 DEBUG heat.engine.service [req-83b83131-c9ad-46cd-aa74-4a176f666605 - - - - -] Service 0c70e20e-118b-4290-96e5-7918ee87c9fb is updated service_manage_report /usr/lib/python3/dist-packages/heat/engine/service.py:2370
2025-06-26 00:43:24.915 36470 DEBUG heat.engine.service [req-407b4eae-d118-454c-89f4-12c997063cf0 - - - - -] Service 55428a17-52b6-4066-9bba-b872068bbb13 is updated service_manage_report /usr/lib/python3/dist-packages/heat/engine/service.py:2370
2025-06-26 00:43:24.918 36472 DEBUG heat.engine.service [req-dc195d1f-b215-42f8-8446-ef6408227d74 - - - - -] Service 61747665-87a1-474d-8bae-d8a3fee31c9c is updated service_manage_report /usr/lib/python3/dist-packages/heat/engine/service.py:2370
2025-06-26 00:43:24.918 36473 DEBUG heat.engine.service [req-f478d952-9e0a-4fe7-ba72-cd8e1f5abbe8 - - - - -] Service c763935b-489c-47a6-9362-857080326620 is updated service_manage_report /usr/lib/python3/dist-packages/heat/engine/service.py:2370
2025-06-26 00:43:24.997 36471 DEBUG heat.engine.service [req-e40c38d4-5ed7-4075-a849-f28bfe459291 - - - - -] Service 0c70e20e-118b-4290-96e5-7918ee87c9fb is updated service_manage_report /usr/lib/python3/dist-packages/heat/engine/service.py:2370
2025-06-26 00:44:24.919 36470 DEBUG heat.engine.service [req-b6d7b19f-e5a4-4e5b-8ca7-f4391f6fa5d0 - - - - -] Service 55428a17-52b6-4066-9bba-b872068bbb13 is updated service_manage_report /usr/lib/python3/dist-packages/heat/engine/service.py:2370
2025-06-26 00:44:24.924 36473 DEBUG heat.engine.service [req-8c4afa5f-9394-4a62-92c4-86e65757a4d6 - - - - -] Service c763935b-489c-47a6-9362-857080326620 is updated service_manage_report /usr/lib/python3/dist-packages/heat/engine/service.py:2370
2025-06-26 00:44:24.925 36472 DEBUG heat.engine.service [req-41f9e374-d5c7-44e9-8c2a-7306a6cb5c3b - - - - -] Service 61747665-87a1-474d-8bae-d8a3fee31c9c is updated service_manage_report /usr/lib/python3/dist-packages/heat/engine/service.py:2370
2025-06-26 00:44:25.001 36471 DEBUG heat.engine.service [req-defeda02-c8b8-43ea-8918-7a3c14ea6be5 - - - - -] Service 0c70e20e-118b-4290-96e5-7918ee87c9fb is updated service_manage_report /usr/lib/python3/dist-packages/heat/engine/service.py:2370
2025-06-26 00:45:24.918 36472 DEBUG heat.engine.service [req-d5187dee-2c25-40e7-a1e7-d85fa34f138b - - - - -] Service 61747665-87a1-474d-8bae-d8a3fee31c9c is updated service_manage_report /usr/lib/python3/dist-packages/heat/engine/service.py:2370
2025-06-26 00:45:24.923 36470 DEBUG heat.engine.service [req-aa6326ab-1514-4499-8618-373c5993feb9 - - - - -] Service 55428a17-52b6-4066-9bba-b872068bbb13 is updated service_manage_report /usr/lib/python3/dist-packages/heat/engine/service.py:2370
2025-06-26 00:45:24.929 36473 DEBUG heat.engine.service [req-6ce7a23e-8889-4af7-afdc-635ef0655cd4 - - - - -] Service c763935b-489c-47a6-9362-857080326620 is updated service_manage_report /usr/lib/python3/dist-packages/heat/engine/service.py:2370
2025-06-26 00:45:25.005 36471 DEBUG heat.engine.service [req-d698e30e-c7cb-4285-94d5-4a8571fd46be - - - - -] Service 0c70e20e-118b-4290-96e5-7918ee87c9fb is updated service_manage_report /usr/lib/python3/dist-packages/heat/engine/service.py:2370
2025-06-26 00:46:24.923 36472 DEBUG heat.engine.service [req-b6a11245-8aa2-4abf-863c-91fbf3856ab4 - - - - -] Service 61747665-87a1-474d-8bae-d8a3fee31c9c is updated service_manage_report /usr/lib/python3/dist-packages/heat/engine/service.py:2370
2025-06-26 00:46:24.926 36470 DEBUG heat.engine.service [req-4dc4e217-1ce4-4acb-854a-d1477e868db2 - - - - -] Service 55428a17-52b6-4066-9bba-b872068bbb13 is updated service_manage_report /usr/lib/python3/dist-packages/heat/engine/service.py:2370
2025-06-26 00:46:24.930 36473 DEBUG heat.engine.service [req-1ee45304-ecc6-4881-81b7-b5fbcce2d1c0 - - - - -] Service c763935b-489c-47a6-9362-857080326620 is updated service_manage_report /usr/lib/python3/dist-packages/heat/engine/service.py:2370
2025-06-26 00:46:25.009 36471 DEBUG heat.engine.service [req-5310d222-759f-41f2-90ad-92f32ce04c51 - - - - -] Service 0c70e20e-118b-4290-96e5-7918ee87c9fb is updated service_manage_report /usr/lib/python3/dist-packages/heat/engine/service.py:2370
2025-06-26 00:47:24.926 36472 DEBUG heat.engine.service [req-478fa5a9-b356-4440-8e9c-c9d4f5aaba43 - - - - -] Service 61747665-87a1-474d-8bae-d8a3fee31c9c is updated service_manage_report /usr/lib/python3/dist-packages/heat/engine/service.py:2370
2025-06-26 00:47:24.932 36470 DEBUG heat.engine.service [req-c7902470-e8b8-48e7-922c-37431c48cb71 - - - - -] Service 55428a17-52b6-4066-9bba-b872068bbb13 is updated service_manage_report /usr/lib/python3/dist-packages/heat/engine/service.py:2370
2025-06-26 00:47:24.935 36473 DEBUG heat.engine.service [req-0e10d0e7-77c1-4e4e-bdda-0bdd505163e3 - - - - -] Service c763935b-489c-47a6-9362-857080326620 is updated service_manage_report /usr/lib/python3/dist-packages/heat/engine/service.py:2370
2025-06-26 00:47:25.012 36471 DEBUG heat.engine.service [req-7c36e282-78fa-43df-8371-79aa7038008d - - - - -] Service 0c70e20e-118b-4290-96e5-7918ee87c9fb is updated service_manage_report /usr/lib/python3/dist-packages/heat/engine/service.py:2370
2025-06-26 00:48:24.933 36472 DEBUG heat.engine.service [req-aa419ade-54d2-41c0-88e7-92c201551d06 - - - - -] Service 61747665-87a1-474d-8bae-d8a3fee31c9c is updated service_manage_report /usr/lib/python3/dist-packages/heat/engine/service.py:2370
2025-06-26 00:48:24.939 36470 DEBUG heat.engine.service [req-9bf76eb2-6aeb-4a48-a6da-d15de51dc950 - - - - -] Service 55428a17-52b6-4066-9bba-b872068bbb13 is updated service_manage_report /usr/lib/python3/dist-packages/heat/engine/service.py:2370
2025-06-26 00:48:24.943 36473 DEBUG heat.engine.service [req-28f3f2a7-3877-40af-8e8e-6569dc2528ea - - - - -] Service c763935b-489c-47a6-9362-857080326620 is updated service_manage_report /usr/lib/python3/dist-packages/heat/engine/service.py:2370
2025-06-26 00:48:25.016 36471 DEBUG heat.engine.service [req-3e19da7b-d42f-46ca-9adb-970f5ba09bfb - - - - -] Service 0c70e20e-118b-4290-96e5-7918ee87c9fb is updated service_manage_report /usr/lib/python3/dist-packages/heat/engine/service.py:2370
2025-06-26 00:49:24.926 36472 DEBUG heat.engine.service [req-50a98482-5e50-410b-a72b-2e0489675276 - - - - -] Service 61747665-87a1-474d-8bae-d8a3fee31c9c is updated service_manage_report /usr/lib/python3/dist-packages/heat/engine/service.py:2370
2025-06-26 00:49:24.931 36470 DEBUG heat.engine.service [req-8a000ab0-c3a5-4c49-94a1-9e411a2bc681 - - - - -] Service 55428a17-52b6-4066-9bba-b872068bbb13 is updated service_manage_report /usr/lib/python3/dist-packages/heat/engine/service.py:2370
2025-06-26 00:49:24.936 36473 DEBUG heat.engine.service [req-a122b2f9-319a-4119-b430-8724888faf69 - - - - -] Service c763935b-489c-47a6-9362-857080326620 is updated service_manage_report /usr/lib/python3/dist-packages/heat/engine/service.py:2370
2025-06-26 00:49:25.018 36471 DEBUG heat.engine.service [req-393f1cbf-e90f-40dc-8727-3ba7d59ca881 - - - - -] Service 0c70e20e-118b-4290-96e5-7918ee87c9fb is updated service_manage_report /usr/lib/python3/dist-packages/heat/engine/service.py:2370
2025-06-26 00:50:24.930 36472 DEBUG heat.engine.service [req-0ffcfc91-bc06-492c-8555-c9641c64df1b - - - - -] Service 61747665-87a1-474d-8bae-d8a3fee31c9c is updated service_manage_report /usr/lib/python3/dist-packages/heat/engine/service.py:2370
2025-06-26 00:50:24.934 36470 DEBUG heat.engine.service [req-632256b3-ffda-465b-8dd8-b17ca1290e0f - - - - -] Service 55428a17-52b6-4066-9bba-b872068bbb13 is updated service_manage_report /usr/lib/python3/dist-packages/heat/engine/service.py:2370
2025-06-26 00:50:24.939 36473 DEBUG heat.engine.service [req-79c7a8a8-9ddb-4bfc-8558-e96a3d9856fb - - - - -] Service c763935b-489c-47a6-9362-857080326620 is updated service_manage_report /usr/lib/python3/dist-packages/heat/engine/service.py:2370
2025-06-26 00:50:25.023 36471 DEBUG heat.engine.service [req-6b187d87-006e-4d14-aa4f-ac81c2bdf08f - - - - -] Service 0c70e20e-118b-4290-96e5-7918ee87c9fb is updated service_manage_report /usr/lib/python3/dist-packages/heat/engine/service.py:2370
2025-06-26 00:51:24.934 36472 DEBUG heat.engine.service [req-cb8024d8-57fc-4468-aae4-96cdb65732a2 - - - - -] Service 61747665-87a1-474d-8bae-d8a3fee31c9c is updated service_manage_report /usr/lib/python3/dist-packages/heat/engine/service.py:2370
2025-06-26 00:51:24.938 36470 DEBUG heat.engine.service [req-0c98a96d-f284-4165-a656-f1bbf9fee8dc - - - - -] Service 55428a17-52b6-4066-9bba-b872068bbb13 is updated service_manage_report /usr/lib/python3/dist-packages/heat/engine/service.py:2370
2025-06-26 00:51:24.940 36473 DEBUG heat.engine.service [req-4462ed7f-721a-4de7-afeb-9ff013e482c4 - - - - -] Service c763935b-489c-47a6-9362-857080326620 is updated service_manage_report /usr/lib/python3/dist-packages/heat/engine/service.py:2370
2025-06-26 00:51:25.026 36471 DEBUG heat.engine.service [req-50a601ab-af08-4b66-a0e8-bf3de12818b9 - - - - -] Service 0c70e20e-118b-4290-96e5-7918ee87c9fb is updated service_manage_report /usr/lib/python3/dist-packages/heat/engine/service.py:2370
2025-06-26 00:52:24.942 36472 DEBUG heat.engine.service [req-8dd1075a-f85a-4471-ab7a-908892b8c565 - - - - -] Service 61747665-87a1-474d-8bae-d8a3fee31c9c is updated service_manage_report /usr/lib/python3/dist-packages/heat/engine/service.py:2370
2025-06-26 00:52:24.944 36470 DEBUG heat.engine.service [req-128e67dc-c43f-4605-aa2a-f0f539266b8b - - - - -] Service 55428a17-52b6-4066-9bba-b872068bbb13 is updated service_manage_report /usr/lib/python3/dist-packages/heat/engine/service.py:2370
2025-06-26 00:52:24.944 36473 DEBUG heat.engine.service [req-682298a7-e31f-4400-a0ad-9426265e64a2 - - - - -] Service c763935b-489c-47a6-9362-857080326620 is updated service_manage_report /usr/lib/python3/dist-packages/heat/engine/service.py:2370
2025-06-26 00:52:25.029 36471 DEBUG heat.engine.service [req-d1f29832-25fa-491d-883d-63ca0316274b - - - - -] Service 0c70e20e-118b-4290-96e5-7918ee87c9fb is updated service_manage_report /usr/lib/python3/dist-packages/heat/engine/service.py:2370
2025-06-26 00:53:24.937 36472 DEBUG heat.engine.service [req-1931797a-3933-4afa-9d03-4736f22b7401 - - - - -] Service 61747665-87a1-474d-8bae-d8a3fee31c9c is updated service_manage_report /usr/lib/python3/dist-packages/heat/engine/service.py:2370
2025-06-26 00:53:24.943 36470 DEBUG heat.engine.service [req-3b7336f4-0876-4d74-9bba-24edbe54fbc9 - - - - -] Service 55428a17-52b6-4066-9bba-b872068bbb13 is updated service_manage_report /usr/lib/python3/dist-packages/heat/engine/service.py:2370
2025-06-26 00:53:24.951 36473 DEBUG heat.engine.service [req-2234dfa5-86e8-4c7e-aa66-c2278f656335 - - - - -] Service c763935b-489c-47a6-9362-857080326620 is updated service_manage_report /usr/lib/python3/dist-packages/heat/engine/service.py:2370
2025-06-26 00:53:25.035 36471 DEBUG heat.engine.service [req-07781669-3e05-4f3f-8d20-78dd3f564246 - - - - -] Service 0c70e20e-118b-4290-96e5-7918ee87c9fb is updated service_manage_report /usr/lib/python3/dist-packages/heat/engine/service.py:2370
2025-06-26 00:54:24.931 36472 DEBUG heat.engine.service [req-2cd69684-5146-4464-b8f7-6c605741ccb3 - - - - -] Service 61747665-87a1-474d-8bae-d8a3fee31c9c is updated service_manage_report /usr/lib/python3/dist-packages/heat/engine/service.py:2370
2025-06-26 00:54:24.935 36470 DEBUG heat.engine.service [req-29ea0504-96bf-49bc-8313-108f0b77a314 - - - - -] Service 55428a17-52b6-4066-9bba-b872068bbb13 is updated service_manage_report /usr/lib/python3/dist-packages/heat/engine/service.py:2370
2025-06-26 00:54:24.943 36473 DEBUG heat.engine.service [req-04662440-9394-4785-b1ee-3b8ef0cb3b09 - - - - -] Service c763935b-489c-47a6-9362-857080326620 is updated service_manage_report /usr/lib/python3/dist-packages/heat/engine/service.py:2370
2025-06-26 00:54:25.032 36471 DEBUG heat.engine.service [req-76bbccf4-d14b-4882-aaac-5968f40cd0b1 - - - - -] Service 0c70e20e-118b-4290-96e5-7918ee87c9fb is updated service_manage_report /usr/lib/python3/dist-packages/heat/engine/service.py:2370
2025-06-26 00:55:24.936 36472 DEBUG heat.engine.service [req-85bf7a19-ab53-4048-8094-ecb53d2ad162 - - - - -] Service 61747665-87a1-474d-8bae-d8a3fee31c9c is updated service_manage_report /usr/lib/python3/dist-packages/heat/engine/service.py:2370
2025-06-26 00:55:24.938 36470 DEBUG heat.engine.service [req-17d63576-edce-4705-9f31-0c1c8bf336a3 - - - - -] Service 55428a17-52b6-4066-9bba-b872068bbb13 is updated service_manage_report /usr/lib/python3/dist-packages/heat/engine/service.py:2370
2025-06-26 00:55:24.946 36473 DEBUG heat.engine.service [req-4c39487e-f8ac-459e-b40d-8a7900f991ec - - - - -] Service c763935b-489c-47a6-9362-857080326620 is updated service_manage_report /usr/lib/python3/dist-packages/heat/engine/service.py:2370
2025-06-26 00:55:25.027 36471 DEBUG heat.engine.service [req-b241f47b-1f30-40c2-bd62-4bcd5ea82af6 - - - - -] Service 0c70e20e-118b-4290-96e5-7918ee87c9fb is updated service_manage_report /usr/lib/python3/dist-packages/heat/engine/service.py:2370
2025-06-26 00:56:24.942 36472 DEBUG heat.engine.service [req-ac186728-fc73-446e-831e-11de37e2340f - - - - -] Service 61747665-87a1-474d-8bae-d8a3fee31c9c is updated service_manage_report /usr/lib/python3/dist-packages/heat/engine/service.py:2370
2025-06-26 00:56:24.946 36470 DEBUG heat.engine.service [req-5cb7dc06-38aa-4e39-a226-17719e3eba1a - - - - -] Service 55428a17-52b6-4066-9bba-b872068bbb13 is updated service_manage_report /usr/lib/python3/dist-packages/heat/engine/service.py:2370
2025-06-26 00:56:24.955 36473 DEBUG heat.engine.service [req-58eff0d7-6db8-4ce9-bfaf-84a2e8f69004 - - - - -] Service c763935b-489c-47a6-9362-857080326620 is updated service_manage_report /usr/lib/python3/dist-packages/heat/engine/service.py:2370
2025-06-26 00:56:25.029 36471 DEBUG heat.engine.service [req-c6f94fe0-a847-4b52-8a40-4941e7d21a5b - - - - -] Service 0c70e20e-118b-4290-96e5-7918ee87c9fb is updated service_manage_report /usr/lib/python3/dist-packages/heat/engine/service.py:2370
2025-06-26 00:57:24.935 36472 DEBUG heat.engine.service [req-fd2dc8b2-f154-447c-9346-c9c344e6daf5 - - - - -] Service 61747665-87a1-474d-8bae-d8a3fee31c9c is updated service_manage_report /usr/lib/python3/dist-packages/heat/engine/service.py:2370
2025-06-26 00:57:24.941 36470 DEBUG heat.engine.service [req-b035988e-a86d-4cac-9134-3048ca16a977 - - - - -] Service 55428a17-52b6-4066-9bba-b872068bbb13 is updated service_manage_report /usr/lib/python3/dist-packages/heat/engine/service.py:2370
2025-06-26 00:57:24.950 36473 DEBUG heat.engine.service [req-ad6b9d92-d7e9-4584-ab14-b85bcd1ab8bd - - - - -] Service c763935b-489c-47a6-9362-857080326620 is updated service_manage_report /usr/lib/python3/dist-packages/heat/engine/service.py:2370
2025-06-26 00:57:25.032 36471 DEBUG heat.engine.service [req-073e1b74-e204-4840-aab3-dc2edd84c42b - - - - -] Service 0c70e20e-118b-4290-96e5-7918ee87c9fb is updated service_manage_report /usr/lib/python3/dist-packages/heat/engine/service.py:2370
2025-06-26 00:58:24.942 36472 DEBUG heat.engine.service [req-cc65585f-34f4-4c34-878a-04f20ed9cdcd - - - - -] Service 61747665-87a1-474d-8bae-d8a3fee31c9c is updated service_manage_report /usr/lib/python3/dist-packages/heat/engine/service.py:2370
2025-06-26 00:58:24.945 36470 DEBUG heat.engine.service [req-75447d10-015b-438b-847e-dc249a337119 - - - - -] Service 55428a17-52b6-4066-9bba-b872068bbb13 is updated service_manage_report /usr/lib/python3/dist-packages/heat/engine/service.py:2370
2025-06-26 00:58:24.952 36473 DEBUG heat.engine.service [req-45d44b48-6396-4b09-a905-ddb6f6bb8bcd - - - - -] Service c763935b-489c-47a6-9362-857080326620 is updated service_manage_report /usr/lib/python3/dist-packages/heat/engine/service.py:2370
2025-06-26 00:58:25.034 36471 DEBUG heat.engine.service [req-62198d70-9632-4566-9598-b653d38f78c0 - - - - -] Service 0c70e20e-118b-4290-96e5-7918ee87c9fb is updated service_manage_report /usr/lib/python3/dist-packages/heat/engine/service.py:2370
