2025-06-26 01:59:56.269 6 DEBUG oslo_service.service [-] ml2_type_gre.tunnel_id_ranges = [] log_opt_values /var/lib/kolla/venv/lib/python3.6/site-packages/oslo_config/cfg.py:2611
2025-06-26 01:59:56.269 6 DEBUG oslo_service.service [-] ml2_type_vlan.network_vlan_ranges = [] log_opt_values /var/lib/kolla/venv/lib/python3.6/site-packages/oslo_config/cfg.py:2611
2025-06-26 01:59:56.269 6 DEBUG oslo_service.service [-] ml2_type_vxlan.vni_ranges = [] log_opt_values /var/lib/kolla/venv/lib/python3.6/site-packages/oslo_config/cfg.py:2611
2025-06-26 01:59:56.269 6 DEBUG oslo_service.service [-] ml2_type_vxlan.vxlan_group = None log_opt_values /var/lib/kolla/venv/lib/python3.6/site-packages/oslo_config/cfg.py:2611
2025-06-26 01:59:56.269 6 DEBUG oslo_service.service [-] database.backend = sqlalchemy log_opt_values /var/lib/kolla/venv/lib/python3.6/site-packages/oslo_config/cfg.py:2611
2025-06-26 01:59:56.269 6 DEBUG oslo_service.service [-] database.connection = **** log_opt_values /var/lib/kolla/venv/lib/python3.6/site-packages/oslo_config/cfg.py:2611
2025-06-26 01:59:56.269 6 DEBUG oslo_service.service [-] database.connection_debug = 0 log_opt_values /var/lib/kolla/venv/lib/python3.6/site-packages/oslo_config/cfg.py:2611
2025-06-26 01:59:56.269 6 DEBUG oslo_service.service [-] database.connection_parameters = log_opt_values /var/lib/kolla/venv/lib/python3.6/site-packages/oslo_config/cfg.py:2611
2025-06-26 01:59:56.270 6 DEBUG oslo_service.service [-] database.connection_recycle_time = 10 log_opt_values /var/lib/kolla/venv/lib/python3.6/site-packages/oslo_config/cfg.py:2611
2025-06-26 01:59:56.270 6 DEBUG oslo_service.service [-] database.connection_trace = False log_opt_values /var/lib/kolla/venv/lib/python3.6/site-packages/oslo_config/cfg.py:2611
2025-06-26 01:59:56.270 6 DEBUG oslo_service.service [-] database.db_inc_retry_interval = True log_opt_values /var/lib/kolla/venv/lib/python3.6/site-packages/oslo_config/cfg.py:2611
2025-06-26 01:59:56.270 6 DEBUG oslo_service.service [-] database.db_max_retries = 20 log_opt_values /var/lib/kolla/venv/lib/python3.6/site-packages/oslo_config/cfg.py:2611
2025-06-26 01:59:56.270 6 DEBUG oslo_service.service [-] database.db_max_retry_interval = 10 log_opt_values /var/lib/kolla/venv/lib/python3.6/site-packages/oslo_config/cfg.py:2611
2025-06-26 01:59:56.270 6 DEBUG oslo_service.service [-] database.db_retry_interval = 1 log_opt_values /var/lib/kolla/venv/lib/python3.6/site-packages/oslo_config/cfg.py:2611
2025-06-26 01:59:56.270 6 DEBUG oslo_service.service [-] database.max_overflow = 50 log_opt_values /var/lib/kolla/venv/lib/python3.6/site-packages/oslo_config/cfg.py:2611
2025-06-26 01:59:56.270 6 DEBUG oslo_service.service [-] database.max_pool_size = 1 log_opt_values /var/lib/kolla/venv/lib/python3.6/site-packages/oslo_config/cfg.py:2611
2025-06-26 01:59:56.270 6 DEBUG oslo_service.service [-] database.max_retries = -1 log_opt_values /var/lib/kolla/venv/lib/python3.6/site-packages/oslo_config/cfg.py:2611
2025-06-26 01:59:56.270 6 DEBUG oslo_service.service [-] database.mysql_enable_ndb = False log_opt_values /var/lib/kolla/venv/lib/python3.6/site-packages/oslo_config/cfg.py:2611
2025-06-26 01:59:56.270 6 DEBUG oslo_service.service [-] database.mysql_sql_mode = TRADITIONAL log_opt_values /var/lib/kolla/venv/lib/python3.6/site-packages/oslo_config/cfg.py:2611
2025-06-26 01:59:56.270 6 DEBUG oslo_service.service [-] database.pool_timeout = None log_opt_values /var/lib/kolla/venv/lib/python3.6/site-packages/oslo_config/cfg.py:2611
2025-06-26 01:59:56.270 6 DEBUG oslo_service.service [-] database.retry_interval = 10 log_opt_values /var/lib/kolla/venv/lib/python3.6/site-packages/oslo_config/cfg.py:2611
2025-06-26 01:59:56.270 6 DEBUG oslo_service.service [-] database.slave_connection = **** log_opt_values /var/lib/kolla/venv/lib/python3.6/site-packages/oslo_config/cfg.py:2611
2025-06-26 01:59:56.270 6 DEBUG oslo_service.service [-] database.sqlite_synchronous = True log_opt_values /var/lib/kolla/venv/lib/python3.6/site-packages/oslo_config/cfg.py:2611
2025-06-26 01:59:56.270 6 DEBUG oslo_service.service [-] database.use_db_reconnect = False log_opt_values /var/lib/kolla/venv/lib/python3.6/site-packages/oslo_config/cfg.py:2611
2025-06-26 01:59:56.270 6 DEBUG oslo_service.service [-] ******************************************************************************** log_opt_values /var/lib/kolla/venv/lib/python3.6/site-packages/oslo_config/cfg.py:2613
2025-06-26 01:59:57.998 21 DEBUG neutron.wsgi [-] (21) accepted ('10.0.0.33', 52352) server /var/lib/kolla/venv/lib/python3.6/site-packages/eventlet/wsgi.py:1004
2025-06-26 01:59:58.004 21 INFO neutron.wsgi [-] 10.0.0.33 "GET / HTTP/1.1" status: 200 len: 227 time: 0.0047295
2025-06-26 01:59:59.830 24 DEBUG neutron.api.rpc.handlers.dhcp_rpc [req-be2891fc-362a-4561-93dc-1a1a4b4a31b1 - - - - -] get_active_networks_info from cn-jenkins-deploy-platform-ansible-os-3556-1 get_active_networks_info /var/lib/kolla/venv/lib/python3.6/site-packages/neutron/api/rpc/handlers/dhcp_rpc.py:159
2025-06-26 01:59:59.857 27 DEBUG neutron_lib.callbacks.manager [req-c987f6e2-4e78-42e0-bdbd-e8b070637e61 - - - - -] Publish callbacks ['neutron.services.segments.db._update_segment_host_mapping_for_agent-8784499980608', 'neutron.services.l3_router.l3_router_plugin.DVRResourceOperationHandler.create_fip_agent_gw_ports-499133'] for agent (274207b6-bd35-4da5-aa85-55b8bfce6e34), after_create _notify_loop /var/lib/kolla/venv/lib/python3.6/site-packages/neutron_lib/callbacks/manager.py:177
2025-06-26 01:59:59.870 24 DEBUG neutron.scheduler.dhcp_agent_scheduler [req-be2891fc-362a-4561-93dc-1a1a4b4a31b1 - - - - -] No non-hosted networks auto_schedule_networks /var/lib/kolla/venv/lib/python3.6/site-packages/neutron/scheduler/dhcp_agent_scheduler.py:60
2025-06-26 02:00:12.507 25 DEBUG neutron_lib.callbacks.manager [req-aab74cb5-6f5c-48a9-a956-7ed5131a48c5 - - - - -] Publish callbacks ['neutron.services.segments.db._update_segment_host_mapping_for_agent-8784499980608', 'neutron.services.l3_router.l3_router_plugin.DVRResourceOperationHandler.create_fip_agent_gw_ports-499133'] for agent (5509ee55-d674-4063-bbb3-04ae5c74e329), after_create _notify_loop /var/lib/kolla/venv/lib/python3.6/site-packages/neutron_lib/callbacks/manager.py:177
2025-06-26 02:00:28.050 21 DEBUG neutron.wsgi [-] (21) accepted ('10.0.0.33', 37086) server /var/lib/kolla/venv/lib/python3.6/site-packages/eventlet/wsgi.py:1004
2025-06-26 02:00:28.053 21 INFO neutron.wsgi [-] 10.0.0.33 "GET / HTTP/1.1" status: 200 len: 227 time: 0.0028670
2025-06-26 02:00:29.833 26 DEBUG neutron_lib.callbacks.manager [req-cf9481dd-f8b2-43ae-97c6-1310e4c3711b - - - - -] Publish callbacks ['neutron.services.segments.db._update_segment_host_mapping_for_agent-8784499980608', 'neutron.plugins.ml2.plugin.Ml2Plugin._retry_binding_revived_agents-32827155'] for agent (274207b6-bd35-4da5-aa85-55b8bfce6e34), after_update _notify_loop /var/lib/kolla/venv/lib/python3.6/site-packages/neutron_lib/callbacks/manager.py:177
2025-06-26 02:00:42.493 22 DEBUG neutron_lib.callbacks.manager [req-aab74cb5-6f5c-48a9-a956-7ed5131a48c5 - - - - -] Publish callbacks ['neutron.services.segments.db._update_segment_host_mapping_for_agent-8784499980608', 'neutron.plugins.ml2.plugin.Ml2Plugin._retry_binding_revived_agents-32827155'] for agent (5509ee55-d674-4063-bbb3-04ae5c74e329), after_update _notify_loop /var/lib/kolla/venv/lib/python3.6/site-packages/neutron_lib/callbacks/manager.py:177
2025-06-26 02:00:52.250 28 DEBUG neutron.db.agents_db [req-f9fda9b1-6311-44f7-ae71-38525bb85497 - - - - -] Agent healthcheck: found 2 active agents agent_health_check /var/lib/kolla/venv/lib/python3.6/site-packages/neutron/db/agents_db.py:318
2025-06-26 02:00:58.098 21 DEBUG neutron.wsgi [-] (21) accepted ('10.0.0.33', 52132) server /var/lib/kolla/venv/lib/python3.6/site-packages/eventlet/wsgi.py:1004
2025-06-26 02:00:58.101 21 INFO neutron.wsgi [-] 10.0.0.33 "GET / HTTP/1.1" status: 200 len: 227 time: 0.0024889
2025-06-26 02:00:59.831 24 DEBUG neutron_lib.callbacks.manager [req-22e8b6e2-e016-4ce0-a8b2-053887a6f501 - - - - -] Publish callbacks ['neutron.services.segments.db._update_segment_host_mapping_for_agent-8784499980608', 'neutron.plugins.ml2.plugin.Ml2Plugin._retry_binding_revived_agents-32827155'] for agent (274207b6-bd35-4da5-aa85-55b8bfce6e34), after_update _notify_loop /var/lib/kolla/venv/lib/python3.6/site-packages/neutron_lib/callbacks/manager.py:177
2025-06-26 02:01:12.495 23 DEBUG neutron_lib.callbacks.manager [req-aab74cb5-6f5c-48a9-a956-7ed5131a48c5 - - - - -] Publish callbacks ['neutron.services.segments.db._update_segment_host_mapping_for_agent-8784499980608', 'neutron.plugins.ml2.plugin.Ml2Plugin._retry_binding_revived_agents-32827155'] for agent (5509ee55-d674-4063-bbb3-04ae5c74e329), after_update _notify_loop /var/lib/kolla/venv/lib/python3.6/site-packages/neutron_lib/callbacks/manager.py:177
2025-06-26 02:01:28.141 21 DEBUG neutron.wsgi [-] (21) accepted ('10.0.0.33', 54502) server /var/lib/kolla/venv/lib/python3.6/site-packages/eventlet/wsgi.py:1004
2025-06-26 02:01:28.144 21 INFO neutron.wsgi [-] 10.0.0.33 "GET / HTTP/1.1" status: 200 len: 227 time: 0.0026548
2025-06-26 02:01:29.249 28 DEBUG neutron.db.agents_db [req-f9fda9b1-6311-44f7-ae71-38525bb85497 - - - - -] Agent healthcheck: found 2 active agents agent_health_check /var/lib/kolla/venv/lib/python3.6/site-packages/neutron/db/agents_db.py:318
2025-06-26 02:01:29.819 27 DEBUG neutron_lib.callbacks.manager [req-7e34e8bf-ea74-4e62-a6b6-ba7b80361580 - - - - -] Publish callbacks ['neutron.services.segments.db._update_segment_host_mapping_for_agent-8784499980608', 'neutron.plugins.ml2.plugin.Ml2Plugin._retry_binding_revived_agents-32827155'] for agent (274207b6-bd35-4da5-aa85-55b8bfce6e34), after_update _notify_loop /var/lib/kolla/venv/lib/python3.6/site-packages/neutron_lib/callbacks/manager.py:177
2025-06-26 02:01:42.486 25 DEBUG neutron_lib.callbacks.manager [req-aab74cb5-6f5c-48a9-a956-7ed5131a48c5 - - - - -] Publish callbacks ['neutron.services.segments.db._update_segment_host_mapping_for_agent-8784499980608', 'neutron.plugins.ml2.plugin.Ml2Plugin._retry_binding_revived_agents-32827155'] for agent (5509ee55-d674-4063-bbb3-04ae5c74e329), after_update _notify_loop /var/lib/kolla/venv/lib/python3.6/site-packages/neutron_lib/callbacks/manager.py:177
2025-06-26 02:01:58.191 21 DEBUG neutron.wsgi [-] (21) accepted ('10.0.0.33', 52444) server /var/lib/kolla/venv/lib/python3.6/site-packages/eventlet/wsgi.py:1004
2025-06-26 02:01:58.195 21 INFO neutron.wsgi [-] 10.0.0.33 "GET / HTTP/1.1" status: 200 len: 227 time: 0.0032232
2025-06-26 02:01:59.814 26 DEBUG neutron_lib.callbacks.manager [req-8b51851a-bd28-4fc5-89dd-a872487ee133 - - - - -] Publish callbacks ['neutron.services.segments.db._update_segment_host_mapping_for_agent-8784499980608', 'neutron.plugins.ml2.plugin.Ml2Plugin._retry_binding_revived_agents-32827155'] for agent (274207b6-bd35-4da5-aa85-55b8bfce6e34), after_update _notify_loop /var/lib/kolla/venv/lib/python3.6/site-packages/neutron_lib/callbacks/manager.py:177
2025-06-26 02:02:06.260 28 DEBUG neutron.db.agents_db [req-f9fda9b1-6311-44f7-ae71-38525bb85497 - - - - -] Agent healthcheck: found 2 active agents agent_health_check /var/lib/kolla/venv/lib/python3.6/site-packages/neutron/db/agents_db.py:318
2025-06-26 02:02:12.488 22 DEBUG neutron_lib.callbacks.manager [req-aab74cb5-6f5c-48a9-a956-7ed5131a48c5 - - - - -] Publish callbacks ['neutron.services.segments.db._update_segment_host_mapping_for_agent-8784499980608', 'neutron.plugins.ml2.plugin.Ml2Plugin._retry_binding_revived_agents-32827155'] for agent (5509ee55-d674-4063-bbb3-04ae5c74e329), after_update _notify_loop /var/lib/kolla/venv/lib/python3.6/site-packages/neutron_lib/callbacks/manager.py:177
2025-06-26 02:02:28.243 21 DEBUG neutron.wsgi [-] (21) accepted ('10.0.0.33', 46200) server /var/lib/kolla/venv/lib/python3.6/site-packages/eventlet/wsgi.py:1004
2025-06-26 02:02:28.248 21 INFO neutron.wsgi [-] 10.0.0.33 "GET / HTTP/1.1" status: 200 len: 227 time: 0.0042934
2025-06-26 02:02:29.822 24 DEBUG neutron_lib.callbacks.manager [req-4f569561-1b82-4608-b02b-84e19248bd08 - - - - -] Publish callbacks ['neutron.services.segments.db._update_segment_host_mapping_for_agent-8784499980608', 'neutron.plugins.ml2.plugin.Ml2Plugin._retry_binding_revived_agents-32827155'] for agent (274207b6-bd35-4da5-aa85-55b8bfce6e34), after_update _notify_loop /var/lib/kolla/venv/lib/python3.6/site-packages/neutron_lib/callbacks/manager.py:177
2025-06-26 02:02:42.491 23 DEBUG neutron_lib.callbacks.manager [req-aab74cb5-6f5c-48a9-a956-7ed5131a48c5 - - - - -] Publish callbacks ['neutron.services.segments.db._update_segment_host_mapping_for_agent-8784499980608', 'neutron.plugins.ml2.plugin.Ml2Plugin._retry_binding_revived_agents-32827155'] for agent (5509ee55-d674-4063-bbb3-04ae5c74e329), after_update _notify_loop /var/lib/kolla/venv/lib/python3.6/site-packages/neutron_lib/callbacks/manager.py:177
2025-06-26 02:02:43.256 28 DEBUG neutron.db.agents_db [req-f9fda9b1-6311-44f7-ae71-38525bb85497 - - - - -] Agent healthcheck: found 2 active agents agent_health_check /var/lib/kolla/venv/lib/python3.6/site-packages/neutron/db/agents_db.py:318
2025-06-26 02:02:58.289 21 DEBUG neutron.wsgi [-] (21) accepted ('10.0.0.33', 36738) server /var/lib/kolla/venv/lib/python3.6/site-packages/eventlet/wsgi.py:1004
2025-06-26 02:02:58.292 21 INFO neutron.wsgi [-] 10.0.0.33 "GET / HTTP/1.1" status: 200 len: 227 time: 0.0024178
2025-06-26 02:02:59.818 27 DEBUG neutron_lib.callbacks.manager [req-2ca8ce2b-a1d3-4db1-9b37-20caf921aa94 - - - - -] Publish callbacks ['neutron.services.segments.db._update_segment_host_mapping_for_agent-8784499980608', 'neutron.plugins.ml2.plugin.Ml2Plugin._retry_binding_revived_agents-32827155'] for agent (274207b6-bd35-4da5-aa85-55b8bfce6e34), after_update _notify_loop /var/lib/kolla/venv/lib/python3.6/site-packages/neutron_lib/callbacks/manager.py:177
2025-06-26 02:03:12.495 25 DEBUG neutron_lib.callbacks.manager [req-aab74cb5-6f5c-48a9-a956-7ed5131a48c5 - - - - -] Publish callbacks ['neutron.services.segments.db._update_segment_host_mapping_for_agent-8784499980608', 'neutron.plugins.ml2.plugin.Ml2Plugin._retry_binding_revived_agents-32827155'] for agent (5509ee55-d674-4063-bbb3-04ae5c74e329), after_update _notify_loop /var/lib/kolla/venv/lib/python3.6/site-packages/neutron_lib/callbacks/manager.py:177
2025-06-26 02:03:20.266 28 DEBUG neutron.db.agents_db [req-f9fda9b1-6311-44f7-ae71-38525bb85497 - - - - -] Agent healthcheck: found 2 active agents agent_health_check /var/lib/kolla/venv/lib/python3.6/site-packages/neutron/db/agents_db.py:318
2025-06-26 02:03:28.333 21 DEBUG neutron.wsgi [-] (21) accepted ('10.0.0.33', 45788) server /var/lib/kolla/venv/lib/python3.6/site-packages/eventlet/wsgi.py:1004
2025-06-26 02:03:28.339 21 INFO neutron.wsgi [-] 10.0.0.33 "GET / HTTP/1.1" status: 200 len: 227 time: 0.0028815
2025-06-26 02:03:29.824 26 DEBUG neutron_lib.callbacks.manager [req-09922f80-32e3-4d99-8cf9-6d48769cfe57 - - - - -] Publish callbacks ['neutron.services.segments.db._update_segment_host_mapping_for_agent-8784499980608', 'neutron.plugins.ml2.plugin.Ml2Plugin._retry_binding_revived_agents-32827155'] for agent (274207b6-bd35-4da5-aa85-55b8bfce6e34), after_update _notify_loop /var/lib/kolla/venv/lib/python3.6/site-packages/neutron_lib/callbacks/manager.py:177
2025-06-26 02:03:42.496 22 DEBUG neutron_lib.callbacks.manager [req-aab74cb5-6f5c-48a9-a956-7ed5131a48c5 - - - - -] Publish callbacks ['neutron.services.segments.db._update_segment_host_mapping_for_agent-8784499980608', 'neutron.plugins.ml2.plugin.Ml2Plugin._retry_binding_revived_agents-32827155'] for agent (5509ee55-d674-4063-bbb3-04ae5c74e329), after_update _notify_loop /var/lib/kolla/venv/lib/python3.6/site-packages/neutron_lib/callbacks/manager.py:177
2025-06-26 02:03:57.271 28 DEBUG neutron.db.agents_db [req-f9fda9b1-6311-44f7-ae71-38525bb85497 - - - - -] Agent healthcheck: found 2 active agents agent_health_check /var/lib/kolla/venv/lib/python3.6/site-packages/neutron/db/agents_db.py:318
2025-06-26 02:03:58.384 21 DEBUG neutron.wsgi [-] (21) accepted ('10.0.0.33', 56164) server /var/lib/kolla/venv/lib/python3.6/site-packages/eventlet/wsgi.py:1004
2025-06-26 02:03:58.388 21 INFO neutron.wsgi [-] 10.0.0.33 "GET / HTTP/1.1" status: 200 len: 227 time: 0.0033555
2025-06-26 02:03:59.819 24 DEBUG neutron_lib.callbacks.manager [req-fb24b400-d30a-440c-89a3-bd97d8bf790e - - - - -] Publish callbacks ['neutron.services.segments.db._update_segment_host_mapping_for_agent-8784499980608', 'neutron.plugins.ml2.plugin.Ml2Plugin._retry_binding_revived_agents-32827155'] for agent (274207b6-bd35-4da5-aa85-55b8bfce6e34), after_update _notify_loop /var/lib/kolla/venv/lib/python3.6/site-packages/neutron_lib/callbacks/manager.py:177
2025-06-26 02:04:12.502 23 DEBUG neutron_lib.callbacks.manager [req-aab74cb5-6f5c-48a9-a956-7ed5131a48c5 - - - - -] Publish callbacks ['neutron.services.segments.db._update_segment_host_mapping_for_agent-8784499980608', 'neutron.plugins.ml2.plugin.Ml2Plugin._retry_binding_revived_agents-32827155'] for agent (5509ee55-d674-4063-bbb3-04ae5c74e329), after_update _notify_loop /var/lib/kolla/venv/lib/python3.6/site-packages/neutron_lib/callbacks/manager.py:177
2025-06-26 02:04:28.438 21 DEBUG neutron.wsgi [-] (21) accepted ('10.0.0.33', 39172) server /var/lib/kolla/venv/lib/python3.6/site-packages/eventlet/wsgi.py:1004
2025-06-26 02:04:28.441 21 INFO neutron.wsgi [-] 10.0.0.33 "GET / HTTP/1.1" status: 200 len: 227 time: 0.0024831
2025-06-26 02:04:29.826 27 DEBUG neutron_lib.callbacks.manager [req-d2a403e1-e0bf-4d8e-afe9-b59f6d13286f - - - - -] Publish callbacks ['neutron.services.segments.db._update_segment_host_mapping_for_agent-8784499980608', 'neutron.plugins.ml2.plugin.Ml2Plugin._retry_binding_revived_agents-32827155'] for agent (274207b6-bd35-4da5-aa85-55b8bfce6e34), after_update _notify_loop /var/lib/kolla/venv/lib/python3.6/site-packages/neutron_lib/callbacks/manager.py:177
2025-06-26 02:04:34.278 28 DEBUG neutron.db.agents_db [req-f9fda9b1-6311-44f7-ae71-38525bb85497 - - - - -] Agent healthcheck: found 2 active agents agent_health_check /var/lib/kolla/venv/lib/python3.6/site-packages/neutron/db/agents_db.py:318
2025-06-26 02:04:42.503 25 DEBUG neutron_lib.callbacks.manager [req-aab74cb5-6f5c-48a9-a956-7ed5131a48c5 - - - - -] Publish callbacks ['neutron.services.segments.db._update_segment_host_mapping_for_agent-8784499980608', 'neutron.plugins.ml2.plugin.Ml2Plugin._retry_binding_revived_agents-32827155'] for agent (5509ee55-d674-4063-bbb3-04ae5c74e329), after_update _notify_loop /var/lib/kolla/venv/lib/python3.6/site-packages/neutron_lib/callbacks/manager.py:177
2025-06-26 02:04:58.488 21 DEBUG neutron.wsgi [-] (21) accepted ('10.0.0.33', 44320) server /var/lib/kolla/venv/lib/python3.6/site-packages/eventlet/wsgi.py:1004
2025-06-26 02:04:58.493 21 INFO neutron.wsgi [-] 10.0.0.33 "GET / HTTP/1.1" status: 200 len: 227 time: 0.0027869
2025-06-26 02:04:59.826 26 DEBUG neutron_lib.callbacks.manager [req-0dae8463-febf-4c86-934c-cd0f42c626aa - - - - -] Publish callbacks ['neutron.services.segments.db._update_segment_host_mapping_for_agent-8784499980608', 'neutron.plugins.ml2.plugin.Ml2Plugin._retry_binding_revived_agents-32827155'] for agent (274207b6-bd35-4da5-aa85-55b8bfce6e34), after_update _notify_loop /var/lib/kolla/venv/lib/python3.6/site-packages/neutron_lib/callbacks/manager.py:177
2025-06-26 02:05:11.274 28 DEBUG neutron.db.agents_db [req-f9fda9b1-6311-44f7-ae71-38525bb85497 - - - - -] Agent healthcheck: found 2 active agents agent_health_check /var/lib/kolla/venv/lib/python3.6/site-packages/neutron/db/agents_db.py:318
2025-06-26 02:05:12.502 22 DEBUG neutron_lib.callbacks.manager [req-aab74cb5-6f5c-48a9-a956-7ed5131a48c5 - - - - -] Publish callbacks ['neutron.services.segments.db._update_segment_host_mapping_for_agent-8784499980608', 'neutron.plugins.ml2.plugin.Ml2Plugin._retry_binding_revived_agents-32827155'] for agent (5509ee55-d674-4063-bbb3-04ae5c74e329), after_update _notify_loop /var/lib/kolla/venv/lib/python3.6/site-packages/neutron_lib/callbacks/manager.py:177
2025-06-26 02:05:28.536 21 DEBUG neutron.wsgi [-] (21) accepted ('10.0.0.33', 41052) server /var/lib/kolla/venv/lib/python3.6/site-packages/eventlet/wsgi.py:1004
2025-06-26 02:05:28.539 21 INFO neutron.wsgi [-] 10.0.0.33 "GET / HTTP/1.1" status: 200 len: 227 time: 0.0023696
2025-06-26 02:05:29.822 24 DEBUG neutron_lib.callbacks.manager [req-ae41f50e-d771-488f-b261-6eeca9b2050b - - - - -] Publish callbacks ['neutron.services.segments.db._update_segment_host_mapping_for_agent-8784499980608', 'neutron.plugins.ml2.plugin.Ml2Plugin._retry_binding_revived_agents-32827155'] for agent (274207b6-bd35-4da5-aa85-55b8bfce6e34), after_update _notify_loop /var/lib/kolla/venv/lib/python3.6/site-packages/neutron_lib/callbacks/manager.py:177
2025-06-26 02:05:42.504 23 DEBUG neutron_lib.callbacks.manager [req-aab74cb5-6f5c-48a9-a956-7ed5131a48c5 - - - - -] Publish callbacks ['neutron.services.segments.db._update_segment_host_mapping_for_agent-8784499980608', 'neutron.plugins.ml2.plugin.Ml2Plugin._retry_binding_revived_agents-32827155'] for agent (5509ee55-d674-4063-bbb3-04ae5c74e329), after_update _notify_loop /var/lib/kolla/venv/lib/python3.6/site-packages/neutron_lib/callbacks/manager.py:177
2025-06-26 02:05:48.270 28 DEBUG neutron.db.agents_db [req-f9fda9b1-6311-44f7-ae71-38525bb85497 - - - - -] Agent healthcheck: found 2 active agents agent_health_check /var/lib/kolla/venv/lib/python3.6/site-packages/neutron/db/agents_db.py:318
2025-06-26 02:05:58.581 21 DEBUG neutron.wsgi [-] (21) accepted ('10.0.0.33', 42484) server /var/lib/kolla/venv/lib/python3.6/site-packages/eventlet/wsgi.py:1004
2025-06-26 02:05:58.584 21 INFO neutron.wsgi [-] 10.0.0.33 "GET / HTTP/1.1" status: 200 len: 227 time: 0.0025070
2025-06-26 02:05:59.829 27 DEBUG neutron_lib.callbacks.manager [req-e80e94c5-c261-4e61-9922-64421e59f95e - - - - -] Publish callbacks ['neutron.services.segments.db._update_segment_host_mapping_for_agent-8784499980608', 'neutron.plugins.ml2.plugin.Ml2Plugin._retry_binding_revived_agents-32827155'] for agent (274207b6-bd35-4da5-aa85-55b8bfce6e34), after_update _notify_loop /var/lib/kolla/venv/lib/python3.6/site-packages/neutron_lib/callbacks/manager.py:177
2025-06-26 02:06:12.507 25 DEBUG neutron_lib.callbacks.manager [req-aab74cb5-6f5c-48a9-a956-7ed5131a48c5 - - - - -] Publish callbacks ['neutron.services.segments.db._update_segment_host_mapping_for_agent-8784499980608', 'neutron.plugins.ml2.plugin.Ml2Plugin._retry_binding_revived_agents-32827155'] for agent (5509ee55-d674-4063-bbb3-04ae5c74e329), after_update _notify_loop /var/lib/kolla/venv/lib/python3.6/site-packages/neutron_lib/callbacks/manager.py:177
2025-06-26 02:06:25.277 28 DEBUG neutron.db.agents_db [req-f9fda9b1-6311-44f7-ae71-38525bb85497 - - - - -] Agent healthcheck: found 2 active agents agent_health_check /var/lib/kolla/venv/lib/python3.6/site-packages/neutron/db/agents_db.py:318
2025-06-26 02:06:28.634 21 DEBUG neutron.wsgi [-] (21) accepted ('10.0.0.33', 50214) server /var/lib/kolla/venv/lib/python3.6/site-packages/eventlet/wsgi.py:1004
2025-06-26 02:06:28.637 21 INFO neutron.wsgi [-] 10.0.0.33 "GET / HTTP/1.1" status: 200 len: 227 time: 0.0025442
2025-06-26 02:06:29.822 26 DEBUG neutron_lib.callbacks.manager [req-6417ec42-20ae-4b2a-9a4f-acce0c76f86d - - - - -] Publish callbacks ['neutron.services.segments.db._update_segment_host_mapping_for_agent-8784499980608', 'neutron.plugins.ml2.plugin.Ml2Plugin._retry_binding_revived_agents-32827155'] for agent (274207b6-bd35-4da5-aa85-55b8bfce6e34), after_update _notify_loop /var/lib/kolla/venv/lib/python3.6/site-packages/neutron_lib/callbacks/manager.py:177
2025-06-26 02:06:42.518 22 DEBUG neutron_lib.callbacks.manager [req-aab74cb5-6f5c-48a9-a956-7ed5131a48c5 - - - - -] Publish callbacks ['neutron.services.segments.db._update_segment_host_mapping_for_agent-8784499980608', 'neutron.plugins.ml2.plugin.Ml2Plugin._retry_binding_revived_agents-32827155'] for agent (5509ee55-d674-4063-bbb3-04ae5c74e329), after_update _notify_loop /var/lib/kolla/venv/lib/python3.6/site-packages/neutron_lib/callbacks/manager.py:177
2025-06-26 02:06:58.681 21 DEBUG neutron.wsgi [-] (21) accepted ('10.0.0.33', 37500) server /var/lib/kolla/venv/lib/python3.6/site-packages/eventlet/wsgi.py:1004
2025-06-26 02:06:58.684 21 INFO neutron.wsgi [-] 10.0.0.33 "GET / HTTP/1.1" status: 200 len: 227 time: 0.0024550
2025-06-26 02:06:59.827 24 DEBUG neutron_lib.callbacks.manager [req-85b3739a-5325-4620-891a-bb6d70bb33f1 - - - - -] Publish callbacks ['neutron.services.segments.db._update_segment_host_mapping_for_agent-8784499980608', 'neutron.plugins.ml2.plugin.Ml2Plugin._retry_binding_revived_agents-32827155'] for agent (274207b6-bd35-4da5-aa85-55b8bfce6e34), after_update _notify_loop /var/lib/kolla/venv/lib/python3.6/site-packages/neutron_lib/callbacks/manager.py:177
2025-06-26 02:07:02.282 28 DEBUG neutron.db.agents_db [req-f9fda9b1-6311-44f7-ae71-38525bb85497 - - - - -] Agent healthcheck: found 2 active agents agent_health_check /var/lib/kolla/venv/lib/python3.6/site-packages/neutron/db/agents_db.py:318
2025-06-26 02:07:12.513 23 DEBUG neutron_lib.callbacks.manager [req-aab74cb5-6f5c-48a9-a956-7ed5131a48c5 - - - - -] Publish callbacks ['neutron.services.segments.db._update_segment_host_mapping_for_agent-8784499980608', 'neutron.plugins.ml2.plugin.Ml2Plugin._retry_binding_revived_agents-32827155'] for agent (5509ee55-d674-4063-bbb3-04ae5c74e329), after_update _notify_loop /var/lib/kolla/venv/lib/python3.6/site-packages/neutron_lib/callbacks/manager.py:177
2025-06-26 02:07:28.731 21 DEBUG neutron.wsgi [-] (21) accepted ('10.0.0.33', 60358) server /var/lib/kolla/venv/lib/python3.6/site-packages/eventlet/wsgi.py:1004
2025-06-26 02:07:28.735 21 INFO neutron.wsgi [-] 10.0.0.33 "GET / HTTP/1.1" status: 200 len: 227 time: 0.0027239
2025-06-26 02:07:29.895 27 DEBUG neutron_lib.callbacks.manager [req-565a975c-3134-4761-89a2-872f80d8ce22 - - - - -] Publish callbacks ['neutron.services.segments.db._update_segment_host_mapping_for_agent-8784499980608', 'neutron.plugins.ml2.plugin.Ml2Plugin._retry_binding_revived_agents-32827155'] for agent (274207b6-bd35-4da5-aa85-55b8bfce6e34), after_update _notify_loop /var/lib/kolla/venv/lib/python3.6/site-packages/neutron_lib/callbacks/manager.py:177
2025-06-26 02:07:39.289 28 DEBUG neutron.db.agents_db [req-f9fda9b1-6311-44f7-ae71-38525bb85497 - - - - -] Agent healthcheck: found 2 active agents agent_health_check /var/lib/kolla/venv/lib/python3.6/site-packages/neutron/db/agents_db.py:318
2025-06-26 02:07:42.519 25 DEBUG neutron_lib.callbacks.manager [req-aab74cb5-6f5c-48a9-a956-7ed5131a48c5 - - - - -] Publish callbacks ['neutron.services.segments.db._update_segment_host_mapping_for_agent-8784499980608', 'neutron.plugins.ml2.plugin.Ml2Plugin._retry_binding_revived_agents-32827155'] for agent (5509ee55-d674-4063-bbb3-04ae5c74e329), after_update _notify_loop /var/lib/kolla/venv/lib/python3.6/site-packages/neutron_lib/callbacks/manager.py:177
2025-06-26 02:07:58.815 21 DEBUG neutron.wsgi [-] (21) accepted ('10.0.0.33', 40712) server /var/lib/kolla/venv/lib/python3.6/site-packages/eventlet/wsgi.py:1004
2025-06-26 02:07:58.819 21 INFO neutron.wsgi [-] 10.0.0.33 "GET / HTTP/1.1" status: 200 len: 227 time: 0.0032296
2025-06-26 02:07:59.831 26 DEBUG neutron_lib.callbacks.manager [req-21db4220-37bd-43a3-9b92-b2bc32b5e6e3 - - - - -] Publish callbacks ['neutron.services.segments.db._update_segment_host_mapping_for_agent-8784499980608', 'neutron.plugins.ml2.plugin.Ml2Plugin._retry_binding_revived_agents-32827155'] for agent (274207b6-bd35-4da5-aa85-55b8bfce6e34), after_update _notify_loop /var/lib/kolla/venv/lib/python3.6/site-packages/neutron_lib/callbacks/manager.py:177
2025-06-26 02:08:06.478 6 INFO oslo_service.service [-] Caught SIGTERM, stopping children
2025-06-26 02:08:06.478 6 DEBUG oslo_concurrency.lockutils [-] Acquired lock "singleton_lock" lock /var/lib/kolla/venv/lib/python3.6/site-packages/oslo_concurrency/lockutils.py:294
2025-06-26 02:08:06.479 6 DEBUG oslo_concurrency.lockutils [-] Releasing lock "singleton_lock" lock /var/lib/kolla/venv/lib/python3.6/site-packages/oslo_concurrency/lockutils.py:312
2025-06-26 02:08:06.479 6 DEBUG oslo_service.service [-] Stop services. stop /var/lib/kolla/venv/lib/python3.6/site-packages/oslo_service/service.py:695
2025-06-26 02:08:06.479 6 DEBUG neutron.service [-] calling RpcWorker stop() stop /var/lib/kolla/venv/lib/python3.6/site-packages/neutron/service.py:138
2025-06-26 02:08:06.479 6 DEBUG neutron.service [-] calling RpcWorker stop() stop /var/lib/kolla/venv/lib/python3.6/site-packages/neutron/service.py:138
2025-06-26 02:08:06.479 6 DEBUG oslo_service.service [-] Killing children. stop /var/lib/kolla/venv/lib/python3.6/site-packages/oslo_service/service.py:700
2025-06-26 02:08:06.479 6 INFO oslo_service.service [-] Waiting on 8 children to exit
2025-06-26 02:08:06.479 24 DEBUG neutron.service [-] calling RpcWorker stop() stop /var/lib/kolla/venv/lib/python3.6/site-packages/neutron/service.py:138
2025-06-26 02:08:06.480 21 INFO neutron.wsgi [-] (21) wsgi exited, is_accepting=True
2025-06-26 02:08:06.480 22 DEBUG neutron.service [-] calling RpcWorker stop() stop /var/lib/kolla/venv/lib/python3.6/site-packages/neutron/service.py:138
2025-06-26 02:08:06.480 24 DEBUG neutron.service [-] calling stop on stop /var/lib/kolla/venv/lib/python3.6/site-packages/neutron/service.py:141
2025-06-26 02:08:06.480 21 DEBUG oslo_concurrency.lockutils [req-2ed2f393-bb7c-4e14-80c9-8cec37f5b20d - - - - -] Acquired lock "singleton_lock" lock /var/lib/kolla/venv/lib/python3.6/site-packages/oslo_concurrency/lockutils.py:294
2025-06-26 02:08:06.481 21 DEBUG oslo_concurrency.lockutils [req-2ed2f393-bb7c-4e14-80c9-8cec37f5b20d - - - - -] Releasing lock "singleton_lock" lock /var/lib/kolla/venv/lib/python3.6/site-packages/oslo_concurrency/lockutils.py:312
2025-06-26 02:08:06.481 26 DEBUG neutron.service [-] calling RpcWorker stop() stop /var/lib/kolla/venv/lib/python3.6/site-packages/neutron/service.py:138
2025-06-26 02:08:06.480 22 DEBUG neutron.service [-] calling stop on stop /var/lib/kolla/venv/lib/python3.6/site-packages/neutron/service.py:141
2025-06-26 02:08:06.483 25 DEBUG neutron.service [-] calling RpcWorker stop() stop /var/lib/kolla/venv/lib/python3.6/site-packages/neutron/service.py:138
2025-06-26 02:08:06.481 26 DEBUG neutron.service [-] calling stop on stop /var/lib/kolla/venv/lib/python3.6/site-packages/neutron/service.py:141
2025-06-26 02:08:06.484 28 DEBUG neutron.service [-] calling RpcWorker stop() stop /var/lib/kolla/venv/lib/python3.6/site-packages/neutron/service.py:138
2025-06-26 02:08:06.485 23 DEBUG neutron.service [-] calling RpcWorker stop() stop /var/lib/kolla/venv/lib/python3.6/site-packages/neutron/service.py:138
2025-06-26 02:08:06.485 28 DEBUG neutron.service [-] calling stop on stop /var/lib/kolla/venv/lib/python3.6/site-packages/neutron/service.py:141
2025-06-26 02:08:06.483 25 DEBUG neutron.service [-] calling stop on stop /var/lib/kolla/venv/lib/python3.6/site-packages/neutron/service.py:141
2025-06-26 02:08:06.486 6 INFO oslo_service.service [-] Child 21 exited with status 0
2025-06-26 02:08:06.485 23 DEBUG neutron.service [-] calling stop on stop /var/lib/kolla/venv/lib/python3.6/site-packages/neutron/service.py:141
2025-06-26 02:08:06.495 27 DEBUG neutron.service [-] calling RpcWorker stop() stop /var/lib/kolla/venv/lib/python3.6/site-packages/neutron/service.py:138
2025-06-26 02:08:06.495 27 DEBUG neutron.service [-] calling stop on stop /var/lib/kolla/venv/lib/python3.6/site-packages/neutron/service.py:141
2025-06-26 02:08:08.029 26 DEBUG oslo_concurrency.lockutils [req-2ed2f393-bb7c-4e14-80c9-8cec37f5b20d - - - - -] Acquired lock "singleton_lock" lock /var/lib/kolla/venv/lib/python3.6/site-packages/oslo_concurrency/lockutils.py:294
2025-06-26 02:08:08.030 26 DEBUG oslo_concurrency.lockutils [req-2ed2f393-bb7c-4e14-80c9-8cec37f5b20d - - - - -] Releasing lock "singleton_lock" lock /var/lib/kolla/venv/lib/python3.6/site-packages/oslo_concurrency/lockutils.py:312
2025-06-26 02:08:08.031 26 DEBUG neutron.service [req-2ed2f393-bb7c-4e14-80c9-8cec37f5b20d - - - - -] calling RpcWorker wait() _wait /var/lib/kolla/venv/lib/python3.6/site-packages/neutron/service.py:128
2025-06-26 02:08:08.031 26 DEBUG neutron.service [req-2ed2f393-bb7c-4e14-80c9-8cec37f5b20d - - - - -] calling wait on _wait /var/lib/kolla/venv/lib/python3.6/site-packages/neutron/service.py:131
2025-06-26 02:08:08.035 27 DEBUG oslo_concurrency.lockutils [req-2ed2f393-bb7c-4e14-80c9-8cec37f5b20d - - - - -] Acquired lock "singleton_lock" lock /var/lib/kolla/venv/lib/python3.6/site-packages/oslo_concurrency/lockutils.py:294
2025-06-26 02:08:08.036 27 DEBUG oslo_concurrency.lockutils [req-2ed2f393-bb7c-4e14-80c9-8cec37f5b20d - - - - -] Releasing lock "singleton_lock" lock /var/lib/kolla/venv/lib/python3.6/site-packages/oslo_concurrency/lockutils.py:312
2025-06-26 02:08:08.037 27 DEBUG neutron.service [req-2ed2f393-bb7c-4e14-80c9-8cec37f5b20d - - - - -] calling RpcWorker wait() _wait /var/lib/kolla/venv/lib/python3.6/site-packages/neutron/service.py:128
2025-06-26 02:08:08.038 27 DEBUG neutron.service [req-2ed2f393-bb7c-4e14-80c9-8cec37f5b20d - - - - -] calling wait on _wait /var/lib/kolla/venv/lib/python3.6/site-packages/neutron/service.py:131
2025-06-26 02:08:08.039 26 WARNING amqp [req-2ed2f393-bb7c-4e14-80c9-8cec37f5b20d - - - - -] Received method (60, 30) during closing channel 1. This method will be ignored
2025-06-26 02:08:08.040 26 DEBUG neutron.service [req-2ed2f393-bb7c-4e14-80c9-8cec37f5b20d - - - - -] returning from RpcWorker wait() _wait /var/lib/kolla/venv/lib/python3.6/site-packages/neutron/service.py:135
2025-06-26 02:08:08.044 6 INFO oslo_service.service [-] Child 26 exited with status 0
2025-06-26 02:08:08.045 27 WARNING amqp [req-2ed2f393-bb7c-4e14-80c9-8cec37f5b20d - - - - -] Received method (60, 30) during closing channel 1. This method will be ignored
2025-06-26 02:08:08.046 27 DEBUG neutron.service [req-2ed2f393-bb7c-4e14-80c9-8cec37f5b20d - - - - -] returning from RpcWorker wait() _wait /var/lib/kolla/venv/lib/python3.6/site-packages/neutron/service.py:135
2025-06-26 02:08:08.050 6 INFO oslo_service.service [-] Child 27 exited with status 0
2025-06-26 02:08:10.717 25 DEBUG oslo_concurrency.lockutils [req-2ed2f393-bb7c-4e14-80c9-8cec37f5b20d - - - - -] Acquired lock "singleton_lock" lock /var/lib/kolla/venv/lib/python3.6/site-packages/oslo_concurrency/lockutils.py:294
2025-06-26 02:08:10.717 25 DEBUG oslo_concurrency.lockutils [req-2ed2f393-bb7c-4e14-80c9-8cec37f5b20d - - - - -] Releasing lock "singleton_lock" lock /var/lib/kolla/venv/lib/python3.6/site-packages/oslo_concurrency/lockutils.py:312
2025-06-26 02:08:10.717 25 DEBUG neutron.service [req-2ed2f393-bb7c-4e14-80c9-8cec37f5b20d - - - - -] calling RpcWorker wait() _wait /var/lib/kolla/venv/lib/python3.6/site-packages/neutron/service.py:128
2025-06-26 02:08:10.717 25 DEBUG neutron.service [req-2ed2f393-bb7c-4e14-80c9-8cec37f5b20d - - - - -] calling wait on _wait /var/lib/kolla/venv/lib/python3.6/site-packages/neutron/service.py:131
2025-06-26 02:08:10.724 25 WARNING amqp [req-2ed2f393-bb7c-4e14-80c9-8cec37f5b20d - - - - -] Received method (60, 30) during closing channel 1. This method will be ignored
2025-06-26 02:08:10.725 25 DEBUG neutron.service [req-2ed2f393-bb7c-4e14-80c9-8cec37f5b20d - - - - -] returning from RpcWorker wait() _wait /var/lib/kolla/venv/lib/python3.6/site-packages/neutron/service.py:135
2025-06-26 02:08:10.730 6 INFO oslo_service.service [-] Child 25 exited with status 0
2025-06-26 02:08:11.229 22 DEBUG neutron.service [-] calling stop on stop /var/lib/kolla/venv/lib/python3.6/site-packages/neutron/service.py:141
2025-06-26 02:08:11.241 24 DEBUG neutron.service [-] calling stop on stop /var/lib/kolla/venv/lib/python3.6/site-packages/neutron/service.py:141
2025-06-26 02:08:11.243 24 DEBUG neutron.service [-] calling stop on stop /var/lib/kolla/venv/lib/python3.6/site-packages/neutron/service.py:141
2025-06-26 02:08:11.248 22 DEBUG neutron.service [-] calling stop on stop /var/lib/kolla/venv/lib/python3.6/site-packages/neutron/service.py:141
2025-06-26 02:08:11.250 23 DEBUG neutron.service [-] calling stop on stop /var/lib/kolla/venv/lib/python3.6/site-packages/neutron/service.py:141
2025-06-26 02:08:11.262 22 DEBUG neutron.service [-] calling stop on stop /var/lib/kolla/venv/lib/python3.6/site-packages/neutron/service.py:141
2025-06-26 02:08:11.263 24 DEBUG neutron.service [-] calling stop on stop /var/lib/kolla/venv/lib/python3.6/site-packages/neutron/service.py:141
2025-06-26 02:08:11.274 28 DEBUG oslo_concurrency.lockutils [req-2ed2f393-bb7c-4e14-80c9-8cec37f5b20d - - - - -] Acquired lock "singleton_lock" lock /var/lib/kolla/venv/lib/python3.6/site-packages/oslo_concurrency/lockutils.py:294
2025-06-26 02:08:11.274 28 DEBUG oslo_concurrency.lockutils [req-2ed2f393-bb7c-4e14-80c9-8cec37f5b20d - - - - -] Releasing lock "singleton_lock" lock /var/lib/kolla/venv/lib/python3.6/site-packages/oslo_concurrency/lockutils.py:312
2025-06-26 02:08:11.274 28 DEBUG neutron.service [req-2ed2f393-bb7c-4e14-80c9-8cec37f5b20d - - - - -] calling RpcWorker wait() _wait /var/lib/kolla/venv/lib/python3.6/site-packages/neutron/service.py:128
2025-06-26 02:08:11.274 28 DEBUG neutron.service [req-2ed2f393-bb7c-4e14-80c9-8cec37f5b20d - - - - -] calling wait on _wait /var/lib/kolla/venv/lib/python3.6/site-packages/neutron/service.py:131
2025-06-26 02:08:11.277 22 DEBUG oslo_concurrency.lockutils [req-2ed2f393-bb7c-4e14-80c9-8cec37f5b20d - - - - -] Acquired lock "singleton_lock" lock /var/lib/kolla/venv/lib/python3.6/site-packages/oslo_concurrency/lockutils.py:294
2025-06-26 02:08:11.278 24 DEBUG oslo_concurrency.lockutils [req-2ed2f393-bb7c-4e14-80c9-8cec37f5b20d - - - - -] Acquired lock "singleton_lock" lock /var/lib/kolla/venv/lib/python3.6/site-packages/oslo_concurrency/lockutils.py:294
2025-06-26 02:08:11.279 22 DEBUG oslo_concurrency.lockutils [req-2ed2f393-bb7c-4e14-80c9-8cec37f5b20d - - - - -] Releasing lock "singleton_lock" lock /var/lib/kolla/venv/lib/python3.6/site-packages/oslo_concurrency/lockutils.py:312
2025-06-26 02:08:11.280 24 DEBUG oslo_concurrency.lockutils [req-2ed2f393-bb7c-4e14-80c9-8cec37f5b20d - - - - -] Releasing lock "singleton_lock" lock /var/lib/kolla/venv/lib/python3.6/site-packages/oslo_concurrency/lockutils.py:312
2025-06-26 02:08:11.280 24 DEBUG neutron.service [req-2ed2f393-bb7c-4e14-80c9-8cec37f5b20d - - - - -] calling RpcWorker wait() _wait /var/lib/kolla/venv/lib/python3.6/site-packages/neutron/service.py:128
2025-06-26 02:08:11.281 24 DEBUG neutron.service [req-2ed2f393-bb7c-4e14-80c9-8cec37f5b20d - - - - -] calling wait on _wait /var/lib/kolla/venv/lib/python3.6/site-packages/neutron/service.py:131
2025-06-26 02:08:11.281 28 WARNING amqp [req-2ed2f393-bb7c-4e14-80c9-8cec37f5b20d - - - - -] Received method (60, 30) during closing channel 1. This method will be ignored
2025-06-26 02:08:11.280 22 DEBUG neutron.service [req-2ed2f393-bb7c-4e14-80c9-8cec37f5b20d - - - - -] calling RpcWorker wait() _wait /var/lib/kolla/venv/lib/python3.6/site-packages/neutron/service.py:128
2025-06-26 02:08:11.282 22 DEBUG neutron.service [req-2ed2f393-bb7c-4e14-80c9-8cec37f5b20d - - - - -] calling wait on _wait /var/lib/kolla/venv/lib/python3.6/site-packages/neutron/service.py:131
2025-06-26 02:08:11.282 28 DEBUG neutron.service [req-2ed2f393-bb7c-4e14-80c9-8cec37f5b20d - - - - -] returning from RpcWorker wait() _wait /var/lib/kolla/venv/lib/python3.6/site-packages/neutron/service.py:135
2025-06-26 02:08:11.288 22 WARNING amqp [req-2ed2f393-bb7c-4e14-80c9-8cec37f5b20d - - - - -] Received method (60, 30) during closing channel 1. This method will be ignored
2025-06-26 02:08:11.290 6 INFO oslo_service.service [-] Child 28 exited with status 0
2025-06-26 02:08:11.290 22 DEBUG neutron.service [req-2ed2f393-bb7c-4e14-80c9-8cec37f5b20d - - - - -] calling wait on _wait /var/lib/kolla/venv/lib/python3.6/site-packages/neutron/service.py:131
2025-06-26 02:08:11.291 24 WARNING amqp [req-2ed2f393-bb7c-4e14-80c9-8cec37f5b20d - - - - -] Received method (60, 30) during closing channel 1. This method will be ignored
2025-06-26 02:08:11.293 24 DEBUG neutron.service [req-2ed2f393-bb7c-4e14-80c9-8cec37f5b20d - - - - -] calling wait on _wait /var/lib/kolla/venv/lib/python3.6/site-packages/neutron/service.py:131
2025-06-26 02:08:11.295 22 WARNING amqp [req-2ed2f393-bb7c-4e14-80c9-8cec37f5b20d - - - - -] Received method (60, 30) during closing channel 1. This method will be ignored
2025-06-26 02:08:11.295 22 DEBUG neutron.service [req-2ed2f393-bb7c-4e14-80c9-8cec37f5b20d - - - - -] calling wait on _wait /var/lib/kolla/venv/lib/python3.6/site-packages/neutron/service.py:131
2025-06-26 02:08:11.297 24 WARNING amqp [req-2ed2f393-bb7c-4e14-80c9-8cec37f5b20d - - - - -] Received method (60, 30) during closing channel 1. This method will be ignored
2025-06-26 02:08:11.299 24 DEBUG neutron.service [req-2ed2f393-bb7c-4e14-80c9-8cec37f5b20d - - - - -] calling wait on _wait /var/lib/kolla/venv/lib/python3.6/site-packages/neutron/service.py:131
2025-06-26 02:08:11.300 22 WARNING amqp [req-2ed2f393-bb7c-4e14-80c9-8cec37f5b20d - - - - -] Received method (60, 30) during closing channel 1. This method will be ignored
2025-06-26 02:08:11.301 22 DEBUG neutron.service [req-2ed2f393-bb7c-4e14-80c9-8cec37f5b20d - - - - -] calling wait on _wait /var/lib/kolla/venv/lib/python3.6/site-packages/neutron/service.py:131
2025-06-26 02:08:11.303 24 WARNING amqp [req-2ed2f393-bb7c-4e14-80c9-8cec37f5b20d - - - - -] Received method (60, 30) during closing channel 1. This method will be ignored
2025-06-26 02:08:11.304 24 DEBUG neutron.service [req-2ed2f393-bb7c-4e14-80c9-8cec37f5b20d - - - - -] calling wait on _wait /var/lib/kolla/venv/lib/python3.6/site-packages/neutron/service.py:131
2025-06-26 02:08:11.306 22 WARNING amqp [req-2ed2f393-bb7c-4e14-80c9-8cec37f5b20d - - - - -] Received method (60, 30) during closing channel 1. This method will be ignored
2025-06-26 02:08:11.306 22 DEBUG neutron.service [req-2ed2f393-bb7c-4e14-80c9-8cec37f5b20d - - - - -] returning from RpcWorker wait() _wait /var/lib/kolla/venv/lib/python3.6/site-packages/neutron/service.py:135
2025-06-26 02:08:11.309 24 WARNING amqp [req-2ed2f393-bb7c-4e14-80c9-8cec37f5b20d - - - - -] Received method (60, 30) during closing channel 1. This method will be ignored
2025-06-26 02:08:11.311 6 INFO oslo_service.service [-] Child 22 exited with status 0
2025-06-26 02:08:11.310 24 DEBUG neutron.service [req-2ed2f393-bb7c-4e14-80c9-8cec37f5b20d - - - - -] returning from RpcWorker wait() _wait /var/lib/kolla/venv/lib/python3.6/site-packages/neutron/service.py:135
2025-06-26 02:08:11.317 6 INFO oslo_service.service [-] Child 24 exited with status 0
2025-06-26 02:08:12.522 23 DEBUG neutron_lib.callbacks.manager [req-aab74cb5-6f5c-48a9-a956-7ed5131a48c5 - - - - -] Publish callbacks ['neutron.services.segments.db._update_segment_host_mapping_for_agent-8784499980608', 'neutron.plugins.ml2.plugin.Ml2Plugin._retry_binding_revived_agents-32827155'] for agent (5509ee55-d674-4063-bbb3-04ae5c74e329), after_update _notify_loop /var/lib/kolla/venv/lib/python3.6/site-packages/neutron_lib/callbacks/manager.py:177
2025-06-26 02:08:18.973 6 INFO neutron.common.config [-] Logging enabled!
2025-06-26 02:08:18.973 6 INFO neutron.common.config [-] /var/lib/kolla/venv/bin/neutron-server version 20.5.1.dev23
2025-06-26 02:08:18.973 6 DEBUG neutron.common.config [-] command line: /var/lib/kolla/venv/bin/neutron-server --config-file /etc/neutron/neutron.conf --config-file /etc/neutron/ContrailPlugin.ini --config-file /etc/neutron/api-paste.ini setup_logging /var/lib/kolla/venv/lib/python3.6/site-packages/neutron/common/config.py:115
2025-06-26 02:08:18.977 6 INFO neutron.common.config [-] Logging enabled!
2025-06-26 02:08:18.977 6 INFO neutron.common.config [-] /var/lib/kolla/venv/bin/neutron-server version 20.5.1.dev23
2025-06-26 02:08:18.977 6 DEBUG neutron.common.config [-] command line: /var/lib/kolla/venv/bin/neutron-server --config-file /etc/neutron/neutron.conf --config-file /etc/neutron/ContrailPlugin.ini --config-file /etc/neutron/api-paste.ini setup_logging /var/lib/kolla/venv/lib/python3.6/site-packages/neutron/common/config.py:115
2025-06-26 02:08:18.977 6 DEBUG neutron.common.config [-] ******************************************************************************** log_opt_values /var/lib/kolla/venv/lib/python3.6/site-packages/oslo_config/cfg.py:2589
2025-06-26 02:08:18.978 6 DEBUG neutron.common.config [-] Configuration options gathered from: log_opt_values /var/lib/kolla/venv/lib/python3.6/site-packages/oslo_config/cfg.py:2590
2025-06-26 02:08:18.978 6 DEBUG neutron.common.config [-] command line args: ['--config-file', '/etc/neutron/neutron.conf', '--config-file', '/etc/neutron/ContrailPlugin.ini', '--config-file', '/etc/neutron/api-paste.ini'] log_opt_values /var/lib/kolla/venv/lib/python3.6/site-packages/oslo_config/cfg.py:2591
2025-06-26 02:08:18.978 6 DEBUG neutron.common.config [-] config files: ['/etc/neutron/neutron.conf', '/etc/neutron/ContrailPlugin.ini', '/etc/neutron/api-paste.ini'] log_opt_values /var/lib/kolla/venv/lib/python3.6/site-packages/oslo_config/cfg.py:2593
2025-06-26 02:08:18.978 6 DEBUG neutron.common.config [-] ================================================================================ log_opt_values /var/lib/kolla/venv/lib/python3.6/site-packages/oslo_config/cfg.py:2594
2025-06-26 02:08:18.979 6 DEBUG neutron.common.config [-] allow_bulk = True log_opt_values /var/lib/kolla/venv/lib/python3.6/site-packages/oslo_config/cfg.py:2603
2025-06-26 02:08:18.979 6 WARNING oslo_config.cfg [-] Deprecated: Option "allow_overlapping_ips" from group "DEFAULT" is deprecated for removal. Its value may be silently ignored in the future.
2025-06-26 02:08:18.979 6 DEBUG neutron.common.config [-] allow_overlapping_ips = True log_opt_values /var/lib/kolla/venv/lib/python3.6/site-packages/oslo_config/cfg.py:2603
2025-06-26 02:08:18.979 6 DEBUG neutron.common.config [-] api_extensions_path = /opt/plugin/site-packages/neutron_plugin_contrail/extensions:/opt/plugin/site-packages/neutron_lbaas/extensions log_opt_values /var/lib/kolla/venv/lib/python3.6/site-packages/oslo_config/cfg.py:2603
2025-06-26 02:08:18.979 6 DEBUG neutron.common.config [-] api_paste_config = /etc/neutron/api-paste.ini log_opt_values /var/lib/kolla/venv/lib/python3.6/site-packages/oslo_config/cfg.py:2603
2025-06-26 02:08:18.979 6 DEBUG neutron.common.config [-] api_workers = 1 log_opt_values /var/lib/kolla/venv/lib/python3.6/site-packages/oslo_config/cfg.py:2603
2025-06-26 02:08:18.979 6 DEBUG neutron.common.config [-] auth_strategy = keystone log_opt_values /var/lib/kolla/venv/lib/python3.6/site-packages/oslo_config/cfg.py:2603
2025-06-26 02:08:18.979 6 DEBUG neutron.common.config [-] backlog = 4096 log_opt_values /var/lib/kolla/venv/lib/python3.6/site-packages/oslo_config/cfg.py:2603
2025-06-26 02:08:18.980 6 DEBUG neutron.common.config [-] base_mac = fa:16:3e:00:00:00 log_opt_values /var/lib/kolla/venv/lib/python3.6/site-packages/oslo_config/cfg.py:2603
2025-06-26 02:08:18.980 6 DEBUG neutron.common.config [-] bind_host = 10.0.0.33 log_opt_values /var/lib/kolla/venv/lib/python3.6/site-packages/oslo_config/cfg.py:2603
2025-06-26 02:08:18.980 6 DEBUG neutron.common.config [-] bind_port = 9696 log_opt_values /var/lib/kolla/venv/lib/python3.6/site-packages/oslo_config/cfg.py:2603
2025-06-26 02:08:18.980 6 DEBUG neutron.common.config [-] client_socket_timeout = 900 log_opt_values /var/lib/kolla/venv/lib/python3.6/site-packages/oslo_config/cfg.py:2603
2025-06-26 02:08:18.980 6 DEBUG neutron.common.config [-] config_dir = [] log_opt_values /var/lib/kolla/venv/lib/python3.6/site-packages/oslo_config/cfg.py:2603
2025-06-26 02:08:18.980 6 DEBUG neutron.common.config [-] config_file = ['/etc/neutron/neutron.conf', '/etc/neutron/ContrailPlugin.ini', '/etc/neutron/api-paste.ini'] log_opt_values /var/lib/kolla/venv/lib/python3.6/site-packages/oslo_config/cfg.py:2603
2025-06-26 02:08:18.980 6 DEBUG neutron.common.config [-] config_source = [] log_opt_values /var/lib/kolla/venv/lib/python3.6/site-packages/oslo_config/cfg.py:2603
2025-06-26 02:08:18.980 6 DEBUG neutron.common.config [-] control_exchange = neutron log_opt_values /var/lib/kolla/venv/lib/python3.6/site-packages/oslo_config/cfg.py:2603
2025-06-26 02:08:18.980 6 DEBUG neutron.common.config [-] core_plugin = neutron_plugin_contrail.plugins.opencontrail.contrail_plugin.NeutronPluginContrailCoreV2 log_opt_values /var/lib/kolla/venv/lib/python3.6/site-packages/oslo_config/cfg.py:2603
2025-06-26 02:08:18.980 6 DEBUG neutron.common.config [-] debug = True log_opt_values /var/lib/kolla/venv/lib/python3.6/site-packages/oslo_config/cfg.py:2603
2025-06-26 02:08:18.981 6 DEBUG neutron.common.config [-] default_availability_zones = [] log_opt_values /var/lib/kolla/venv/lib/python3.6/site-packages/oslo_config/cfg.py:2603
2025-06-26 02:08:18.981 6 DEBUG neutron.common.config [-] default_log_levels = ['amqp=WARN', 'amqplib=WARN', 'boto=WARN', 'qpid=WARN', 'sqlalchemy=WARN', 'suds=INFO', 'oslo.messaging=INFO', 'oslo_messaging=INFO', 'iso8601=WARN', 'requests.packages.urllib3.connectionpool=WARN', 'urllib3.connectionpool=WARN', 'websocket=WARN', 'requests.packages.urllib3.util.retry=WARN', 'urllib3.util.retry=WARN', 'keystonemiddleware=WARN', 'routes.middleware=WARN', 'stevedore=WARN', 'taskflow=WARN', 'keystoneauth=WARN', 'oslo.cache=INFO', 'oslo_policy=INFO', 'dogpile.core.dogpile=INFO', 'OFPHandler=INFO', 'OfctlService=INFO', 'os_ken.base.app_manager=INFO', 'os_ken.controller.controller=INFO'] log_opt_values /var/lib/kolla/venv/lib/python3.6/site-packages/oslo_config/cfg.py:2603
