2025-06-19 00:39:16.927 134909 DEBUG oslo_service.service [req-f7804cc2-8528-4b91-a597-c56bd5f4352b - - - - -] use_rootwrap_daemon = False log_opt_values /usr/lib/python3/dist-packages/oslo_config/cfg.py:2602
2025-06-19 00:39:16.927 134909 DEBUG oslo_service.service [req-f7804cc2-8528-4b91-a597-c56bd5f4352b - - - - -] use_stderr = False log_opt_values /usr/lib/python3/dist-packages/oslo_config/cfg.py:2602
2025-06-19 00:39:16.927 134909 DEBUG oslo_service.service [req-f7804cc2-8528-4b91-a597-c56bd5f4352b - - - - -] use_syslog = False log_opt_values /usr/lib/python3/dist-packages/oslo_config/cfg.py:2602
2025-06-19 00:39:16.928 134909 DEBUG oslo_service.service [req-f7804cc2-8528-4b91-a597-c56bd5f4352b - - - - -] vcpu_pin_set = None log_opt_values /usr/lib/python3/dist-packages/oslo_config/cfg.py:2602
2025-06-19 00:39:16.928 134909 DEBUG oslo_service.service [req-f7804cc2-8528-4b91-a597-c56bd5f4352b - - - - -] vif_plugging_is_fatal = True log_opt_values /usr/lib/python3/dist-packages/oslo_config/cfg.py:2602
2025-06-19 00:39:16.928 134909 DEBUG oslo_service.service [req-f7804cc2-8528-4b91-a597-c56bd5f4352b - - - - -] vif_plugging_timeout = 300 log_opt_values /usr/lib/python3/dist-packages/oslo_config/cfg.py:2602
2025-06-19 00:39:16.928 134909 DEBUG oslo_service.service [req-f7804cc2-8528-4b91-a597-c56bd5f4352b - - - - -] virt_mkfs = [] log_opt_values /usr/lib/python3/dist-packages/oslo_config/cfg.py:2602
2025-06-19 00:39:16.928 134909 DEBUG oslo_service.service [req-f7804cc2-8528-4b91-a597-c56bd5f4352b - - - - -] volume_usage_poll_interval = 0 log_opt_values /usr/lib/python3/dist-packages/oslo_config/cfg.py:2602
2025-06-19 00:39:16.929 134909 DEBUG oslo_service.service [req-f7804cc2-8528-4b91-a597-c56bd5f4352b - - - - -] watch_log_file = False log_opt_values /usr/lib/python3/dist-packages/oslo_config/cfg.py:2602
2025-06-19 00:39:16.929 134909 DEBUG oslo_service.service [req-f7804cc2-8528-4b91-a597-c56bd5f4352b - - - - -] web = /usr/share/spice-html5 log_opt_values /usr/lib/python3/dist-packages/oslo_config/cfg.py:2602
2025-06-19 00:39:16.929 134909 DEBUG oslo_service.service [req-f7804cc2-8528-4b91-a597-c56bd5f4352b - - - - -] oslo_concurrency.disable_process_locking = False log_opt_values /usr/lib/python3/dist-packages/oslo_config/cfg.py:2609
2025-06-19 00:39:16.929 134909 DEBUG oslo_service.service [req-f7804cc2-8528-4b91-a597-c56bd5f4352b - - - - -] oslo_concurrency.lock_path = /var/lock/nova log_opt_values /usr/lib/python3/dist-packages/oslo_config/cfg.py:2609
2025-06-19 00:39:16.929 134909 DEBUG oslo_service.service [req-f7804cc2-8528-4b91-a597-c56bd5f4352b - - - - -] oslo_messaging_metrics.metrics_buffer_size = 1000 log_opt_values /usr/lib/python3/dist-packages/oslo_config/cfg.py:2609
2025-06-19 00:39:16.929 134909 DEBUG oslo_service.service [req-f7804cc2-8528-4b91-a597-c56bd5f4352b - - - - -] oslo_messaging_metrics.metrics_enabled = False log_opt_values /usr/lib/python3/dist-packages/oslo_config/cfg.py:2609
2025-06-19 00:39:16.930 134909 DEBUG oslo_service.service [req-f7804cc2-8528-4b91-a597-c56bd5f4352b - - - - -] oslo_messaging_metrics.metrics_process_name = log_opt_values /usr/lib/python3/dist-packages/oslo_config/cfg.py:2609
2025-06-19 00:39:16.930 134909 DEBUG oslo_service.service [req-f7804cc2-8528-4b91-a597-c56bd5f4352b - - - - -] oslo_messaging_metrics.metrics_socket_file = /var/tmp/metrics_collector.sock log_opt_values /usr/lib/python3/dist-packages/oslo_config/cfg.py:2609
2025-06-19 00:39:16.930 134909 DEBUG oslo_service.service [req-f7804cc2-8528-4b91-a597-c56bd5f4352b - - - - -] oslo_messaging_metrics.metrics_thread_stop_timeout = 10 log_opt_values /usr/lib/python3/dist-packages/oslo_config/cfg.py:2609
2025-06-19 00:39:16.930 134909 WARNING oslo_config.cfg [req-f7804cc2-8528-4b91-a597-c56bd5f4352b - - - - -] Deprecated: Option "auth_strategy" from group "api" is deprecated for removal ( The only non-default choice, ``noauth2``, is for internal development and testing purposes only and should not be used in deployments. This option and its middleware, NoAuthMiddleware[V2_18], will be removed in a future release. ). Its value may be silently ignored in the future.
2025-06-19 00:39:16.931 134909 DEBUG oslo_service.service [req-f7804cc2-8528-4b91-a597-c56bd5f4352b - - - - -] api.auth_strategy = keystone log_opt_values /usr/lib/python3/dist-packages/oslo_config/cfg.py:2609
2025-06-19 00:39:16.931 134909 DEBUG oslo_service.service [req-f7804cc2-8528-4b91-a597-c56bd5f4352b - - - - -] api.compute_link_prefix = None log_opt_values /usr/lib/python3/dist-packages/oslo_config/cfg.py:2609
2025-06-19 00:39:16.931 134909 DEBUG oslo_service.service [req-f7804cc2-8528-4b91-a597-c56bd5f4352b - - - - -] api.config_drive_skip_versions = 1.0 2007-01-19 2007-03-01 2007-08-29 2007-10-10 2007-12-15 2008-02-01 2008-09-01 log_opt_values /usr/lib/python3/dist-packages/oslo_config/cfg.py:2609
2025-06-19 00:39:16.931 134909 DEBUG oslo_service.service [req-f7804cc2-8528-4b91-a597-c56bd5f4352b - - - - -] api.dhcp_domain = novalocal log_opt_values /usr/lib/python3/dist-packages/oslo_config/cfg.py:2609
2025-06-19 00:39:16.931 134909 DEBUG oslo_service.service [req-f7804cc2-8528-4b91-a597-c56bd5f4352b - - - - -] api.enable_instance_password = True log_opt_values /usr/lib/python3/dist-packages/oslo_config/cfg.py:2609
2025-06-19 00:39:16.932 134909 DEBUG oslo_service.service [req-f7804cc2-8528-4b91-a597-c56bd5f4352b - - - - -] api.glance_link_prefix = None log_opt_values /usr/lib/python3/dist-packages/oslo_config/cfg.py:2609
2025-06-19 00:39:16.932 134909 DEBUG oslo_service.service [req-f7804cc2-8528-4b91-a597-c56bd5f4352b - - - - -] api.instance_list_cells_batch_fixed_size = 100 log_opt_values /usr/lib/python3/dist-packages/oslo_config/cfg.py:2609
2025-06-19 00:39:16.932 134909 DEBUG oslo_service.service [req-f7804cc2-8528-4b91-a597-c56bd5f4352b - - - - -] api.instance_list_cells_batch_strategy = distributed log_opt_values /usr/lib/python3/dist-packages/oslo_config/cfg.py:2609
2025-06-19 00:39:16.932 134909 DEBUG oslo_service.service [req-f7804cc2-8528-4b91-a597-c56bd5f4352b - - - - -] api.instance_list_per_project_cells = False log_opt_values /usr/lib/python3/dist-packages/oslo_config/cfg.py:2609
2025-06-19 00:39:16.932 134909 DEBUG oslo_service.service [req-f7804cc2-8528-4b91-a597-c56bd5f4352b - - - - -] api.list_records_by_skipping_down_cells = True log_opt_values /usr/lib/python3/dist-packages/oslo_config/cfg.py:2609
2025-06-19 00:39:16.932 134909 DEBUG oslo_service.service [req-f7804cc2-8528-4b91-a597-c56bd5f4352b - - - - -] api.local_metadata_per_cell = False log_opt_values /usr/lib/python3/dist-packages/oslo_config/cfg.py:2609
2025-06-19 00:39:16.933 134909 DEBUG oslo_service.service [req-f7804cc2-8528-4b91-a597-c56bd5f4352b - - - - -] api.max_limit = 1000 log_opt_values /usr/lib/python3/dist-packages/oslo_config/cfg.py:2609
2025-06-19 00:39:16.933 134909 DEBUG oslo_service.service [req-f7804cc2-8528-4b91-a597-c56bd5f4352b - - - - -] api.metadata_cache_expiration = 15 log_opt_values /usr/lib/python3/dist-packages/oslo_config/cfg.py:2609
2025-06-19 00:39:16.933 134909 DEBUG oslo_service.service [req-f7804cc2-8528-4b91-a597-c56bd5f4352b - - - - -] api.neutron_default_tenant_id = default log_opt_values /usr/lib/python3/dist-packages/oslo_config/cfg.py:2609
2025-06-19 00:39:16.933 134909 DEBUG oslo_service.service [req-f7804cc2-8528-4b91-a597-c56bd5f4352b - - - - -] api.use_forwarded_for = False log_opt_values /usr/lib/python3/dist-packages/oslo_config/cfg.py:2609
2025-06-19 00:39:16.933 134909 DEBUG oslo_service.service [req-f7804cc2-8528-4b91-a597-c56bd5f4352b - - - - -] api.use_neutron_default_nets = False log_opt_values /usr/lib/python3/dist-packages/oslo_config/cfg.py:2609
2025-06-19 00:39:16.933 134909 DEBUG oslo_service.service [req-f7804cc2-8528-4b91-a597-c56bd5f4352b - - - - -] api.vendordata_dynamic_connect_timeout = 5 log_opt_values /usr/lib/python3/dist-packages/oslo_config/cfg.py:2609
2025-06-19 00:39:16.934 134909 DEBUG oslo_service.service [req-f7804cc2-8528-4b91-a597-c56bd5f4352b - - - - -] api.vendordata_dynamic_failure_fatal = False log_opt_values /usr/lib/python3/dist-packages/oslo_config/cfg.py:2609
2025-06-19 00:39:16.934 134909 DEBUG oslo_service.service [req-f7804cc2-8528-4b91-a597-c56bd5f4352b - - - - -] api.vendordata_dynamic_read_timeout = 5 log_opt_values /usr/lib/python3/dist-packages/oslo_config/cfg.py:2609
2025-06-19 00:39:16.934 134909 DEBUG oslo_service.service [req-f7804cc2-8528-4b91-a597-c56bd5f4352b - - - - -] api.vendordata_dynamic_ssl_certfile = log_opt_values /usr/lib/python3/dist-packages/oslo_config/cfg.py:2609
2025-06-19 00:39:16.934 134909 DEBUG oslo_service.service [req-f7804cc2-8528-4b91-a597-c56bd5f4352b - - - - -] api.vendordata_dynamic_targets = [] log_opt_values /usr/lib/python3/dist-packages/oslo_config/cfg.py:2609
2025-06-19 00:39:16.934 134909 DEBUG oslo_service.service [req-f7804cc2-8528-4b91-a597-c56bd5f4352b - - - - -] api.vendordata_jsonfile_path = None log_opt_values /usr/lib/python3/dist-packages/oslo_config/cfg.py:2609
2025-06-19 00:39:16.935 134909 DEBUG oslo_service.service [req-f7804cc2-8528-4b91-a597-c56bd5f4352b - - - - -] api.vendordata_providers = ['StaticJSON'] log_opt_values /usr/lib/python3/dist-packages/oslo_config/cfg.py:2609
2025-06-19 00:39:16.935 134909 DEBUG oslo_service.service [req-f7804cc2-8528-4b91-a597-c56bd5f4352b - - - - -] cache.backend = dogpile.cache.null log_opt_values /usr/lib/python3/dist-packages/oslo_config/cfg.py:2609
2025-06-19 00:39:16.935 134909 DEBUG oslo_service.service [req-f7804cc2-8528-4b91-a597-c56bd5f4352b - - - - -] cache.backend_argument = **** log_opt_values /usr/lib/python3/dist-packages/oslo_config/cfg.py:2609
2025-06-19 00:39:16.935 134909 DEBUG oslo_service.service [req-f7804cc2-8528-4b91-a597-c56bd5f4352b - - - - -] cache.config_prefix = cache.oslo log_opt_values /usr/lib/python3/dist-packages/oslo_config/cfg.py:2609
2025-06-19 00:39:16.935 134909 DEBUG oslo_service.service [req-f7804cc2-8528-4b91-a597-c56bd5f4352b - - - - -] cache.debug_cache_backend = False log_opt_values /usr/lib/python3/dist-packages/oslo_config/cfg.py:2609
2025-06-19 00:39:16.936 134909 DEBUG oslo_service.service [req-f7804cc2-8528-4b91-a597-c56bd5f4352b - - - - -] cache.enabled = False log_opt_values /usr/lib/python3/dist-packages/oslo_config/cfg.py:2609
2025-06-19 00:39:16.936 134909 DEBUG oslo_service.service [req-f7804cc2-8528-4b91-a597-c56bd5f4352b - - - - -] cache.expiration_time = 600 log_opt_values /usr/lib/python3/dist-packages/oslo_config/cfg.py:2609
2025-06-19 00:39:16.936 134909 DEBUG oslo_service.service [req-f7804cc2-8528-4b91-a597-c56bd5f4352b - - - - -] cache.memcache_dead_retry = 300 log_opt_values /usr/lib/python3/dist-packages/oslo_config/cfg.py:2609
2025-06-19 00:39:16.936 134909 DEBUG oslo_service.service [req-f7804cc2-8528-4b91-a597-c56bd5f4352b - - - - -] cache.memcache_pool_connection_get_timeout = 10 log_opt_values /usr/lib/python3/dist-packages/oslo_config/cfg.py:2609
2025-06-19 00:39:16.936 134909 DEBUG oslo_service.service [req-f7804cc2-8528-4b91-a597-c56bd5f4352b - - - - -] cache.memcache_pool_flush_on_reconnect = False log_opt_values /usr/lib/python3/dist-packages/oslo_config/cfg.py:2609
2025-06-19 00:39:16.936 134909 DEBUG oslo_service.service [req-f7804cc2-8528-4b91-a597-c56bd5f4352b - - - - -] cache.memcache_pool_maxsize = 10 log_opt_values /usr/lib/python3/dist-packages/oslo_config/cfg.py:2609
2025-06-19 00:39:16.937 134909 DEBUG oslo_service.service [req-f7804cc2-8528-4b91-a597-c56bd5f4352b - - - - -] cache.memcache_pool_unused_timeout = 60 log_opt_values /usr/lib/python3/dist-packages/oslo_config/cfg.py:2609
2025-06-19 00:39:16.937 134909 DEBUG oslo_service.service [req-f7804cc2-8528-4b91-a597-c56bd5f4352b - - - - -] cache.memcache_servers = ['localhost:11211'] log_opt_values /usr/lib/python3/dist-packages/oslo_config/cfg.py:2609
2025-06-19 00:39:16.937 134909 DEBUG oslo_service.service [req-f7804cc2-8528-4b91-a597-c56bd5f4352b - - - - -] cache.memcache_socket_timeout = 1.0 log_opt_values /usr/lib/python3/dist-packages/oslo_config/cfg.py:2609
2025-06-19 00:39:16.937 134909 DEBUG oslo_service.service [req-f7804cc2-8528-4b91-a597-c56bd5f4352b - - - - -] cache.proxies = [] log_opt_values /usr/lib/python3/dist-packages/oslo_config/cfg.py:2609
2025-06-19 00:39:16.937 134909 DEBUG oslo_service.service [req-f7804cc2-8528-4b91-a597-c56bd5f4352b - - - - -] cache.tls_allowed_ciphers = None log_opt_values /usr/lib/python3/dist-packages/oslo_config/cfg.py:2609
2025-06-19 00:39:16.937 134909 DEBUG oslo_service.service [req-f7804cc2-8528-4b91-a597-c56bd5f4352b - - - - -] cache.tls_cafile = None log_opt_values /usr/lib/python3/dist-packages/oslo_config/cfg.py:2609
2025-06-19 00:39:16.938 134909 DEBUG oslo_service.service [req-f7804cc2-8528-4b91-a597-c56bd5f4352b - - - - -] cache.tls_certfile = None log_opt_values /usr/lib/python3/dist-packages/oslo_config/cfg.py:2609
2025-06-19 00:39:16.938 134909 DEBUG oslo_service.service [req-f7804cc2-8528-4b91-a597-c56bd5f4352b - - - - -] cache.tls_enabled = False log_opt_values /usr/lib/python3/dist-packages/oslo_config/cfg.py:2609
2025-06-19 00:39:16.938 134909 DEBUG oslo_service.service [req-f7804cc2-8528-4b91-a597-c56bd5f4352b - - - - -] cache.tls_keyfile = None log_opt_values /usr/lib/python3/dist-packages/oslo_config/cfg.py:2609
2025-06-19 00:39:16.938 134909 DEBUG oslo_service.service [req-f7804cc2-8528-4b91-a597-c56bd5f4352b - - - - -] cinder.auth_section = None log_opt_values /usr/lib/python3/dist-packages/oslo_config/cfg.py:2609
2025-06-19 00:39:16.938 134909 DEBUG oslo_service.service [req-f7804cc2-8528-4b91-a597-c56bd5f4352b - - - - -] cinder.auth_type = None log_opt_values /usr/lib/python3/dist-packages/oslo_config/cfg.py:2609
2025-06-19 00:39:16.938 134909 DEBUG oslo_service.service [req-f7804cc2-8528-4b91-a597-c56bd5f4352b - - - - -] cinder.cafile = None log_opt_values /usr/lib/python3/dist-packages/oslo_config/cfg.py:2609
2025-06-19 00:39:16.939 134909 DEBUG oslo_service.service [req-f7804cc2-8528-4b91-a597-c56bd5f4352b - - - - -] cinder.catalog_info = volumev3::publicURL log_opt_values /usr/lib/python3/dist-packages/oslo_config/cfg.py:2609
2025-06-19 00:39:16.939 134909 DEBUG oslo_service.service [req-f7804cc2-8528-4b91-a597-c56bd5f4352b - - - - -] cinder.certfile = None log_opt_values /usr/lib/python3/dist-packages/oslo_config/cfg.py:2609
2025-06-19 00:39:16.939 134909 DEBUG oslo_service.service [req-f7804cc2-8528-4b91-a597-c56bd5f4352b - - - - -] cinder.collect_timing = False log_opt_values /usr/lib/python3/dist-packages/oslo_config/cfg.py:2609
2025-06-19 00:39:16.939 134909 DEBUG oslo_service.service [req-f7804cc2-8528-4b91-a597-c56bd5f4352b - - - - -] cinder.cross_az_attach = True log_opt_values /usr/lib/python3/dist-packages/oslo_config/cfg.py:2609
2025-06-19 00:39:16.939 134909 DEBUG oslo_service.service [req-f7804cc2-8528-4b91-a597-c56bd5f4352b - - - - -] cinder.debug = False log_opt_values /usr/lib/python3/dist-packages/oslo_config/cfg.py:2609
2025-06-19 00:39:16.940 134909 DEBUG oslo_service.service [req-f7804cc2-8528-4b91-a597-c56bd5f4352b - - - - -] cinder.endpoint_template = None log_opt_values /usr/lib/python3/dist-packages/oslo_config/cfg.py:2609
2025-06-19 00:39:16.941 134909 DEBUG oslo_service.service [req-f7804cc2-8528-4b91-a597-c56bd5f4352b - - - - -] cinder.http_retries = 3 log_opt_values /usr/lib/python3/dist-packages/oslo_config/cfg.py:2609
2025-06-19 00:39:16.941 134909 DEBUG oslo_service.service [req-f7804cc2-8528-4b91-a597-c56bd5f4352b - - - - -] cinder.insecure = False log_opt_values /usr/lib/python3/dist-packages/oslo_config/cfg.py:2609
2025-06-19 00:39:16.942 134909 DEBUG oslo_service.service [req-f7804cc2-8528-4b91-a597-c56bd5f4352b - - - - -] cinder.keyfile = None log_opt_values /usr/lib/python3/dist-packages/oslo_config/cfg.py:2609
2025-06-19 00:39:16.942 134909 DEBUG oslo_service.service [req-f7804cc2-8528-4b91-a597-c56bd5f4352b - - - - -] cinder.os_region_name = None log_opt_values /usr/lib/python3/dist-packages/oslo_config/cfg.py:2609
2025-06-19 00:39:16.942 134909 DEBUG oslo_service.service [req-f7804cc2-8528-4b91-a597-c56bd5f4352b - - - - -] cinder.split_loggers = False log_opt_values /usr/lib/python3/dist-packages/oslo_config/cfg.py:2609
2025-06-19 00:39:16.942 134909 DEBUG oslo_service.service [req-f7804cc2-8528-4b91-a597-c56bd5f4352b - - - - -] cinder.timeout = None log_opt_values /usr/lib/python3/dist-packages/oslo_config/cfg.py:2609
2025-06-19 00:39:16.942 134909 DEBUG oslo_service.service [req-f7804cc2-8528-4b91-a597-c56bd5f4352b - - - - -] compute.consecutive_build_service_disable_threshold = 10 log_opt_values /usr/lib/python3/dist-packages/oslo_config/cfg.py:2609
2025-06-19 00:39:16.943 134909 DEBUG oslo_service.service [req-f7804cc2-8528-4b91-a597-c56bd5f4352b - - - - -] compute.cpu_dedicated_set = None log_opt_values /usr/lib/python3/dist-packages/oslo_config/cfg.py:2609
2025-06-19 00:39:16.943 134909 DEBUG oslo_service.service [req-f7804cc2-8528-4b91-a597-c56bd5f4352b - - - - -] compute.cpu_shared_set = None log_opt_values /usr/lib/python3/dist-packages/oslo_config/cfg.py:2609
2025-06-19 00:39:16.943 134909 DEBUG oslo_service.service [req-f7804cc2-8528-4b91-a597-c56bd5f4352b - - - - -] compute.image_type_exclude_list = [] log_opt_values /usr/lib/python3/dist-packages/oslo_config/cfg.py:2609
2025-06-19 00:39:16.943 134909 DEBUG oslo_service.service [req-f7804cc2-8528-4b91-a597-c56bd5f4352b - - - - -] compute.live_migration_wait_for_vif_plug = True log_opt_values /usr/lib/python3/dist-packages/oslo_config/cfg.py:2609
2025-06-19 00:39:16.943 134909 DEBUG oslo_service.service [req-f7804cc2-8528-4b91-a597-c56bd5f4352b - - - - -] compute.max_concurrent_disk_ops = 0 log_opt_values /usr/lib/python3/dist-packages/oslo_config/cfg.py:2609
2025-06-19 00:39:16.944 134909 DEBUG oslo_service.service [req-f7804cc2-8528-4b91-a597-c56bd5f4352b - - - - -] compute.max_disk_devices_to_attach = -1 log_opt_values /usr/lib/python3/dist-packages/oslo_config/cfg.py:2609
2025-06-19 00:39:16.944 134909 DEBUG oslo_service.service [req-f7804cc2-8528-4b91-a597-c56bd5f4352b - - - - -] compute.packing_host_numa_cells_allocation_strategy = True log_opt_values /usr/lib/python3/dist-packages/oslo_config/cfg.py:2609
2025-06-19 00:39:16.944 134909 DEBUG oslo_service.service [req-f7804cc2-8528-4b91-a597-c56bd5f4352b - - - - -] compute.provider_config_location = /etc/nova/provider_config/ log_opt_values /usr/lib/python3/dist-packages/oslo_config/cfg.py:2609
2025-06-19 00:39:16.944 134909 DEBUG oslo_service.service [req-f7804cc2-8528-4b91-a597-c56bd5f4352b - - - - -] compute.resource_provider_association_refresh = 300 log_opt_values /usr/lib/python3/dist-packages/oslo_config/cfg.py:2609
2025-06-19 00:39:16.944 134909 DEBUG oslo_service.service [req-f7804cc2-8528-4b91-a597-c56bd5f4352b - - - - -] compute.shutdown_retry_interval = 10 log_opt_values /usr/lib/python3/dist-packages/oslo_config/cfg.py:2609
2025-06-19 00:39:16.945 134909 DEBUG oslo_service.service [req-f7804cc2-8528-4b91-a597-c56bd5f4352b - - - - -] compute.vmdk_allowed_types = ['streamOptimized', 'monolithicSparse'] log_opt_values /usr/lib/python3/dist-packages/oslo_config/cfg.py:2609
2025-06-19 00:39:16.948 134909 DEBUG oslo_service.service [req-f7804cc2-8528-4b91-a597-c56bd5f4352b - - - - -] conductor.workers = 4 log_opt_values /usr/lib/python3/dist-packages/oslo_config/cfg.py:2609
2025-06-19 00:39:16.948 135856 DEBUG oslo_messaging._drivers.amqpdriver [-] Listener is running poll /usr/lib/python3/dist-packages/oslo_messaging/_drivers/amqpdriver.py:343
2025-06-19 00:39:16.948 135856 DEBUG oslo_messaging._drivers.amqpdriver [-] AMQPListener connection consume poll /usr/lib/python3/dist-packages/oslo_messaging/_drivers/amqpdriver.py:357
2025-06-19 00:39:16.948 135858 DEBUG oslo_messaging._drivers.amqpdriver [-] Listener is running poll /usr/lib/python3/dist-packages/oslo_messaging/_drivers/amqpdriver.py:343
2025-06-19 00:39:16.948 135858 DEBUG oslo_messaging._drivers.amqpdriver [-] AMQPListener connection consume poll /usr/lib/python3/dist-packages/oslo_messaging/_drivers/amqpdriver.py:357
2025-06-19 00:39:16.948 134909 DEBUG oslo_service.service [req-f7804cc2-8528-4b91-a597-c56bd5f4352b - - - - -] console.allowed_origins = [] log_opt_values /usr/lib/python3/dist-packages/oslo_config/cfg.py:2609
2025-06-19 00:39:16.949 135858 DEBUG nova.service [req-faf09470-7dc0-4f7a-8365-eef90481ff9f - - - - -] Join ServiceGroup membership for this service conductor start /usr/lib/python3/dist-packages/nova/service.py:199
2025-06-19 00:39:16.949 135858 DEBUG nova.servicegroup.drivers.db [req-faf09470-7dc0-4f7a-8365-eef90481ff9f - - - - -] DB_Driver: join new ServiceGroup member juju-dc47d1-0-lxd-7 to the conductor group, service = join /usr/lib/python3/dist-packages/nova/servicegroup/drivers/db.py:44
2025-06-19 00:39:16.949 134909 DEBUG oslo_service.service [req-f7804cc2-8528-4b91-a597-c56bd5f4352b - - - - -] console.ssl_ciphers = None log_opt_values /usr/lib/python3/dist-packages/oslo_config/cfg.py:2609
2025-06-19 00:39:16.950 134909 DEBUG oslo_service.service [req-f7804cc2-8528-4b91-a597-c56bd5f4352b - - - - -] console.ssl_minimum_version = default log_opt_values /usr/lib/python3/dist-packages/oslo_config/cfg.py:2609
2025-06-19 00:39:16.950 134909 DEBUG oslo_service.service [req-f7804cc2-8528-4b91-a597-c56bd5f4352b - - - - -] consoleauth.token_ttl = 600 log_opt_values /usr/lib/python3/dist-packages/oslo_config/cfg.py:2609
2025-06-19 00:39:16.951 134909 DEBUG oslo_service.service [req-f7804cc2-8528-4b91-a597-c56bd5f4352b - - - - -] cyborg.cafile = None log_opt_values /usr/lib/python3/dist-packages/oslo_config/cfg.py:2609
2025-06-19 00:39:16.951 135859 DEBUG oslo_messaging._drivers.amqpdriver [-] Listener is running poll /usr/lib/python3/dist-packages/oslo_messaging/_drivers/amqpdriver.py:343
2025-06-19 00:39:16.951 134909 DEBUG oslo_service.service [req-f7804cc2-8528-4b91-a597-c56bd5f4352b - - - - -] cyborg.certfile = None log_opt_values /usr/lib/python3/dist-packages/oslo_config/cfg.py:2609
2025-06-19 00:39:16.951 135859 DEBUG oslo_messaging._drivers.amqpdriver [-] AMQPListener connection consume poll /usr/lib/python3/dist-packages/oslo_messaging/_drivers/amqpdriver.py:357
2025-06-19 00:39:16.951 134909 DEBUG oslo_service.service [req-f7804cc2-8528-4b91-a597-c56bd5f4352b - - - - -] cyborg.collect_timing = False log_opt_values /usr/lib/python3/dist-packages/oslo_config/cfg.py:2609
2025-06-19 00:39:16.951 135858 DEBUG oslo_messaging._drivers.amqpdriver [-] AMQPListener connection timeout poll /usr/lib/python3/dist-packages/oslo_messaging/_drivers/amqpdriver.py:360
2025-06-19 00:39:16.951 134909 DEBUG oslo_service.service [req-f7804cc2-8528-4b91-a597-c56bd5f4352b - - - - -] cyborg.connect_retries = None log_opt_values /usr/lib/python3/dist-packages/oslo_config/cfg.py:2609
2025-06-19 00:39:16.951 135856 DEBUG nova.service [req-98761a2d-60cb-4980-8741-4b08cc53da45 - - - - -] Join ServiceGroup membership for this service conductor start /usr/lib/python3/dist-packages/nova/service.py:199
2025-06-19 00:39:16.952 134909 DEBUG oslo_service.service [req-f7804cc2-8528-4b91-a597-c56bd5f4352b - - - - -] cyborg.connect_retry_delay = None log_opt_values /usr/lib/python3/dist-packages/oslo_config/cfg.py:2609
2025-06-19 00:39:16.952 135858 DEBUG oslo_messaging._drivers.amqpdriver [-] Listener is running poll /usr/lib/python3/dist-packages/oslo_messaging/_drivers/amqpdriver.py:343
2025-06-19 00:39:16.952 135858 DEBUG oslo_messaging._drivers.amqpdriver [-] AMQPListener connection consume poll /usr/lib/python3/dist-packages/oslo_messaging/_drivers/amqpdriver.py:357
2025-06-19 00:39:16.952 134909 DEBUG oslo_service.service [req-f7804cc2-8528-4b91-a597-c56bd5f4352b - - - - -] cyborg.endpoint_override = None log_opt_values /usr/lib/python3/dist-packages/oslo_config/cfg.py:2609
2025-06-19 00:39:16.952 135859 DEBUG nova.service [req-cb5dd431-5505-4b4a-8093-117ecde8bbc7 - - - - -] Join ServiceGroup membership for this service conductor start /usr/lib/python3/dist-packages/nova/service.py:199
2025-06-19 00:39:16.952 135856 DEBUG nova.servicegroup.drivers.db [req-98761a2d-60cb-4980-8741-4b08cc53da45 - - - - -] DB_Driver: join new ServiceGroup member juju-dc47d1-0-lxd-7 to the conductor group, service = join /usr/lib/python3/dist-packages/nova/servicegroup/drivers/db.py:44
2025-06-19 00:39:16.952 134909 DEBUG oslo_service.service [req-f7804cc2-8528-4b91-a597-c56bd5f4352b - - - - -] cyborg.insecure = False log_opt_values /usr/lib/python3/dist-packages/oslo_config/cfg.py:2609
2025-06-19 00:39:16.952 134909 DEBUG oslo_service.service [req-f7804cc2-8528-4b91-a597-c56bd5f4352b - - - - -] cyborg.keyfile = None log_opt_values /usr/lib/python3/dist-packages/oslo_config/cfg.py:2609
2025-06-19 00:39:16.952 135859 DEBUG nova.servicegroup.drivers.db [req-cb5dd431-5505-4b4a-8093-117ecde8bbc7 - - - - -] DB_Driver: join new ServiceGroup member juju-dc47d1-0-lxd-7 to the conductor group, service = join /usr/lib/python3/dist-packages/nova/servicegroup/drivers/db.py:44
2025-06-19 00:39:16.952 135857 DEBUG oslo_messaging._drivers.amqpdriver [-] Listener is running poll /usr/lib/python3/dist-packages/oslo_messaging/_drivers/amqpdriver.py:343
2025-06-19 00:39:16.952 134909 DEBUG oslo_service.service [req-f7804cc2-8528-4b91-a597-c56bd5f4352b - - - - -] cyborg.max_version = None log_opt_values /usr/lib/python3/dist-packages/oslo_config/cfg.py:2609
2025-06-19 00:39:16.952 135856 DEBUG oslo_messaging._drivers.amqpdriver [-] AMQPListener connection timeout poll /usr/lib/python3/dist-packages/oslo_messaging/_drivers/amqpdriver.py:360
2025-06-19 00:39:16.953 135857 DEBUG oslo_messaging._drivers.amqpdriver [-] AMQPListener connection consume poll /usr/lib/python3/dist-packages/oslo_messaging/_drivers/amqpdriver.py:357
2025-06-19 00:39:16.953 135856 DEBUG oslo_messaging._drivers.amqpdriver [-] Listener is running poll /usr/lib/python3/dist-packages/oslo_messaging/_drivers/amqpdriver.py:343
2025-06-19 00:39:16.953 134909 DEBUG oslo_service.service [req-f7804cc2-8528-4b91-a597-c56bd5f4352b - - - - -] cyborg.min_version = None log_opt_values /usr/lib/python3/dist-packages/oslo_config/cfg.py:2609
2025-06-19 00:39:16.953 135856 DEBUG oslo_messaging._drivers.amqpdriver [-] AMQPListener connection consume poll /usr/lib/python3/dist-packages/oslo_messaging/_drivers/amqpdriver.py:357
2025-06-19 00:39:16.953 134909 DEBUG oslo_service.service [req-f7804cc2-8528-4b91-a597-c56bd5f4352b - - - - -] cyborg.region_name = None log_opt_values /usr/lib/python3/dist-packages/oslo_config/cfg.py:2609
2025-06-19 00:39:16.953 134909 DEBUG oslo_service.service [req-f7804cc2-8528-4b91-a597-c56bd5f4352b - - - - -] cyborg.service_name = None log_opt_values /usr/lib/python3/dist-packages/oslo_config/cfg.py:2609
2025-06-19 00:39:16.953 134909 DEBUG oslo_service.service [req-f7804cc2-8528-4b91-a597-c56bd5f4352b - - - - -] cyborg.service_type = accelerator log_opt_values /usr/lib/python3/dist-packages/oslo_config/cfg.py:2609
2025-06-19 00:39:16.953 135857 DEBUG nova.service [req-626053e1-3a11-4d86-ba9d-b11970a7bc85 - - - - -] Join ServiceGroup membership for this service conductor start /usr/lib/python3/dist-packages/nova/service.py:199
2025-06-19 00:39:16.953 134909 DEBUG oslo_service.service [req-f7804cc2-8528-4b91-a597-c56bd5f4352b - - - - -] cyborg.split_loggers = False log_opt_values /usr/lib/python3/dist-packages/oslo_config/cfg.py:2609
2025-06-19 00:39:16.954 134909 DEBUG oslo_service.service [req-f7804cc2-8528-4b91-a597-c56bd5f4352b - - - - -] cyborg.status_code_retries = None log_opt_values /usr/lib/python3/dist-packages/oslo_config/cfg.py:2609
2025-06-19 00:39:16.953 135857 DEBUG nova.servicegroup.drivers.db [req-626053e1-3a11-4d86-ba9d-b11970a7bc85 - - - - -] DB_Driver: join new ServiceGroup member juju-dc47d1-0-lxd-7 to the conductor group, service = join /usr/lib/python3/dist-packages/nova/servicegroup/drivers/db.py:44
2025-06-19 00:39:16.954 134909 DEBUG oslo_service.service [req-f7804cc2-8528-4b91-a597-c56bd5f4352b - - - - -] cyborg.status_code_retry_delay = None log_opt_values /usr/lib/python3/dist-packages/oslo_config/cfg.py:2609
2025-06-19 00:39:16.954 134909 DEBUG oslo_service.service [req-f7804cc2-8528-4b91-a597-c56bd5f4352b - - - - -] cyborg.timeout = None log_opt_values /usr/lib/python3/dist-packages/oslo_config/cfg.py:2609
2025-06-19 00:39:16.954 134909 DEBUG oslo_service.service [req-f7804cc2-8528-4b91-a597-c56bd5f4352b - - - - -] cyborg.valid_interfaces = ['internal', 'public'] log_opt_values /usr/lib/python3/dist-packages/oslo_config/cfg.py:2609
2025-06-19 00:39:16.954 134909 DEBUG oslo_service.service [req-f7804cc2-8528-4b91-a597-c56bd5f4352b - - - - -] cyborg.version = None log_opt_values /usr/lib/python3/dist-packages/oslo_config/cfg.py:2609
2025-06-19 00:39:16.954 134909 DEBUG oslo_service.service [req-f7804cc2-8528-4b91-a597-c56bd5f4352b - - - - -] database.backend = sqlalchemy log_opt_values /usr/lib/python3/dist-packages/oslo_config/cfg.py:2609
2025-06-19 00:39:16.955 134909 DEBUG oslo_service.service [req-f7804cc2-8528-4b91-a597-c56bd5f4352b - - - - -] database.connection = **** log_opt_values /usr/lib/python3/dist-packages/oslo_config/cfg.py:2609
2025-06-19 00:39:16.955 134909 DEBUG oslo_service.service [req-f7804cc2-8528-4b91-a597-c56bd5f4352b - - - - -] database.connection_debug = 0 log_opt_values /usr/lib/python3/dist-packages/oslo_config/cfg.py:2609
2025-06-19 00:39:16.955 135859 DEBUG oslo_messaging._drivers.amqpdriver [-] AMQPListener connection timeout poll /usr/lib/python3/dist-packages/oslo_messaging/_drivers/amqpdriver.py:360
2025-06-19 00:39:16.955 134909 DEBUG oslo_service.service [req-f7804cc2-8528-4b91-a597-c56bd5f4352b - - - - -] database.connection_parameters = log_opt_values /usr/lib/python3/dist-packages/oslo_config/cfg.py:2609
2025-06-19 00:39:16.955 135859 DEBUG oslo_messaging._drivers.amqpdriver [-] Listener is running poll /usr/lib/python3/dist-packages/oslo_messaging/_drivers/amqpdriver.py:343
2025-06-19 00:39:16.955 135859 DEBUG oslo_messaging._drivers.amqpdriver [-] AMQPListener connection consume poll /usr/lib/python3/dist-packages/oslo_messaging/_drivers/amqpdriver.py:357
2025-06-19 00:39:16.955 134909 DEBUG oslo_service.service [req-f7804cc2-8528-4b91-a597-c56bd5f4352b - - - - -] database.connection_recycle_time = 3600 log_opt_values /usr/lib/python3/dist-packages/oslo_config/cfg.py:2609
2025-06-19 00:39:16.955 134909 DEBUG oslo_service.service [req-f7804cc2-8528-4b91-a597-c56bd5f4352b - - - - -] database.connection_trace = False log_opt_values /usr/lib/python3/dist-packages/oslo_config/cfg.py:2609
2025-06-19 00:39:16.956 134909 DEBUG oslo_service.service [req-f7804cc2-8528-4b91-a597-c56bd5f4352b - - - - -] database.db_inc_retry_interval = True log_opt_values /usr/lib/python3/dist-packages/oslo_config/cfg.py:2609
2025-06-19 00:39:16.956 134909 DEBUG oslo_service.service [req-f7804cc2-8528-4b91-a597-c56bd5f4352b - - - - -] database.db_max_retries = 20 log_opt_values /usr/lib/python3/dist-packages/oslo_config/cfg.py:2609
2025-06-19 00:39:16.956 135857 DEBUG oslo_messaging._drivers.amqpdriver [-] AMQPListener connection timeout poll /usr/lib/python3/dist-packages/oslo_messaging/_drivers/amqpdriver.py:360
2025-06-19 00:39:16.956 134909 DEBUG oslo_service.service [req-f7804cc2-8528-4b91-a597-c56bd5f4352b - - - - -] database.db_max_retry_interval = 10 log_opt_values /usr/lib/python3/dist-packages/oslo_config/cfg.py:2609
2025-06-19 00:39:16.956 135857 DEBUG oslo_messaging._drivers.amqpdriver [-] Listener is running poll /usr/lib/python3/dist-packages/oslo_messaging/_drivers/amqpdriver.py:343
2025-06-19 00:39:16.956 134909 DEBUG oslo_service.service [req-f7804cc2-8528-4b91-a597-c56bd5f4352b - - - - -] database.db_retry_interval = 1 log_opt_values /usr/lib/python3/dist-packages/oslo_config/cfg.py:2609
2025-06-19 00:39:16.956 135857 DEBUG oslo_messaging._drivers.amqpdriver [-] AMQPListener connection consume poll /usr/lib/python3/dist-packages/oslo_messaging/_drivers/amqpdriver.py:357
2025-06-19 00:39:16.956 134909 DEBUG oslo_service.service [req-f7804cc2-8528-4b91-a597-c56bd5f4352b - - - - -] database.max_overflow = 50 log_opt_values /usr/lib/python3/dist-packages/oslo_config/cfg.py:2609
2025-06-19 00:39:16.956 134909 DEBUG oslo_service.service [req-f7804cc2-8528-4b91-a597-c56bd5f4352b - - - - -] database.max_pool_size = 4 log_opt_values /usr/lib/python3/dist-packages/oslo_config/cfg.py:2609
2025-06-19 00:39:16.957 134909 DEBUG oslo_service.service [req-f7804cc2-8528-4b91-a597-c56bd5f4352b - - - - -] database.max_retries = 10 log_opt_values /usr/lib/python3/dist-packages/oslo_config/cfg.py:2609
2025-06-19 00:39:16.957 134909 DEBUG oslo_service.service [req-f7804cc2-8528-4b91-a597-c56bd5f4352b - - - - -] database.mysql_enable_ndb = False log_opt_values /usr/lib/python3/dist-packages/oslo_config/cfg.py:2609
2025-06-19 00:39:16.957 134909 DEBUG oslo_service.service [req-f7804cc2-8528-4b91-a597-c56bd5f4352b - - - - -] database.mysql_sql_mode = TRADITIONAL log_opt_values /usr/lib/python3/dist-packages/oslo_config/cfg.py:2609
2025-06-19 00:39:16.957 134909 DEBUG oslo_service.service [req-f7804cc2-8528-4b91-a597-c56bd5f4352b - - - - -] database.pool_timeout = None log_opt_values /usr/lib/python3/dist-packages/oslo_config/cfg.py:2609
2025-06-19 00:39:16.957 134909 DEBUG oslo_service.service [req-f7804cc2-8528-4b91-a597-c56bd5f4352b - - - - -] database.retry_interval = 10 log_opt_values /usr/lib/python3/dist-packages/oslo_config/cfg.py:2609
2025-06-19 00:39:16.957 134909 DEBUG oslo_service.service [req-f7804cc2-8528-4b91-a597-c56bd5f4352b - - - - -] database.slave_connection = **** log_opt_values /usr/lib/python3/dist-packages/oslo_config/cfg.py:2609
2025-06-19 00:39:16.958 134909 DEBUG oslo_service.service [req-f7804cc2-8528-4b91-a597-c56bd5f4352b - - - - -] database.sqlite_synchronous = True log_opt_values /usr/lib/python3/dist-packages/oslo_config/cfg.py:2609
2025-06-19 00:39:16.958 134909 DEBUG oslo_service.service [req-f7804cc2-8528-4b91-a597-c56bd5f4352b - - - - -] database.use_db_reconnect = False log_opt_values /usr/lib/python3/dist-packages/oslo_config/cfg.py:2609
2025-06-19 00:39:16.958 134909 DEBUG oslo_service.service [req-f7804cc2-8528-4b91-a597-c56bd5f4352b - - - - -] api_database.backend = sqlalchemy log_opt_values /usr/lib/python3/dist-packages/oslo_config/cfg.py:2609
2025-06-19 00:39:16.958 134909 DEBUG oslo_service.service [req-f7804cc2-8528-4b91-a597-c56bd5f4352b - - - - -] api_database.connection = **** log_opt_values /usr/lib/python3/dist-packages/oslo_config/cfg.py:2609
2025-06-19 00:39:16.958 134909 DEBUG oslo_service.service [req-f7804cc2-8528-4b91-a597-c56bd5f4352b - - - - -] api_database.connection_debug = 0 log_opt_values /usr/lib/python3/dist-packages/oslo_config/cfg.py:2609
2025-06-19 00:39:16.958 134909 DEBUG oslo_service.service [req-f7804cc2-8528-4b91-a597-c56bd5f4352b - - - - -] api_database.connection_parameters = log_opt_values /usr/lib/python3/dist-packages/oslo_config/cfg.py:2609
2025-06-19 00:39:16.959 134909 DEBUG oslo_service.service [req-f7804cc2-8528-4b91-a597-c56bd5f4352b - - - - -] api_database.connection_recycle_time = 3600 log_opt_values /usr/lib/python3/dist-packages/oslo_config/cfg.py:2609
2025-06-19 00:39:16.959 134909 DEBUG oslo_service.service [req-f7804cc2-8528-4b91-a597-c56bd5f4352b - - - - -] api_database.connection_trace = False log_opt_values /usr/lib/python3/dist-packages/oslo_config/cfg.py:2609
2025-06-19 00:39:16.959 134909 DEBUG oslo_service.service [req-f7804cc2-8528-4b91-a597-c56bd5f4352b - - - - -] api_database.db_inc_retry_interval = True log_opt_values /usr/lib/python3/dist-packages/oslo_config/cfg.py:2609
2025-06-19 00:39:16.959 134909 DEBUG oslo_service.service [req-f7804cc2-8528-4b91-a597-c56bd5f4352b - - - - -] api_database.db_max_retries = 20 log_opt_values /usr/lib/python3/dist-packages/oslo_config/cfg.py:2609
2025-06-19 00:39:16.959 134909 DEBUG oslo_service.service [req-f7804cc2-8528-4b91-a597-c56bd5f4352b - - - - -] api_database.db_max_retry_interval = 10 log_opt_values /usr/lib/python3/dist-packages/oslo_config/cfg.py:2609
2025-06-19 00:39:16.959 134909 DEBUG oslo_service.service [req-f7804cc2-8528-4b91-a597-c56bd5f4352b - - - - -] api_database.db_retry_interval = 1 log_opt_values /usr/lib/python3/dist-packages/oslo_config/cfg.py:2609
2025-06-19 00:39:16.960 134909 DEBUG oslo_service.service [req-f7804cc2-8528-4b91-a597-c56bd5f4352b - - - - -] api_database.max_overflow = 50 log_opt_values /usr/lib/python3/dist-packages/oslo_config/cfg.py:2609
2025-06-19 00:39:16.960 134909 DEBUG oslo_service.service [req-f7804cc2-8528-4b91-a597-c56bd5f4352b - - - - -] api_database.max_pool_size = 4 log_opt_values /usr/lib/python3/dist-packages/oslo_config/cfg.py:2609
2025-06-19 00:39:16.960 134909 DEBUG oslo_service.service [req-f7804cc2-8528-4b91-a597-c56bd5f4352b - - - - -] api_database.max_retries = 10 log_opt_values /usr/lib/python3/dist-packages/oslo_config/cfg.py:2609
2025-06-19 00:39:16.960 134909 DEBUG oslo_service.service [req-f7804cc2-8528-4b91-a597-c56bd5f4352b - - - - -] api_database.mysql_enable_ndb = False log_opt_values /usr/lib/python3/dist-packages/oslo_config/cfg.py:2609
2025-06-19 00:39:16.960 134909 DEBUG oslo_service.service [req-f7804cc2-8528-4b91-a597-c56bd5f4352b - - - - -] api_database.mysql_sql_mode = TRADITIONAL log_opt_values /usr/lib/python3/dist-packages/oslo_config/cfg.py:2609
2025-06-19 00:39:16.960 134909 DEBUG oslo_service.service [req-f7804cc2-8528-4b91-a597-c56bd5f4352b - - - - -] api_database.pool_timeout = None log_opt_values /usr/lib/python3/dist-packages/oslo_config/cfg.py:2609
2025-06-19 00:39:16.961 134909 DEBUG oslo_service.service [req-f7804cc2-8528-4b91-a597-c56bd5f4352b - - - - -] api_database.retry_interval = 10 log_opt_values /usr/lib/python3/dist-packages/oslo_config/cfg.py:2609
2025-06-19 00:39:16.961 134909 DEBUG oslo_service.service [req-f7804cc2-8528-4b91-a597-c56bd5f4352b - - - - -] api_database.slave_connection = **** log_opt_values /usr/lib/python3/dist-packages/oslo_config/cfg.py:2609
2025-06-19 00:39:16.961 134909 DEBUG oslo_service.service [req-f7804cc2-8528-4b91-a597-c56bd5f4352b - - - - -] api_database.sqlite_synchronous = True log_opt_values /usr/lib/python3/dist-packages/oslo_config/cfg.py:2609
2025-06-19 00:39:16.961 134909 DEBUG oslo_service.service [req-f7804cc2-8528-4b91-a597-c56bd5f4352b - - - - -] devices.enabled_mdev_types = [] log_opt_values /usr/lib/python3/dist-packages/oslo_config/cfg.py:2609
2025-06-19 00:39:16.961 134909 DEBUG oslo_service.service [req-f7804cc2-8528-4b91-a597-c56bd5f4352b - - - - -] ephemeral_storage_encryption.cipher = aes-xts-plain64 log_opt_values /usr/lib/python3/dist-packages/oslo_config/cfg.py:2609
2025-06-19 00:39:16.961 134909 DEBUG oslo_service.service [req-f7804cc2-8528-4b91-a597-c56bd5f4352b - - - - -] ephemeral_storage_encryption.enabled = False log_opt_values /usr/lib/python3/dist-packages/oslo_config/cfg.py:2609
2025-06-19 00:39:16.962 134909 DEBUG oslo_service.service [req-f7804cc2-8528-4b91-a597-c56bd5f4352b - - - - -] ephemeral_storage_encryption.key_size = 512 log_opt_values /usr/lib/python3/dist-packages/oslo_config/cfg.py:2609
2025-06-19 00:39:16.962 134909 WARNING oslo_config.cfg [req-f7804cc2-8528-4b91-a597-c56bd5f4352b - - - - -] Deprecated: Option "api_servers" from group "glance" is deprecated for removal ( Support for image service configuration via standard keystoneauth1 Adapter options was added in the 17.0.0 Queens release. The api_servers option was retained temporarily to allow consumers time to cut over to a real load balancing solution. ). Its value may be silently ignored in the future.
2025-06-19 00:39:16.962 134909 DEBUG oslo_service.service [req-f7804cc2-8528-4b91-a597-c56bd5f4352b - - - - -] glance.api_servers = ['http://252.22.139.108:9292'] log_opt_values /usr/lib/python3/dist-packages/oslo_config/cfg.py:2609
2025-06-19 00:39:16.962 134909 DEBUG oslo_service.service [req-f7804cc2-8528-4b91-a597-c56bd5f4352b - - - - -] glance.cafile = None log_opt_values /usr/lib/python3/dist-packages/oslo_config/cfg.py:2609
2025-06-19 00:39:16.963 134909 DEBUG oslo_service.service [req-f7804cc2-8528-4b91-a597-c56bd5f4352b - - - - -] glance.certfile = None log_opt_values /usr/lib/python3/dist-packages/oslo_config/cfg.py:2609
2025-06-19 00:39:16.963 134909 DEBUG oslo_service.service [req-f7804cc2-8528-4b91-a597-c56bd5f4352b - - - - -] glance.collect_timing = False log_opt_values /usr/lib/python3/dist-packages/oslo_config/cfg.py:2609
2025-06-19 00:39:16.963 134909 DEBUG oslo_service.service [req-f7804cc2-8528-4b91-a597-c56bd5f4352b - - - - -] glance.connect_retries = None log_opt_values /usr/lib/python3/dist-packages/oslo_config/cfg.py:2609
2025-06-19 00:39:16.963 134909 DEBUG oslo_service.service [req-f7804cc2-8528-4b91-a597-c56bd5f4352b - - - - -] glance.connect_retry_delay = None log_opt_values /usr/lib/python3/dist-packages/oslo_config/cfg.py:2609
2025-06-19 00:39:16.963 134909 DEBUG oslo_service.service [req-f7804cc2-8528-4b91-a597-c56bd5f4352b - - - - -] glance.debug = False log_opt_values /usr/lib/python3/dist-packages/oslo_config/cfg.py:2609
2025-06-19 00:39:16.963 134909 DEBUG oslo_service.service [req-f7804cc2-8528-4b91-a597-c56bd5f4352b - - - - -] glance.default_trusted_certificate_ids = [] log_opt_values /usr/lib/python3/dist-packages/oslo_config/cfg.py:2609
2025-06-19 00:39:16.964 134909 DEBUG oslo_service.service [req-f7804cc2-8528-4b91-a597-c56bd5f4352b - - - - -] glance.enable_certificate_validation = False log_opt_values /usr/lib/python3/dist-packages/oslo_config/cfg.py:2609
2025-06-19 00:39:16.964 134909 DEBUG oslo_service.service [req-f7804cc2-8528-4b91-a597-c56bd5f4352b - - - - -] glance.enable_rbd_download = False log_opt_values /usr/lib/python3/dist-packages/oslo_config/cfg.py:2609
2025-06-19 00:39:16.964 134909 DEBUG oslo_service.service [req-f7804cc2-8528-4b91-a597-c56bd5f4352b - - - - -] glance.endpoint_override = None log_opt_values /usr/lib/python3/dist-packages/oslo_config/cfg.py:2609
2025-06-19 00:39:16.964 134909 DEBUG oslo_service.service [req-f7804cc2-8528-4b91-a597-c56bd5f4352b - - - - -] glance.insecure = False log_opt_values /usr/lib/python3/dist-packages/oslo_config/cfg.py:2609
2025-06-19 00:39:16.964 134909 DEBUG oslo_service.service [req-f7804cc2-8528-4b91-a597-c56bd5f4352b - - - - -] glance.keyfile = None log_opt_values /usr/lib/python3/dist-packages/oslo_config/cfg.py:2609
2025-06-19 00:39:16.964 134909 DEBUG oslo_service.service [req-f7804cc2-8528-4b91-a597-c56bd5f4352b - - - - -] glance.max_version = None log_opt_values /usr/lib/python3/dist-packages/oslo_config/cfg.py:2609
2025-06-19 00:39:16.965 134909 DEBUG oslo_service.service [req-f7804cc2-8528-4b91-a597-c56bd5f4352b - - - - -] glance.min_version = None log_opt_values /usr/lib/python3/dist-packages/oslo_config/cfg.py:2609
2025-06-19 00:39:16.965 134909 DEBUG oslo_service.service [req-f7804cc2-8528-4b91-a597-c56bd5f4352b - - - - -] glance.num_retries = 3 log_opt_values /usr/lib/python3/dist-packages/oslo_config/cfg.py:2609
2025-06-19 00:39:16.965 134909 DEBUG oslo_service.service [req-f7804cc2-8528-4b91-a597-c56bd5f4352b - - - - -] glance.rbd_ceph_conf = log_opt_values /usr/lib/python3/dist-packages/oslo_config/cfg.py:2609
2025-06-19 00:39:16.965 134909 DEBUG oslo_service.service [req-f7804cc2-8528-4b91-a597-c56bd5f4352b - - - - -] glance.rbd_connect_timeout = 5 log_opt_values /usr/lib/python3/dist-packages/oslo_config/cfg.py:2609
2025-06-19 00:39:16.965 134909 DEBUG oslo_service.service [req-f7804cc2-8528-4b91-a597-c56bd5f4352b - - - - -] glance.rbd_pool = log_opt_values /usr/lib/python3/dist-packages/oslo_config/cfg.py:2609
2025-06-19 00:39:16.965 134909 DEBUG oslo_service.service [req-f7804cc2-8528-4b91-a597-c56bd5f4352b - - - - -] glance.rbd_user = log_opt_values /usr/lib/python3/dist-packages/oslo_config/cfg.py:2609
2025-06-19 00:39:16.966 134909 DEBUG oslo_service.service [req-f7804cc2-8528-4b91-a597-c56bd5f4352b - - - - -] glance.region_name = None log_opt_values /usr/lib/python3/dist-packages/oslo_config/cfg.py:2609
2025-06-19 00:39:16.966 134909 DEBUG oslo_service.service [req-f7804cc2-8528-4b91-a597-c56bd5f4352b - - - - -] glance.service_name = None log_opt_values /usr/lib/python3/dist-packages/oslo_config/cfg.py:2609
2025-06-19 00:39:16.966 134909 DEBUG oslo_service.service [req-f7804cc2-8528-4b91-a597-c56bd5f4352b - - - - -] glance.service_type = image log_opt_values /usr/lib/python3/dist-packages/oslo_config/cfg.py:2609
2025-06-19 00:39:16.966 134909 DEBUG oslo_service.service [req-f7804cc2-8528-4b91-a597-c56bd5f4352b - - - - -] glance.split_loggers = False log_opt_values /usr/lib/python3/dist-packages/oslo_config/cfg.py:2609
2025-06-19 00:39:16.966 134909 DEBUG oslo_service.service [req-f7804cc2-8528-4b91-a597-c56bd5f4352b - - - - -] glance.status_code_retries = None log_opt_values /usr/lib/python3/dist-packages/oslo_config/cfg.py:2609
2025-06-19 00:39:16.966 134909 DEBUG oslo_service.service [req-f7804cc2-8528-4b91-a597-c56bd5f4352b - - - - -] glance.status_code_retry_delay = None log_opt_values /usr/lib/python3/dist-packages/oslo_config/cfg.py:2609
2025-06-19 00:39:16.967 134909 DEBUG oslo_service.service [req-f7804cc2-8528-4b91-a597-c56bd5f4352b - - - - -] glance.timeout = None log_opt_values /usr/lib/python3/dist-packages/oslo_config/cfg.py:2609
2025-06-19 00:39:16.967 134909 DEBUG oslo_service.service [req-f7804cc2-8528-4b91-a597-c56bd5f4352b - - - - -] glance.valid_interfaces = ['internal', 'public'] log_opt_values /usr/lib/python3/dist-packages/oslo_config/cfg.py:2609
2025-06-19 00:39:16.967 134909 DEBUG oslo_service.service [req-f7804cc2-8528-4b91-a597-c56bd5f4352b - - - - -] glance.verify_glance_signatures = False log_opt_values /usr/lib/python3/dist-packages/oslo_config/cfg.py:2609
2025-06-19 00:39:16.967 134909 DEBUG oslo_service.service [req-f7804cc2-8528-4b91-a597-c56bd5f4352b - - - - -] glance.version = None log_opt_values /usr/lib/python3/dist-packages/oslo_config/cfg.py:2609
2025-06-19 00:39:16.967 134909 DEBUG oslo_service.service [req-f7804cc2-8528-4b91-a597-c56bd5f4352b - - - - -] guestfs.debug = False log_opt_values /usr/lib/python3/dist-packages/oslo_config/cfg.py:2609
2025-06-19 00:39:16.968 134909 DEBUG oslo_service.service [req-f7804cc2-8528-4b91-a597-c56bd5f4352b - - - - -] hyperv.config_drive_cdrom = False log_opt_values /usr/lib/python3/dist-packages/oslo_config/cfg.py:2609
2025-06-19 00:39:16.969 134909 DEBUG oslo_service.service [req-f7804cc2-8528-4b91-a597-c56bd5f4352b - - - - -] hyperv.config_drive_inject_password = False log_opt_values /usr/lib/python3/dist-packages/oslo_config/cfg.py:2609
2025-06-19 00:39:16.969 134909 DEBUG oslo_service.service [req-f7804cc2-8528-4b91-a597-c56bd5f4352b - - - - -] hyperv.dynamic_memory_ratio = 1.0 log_opt_values /usr/lib/python3/dist-packages/oslo_config/cfg.py:2609
2025-06-19 00:39:16.970 134909 DEBUG oslo_service.service [req-f7804cc2-8528-4b91-a597-c56bd5f4352b - - - - -] hyperv.enable_instance_metrics_collection = False log_opt_values /usr/lib/python3/dist-packages/oslo_config/cfg.py:2609
2025-06-19 00:39:16.970 134909 DEBUG oslo_service.service [req-f7804cc2-8528-4b91-a597-c56bd5f4352b - - - - -] hyperv.enable_remotefx = False log_opt_values /usr/lib/python3/dist-packages/oslo_config/cfg.py:2609
2025-06-19 00:39:16.970 134909 DEBUG oslo_service.service [req-f7804cc2-8528-4b91-a597-c56bd5f4352b - - - - -] hyperv.instances_path_share = log_opt_values /usr/lib/python3/dist-packages/oslo_config/cfg.py:2609
2025-06-19 00:39:16.970 134909 DEBUG oslo_service.service [req-f7804cc2-8528-4b91-a597-c56bd5f4352b - - - - -] hyperv.iscsi_initiator_list = [] log_opt_values /usr/lib/python3/dist-packages/oslo_config/cfg.py:2609
2025-06-19 00:39:16.970 134909 DEBUG oslo_service.service [req-f7804cc2-8528-4b91-a597-c56bd5f4352b - - - - -] hyperv.limit_cpu_features = False log_opt_values /usr/lib/python3/dist-packages/oslo_config/cfg.py:2609
2025-06-19 00:39:16.970 134909 DEBUG oslo_service.service [req-f7804cc2-8528-4b91-a597-c56bd5f4352b - - - - -] hyperv.mounted_disk_query_retry_count = 10 log_opt_values /usr/lib/python3/dist-packages/oslo_config/cfg.py:2609
2025-06-19 00:39:16.971 134909 DEBUG oslo_service.service [req-f7804cc2-8528-4b91-a597-c56bd5f4352b - - - - -] hyperv.mounted_disk_query_retry_interval = 5 log_opt_values /usr/lib/python3/dist-packages/oslo_config/cfg.py:2609
2025-06-19 00:39:16.971 134909 DEBUG oslo_service.service [req-f7804cc2-8528-4b91-a597-c56bd5f4352b - - - - -] hyperv.power_state_check_timeframe = 60 log_opt_values /usr/lib/python3/dist-packages/oslo_config/cfg.py:2609
2025-06-19 00:39:16.971 134909 DEBUG oslo_service.service [req-f7804cc2-8528-4b91-a597-c56bd5f4352b - - - - -] hyperv.power_state_event_polling_interval = 2 log_opt_values /usr/lib/python3/dist-packages/oslo_config/cfg.py:2609
2025-06-19 00:39:16.971 134909 DEBUG oslo_service.service [req-f7804cc2-8528-4b91-a597-c56bd5f4352b - - - - -] hyperv.qemu_img_cmd = qemu-img.exe log_opt_values /usr/lib/python3/dist-packages/oslo_config/cfg.py:2609
2025-06-19 00:39:16.971 134909 DEBUG oslo_service.service [req-f7804cc2-8528-4b91-a597-c56bd5f4352b - - - - -] hyperv.use_multipath_io = False log_opt_values /usr/lib/python3/dist-packages/oslo_config/cfg.py:2609
2025-06-19 00:39:16.971 134909 DEBUG oslo_service.service [req-f7804cc2-8528-4b91-a597-c56bd5f4352b - - - - -] hyperv.volume_attach_retry_count = 10 log_opt_values /usr/lib/python3/dist-packages/oslo_config/cfg.py:2609
2025-06-19 00:39:16.971 134909 DEBUG oslo_service.service [req-f7804cc2-8528-4b91-a597-c56bd5f4352b - - - - -] hyperv.volume_attach_retry_interval = 5 log_opt_values /usr/lib/python3/dist-packages/oslo_config/cfg.py:2609
2025-06-19 00:39:16.972 134909 DEBUG oslo_service.service [req-f7804cc2-8528-4b91-a597-c56bd5f4352b - - - - -] hyperv.vswitch_name = None log_opt_values /usr/lib/python3/dist-packages/oslo_config/cfg.py:2609
