2025-06-12 00:35:49.056 126327 DEBUG oslo_service.service [req-aab31c7d-6b1b-4e62-bc0d-45bf06f2f47c - - - - -] glance.rbd_user = log_opt_values /usr/lib/python3/dist-packages/oslo_config/cfg.py:2609
2025-06-12 00:35:49.056 126327 DEBUG oslo_service.service [req-aab31c7d-6b1b-4e62-bc0d-45bf06f2f47c - - - - -] glance.region_name = None log_opt_values /usr/lib/python3/dist-packages/oslo_config/cfg.py:2609
2025-06-12 00:35:49.056 126327 DEBUG oslo_service.service [req-aab31c7d-6b1b-4e62-bc0d-45bf06f2f47c - - - - -] glance.service_name = None log_opt_values /usr/lib/python3/dist-packages/oslo_config/cfg.py:2609
2025-06-12 00:35:49.056 126327 DEBUG oslo_service.service [req-aab31c7d-6b1b-4e62-bc0d-45bf06f2f47c - - - - -] glance.service_type = image log_opt_values /usr/lib/python3/dist-packages/oslo_config/cfg.py:2609
2025-06-12 00:35:49.057 126327 DEBUG oslo_service.service [req-aab31c7d-6b1b-4e62-bc0d-45bf06f2f47c - - - - -] glance.split_loggers = False log_opt_values /usr/lib/python3/dist-packages/oslo_config/cfg.py:2609
2025-06-12 00:35:49.057 126327 DEBUG oslo_service.service [req-aab31c7d-6b1b-4e62-bc0d-45bf06f2f47c - - - - -] glance.status_code_retries = None log_opt_values /usr/lib/python3/dist-packages/oslo_config/cfg.py:2609
2025-06-12 00:35:49.057 126327 DEBUG oslo_service.service [req-aab31c7d-6b1b-4e62-bc0d-45bf06f2f47c - - - - -] glance.status_code_retry_delay = None log_opt_values /usr/lib/python3/dist-packages/oslo_config/cfg.py:2609
2025-06-12 00:35:49.057 126327 DEBUG oslo_service.service [req-aab31c7d-6b1b-4e62-bc0d-45bf06f2f47c - - - - -] glance.timeout = None log_opt_values /usr/lib/python3/dist-packages/oslo_config/cfg.py:2609
2025-06-12 00:35:49.057 126327 DEBUG oslo_service.service [req-aab31c7d-6b1b-4e62-bc0d-45bf06f2f47c - - - - -] glance.valid_interfaces = ['internal', 'public'] log_opt_values /usr/lib/python3/dist-packages/oslo_config/cfg.py:2609
2025-06-12 00:35:49.057 126327 DEBUG oslo_service.service [req-aab31c7d-6b1b-4e62-bc0d-45bf06f2f47c - - - - -] glance.verify_glance_signatures = False log_opt_values /usr/lib/python3/dist-packages/oslo_config/cfg.py:2609
2025-06-12 00:35:49.058 126327 DEBUG oslo_service.service [req-aab31c7d-6b1b-4e62-bc0d-45bf06f2f47c - - - - -] glance.version = None log_opt_values /usr/lib/python3/dist-packages/oslo_config/cfg.py:2609
2025-06-12 00:35:49.059 126327 DEBUG oslo_service.service [req-aab31c7d-6b1b-4e62-bc0d-45bf06f2f47c - - - - -] guestfs.debug = False log_opt_values /usr/lib/python3/dist-packages/oslo_config/cfg.py:2609
2025-06-12 00:35:49.059 126327 DEBUG oslo_service.service [req-aab31c7d-6b1b-4e62-bc0d-45bf06f2f47c - - - - -] hyperv.config_drive_cdrom = False log_opt_values /usr/lib/python3/dist-packages/oslo_config/cfg.py:2609
2025-06-12 00:35:49.059 126327 DEBUG oslo_service.service [req-aab31c7d-6b1b-4e62-bc0d-45bf06f2f47c - - - - -] hyperv.config_drive_inject_password = False log_opt_values /usr/lib/python3/dist-packages/oslo_config/cfg.py:2609
2025-06-12 00:35:49.060 126327 DEBUG oslo_service.service [req-aab31c7d-6b1b-4e62-bc0d-45bf06f2f47c - - - - -] hyperv.dynamic_memory_ratio = 1.0 log_opt_values /usr/lib/python3/dist-packages/oslo_config/cfg.py:2609
2025-06-12 00:35:49.060 126327 DEBUG oslo_service.service [req-aab31c7d-6b1b-4e62-bc0d-45bf06f2f47c - - - - -] hyperv.enable_instance_metrics_collection = False log_opt_values /usr/lib/python3/dist-packages/oslo_config/cfg.py:2609
2025-06-12 00:35:49.060 126327 DEBUG oslo_service.service [req-aab31c7d-6b1b-4e62-bc0d-45bf06f2f47c - - - - -] hyperv.enable_remotefx = False log_opt_values /usr/lib/python3/dist-packages/oslo_config/cfg.py:2609
2025-06-12 00:35:49.060 126327 DEBUG oslo_service.service [req-aab31c7d-6b1b-4e62-bc0d-45bf06f2f47c - - - - -] hyperv.instances_path_share = log_opt_values /usr/lib/python3/dist-packages/oslo_config/cfg.py:2609
2025-06-12 00:35:49.060 126327 DEBUG oslo_service.service [req-aab31c7d-6b1b-4e62-bc0d-45bf06f2f47c - - - - -] hyperv.iscsi_initiator_list = [] log_opt_values /usr/lib/python3/dist-packages/oslo_config/cfg.py:2609
2025-06-12 00:35:49.061 126327 DEBUG oslo_service.service [req-aab31c7d-6b1b-4e62-bc0d-45bf06f2f47c - - - - -] hyperv.limit_cpu_features = False log_opt_values /usr/lib/python3/dist-packages/oslo_config/cfg.py:2609
2025-06-12 00:35:49.061 126327 DEBUG oslo_service.service [req-aab31c7d-6b1b-4e62-bc0d-45bf06f2f47c - - - - -] hyperv.mounted_disk_query_retry_count = 10 log_opt_values /usr/lib/python3/dist-packages/oslo_config/cfg.py:2609
2025-06-12 00:35:49.061 126327 DEBUG oslo_service.service [req-aab31c7d-6b1b-4e62-bc0d-45bf06f2f47c - - - - -] hyperv.mounted_disk_query_retry_interval = 5 log_opt_values /usr/lib/python3/dist-packages/oslo_config/cfg.py:2609
2025-06-12 00:35:49.062 126327 DEBUG oslo_service.service [req-aab31c7d-6b1b-4e62-bc0d-45bf06f2f47c - - - - -] hyperv.power_state_check_timeframe = 60 log_opt_values /usr/lib/python3/dist-packages/oslo_config/cfg.py:2609
2025-06-12 00:35:49.062 126327 DEBUG oslo_service.service [req-aab31c7d-6b1b-4e62-bc0d-45bf06f2f47c - - - - -] hyperv.power_state_event_polling_interval = 2 log_opt_values /usr/lib/python3/dist-packages/oslo_config/cfg.py:2609
2025-06-12 00:35:49.062 126327 DEBUG oslo_service.service [req-aab31c7d-6b1b-4e62-bc0d-45bf06f2f47c - - - - -] hyperv.qemu_img_cmd = qemu-img.exe log_opt_values /usr/lib/python3/dist-packages/oslo_config/cfg.py:2609
2025-06-12 00:35:49.063 127365 DEBUG nova.service [req-4d9b7bd2-4b32-4bac-94ef-84feb708c713 - - - - -] Creating RPC server for service scheduler start /usr/lib/python3/dist-packages/nova/service.py:182
2025-06-12 00:35:49.063 126327 DEBUG oslo_service.service [req-aab31c7d-6b1b-4e62-bc0d-45bf06f2f47c - - - - -] hyperv.use_multipath_io = False log_opt_values /usr/lib/python3/dist-packages/oslo_config/cfg.py:2609
2025-06-12 00:35:49.063 126327 DEBUG oslo_service.service [req-aab31c7d-6b1b-4e62-bc0d-45bf06f2f47c - - - - -] hyperv.volume_attach_retry_count = 10 log_opt_values /usr/lib/python3/dist-packages/oslo_config/cfg.py:2609
2025-06-12 00:35:49.063 126327 DEBUG oslo_service.service [req-aab31c7d-6b1b-4e62-bc0d-45bf06f2f47c - - - - -] hyperv.volume_attach_retry_interval = 5 log_opt_values /usr/lib/python3/dist-packages/oslo_config/cfg.py:2609
2025-06-12 00:35:49.063 126327 DEBUG oslo_service.service [req-aab31c7d-6b1b-4e62-bc0d-45bf06f2f47c - - - - -] hyperv.vswitch_name = None log_opt_values /usr/lib/python3/dist-packages/oslo_config/cfg.py:2609
2025-06-12 00:35:49.064 126327 DEBUG oslo_service.service [req-aab31c7d-6b1b-4e62-bc0d-45bf06f2f47c - - - - -] hyperv.wait_soft_reboot_seconds = 60 log_opt_values /usr/lib/python3/dist-packages/oslo_config/cfg.py:2609
2025-06-12 00:35:49.064 126327 DEBUG oslo_service.service [req-aab31c7d-6b1b-4e62-bc0d-45bf06f2f47c - - - - -] mks.enabled = False log_opt_values /usr/lib/python3/dist-packages/oslo_config/cfg.py:2609
2025-06-12 00:35:49.064 126327 DEBUG oslo_service.service [req-aab31c7d-6b1b-4e62-bc0d-45bf06f2f47c - - - - -] mks.mksproxy_base_url = http://127.0.0.1:6090/ log_opt_values /usr/lib/python3/dist-packages/oslo_config/cfg.py:2609
2025-06-12 00:35:49.065 126327 DEBUG oslo_service.service [req-aab31c7d-6b1b-4e62-bc0d-45bf06f2f47c - - - - -] image_cache.manager_interval = 2400 log_opt_values /usr/lib/python3/dist-packages/oslo_config/cfg.py:2609
2025-06-12 00:35:49.066 126327 DEBUG oslo_service.service [req-aab31c7d-6b1b-4e62-bc0d-45bf06f2f47c - - - - -] image_cache.precache_concurrency = 1 log_opt_values /usr/lib/python3/dist-packages/oslo_config/cfg.py:2609
2025-06-12 00:35:49.066 126327 DEBUG oslo_service.service [req-aab31c7d-6b1b-4e62-bc0d-45bf06f2f47c - - - - -] image_cache.remove_unused_base_images = True log_opt_values /usr/lib/python3/dist-packages/oslo_config/cfg.py:2609
2025-06-12 00:35:49.066 126327 DEBUG oslo_service.service [req-aab31c7d-6b1b-4e62-bc0d-45bf06f2f47c - - - - -] image_cache.remove_unused_original_minimum_age_seconds = 86400 log_opt_values /usr/lib/python3/dist-packages/oslo_config/cfg.py:2609
2025-06-12 00:35:49.066 126327 DEBUG oslo_service.service [req-aab31c7d-6b1b-4e62-bc0d-45bf06f2f47c - - - - -] image_cache.remove_unused_resized_minimum_age_seconds = 3600 log_opt_values /usr/lib/python3/dist-packages/oslo_config/cfg.py:2609
2025-06-12 00:35:49.066 126327 DEBUG oslo_service.service [req-aab31c7d-6b1b-4e62-bc0d-45bf06f2f47c - - - - -] image_cache.subdirectory_name = _base log_opt_values /usr/lib/python3/dist-packages/oslo_config/cfg.py:2609
2025-06-12 00:35:49.067 126327 DEBUG oslo_service.service [req-aab31c7d-6b1b-4e62-bc0d-45bf06f2f47c - - - - -] ironic.api_max_retries = 60 log_opt_values /usr/lib/python3/dist-packages/oslo_config/cfg.py:2609
2025-06-12 00:35:49.067 126327 DEBUG oslo_service.service [req-aab31c7d-6b1b-4e62-bc0d-45bf06f2f47c - - - - -] ironic.api_retry_interval = 2 log_opt_values /usr/lib/python3/dist-packages/oslo_config/cfg.py:2609
2025-06-12 00:35:49.067 126327 DEBUG oslo_service.service [req-aab31c7d-6b1b-4e62-bc0d-45bf06f2f47c - - - - -] ironic.auth_section = None log_opt_values /usr/lib/python3/dist-packages/oslo_config/cfg.py:2609
2025-06-12 00:35:49.067 126327 DEBUG oslo_service.service [req-aab31c7d-6b1b-4e62-bc0d-45bf06f2f47c - - - - -] ironic.auth_type = None log_opt_values /usr/lib/python3/dist-packages/oslo_config/cfg.py:2609
2025-06-12 00:35:49.067 126327 DEBUG oslo_service.service [req-aab31c7d-6b1b-4e62-bc0d-45bf06f2f47c - - - - -] ironic.cafile = None log_opt_values /usr/lib/python3/dist-packages/oslo_config/cfg.py:2609
2025-06-12 00:35:49.067 126327 DEBUG oslo_service.service [req-aab31c7d-6b1b-4e62-bc0d-45bf06f2f47c - - - - -] ironic.certfile = None log_opt_values /usr/lib/python3/dist-packages/oslo_config/cfg.py:2609
2025-06-12 00:35:49.068 126327 DEBUG oslo_service.service [req-aab31c7d-6b1b-4e62-bc0d-45bf06f2f47c - - - - -] ironic.collect_timing = False log_opt_values /usr/lib/python3/dist-packages/oslo_config/cfg.py:2609
2025-06-12 00:35:49.068 126327 DEBUG oslo_service.service [req-aab31c7d-6b1b-4e62-bc0d-45bf06f2f47c - - - - -] ironic.connect_retries = None log_opt_values /usr/lib/python3/dist-packages/oslo_config/cfg.py:2609
2025-06-12 00:35:49.068 126327 DEBUG oslo_service.service [req-aab31c7d-6b1b-4e62-bc0d-45bf06f2f47c - - - - -] ironic.connect_retry_delay = None log_opt_values /usr/lib/python3/dist-packages/oslo_config/cfg.py:2609
2025-06-12 00:35:49.068 126327 DEBUG oslo_service.service [req-aab31c7d-6b1b-4e62-bc0d-45bf06f2f47c - - - - -] ironic.endpoint_override = None log_opt_values /usr/lib/python3/dist-packages/oslo_config/cfg.py:2609
2025-06-12 00:35:49.068 126327 DEBUG oslo_service.service [req-aab31c7d-6b1b-4e62-bc0d-45bf06f2f47c - - - - -] ironic.insecure = False log_opt_values /usr/lib/python3/dist-packages/oslo_config/cfg.py:2609
2025-06-12 00:35:49.069 126327 DEBUG oslo_service.service [req-aab31c7d-6b1b-4e62-bc0d-45bf06f2f47c - - - - -] ironic.keyfile = None log_opt_values /usr/lib/python3/dist-packages/oslo_config/cfg.py:2609
2025-06-12 00:35:49.069 126327 DEBUG oslo_service.service [req-aab31c7d-6b1b-4e62-bc0d-45bf06f2f47c - - - - -] ironic.max_version = None log_opt_values /usr/lib/python3/dist-packages/oslo_config/cfg.py:2609
2025-06-12 00:35:49.069 126327 DEBUG oslo_service.service [req-aab31c7d-6b1b-4e62-bc0d-45bf06f2f47c - - - - -] ironic.min_version = None log_opt_values /usr/lib/python3/dist-packages/oslo_config/cfg.py:2609
2025-06-12 00:35:49.069 126327 DEBUG oslo_service.service [req-aab31c7d-6b1b-4e62-bc0d-45bf06f2f47c - - - - -] ironic.partition_key = None log_opt_values /usr/lib/python3/dist-packages/oslo_config/cfg.py:2609
2025-06-12 00:35:49.069 126327 DEBUG oslo_service.service [req-aab31c7d-6b1b-4e62-bc0d-45bf06f2f47c - - - - -] ironic.peer_list = [] log_opt_values /usr/lib/python3/dist-packages/oslo_config/cfg.py:2609
2025-06-12 00:35:49.069 126327 DEBUG oslo_service.service [req-aab31c7d-6b1b-4e62-bc0d-45bf06f2f47c - - - - -] ironic.region_name = None log_opt_values /usr/lib/python3/dist-packages/oslo_config/cfg.py:2609
2025-06-12 00:35:49.070 126327 DEBUG oslo_service.service [req-aab31c7d-6b1b-4e62-bc0d-45bf06f2f47c - - - - -] ironic.serial_console_state_timeout = 10 log_opt_values /usr/lib/python3/dist-packages/oslo_config/cfg.py:2609
2025-06-12 00:35:49.070 126327 DEBUG oslo_service.service [req-aab31c7d-6b1b-4e62-bc0d-45bf06f2f47c - - - - -] ironic.service_name = None log_opt_values /usr/lib/python3/dist-packages/oslo_config/cfg.py:2609
2025-06-12 00:35:49.070 126327 DEBUG oslo_service.service [req-aab31c7d-6b1b-4e62-bc0d-45bf06f2f47c - - - - -] ironic.service_type = baremetal log_opt_values /usr/lib/python3/dist-packages/oslo_config/cfg.py:2609
2025-06-12 00:35:49.070 126327 DEBUG oslo_service.service [req-aab31c7d-6b1b-4e62-bc0d-45bf06f2f47c - - - - -] ironic.split_loggers = False log_opt_values /usr/lib/python3/dist-packages/oslo_config/cfg.py:2609
2025-06-12 00:35:49.070 126327 DEBUG oslo_service.service [req-aab31c7d-6b1b-4e62-bc0d-45bf06f2f47c - - - - -] ironic.status_code_retries = None log_opt_values /usr/lib/python3/dist-packages/oslo_config/cfg.py:2609
2025-06-12 00:35:49.070 126327 DEBUG oslo_service.service [req-aab31c7d-6b1b-4e62-bc0d-45bf06f2f47c - - - - -] ironic.status_code_retry_delay = None log_opt_values /usr/lib/python3/dist-packages/oslo_config/cfg.py:2609
2025-06-12 00:35:49.071 126327 DEBUG oslo_service.service [req-aab31c7d-6b1b-4e62-bc0d-45bf06f2f47c - - - - -] ironic.timeout = None log_opt_values /usr/lib/python3/dist-packages/oslo_config/cfg.py:2609
2025-06-12 00:35:49.071 126327 DEBUG oslo_service.service [req-aab31c7d-6b1b-4e62-bc0d-45bf06f2f47c - - - - -] ironic.valid_interfaces = ['internal', 'public'] log_opt_values /usr/lib/python3/dist-packages/oslo_config/cfg.py:2609
2025-06-12 00:35:49.071 126327 DEBUG oslo_service.service [req-aab31c7d-6b1b-4e62-bc0d-45bf06f2f47c - - - - -] ironic.version = None log_opt_values /usr/lib/python3/dist-packages/oslo_config/cfg.py:2609
2025-06-12 00:35:49.071 126327 DEBUG oslo_service.service [req-aab31c7d-6b1b-4e62-bc0d-45bf06f2f47c - - - - -] key_manager.backend = barbican log_opt_values /usr/lib/python3/dist-packages/oslo_config/cfg.py:2609
2025-06-12 00:35:49.071 126327 DEBUG oslo_service.service [req-aab31c7d-6b1b-4e62-bc0d-45bf06f2f47c - - - - -] key_manager.fixed_key = **** log_opt_values /usr/lib/python3/dist-packages/oslo_config/cfg.py:2609
2025-06-12 00:35:49.072 126327 DEBUG oslo_service.service [req-aab31c7d-6b1b-4e62-bc0d-45bf06f2f47c - - - - -] barbican.auth_endpoint = http://localhost/identity/v3 log_opt_values /usr/lib/python3/dist-packages/oslo_config/cfg.py:2609
2025-06-12 00:35:49.072 126327 DEBUG oslo_service.service [req-aab31c7d-6b1b-4e62-bc0d-45bf06f2f47c - - - - -] barbican.barbican_api_version = None log_opt_values /usr/lib/python3/dist-packages/oslo_config/cfg.py:2609
2025-06-12 00:35:49.072 126327 DEBUG oslo_service.service [req-aab31c7d-6b1b-4e62-bc0d-45bf06f2f47c - - - - -] barbican.barbican_endpoint = None log_opt_values /usr/lib/python3/dist-packages/oslo_config/cfg.py:2609
2025-06-12 00:35:49.074 126327 DEBUG oslo_service.service [req-aab31c7d-6b1b-4e62-bc0d-45bf06f2f47c - - - - -] barbican.barbican_endpoint_type = public log_opt_values /usr/lib/python3/dist-packages/oslo_config/cfg.py:2609
2025-06-12 00:35:49.074 126327 DEBUG oslo_service.service [req-aab31c7d-6b1b-4e62-bc0d-45bf06f2f47c - - - - -] barbican.barbican_region_name = None log_opt_values /usr/lib/python3/dist-packages/oslo_config/cfg.py:2609
2025-06-12 00:35:49.075 126327 DEBUG oslo_service.service [req-aab31c7d-6b1b-4e62-bc0d-45bf06f2f47c - - - - -] barbican.cafile = None log_opt_values /usr/lib/python3/dist-packages/oslo_config/cfg.py:2609
2025-06-12 00:35:49.075 126327 DEBUG oslo_service.service [req-aab31c7d-6b1b-4e62-bc0d-45bf06f2f47c - - - - -] barbican.certfile = None log_opt_values /usr/lib/python3/dist-packages/oslo_config/cfg.py:2609
2025-06-12 00:35:49.075 126327 DEBUG oslo_service.service [req-aab31c7d-6b1b-4e62-bc0d-45bf06f2f47c - - - - -] barbican.collect_timing = False log_opt_values /usr/lib/python3/dist-packages/oslo_config/cfg.py:2609
2025-06-12 00:35:49.075 126327 DEBUG oslo_service.service [req-aab31c7d-6b1b-4e62-bc0d-45bf06f2f47c - - - - -] barbican.insecure = False log_opt_values /usr/lib/python3/dist-packages/oslo_config/cfg.py:2609
2025-06-12 00:35:49.075 126327 DEBUG oslo_service.service [req-aab31c7d-6b1b-4e62-bc0d-45bf06f2f47c - - - - -] barbican.keyfile = None log_opt_values /usr/lib/python3/dist-packages/oslo_config/cfg.py:2609
2025-06-12 00:35:49.076 126327 DEBUG oslo_service.service [req-aab31c7d-6b1b-4e62-bc0d-45bf06f2f47c - - - - -] barbican.number_of_retries = 60 log_opt_values /usr/lib/python3/dist-packages/oslo_config/cfg.py:2609
2025-06-12 00:35:49.077 126327 DEBUG oslo_service.service [req-aab31c7d-6b1b-4e62-bc0d-45bf06f2f47c - - - - -] barbican.retry_delay = 1 log_opt_values /usr/lib/python3/dist-packages/oslo_config/cfg.py:2609
2025-06-12 00:35:49.077 127368 DEBUG nova.service [req-ee442ce9-00de-439e-9cc2-18123f04d54d - - - - -] Creating RPC server for service scheduler start /usr/lib/python3/dist-packages/nova/service.py:182
2025-06-12 00:35:49.077 126327 DEBUG oslo_service.service [req-aab31c7d-6b1b-4e62-bc0d-45bf06f2f47c - - - - -] barbican.send_service_user_token = False log_opt_values /usr/lib/python3/dist-packages/oslo_config/cfg.py:2609
2025-06-12 00:35:49.077 126327 DEBUG oslo_service.service [req-aab31c7d-6b1b-4e62-bc0d-45bf06f2f47c - - - - -] barbican.split_loggers = False log_opt_values /usr/lib/python3/dist-packages/oslo_config/cfg.py:2609
2025-06-12 00:35:49.078 126327 DEBUG oslo_service.service [req-aab31c7d-6b1b-4e62-bc0d-45bf06f2f47c - - - - -] barbican.timeout = None log_opt_values /usr/lib/python3/dist-packages/oslo_config/cfg.py:2609
2025-06-12 00:35:49.078 126327 DEBUG oslo_service.service [req-aab31c7d-6b1b-4e62-bc0d-45bf06f2f47c - - - - -] barbican.verify_ssl = True log_opt_values /usr/lib/python3/dist-packages/oslo_config/cfg.py:2609
2025-06-12 00:35:49.078 126327 DEBUG oslo_service.service [req-aab31c7d-6b1b-4e62-bc0d-45bf06f2f47c - - - - -] barbican.verify_ssl_path = None log_opt_values /usr/lib/python3/dist-packages/oslo_config/cfg.py:2609
2025-06-12 00:35:49.079 126327 DEBUG oslo_service.service [req-aab31c7d-6b1b-4e62-bc0d-45bf06f2f47c - - - - -] barbican_service_user.auth_section = None log_opt_values /usr/lib/python3/dist-packages/oslo_config/cfg.py:2609
2025-06-12 00:35:49.079 126327 DEBUG oslo_service.service [req-aab31c7d-6b1b-4e62-bc0d-45bf06f2f47c - - - - -] barbican_service_user.auth_type = None log_opt_values /usr/lib/python3/dist-packages/oslo_config/cfg.py:2609
2025-06-12 00:35:49.080 126327 DEBUG oslo_service.service [req-aab31c7d-6b1b-4e62-bc0d-45bf06f2f47c - - - - -] barbican_service_user.cafile = None log_opt_values /usr/lib/python3/dist-packages/oslo_config/cfg.py:2609
2025-06-12 00:35:49.079 127364 DEBUG nova.service [req-827d7794-d626-4b82-9716-332681c91a26 - - - - -] Creating RPC server for service scheduler start /usr/lib/python3/dist-packages/nova/service.py:182
2025-06-12 00:35:49.080 126327 DEBUG oslo_service.service [req-aab31c7d-6b1b-4e62-bc0d-45bf06f2f47c - - - - -] barbican_service_user.certfile = None log_opt_values /usr/lib/python3/dist-packages/oslo_config/cfg.py:2609
2025-06-12 00:35:49.080 126327 DEBUG oslo_service.service [req-aab31c7d-6b1b-4e62-bc0d-45bf06f2f47c - - - - -] barbican_service_user.collect_timing = False log_opt_values /usr/lib/python3/dist-packages/oslo_config/cfg.py:2609
2025-06-12 00:35:49.081 126327 DEBUG oslo_service.service [req-aab31c7d-6b1b-4e62-bc0d-45bf06f2f47c - - - - -] barbican_service_user.insecure = False log_opt_values /usr/lib/python3/dist-packages/oslo_config/cfg.py:2609
2025-06-12 00:35:49.081 126327 DEBUG oslo_service.service [req-aab31c7d-6b1b-4e62-bc0d-45bf06f2f47c - - - - -] barbican_service_user.keyfile = None log_opt_values /usr/lib/python3/dist-packages/oslo_config/cfg.py:2609
2025-06-12 00:35:49.081 126327 DEBUG oslo_service.service [req-aab31c7d-6b1b-4e62-bc0d-45bf06f2f47c - - - - -] barbican_service_user.split_loggers = False log_opt_values /usr/lib/python3/dist-packages/oslo_config/cfg.py:2609
2025-06-12 00:35:49.081 126327 DEBUG oslo_service.service [req-aab31c7d-6b1b-4e62-bc0d-45bf06f2f47c - - - - -] barbican_service_user.timeout = None log_opt_values /usr/lib/python3/dist-packages/oslo_config/cfg.py:2609
2025-06-12 00:35:49.081 126327 DEBUG oslo_service.service [req-aab31c7d-6b1b-4e62-bc0d-45bf06f2f47c - - - - -] vault.approle_role_id = None log_opt_values /usr/lib/python3/dist-packages/oslo_config/cfg.py:2609
2025-06-12 00:35:49.082 126327 DEBUG oslo_service.service [req-aab31c7d-6b1b-4e62-bc0d-45bf06f2f47c - - - - -] vault.approle_secret_id = None log_opt_values /usr/lib/python3/dist-packages/oslo_config/cfg.py:2609
2025-06-12 00:35:49.082 126327 DEBUG oslo_service.service [req-aab31c7d-6b1b-4e62-bc0d-45bf06f2f47c - - - - -] vault.cafile = None log_opt_values /usr/lib/python3/dist-packages/oslo_config/cfg.py:2609
2025-06-12 00:35:49.084 127372 DEBUG nova.service [req-cc3d8203-2d3c-4140-ac7d-58ffc357b48f - - - - -] Creating RPC server for service scheduler start /usr/lib/python3/dist-packages/nova/service.py:182
2025-06-12 00:35:49.089 126327 DEBUG oslo_service.service [req-aab31c7d-6b1b-4e62-bc0d-45bf06f2f47c - - - - -] vault.certfile = None log_opt_values /usr/lib/python3/dist-packages/oslo_config/cfg.py:2609
2025-06-12 00:35:49.091 126327 DEBUG oslo_service.service [req-aab31c7d-6b1b-4e62-bc0d-45bf06f2f47c - - - - -] vault.collect_timing = False log_opt_values /usr/lib/python3/dist-packages/oslo_config/cfg.py:2609
2025-06-12 00:35:49.093 126327 DEBUG oslo_service.service [req-aab31c7d-6b1b-4e62-bc0d-45bf06f2f47c - - - - -] vault.insecure = False log_opt_values /usr/lib/python3/dist-packages/oslo_config/cfg.py:2609
2025-06-12 00:35:49.092 127365 DEBUG oslo_messaging._drivers.amqpdriver [-] Listener is running poll /usr/lib/python3/dist-packages/oslo_messaging/_drivers/amqpdriver.py:343
2025-06-12 00:35:49.093 127365 DEBUG oslo_messaging._drivers.amqpdriver [-] AMQPListener connection consume poll /usr/lib/python3/dist-packages/oslo_messaging/_drivers/amqpdriver.py:357
2025-06-12 00:35:49.093 126327 DEBUG oslo_service.service [req-aab31c7d-6b1b-4e62-bc0d-45bf06f2f47c - - - - -] vault.keyfile = None log_opt_values /usr/lib/python3/dist-packages/oslo_config/cfg.py:2609
2025-06-12 00:35:49.094 127365 DEBUG nova.service [req-4d9b7bd2-4b32-4bac-94ef-84feb708c713 - - - - -] Join ServiceGroup membership for this service scheduler start /usr/lib/python3/dist-packages/nova/service.py:199
2025-06-12 00:35:49.094 126327 DEBUG oslo_service.service [req-aab31c7d-6b1b-4e62-bc0d-45bf06f2f47c - - - - -] vault.kv_mountpoint = secret log_opt_values /usr/lib/python3/dist-packages/oslo_config/cfg.py:2609
2025-06-12 00:35:49.094 127365 DEBUG nova.servicegroup.drivers.db [req-4d9b7bd2-4b32-4bac-94ef-84feb708c713 - - - - -] DB_Driver: join new ServiceGroup member juju-b69973-0-lxd-7 to the scheduler group, service = join /usr/lib/python3/dist-packages/nova/servicegroup/drivers/db.py:44
2025-06-12 00:35:49.095 126327 DEBUG oslo_service.service [req-aab31c7d-6b1b-4e62-bc0d-45bf06f2f47c - - - - -] vault.kv_version = 2 log_opt_values /usr/lib/python3/dist-packages/oslo_config/cfg.py:2609
2025-06-12 00:35:49.097 126327 DEBUG oslo_service.service [req-aab31c7d-6b1b-4e62-bc0d-45bf06f2f47c - - - - -] vault.namespace = None log_opt_values /usr/lib/python3/dist-packages/oslo_config/cfg.py:2609
2025-06-12 00:35:49.098 126327 DEBUG oslo_service.service [req-aab31c7d-6b1b-4e62-bc0d-45bf06f2f47c - - - - -] vault.root_token_id = None log_opt_values /usr/lib/python3/dist-packages/oslo_config/cfg.py:2609
2025-06-12 00:35:49.098 127365 DEBUG oslo_messaging._drivers.amqpdriver [-] AMQPListener connection timeout poll /usr/lib/python3/dist-packages/oslo_messaging/_drivers/amqpdriver.py:360
2025-06-12 00:35:49.098 127365 DEBUG oslo_messaging._drivers.amqpdriver [-] Listener is running poll /usr/lib/python3/dist-packages/oslo_messaging/_drivers/amqpdriver.py:343
2025-06-12 00:35:49.098 126327 DEBUG oslo_service.service [req-aab31c7d-6b1b-4e62-bc0d-45bf06f2f47c - - - - -] vault.split_loggers = False log_opt_values /usr/lib/python3/dist-packages/oslo_config/cfg.py:2609
2025-06-12 00:35:49.098 127365 DEBUG oslo_messaging._drivers.amqpdriver [-] AMQPListener connection consume poll /usr/lib/python3/dist-packages/oslo_messaging/_drivers/amqpdriver.py:357
2025-06-12 00:35:49.098 126327 DEBUG oslo_service.service [req-aab31c7d-6b1b-4e62-bc0d-45bf06f2f47c - - - - -] vault.ssl_ca_crt_file = None log_opt_values /usr/lib/python3/dist-packages/oslo_config/cfg.py:2609
2025-06-12 00:35:49.098 126327 DEBUG oslo_service.service [req-aab31c7d-6b1b-4e62-bc0d-45bf06f2f47c - - - - -] vault.timeout = None log_opt_values /usr/lib/python3/dist-packages/oslo_config/cfg.py:2609
2025-06-12 00:35:49.099 126327 DEBUG oslo_service.service [req-aab31c7d-6b1b-4e62-bc0d-45bf06f2f47c - - - - -] vault.use_ssl = False log_opt_values /usr/lib/python3/dist-packages/oslo_config/cfg.py:2609
2025-06-12 00:35:49.099 126327 DEBUG oslo_service.service [req-aab31c7d-6b1b-4e62-bc0d-45bf06f2f47c - - - - -] vault.vault_url = http://127.0.0.1:8200 log_opt_values /usr/lib/python3/dist-packages/oslo_config/cfg.py:2609
2025-06-12 00:35:49.100 126327 DEBUG oslo_service.service [req-aab31c7d-6b1b-4e62-bc0d-45bf06f2f47c - - - - -] keystone.cafile = None log_opt_values /usr/lib/python3/dist-packages/oslo_config/cfg.py:2609
2025-06-12 00:35:49.100 126327 DEBUG oslo_service.service [req-aab31c7d-6b1b-4e62-bc0d-45bf06f2f47c - - - - -] keystone.certfile = None log_opt_values /usr/lib/python3/dist-packages/oslo_config/cfg.py:2609
2025-06-12 00:35:49.100 126327 DEBUG oslo_service.service [req-aab31c7d-6b1b-4e62-bc0d-45bf06f2f47c - - - - -] keystone.collect_timing = False log_opt_values /usr/lib/python3/dist-packages/oslo_config/cfg.py:2609
2025-06-12 00:35:49.100 126327 DEBUG oslo_service.service [req-aab31c7d-6b1b-4e62-bc0d-45bf06f2f47c - - - - -] keystone.connect_retries = None log_opt_values /usr/lib/python3/dist-packages/oslo_config/cfg.py:2609
2025-06-12 00:35:49.100 126327 DEBUG oslo_service.service [req-aab31c7d-6b1b-4e62-bc0d-45bf06f2f47c - - - - -] keystone.connect_retry_delay = None log_opt_values /usr/lib/python3/dist-packages/oslo_config/cfg.py:2609
2025-06-12 00:35:49.105 126327 DEBUG oslo_service.service [req-aab31c7d-6b1b-4e62-bc0d-45bf06f2f47c - - - - -] keystone.endpoint_override = None log_opt_values /usr/lib/python3/dist-packages/oslo_config/cfg.py:2609
2025-06-12 00:35:49.106 126327 DEBUG oslo_service.service [req-aab31c7d-6b1b-4e62-bc0d-45bf06f2f47c - - - - -] keystone.insecure = False log_opt_values /usr/lib/python3/dist-packages/oslo_config/cfg.py:2609
2025-06-12 00:35:49.106 126327 DEBUG oslo_service.service [req-aab31c7d-6b1b-4e62-bc0d-45bf06f2f47c - - - - -] keystone.keyfile = None log_opt_values /usr/lib/python3/dist-packages/oslo_config/cfg.py:2609
2025-06-12 00:35:49.106 126327 DEBUG oslo_service.service [req-aab31c7d-6b1b-4e62-bc0d-45bf06f2f47c - - - - -] keystone.max_version = None log_opt_values /usr/lib/python3/dist-packages/oslo_config/cfg.py:2609
2025-06-12 00:35:49.106 127368 DEBUG oslo_messaging._drivers.amqpdriver [-] Listener is running poll /usr/lib/python3/dist-packages/oslo_messaging/_drivers/amqpdriver.py:343
2025-06-12 00:35:49.106 126327 DEBUG oslo_service.service [req-aab31c7d-6b1b-4e62-bc0d-45bf06f2f47c - - - - -] keystone.min_version = None log_opt_values /usr/lib/python3/dist-packages/oslo_config/cfg.py:2609
2025-06-12 00:35:49.106 127368 DEBUG oslo_messaging._drivers.amqpdriver [-] AMQPListener connection consume poll /usr/lib/python3/dist-packages/oslo_messaging/_drivers/amqpdriver.py:357
2025-06-12 00:35:49.106 126327 DEBUG oslo_service.service [req-aab31c7d-6b1b-4e62-bc0d-45bf06f2f47c - - - - -] keystone.region_name = None log_opt_values /usr/lib/python3/dist-packages/oslo_config/cfg.py:2609
2025-06-12 00:35:49.106 126327 DEBUG oslo_service.service [req-aab31c7d-6b1b-4e62-bc0d-45bf06f2f47c - - - - -] keystone.service_name = None log_opt_values /usr/lib/python3/dist-packages/oslo_config/cfg.py:2609
2025-06-12 00:35:49.107 126327 DEBUG oslo_service.service [req-aab31c7d-6b1b-4e62-bc0d-45bf06f2f47c - - - - -] keystone.service_type = identity log_opt_values /usr/lib/python3/dist-packages/oslo_config/cfg.py:2609
2025-06-12 00:35:49.107 126327 DEBUG oslo_service.service [req-aab31c7d-6b1b-4e62-bc0d-45bf06f2f47c - - - - -] keystone.split_loggers = False log_opt_values /usr/lib/python3/dist-packages/oslo_config/cfg.py:2609
2025-06-12 00:35:49.107 126327 DEBUG oslo_service.service [req-aab31c7d-6b1b-4e62-bc0d-45bf06f2f47c - - - - -] keystone.status_code_retries = None log_opt_values /usr/lib/python3/dist-packages/oslo_config/cfg.py:2609
2025-06-12 00:35:49.107 127368 DEBUG nova.service [req-ee442ce9-00de-439e-9cc2-18123f04d54d - - - - -] Join ServiceGroup membership for this service scheduler start /usr/lib/python3/dist-packages/nova/service.py:199
2025-06-12 00:35:49.107 126327 DEBUG oslo_service.service [req-aab31c7d-6b1b-4e62-bc0d-45bf06f2f47c - - - - -] keystone.status_code_retry_delay = None log_opt_values /usr/lib/python3/dist-packages/oslo_config/cfg.py:2609
2025-06-12 00:35:49.107 127368 DEBUG nova.servicegroup.drivers.db [req-ee442ce9-00de-439e-9cc2-18123f04d54d - - - - -] DB_Driver: join new ServiceGroup member juju-b69973-0-lxd-7 to the scheduler group, service = join /usr/lib/python3/dist-packages/nova/servicegroup/drivers/db.py:44
2025-06-12 00:35:49.107 126327 DEBUG oslo_service.service [req-aab31c7d-6b1b-4e62-bc0d-45bf06f2f47c - - - - -] keystone.timeout = None log_opt_values /usr/lib/python3/dist-packages/oslo_config/cfg.py:2609
2025-06-12 00:35:49.109 126327 DEBUG oslo_service.service [req-aab31c7d-6b1b-4e62-bc0d-45bf06f2f47c - - - - -] keystone.valid_interfaces = ['internal', 'public'] log_opt_values /usr/lib/python3/dist-packages/oslo_config/cfg.py:2609
2025-06-12 00:35:49.110 126327 DEBUG oslo_service.service [req-aab31c7d-6b1b-4e62-bc0d-45bf06f2f47c - - - - -] keystone.version = None log_opt_values /usr/lib/python3/dist-packages/oslo_config/cfg.py:2609
2025-06-12 00:35:49.111 127368 DEBUG oslo_messaging._drivers.amqpdriver [-] AMQPListener connection timeout poll /usr/lib/python3/dist-packages/oslo_messaging/_drivers/amqpdriver.py:360
2025-06-12 00:35:49.112 127368 DEBUG oslo_messaging._drivers.amqpdriver [-] Listener is running poll /usr/lib/python3/dist-packages/oslo_messaging/_drivers/amqpdriver.py:343
2025-06-12 00:35:49.112 127368 DEBUG oslo_messaging._drivers.amqpdriver [-] AMQPListener connection consume poll /usr/lib/python3/dist-packages/oslo_messaging/_drivers/amqpdriver.py:357
2025-06-12 00:35:49.113 127364 DEBUG oslo_messaging._drivers.amqpdriver [-] Listener is running poll /usr/lib/python3/dist-packages/oslo_messaging/_drivers/amqpdriver.py:343
2025-06-12 00:35:49.113 127364 DEBUG oslo_messaging._drivers.amqpdriver [-] AMQPListener connection consume poll /usr/lib/python3/dist-packages/oslo_messaging/_drivers/amqpdriver.py:357
2025-06-12 00:35:49.113 126327 DEBUG oslo_service.service [req-aab31c7d-6b1b-4e62-bc0d-45bf06f2f47c - - - - -] libvirt.connection_uri = log_opt_values /usr/lib/python3/dist-packages/oslo_config/cfg.py:2609
2025-06-12 00:35:49.114 126327 DEBUG oslo_service.service [req-aab31c7d-6b1b-4e62-bc0d-45bf06f2f47c - - - - -] libvirt.cpu_mode = None log_opt_values /usr/lib/python3/dist-packages/oslo_config/cfg.py:2609
2025-06-12 00:35:49.114 126327 DEBUG oslo_service.service [req-aab31c7d-6b1b-4e62-bc0d-45bf06f2f47c - - - - -] libvirt.cpu_model_extra_flags = [] log_opt_values /usr/lib/python3/dist-packages/oslo_config/cfg.py:2609
2025-06-12 00:35:49.114 126327 DEBUG oslo_service.service [req-aab31c7d-6b1b-4e62-bc0d-45bf06f2f47c - - - - -] libvirt.cpu_models = [] log_opt_values /usr/lib/python3/dist-packages/oslo_config/cfg.py:2609
2025-06-12 00:35:49.114 127372 DEBUG oslo_messaging._drivers.amqpdriver [-] Listener is running poll /usr/lib/python3/dist-packages/oslo_messaging/_drivers/amqpdriver.py:343
2025-06-12 00:35:49.114 127372 DEBUG oslo_messaging._drivers.amqpdriver [-] AMQPListener connection consume poll /usr/lib/python3/dist-packages/oslo_messaging/_drivers/amqpdriver.py:357
2025-06-12 00:35:49.114 126327 DEBUG oslo_service.service [req-aab31c7d-6b1b-4e62-bc0d-45bf06f2f47c - - - - -] libvirt.device_detach_attempts = 8 log_opt_values /usr/lib/python3/dist-packages/oslo_config/cfg.py:2609
2025-06-12 00:35:49.115 127364 DEBUG nova.service [req-827d7794-d626-4b82-9716-332681c91a26 - - - - -] Join ServiceGroup membership for this service scheduler start /usr/lib/python3/dist-packages/nova/service.py:199
2025-06-12 00:35:49.115 126327 DEBUG oslo_service.service [req-aab31c7d-6b1b-4e62-bc0d-45bf06f2f47c - - - - -] libvirt.device_detach_timeout = 20 log_opt_values /usr/lib/python3/dist-packages/oslo_config/cfg.py:2609
2025-06-12 00:35:49.115 127364 DEBUG nova.servicegroup.drivers.db [req-827d7794-d626-4b82-9716-332681c91a26 - - - - -] DB_Driver: join new ServiceGroup member juju-b69973-0-lxd-7 to the scheduler group, service = join /usr/lib/python3/dist-packages/nova/servicegroup/drivers/db.py:44
2025-06-12 00:35:49.115 127372 DEBUG nova.service [req-cc3d8203-2d3c-4140-ac7d-58ffc357b48f - - - - -] Join ServiceGroup membership for this service scheduler start /usr/lib/python3/dist-packages/nova/service.py:199
2025-06-12 00:35:49.115 126327 DEBUG oslo_service.service [req-aab31c7d-6b1b-4e62-bc0d-45bf06f2f47c - - - - -] libvirt.disk_cachemodes = [] log_opt_values /usr/lib/python3/dist-packages/oslo_config/cfg.py:2609
2025-06-12 00:35:49.115 127372 DEBUG nova.servicegroup.drivers.db [req-cc3d8203-2d3c-4140-ac7d-58ffc357b48f - - - - -] DB_Driver: join new ServiceGroup member juju-b69973-0-lxd-7 to the scheduler group, service = join /usr/lib/python3/dist-packages/nova/servicegroup/drivers/db.py:44
2025-06-12 00:35:49.115 126327 DEBUG oslo_service.service [req-aab31c7d-6b1b-4e62-bc0d-45bf06f2f47c - - - - -] libvirt.disk_prefix = None log_opt_values /usr/lib/python3/dist-packages/oslo_config/cfg.py:2609
2025-06-12 00:35:49.116 126327 DEBUG oslo_service.service [req-aab31c7d-6b1b-4e62-bc0d-45bf06f2f47c - - - - -] libvirt.enabled_perf_events = [] log_opt_values /usr/lib/python3/dist-packages/oslo_config/cfg.py:2609
2025-06-12 00:35:49.116 127364 DEBUG oslo_messaging._drivers.amqpdriver [-] AMQPListener connection timeout poll /usr/lib/python3/dist-packages/oslo_messaging/_drivers/amqpdriver.py:360
2025-06-12 00:35:49.116 127364 DEBUG oslo_messaging._drivers.amqpdriver [-] Listener is running poll /usr/lib/python3/dist-packages/oslo_messaging/_drivers/amqpdriver.py:343
2025-06-12 00:35:49.116 127364 DEBUG oslo_messaging._drivers.amqpdriver [-] AMQPListener connection consume poll /usr/lib/python3/dist-packages/oslo_messaging/_drivers/amqpdriver.py:357
2025-06-12 00:35:49.116 126327 DEBUG oslo_service.service [req-aab31c7d-6b1b-4e62-bc0d-45bf06f2f47c - - - - -] libvirt.file_backed_memory = 0 log_opt_values /usr/lib/python3/dist-packages/oslo_config/cfg.py:2609
2025-06-12 00:35:49.116 126327 DEBUG oslo_service.service [req-aab31c7d-6b1b-4e62-bc0d-45bf06f2f47c - - - - -] libvirt.gid_maps = [] log_opt_values /usr/lib/python3/dist-packages/oslo_config/cfg.py:2609
2025-06-12 00:35:49.116 126327 DEBUG oslo_service.service [req-aab31c7d-6b1b-4e62-bc0d-45bf06f2f47c - - - - -] libvirt.hw_disk_discard = None log_opt_values /usr/lib/python3/dist-packages/oslo_config/cfg.py:2609
2025-06-12 00:35:49.117 126327 DEBUG oslo_service.service [req-aab31c7d-6b1b-4e62-bc0d-45bf06f2f47c - - - - -] libvirt.hw_machine_type = None log_opt_values /usr/lib/python3/dist-packages/oslo_config/cfg.py:2609
2025-06-12 00:35:49.117 126327 DEBUG oslo_service.service [req-aab31c7d-6b1b-4e62-bc0d-45bf06f2f47c - - - - -] libvirt.images_rbd_ceph_conf = log_opt_values /usr/lib/python3/dist-packages/oslo_config/cfg.py:2609
2025-06-12 00:35:49.117 126327 DEBUG oslo_service.service [req-aab31c7d-6b1b-4e62-bc0d-45bf06f2f47c - - - - -] libvirt.images_rbd_glance_copy_poll_interval = 15 log_opt_values /usr/lib/python3/dist-packages/oslo_config/cfg.py:2609
2025-06-12 00:35:49.117 126327 DEBUG oslo_service.service [req-aab31c7d-6b1b-4e62-bc0d-45bf06f2f47c - - - - -] libvirt.images_rbd_glance_copy_timeout = 600 log_opt_values /usr/lib/python3/dist-packages/oslo_config/cfg.py:2609
2025-06-12 00:35:49.117 126327 DEBUG oslo_service.service [req-aab31c7d-6b1b-4e62-bc0d-45bf06f2f47c - - - - -] libvirt.images_rbd_glance_store_name = log_opt_values /usr/lib/python3/dist-packages/oslo_config/cfg.py:2609
2025-06-12 00:35:49.117 127372 DEBUG oslo_messaging._drivers.amqpdriver [-] AMQPListener connection timeout poll /usr/lib/python3/dist-packages/oslo_messaging/_drivers/amqpdriver.py:360
2025-06-12 00:35:49.117 126327 DEBUG oslo_service.service [req-aab31c7d-6b1b-4e62-bc0d-45bf06f2f47c - - - - -] libvirt.images_rbd_pool = rbd log_opt_values /usr/lib/python3/dist-packages/oslo_config/cfg.py:2609
2025-06-12 00:35:49.118 127372 DEBUG oslo_messaging._drivers.amqpdriver [-] Listener is running poll /usr/lib/python3/dist-packages/oslo_messaging/_drivers/amqpdriver.py:343
2025-06-12 00:35:49.118 127372 DEBUG oslo_messaging._drivers.amqpdriver [-] AMQPListener connection consume poll /usr/lib/python3/dist-packages/oslo_messaging/_drivers/amqpdriver.py:357
2025-06-12 00:35:49.118 126327 DEBUG oslo_service.service [req-aab31c7d-6b1b-4e62-bc0d-45bf06f2f47c - - - - -] libvirt.images_type = default log_opt_values /usr/lib/python3/dist-packages/oslo_config/cfg.py:2609
2025-06-12 00:35:49.118 126327 DEBUG oslo_service.service [req-aab31c7d-6b1b-4e62-bc0d-45bf06f2f47c - - - - -] libvirt.images_volume_group = None log_opt_values /usr/lib/python3/dist-packages/oslo_config/cfg.py:2609
2025-06-12 00:35:49.118 126327 DEBUG oslo_service.service [req-aab31c7d-6b1b-4e62-bc0d-45bf06f2f47c - - - - -] libvirt.inject_key = False log_opt_values /usr/lib/python3/dist-packages/oslo_config/cfg.py:2609
2025-06-12 00:35:49.118 126327 DEBUG oslo_service.service [req-aab31c7d-6b1b-4e62-bc0d-45bf06f2f47c - - - - -] libvirt.inject_partition = -2 log_opt_values /usr/lib/python3/dist-packages/oslo_config/cfg.py:2609
2025-06-12 00:35:49.118 126327 DEBUG oslo_service.service [req-aab31c7d-6b1b-4e62-bc0d-45bf06f2f47c - - - - -] libvirt.inject_password = False log_opt_values /usr/lib/python3/dist-packages/oslo_config/cfg.py:2609
2025-06-12 00:35:49.118 126327 DEBUG oslo_service.service [req-aab31c7d-6b1b-4e62-bc0d-45bf06f2f47c - - - - -] libvirt.iscsi_iface = None log_opt_values /usr/lib/python3/dist-packages/oslo_config/cfg.py:2609
2025-06-12 00:35:49.119 126327 DEBUG oslo_service.service [req-aab31c7d-6b1b-4e62-bc0d-45bf06f2f47c - - - - -] libvirt.iser_use_multipath = False log_opt_values /usr/lib/python3/dist-packages/oslo_config/cfg.py:2609
2025-06-12 00:35:49.119 126327 DEBUG oslo_service.service [req-aab31c7d-6b1b-4e62-bc0d-45bf06f2f47c - - - - -] libvirt.live_migration_bandwidth = 0 log_opt_values /usr/lib/python3/dist-packages/oslo_config/cfg.py:2609
2025-06-12 00:35:49.119 126327 DEBUG oslo_service.service [req-aab31c7d-6b1b-4e62-bc0d-45bf06f2f47c - - - - -] libvirt.live_migration_completion_timeout = 800 log_opt_values /usr/lib/python3/dist-packages/oslo_config/cfg.py:2609
2025-06-12 00:35:49.119 126327 DEBUG oslo_service.service [req-aab31c7d-6b1b-4e62-bc0d-45bf06f2f47c - - - - -] libvirt.live_migration_downtime = 500 log_opt_values /usr/lib/python3/dist-packages/oslo_config/cfg.py:2609
2025-06-12 00:35:49.119 126327 DEBUG oslo_service.service [req-aab31c7d-6b1b-4e62-bc0d-45bf06f2f47c - - - - -] libvirt.live_migration_downtime_delay = 75 log_opt_values /usr/lib/python3/dist-packages/oslo_config/cfg.py:2609
2025-06-12 00:35:49.119 126327 DEBUG oslo_service.service [req-aab31c7d-6b1b-4e62-bc0d-45bf06f2f47c - - - - -] libvirt.live_migration_downtime_steps = 10 log_opt_values /usr/lib/python3/dist-packages/oslo_config/cfg.py:2609
2025-06-12 00:35:49.120 126327 DEBUG oslo_service.service [req-aab31c7d-6b1b-4e62-bc0d-45bf06f2f47c - - - - -] libvirt.live_migration_inbound_addr = None log_opt_values /usr/lib/python3/dist-packages/oslo_config/cfg.py:2609
2025-06-12 00:35:49.120 126327 DEBUG oslo_service.service [req-aab31c7d-6b1b-4e62-bc0d-45bf06f2f47c - - - - -] libvirt.live_migration_permit_auto_converge = False log_opt_values /usr/lib/python3/dist-packages/oslo_config/cfg.py:2609
2025-06-12 00:35:49.120 126327 DEBUG oslo_service.service [req-aab31c7d-6b1b-4e62-bc0d-45bf06f2f47c - - - - -] libvirt.live_migration_permit_post_copy = False log_opt_values /usr/lib/python3/dist-packages/oslo_config/cfg.py:2609
2025-06-12 00:35:49.120 126327 DEBUG oslo_service.service [req-aab31c7d-6b1b-4e62-bc0d-45bf06f2f47c - - - - -] libvirt.live_migration_scheme = None log_opt_values /usr/lib/python3/dist-packages/oslo_config/cfg.py:2609
2025-06-12 00:35:49.120 126327 DEBUG oslo_service.service [req-aab31c7d-6b1b-4e62-bc0d-45bf06f2f47c - - - - -] libvirt.live_migration_timeout_action = abort log_opt_values /usr/lib/python3/dist-packages/oslo_config/cfg.py:2609
2025-06-12 00:35:49.120 126327 DEBUG oslo_service.service [req-aab31c7d-6b1b-4e62-bc0d-45bf06f2f47c - - - - -] libvirt.live_migration_tunnelled = False log_opt_values /usr/lib/python3/dist-packages/oslo_config/cfg.py:2609
2025-06-12 00:35:49.121 126327 DEBUG oslo_service.service [req-aab31c7d-6b1b-4e62-bc0d-45bf06f2f47c - - - - -] libvirt.live_migration_uri = None log_opt_values /usr/lib/python3/dist-packages/oslo_config/cfg.py:2609
2025-06-12 00:35:49.121 126327 DEBUG oslo_service.service [req-aab31c7d-6b1b-4e62-bc0d-45bf06f2f47c - - - - -] libvirt.live_migration_with_native_tls = False log_opt_values /usr/lib/python3/dist-packages/oslo_config/cfg.py:2609
2025-06-12 00:35:49.121 126327 DEBUG oslo_service.service [req-aab31c7d-6b1b-4e62-bc0d-45bf06f2f47c - - - - -] libvirt.max_queues = None log_opt_values /usr/lib/python3/dist-packages/oslo_config/cfg.py:2609
2025-06-12 00:35:49.121 126327 DEBUG oslo_service.service [req-aab31c7d-6b1b-4e62-bc0d-45bf06f2f47c - - - - -] libvirt.mem_stats_period_seconds = 10 log_opt_values /usr/lib/python3/dist-packages/oslo_config/cfg.py:2609
2025-06-12 00:35:49.121 126327 DEBUG oslo_service.service [req-aab31c7d-6b1b-4e62-bc0d-45bf06f2f47c - - - - -] libvirt.nfs_mount_options = None log_opt_values /usr/lib/python3/dist-packages/oslo_config/cfg.py:2609
2025-06-12 00:35:49.121 126327 DEBUG oslo_service.service [req-aab31c7d-6b1b-4e62-bc0d-45bf06f2f47c - - - - -] libvirt.nfs_mount_point_base = /var/lib/nova/mnt log_opt_values /usr/lib/python3/dist-packages/oslo_config/cfg.py:2609
2025-06-12 00:35:49.122 126327 DEBUG oslo_service.service [req-aab31c7d-6b1b-4e62-bc0d-45bf06f2f47c - - - - -] libvirt.num_aoe_discover_tries = 3 log_opt_values /usr/lib/python3/dist-packages/oslo_config/cfg.py:2609
2025-06-12 00:35:49.122 126327 DEBUG oslo_service.service [req-aab31c7d-6b1b-4e62-bc0d-45bf06f2f47c - - - - -] libvirt.num_iser_scan_tries = 5 log_opt_values /usr/lib/python3/dist-packages/oslo_config/cfg.py:2609
2025-06-12 00:35:49.122 126327 DEBUG oslo_service.service [req-aab31c7d-6b1b-4e62-bc0d-45bf06f2f47c - - - - -] libvirt.num_memory_encrypted_guests = None log_opt_values /usr/lib/python3/dist-packages/oslo_config/cfg.py:2609
2025-06-12 00:35:49.122 126327 DEBUG oslo_service.service [req-aab31c7d-6b1b-4e62-bc0d-45bf06f2f47c - - - - -] libvirt.num_nvme_discover_tries = 5 log_opt_values /usr/lib/python3/dist-packages/oslo_config/cfg.py:2609
2025-06-12 00:35:49.122 126327 DEBUG oslo_service.service [req-aab31c7d-6b1b-4e62-bc0d-45bf06f2f47c - - - - -] libvirt.num_pcie_ports = 0 log_opt_values /usr/lib/python3/dist-packages/oslo_config/cfg.py:2609
2025-06-12 00:35:49.123 126327 DEBUG oslo_service.service [req-aab31c7d-6b1b-4e62-bc0d-45bf06f2f47c - - - - -] libvirt.num_volume_scan_tries = 5 log_opt_values /usr/lib/python3/dist-packages/oslo_config/cfg.py:2609
2025-06-12 00:35:49.123 126327 DEBUG oslo_service.service [req-aab31c7d-6b1b-4e62-bc0d-45bf06f2f47c - - - - -] libvirt.pmem_namespaces = [] log_opt_values /usr/lib/python3/dist-packages/oslo_config/cfg.py:2609
2025-06-12 00:35:49.123 126327 DEBUG oslo_service.service [req-aab31c7d-6b1b-4e62-bc0d-45bf06f2f47c - - - - -] libvirt.quobyte_client_cfg = None log_opt_values /usr/lib/python3/dist-packages/oslo_config/cfg.py:2609
2025-06-12 00:35:49.123 126327 DEBUG oslo_service.service [req-aab31c7d-6b1b-4e62-bc0d-45bf06f2f47c - - - - -] libvirt.quobyte_mount_point_base = /var/lib/nova/mnt log_opt_values /usr/lib/python3/dist-packages/oslo_config/cfg.py:2609
2025-06-12 00:35:49.123 126327 DEBUG oslo_service.service [req-aab31c7d-6b1b-4e62-bc0d-45bf06f2f47c - - - - -] libvirt.rbd_connect_timeout = 5 log_opt_values /usr/lib/python3/dist-packages/oslo_config/cfg.py:2609
2025-06-12 00:35:49.123 126327 DEBUG oslo_service.service [req-aab31c7d-6b1b-4e62-bc0d-45bf06f2f47c - - - - -] libvirt.rbd_destroy_volume_retries = 12 log_opt_values /usr/lib/python3/dist-packages/oslo_config/cfg.py:2609
2025-06-12 00:35:49.124 126327 DEBUG oslo_service.service [req-aab31c7d-6b1b-4e62-bc0d-45bf06f2f47c - - - - -] libvirt.rbd_destroy_volume_retry_interval = 5 log_opt_values /usr/lib/python3/dist-packages/oslo_config/cfg.py:2609
2025-06-12 00:35:49.124 126327 DEBUG oslo_service.service [req-aab31c7d-6b1b-4e62-bc0d-45bf06f2f47c - - - - -] libvirt.rbd_secret_uuid = None log_opt_values /usr/lib/python3/dist-packages/oslo_config/cfg.py:2609
2025-06-12 00:35:49.124 126327 DEBUG oslo_service.service [req-aab31c7d-6b1b-4e62-bc0d-45bf06f2f47c - - - - -] libvirt.rbd_user = None log_opt_values /usr/lib/python3/dist-packages/oslo_config/cfg.py:2609
2025-06-12 00:35:49.124 126327 DEBUG oslo_service.service [req-aab31c7d-6b1b-4e62-bc0d-45bf06f2f47c - - - - -] libvirt.realtime_scheduler_priority = 1 log_opt_values /usr/lib/python3/dist-packages/oslo_config/cfg.py:2609
2025-06-12 00:35:49.124 126327 DEBUG oslo_service.service [req-aab31c7d-6b1b-4e62-bc0d-45bf06f2f47c - - - - -] libvirt.remote_filesystem_transport = ssh log_opt_values /usr/lib/python3/dist-packages/oslo_config/cfg.py:2609
2025-06-12 00:35:49.124 126327 DEBUG oslo_service.service [req-aab31c7d-6b1b-4e62-bc0d-45bf06f2f47c - - - - -] libvirt.rescue_image_id = None log_opt_values /usr/lib/python3/dist-packages/oslo_config/cfg.py:2609
2025-06-12 00:35:49.124 126327 DEBUG oslo_service.service [req-aab31c7d-6b1b-4e62-bc0d-45bf06f2f47c - - - - -] libvirt.rescue_kernel_id = None log_opt_values /usr/lib/python3/dist-packages/oslo_config/cfg.py:2609
2025-06-12 00:35:49.125 126327 DEBUG oslo_service.service [req-aab31c7d-6b1b-4e62-bc0d-45bf06f2f47c - - - - -] libvirt.rescue_ramdisk_id = None log_opt_values /usr/lib/python3/dist-packages/oslo_config/cfg.py:2609
2025-06-12 00:35:49.125 126327 DEBUG oslo_service.service [req-aab31c7d-6b1b-4e62-bc0d-45bf06f2f47c - - - - -] libvirt.rng_dev_path = /dev/urandom log_opt_values /usr/lib/python3/dist-packages/oslo_config/cfg.py:2609
2025-06-12 00:35:49.125 126327 DEBUG oslo_service.service [req-aab31c7d-6b1b-4e62-bc0d-45bf06f2f47c - - - - -] libvirt.rx_queue_size = None log_opt_values /usr/lib/python3/dist-packages/oslo_config/cfg.py:2609
2025-06-12 00:35:49.125 126327 DEBUG oslo_service.service [req-aab31c7d-6b1b-4e62-bc0d-45bf06f2f47c - - - - -] libvirt.smbfs_mount_options = log_opt_values /usr/lib/python3/dist-packages/oslo_config/cfg.py:2609
2025-06-12 00:35:49.125 126327 DEBUG oslo_service.service [req-aab31c7d-6b1b-4e62-bc0d-45bf06f2f47c - - - - -] libvirt.smbfs_mount_point_base = /var/lib/nova/mnt log_opt_values /usr/lib/python3/dist-packages/oslo_config/cfg.py:2609
2025-06-12 00:35:49.125 126327 DEBUG oslo_service.service [req-aab31c7d-6b1b-4e62-bc0d-45bf06f2f47c - - - - -] libvirt.snapshot_compression = False log_opt_values /usr/lib/python3/dist-packages/oslo_config/cfg.py:2609
2025-06-12 00:35:49.126 126327 DEBUG oslo_service.service [req-aab31c7d-6b1b-4e62-bc0d-45bf06f2f47c - - - - -] libvirt.snapshot_image_format = None log_opt_values /usr/lib/python3/dist-packages/oslo_config/cfg.py:2609
2025-06-12 00:35:49.126 126327 DEBUG oslo_service.service [req-aab31c7d-6b1b-4e62-bc0d-45bf06f2f47c - - - - -] libvirt.snapshots_directory = /var/lib/nova/instances/snapshots log_opt_values /usr/lib/python3/dist-packages/oslo_config/cfg.py:2609
2025-06-12 00:35:49.126 126327 DEBUG oslo_service.service [req-aab31c7d-6b1b-4e62-bc0d-45bf06f2f47c - - - - -] libvirt.sparse_logical_volumes = False log_opt_values /usr/lib/python3/dist-packages/oslo_config/cfg.py:2609
2025-06-12 00:35:49.126 126327 DEBUG oslo_service.service [req-aab31c7d-6b1b-4e62-bc0d-45bf06f2f47c - - - - -] libvirt.swtpm_enabled = False log_opt_values /usr/lib/python3/dist-packages/oslo_config/cfg.py:2609
2025-06-12 00:35:49.126 126327 DEBUG oslo_service.service [req-aab31c7d-6b1b-4e62-bc0d-45bf06f2f47c - - - - -] libvirt.swtpm_group = tss log_opt_values /usr/lib/python3/dist-packages/oslo_config/cfg.py:2609
2025-06-12 00:35:49.127 126327 DEBUG oslo_service.service [req-aab31c7d-6b1b-4e62-bc0d-45bf06f2f47c - - - - -] libvirt.swtpm_user = tss log_opt_values /usr/lib/python3/dist-packages/oslo_config/cfg.py:2609
2025-06-12 00:35:49.127 126327 DEBUG oslo_service.service [req-aab31c7d-6b1b-4e62-bc0d-45bf06f2f47c - - - - -] libvirt.sysinfo_serial = unique log_opt_values /usr/lib/python3/dist-packages/oslo_config/cfg.py:2609
2025-06-12 00:35:49.127 126327 DEBUG oslo_service.service [req-aab31c7d-6b1b-4e62-bc0d-45bf06f2f47c - - - - -] libvirt.tx_queue_size = None log_opt_values /usr/lib/python3/dist-packages/oslo_config/cfg.py:2609
2025-06-12 00:35:49.127 126327 DEBUG oslo_service.service [req-aab31c7d-6b1b-4e62-bc0d-45bf06f2f47c - - - - -] libvirt.uid_maps = [] log_opt_values /usr/lib/python3/dist-packages/oslo_config/cfg.py:2609
2025-06-12 00:35:49.127 126327 DEBUG oslo_service.service [req-aab31c7d-6b1b-4e62-bc0d-45bf06f2f47c - - - - -] libvirt.use_virtio_for_bridges = True log_opt_values /usr/lib/python3/dist-packages/oslo_config/cfg.py:2609
