2025-06-12 00:36:26.748 141481 DEBUG oslo_service.service [req-6c555d71-3e08-42cc-90fd-ce0236dfbb5c - - - - -] database.backend = sqlalchemy log_opt_values /usr/lib/python3/dist-packages/oslo_config/cfg.py:2609
2025-06-12 00:36:26.748 141481 DEBUG oslo_service.service [req-6c555d71-3e08-42cc-90fd-ce0236dfbb5c - - - - -] database.connection = **** log_opt_values /usr/lib/python3/dist-packages/oslo_config/cfg.py:2609
2025-06-12 00:36:26.748 141481 DEBUG oslo_service.service [req-6c555d71-3e08-42cc-90fd-ce0236dfbb5c - - - - -] database.connection_debug = 0 log_opt_values /usr/lib/python3/dist-packages/oslo_config/cfg.py:2609
2025-06-12 00:36:26.748 141481 DEBUG oslo_service.service [req-6c555d71-3e08-42cc-90fd-ce0236dfbb5c - - - - -] database.connection_parameters = log_opt_values /usr/lib/python3/dist-packages/oslo_config/cfg.py:2609
2025-06-12 00:36:26.748 141481 DEBUG oslo_service.service [req-6c555d71-3e08-42cc-90fd-ce0236dfbb5c - - - - -] database.connection_recycle_time = 3600 log_opt_values /usr/lib/python3/dist-packages/oslo_config/cfg.py:2609
2025-06-12 00:36:26.749 141481 DEBUG oslo_service.service [req-6c555d71-3e08-42cc-90fd-ce0236dfbb5c - - - - -] database.connection_trace = False log_opt_values /usr/lib/python3/dist-packages/oslo_config/cfg.py:2609
2025-06-12 00:36:26.749 141481 DEBUG oslo_service.service [req-6c555d71-3e08-42cc-90fd-ce0236dfbb5c - - - - -] database.db_inc_retry_interval = True log_opt_values /usr/lib/python3/dist-packages/oslo_config/cfg.py:2609
2025-06-12 00:36:26.749 141481 DEBUG oslo_service.service [req-6c555d71-3e08-42cc-90fd-ce0236dfbb5c - - - - -] database.db_max_retries = 20 log_opt_values /usr/lib/python3/dist-packages/oslo_config/cfg.py:2609
2025-06-12 00:36:26.749 141481 DEBUG oslo_service.service [req-6c555d71-3e08-42cc-90fd-ce0236dfbb5c - - - - -] database.db_max_retry_interval = 10 log_opt_values /usr/lib/python3/dist-packages/oslo_config/cfg.py:2609
2025-06-12 00:36:26.749 141481 DEBUG oslo_service.service [req-6c555d71-3e08-42cc-90fd-ce0236dfbb5c - - - - -] database.db_retry_interval = 1 log_opt_values /usr/lib/python3/dist-packages/oslo_config/cfg.py:2609
2025-06-12 00:36:26.749 141481 DEBUG oslo_service.service [req-6c555d71-3e08-42cc-90fd-ce0236dfbb5c - - - - -] database.max_overflow = 50 log_opt_values /usr/lib/python3/dist-packages/oslo_config/cfg.py:2609
2025-06-12 00:36:26.749 141481 DEBUG oslo_service.service [req-6c555d71-3e08-42cc-90fd-ce0236dfbb5c - - - - -] database.max_pool_size = 4 log_opt_values /usr/lib/python3/dist-packages/oslo_config/cfg.py:2609
2025-06-12 00:36:26.750 141481 DEBUG oslo_service.service [req-6c555d71-3e08-42cc-90fd-ce0236dfbb5c - - - - -] database.max_retries = 10 log_opt_values /usr/lib/python3/dist-packages/oslo_config/cfg.py:2609
2025-06-12 00:36:26.750 141481 DEBUG oslo_service.service [req-6c555d71-3e08-42cc-90fd-ce0236dfbb5c - - - - -] database.mysql_enable_ndb = False log_opt_values /usr/lib/python3/dist-packages/oslo_config/cfg.py:2609
2025-06-12 00:36:26.750 141481 DEBUG oslo_service.service [req-6c555d71-3e08-42cc-90fd-ce0236dfbb5c - - - - -] database.mysql_sql_mode = TRADITIONAL log_opt_values /usr/lib/python3/dist-packages/oslo_config/cfg.py:2609
2025-06-12 00:36:26.750 141481 DEBUG oslo_service.service [req-6c555d71-3e08-42cc-90fd-ce0236dfbb5c - - - - -] database.pool_timeout = None log_opt_values /usr/lib/python3/dist-packages/oslo_config/cfg.py:2609
2025-06-12 00:36:26.750 141481 DEBUG oslo_service.service [req-6c555d71-3e08-42cc-90fd-ce0236dfbb5c - - - - -] database.retry_interval = 10 log_opt_values /usr/lib/python3/dist-packages/oslo_config/cfg.py:2609
2025-06-12 00:36:26.750 141481 DEBUG oslo_service.service [req-6c555d71-3e08-42cc-90fd-ce0236dfbb5c - - - - -] database.slave_connection = **** log_opt_values /usr/lib/python3/dist-packages/oslo_config/cfg.py:2609
2025-06-12 00:36:26.751 141481 DEBUG oslo_service.service [req-6c555d71-3e08-42cc-90fd-ce0236dfbb5c - - - - -] database.sqlite_synchronous = True log_opt_values /usr/lib/python3/dist-packages/oslo_config/cfg.py:2609
2025-06-12 00:36:26.751 141481 DEBUG oslo_service.service [req-6c555d71-3e08-42cc-90fd-ce0236dfbb5c - - - - -] database.use_db_reconnect = False log_opt_values /usr/lib/python3/dist-packages/oslo_config/cfg.py:2609
2025-06-12 00:36:26.751 141481 DEBUG oslo_service.service [req-6c555d71-3e08-42cc-90fd-ce0236dfbb5c - - - - -] api_database.backend = sqlalchemy log_opt_values /usr/lib/python3/dist-packages/oslo_config/cfg.py:2609
2025-06-12 00:36:26.751 141481 DEBUG oslo_service.service [req-6c555d71-3e08-42cc-90fd-ce0236dfbb5c - - - - -] api_database.connection = **** log_opt_values /usr/lib/python3/dist-packages/oslo_config/cfg.py:2609
2025-06-12 00:36:26.751 141481 DEBUG oslo_service.service [req-6c555d71-3e08-42cc-90fd-ce0236dfbb5c - - - - -] api_database.connection_debug = 0 log_opt_values /usr/lib/python3/dist-packages/oslo_config/cfg.py:2609
2025-06-12 00:36:26.751 141481 DEBUG oslo_service.service [req-6c555d71-3e08-42cc-90fd-ce0236dfbb5c - - - - -] api_database.connection_parameters = log_opt_values /usr/lib/python3/dist-packages/oslo_config/cfg.py:2609
2025-06-12 00:36:26.752 141481 DEBUG oslo_service.service [req-6c555d71-3e08-42cc-90fd-ce0236dfbb5c - - - - -] api_database.connection_recycle_time = 3600 log_opt_values /usr/lib/python3/dist-packages/oslo_config/cfg.py:2609
2025-06-12 00:36:26.751 141785 DEBUG oslo_messaging._drivers.amqpdriver [-] Listener is running poll /usr/lib/python3/dist-packages/oslo_messaging/_drivers/amqpdriver.py:343
2025-06-12 00:36:26.752 141481 DEBUG oslo_service.service [req-6c555d71-3e08-42cc-90fd-ce0236dfbb5c - - - - -] api_database.connection_trace = False log_opt_values /usr/lib/python3/dist-packages/oslo_config/cfg.py:2609
2025-06-12 00:36:26.752 141785 DEBUG oslo_messaging._drivers.amqpdriver [-] AMQPListener connection consume poll /usr/lib/python3/dist-packages/oslo_messaging/_drivers/amqpdriver.py:357
2025-06-12 00:36:26.752 141481 DEBUG oslo_service.service [req-6c555d71-3e08-42cc-90fd-ce0236dfbb5c - - - - -] api_database.db_inc_retry_interval = True log_opt_values /usr/lib/python3/dist-packages/oslo_config/cfg.py:2609
2025-06-12 00:36:26.752 141481 DEBUG oslo_service.service [req-6c555d71-3e08-42cc-90fd-ce0236dfbb5c - - - - -] api_database.db_max_retries = 20 log_opt_values /usr/lib/python3/dist-packages/oslo_config/cfg.py:2609
2025-06-12 00:36:26.752 141481 DEBUG oslo_service.service [req-6c555d71-3e08-42cc-90fd-ce0236dfbb5c - - - - -] api_database.db_max_retry_interval = 10 log_opt_values /usr/lib/python3/dist-packages/oslo_config/cfg.py:2609
2025-06-12 00:36:26.752 141481 DEBUG oslo_service.service [req-6c555d71-3e08-42cc-90fd-ce0236dfbb5c - - - - -] api_database.db_retry_interval = 1 log_opt_values /usr/lib/python3/dist-packages/oslo_config/cfg.py:2609
2025-06-12 00:36:26.752 141785 DEBUG nova.service [req-c51eb91d-c223-4d8a-978a-72dbc063c5f3 - - - - -] Join ServiceGroup membership for this service scheduler start /usr/lib/python3/dist-packages/nova/service.py:199
2025-06-12 00:36:26.752 141481 DEBUG oslo_service.service [req-6c555d71-3e08-42cc-90fd-ce0236dfbb5c - - - - -] api_database.max_overflow = 50 log_opt_values /usr/lib/python3/dist-packages/oslo_config/cfg.py:2609
2025-06-12 00:36:26.753 141481 DEBUG oslo_service.service [req-6c555d71-3e08-42cc-90fd-ce0236dfbb5c - - - - -] api_database.max_pool_size = 4 log_opt_values /usr/lib/python3/dist-packages/oslo_config/cfg.py:2609
2025-06-12 00:36:26.753 141785 DEBUG nova.servicegroup.drivers.db [req-c51eb91d-c223-4d8a-978a-72dbc063c5f3 - - - - -] DB_Driver: join new ServiceGroup member juju-b69973-0-lxd-7 to the scheduler group, service = join /usr/lib/python3/dist-packages/nova/servicegroup/drivers/db.py:44
2025-06-12 00:36:26.753 141481 DEBUG oslo_service.service [req-6c555d71-3e08-42cc-90fd-ce0236dfbb5c - - - - -] api_database.max_retries = 10 log_opt_values /usr/lib/python3/dist-packages/oslo_config/cfg.py:2609
2025-06-12 00:36:26.753 141481 DEBUG oslo_service.service [req-6c555d71-3e08-42cc-90fd-ce0236dfbb5c - - - - -] api_database.mysql_enable_ndb = False log_opt_values /usr/lib/python3/dist-packages/oslo_config/cfg.py:2609
2025-06-12 00:36:26.753 141481 DEBUG oslo_service.service [req-6c555d71-3e08-42cc-90fd-ce0236dfbb5c - - - - -] api_database.mysql_sql_mode = TRADITIONAL log_opt_values /usr/lib/python3/dist-packages/oslo_config/cfg.py:2609
2025-06-12 00:36:26.753 141481 DEBUG oslo_service.service [req-6c555d71-3e08-42cc-90fd-ce0236dfbb5c - - - - -] api_database.pool_timeout = None log_opt_values /usr/lib/python3/dist-packages/oslo_config/cfg.py:2609
2025-06-12 00:36:26.753 141481 DEBUG oslo_service.service [req-6c555d71-3e08-42cc-90fd-ce0236dfbb5c - - - - -] api_database.retry_interval = 10 log_opt_values /usr/lib/python3/dist-packages/oslo_config/cfg.py:2609
2025-06-12 00:36:26.754 141481 DEBUG oslo_service.service [req-6c555d71-3e08-42cc-90fd-ce0236dfbb5c - - - - -] api_database.slave_connection = **** log_opt_values /usr/lib/python3/dist-packages/oslo_config/cfg.py:2609
2025-06-12 00:36:26.754 141481 DEBUG oslo_service.service [req-6c555d71-3e08-42cc-90fd-ce0236dfbb5c - - - - -] api_database.sqlite_synchronous = True log_opt_values /usr/lib/python3/dist-packages/oslo_config/cfg.py:2609
2025-06-12 00:36:26.754 141481 DEBUG oslo_service.service [req-6c555d71-3e08-42cc-90fd-ce0236dfbb5c - - - - -] devices.enabled_mdev_types = [] log_opt_values /usr/lib/python3/dist-packages/oslo_config/cfg.py:2609
2025-06-12 00:36:26.754 141481 DEBUG oslo_service.service [req-6c555d71-3e08-42cc-90fd-ce0236dfbb5c - - - - -] ephemeral_storage_encryption.cipher = aes-xts-plain64 log_opt_values /usr/lib/python3/dist-packages/oslo_config/cfg.py:2609
2025-06-12 00:36:26.754 141481 DEBUG oslo_service.service [req-6c555d71-3e08-42cc-90fd-ce0236dfbb5c - - - - -] ephemeral_storage_encryption.enabled = False log_opt_values /usr/lib/python3/dist-packages/oslo_config/cfg.py:2609
2025-06-12 00:36:26.754 141481 DEBUG oslo_service.service [req-6c555d71-3e08-42cc-90fd-ce0236dfbb5c - - - - -] ephemeral_storage_encryption.key_size = 512 log_opt_values /usr/lib/python3/dist-packages/oslo_config/cfg.py:2609
2025-06-12 00:36:26.755 141481 WARNING oslo_config.cfg [req-6c555d71-3e08-42cc-90fd-ce0236dfbb5c - - - - -] Deprecated: Option "api_servers" from group "glance" is deprecated for removal ( Support for image service configuration via standard keystoneauth1 Adapter options was added in the 17.0.0 Queens release. The api_servers option was retained temporarily to allow consumers time to cut over to a real load balancing solution. ). Its value may be silently ignored in the future.
2025-06-12 00:36:26.755 141481 DEBUG oslo_service.service [req-6c555d71-3e08-42cc-90fd-ce0236dfbb5c - - - - -] glance.api_servers = ['http://252.56.186.94:9292'] log_opt_values /usr/lib/python3/dist-packages/oslo_config/cfg.py:2609
2025-06-12 00:36:26.755 141785 DEBUG oslo_messaging._drivers.amqpdriver [-] AMQPListener connection timeout poll /usr/lib/python3/dist-packages/oslo_messaging/_drivers/amqpdriver.py:360
2025-06-12 00:36:26.755 141785 DEBUG oslo_messaging._drivers.amqpdriver [-] Listener is running poll /usr/lib/python3/dist-packages/oslo_messaging/_drivers/amqpdriver.py:343
2025-06-12 00:36:26.755 141481 DEBUG oslo_service.service [req-6c555d71-3e08-42cc-90fd-ce0236dfbb5c - - - - -] glance.cafile = None log_opt_values /usr/lib/python3/dist-packages/oslo_config/cfg.py:2609
2025-06-12 00:36:26.755 141785 DEBUG oslo_messaging._drivers.amqpdriver [-] AMQPListener connection consume poll /usr/lib/python3/dist-packages/oslo_messaging/_drivers/amqpdriver.py:357
2025-06-12 00:36:26.755 141481 DEBUG oslo_service.service [req-6c555d71-3e08-42cc-90fd-ce0236dfbb5c - - - - -] glance.certfile = None log_opt_values /usr/lib/python3/dist-packages/oslo_config/cfg.py:2609
2025-06-12 00:36:26.755 141784 DEBUG nova.service [req-b54835ba-5771-473d-80de-c732eff6e074 - - - - -] Creating RPC server for service scheduler start /usr/lib/python3/dist-packages/nova/service.py:182
2025-06-12 00:36:26.755 141481 DEBUG oslo_service.service [req-6c555d71-3e08-42cc-90fd-ce0236dfbb5c - - - - -] glance.collect_timing = False log_opt_values /usr/lib/python3/dist-packages/oslo_config/cfg.py:2609
2025-06-12 00:36:26.756 141481 DEBUG oslo_service.service [req-6c555d71-3e08-42cc-90fd-ce0236dfbb5c - - - - -] glance.connect_retries = None log_opt_values /usr/lib/python3/dist-packages/oslo_config/cfg.py:2609
2025-06-12 00:36:26.756 141481 DEBUG oslo_service.service [req-6c555d71-3e08-42cc-90fd-ce0236dfbb5c - - - - -] glance.connect_retry_delay = None log_opt_values /usr/lib/python3/dist-packages/oslo_config/cfg.py:2609
2025-06-12 00:36:26.756 141481 DEBUG oslo_service.service [req-6c555d71-3e08-42cc-90fd-ce0236dfbb5c - - - - -] glance.debug = False log_opt_values /usr/lib/python3/dist-packages/oslo_config/cfg.py:2609
2025-06-12 00:36:26.756 141481 DEBUG oslo_service.service [req-6c555d71-3e08-42cc-90fd-ce0236dfbb5c - - - - -] glance.default_trusted_certificate_ids = [] log_opt_values /usr/lib/python3/dist-packages/oslo_config/cfg.py:2609
2025-06-12 00:36:26.756 141481 DEBUG oslo_service.service [req-6c555d71-3e08-42cc-90fd-ce0236dfbb5c - - - - -] glance.enable_certificate_validation = False log_opt_values /usr/lib/python3/dist-packages/oslo_config/cfg.py:2609
2025-06-12 00:36:26.756 141481 DEBUG oslo_service.service [req-6c555d71-3e08-42cc-90fd-ce0236dfbb5c - - - - -] glance.enable_rbd_download = False log_opt_values /usr/lib/python3/dist-packages/oslo_config/cfg.py:2609
2025-06-12 00:36:26.756 141481 DEBUG oslo_service.service [req-6c555d71-3e08-42cc-90fd-ce0236dfbb5c - - - - -] glance.endpoint_override = None log_opt_values /usr/lib/python3/dist-packages/oslo_config/cfg.py:2609
2025-06-12 00:36:26.756 141783 DEBUG oslo_messaging._drivers.amqpdriver [-] Listener is running poll /usr/lib/python3/dist-packages/oslo_messaging/_drivers/amqpdriver.py:343
2025-06-12 00:36:26.757 141481 DEBUG oslo_service.service [req-6c555d71-3e08-42cc-90fd-ce0236dfbb5c - - - - -] glance.insecure = False log_opt_values /usr/lib/python3/dist-packages/oslo_config/cfg.py:2609
2025-06-12 00:36:26.757 141783 DEBUG oslo_messaging._drivers.amqpdriver [-] AMQPListener connection consume poll /usr/lib/python3/dist-packages/oslo_messaging/_drivers/amqpdriver.py:357
2025-06-12 00:36:26.757 141481 DEBUG oslo_service.service [req-6c555d71-3e08-42cc-90fd-ce0236dfbb5c - - - - -] glance.keyfile = None log_opt_values /usr/lib/python3/dist-packages/oslo_config/cfg.py:2609
2025-06-12 00:36:26.757 141481 DEBUG oslo_service.service [req-6c555d71-3e08-42cc-90fd-ce0236dfbb5c - - - - -] glance.max_version = None log_opt_values /usr/lib/python3/dist-packages/oslo_config/cfg.py:2609
2025-06-12 00:36:26.757 141481 DEBUG oslo_service.service [req-6c555d71-3e08-42cc-90fd-ce0236dfbb5c - - - - -] glance.min_version = None log_opt_values /usr/lib/python3/dist-packages/oslo_config/cfg.py:2609
2025-06-12 00:36:26.757 141481 DEBUG oslo_service.service [req-6c555d71-3e08-42cc-90fd-ce0236dfbb5c - - - - -] glance.num_retries = 3 log_opt_values /usr/lib/python3/dist-packages/oslo_config/cfg.py:2609
2025-06-12 00:36:26.757 141786 DEBUG nova.service [req-2e1812ca-f18e-493f-a21d-64d706fb7ba0 - - - - -] Creating RPC server for service scheduler start /usr/lib/python3/dist-packages/nova/service.py:182
2025-06-12 00:36:26.757 141481 DEBUG oslo_service.service [req-6c555d71-3e08-42cc-90fd-ce0236dfbb5c - - - - -] glance.rbd_ceph_conf = log_opt_values /usr/lib/python3/dist-packages/oslo_config/cfg.py:2609
2025-06-12 00:36:26.758 141481 DEBUG oslo_service.service [req-6c555d71-3e08-42cc-90fd-ce0236dfbb5c - - - - -] glance.rbd_connect_timeout = 5 log_opt_values /usr/lib/python3/dist-packages/oslo_config/cfg.py:2609
2025-06-12 00:36:26.757 141783 DEBUG nova.service [req-dccfaa33-4048-498d-b4a2-5c8a9f75cc36 - - - - -] Join ServiceGroup membership for this service scheduler start /usr/lib/python3/dist-packages/nova/service.py:199
2025-06-12 00:36:26.758 141481 DEBUG oslo_service.service [req-6c555d71-3e08-42cc-90fd-ce0236dfbb5c - - - - -] glance.rbd_pool = log_opt_values /usr/lib/python3/dist-packages/oslo_config/cfg.py:2609
2025-06-12 00:36:26.758 141783 DEBUG nova.servicegroup.drivers.db [req-dccfaa33-4048-498d-b4a2-5c8a9f75cc36 - - - - -] DB_Driver: join new ServiceGroup member juju-b69973-0-lxd-7 to the scheduler group, service = join /usr/lib/python3/dist-packages/nova/servicegroup/drivers/db.py:44
2025-06-12 00:36:26.758 141481 DEBUG oslo_service.service [req-6c555d71-3e08-42cc-90fd-ce0236dfbb5c - - - - -] glance.rbd_user = log_opt_values /usr/lib/python3/dist-packages/oslo_config/cfg.py:2609
2025-06-12 00:36:26.758 141481 DEBUG oslo_service.service [req-6c555d71-3e08-42cc-90fd-ce0236dfbb5c - - - - -] glance.region_name = None log_opt_values /usr/lib/python3/dist-packages/oslo_config/cfg.py:2609
2025-06-12 00:36:26.758 141481 DEBUG oslo_service.service [req-6c555d71-3e08-42cc-90fd-ce0236dfbb5c - - - - -] glance.service_name = None log_opt_values /usr/lib/python3/dist-packages/oslo_config/cfg.py:2609
2025-06-12 00:36:26.758 141481 DEBUG oslo_service.service [req-6c555d71-3e08-42cc-90fd-ce0236dfbb5c - - - - -] glance.service_type = image log_opt_values /usr/lib/python3/dist-packages/oslo_config/cfg.py:2609
2025-06-12 00:36:26.758 141481 DEBUG oslo_service.service [req-6c555d71-3e08-42cc-90fd-ce0236dfbb5c - - - - -] glance.split_loggers = False log_opt_values /usr/lib/python3/dist-packages/oslo_config/cfg.py:2609
2025-06-12 00:36:26.759 141481 DEBUG oslo_service.service [req-6c555d71-3e08-42cc-90fd-ce0236dfbb5c - - - - -] glance.status_code_retries = None log_opt_values /usr/lib/python3/dist-packages/oslo_config/cfg.py:2609
2025-06-12 00:36:26.759 141481 DEBUG oslo_service.service [req-6c555d71-3e08-42cc-90fd-ce0236dfbb5c - - - - -] glance.status_code_retry_delay = None log_opt_values /usr/lib/python3/dist-packages/oslo_config/cfg.py:2609
2025-06-12 00:36:26.759 141481 DEBUG oslo_service.service [req-6c555d71-3e08-42cc-90fd-ce0236dfbb5c - - - - -] glance.timeout = None log_opt_values /usr/lib/python3/dist-packages/oslo_config/cfg.py:2609
2025-06-12 00:36:26.759 141481 DEBUG oslo_service.service [req-6c555d71-3e08-42cc-90fd-ce0236dfbb5c - - - - -] glance.valid_interfaces = ['internal', 'public'] log_opt_values /usr/lib/python3/dist-packages/oslo_config/cfg.py:2609
2025-06-12 00:36:26.759 141481 DEBUG oslo_service.service [req-6c555d71-3e08-42cc-90fd-ce0236dfbb5c - - - - -] glance.verify_glance_signatures = False log_opt_values /usr/lib/python3/dist-packages/oslo_config/cfg.py:2609
2025-06-12 00:36:26.759 141481 DEBUG oslo_service.service [req-6c555d71-3e08-42cc-90fd-ce0236dfbb5c - - - - -] glance.version = None log_opt_values /usr/lib/python3/dist-packages/oslo_config/cfg.py:2609
2025-06-12 00:36:26.760 141481 DEBUG oslo_service.service [req-6c555d71-3e08-42cc-90fd-ce0236dfbb5c - - - - -] guestfs.debug = False log_opt_values /usr/lib/python3/dist-packages/oslo_config/cfg.py:2609
2025-06-12 00:36:26.760 141481 DEBUG oslo_service.service [req-6c555d71-3e08-42cc-90fd-ce0236dfbb5c - - - - -] hyperv.config_drive_cdrom = False log_opt_values /usr/lib/python3/dist-packages/oslo_config/cfg.py:2609
2025-06-12 00:36:26.760 141481 DEBUG oslo_service.service [req-6c555d71-3e08-42cc-90fd-ce0236dfbb5c - - - - -] hyperv.config_drive_inject_password = False log_opt_values /usr/lib/python3/dist-packages/oslo_config/cfg.py:2609
2025-06-12 00:36:26.760 141783 DEBUG oslo_messaging._drivers.amqpdriver [-] AMQPListener connection timeout poll /usr/lib/python3/dist-packages/oslo_messaging/_drivers/amqpdriver.py:360
2025-06-12 00:36:26.760 141481 DEBUG oslo_service.service [req-6c555d71-3e08-42cc-90fd-ce0236dfbb5c - - - - -] hyperv.dynamic_memory_ratio = 1.0 log_opt_values /usr/lib/python3/dist-packages/oslo_config/cfg.py:2609
2025-06-12 00:36:26.760 141783 DEBUG oslo_messaging._drivers.amqpdriver [-] Listener is running poll /usr/lib/python3/dist-packages/oslo_messaging/_drivers/amqpdriver.py:343
2025-06-12 00:36:26.760 141783 DEBUG oslo_messaging._drivers.amqpdriver [-] AMQPListener connection consume poll /usr/lib/python3/dist-packages/oslo_messaging/_drivers/amqpdriver.py:357
2025-06-12 00:36:26.760 141481 DEBUG oslo_service.service [req-6c555d71-3e08-42cc-90fd-ce0236dfbb5c - - - - -] hyperv.enable_instance_metrics_collection = False log_opt_values /usr/lib/python3/dist-packages/oslo_config/cfg.py:2609
2025-06-12 00:36:26.760 141481 DEBUG oslo_service.service [req-6c555d71-3e08-42cc-90fd-ce0236dfbb5c - - - - -] hyperv.enable_remotefx = False log_opt_values /usr/lib/python3/dist-packages/oslo_config/cfg.py:2609
2025-06-12 00:36:26.760 141481 DEBUG oslo_service.service [req-6c555d71-3e08-42cc-90fd-ce0236dfbb5c - - - - -] hyperv.instances_path_share = log_opt_values /usr/lib/python3/dist-packages/oslo_config/cfg.py:2609
2025-06-12 00:36:26.761 141481 DEBUG oslo_service.service [req-6c555d71-3e08-42cc-90fd-ce0236dfbb5c - - - - -] hyperv.iscsi_initiator_list = [] log_opt_values /usr/lib/python3/dist-packages/oslo_config/cfg.py:2609
2025-06-12 00:36:26.761 141481 DEBUG oslo_service.service [req-6c555d71-3e08-42cc-90fd-ce0236dfbb5c - - - - -] hyperv.limit_cpu_features = False log_opt_values /usr/lib/python3/dist-packages/oslo_config/cfg.py:2609
2025-06-12 00:36:26.761 141481 DEBUG oslo_service.service [req-6c555d71-3e08-42cc-90fd-ce0236dfbb5c - - - - -] hyperv.mounted_disk_query_retry_count = 10 log_opt_values /usr/lib/python3/dist-packages/oslo_config/cfg.py:2609
2025-06-12 00:36:26.761 141481 DEBUG oslo_service.service [req-6c555d71-3e08-42cc-90fd-ce0236dfbb5c - - - - -] hyperv.mounted_disk_query_retry_interval = 5 log_opt_values /usr/lib/python3/dist-packages/oslo_config/cfg.py:2609
2025-06-12 00:36:26.761 141481 DEBUG oslo_service.service [req-6c555d71-3e08-42cc-90fd-ce0236dfbb5c - - - - -] hyperv.power_state_check_timeframe = 60 log_opt_values /usr/lib/python3/dist-packages/oslo_config/cfg.py:2609
2025-06-12 00:36:26.761 141481 DEBUG oslo_service.service [req-6c555d71-3e08-42cc-90fd-ce0236dfbb5c - - - - -] hyperv.power_state_event_polling_interval = 2 log_opt_values /usr/lib/python3/dist-packages/oslo_config/cfg.py:2609
2025-06-12 00:36:26.762 141481 DEBUG oslo_service.service [req-6c555d71-3e08-42cc-90fd-ce0236dfbb5c - - - - -] hyperv.qemu_img_cmd = qemu-img.exe log_opt_values /usr/lib/python3/dist-packages/oslo_config/cfg.py:2609
2025-06-12 00:36:26.762 141481 DEBUG oslo_service.service [req-6c555d71-3e08-42cc-90fd-ce0236dfbb5c - - - - -] hyperv.use_multipath_io = False log_opt_values /usr/lib/python3/dist-packages/oslo_config/cfg.py:2609
2025-06-12 00:36:26.762 141481 DEBUG oslo_service.service [req-6c555d71-3e08-42cc-90fd-ce0236dfbb5c - - - - -] hyperv.volume_attach_retry_count = 10 log_opt_values /usr/lib/python3/dist-packages/oslo_config/cfg.py:2609
2025-06-12 00:36:26.762 141481 DEBUG oslo_service.service [req-6c555d71-3e08-42cc-90fd-ce0236dfbb5c - - - - -] hyperv.volume_attach_retry_interval = 5 log_opt_values /usr/lib/python3/dist-packages/oslo_config/cfg.py:2609
2025-06-12 00:36:26.762 141481 DEBUG oslo_service.service [req-6c555d71-3e08-42cc-90fd-ce0236dfbb5c - - - - -] hyperv.vswitch_name = None log_opt_values /usr/lib/python3/dist-packages/oslo_config/cfg.py:2609
2025-06-12 00:36:26.762 141481 DEBUG oslo_service.service [req-6c555d71-3e08-42cc-90fd-ce0236dfbb5c - - - - -] hyperv.wait_soft_reboot_seconds = 60 log_opt_values /usr/lib/python3/dist-packages/oslo_config/cfg.py:2609
2025-06-12 00:36:26.762 141481 DEBUG oslo_service.service [req-6c555d71-3e08-42cc-90fd-ce0236dfbb5c - - - - -] mks.enabled = False log_opt_values /usr/lib/python3/dist-packages/oslo_config/cfg.py:2609
2025-06-12 00:36:26.763 141481 DEBUG oslo_service.service [req-6c555d71-3e08-42cc-90fd-ce0236dfbb5c - - - - -] mks.mksproxy_base_url = http://127.0.0.1:6090/ log_opt_values /usr/lib/python3/dist-packages/oslo_config/cfg.py:2609
2025-06-12 00:36:26.763 141481 DEBUG oslo_service.service [req-6c555d71-3e08-42cc-90fd-ce0236dfbb5c - - - - -] image_cache.manager_interval = 2400 log_opt_values /usr/lib/python3/dist-packages/oslo_config/cfg.py:2609
2025-06-12 00:36:26.763 141481 DEBUG oslo_service.service [req-6c555d71-3e08-42cc-90fd-ce0236dfbb5c - - - - -] image_cache.precache_concurrency = 1 log_opt_values /usr/lib/python3/dist-packages/oslo_config/cfg.py:2609
2025-06-12 00:36:26.764 141481 DEBUG oslo_service.service [req-6c555d71-3e08-42cc-90fd-ce0236dfbb5c - - - - -] image_cache.remove_unused_base_images = True log_opt_values /usr/lib/python3/dist-packages/oslo_config/cfg.py:2609
2025-06-12 00:36:26.764 141481 DEBUG oslo_service.service [req-6c555d71-3e08-42cc-90fd-ce0236dfbb5c - - - - -] image_cache.remove_unused_original_minimum_age_seconds = 86400 log_opt_values /usr/lib/python3/dist-packages/oslo_config/cfg.py:2609
2025-06-12 00:36:26.764 141481 DEBUG oslo_service.service [req-6c555d71-3e08-42cc-90fd-ce0236dfbb5c - - - - -] image_cache.remove_unused_resized_minimum_age_seconds = 3600 log_opt_values /usr/lib/python3/dist-packages/oslo_config/cfg.py:2609
2025-06-12 00:36:26.764 141481 DEBUG oslo_service.service [req-6c555d71-3e08-42cc-90fd-ce0236dfbb5c - - - - -] image_cache.subdirectory_name = _base log_opt_values /usr/lib/python3/dist-packages/oslo_config/cfg.py:2609
2025-06-12 00:36:26.764 141481 DEBUG oslo_service.service [req-6c555d71-3e08-42cc-90fd-ce0236dfbb5c - - - - -] ironic.api_max_retries = 60 log_opt_values /usr/lib/python3/dist-packages/oslo_config/cfg.py:2609
2025-06-12 00:36:26.764 141481 DEBUG oslo_service.service [req-6c555d71-3e08-42cc-90fd-ce0236dfbb5c - - - - -] ironic.api_retry_interval = 2 log_opt_values /usr/lib/python3/dist-packages/oslo_config/cfg.py:2609
2025-06-12 00:36:26.765 141481 DEBUG oslo_service.service [req-6c555d71-3e08-42cc-90fd-ce0236dfbb5c - - - - -] ironic.auth_section = None log_opt_values /usr/lib/python3/dist-packages/oslo_config/cfg.py:2609
2025-06-12 00:36:26.765 141481 DEBUG oslo_service.service [req-6c555d71-3e08-42cc-90fd-ce0236dfbb5c - - - - -] ironic.auth_type = None log_opt_values /usr/lib/python3/dist-packages/oslo_config/cfg.py:2609
2025-06-12 00:36:26.765 141481 DEBUG oslo_service.service [req-6c555d71-3e08-42cc-90fd-ce0236dfbb5c - - - - -] ironic.cafile = None log_opt_values /usr/lib/python3/dist-packages/oslo_config/cfg.py:2609
2025-06-12 00:36:26.765 141481 DEBUG oslo_service.service [req-6c555d71-3e08-42cc-90fd-ce0236dfbb5c - - - - -] ironic.certfile = None log_opt_values /usr/lib/python3/dist-packages/oslo_config/cfg.py:2609
2025-06-12 00:36:26.765 141481 DEBUG oslo_service.service [req-6c555d71-3e08-42cc-90fd-ce0236dfbb5c - - - - -] ironic.collect_timing = False log_opt_values /usr/lib/python3/dist-packages/oslo_config/cfg.py:2609
2025-06-12 00:36:26.765 141481 DEBUG oslo_service.service [req-6c555d71-3e08-42cc-90fd-ce0236dfbb5c - - - - -] ironic.connect_retries = None log_opt_values /usr/lib/python3/dist-packages/oslo_config/cfg.py:2609
2025-06-12 00:36:26.765 141481 DEBUG oslo_service.service [req-6c555d71-3e08-42cc-90fd-ce0236dfbb5c - - - - -] ironic.connect_retry_delay = None log_opt_values /usr/lib/python3/dist-packages/oslo_config/cfg.py:2609
2025-06-12 00:36:26.766 141481 DEBUG oslo_service.service [req-6c555d71-3e08-42cc-90fd-ce0236dfbb5c - - - - -] ironic.endpoint_override = None log_opt_values /usr/lib/python3/dist-packages/oslo_config/cfg.py:2609
2025-06-12 00:36:26.766 141481 DEBUG oslo_service.service [req-6c555d71-3e08-42cc-90fd-ce0236dfbb5c - - - - -] ironic.insecure = False log_opt_values /usr/lib/python3/dist-packages/oslo_config/cfg.py:2609
2025-06-12 00:36:26.766 141481 DEBUG oslo_service.service [req-6c555d71-3e08-42cc-90fd-ce0236dfbb5c - - - - -] ironic.keyfile = None log_opt_values /usr/lib/python3/dist-packages/oslo_config/cfg.py:2609
2025-06-12 00:36:26.766 141481 DEBUG oslo_service.service [req-6c555d71-3e08-42cc-90fd-ce0236dfbb5c - - - - -] ironic.max_version = None log_opt_values /usr/lib/python3/dist-packages/oslo_config/cfg.py:2609
2025-06-12 00:36:26.766 141481 DEBUG oslo_service.service [req-6c555d71-3e08-42cc-90fd-ce0236dfbb5c - - - - -] ironic.min_version = None log_opt_values /usr/lib/python3/dist-packages/oslo_config/cfg.py:2609
2025-06-12 00:36:26.766 141481 DEBUG oslo_service.service [req-6c555d71-3e08-42cc-90fd-ce0236dfbb5c - - - - -] ironic.partition_key = None log_opt_values /usr/lib/python3/dist-packages/oslo_config/cfg.py:2609
2025-06-12 00:36:26.766 141481 DEBUG oslo_service.service [req-6c555d71-3e08-42cc-90fd-ce0236dfbb5c - - - - -] ironic.peer_list = [] log_opt_values /usr/lib/python3/dist-packages/oslo_config/cfg.py:2609
2025-06-12 00:36:26.767 141481 DEBUG oslo_service.service [req-6c555d71-3e08-42cc-90fd-ce0236dfbb5c - - - - -] ironic.region_name = None log_opt_values /usr/lib/python3/dist-packages/oslo_config/cfg.py:2609
2025-06-12 00:36:26.767 141481 DEBUG oslo_service.service [req-6c555d71-3e08-42cc-90fd-ce0236dfbb5c - - - - -] ironic.serial_console_state_timeout = 10 log_opt_values /usr/lib/python3/dist-packages/oslo_config/cfg.py:2609
2025-06-12 00:36:26.767 141481 DEBUG oslo_service.service [req-6c555d71-3e08-42cc-90fd-ce0236dfbb5c - - - - -] ironic.service_name = None log_opt_values /usr/lib/python3/dist-packages/oslo_config/cfg.py:2609
2025-06-12 00:36:26.767 141481 DEBUG oslo_service.service [req-6c555d71-3e08-42cc-90fd-ce0236dfbb5c - - - - -] ironic.service_type = baremetal log_opt_values /usr/lib/python3/dist-packages/oslo_config/cfg.py:2609
2025-06-12 00:36:26.767 141481 DEBUG oslo_service.service [req-6c555d71-3e08-42cc-90fd-ce0236dfbb5c - - - - -] ironic.split_loggers = False log_opt_values /usr/lib/python3/dist-packages/oslo_config/cfg.py:2609
2025-06-12 00:36:26.767 141481 DEBUG oslo_service.service [req-6c555d71-3e08-42cc-90fd-ce0236dfbb5c - - - - -] ironic.status_code_retries = None log_opt_values /usr/lib/python3/dist-packages/oslo_config/cfg.py:2609
2025-06-12 00:36:26.768 141481 DEBUG oslo_service.service [req-6c555d71-3e08-42cc-90fd-ce0236dfbb5c - - - - -] ironic.status_code_retry_delay = None log_opt_values /usr/lib/python3/dist-packages/oslo_config/cfg.py:2609
2025-06-12 00:36:26.768 141481 DEBUG oslo_service.service [req-6c555d71-3e08-42cc-90fd-ce0236dfbb5c - - - - -] ironic.timeout = None log_opt_values /usr/lib/python3/dist-packages/oslo_config/cfg.py:2609
2025-06-12 00:36:26.768 141481 DEBUG oslo_service.service [req-6c555d71-3e08-42cc-90fd-ce0236dfbb5c - - - - -] ironic.valid_interfaces = ['internal', 'public'] log_opt_values /usr/lib/python3/dist-packages/oslo_config/cfg.py:2609
2025-06-12 00:36:26.768 141481 DEBUG oslo_service.service [req-6c555d71-3e08-42cc-90fd-ce0236dfbb5c - - - - -] ironic.version = None log_opt_values /usr/lib/python3/dist-packages/oslo_config/cfg.py:2609
2025-06-12 00:36:26.768 141481 DEBUG oslo_service.service [req-6c555d71-3e08-42cc-90fd-ce0236dfbb5c - - - - -] key_manager.backend = barbican log_opt_values /usr/lib/python3/dist-packages/oslo_config/cfg.py:2609
2025-06-12 00:36:26.768 141481 DEBUG oslo_service.service [req-6c555d71-3e08-42cc-90fd-ce0236dfbb5c - - - - -] key_manager.fixed_key = **** log_opt_values /usr/lib/python3/dist-packages/oslo_config/cfg.py:2609
2025-06-12 00:36:26.769 141481 DEBUG oslo_service.service [req-6c555d71-3e08-42cc-90fd-ce0236dfbb5c - - - - -] barbican.auth_endpoint = http://localhost/identity/v3 log_opt_values /usr/lib/python3/dist-packages/oslo_config/cfg.py:2609
2025-06-12 00:36:26.769 141481 DEBUG oslo_service.service [req-6c555d71-3e08-42cc-90fd-ce0236dfbb5c - - - - -] barbican.barbican_api_version = None log_opt_values /usr/lib/python3/dist-packages/oslo_config/cfg.py:2609
2025-06-12 00:36:26.769 141481 DEBUG oslo_service.service [req-6c555d71-3e08-42cc-90fd-ce0236dfbb5c - - - - -] barbican.barbican_endpoint = None log_opt_values /usr/lib/python3/dist-packages/oslo_config/cfg.py:2609
2025-06-12 00:36:26.769 141481 DEBUG oslo_service.service [req-6c555d71-3e08-42cc-90fd-ce0236dfbb5c - - - - -] barbican.barbican_endpoint_type = public log_opt_values /usr/lib/python3/dist-packages/oslo_config/cfg.py:2609
2025-06-12 00:36:26.769 141481 DEBUG oslo_service.service [req-6c555d71-3e08-42cc-90fd-ce0236dfbb5c - - - - -] barbican.barbican_region_name = None log_opt_values /usr/lib/python3/dist-packages/oslo_config/cfg.py:2609
2025-06-12 00:36:26.769 141481 DEBUG oslo_service.service [req-6c555d71-3e08-42cc-90fd-ce0236dfbb5c - - - - -] barbican.cafile = None log_opt_values /usr/lib/python3/dist-packages/oslo_config/cfg.py:2609
2025-06-12 00:36:26.770 141481 DEBUG oslo_service.service [req-6c555d71-3e08-42cc-90fd-ce0236dfbb5c - - - - -] barbican.certfile = None log_opt_values /usr/lib/python3/dist-packages/oslo_config/cfg.py:2609
2025-06-12 00:36:26.770 141481 DEBUG oslo_service.service [req-6c555d71-3e08-42cc-90fd-ce0236dfbb5c - - - - -] barbican.collect_timing = False log_opt_values /usr/lib/python3/dist-packages/oslo_config/cfg.py:2609
2025-06-12 00:36:26.770 141481 DEBUG oslo_service.service [req-6c555d71-3e08-42cc-90fd-ce0236dfbb5c - - - - -] barbican.insecure = False log_opt_values /usr/lib/python3/dist-packages/oslo_config/cfg.py:2609
2025-06-12 00:36:26.770 141481 DEBUG oslo_service.service [req-6c555d71-3e08-42cc-90fd-ce0236dfbb5c - - - - -] barbican.keyfile = None log_opt_values /usr/lib/python3/dist-packages/oslo_config/cfg.py:2609
2025-06-12 00:36:26.770 141481 DEBUG oslo_service.service [req-6c555d71-3e08-42cc-90fd-ce0236dfbb5c - - - - -] barbican.number_of_retries = 60 log_opt_values /usr/lib/python3/dist-packages/oslo_config/cfg.py:2609
2025-06-12 00:36:26.770 141481 DEBUG oslo_service.service [req-6c555d71-3e08-42cc-90fd-ce0236dfbb5c - - - - -] barbican.retry_delay = 1 log_opt_values /usr/lib/python3/dist-packages/oslo_config/cfg.py:2609
2025-06-12 00:36:26.770 141481 DEBUG oslo_service.service [req-6c555d71-3e08-42cc-90fd-ce0236dfbb5c - - - - -] barbican.send_service_user_token = False log_opt_values /usr/lib/python3/dist-packages/oslo_config/cfg.py:2609
2025-06-12 00:36:26.771 141481 DEBUG oslo_service.service [req-6c555d71-3e08-42cc-90fd-ce0236dfbb5c - - - - -] barbican.split_loggers = False log_opt_values /usr/lib/python3/dist-packages/oslo_config/cfg.py:2609
2025-06-12 00:36:26.771 141481 DEBUG oslo_service.service [req-6c555d71-3e08-42cc-90fd-ce0236dfbb5c - - - - -] barbican.timeout = None log_opt_values /usr/lib/python3/dist-packages/oslo_config/cfg.py:2609
2025-06-12 00:36:26.771 141481 DEBUG oslo_service.service [req-6c555d71-3e08-42cc-90fd-ce0236dfbb5c - - - - -] barbican.verify_ssl = True log_opt_values /usr/lib/python3/dist-packages/oslo_config/cfg.py:2609
2025-06-12 00:36:26.771 141481 DEBUG oslo_service.service [req-6c555d71-3e08-42cc-90fd-ce0236dfbb5c - - - - -] barbican.verify_ssl_path = None log_opt_values /usr/lib/python3/dist-packages/oslo_config/cfg.py:2609
2025-06-12 00:36:26.771 141481 DEBUG oslo_service.service [req-6c555d71-3e08-42cc-90fd-ce0236dfbb5c - - - - -] barbican_service_user.auth_section = None log_opt_values /usr/lib/python3/dist-packages/oslo_config/cfg.py:2609
2025-06-12 00:36:26.771 141481 DEBUG oslo_service.service [req-6c555d71-3e08-42cc-90fd-ce0236dfbb5c - - - - -] barbican_service_user.auth_type = None log_opt_values /usr/lib/python3/dist-packages/oslo_config/cfg.py:2609
2025-06-12 00:36:26.771 141481 DEBUG oslo_service.service [req-6c555d71-3e08-42cc-90fd-ce0236dfbb5c - - - - -] barbican_service_user.cafile = None log_opt_values /usr/lib/python3/dist-packages/oslo_config/cfg.py:2609
2025-06-12 00:36:26.772 141481 DEBUG oslo_service.service [req-6c555d71-3e08-42cc-90fd-ce0236dfbb5c - - - - -] barbican_service_user.certfile = None log_opt_values /usr/lib/python3/dist-packages/oslo_config/cfg.py:2609
2025-06-12 00:36:26.772 141481 DEBUG oslo_service.service [req-6c555d71-3e08-42cc-90fd-ce0236dfbb5c - - - - -] barbican_service_user.collect_timing = False log_opt_values /usr/lib/python3/dist-packages/oslo_config/cfg.py:2609
2025-06-12 00:36:26.772 141481 DEBUG oslo_service.service [req-6c555d71-3e08-42cc-90fd-ce0236dfbb5c - - - - -] barbican_service_user.insecure = False log_opt_values /usr/lib/python3/dist-packages/oslo_config/cfg.py:2609
2025-06-12 00:36:26.772 141481 DEBUG oslo_service.service [req-6c555d71-3e08-42cc-90fd-ce0236dfbb5c - - - - -] barbican_service_user.keyfile = None log_opt_values /usr/lib/python3/dist-packages/oslo_config/cfg.py:2609
2025-06-12 00:36:26.772 141481 DEBUG oslo_service.service [req-6c555d71-3e08-42cc-90fd-ce0236dfbb5c - - - - -] barbican_service_user.split_loggers = False log_opt_values /usr/lib/python3/dist-packages/oslo_config/cfg.py:2609
2025-06-12 00:36:26.772 141481 DEBUG oslo_service.service [req-6c555d71-3e08-42cc-90fd-ce0236dfbb5c - - - - -] barbican_service_user.timeout = None log_opt_values /usr/lib/python3/dist-packages/oslo_config/cfg.py:2609
2025-06-12 00:36:26.773 141481 DEBUG oslo_service.service [req-6c555d71-3e08-42cc-90fd-ce0236dfbb5c - - - - -] vault.approle_role_id = None log_opt_values /usr/lib/python3/dist-packages/oslo_config/cfg.py:2609
2025-06-12 00:36:26.773 141481 DEBUG oslo_service.service [req-6c555d71-3e08-42cc-90fd-ce0236dfbb5c - - - - -] vault.approle_secret_id = None log_opt_values /usr/lib/python3/dist-packages/oslo_config/cfg.py:2609
2025-06-12 00:36:26.773 141481 DEBUG oslo_service.service [req-6c555d71-3e08-42cc-90fd-ce0236dfbb5c - - - - -] vault.cafile = None log_opt_values /usr/lib/python3/dist-packages/oslo_config/cfg.py:2609
2025-06-12 00:36:26.773 141481 DEBUG oslo_service.service [req-6c555d71-3e08-42cc-90fd-ce0236dfbb5c - - - - -] vault.certfile = None log_opt_values /usr/lib/python3/dist-packages/oslo_config/cfg.py:2609
2025-06-12 00:36:26.773 141481 DEBUG oslo_service.service [req-6c555d71-3e08-42cc-90fd-ce0236dfbb5c - - - - -] vault.collect_timing = False log_opt_values /usr/lib/python3/dist-packages/oslo_config/cfg.py:2609
2025-06-12 00:36:26.773 141481 DEBUG oslo_service.service [req-6c555d71-3e08-42cc-90fd-ce0236dfbb5c - - - - -] vault.insecure = False log_opt_values /usr/lib/python3/dist-packages/oslo_config/cfg.py:2609
2025-06-12 00:36:26.773 141481 DEBUG oslo_service.service [req-6c555d71-3e08-42cc-90fd-ce0236dfbb5c - - - - -] vault.keyfile = None log_opt_values /usr/lib/python3/dist-packages/oslo_config/cfg.py:2609
2025-06-12 00:36:26.774 141481 DEBUG oslo_service.service [req-6c555d71-3e08-42cc-90fd-ce0236dfbb5c - - - - -] vault.kv_mountpoint = secret log_opt_values /usr/lib/python3/dist-packages/oslo_config/cfg.py:2609
2025-06-12 00:36:26.774 141481 DEBUG oslo_service.service [req-6c555d71-3e08-42cc-90fd-ce0236dfbb5c - - - - -] vault.kv_version = 2 log_opt_values /usr/lib/python3/dist-packages/oslo_config/cfg.py:2609
2025-06-12 00:36:26.774 141481 DEBUG oslo_service.service [req-6c555d71-3e08-42cc-90fd-ce0236dfbb5c - - - - -] vault.namespace = None log_opt_values /usr/lib/python3/dist-packages/oslo_config/cfg.py:2609
2025-06-12 00:36:26.774 141481 DEBUG oslo_service.service [req-6c555d71-3e08-42cc-90fd-ce0236dfbb5c - - - - -] vault.root_token_id = None log_opt_values /usr/lib/python3/dist-packages/oslo_config/cfg.py:2609
2025-06-12 00:36:26.774 141481 DEBUG oslo_service.service [req-6c555d71-3e08-42cc-90fd-ce0236dfbb5c - - - - -] vault.split_loggers = False log_opt_values /usr/lib/python3/dist-packages/oslo_config/cfg.py:2609
2025-06-12 00:36:26.774 141481 DEBUG oslo_service.service [req-6c555d71-3e08-42cc-90fd-ce0236dfbb5c - - - - -] vault.ssl_ca_crt_file = None log_opt_values /usr/lib/python3/dist-packages/oslo_config/cfg.py:2609
2025-06-12 00:36:26.775 141481 DEBUG oslo_service.service [req-6c555d71-3e08-42cc-90fd-ce0236dfbb5c - - - - -] vault.timeout = None log_opt_values /usr/lib/python3/dist-packages/oslo_config/cfg.py:2609
2025-06-12 00:36:26.775 141481 DEBUG oslo_service.service [req-6c555d71-3e08-42cc-90fd-ce0236dfbb5c - - - - -] vault.use_ssl = False log_opt_values /usr/lib/python3/dist-packages/oslo_config/cfg.py:2609
2025-06-12 00:36:26.775 141481 DEBUG oslo_service.service [req-6c555d71-3e08-42cc-90fd-ce0236dfbb5c - - - - -] vault.vault_url = http://127.0.0.1:8200 log_opt_values /usr/lib/python3/dist-packages/oslo_config/cfg.py:2609
2025-06-12 00:36:26.775 141481 DEBUG oslo_service.service [req-6c555d71-3e08-42cc-90fd-ce0236dfbb5c - - - - -] keystone.cafile = None log_opt_values /usr/lib/python3/dist-packages/oslo_config/cfg.py:2609
2025-06-12 00:36:26.775 141481 DEBUG oslo_service.service [req-6c555d71-3e08-42cc-90fd-ce0236dfbb5c - - - - -] keystone.certfile = None log_opt_values /usr/lib/python3/dist-packages/oslo_config/cfg.py:2609
2025-06-12 00:36:26.775 141481 DEBUG oslo_service.service [req-6c555d71-3e08-42cc-90fd-ce0236dfbb5c - - - - -] keystone.collect_timing = False log_opt_values /usr/lib/python3/dist-packages/oslo_config/cfg.py:2609
2025-06-12 00:36:26.776 141481 DEBUG oslo_service.service [req-6c555d71-3e08-42cc-90fd-ce0236dfbb5c - - - - -] keystone.connect_retries = None log_opt_values /usr/lib/python3/dist-packages/oslo_config/cfg.py:2609
2025-06-12 00:36:26.776 141481 DEBUG oslo_service.service [req-6c555d71-3e08-42cc-90fd-ce0236dfbb5c - - - - -] keystone.connect_retry_delay = None log_opt_values /usr/lib/python3/dist-packages/oslo_config/cfg.py:2609
2025-06-12 00:36:26.776 141481 DEBUG oslo_service.service [req-6c555d71-3e08-42cc-90fd-ce0236dfbb5c - - - - -] keystone.endpoint_override = None log_opt_values /usr/lib/python3/dist-packages/oslo_config/cfg.py:2609
2025-06-12 00:36:26.776 141481 DEBUG oslo_service.service [req-6c555d71-3e08-42cc-90fd-ce0236dfbb5c - - - - -] keystone.insecure = False log_opt_values /usr/lib/python3/dist-packages/oslo_config/cfg.py:2609
2025-06-12 00:36:26.776 141481 DEBUG oslo_service.service [req-6c555d71-3e08-42cc-90fd-ce0236dfbb5c - - - - -] keystone.keyfile = None log_opt_values /usr/lib/python3/dist-packages/oslo_config/cfg.py:2609
2025-06-12 00:36:26.776 141481 DEBUG oslo_service.service [req-6c555d71-3e08-42cc-90fd-ce0236dfbb5c - - - - -] keystone.max_version = None log_opt_values /usr/lib/python3/dist-packages/oslo_config/cfg.py:2609
2025-06-12 00:36:26.776 141481 DEBUG oslo_service.service [req-6c555d71-3e08-42cc-90fd-ce0236dfbb5c - - - - -] keystone.min_version = None log_opt_values /usr/lib/python3/dist-packages/oslo_config/cfg.py:2609
2025-06-12 00:36:26.777 141481 DEBUG oslo_service.service [req-6c555d71-3e08-42cc-90fd-ce0236dfbb5c - - - - -] keystone.region_name = None log_opt_values /usr/lib/python3/dist-packages/oslo_config/cfg.py:2609
2025-06-12 00:36:26.777 141481 DEBUG oslo_service.service [req-6c555d71-3e08-42cc-90fd-ce0236dfbb5c - - - - -] keystone.service_name = None log_opt_values /usr/lib/python3/dist-packages/oslo_config/cfg.py:2609
2025-06-12 00:36:26.777 141481 DEBUG oslo_service.service [req-6c555d71-3e08-42cc-90fd-ce0236dfbb5c - - - - -] keystone.service_type = identity log_opt_values /usr/lib/python3/dist-packages/oslo_config/cfg.py:2609
2025-06-12 00:36:26.777 141786 DEBUG oslo_messaging._drivers.amqpdriver [-] Listener is running poll /usr/lib/python3/dist-packages/oslo_messaging/_drivers/amqpdriver.py:343
2025-06-12 00:36:26.777 141784 DEBUG oslo_messaging._drivers.amqpdriver [-] Listener is running poll /usr/lib/python3/dist-packages/oslo_messaging/_drivers/amqpdriver.py:343
2025-06-12 00:36:26.777 141481 DEBUG oslo_service.service [req-6c555d71-3e08-42cc-90fd-ce0236dfbb5c - - - - -] keystone.split_loggers = False log_opt_values /usr/lib/python3/dist-packages/oslo_config/cfg.py:2609
2025-06-12 00:36:26.777 141784 DEBUG oslo_messaging._drivers.amqpdriver [-] AMQPListener connection consume poll /usr/lib/python3/dist-packages/oslo_messaging/_drivers/amqpdriver.py:357
2025-06-12 00:36:26.777 141786 DEBUG oslo_messaging._drivers.amqpdriver [-] AMQPListener connection consume poll /usr/lib/python3/dist-packages/oslo_messaging/_drivers/amqpdriver.py:357
2025-06-12 00:36:26.777 141481 DEBUG oslo_service.service [req-6c555d71-3e08-42cc-90fd-ce0236dfbb5c - - - - -] keystone.status_code_retries = None log_opt_values /usr/lib/python3/dist-packages/oslo_config/cfg.py:2609
2025-06-12 00:36:26.777 141481 DEBUG oslo_service.service [req-6c555d71-3e08-42cc-90fd-ce0236dfbb5c - - - - -] keystone.status_code_retry_delay = None log_opt_values /usr/lib/python3/dist-packages/oslo_config/cfg.py:2609
2025-06-12 00:36:26.778 141481 DEBUG oslo_service.service [req-6c555d71-3e08-42cc-90fd-ce0236dfbb5c - - - - -] keystone.timeout = None log_opt_values /usr/lib/python3/dist-packages/oslo_config/cfg.py:2609
2025-06-12 00:36:26.778 141481 DEBUG oslo_service.service [req-6c555d71-3e08-42cc-90fd-ce0236dfbb5c - - - - -] keystone.valid_interfaces = ['internal', 'public'] log_opt_values /usr/lib/python3/dist-packages/oslo_config/cfg.py:2609
2025-06-12 00:36:26.778 141786 DEBUG nova.service [req-2e1812ca-f18e-493f-a21d-64d706fb7ba0 - - - - -] Join ServiceGroup membership for this service scheduler start /usr/lib/python3/dist-packages/nova/service.py:199
2025-06-12 00:36:26.778 141784 DEBUG nova.service [req-b54835ba-5771-473d-80de-c732eff6e074 - - - - -] Join ServiceGroup membership for this service scheduler start /usr/lib/python3/dist-packages/nova/service.py:199
2025-06-12 00:36:26.778 141481 DEBUG oslo_service.service [req-6c555d71-3e08-42cc-90fd-ce0236dfbb5c - - - - -] keystone.version = None log_opt_values /usr/lib/python3/dist-packages/oslo_config/cfg.py:2609
2025-06-12 00:36:26.778 141786 DEBUG nova.servicegroup.drivers.db [req-2e1812ca-f18e-493f-a21d-64d706fb7ba0 - - - - -] DB_Driver: join new ServiceGroup member juju-b69973-0-lxd-7 to the scheduler group, service = join /usr/lib/python3/dist-packages/nova/servicegroup/drivers/db.py:44
2025-06-12 00:36:26.778 141481 DEBUG oslo_service.service [req-6c555d71-3e08-42cc-90fd-ce0236dfbb5c - - - - -] libvirt.connection_uri = log_opt_values /usr/lib/python3/dist-packages/oslo_config/cfg.py:2609
2025-06-12 00:36:26.778 141784 DEBUG nova.servicegroup.drivers.db [req-b54835ba-5771-473d-80de-c732eff6e074 - - - - -] DB_Driver: join new ServiceGroup member juju-b69973-0-lxd-7 to the scheduler group, service = join /usr/lib/python3/dist-packages/nova/servicegroup/drivers/db.py:44
2025-06-12 00:36:26.778 141481 DEBUG oslo_service.service [req-6c555d71-3e08-42cc-90fd-ce0236dfbb5c - - - - -] libvirt.cpu_mode = None log_opt_values /usr/lib/python3/dist-packages/oslo_config/cfg.py:2609
2025-06-12 00:36:26.778 141481 DEBUG oslo_service.service [req-6c555d71-3e08-42cc-90fd-ce0236dfbb5c - - - - -] libvirt.cpu_model_extra_flags = [] log_opt_values /usr/lib/python3/dist-packages/oslo_config/cfg.py:2609
2025-06-12 00:36:26.779 141481 DEBUG oslo_service.service [req-6c555d71-3e08-42cc-90fd-ce0236dfbb5c - - - - -] libvirt.cpu_models = [] log_opt_values /usr/lib/python3/dist-packages/oslo_config/cfg.py:2609
2025-06-12 00:36:26.779 141481 DEBUG oslo_service.service [req-6c555d71-3e08-42cc-90fd-ce0236dfbb5c - - - - -] libvirt.device_detach_attempts = 8 log_opt_values /usr/lib/python3/dist-packages/oslo_config/cfg.py:2609
2025-06-12 00:36:26.779 141481 DEBUG oslo_service.service [req-6c555d71-3e08-42cc-90fd-ce0236dfbb5c - - - - -] libvirt.device_detach_timeout = 20 log_opt_values /usr/lib/python3/dist-packages/oslo_config/cfg.py:2609
2025-06-12 00:36:26.779 141481 DEBUG oslo_service.service [req-6c555d71-3e08-42cc-90fd-ce0236dfbb5c - - - - -] libvirt.disk_cachemodes = [] log_opt_values /usr/lib/python3/dist-packages/oslo_config/cfg.py:2609
2025-06-12 00:36:26.779 141481 DEBUG oslo_service.service [req-6c555d71-3e08-42cc-90fd-ce0236dfbb5c - - - - -] libvirt.disk_prefix = None log_opt_values /usr/lib/python3/dist-packages/oslo_config/cfg.py:2609
2025-06-12 00:36:26.779 141481 DEBUG oslo_service.service [req-6c555d71-3e08-42cc-90fd-ce0236dfbb5c - - - - -] libvirt.enabled_perf_events = [] log_opt_values /usr/lib/python3/dist-packages/oslo_config/cfg.py:2609
2025-06-12 00:36:26.779 141481 DEBUG oslo_service.service [req-6c555d71-3e08-42cc-90fd-ce0236dfbb5c - - - - -] libvirt.file_backed_memory = 0 log_opt_values /usr/lib/python3/dist-packages/oslo_config/cfg.py:2609
2025-06-12 00:36:26.780 141481 DEBUG oslo_service.service [req-6c555d71-3e08-42cc-90fd-ce0236dfbb5c - - - - -] libvirt.gid_maps = [] log_opt_values /usr/lib/python3/dist-packages/oslo_config/cfg.py:2609
2025-06-12 00:36:26.780 141481 DEBUG oslo_service.service [req-6c555d71-3e08-42cc-90fd-ce0236dfbb5c - - - - -] libvirt.hw_disk_discard = None log_opt_values /usr/lib/python3/dist-packages/oslo_config/cfg.py:2609
2025-06-12 00:36:26.780 141481 DEBUG oslo_service.service [req-6c555d71-3e08-42cc-90fd-ce0236dfbb5c - - - - -] libvirt.hw_machine_type = None log_opt_values /usr/lib/python3/dist-packages/oslo_config/cfg.py:2609
2025-06-12 00:36:26.780 141784 DEBUG oslo_messaging._drivers.amqpdriver [-] AMQPListener connection timeout poll /usr/lib/python3/dist-packages/oslo_messaging/_drivers/amqpdriver.py:360
2025-06-12 00:36:26.780 141481 DEBUG oslo_service.service [req-6c555d71-3e08-42cc-90fd-ce0236dfbb5c - - - - -] libvirt.images_rbd_ceph_conf = log_opt_values /usr/lib/python3/dist-packages/oslo_config/cfg.py:2609
2025-06-12 00:36:26.780 141786 DEBUG oslo_messaging._drivers.amqpdriver [-] AMQPListener connection timeout poll /usr/lib/python3/dist-packages/oslo_messaging/_drivers/amqpdriver.py:360
2025-06-12 00:36:26.780 141784 DEBUG oslo_messaging._drivers.amqpdriver [-] Listener is running poll /usr/lib/python3/dist-packages/oslo_messaging/_drivers/amqpdriver.py:343
2025-06-12 00:36:26.780 141481 DEBUG oslo_service.service [req-6c555d71-3e08-42cc-90fd-ce0236dfbb5c - - - - -] libvirt.images_rbd_glance_copy_poll_interval = 15 log_opt_values /usr/lib/python3/dist-packages/oslo_config/cfg.py:2609
2025-06-12 00:36:26.780 141786 DEBUG oslo_messaging._drivers.amqpdriver [-] Listener is running poll /usr/lib/python3/dist-packages/oslo_messaging/_drivers/amqpdriver.py:343
2025-06-12 00:36:26.780 141784 DEBUG oslo_messaging._drivers.amqpdriver [-] AMQPListener connection consume poll /usr/lib/python3/dist-packages/oslo_messaging/_drivers/amqpdriver.py:357
