2025-06-12 00:35:48.511 126332 DEBUG oslo_service.service [req-baa8d216-2ad1-4068-8781-1259572be52e - - - - -] syslog_log_facility = LOG_USER log_opt_values /usr/lib/python3/dist-packages/oslo_config/cfg.py:2602
2025-06-12 00:35:48.512 126332 DEBUG oslo_service.service [req-baa8d216-2ad1-4068-8781-1259572be52e - - - - -] tempdir = None log_opt_values /usr/lib/python3/dist-packages/oslo_config/cfg.py:2602
2025-06-12 00:35:48.512 126332 DEBUG oslo_service.service [req-baa8d216-2ad1-4068-8781-1259572be52e - - - - -] timeout_nbd = 10 log_opt_values /usr/lib/python3/dist-packages/oslo_config/cfg.py:2602
2025-06-12 00:35:48.512 126332 DEBUG oslo_service.service [req-baa8d216-2ad1-4068-8781-1259572be52e - - - - -] transport_url = **** log_opt_values /usr/lib/python3/dist-packages/oslo_config/cfg.py:2602
2025-06-12 00:35:48.512 126332 DEBUG oslo_service.service [req-baa8d216-2ad1-4068-8781-1259572be52e - - - - -] update_resources_interval = 0 log_opt_values /usr/lib/python3/dist-packages/oslo_config/cfg.py:2602
2025-06-12 00:35:48.512 126332 DEBUG oslo_service.service [req-baa8d216-2ad1-4068-8781-1259572be52e - - - - -] use_cow_images = True log_opt_values /usr/lib/python3/dist-packages/oslo_config/cfg.py:2602
2025-06-12 00:35:48.512 126332 DEBUG oslo_service.service [req-baa8d216-2ad1-4068-8781-1259572be52e - - - - -] use_eventlog = False log_opt_values /usr/lib/python3/dist-packages/oslo_config/cfg.py:2602
2025-06-12 00:35:48.513 126332 DEBUG oslo_service.service [req-baa8d216-2ad1-4068-8781-1259572be52e - - - - -] use_journal = False log_opt_values /usr/lib/python3/dist-packages/oslo_config/cfg.py:2602
2025-06-12 00:35:48.513 126332 DEBUG oslo_service.service [req-baa8d216-2ad1-4068-8781-1259572be52e - - - - -] use_json = False log_opt_values /usr/lib/python3/dist-packages/oslo_config/cfg.py:2602
2025-06-12 00:35:48.513 126332 DEBUG oslo_service.service [req-baa8d216-2ad1-4068-8781-1259572be52e - - - - -] use_rootwrap_daemon = False log_opt_values /usr/lib/python3/dist-packages/oslo_config/cfg.py:2602
2025-06-12 00:35:48.514 126332 DEBUG oslo_service.service [req-baa8d216-2ad1-4068-8781-1259572be52e - - - - -] use_stderr = False log_opt_values /usr/lib/python3/dist-packages/oslo_config/cfg.py:2602
2025-06-12 00:35:48.514 126332 DEBUG oslo_service.service [req-baa8d216-2ad1-4068-8781-1259572be52e - - - - -] use_syslog = False log_opt_values /usr/lib/python3/dist-packages/oslo_config/cfg.py:2602
2025-06-12 00:35:48.515 126332 DEBUG oslo_service.service [req-baa8d216-2ad1-4068-8781-1259572be52e - - - - -] vcpu_pin_set = None log_opt_values /usr/lib/python3/dist-packages/oslo_config/cfg.py:2602
2025-06-12 00:35:48.515 126332 DEBUG oslo_service.service [req-baa8d216-2ad1-4068-8781-1259572be52e - - - - -] vif_plugging_is_fatal = True log_opt_values /usr/lib/python3/dist-packages/oslo_config/cfg.py:2602
2025-06-12 00:35:48.515 127210 DEBUG oslo_db.sqlalchemy.engines [req-ecdd3665-3b2d-4e31-97e3-d3a037407830 - - - - -] MySQL server mode set to STRICT_TRANS_TABLES,STRICT_ALL_TABLES,NO_ZERO_IN_DATE,NO_ZERO_DATE,ERROR_FOR_DIVISION_BY_ZERO,TRADITIONAL,NO_ENGINE_SUBSTITUTION _check_effective_sql_mode /usr/lib/python3/dist-packages/oslo_db/sqlalchemy/engines.py:314
2025-06-12 00:35:48.516 126332 DEBUG oslo_service.service [req-baa8d216-2ad1-4068-8781-1259572be52e - - - - -] vif_plugging_timeout = 300 log_opt_values /usr/lib/python3/dist-packages/oslo_config/cfg.py:2602
2025-06-12 00:35:48.516 126332 DEBUG oslo_service.service [req-baa8d216-2ad1-4068-8781-1259572be52e - - - - -] virt_mkfs = [] log_opt_values /usr/lib/python3/dist-packages/oslo_config/cfg.py:2602
2025-06-12 00:35:48.516 126332 DEBUG oslo_service.service [req-baa8d216-2ad1-4068-8781-1259572be52e - - - - -] volume_usage_poll_interval = 0 log_opt_values /usr/lib/python3/dist-packages/oslo_config/cfg.py:2602
2025-06-12 00:35:48.516 126332 DEBUG oslo_service.service [req-baa8d216-2ad1-4068-8781-1259572be52e - - - - -] watch_log_file = False log_opt_values /usr/lib/python3/dist-packages/oslo_config/cfg.py:2602
2025-06-12 00:35:48.516 126332 DEBUG oslo_service.service [req-baa8d216-2ad1-4068-8781-1259572be52e - - - - -] web = /usr/share/spice-html5 log_opt_values /usr/lib/python3/dist-packages/oslo_config/cfg.py:2602
2025-06-12 00:35:48.516 126332 DEBUG oslo_service.service [req-baa8d216-2ad1-4068-8781-1259572be52e - - - - -] oslo_concurrency.disable_process_locking = False log_opt_values /usr/lib/python3/dist-packages/oslo_config/cfg.py:2609
2025-06-12 00:35:48.517 126332 DEBUG oslo_service.service [req-baa8d216-2ad1-4068-8781-1259572be52e - - - - -] oslo_concurrency.lock_path = /var/lock/nova log_opt_values /usr/lib/python3/dist-packages/oslo_config/cfg.py:2609
2025-06-12 00:35:48.517 126332 DEBUG oslo_service.service [req-baa8d216-2ad1-4068-8781-1259572be52e - - - - -] oslo_messaging_metrics.metrics_buffer_size = 1000 log_opt_values /usr/lib/python3/dist-packages/oslo_config/cfg.py:2609
2025-06-12 00:35:48.518 126332 DEBUG oslo_service.service [req-baa8d216-2ad1-4068-8781-1259572be52e - - - - -] oslo_messaging_metrics.metrics_enabled = False log_opt_values /usr/lib/python3/dist-packages/oslo_config/cfg.py:2609
2025-06-12 00:35:48.518 126332 DEBUG oslo_service.service [req-baa8d216-2ad1-4068-8781-1259572be52e - - - - -] oslo_messaging_metrics.metrics_process_name = log_opt_values /usr/lib/python3/dist-packages/oslo_config/cfg.py:2609
2025-06-12 00:35:48.518 126332 DEBUG oslo_service.service [req-baa8d216-2ad1-4068-8781-1259572be52e - - - - -] oslo_messaging_metrics.metrics_socket_file = /var/tmp/metrics_collector.sock log_opt_values /usr/lib/python3/dist-packages/oslo_config/cfg.py:2609
2025-06-12 00:35:48.518 126332 DEBUG oslo_service.service [req-baa8d216-2ad1-4068-8781-1259572be52e - - - - -] oslo_messaging_metrics.metrics_thread_stop_timeout = 10 log_opt_values /usr/lib/python3/dist-packages/oslo_config/cfg.py:2609
2025-06-12 00:35:48.519 127207 DEBUG oslo_db.sqlalchemy.engines [req-cbdf5017-d988-4d69-a62b-0e9b054bd476 - - - - -] MySQL server mode set to STRICT_TRANS_TABLES,STRICT_ALL_TABLES,NO_ZERO_IN_DATE,NO_ZERO_DATE,ERROR_FOR_DIVISION_BY_ZERO,TRADITIONAL,NO_ENGINE_SUBSTITUTION _check_effective_sql_mode /usr/lib/python3/dist-packages/oslo_db/sqlalchemy/engines.py:314
2025-06-12 00:35:48.519 126332 WARNING oslo_config.cfg [req-baa8d216-2ad1-4068-8781-1259572be52e - - - - -] Deprecated: Option "auth_strategy" from group "api" is deprecated for removal ( The only non-default choice, ``noauth2``, is for internal development and testing purposes only and should not be used in deployments. This option and its middleware, NoAuthMiddleware[V2_18], will be removed in a future release. ). Its value may be silently ignored in the future.
2025-06-12 00:35:48.520 126332 DEBUG oslo_service.service [req-baa8d216-2ad1-4068-8781-1259572be52e - - - - -] api.auth_strategy = keystone log_opt_values /usr/lib/python3/dist-packages/oslo_config/cfg.py:2609
2025-06-12 00:35:48.522 126332 DEBUG oslo_service.service [req-baa8d216-2ad1-4068-8781-1259572be52e - - - - -] api.compute_link_prefix = None log_opt_values /usr/lib/python3/dist-packages/oslo_config/cfg.py:2609
2025-06-12 00:35:48.522 126332 DEBUG oslo_service.service [req-baa8d216-2ad1-4068-8781-1259572be52e - - - - -] api.config_drive_skip_versions = 1.0 2007-01-19 2007-03-01 2007-08-29 2007-10-10 2007-12-15 2008-02-01 2008-09-01 log_opt_values /usr/lib/python3/dist-packages/oslo_config/cfg.py:2609
2025-06-12 00:35:48.524 127206 DEBUG nova.service [req-8476dbd4-6918-4173-ac16-9616660429cc - - - - -] Creating RPC server for service conductor start /usr/lib/python3/dist-packages/nova/service.py:182
2025-06-12 00:35:48.523 126332 DEBUG oslo_service.service [req-baa8d216-2ad1-4068-8781-1259572be52e - - - - -] api.dhcp_domain = novalocal log_opt_values /usr/lib/python3/dist-packages/oslo_config/cfg.py:2609
2025-06-12 00:35:48.527 126332 DEBUG oslo_service.service [req-baa8d216-2ad1-4068-8781-1259572be52e - - - - -] api.enable_instance_password = True log_opt_values /usr/lib/python3/dist-packages/oslo_config/cfg.py:2609
2025-06-12 00:35:48.530 126332 DEBUG oslo_service.service [req-baa8d216-2ad1-4068-8781-1259572be52e - - - - -] api.glance_link_prefix = None log_opt_values /usr/lib/python3/dist-packages/oslo_config/cfg.py:2609
2025-06-12 00:35:48.530 126332 DEBUG oslo_service.service [req-baa8d216-2ad1-4068-8781-1259572be52e - - - - -] api.instance_list_cells_batch_fixed_size = 100 log_opt_values /usr/lib/python3/dist-packages/oslo_config/cfg.py:2609
2025-06-12 00:35:48.530 126332 DEBUG oslo_service.service [req-baa8d216-2ad1-4068-8781-1259572be52e - - - - -] api.instance_list_cells_batch_strategy = distributed log_opt_values /usr/lib/python3/dist-packages/oslo_config/cfg.py:2609
2025-06-12 00:35:48.530 126332 DEBUG oslo_service.service [req-baa8d216-2ad1-4068-8781-1259572be52e - - - - -] api.instance_list_per_project_cells = False log_opt_values /usr/lib/python3/dist-packages/oslo_config/cfg.py:2609
2025-06-12 00:35:48.531 126332 DEBUG oslo_service.service [req-baa8d216-2ad1-4068-8781-1259572be52e - - - - -] api.list_records_by_skipping_down_cells = True log_opt_values /usr/lib/python3/dist-packages/oslo_config/cfg.py:2609
2025-06-12 00:35:48.531 126332 DEBUG oslo_service.service [req-baa8d216-2ad1-4068-8781-1259572be52e - - - - -] api.local_metadata_per_cell = False log_opt_values /usr/lib/python3/dist-packages/oslo_config/cfg.py:2609
2025-06-12 00:35:48.531 126332 DEBUG oslo_service.service [req-baa8d216-2ad1-4068-8781-1259572be52e - - - - -] api.max_limit = 1000 log_opt_values /usr/lib/python3/dist-packages/oslo_config/cfg.py:2609
2025-06-12 00:35:48.531 126332 DEBUG oslo_service.service [req-baa8d216-2ad1-4068-8781-1259572be52e - - - - -] api.metadata_cache_expiration = 15 log_opt_values /usr/lib/python3/dist-packages/oslo_config/cfg.py:2609
2025-06-12 00:35:48.533 126332 DEBUG oslo_service.service [req-baa8d216-2ad1-4068-8781-1259572be52e - - - - -] api.neutron_default_tenant_id = default log_opt_values /usr/lib/python3/dist-packages/oslo_config/cfg.py:2609
2025-06-12 00:35:48.533 126332 DEBUG oslo_service.service [req-baa8d216-2ad1-4068-8781-1259572be52e - - - - -] api.use_forwarded_for = False log_opt_values /usr/lib/python3/dist-packages/oslo_config/cfg.py:2609
2025-06-12 00:35:48.533 126332 DEBUG oslo_service.service [req-baa8d216-2ad1-4068-8781-1259572be52e - - - - -] api.use_neutron_default_nets = False log_opt_values /usr/lib/python3/dist-packages/oslo_config/cfg.py:2609
2025-06-12 00:35:48.533 126332 DEBUG oslo_service.service [req-baa8d216-2ad1-4068-8781-1259572be52e - - - - -] api.vendordata_dynamic_connect_timeout = 5 log_opt_values /usr/lib/python3/dist-packages/oslo_config/cfg.py:2609
2025-06-12 00:35:48.533 126332 DEBUG oslo_service.service [req-baa8d216-2ad1-4068-8781-1259572be52e - - - - -] api.vendordata_dynamic_failure_fatal = False log_opt_values /usr/lib/python3/dist-packages/oslo_config/cfg.py:2609
2025-06-12 00:35:48.534 126332 DEBUG oslo_service.service [req-baa8d216-2ad1-4068-8781-1259572be52e - - - - -] api.vendordata_dynamic_read_timeout = 5 log_opt_values /usr/lib/python3/dist-packages/oslo_config/cfg.py:2609
2025-06-12 00:35:48.534 126332 DEBUG oslo_service.service [req-baa8d216-2ad1-4068-8781-1259572be52e - - - - -] api.vendordata_dynamic_ssl_certfile = log_opt_values /usr/lib/python3/dist-packages/oslo_config/cfg.py:2609
2025-06-12 00:35:48.534 126332 DEBUG oslo_service.service [req-baa8d216-2ad1-4068-8781-1259572be52e - - - - -] api.vendordata_dynamic_targets = [] log_opt_values /usr/lib/python3/dist-packages/oslo_config/cfg.py:2609
2025-06-12 00:35:48.534 126332 DEBUG oslo_service.service [req-baa8d216-2ad1-4068-8781-1259572be52e - - - - -] api.vendordata_jsonfile_path = None log_opt_values /usr/lib/python3/dist-packages/oslo_config/cfg.py:2609
2025-06-12 00:35:48.534 126332 DEBUG oslo_service.service [req-baa8d216-2ad1-4068-8781-1259572be52e - - - - -] api.vendordata_providers = ['StaticJSON'] log_opt_values /usr/lib/python3/dist-packages/oslo_config/cfg.py:2609
2025-06-12 00:35:48.535 126332 DEBUG oslo_service.service [req-baa8d216-2ad1-4068-8781-1259572be52e - - - - -] cache.backend = dogpile.cache.null log_opt_values /usr/lib/python3/dist-packages/oslo_config/cfg.py:2609
2025-06-12 00:35:48.535 126332 DEBUG oslo_service.service [req-baa8d216-2ad1-4068-8781-1259572be52e - - - - -] cache.backend_argument = **** log_opt_values /usr/lib/python3/dist-packages/oslo_config/cfg.py:2609
2025-06-12 00:35:48.535 126332 DEBUG oslo_service.service [req-baa8d216-2ad1-4068-8781-1259572be52e - - - - -] cache.config_prefix = cache.oslo log_opt_values /usr/lib/python3/dist-packages/oslo_config/cfg.py:2609
2025-06-12 00:35:48.535 126332 DEBUG oslo_service.service [req-baa8d216-2ad1-4068-8781-1259572be52e - - - - -] cache.debug_cache_backend = False log_opt_values /usr/lib/python3/dist-packages/oslo_config/cfg.py:2609
2025-06-12 00:35:48.535 126332 DEBUG oslo_service.service [req-baa8d216-2ad1-4068-8781-1259572be52e - - - - -] cache.enabled = False log_opt_values /usr/lib/python3/dist-packages/oslo_config/cfg.py:2609
2025-06-12 00:35:48.535 126332 DEBUG oslo_service.service [req-baa8d216-2ad1-4068-8781-1259572be52e - - - - -] cache.expiration_time = 600 log_opt_values /usr/lib/python3/dist-packages/oslo_config/cfg.py:2609
2025-06-12 00:35:48.536 126332 DEBUG oslo_service.service [req-baa8d216-2ad1-4068-8781-1259572be52e - - - - -] cache.memcache_dead_retry = 300 log_opt_values /usr/lib/python3/dist-packages/oslo_config/cfg.py:2609
2025-06-12 00:35:48.536 126332 DEBUG oslo_service.service [req-baa8d216-2ad1-4068-8781-1259572be52e - - - - -] cache.memcache_pool_connection_get_timeout = 10 log_opt_values /usr/lib/python3/dist-packages/oslo_config/cfg.py:2609
2025-06-12 00:35:48.536 126332 DEBUG oslo_service.service [req-baa8d216-2ad1-4068-8781-1259572be52e - - - - -] cache.memcache_pool_flush_on_reconnect = False log_opt_values /usr/lib/python3/dist-packages/oslo_config/cfg.py:2609
2025-06-12 00:35:48.536 126332 DEBUG oslo_service.service [req-baa8d216-2ad1-4068-8781-1259572be52e - - - - -] cache.memcache_pool_maxsize = 10 log_opt_values /usr/lib/python3/dist-packages/oslo_config/cfg.py:2609
2025-06-12 00:35:48.536 126332 DEBUG oslo_service.service [req-baa8d216-2ad1-4068-8781-1259572be52e - - - - -] cache.memcache_pool_unused_timeout = 60 log_opt_values /usr/lib/python3/dist-packages/oslo_config/cfg.py:2609
2025-06-12 00:35:48.536 126332 DEBUG oslo_service.service [req-baa8d216-2ad1-4068-8781-1259572be52e - - - - -] cache.memcache_servers = ['localhost:11211'] log_opt_values /usr/lib/python3/dist-packages/oslo_config/cfg.py:2609
2025-06-12 00:35:48.536 126332 DEBUG oslo_service.service [req-baa8d216-2ad1-4068-8781-1259572be52e - - - - -] cache.memcache_socket_timeout = 1.0 log_opt_values /usr/lib/python3/dist-packages/oslo_config/cfg.py:2609
2025-06-12 00:35:48.537 126332 DEBUG oslo_service.service [req-baa8d216-2ad1-4068-8781-1259572be52e - - - - -] cache.proxies = [] log_opt_values /usr/lib/python3/dist-packages/oslo_config/cfg.py:2609
2025-06-12 00:35:48.537 126332 DEBUG oslo_service.service [req-baa8d216-2ad1-4068-8781-1259572be52e - - - - -] cache.tls_allowed_ciphers = None log_opt_values /usr/lib/python3/dist-packages/oslo_config/cfg.py:2609
2025-06-12 00:35:48.539 127207 DEBUG nova.service [req-cbdf5017-d988-4d69-a62b-0e9b054bd476 - - - - -] Creating RPC server for service conductor start /usr/lib/python3/dist-packages/nova/service.py:182
2025-06-12 00:35:48.541 127210 DEBUG nova.service [req-ecdd3665-3b2d-4e31-97e3-d3a037407830 - - - - -] Creating RPC server for service conductor start /usr/lib/python3/dist-packages/nova/service.py:182
2025-06-12 00:35:48.542 127200 DEBUG nova.service [req-f63338f4-2446-4191-bc0d-f23d26734374 - - - - -] Creating RPC server for service conductor start /usr/lib/python3/dist-packages/nova/service.py:182
2025-06-12 00:35:48.537 126332 DEBUG oslo_service.service [req-baa8d216-2ad1-4068-8781-1259572be52e - - - - -] cache.tls_cafile = None log_opt_values /usr/lib/python3/dist-packages/oslo_config/cfg.py:2609
2025-06-12 00:35:48.546 126332 DEBUG oslo_service.service [req-baa8d216-2ad1-4068-8781-1259572be52e - - - - -] cache.tls_certfile = None log_opt_values /usr/lib/python3/dist-packages/oslo_config/cfg.py:2609
2025-06-12 00:35:48.546 126332 DEBUG oslo_service.service [req-baa8d216-2ad1-4068-8781-1259572be52e - - - - -] cache.tls_enabled = False log_opt_values /usr/lib/python3/dist-packages/oslo_config/cfg.py:2609
2025-06-12 00:35:48.547 126332 DEBUG oslo_service.service [req-baa8d216-2ad1-4068-8781-1259572be52e - - - - -] cache.tls_keyfile = None log_opt_values /usr/lib/python3/dist-packages/oslo_config/cfg.py:2609
2025-06-12 00:35:48.547 126332 DEBUG oslo_service.service [req-baa8d216-2ad1-4068-8781-1259572be52e - - - - -] cinder.auth_section = None log_opt_values /usr/lib/python3/dist-packages/oslo_config/cfg.py:2609
2025-06-12 00:35:48.547 126332 DEBUG oslo_service.service [req-baa8d216-2ad1-4068-8781-1259572be52e - - - - -] cinder.auth_type = None log_opt_values /usr/lib/python3/dist-packages/oslo_config/cfg.py:2609
2025-06-12 00:35:48.547 126332 DEBUG oslo_service.service [req-baa8d216-2ad1-4068-8781-1259572be52e - - - - -] cinder.cafile = None log_opt_values /usr/lib/python3/dist-packages/oslo_config/cfg.py:2609
2025-06-12 00:35:48.547 126332 DEBUG oslo_service.service [req-baa8d216-2ad1-4068-8781-1259572be52e - - - - -] cinder.catalog_info = volumev3::publicURL log_opt_values /usr/lib/python3/dist-packages/oslo_config/cfg.py:2609
2025-06-12 00:35:48.547 126332 DEBUG oslo_service.service [req-baa8d216-2ad1-4068-8781-1259572be52e - - - - -] cinder.certfile = None log_opt_values /usr/lib/python3/dist-packages/oslo_config/cfg.py:2609
2025-06-12 00:35:48.548 126332 DEBUG oslo_service.service [req-baa8d216-2ad1-4068-8781-1259572be52e - - - - -] cinder.collect_timing = False log_opt_values /usr/lib/python3/dist-packages/oslo_config/cfg.py:2609
2025-06-12 00:35:48.548 126332 DEBUG oslo_service.service [req-baa8d216-2ad1-4068-8781-1259572be52e - - - - -] cinder.cross_az_attach = True log_opt_values /usr/lib/python3/dist-packages/oslo_config/cfg.py:2609
2025-06-12 00:35:48.548 126332 DEBUG oslo_service.service [req-baa8d216-2ad1-4068-8781-1259572be52e - - - - -] cinder.debug = False log_opt_values /usr/lib/python3/dist-packages/oslo_config/cfg.py:2609
2025-06-12 00:35:48.548 126332 DEBUG oslo_service.service [req-baa8d216-2ad1-4068-8781-1259572be52e - - - - -] cinder.endpoint_template = None log_opt_values /usr/lib/python3/dist-packages/oslo_config/cfg.py:2609
2025-06-12 00:35:48.548 126332 DEBUG oslo_service.service [req-baa8d216-2ad1-4068-8781-1259572be52e - - - - -] cinder.http_retries = 3 log_opt_values /usr/lib/python3/dist-packages/oslo_config/cfg.py:2609
2025-06-12 00:35:48.548 126332 DEBUG oslo_service.service [req-baa8d216-2ad1-4068-8781-1259572be52e - - - - -] cinder.insecure = False log_opt_values /usr/lib/python3/dist-packages/oslo_config/cfg.py:2609
2025-06-12 00:35:48.548 126332 DEBUG oslo_service.service [req-baa8d216-2ad1-4068-8781-1259572be52e - - - - -] cinder.keyfile = None log_opt_values /usr/lib/python3/dist-packages/oslo_config/cfg.py:2609
2025-06-12 00:35:48.549 126332 DEBUG oslo_service.service [req-baa8d216-2ad1-4068-8781-1259572be52e - - - - -] cinder.os_region_name = None log_opt_values /usr/lib/python3/dist-packages/oslo_config/cfg.py:2609
2025-06-12 00:35:48.549 126332 DEBUG oslo_service.service [req-baa8d216-2ad1-4068-8781-1259572be52e - - - - -] cinder.split_loggers = False log_opt_values /usr/lib/python3/dist-packages/oslo_config/cfg.py:2609
2025-06-12 00:35:48.549 126332 DEBUG oslo_service.service [req-baa8d216-2ad1-4068-8781-1259572be52e - - - - -] cinder.timeout = None log_opt_values /usr/lib/python3/dist-packages/oslo_config/cfg.py:2609
2025-06-12 00:35:48.553 126332 DEBUG oslo_service.service [req-baa8d216-2ad1-4068-8781-1259572be52e - - - - -] compute.consecutive_build_service_disable_threshold = 10 log_opt_values /usr/lib/python3/dist-packages/oslo_config/cfg.py:2609
2025-06-12 00:35:48.554 126332 DEBUG oslo_service.service [req-baa8d216-2ad1-4068-8781-1259572be52e - - - - -] compute.cpu_dedicated_set = None log_opt_values /usr/lib/python3/dist-packages/oslo_config/cfg.py:2609
2025-06-12 00:35:48.554 126332 DEBUG oslo_service.service [req-baa8d216-2ad1-4068-8781-1259572be52e - - - - -] compute.cpu_shared_set = None log_opt_values /usr/lib/python3/dist-packages/oslo_config/cfg.py:2609
2025-06-12 00:35:48.554 126332 DEBUG oslo_service.service [req-baa8d216-2ad1-4068-8781-1259572be52e - - - - -] compute.image_type_exclude_list = [] log_opt_values /usr/lib/python3/dist-packages/oslo_config/cfg.py:2609
2025-06-12 00:35:48.554 126332 DEBUG oslo_service.service [req-baa8d216-2ad1-4068-8781-1259572be52e - - - - -] compute.live_migration_wait_for_vif_plug = True log_opt_values /usr/lib/python3/dist-packages/oslo_config/cfg.py:2609
2025-06-12 00:35:48.554 126332 DEBUG oslo_service.service [req-baa8d216-2ad1-4068-8781-1259572be52e - - - - -] compute.max_concurrent_disk_ops = 0 log_opt_values /usr/lib/python3/dist-packages/oslo_config/cfg.py:2609
2025-06-12 00:35:48.555 126332 DEBUG oslo_service.service [req-baa8d216-2ad1-4068-8781-1259572be52e - - - - -] compute.max_disk_devices_to_attach = -1 log_opt_values /usr/lib/python3/dist-packages/oslo_config/cfg.py:2609
2025-06-12 00:35:48.555 126332 DEBUG oslo_service.service [req-baa8d216-2ad1-4068-8781-1259572be52e - - - - -] compute.packing_host_numa_cells_allocation_strategy = True log_opt_values /usr/lib/python3/dist-packages/oslo_config/cfg.py:2609
2025-06-12 00:35:48.555 126332 DEBUG oslo_service.service [req-baa8d216-2ad1-4068-8781-1259572be52e - - - - -] compute.provider_config_location = /etc/nova/provider_config/ log_opt_values /usr/lib/python3/dist-packages/oslo_config/cfg.py:2609
2025-06-12 00:35:48.555 126332 DEBUG oslo_service.service [req-baa8d216-2ad1-4068-8781-1259572be52e - - - - -] compute.resource_provider_association_refresh = 300 log_opt_values /usr/lib/python3/dist-packages/oslo_config/cfg.py:2609
2025-06-12 00:35:48.556 126332 DEBUG oslo_service.service [req-baa8d216-2ad1-4068-8781-1259572be52e - - - - -] compute.shutdown_retry_interval = 10 log_opt_values /usr/lib/python3/dist-packages/oslo_config/cfg.py:2609
2025-06-12 00:35:48.556 126332 DEBUG oslo_service.service [req-baa8d216-2ad1-4068-8781-1259572be52e - - - - -] compute.vmdk_allowed_types = ['streamOptimized', 'monolithicSparse'] log_opt_values /usr/lib/python3/dist-packages/oslo_config/cfg.py:2609
2025-06-12 00:35:48.556 126332 DEBUG oslo_service.service [req-baa8d216-2ad1-4068-8781-1259572be52e - - - - -] conductor.workers = 4 log_opt_values /usr/lib/python3/dist-packages/oslo_config/cfg.py:2609
2025-06-12 00:35:48.556 126332 DEBUG oslo_service.service [req-baa8d216-2ad1-4068-8781-1259572be52e - - - - -] console.allowed_origins = [] log_opt_values /usr/lib/python3/dist-packages/oslo_config/cfg.py:2609
2025-06-12 00:35:48.557 126332 DEBUG oslo_service.service [req-baa8d216-2ad1-4068-8781-1259572be52e - - - - -] console.ssl_ciphers = None log_opt_values /usr/lib/python3/dist-packages/oslo_config/cfg.py:2609
2025-06-12 00:35:48.558 126332 DEBUG oslo_service.service [req-baa8d216-2ad1-4068-8781-1259572be52e - - - - -] console.ssl_minimum_version = default log_opt_values /usr/lib/python3/dist-packages/oslo_config/cfg.py:2609
2025-06-12 00:35:48.558 126332 DEBUG oslo_service.service [req-baa8d216-2ad1-4068-8781-1259572be52e - - - - -] consoleauth.token_ttl = 600 log_opt_values /usr/lib/python3/dist-packages/oslo_config/cfg.py:2609
2025-06-12 00:35:48.558 126332 DEBUG oslo_service.service [req-baa8d216-2ad1-4068-8781-1259572be52e - - - - -] cyborg.cafile = None log_opt_values /usr/lib/python3/dist-packages/oslo_config/cfg.py:2609
2025-06-12 00:35:48.558 126332 DEBUG oslo_service.service [req-baa8d216-2ad1-4068-8781-1259572be52e - - - - -] cyborg.certfile = None log_opt_values /usr/lib/python3/dist-packages/oslo_config/cfg.py:2609
2025-06-12 00:35:48.558 126332 DEBUG oslo_service.service [req-baa8d216-2ad1-4068-8781-1259572be52e - - - - -] cyborg.collect_timing = False log_opt_values /usr/lib/python3/dist-packages/oslo_config/cfg.py:2609
2025-06-12 00:35:48.558 126332 DEBUG oslo_service.service [req-baa8d216-2ad1-4068-8781-1259572be52e - - - - -] cyborg.connect_retries = None log_opt_values /usr/lib/python3/dist-packages/oslo_config/cfg.py:2609
2025-06-12 00:35:48.558 126332 DEBUG oslo_service.service [req-baa8d216-2ad1-4068-8781-1259572be52e - - - - -] cyborg.connect_retry_delay = None log_opt_values /usr/lib/python3/dist-packages/oslo_config/cfg.py:2609
2025-06-12 00:35:48.559 126332 DEBUG oslo_service.service [req-baa8d216-2ad1-4068-8781-1259572be52e - - - - -] cyborg.endpoint_override = None log_opt_values /usr/lib/python3/dist-packages/oslo_config/cfg.py:2609
2025-06-12 00:35:48.559 126332 DEBUG oslo_service.service [req-baa8d216-2ad1-4068-8781-1259572be52e - - - - -] cyborg.insecure = False log_opt_values /usr/lib/python3/dist-packages/oslo_config/cfg.py:2609
2025-06-12 00:35:48.559 126332 DEBUG oslo_service.service [req-baa8d216-2ad1-4068-8781-1259572be52e - - - - -] cyborg.keyfile = None log_opt_values /usr/lib/python3/dist-packages/oslo_config/cfg.py:2609
2025-06-12 00:35:48.559 126332 DEBUG oslo_service.service [req-baa8d216-2ad1-4068-8781-1259572be52e - - - - -] cyborg.max_version = None log_opt_values /usr/lib/python3/dist-packages/oslo_config/cfg.py:2609
2025-06-12 00:35:48.559 127206 DEBUG oslo_messaging._drivers.amqpdriver [-] Listener is running poll /usr/lib/python3/dist-packages/oslo_messaging/_drivers/amqpdriver.py:343
2025-06-12 00:35:48.559 126332 DEBUG oslo_service.service [req-baa8d216-2ad1-4068-8781-1259572be52e - - - - -] cyborg.min_version = None log_opt_values /usr/lib/python3/dist-packages/oslo_config/cfg.py:2609
2025-06-12 00:35:48.559 127206 DEBUG oslo_messaging._drivers.amqpdriver [-] AMQPListener connection consume poll /usr/lib/python3/dist-packages/oslo_messaging/_drivers/amqpdriver.py:357
2025-06-12 00:35:48.559 126332 DEBUG oslo_service.service [req-baa8d216-2ad1-4068-8781-1259572be52e - - - - -] cyborg.region_name = None log_opt_values /usr/lib/python3/dist-packages/oslo_config/cfg.py:2609
2025-06-12 00:35:48.560 126332 DEBUG oslo_service.service [req-baa8d216-2ad1-4068-8781-1259572be52e - - - - -] cyborg.service_name = None log_opt_values /usr/lib/python3/dist-packages/oslo_config/cfg.py:2609
2025-06-12 00:35:48.561 127206 DEBUG nova.service [req-8476dbd4-6918-4173-ac16-9616660429cc - - - - -] Join ServiceGroup membership for this service conductor start /usr/lib/python3/dist-packages/nova/service.py:199
2025-06-12 00:35:48.561 126332 DEBUG oslo_service.service [req-baa8d216-2ad1-4068-8781-1259572be52e - - - - -] cyborg.service_type = accelerator log_opt_values /usr/lib/python3/dist-packages/oslo_config/cfg.py:2609
2025-06-12 00:35:48.562 126332 DEBUG oslo_service.service [req-baa8d216-2ad1-4068-8781-1259572be52e - - - - -] cyborg.split_loggers = False log_opt_values /usr/lib/python3/dist-packages/oslo_config/cfg.py:2609
2025-06-12 00:35:48.562 126332 DEBUG oslo_service.service [req-baa8d216-2ad1-4068-8781-1259572be52e - - - - -] cyborg.status_code_retries = None log_opt_values /usr/lib/python3/dist-packages/oslo_config/cfg.py:2609
2025-06-12 00:35:48.562 127206 DEBUG nova.servicegroup.drivers.db [req-8476dbd4-6918-4173-ac16-9616660429cc - - - - -] DB_Driver: join new ServiceGroup member juju-b69973-0-lxd-7 to the conductor group, service = join /usr/lib/python3/dist-packages/nova/servicegroup/drivers/db.py:44
2025-06-12 00:35:48.562 126332 DEBUG oslo_service.service [req-baa8d216-2ad1-4068-8781-1259572be52e - - - - -] cyborg.status_code_retry_delay = None log_opt_values /usr/lib/python3/dist-packages/oslo_config/cfg.py:2609
2025-06-12 00:35:48.563 126332 DEBUG oslo_service.service [req-baa8d216-2ad1-4068-8781-1259572be52e - - - - -] cyborg.timeout = None log_opt_values /usr/lib/python3/dist-packages/oslo_config/cfg.py:2609
2025-06-12 00:35:48.563 126332 DEBUG oslo_service.service [req-baa8d216-2ad1-4068-8781-1259572be52e - - - - -] cyborg.valid_interfaces = ['internal', 'public'] log_opt_values /usr/lib/python3/dist-packages/oslo_config/cfg.py:2609
2025-06-12 00:35:48.564 126332 DEBUG oslo_service.service [req-baa8d216-2ad1-4068-8781-1259572be52e - - - - -] cyborg.version = None log_opt_values /usr/lib/python3/dist-packages/oslo_config/cfg.py:2609
2025-06-12 00:35:48.564 126332 DEBUG oslo_service.service [req-baa8d216-2ad1-4068-8781-1259572be52e - - - - -] database.backend = sqlalchemy log_opt_values /usr/lib/python3/dist-packages/oslo_config/cfg.py:2609
2025-06-12 00:35:48.564 126332 DEBUG oslo_service.service [req-baa8d216-2ad1-4068-8781-1259572be52e - - - - -] database.connection = **** log_opt_values /usr/lib/python3/dist-packages/oslo_config/cfg.py:2609
2025-06-12 00:35:48.564 126332 DEBUG oslo_service.service [req-baa8d216-2ad1-4068-8781-1259572be52e - - - - -] database.connection_debug = 0 log_opt_values /usr/lib/python3/dist-packages/oslo_config/cfg.py:2609
2025-06-12 00:35:48.565 126332 DEBUG oslo_service.service [req-baa8d216-2ad1-4068-8781-1259572be52e - - - - -] database.connection_parameters = log_opt_values /usr/lib/python3/dist-packages/oslo_config/cfg.py:2609
2025-06-12 00:35:48.566 126332 DEBUG oslo_service.service [req-baa8d216-2ad1-4068-8781-1259572be52e - - - - -] database.connection_recycle_time = 3600 log_opt_values /usr/lib/python3/dist-packages/oslo_config/cfg.py:2609
2025-06-12 00:35:48.566 126332 DEBUG oslo_service.service [req-baa8d216-2ad1-4068-8781-1259572be52e - - - - -] database.connection_trace = False log_opt_values /usr/lib/python3/dist-packages/oslo_config/cfg.py:2609
2025-06-12 00:35:48.566 126332 DEBUG oslo_service.service [req-baa8d216-2ad1-4068-8781-1259572be52e - - - - -] database.db_inc_retry_interval = True log_opt_values /usr/lib/python3/dist-packages/oslo_config/cfg.py:2609
2025-06-12 00:35:48.566 126332 DEBUG oslo_service.service [req-baa8d216-2ad1-4068-8781-1259572be52e - - - - -] database.db_max_retries = 20 log_opt_values /usr/lib/python3/dist-packages/oslo_config/cfg.py:2609
2025-06-12 00:35:48.566 126332 DEBUG oslo_service.service [req-baa8d216-2ad1-4068-8781-1259572be52e - - - - -] database.db_max_retry_interval = 10 log_opt_values /usr/lib/python3/dist-packages/oslo_config/cfg.py:2609
2025-06-12 00:35:48.566 126332 DEBUG oslo_service.service [req-baa8d216-2ad1-4068-8781-1259572be52e - - - - -] database.db_retry_interval = 1 log_opt_values /usr/lib/python3/dist-packages/oslo_config/cfg.py:2609
2025-06-12 00:35:48.567 126332 DEBUG oslo_service.service [req-baa8d216-2ad1-4068-8781-1259572be52e - - - - -] database.max_overflow = 50 log_opt_values /usr/lib/python3/dist-packages/oslo_config/cfg.py:2609
2025-06-12 00:35:48.567 127206 DEBUG oslo_messaging._drivers.amqpdriver [-] AMQPListener connection timeout poll /usr/lib/python3/dist-packages/oslo_messaging/_drivers/amqpdriver.py:360
2025-06-12 00:35:48.567 127206 DEBUG oslo_messaging._drivers.amqpdriver [-] Listener is running poll /usr/lib/python3/dist-packages/oslo_messaging/_drivers/amqpdriver.py:343
2025-06-12 00:35:48.567 126332 DEBUG oslo_service.service [req-baa8d216-2ad1-4068-8781-1259572be52e - - - - -] database.max_pool_size = 4 log_opt_values /usr/lib/python3/dist-packages/oslo_config/cfg.py:2609
2025-06-12 00:35:48.568 126332 DEBUG oslo_service.service [req-baa8d216-2ad1-4068-8781-1259572be52e - - - - -] database.max_retries = 10 log_opt_values /usr/lib/python3/dist-packages/oslo_config/cfg.py:2609
2025-06-12 00:35:48.568 126332 DEBUG oslo_service.service [req-baa8d216-2ad1-4068-8781-1259572be52e - - - - -] database.mysql_enable_ndb = False log_opt_values /usr/lib/python3/dist-packages/oslo_config/cfg.py:2609
2025-06-12 00:35:48.568 126332 DEBUG oslo_service.service [req-baa8d216-2ad1-4068-8781-1259572be52e - - - - -] database.mysql_sql_mode = TRADITIONAL log_opt_values /usr/lib/python3/dist-packages/oslo_config/cfg.py:2609
2025-06-12 00:35:48.568 126332 DEBUG oslo_service.service [req-baa8d216-2ad1-4068-8781-1259572be52e - - - - -] database.pool_timeout = None log_opt_values /usr/lib/python3/dist-packages/oslo_config/cfg.py:2609
2025-06-12 00:35:48.570 127207 DEBUG oslo_messaging._drivers.amqpdriver [-] Listener is running poll /usr/lib/python3/dist-packages/oslo_messaging/_drivers/amqpdriver.py:343
2025-06-12 00:35:48.570 127207 DEBUG oslo_messaging._drivers.amqpdriver [-] AMQPListener connection consume poll /usr/lib/python3/dist-packages/oslo_messaging/_drivers/amqpdriver.py:357
2025-06-12 00:35:48.568 127206 DEBUG oslo_messaging._drivers.amqpdriver [-] AMQPListener connection consume poll /usr/lib/python3/dist-packages/oslo_messaging/_drivers/amqpdriver.py:357
2025-06-12 00:35:48.571 127207 DEBUG nova.service [req-cbdf5017-d988-4d69-a62b-0e9b054bd476 - - - - -] Join ServiceGroup membership for this service conductor start /usr/lib/python3/dist-packages/nova/service.py:199
2025-06-12 00:35:48.571 127207 DEBUG nova.servicegroup.drivers.db [req-cbdf5017-d988-4d69-a62b-0e9b054bd476 - - - - -] DB_Driver: join new ServiceGroup member juju-b69973-0-lxd-7 to the conductor group, service = join /usr/lib/python3/dist-packages/nova/servicegroup/drivers/db.py:44
2025-06-12 00:35:48.569 126332 DEBUG oslo_service.service [req-baa8d216-2ad1-4068-8781-1259572be52e - - - - -] database.retry_interval = 10 log_opt_values /usr/lib/python3/dist-packages/oslo_config/cfg.py:2609
2025-06-12 00:35:48.572 126332 DEBUG oslo_service.service [req-baa8d216-2ad1-4068-8781-1259572be52e - - - - -] database.slave_connection = **** log_opt_values /usr/lib/python3/dist-packages/oslo_config/cfg.py:2609
2025-06-12 00:35:48.572 127200 DEBUG oslo_messaging._drivers.amqpdriver [-] Listener is running poll /usr/lib/python3/dist-packages/oslo_messaging/_drivers/amqpdriver.py:343
2025-06-12 00:35:48.572 126332 DEBUG oslo_service.service [req-baa8d216-2ad1-4068-8781-1259572be52e - - - - -] database.sqlite_synchronous = True log_opt_values /usr/lib/python3/dist-packages/oslo_config/cfg.py:2609
2025-06-12 00:35:48.572 127200 DEBUG oslo_messaging._drivers.amqpdriver [-] AMQPListener connection consume poll /usr/lib/python3/dist-packages/oslo_messaging/_drivers/amqpdriver.py:357
2025-06-12 00:35:48.572 126332 DEBUG oslo_service.service [req-baa8d216-2ad1-4068-8781-1259572be52e - - - - -] database.use_db_reconnect = False log_opt_values /usr/lib/python3/dist-packages/oslo_config/cfg.py:2609
2025-06-12 00:35:48.572 126332 DEBUG oslo_service.service [req-baa8d216-2ad1-4068-8781-1259572be52e - - - - -] api_database.backend = sqlalchemy log_opt_values /usr/lib/python3/dist-packages/oslo_config/cfg.py:2609
2025-06-12 00:35:48.573 127200 DEBUG nova.service [req-f63338f4-2446-4191-bc0d-f23d26734374 - - - - -] Join ServiceGroup membership for this service conductor start /usr/lib/python3/dist-packages/nova/service.py:199
2025-06-12 00:35:48.573 126332 DEBUG oslo_service.service [req-baa8d216-2ad1-4068-8781-1259572be52e - - - - -] api_database.connection = **** log_opt_values /usr/lib/python3/dist-packages/oslo_config/cfg.py:2609
2025-06-12 00:35:48.573 127200 DEBUG nova.servicegroup.drivers.db [req-f63338f4-2446-4191-bc0d-f23d26734374 - - - - -] DB_Driver: join new ServiceGroup member juju-b69973-0-lxd-7 to the conductor group, service = join /usr/lib/python3/dist-packages/nova/servicegroup/drivers/db.py:44
2025-06-12 00:35:48.573 126332 DEBUG oslo_service.service [req-baa8d216-2ad1-4068-8781-1259572be52e - - - - -] api_database.connection_debug = 0 log_opt_values /usr/lib/python3/dist-packages/oslo_config/cfg.py:2609
2025-06-12 00:35:48.573 126332 DEBUG oslo_service.service [req-baa8d216-2ad1-4068-8781-1259572be52e - - - - -] api_database.connection_parameters = log_opt_values /usr/lib/python3/dist-packages/oslo_config/cfg.py:2609
2025-06-12 00:35:48.574 127207 DEBUG oslo_messaging._drivers.amqpdriver [-] AMQPListener connection timeout poll /usr/lib/python3/dist-packages/oslo_messaging/_drivers/amqpdriver.py:360
2025-06-12 00:35:48.574 127207 DEBUG oslo_messaging._drivers.amqpdriver [-] Listener is running poll /usr/lib/python3/dist-packages/oslo_messaging/_drivers/amqpdriver.py:343
2025-06-12 00:35:48.574 127207 DEBUG oslo_messaging._drivers.amqpdriver [-] AMQPListener connection consume poll /usr/lib/python3/dist-packages/oslo_messaging/_drivers/amqpdriver.py:357
2025-06-12 00:35:48.573 126332 DEBUG oslo_service.service [req-baa8d216-2ad1-4068-8781-1259572be52e - - - - -] api_database.connection_recycle_time = 3600 log_opt_values /usr/lib/python3/dist-packages/oslo_config/cfg.py:2609
2025-06-12 00:35:48.575 126332 DEBUG oslo_service.service [req-baa8d216-2ad1-4068-8781-1259572be52e - - - - -] api_database.connection_trace = False log_opt_values /usr/lib/python3/dist-packages/oslo_config/cfg.py:2609
2025-06-12 00:35:48.575 126332 DEBUG oslo_service.service [req-baa8d216-2ad1-4068-8781-1259572be52e - - - - -] api_database.db_inc_retry_interval = True log_opt_values /usr/lib/python3/dist-packages/oslo_config/cfg.py:2609
2025-06-12 00:35:48.576 126332 DEBUG oslo_service.service [req-baa8d216-2ad1-4068-8781-1259572be52e - - - - -] api_database.db_max_retries = 20 log_opt_values /usr/lib/python3/dist-packages/oslo_config/cfg.py:2609
2025-06-12 00:35:48.576 126332 DEBUG oslo_service.service [req-baa8d216-2ad1-4068-8781-1259572be52e - - - - -] api_database.db_max_retry_interval = 10 log_opt_values /usr/lib/python3/dist-packages/oslo_config/cfg.py:2609
2025-06-12 00:35:48.575 127200 DEBUG oslo_messaging._drivers.amqpdriver [-] AMQPListener connection timeout poll /usr/lib/python3/dist-packages/oslo_messaging/_drivers/amqpdriver.py:360
2025-06-12 00:35:48.577 127200 DEBUG oslo_messaging._drivers.amqpdriver [-] Listener is running poll /usr/lib/python3/dist-packages/oslo_messaging/_drivers/amqpdriver.py:343
2025-06-12 00:35:48.577 127200 DEBUG oslo_messaging._drivers.amqpdriver [-] AMQPListener connection consume poll /usr/lib/python3/dist-packages/oslo_messaging/_drivers/amqpdriver.py:357
2025-06-12 00:35:48.577 126332 DEBUG oslo_service.service [req-baa8d216-2ad1-4068-8781-1259572be52e - - - - -] api_database.db_retry_interval = 1 log_opt_values /usr/lib/python3/dist-packages/oslo_config/cfg.py:2609
2025-06-12 00:35:48.577 126332 DEBUG oslo_service.service [req-baa8d216-2ad1-4068-8781-1259572be52e - - - - -] api_database.max_overflow = 50 log_opt_values /usr/lib/python3/dist-packages/oslo_config/cfg.py:2609
2025-06-12 00:35:48.578 126332 DEBUG oslo_service.service [req-baa8d216-2ad1-4068-8781-1259572be52e - - - - -] api_database.max_pool_size = 4 log_opt_values /usr/lib/python3/dist-packages/oslo_config/cfg.py:2609
2025-06-12 00:35:48.578 126332 DEBUG oslo_service.service [req-baa8d216-2ad1-4068-8781-1259572be52e - - - - -] api_database.max_retries = 10 log_opt_values /usr/lib/python3/dist-packages/oslo_config/cfg.py:2609
2025-06-12 00:35:48.578 126332 DEBUG oslo_service.service [req-baa8d216-2ad1-4068-8781-1259572be52e - - - - -] api_database.mysql_enable_ndb = False log_opt_values /usr/lib/python3/dist-packages/oslo_config/cfg.py:2609
2025-06-12 00:35:48.578 126332 DEBUG oslo_service.service [req-baa8d216-2ad1-4068-8781-1259572be52e - - - - -] api_database.mysql_sql_mode = TRADITIONAL log_opt_values /usr/lib/python3/dist-packages/oslo_config/cfg.py:2609
2025-06-12 00:35:48.578 126332 DEBUG oslo_service.service [req-baa8d216-2ad1-4068-8781-1259572be52e - - - - -] api_database.pool_timeout = None log_opt_values /usr/lib/python3/dist-packages/oslo_config/cfg.py:2609
2025-06-12 00:35:48.579 126332 DEBUG oslo_service.service [req-baa8d216-2ad1-4068-8781-1259572be52e - - - - -] api_database.retry_interval = 10 log_opt_values /usr/lib/python3/dist-packages/oslo_config/cfg.py:2609
2025-06-12 00:35:48.579 126332 DEBUG oslo_service.service [req-baa8d216-2ad1-4068-8781-1259572be52e - - - - -] api_database.slave_connection = **** log_opt_values /usr/lib/python3/dist-packages/oslo_config/cfg.py:2609
2025-06-12 00:35:48.579 126332 DEBUG oslo_service.service [req-baa8d216-2ad1-4068-8781-1259572be52e - - - - -] api_database.sqlite_synchronous = True log_opt_values /usr/lib/python3/dist-packages/oslo_config/cfg.py:2609
2025-06-12 00:35:48.579 126332 DEBUG oslo_service.service [req-baa8d216-2ad1-4068-8781-1259572be52e - - - - -] devices.enabled_mdev_types = [] log_opt_values /usr/lib/python3/dist-packages/oslo_config/cfg.py:2609
2025-06-12 00:35:48.579 126332 DEBUG oslo_service.service [req-baa8d216-2ad1-4068-8781-1259572be52e - - - - -] ephemeral_storage_encryption.cipher = aes-xts-plain64 log_opt_values /usr/lib/python3/dist-packages/oslo_config/cfg.py:2609
2025-06-12 00:35:48.579 126332 DEBUG oslo_service.service [req-baa8d216-2ad1-4068-8781-1259572be52e - - - - -] ephemeral_storage_encryption.enabled = False log_opt_values /usr/lib/python3/dist-packages/oslo_config/cfg.py:2609
2025-06-12 00:35:48.580 126332 DEBUG oslo_service.service [req-baa8d216-2ad1-4068-8781-1259572be52e - - - - -] ephemeral_storage_encryption.key_size = 512 log_opt_values /usr/lib/python3/dist-packages/oslo_config/cfg.py:2609
2025-06-12 00:35:48.581 126332 WARNING oslo_config.cfg [req-baa8d216-2ad1-4068-8781-1259572be52e - - - - -] Deprecated: Option "api_servers" from group "glance" is deprecated for removal ( Support for image service configuration via standard keystoneauth1 Adapter options was added in the 17.0.0 Queens release. The api_servers option was retained temporarily to allow consumers time to cut over to a real load balancing solution. ). Its value may be silently ignored in the future.
2025-06-12 00:35:48.581 126332 DEBUG oslo_service.service [req-baa8d216-2ad1-4068-8781-1259572be52e - - - - -] glance.api_servers = ['http://252.56.186.94:9292'] log_opt_values /usr/lib/python3/dist-packages/oslo_config/cfg.py:2609
2025-06-12 00:35:48.582 126332 DEBUG oslo_service.service [req-baa8d216-2ad1-4068-8781-1259572be52e - - - - -] glance.cafile = None log_opt_values /usr/lib/python3/dist-packages/oslo_config/cfg.py:2609
2025-06-12 00:35:48.582 126332 DEBUG oslo_service.service [req-baa8d216-2ad1-4068-8781-1259572be52e - - - - -] glance.certfile = None log_opt_values /usr/lib/python3/dist-packages/oslo_config/cfg.py:2609
2025-06-12 00:35:48.582 126332 DEBUG oslo_service.service [req-baa8d216-2ad1-4068-8781-1259572be52e - - - - -] glance.collect_timing = False log_opt_values /usr/lib/python3/dist-packages/oslo_config/cfg.py:2609
2025-06-12 00:35:48.584 126332 DEBUG oslo_service.service [req-baa8d216-2ad1-4068-8781-1259572be52e - - - - -] glance.connect_retries = None log_opt_values /usr/lib/python3/dist-packages/oslo_config/cfg.py:2609
2025-06-12 00:35:48.584 126332 DEBUG oslo_service.service [req-baa8d216-2ad1-4068-8781-1259572be52e - - - - -] glance.connect_retry_delay = None log_opt_values /usr/lib/python3/dist-packages/oslo_config/cfg.py:2609
2025-06-12 00:35:48.584 126332 DEBUG oslo_service.service [req-baa8d216-2ad1-4068-8781-1259572be52e - - - - -] glance.debug = False log_opt_values /usr/lib/python3/dist-packages/oslo_config/cfg.py:2609
2025-06-12 00:35:48.584 126332 DEBUG oslo_service.service [req-baa8d216-2ad1-4068-8781-1259572be52e - - - - -] glance.default_trusted_certificate_ids = [] log_opt_values /usr/lib/python3/dist-packages/oslo_config/cfg.py:2609
2025-06-12 00:35:48.585 126332 DEBUG oslo_service.service [req-baa8d216-2ad1-4068-8781-1259572be52e - - - - -] glance.enable_certificate_validation = False log_opt_values /usr/lib/python3/dist-packages/oslo_config/cfg.py:2609
2025-06-12 00:35:48.585 126332 DEBUG oslo_service.service [req-baa8d216-2ad1-4068-8781-1259572be52e - - - - -] glance.enable_rbd_download = False log_opt_values /usr/lib/python3/dist-packages/oslo_config/cfg.py:2609
2025-06-12 00:35:48.586 126332 DEBUG oslo_service.service [req-baa8d216-2ad1-4068-8781-1259572be52e - - - - -] glance.endpoint_override = None log_opt_values /usr/lib/python3/dist-packages/oslo_config/cfg.py:2609
2025-06-12 00:35:48.586 126332 DEBUG oslo_service.service [req-baa8d216-2ad1-4068-8781-1259572be52e - - - - -] glance.insecure = False log_opt_values /usr/lib/python3/dist-packages/oslo_config/cfg.py:2609
2025-06-12 00:35:48.586 126332 DEBUG oslo_service.service [req-baa8d216-2ad1-4068-8781-1259572be52e - - - - -] glance.keyfile = None log_opt_values /usr/lib/python3/dist-packages/oslo_config/cfg.py:2609
2025-06-12 00:35:48.586 126332 DEBUG oslo_service.service [req-baa8d216-2ad1-4068-8781-1259572be52e - - - - -] glance.max_version = None log_opt_values /usr/lib/python3/dist-packages/oslo_config/cfg.py:2609
2025-06-12 00:35:48.587 126332 DEBUG oslo_service.service [req-baa8d216-2ad1-4068-8781-1259572be52e - - - - -] glance.min_version = None log_opt_values /usr/lib/python3/dist-packages/oslo_config/cfg.py:2609
2025-06-12 00:35:48.587 126332 DEBUG oslo_service.service [req-baa8d216-2ad1-4068-8781-1259572be52e - - - - -] glance.num_retries = 3 log_opt_values /usr/lib/python3/dist-packages/oslo_config/cfg.py:2609
2025-06-12 00:35:48.587 126332 DEBUG oslo_service.service [req-baa8d216-2ad1-4068-8781-1259572be52e - - - - -] glance.rbd_ceph_conf = log_opt_values /usr/lib/python3/dist-packages/oslo_config/cfg.py:2609
2025-06-12 00:35:48.588 126332 DEBUG oslo_service.service [req-baa8d216-2ad1-4068-8781-1259572be52e - - - - -] glance.rbd_connect_timeout = 5 log_opt_values /usr/lib/python3/dist-packages/oslo_config/cfg.py:2609
2025-06-12 00:35:48.589 126332 DEBUG oslo_service.service [req-baa8d216-2ad1-4068-8781-1259572be52e - - - - -] glance.rbd_pool = log_opt_values /usr/lib/python3/dist-packages/oslo_config/cfg.py:2609
2025-06-12 00:35:48.589 126332 DEBUG oslo_service.service [req-baa8d216-2ad1-4068-8781-1259572be52e - - - - -] glance.rbd_user = log_opt_values /usr/lib/python3/dist-packages/oslo_config/cfg.py:2609
2025-06-12 00:35:48.590 126332 DEBUG oslo_service.service [req-baa8d216-2ad1-4068-8781-1259572be52e - - - - -] glance.region_name = None log_opt_values /usr/lib/python3/dist-packages/oslo_config/cfg.py:2609
2025-06-12 00:35:48.590 126332 DEBUG oslo_service.service [req-baa8d216-2ad1-4068-8781-1259572be52e - - - - -] glance.service_name = None log_opt_values /usr/lib/python3/dist-packages/oslo_config/cfg.py:2609
2025-06-12 00:35:48.590 126332 DEBUG oslo_service.service [req-baa8d216-2ad1-4068-8781-1259572be52e - - - - -] glance.service_type = image log_opt_values /usr/lib/python3/dist-packages/oslo_config/cfg.py:2609
2025-06-12 00:35:48.590 126332 DEBUG oslo_service.service [req-baa8d216-2ad1-4068-8781-1259572be52e - - - - -] glance.split_loggers = False log_opt_values /usr/lib/python3/dist-packages/oslo_config/cfg.py:2609
2025-06-12 00:35:48.591 126332 DEBUG oslo_service.service [req-baa8d216-2ad1-4068-8781-1259572be52e - - - - -] glance.status_code_retries = None log_opt_values /usr/lib/python3/dist-packages/oslo_config/cfg.py:2609
2025-06-12 00:35:48.591 126332 DEBUG oslo_service.service [req-baa8d216-2ad1-4068-8781-1259572be52e - - - - -] glance.status_code_retry_delay = None log_opt_values /usr/lib/python3/dist-packages/oslo_config/cfg.py:2609
2025-06-12 00:35:48.591 126332 DEBUG oslo_service.service [req-baa8d216-2ad1-4068-8781-1259572be52e - - - - -] glance.timeout = None log_opt_values /usr/lib/python3/dist-packages/oslo_config/cfg.py:2609
2025-06-12 00:35:48.592 126332 DEBUG oslo_service.service [req-baa8d216-2ad1-4068-8781-1259572be52e - - - - -] glance.valid_interfaces = ['internal', 'public'] log_opt_values /usr/lib/python3/dist-packages/oslo_config/cfg.py:2609
2025-06-12 00:35:48.592 126332 DEBUG oslo_service.service [req-baa8d216-2ad1-4068-8781-1259572be52e - - - - -] glance.verify_glance_signatures = False log_opt_values /usr/lib/python3/dist-packages/oslo_config/cfg.py:2609
2025-06-12 00:35:48.592 126332 DEBUG oslo_service.service [req-baa8d216-2ad1-4068-8781-1259572be52e - - - - -] glance.version = None log_opt_values /usr/lib/python3/dist-packages/oslo_config/cfg.py:2609
2025-06-12 00:35:48.592 126332 DEBUG oslo_service.service [req-baa8d216-2ad1-4068-8781-1259572be52e - - - - -] guestfs.debug = False log_opt_values /usr/lib/python3/dist-packages/oslo_config/cfg.py:2609
2025-06-12 00:35:48.593 126332 DEBUG oslo_service.service [req-baa8d216-2ad1-4068-8781-1259572be52e - - - - -] hyperv.config_drive_cdrom = False log_opt_values /usr/lib/python3/dist-packages/oslo_config/cfg.py:2609
2025-06-12 00:35:48.593 126332 DEBUG oslo_service.service [req-baa8d216-2ad1-4068-8781-1259572be52e - - - - -] hyperv.config_drive_inject_password = False log_opt_values /usr/lib/python3/dist-packages/oslo_config/cfg.py:2609
2025-06-12 00:35:48.592 127210 DEBUG oslo_messaging._drivers.amqpdriver [-] Listener is running poll /usr/lib/python3/dist-packages/oslo_messaging/_drivers/amqpdriver.py:343
2025-06-12 00:35:48.593 126332 DEBUG oslo_service.service [req-baa8d216-2ad1-4068-8781-1259572be52e - - - - -] hyperv.dynamic_memory_ratio = 1.0 log_opt_values /usr/lib/python3/dist-packages/oslo_config/cfg.py:2609
2025-06-12 00:35:48.593 126332 DEBUG oslo_service.service [req-baa8d216-2ad1-4068-8781-1259572be52e - - - - -] hyperv.enable_instance_metrics_collection = False log_opt_values /usr/lib/python3/dist-packages/oslo_config/cfg.py:2609
2025-06-12 00:35:48.593 127210 DEBUG oslo_messaging._drivers.amqpdriver [-] AMQPListener connection consume poll /usr/lib/python3/dist-packages/oslo_messaging/_drivers/amqpdriver.py:357
2025-06-12 00:35:48.593 126332 DEBUG oslo_service.service [req-baa8d216-2ad1-4068-8781-1259572be52e - - - - -] hyperv.enable_remotefx = False log_opt_values /usr/lib/python3/dist-packages/oslo_config/cfg.py:2609
2025-06-12 00:35:48.593 126332 DEBUG oslo_service.service [req-baa8d216-2ad1-4068-8781-1259572be52e - - - - -] hyperv.instances_path_share = log_opt_values /usr/lib/python3/dist-packages/oslo_config/cfg.py:2609
2025-06-12 00:35:48.594 127210 DEBUG nova.service [req-ecdd3665-3b2d-4e31-97e3-d3a037407830 - - - - -] Join ServiceGroup membership for this service conductor start /usr/lib/python3/dist-packages/nova/service.py:199
