2025-06-12 01:50:03.739 66569 DEBUG oslo_service.service [-] cache.proxies = [] log_opt_values /usr/lib/python3/dist-packages/oslo_config/cfg.py:2609
2025-06-12 01:50:03.740 66569 DEBUG oslo_service.service [-] cache.tls_allowed_ciphers = None log_opt_values /usr/lib/python3/dist-packages/oslo_config/cfg.py:2609
2025-06-12 01:50:03.740 66569 DEBUG oslo_service.service [-] cache.tls_cafile = None log_opt_values /usr/lib/python3/dist-packages/oslo_config/cfg.py:2609
2025-06-12 01:50:03.740 66569 DEBUG oslo_service.service [-] cache.tls_certfile = None log_opt_values /usr/lib/python3/dist-packages/oslo_config/cfg.py:2609
2025-06-12 01:50:03.740 66569 DEBUG oslo_service.service [-] cache.tls_enabled = False log_opt_values /usr/lib/python3/dist-packages/oslo_config/cfg.py:2609
2025-06-12 01:50:03.740 66569 DEBUG oslo_service.service [-] cache.tls_keyfile = None log_opt_values /usr/lib/python3/dist-packages/oslo_config/cfg.py:2609
2025-06-12 01:50:03.740 66569 DEBUG oslo_service.service [-] constraint_validation_cache.caching = True log_opt_values /usr/lib/python3/dist-packages/oslo_config/cfg.py:2609
2025-06-12 01:50:03.740 66569 DEBUG oslo_service.service [-] constraint_validation_cache.expiration_time = 60 log_opt_values /usr/lib/python3/dist-packages/oslo_config/cfg.py:2609
2025-06-12 01:50:03.740 66569 DEBUG oslo_service.service [-] service_extension_cache.caching = True log_opt_values /usr/lib/python3/dist-packages/oslo_config/cfg.py:2609
2025-06-12 01:50:03.740 66569 DEBUG oslo_service.service [-] service_extension_cache.expiration_time = 3600 log_opt_values /usr/lib/python3/dist-packages/oslo_config/cfg.py:2609
2025-06-12 01:50:03.740 66569 DEBUG oslo_service.service [-] resource_finder_cache.caching = True log_opt_values /usr/lib/python3/dist-packages/oslo_config/cfg.py:2609
2025-06-12 01:50:03.741 66569 DEBUG oslo_service.service [-] resource_finder_cache.expiration_time = 3600 log_opt_values /usr/lib/python3/dist-packages/oslo_config/cfg.py:2609
2025-06-12 01:50:03.741 66569 DEBUG oslo_service.service [-] yaql.limit_iterators = 200 log_opt_values /usr/lib/python3/dist-packages/oslo_config/cfg.py:2609
2025-06-12 01:50:03.741 66569 DEBUG oslo_service.service [-] yaql.memory_quota = 10000 log_opt_values /usr/lib/python3/dist-packages/oslo_config/cfg.py:2609
2025-06-12 01:50:03.741 66569 DEBUG oslo_service.service [-] ******************************************************************************** log_opt_values /usr/lib/python3/dist-packages/oslo_config/cfg.py:2613
2025-06-12 01:50:03.753 66797 DEBUG oslo_db.sqlalchemy.engines [req-fa4935bb-04aa-4788-b5b0-639cc8d44319 - - - - -] MySQL server mode set to STRICT_TRANS_TABLES,STRICT_ALL_TABLES,NO_ZERO_IN_DATE,NO_ZERO_DATE,ERROR_FOR_DIVISION_BY_ZERO,TRADITIONAL,NO_ENGINE_SUBSTITUTION _check_effective_sql_mode /usr/lib/python3/dist-packages/oslo_db/sqlalchemy/engines.py:314
2025-06-12 01:50:03.758 66798 DEBUG oslo_db.sqlalchemy.engines [req-4d5c3924-46ec-4f33-86b9-c4e03e63689c - - - - -] MySQL server mode set to STRICT_TRANS_TABLES,STRICT_ALL_TABLES,NO_ZERO_IN_DATE,NO_ZERO_DATE,ERROR_FOR_DIVISION_BY_ZERO,TRADITIONAL,NO_ENGINE_SUBSTITUTION _check_effective_sql_mode /usr/lib/python3/dist-packages/oslo_db/sqlalchemy/engines.py:314
2025-06-12 01:50:03.759 66795 DEBUG oslo_db.sqlalchemy.engines [req-d00c869a-f85c-410e-b9f3-920e072887b0 - - - - -] MySQL server mode set to STRICT_TRANS_TABLES,STRICT_ALL_TABLES,NO_ZERO_IN_DATE,NO_ZERO_DATE,ERROR_FOR_DIVISION_BY_ZERO,TRADITIONAL,NO_ENGINE_SUBSTITUTION _check_effective_sql_mode /usr/lib/python3/dist-packages/oslo_db/sqlalchemy/engines.py:314
2025-06-12 01:50:03.776 66796 DEBUG oslo_db.sqlalchemy.engines [req-acf0a22d-5013-4adc-9e18-aee7f8c67594 - - - - -] MySQL server mode set to STRICT_TRANS_TABLES,STRICT_ALL_TABLES,NO_ZERO_IN_DATE,NO_ZERO_DATE,ERROR_FOR_DIVISION_BY_ZERO,TRADITIONAL,NO_ENGINE_SUBSTITUTION _check_effective_sql_mode /usr/lib/python3/dist-packages/oslo_db/sqlalchemy/engines.py:314
2025-06-12 01:50:03.797 66797 DEBUG heat.engine.service [req-fa4935bb-04aa-4788-b5b0-639cc8d44319 - - - - -] Service 0d363822-3e99-4a66-b2bd-13e1a82dd2be was aborted service_manage_cleanup /usr/lib/python3/dist-packages/heat/engine/service.py:2391
2025-06-12 01:50:03.812 66798 DEBUG heat.engine.service [req-4d5c3924-46ec-4f33-86b9-c4e03e63689c - - - - -] Service 0d363822-3e99-4a66-b2bd-13e1a82dd2be was aborted service_manage_cleanup /usr/lib/python3/dist-packages/heat/engine/service.py:2391
2025-06-12 01:50:03.827 66795 DEBUG heat.engine.service [req-d00c869a-f85c-410e-b9f3-920e072887b0 - - - - -] Service 0d363822-3e99-4a66-b2bd-13e1a82dd2be was aborted service_manage_cleanup /usr/lib/python3/dist-packages/heat/engine/service.py:2391
2025-06-12 01:50:03.840 66796 DEBUG heat.engine.service [req-acf0a22d-5013-4adc-9e18-aee7f8c67594 - - - - -] Service 0d363822-3e99-4a66-b2bd-13e1a82dd2be was aborted service_manage_cleanup /usr/lib/python3/dist-packages/heat/engine/service.py:2391
2025-06-12 01:50:04.000 66797 DEBUG heat.engine.service [req-fa4935bb-04aa-4788-b5b0-639cc8d44319 - - - - -] Service 0db99d86-916f-486d-a437-771cb5f70617 was aborted service_manage_cleanup /usr/lib/python3/dist-packages/heat/engine/service.py:2391
2025-06-12 01:50:04.001 66798 DEBUG heat.engine.service [req-4d5c3924-46ec-4f33-86b9-c4e03e63689c - - - - -] Service 0db99d86-916f-486d-a437-771cb5f70617 was aborted service_manage_cleanup /usr/lib/python3/dist-packages/heat/engine/service.py:2391
2025-06-12 01:50:04.002 66795 DEBUG heat.engine.service [req-d00c869a-f85c-410e-b9f3-920e072887b0 - - - - -] Service 0db99d86-916f-486d-a437-771cb5f70617 was aborted service_manage_cleanup /usr/lib/python3/dist-packages/heat/engine/service.py:2391
2025-06-12 01:50:04.005 66796 DEBUG heat.engine.service [req-acf0a22d-5013-4adc-9e18-aee7f8c67594 - - - - -] Service 0db99d86-916f-486d-a437-771cb5f70617 was aborted service_manage_cleanup /usr/lib/python3/dist-packages/heat/engine/service.py:2391
2025-06-12 01:50:04.088 66797 DEBUG heat.engine.service [req-fa4935bb-04aa-4788-b5b0-639cc8d44319 - - - - -] Service 0fcc0e4a-1acb-4446-b01b-a409b95963e5 was aborted service_manage_cleanup /usr/lib/python3/dist-packages/heat/engine/service.py:2391
2025-06-12 01:50:04.088 66798 DEBUG heat.engine.service [req-4d5c3924-46ec-4f33-86b9-c4e03e63689c - - - - -] Service 0fcc0e4a-1acb-4446-b01b-a409b95963e5 was aborted service_manage_cleanup /usr/lib/python3/dist-packages/heat/engine/service.py:2391
2025-06-12 01:50:04.090 66795 DEBUG heat.engine.service [req-d00c869a-f85c-410e-b9f3-920e072887b0 - - - - -] Service 0fcc0e4a-1acb-4446-b01b-a409b95963e5 was aborted service_manage_cleanup /usr/lib/python3/dist-packages/heat/engine/service.py:2391
2025-06-12 01:50:04.091 66796 DEBUG heat.engine.service [req-acf0a22d-5013-4adc-9e18-aee7f8c67594 - - - - -] Service 0fcc0e4a-1acb-4446-b01b-a409b95963e5 was aborted service_manage_cleanup /usr/lib/python3/dist-packages/heat/engine/service.py:2391
2025-06-12 01:50:04.155 66798 DEBUG heat.engine.service [req-4d5c3924-46ec-4f33-86b9-c4e03e63689c - - - - -] Service 287b5545-7ad8-4cec-996d-6ca82bff60ec was aborted service_manage_cleanup /usr/lib/python3/dist-packages/heat/engine/service.py:2391
2025-06-12 01:50:04.155 66797 DEBUG heat.engine.service [req-fa4935bb-04aa-4788-b5b0-639cc8d44319 - - - - -] Service 287b5545-7ad8-4cec-996d-6ca82bff60ec was aborted service_manage_cleanup /usr/lib/python3/dist-packages/heat/engine/service.py:2391
2025-06-12 01:50:04.156 66796 DEBUG heat.engine.service [req-acf0a22d-5013-4adc-9e18-aee7f8c67594 - - - - -] Service 287b5545-7ad8-4cec-996d-6ca82bff60ec was aborted service_manage_cleanup /usr/lib/python3/dist-packages/heat/engine/service.py:2391
2025-06-12 01:50:04.157 66795 DEBUG heat.engine.service [req-d00c869a-f85c-410e-b9f3-920e072887b0 - - - - -] Service 287b5545-7ad8-4cec-996d-6ca82bff60ec was aborted service_manage_cleanup /usr/lib/python3/dist-packages/heat/engine/service.py:2391
2025-06-12 01:50:04.167 66798 DEBUG heat.engine.service [req-4d5c3924-46ec-4f33-86b9-c4e03e63689c - - - - -] Service 30723ea0-0e74-4f08-9e6d-b115c17a23bd was aborted service_manage_cleanup /usr/lib/python3/dist-packages/heat/engine/service.py:2391
2025-06-12 01:50:04.167 66796 DEBUG heat.engine.service [req-acf0a22d-5013-4adc-9e18-aee7f8c67594 - - - - -] Service 30723ea0-0e74-4f08-9e6d-b115c17a23bd was aborted service_manage_cleanup /usr/lib/python3/dist-packages/heat/engine/service.py:2391
2025-06-12 01:50:04.168 66797 DEBUG heat.engine.service [req-fa4935bb-04aa-4788-b5b0-639cc8d44319 - - - - -] Service 30723ea0-0e74-4f08-9e6d-b115c17a23bd was aborted service_manage_cleanup /usr/lib/python3/dist-packages/heat/engine/service.py:2391
2025-06-12 01:50:04.169 66795 DEBUG heat.engine.service [req-d00c869a-f85c-410e-b9f3-920e072887b0 - - - - -] Service 30723ea0-0e74-4f08-9e6d-b115c17a23bd was aborted service_manage_cleanup /usr/lib/python3/dist-packages/heat/engine/service.py:2391
2025-06-12 01:50:04.185 66798 DEBUG heat.engine.service [req-4d5c3924-46ec-4f33-86b9-c4e03e63689c - - - - -] Service 472d5964-5437-4b8d-83f4-0a599de2c23a was aborted service_manage_cleanup /usr/lib/python3/dist-packages/heat/engine/service.py:2391
2025-06-12 01:50:04.187 66796 DEBUG heat.engine.service [req-acf0a22d-5013-4adc-9e18-aee7f8c67594 - - - - -] Service 472d5964-5437-4b8d-83f4-0a599de2c23a was aborted service_manage_cleanup /usr/lib/python3/dist-packages/heat/engine/service.py:2391
2025-06-12 01:50:04.188 66795 DEBUG heat.engine.service [req-d00c869a-f85c-410e-b9f3-920e072887b0 - - - - -] Service 472d5964-5437-4b8d-83f4-0a599de2c23a was aborted service_manage_cleanup /usr/lib/python3/dist-packages/heat/engine/service.py:2391
2025-06-12 01:50:04.189 66797 DEBUG heat.engine.service [req-fa4935bb-04aa-4788-b5b0-639cc8d44319 - - - - -] Service 472d5964-5437-4b8d-83f4-0a599de2c23a was aborted service_manage_cleanup /usr/lib/python3/dist-packages/heat/engine/service.py:2391
2025-06-12 01:50:04.198 66798 DEBUG heat.engine.service [req-4d5c3924-46ec-4f33-86b9-c4e03e63689c - - - - -] Service a88a8e60-c48a-4929-b780-f8ac24ec4a47 was aborted service_manage_cleanup /usr/lib/python3/dist-packages/heat/engine/service.py:2391
2025-06-12 01:50:04.200 66796 DEBUG heat.engine.service [req-acf0a22d-5013-4adc-9e18-aee7f8c67594 - - - - -] Service a88a8e60-c48a-4929-b780-f8ac24ec4a47 was aborted service_manage_cleanup /usr/lib/python3/dist-packages/heat/engine/service.py:2391
2025-06-12 01:50:04.201 66795 DEBUG heat.engine.service [req-d00c869a-f85c-410e-b9f3-920e072887b0 - - - - -] Service a88a8e60-c48a-4929-b780-f8ac24ec4a47 was aborted service_manage_cleanup /usr/lib/python3/dist-packages/heat/engine/service.py:2391
2025-06-12 01:50:04.202 66797 DEBUG heat.engine.service [req-fa4935bb-04aa-4788-b5b0-639cc8d44319 - - - - -] Service a88a8e60-c48a-4929-b780-f8ac24ec4a47 was aborted service_manage_cleanup /usr/lib/python3/dist-packages/heat/engine/service.py:2391
2025-06-12 01:50:04.212 66798 DEBUG heat.engine.service [req-4d5c3924-46ec-4f33-86b9-c4e03e63689c - - - - -] Service ba84a2d6-4010-4ce4-80a9-492c9ed05496 was aborted service_manage_cleanup /usr/lib/python3/dist-packages/heat/engine/service.py:2391
2025-06-12 01:50:04.213 66796 DEBUG heat.engine.service [req-acf0a22d-5013-4adc-9e18-aee7f8c67594 - - - - -] Service ba84a2d6-4010-4ce4-80a9-492c9ed05496 was aborted service_manage_cleanup /usr/lib/python3/dist-packages/heat/engine/service.py:2391
2025-06-12 01:50:04.214 66795 DEBUG heat.engine.service [req-d00c869a-f85c-410e-b9f3-920e072887b0 - - - - -] Service ba84a2d6-4010-4ce4-80a9-492c9ed05496 was aborted service_manage_cleanup /usr/lib/python3/dist-packages/heat/engine/service.py:2391
2025-06-12 01:50:04.215 66797 DEBUG heat.engine.service [req-fa4935bb-04aa-4788-b5b0-639cc8d44319 - - - - -] Service ba84a2d6-4010-4ce4-80a9-492c9ed05496 was aborted service_manage_cleanup /usr/lib/python3/dist-packages/heat/engine/service.py:2391
2025-06-12 01:50:04.235 66796 DEBUG heat.engine.service [req-acf0a22d-5013-4adc-9e18-aee7f8c67594 - - - - -] Service c3bd6f6a-af3a-435f-9816-3d1e0a5ae619 was aborted service_manage_cleanup /usr/lib/python3/dist-packages/heat/engine/service.py:2391
2025-06-12 01:50:04.235 66798 DEBUG heat.engine.service [req-4d5c3924-46ec-4f33-86b9-c4e03e63689c - - - - -] Service c3bd6f6a-af3a-435f-9816-3d1e0a5ae619 was aborted service_manage_cleanup /usr/lib/python3/dist-packages/heat/engine/service.py:2391
2025-06-12 01:50:04.237 66797 DEBUG heat.engine.service [req-fa4935bb-04aa-4788-b5b0-639cc8d44319 - - - - -] Service c3bd6f6a-af3a-435f-9816-3d1e0a5ae619 was aborted service_manage_cleanup /usr/lib/python3/dist-packages/heat/engine/service.py:2391
2025-06-12 01:50:04.238 66795 DEBUG heat.engine.service [req-d00c869a-f85c-410e-b9f3-920e072887b0 - - - - -] Service c3bd6f6a-af3a-435f-9816-3d1e0a5ae619 was aborted service_manage_cleanup /usr/lib/python3/dist-packages/heat/engine/service.py:2391
2025-06-12 01:50:04.248 66796 DEBUG heat.engine.service [req-acf0a22d-5013-4adc-9e18-aee7f8c67594 - - - - -] Service cff912c8-2b12-43b6-96dd-8fe352c2bc29 was aborted service_manage_cleanup /usr/lib/python3/dist-packages/heat/engine/service.py:2391
2025-06-12 01:50:04.248 66798 DEBUG heat.engine.service [req-4d5c3924-46ec-4f33-86b9-c4e03e63689c - - - - -] Service cff912c8-2b12-43b6-96dd-8fe352c2bc29 was aborted service_manage_cleanup /usr/lib/python3/dist-packages/heat/engine/service.py:2391
2025-06-12 01:50:04.249 66795 DEBUG heat.engine.service [req-d00c869a-f85c-410e-b9f3-920e072887b0 - - - - -] Service cff912c8-2b12-43b6-96dd-8fe352c2bc29 was aborted service_manage_cleanup /usr/lib/python3/dist-packages/heat/engine/service.py:2391
2025-06-12 01:50:04.250 66797 DEBUG heat.engine.service [req-fa4935bb-04aa-4788-b5b0-639cc8d44319 - - - - -] Service cff912c8-2b12-43b6-96dd-8fe352c2bc29 was aborted service_manage_cleanup /usr/lib/python3/dist-packages/heat/engine/service.py:2391
2025-06-12 01:50:04.274 66796 DEBUG heat.engine.service [req-acf0a22d-5013-4adc-9e18-aee7f8c67594 - - - - -] Service d586196f-b991-435a-b666-dd93f8560910 was aborted service_manage_cleanup /usr/lib/python3/dist-packages/heat/engine/service.py:2391
2025-06-12 01:50:04.274 66798 DEBUG heat.engine.service [req-4d5c3924-46ec-4f33-86b9-c4e03e63689c - - - - -] Service d586196f-b991-435a-b666-dd93f8560910 was aborted service_manage_cleanup /usr/lib/python3/dist-packages/heat/engine/service.py:2391
2025-06-12 01:50:04.276 66795 DEBUG heat.engine.service [req-d00c869a-f85c-410e-b9f3-920e072887b0 - - - - -] Service d586196f-b991-435a-b666-dd93f8560910 was aborted service_manage_cleanup /usr/lib/python3/dist-packages/heat/engine/service.py:2391
2025-06-12 01:50:04.277 66797 DEBUG heat.engine.service [req-fa4935bb-04aa-4788-b5b0-639cc8d44319 - - - - -] Service d586196f-b991-435a-b666-dd93f8560910 was aborted service_manage_cleanup /usr/lib/python3/dist-packages/heat/engine/service.py:2391
2025-06-12 01:50:04.290 66796 DEBUG heat.engine.service [req-acf0a22d-5013-4adc-9e18-aee7f8c67594 - - - - -] Service f78195dd-e38b-4c7d-b1da-b7b54bae24e4 was aborted service_manage_cleanup /usr/lib/python3/dist-packages/heat/engine/service.py:2391
2025-06-12 01:50:04.292 66798 DEBUG heat.engine.service [req-4d5c3924-46ec-4f33-86b9-c4e03e63689c - - - - -] Service f78195dd-e38b-4c7d-b1da-b7b54bae24e4 was aborted service_manage_cleanup /usr/lib/python3/dist-packages/heat/engine/service.py:2391
2025-06-12 01:50:04.294 66795 DEBUG heat.engine.service [req-d00c869a-f85c-410e-b9f3-920e072887b0 - - - - -] Service f78195dd-e38b-4c7d-b1da-b7b54bae24e4 was aborted service_manage_cleanup /usr/lib/python3/dist-packages/heat/engine/service.py:2391
2025-06-12 01:50:04.294 66797 DEBUG heat.engine.service [req-fa4935bb-04aa-4788-b5b0-639cc8d44319 - - - - -] Service f78195dd-e38b-4c7d-b1da-b7b54bae24e4 was aborted service_manage_cleanup /usr/lib/python3/dist-packages/heat/engine/service.py:2391
2025-06-12 01:50:04.338 66795 DEBUG heat.engine.service [req-029e2b97-8358-4a9a-8aa9-72d30a183611 - - - - -] Service a6e13632-93d3-40a0-bfe8-9d04bb042c23 is started service_manage_report /usr/lib/python3/dist-packages/heat/engine/service.py:2363
2025-06-12 01:50:04.338 66798 DEBUG heat.engine.service [req-4a656c60-0f79-4a7d-ac4f-c8f673eadde6 - - - - -] Service 5d5085eb-0c68-4e11-8bae-407d70f0bce0 is started service_manage_report /usr/lib/python3/dist-packages/heat/engine/service.py:2363
2025-06-12 01:50:04.338 66797 DEBUG heat.engine.service [req-da6a688e-6c66-4b1a-8656-73740d511560 - - - - -] Service f069e2f6-c0cb-4233-a4b2-102c2ef9613e is started service_manage_report /usr/lib/python3/dist-packages/heat/engine/service.py:2363
2025-06-12 01:50:04.339 66796 DEBUG heat.engine.service [req-2336dc08-8c6e-4fc0-82cd-7e5d959b10ba - - - - -] Service fd0943f5-eeb5-4c16-8458-16ef1ee712cf is started service_manage_report /usr/lib/python3/dist-packages/heat/engine/service.py:2363
2025-06-12 01:50:04.363 66795 DEBUG heat.engine.service [req-029e2b97-8358-4a9a-8aa9-72d30a183611 - - - - -] Service a6e13632-93d3-40a0-bfe8-9d04bb042c23 is updated service_manage_report /usr/lib/python3/dist-packages/heat/engine/service.py:2370
2025-06-12 01:50:04.380 66798 DEBUG heat.engine.service [req-4a656c60-0f79-4a7d-ac4f-c8f673eadde6 - - - - -] Service 5d5085eb-0c68-4e11-8bae-407d70f0bce0 is updated service_manage_report /usr/lib/python3/dist-packages/heat/engine/service.py:2370
2025-06-12 01:50:04.380 66797 DEBUG heat.engine.service [req-da6a688e-6c66-4b1a-8656-73740d511560 - - - - -] Service f069e2f6-c0cb-4233-a4b2-102c2ef9613e is updated service_manage_report /usr/lib/python3/dist-packages/heat/engine/service.py:2370
2025-06-12 01:50:04.380 66796 DEBUG heat.engine.service [req-2336dc08-8c6e-4fc0-82cd-7e5d959b10ba - - - - -] Service fd0943f5-eeb5-4c16-8458-16ef1ee712cf is updated service_manage_report /usr/lib/python3/dist-packages/heat/engine/service.py:2370
2025-06-12 01:51:03.881 66796 DEBUG heat.engine.service [-] Attempting to stop engine service... _stop_rpc_server /usr/lib/python3/dist-packages/heat/engine/service.py:437
2025-06-12 01:51:03.881 66798 DEBUG heat.engine.service [-] Attempting to stop engine service... _stop_rpc_server /usr/lib/python3/dist-packages/heat/engine/service.py:437
2025-06-12 01:51:03.881 66797 DEBUG heat.engine.service [-] Attempting to stop engine service... _stop_rpc_server /usr/lib/python3/dist-packages/heat/engine/service.py:437
2025-06-12 01:51:03.881 66795 DEBUG heat.engine.service [-] Attempting to stop engine service... _stop_rpc_server /usr/lib/python3/dist-packages/heat/engine/service.py:437
2025-06-12 01:51:03.886 66569 INFO oslo_service.service [-] Caught SIGTERM, stopping children
2025-06-12 01:51:03.886 66569 DEBUG oslo_concurrency.lockutils [-] Acquired lock "singleton_lock" lock /usr/lib/python3/dist-packages/oslo_concurrency/lockutils.py:294
2025-06-12 01:51:03.887 66569 DEBUG oslo_concurrency.lockutils [-] Releasing lock "singleton_lock" lock /usr/lib/python3/dist-packages/oslo_concurrency/lockutils.py:312
2025-06-12 01:51:03.887 66569 DEBUG oslo_service.service [-] Stop services. stop /usr/lib/python3/dist-packages/oslo_service/service.py:695
2025-06-12 01:51:03.887 66569 INFO heat.engine.service [-] All threads were gone, terminating engine
2025-06-12 01:51:03.887 66569 DEBUG oslo_service.service [-] Killing children. stop /usr/lib/python3/dist-packages/oslo_service/service.py:700
2025-06-12 01:51:03.887 66569 INFO oslo_service.service [-] Waiting on 4 children to exit
2025-06-12 01:51:03.898 66569 INFO oslo_service.service [-] Child 66797 killed by signal 15
2025-06-12 01:51:03.901 66569 INFO oslo_service.service [-] Child 66798 killed by signal 15
2025-06-12 01:51:03.903 66569 INFO oslo_service.service [-] Child 66795 killed by signal 15
2025-06-12 01:51:03.903 66569 INFO oslo_service.service [-] Child 66796 killed by signal 15
2025-06-12 01:51:05.683 68155 DEBUG oslo_concurrency.lockutils [-] Lock "context-manager" acquired by "neutron_lib.db.api._create_context_manager" :: waited 0.000s inner /usr/lib/python3/dist-packages/oslo_concurrency/lockutils.py:386
2025-06-12 01:51:05.684 68155 DEBUG oslo_concurrency.lockutils [-] Lock "context-manager" "released" by "neutron_lib.db.api._create_context_manager" :: held 0.000s inner /usr/lib/python3/dist-packages/oslo_concurrency/lockutils.py:400
2025-06-12 01:51:07.976 68155 WARNING heat.engine.environment [-] OS::Aodh::Alarm is DEPRECATED. Theshold alarm relies on ceilometer-api and has been deprecated in aodh since Ocata. Use OS::Aodh::GnocchiAggregationByResourcesAlarm instead.
2025-06-12 01:51:07.977 68155 WARNING heat.engine.environment [-] OS::Aodh::CombinationAlarm is HIDDEN. OS::Aodh::CombinationAlarm is deprecated and has been removed from Aodh, use OS::Aodh::CompositeAlarm instead.
2025-06-12 01:51:07.977 68155 WARNING heat.engine.environment [-] OS::Designate::Domain is HIDDEN. This resource has been removed, use OS::Designate::Zone instead.
2025-06-12 01:51:07.977 68155 WARNING heat.engine.environment [-] OS::Designate::Record is HIDDEN. This resource has been removed, use OS::Designate::RecordSet instead.
2025-06-12 01:51:07.977 68155 WARNING heat.engine.environment [-] OS::Glance::Image is DEPRECATED. Creating a Glance Image based on an existing URL location requires the Glance v1 API, which is deprecated.
2025-06-12 01:51:07.977 68155 WARNING heat.engine.environment [-] OS::Heat::HARestarter is HIDDEN. The HARestarter resource type has been removed. Existing stacks containing HARestarter resources can still be used, but the HARestarter resource will be a placeholder that does nothing.
2025-06-12 01:51:07.978 68155 WARNING heat.engine.environment [-] OS::Heat::SoftwareDeployments is HIDDEN. Please use OS::Heat::SoftwareDeploymentGroup instead.
2025-06-12 01:51:07.978 68155 WARNING heat.engine.environment [-] OS::Heat::StructuredDeployments is HIDDEN. Please use OS::Heat::StructuredDeploymentGroup instead.
2025-06-12 01:51:07.978 68155 WARNING heat.engine.environment [-] OS::Magnum::Bay is HIDDEN. Please use OS::Magnum::Cluster instead.
2025-06-12 01:51:07.978 68155 WARNING heat.engine.environment [-] OS::Magnum::BayModel is HIDDEN. Please use OS::Magnum::ClusterTemplate instead.
2025-06-12 01:51:07.978 68155 WARNING heat.engine.environment [-] OS::Neutron::ExtraRoute is UNSUPPORTED. Use this resource at your own risk.
2025-06-12 01:51:07.979 68155 WARNING heat.engine.environment [-] OS::Neutron::HealthMonitor is HIDDEN. Use LBaaS V2 instead.
2025-06-12 01:51:07.979 68155 WARNING heat.engine.environment [-] OS::Neutron::Pool is HIDDEN. Use LBaaS V2 instead.
2025-06-12 01:51:07.979 68155 WARNING heat.engine.environment [-] OS::Neutron::PoolMember is HIDDEN. Use LBaaS V2 instead.
2025-06-12 01:51:07.979 68155 WARNING heat.engine.environment [-] OS::Neutron::LoadBalancer is HIDDEN. Use LBaaS V2 instead.
2025-06-12 01:51:07.979 68155 WARNING heat.engine.environment [-] OS::Neutron::RouterGateway is HIDDEN. Use the `external_gateway_info` property in the router resource to set up the gateway.
2025-06-12 01:51:07.979 68155 WARNING heat.engine.environment [-] OS::Nova::FloatingIP is HIDDEN. Please use OS::Neutron::FloatingIP instead.
2025-06-12 01:51:07.979 68155 WARNING heat.engine.environment [-] OS::Nova::FloatingIPAssociation is HIDDEN. Please use OS::Neutron::FloatingIPAssociation instead.
2025-06-12 01:51:07.982 68155 INFO heat.engine.environment [-] Loading /etc/heat/environment.d/default.yaml
2025-06-12 01:51:07.982 68155 INFO heat.engine.environment [-] Registered: [Plugin](User:False) AWS::AutoScaling::AutoScalingGroup ->
2025-06-12 01:51:07.984 68155 INFO heat.engine.environment [-] Registered: [Plugin](User:False) AWS::AutoScaling::LaunchConfiguration ->
2025-06-12 01:51:07.984 68155 INFO heat.engine.environment [-] Registered: [Plugin](User:False) AWS::AutoScaling::ScalingPolicy ->
2025-06-12 01:51:07.984 68155 INFO heat.engine.environment [-] Registered: [Plugin](User:False) AWS::CloudFormation::Stack ->
2025-06-12 01:51:07.984 68155 INFO heat.engine.environment [-] Registered: [Plugin](User:False) AWS::CloudFormation::WaitCondition ->
2025-06-12 01:51:07.985 68155 INFO heat.engine.environment [-] Registered: [Plugin](User:False) AWS::CloudFormation::WaitConditionHandle ->
2025-06-12 01:51:07.985 68155 INFO heat.engine.environment [-] Registered: [Plugin](User:False) AWS::EC2::EIP ->
2025-06-12 01:51:07.985 68155 INFO heat.engine.environment [-] Registered: [Plugin](User:False) AWS::EC2::EIPAssociation ->
2025-06-12 01:51:07.985 68155 INFO heat.engine.environment [-] Registered: [Plugin](User:False) AWS::EC2::Instance ->
2025-06-12 01:51:07.986 68155 INFO heat.engine.environment [-] Registered: [Plugin](User:False) AWS::EC2::InternetGateway ->
2025-06-12 01:51:07.986 68155 INFO heat.engine.environment [-] Registered: [Plugin](User:False) AWS::EC2::VPCGatewayAttachment ->
2025-06-12 01:51:07.986 68155 INFO heat.engine.environment [-] Registered: [Plugin](User:False) AWS::EC2::NetworkInterface ->
2025-06-12 01:51:07.986 68155 INFO heat.engine.environment [-] Registered: [Plugin](User:False) AWS::EC2::RouteTable ->
2025-06-12 01:51:07.986 68155 INFO heat.engine.environment [-] Registered: [Plugin](User:False) AWS::EC2::SubnetRouteTableAssociation ->
2025-06-12 01:51:07.986 68155 INFO heat.engine.environment [-] Registered: [Plugin](User:False) AWS::EC2::SecurityGroup ->
2025-06-12 01:51:07.986 68155 INFO heat.engine.environment [-] Registered: [Plugin](User:False) AWS::EC2::Subnet ->
2025-06-12 01:51:07.986 68155 INFO heat.engine.environment [-] Registered: [Plugin](User:False) AWS::EC2::Volume ->
2025-06-12 01:51:07.986 68155 INFO heat.engine.environment [-] Registered: [Plugin](User:False) AWS::EC2::VolumeAttachment ->
2025-06-12 01:51:07.986 68155 INFO heat.engine.environment [-] Registered: [Plugin](User:False) AWS::EC2::VPC ->
2025-06-12 01:51:07.986 68155 INFO heat.engine.environment [-] Registered: [Plugin](User:False) AWS::IAM::User ->
2025-06-12 01:51:07.987 68155 INFO heat.engine.environment [-] Registered: [Plugin](User:False) AWS::IAM::AccessKey ->
2025-06-12 01:51:07.987 68155 INFO heat.engine.environment [-] Registered: [Plugin](User:False) AWS::ElasticLoadBalancing::LoadBalancer ->
2025-06-12 01:51:07.987 68155 INFO heat.engine.environment [-] Registered: [Plugin](User:False) AWS::S3::Bucket ->
2025-06-12 01:51:07.987 68155 INFO heat.engine.environment [-] Registered: [Plugin](User:False) OS::Aodh::Alarm ->
2025-06-12 01:51:07.987 68155 INFO heat.engine.environment [-] Registered: [Plugin](User:False) OS::Aodh::CombinationAlarm ->
2025-06-12 01:51:07.987 68155 INFO heat.engine.environment [-] Registered: [Plugin](User:False) OS::Aodh::EventAlarm ->
2025-06-12 01:51:07.987 68155 INFO heat.engine.environment [-] Registered: [Plugin](User:False) OS::Aodh::LBMemberHealthAlarm ->
2025-06-12 01:51:07.987 68155 INFO heat.engine.environment [-] Registered: [Plugin](User:False) OS::Aodh::CompositeAlarm ->
2025-06-12 01:51:07.987 68155 INFO heat.engine.environment [-] Registered: [Plugin](User:False) OS::Aodh::GnocchiResourcesAlarm ->
2025-06-12 01:51:07.987 68155 INFO heat.engine.environment [-] Registered: [Plugin](User:False) OS::Aodh::GnocchiAggregationByMetricsAlarm ->
2025-06-12 01:51:07.987 68155 INFO heat.engine.environment [-] Registered: [Plugin](User:False) OS::Aodh::GnocchiAggregationByResourcesAlarm ->
2025-06-12 01:51:07.987 68155 INFO heat.engine.environment [-] Registered: [Plugin](User:False) OS::Barbican::GenericContainer ->
2025-06-12 01:51:07.988 68155 INFO heat.engine.environment [-] Registered: [Plugin](User:False) OS::Barbican::CertificateContainer ->
2025-06-12 01:51:07.988 68155 INFO heat.engine.environment [-] Registered: [Plugin](User:False) OS::Barbican::RSAContainer ->
2025-06-12 01:51:07.988 68155 INFO heat.engine.environment [-] Registered: [Plugin](User:False) OS::Barbican::Order ->
2025-06-12 01:51:07.988 68155 INFO heat.engine.environment [-] Registered: [Plugin](User:False) OS::Barbican::Secret ->
2025-06-12 01:51:07.988 68155 INFO heat.engine.environment [-] Registered: [Plugin](User:False) OS::Blazar::Host ->
2025-06-12 01:51:07.988 68155 INFO heat.engine.environment [-] Registered: [Plugin](User:False) OS::Blazar::Lease ->
2025-06-12 01:51:07.988 68155 INFO heat.engine.environment [-] Registered: [Plugin](User:False) OS::Cinder::EncryptedVolumeType ->
2025-06-12 01:51:07.988 68155 INFO heat.engine.environment [-] Registered: [Plugin](User:False) OS::Cinder::QoSSpecs ->
2025-06-12 01:51:07.988 68155 INFO heat.engine.environment [-] Registered: [Plugin](User:False) OS::Cinder::QoSAssociation ->
2025-06-12 01:51:07.988 68155 INFO heat.engine.environment [-] Registered: [Plugin](User:False) OS::Cinder::Quota ->
2025-06-12 01:51:07.988 68155 INFO heat.engine.environment [-] Registered: [Plugin](User:False) OS::Cinder::Volume ->
2025-06-12 01:51:07.988 68155 INFO heat.engine.environment [-] Registered: [Plugin](User:False) OS::Cinder::VolumeAttachment ->
2025-06-12 01:51:07.989 68155 INFO heat.engine.environment [-] Registered: [Plugin](User:False) OS::Cinder::VolumeType ->
2025-06-12 01:51:07.989 68155 INFO heat.engine.environment [-] Registered: [Plugin](User:False) OS::Designate::Domain ->
2025-06-12 01:51:07.989 68155 INFO heat.engine.environment [-] Registered: [Plugin](User:False) OS::Designate::Record ->
2025-06-12 01:51:07.989 68155 INFO heat.engine.environment [-] Registered: [Plugin](User:False) OS::Designate::RecordSet ->
2025-06-12 01:51:07.989 68155 INFO heat.engine.environment [-] Registered: [Plugin](User:False) OS::Designate::Zone ->
2025-06-12 01:51:07.989 68155 INFO heat.engine.environment [-] Registered: [Plugin](User:False) OS::Glance::Image ->
2025-06-12 01:51:07.989 68155 INFO heat.engine.environment [-] Registered: [Plugin](User:False) OS::Glance::WebImage ->
2025-06-12 01:51:07.989 68155 INFO heat.engine.environment [-] Registered: [Plugin](User:False) OS::Heat::AccessPolicy ->
2025-06-12 01:51:07.989 68155 INFO heat.engine.environment [-] Registered: [Plugin](User:False) OS::Heat::AutoScalingGroup ->
2025-06-12 01:51:07.989 68155 INFO heat.engine.environment [-] Registered: [Plugin](User:False) OS::Heat::CloudConfig ->
2025-06-12 01:51:07.989 68155 INFO heat.engine.environment [-] Registered: [Plugin](User:False) OS::Heat::Delay ->
2025-06-12 01:51:07.989 68155 INFO heat.engine.environment [-] Registered: [Plugin](User:False) OS::Heat::DeployedServer ->
2025-06-12 01:51:07.990 68155 INFO heat.engine.environment [-] Registered: [Plugin](User:False) OS::Heat::HARestarter ->
2025-06-12 01:51:07.990 68155 INFO heat.engine.environment [-] Registered: [Plugin](User:False) OS::Heat::InstanceGroup ->
2025-06-12 01:51:07.990 68155 INFO heat.engine.environment [-] Registered: [Plugin](User:False) OS::Heat::MultipartMime ->
2025-06-12 01:51:07.990 68155 INFO heat.engine.environment [-] Registered: [Plugin](User:False) OS::Heat::None ->
2025-06-12 01:51:07.990 68155 INFO heat.engine.environment [-] Registered: [Plugin](User:False) OS::Heat::RandomString ->
2025-06-12 01:51:07.990 68155 INFO heat.engine.environment [-] Registered: [Plugin](User:False) OS::Heat::Stack ->
2025-06-12 01:51:07.990 68155 INFO heat.engine.environment [-] Registered: [Plugin](User:False) OS::Heat::ResourceChain ->
2025-06-12 01:51:07.990 68155 INFO heat.engine.environment [-] Registered: [Plugin](User:False) OS::Heat::ResourceGroup ->
2025-06-12 01:51:07.990 68155 INFO heat.engine.environment [-] Registered: [Plugin](User:False) OS::Heat::ScalingPolicy ->
2025-06-12 01:51:07.990 68155 INFO heat.engine.environment [-] Registered: [Plugin](User:False) OS::Heat::SoftwareComponent ->
2025-06-12 01:51:07.990 68155 INFO heat.engine.environment [-] Registered: [Plugin](User:False) OS::Heat::SoftwareConfig ->
2025-06-12 01:51:07.990 68155 INFO heat.engine.environment [-] Registered: [Plugin](User:False) OS::Heat::SoftwareDeployment ->
2025-06-12 01:51:07.991 68155 INFO heat.engine.environment [-] Registered: [Plugin](User:False) OS::Heat::SoftwareDeploymentGroup ->
2025-06-12 01:51:07.991 68155 INFO heat.engine.environment [-] Registered: [Plugin](User:False) OS::Heat::SoftwareDeployments ->
2025-06-12 01:51:07.991 68155 INFO heat.engine.environment [-] Registered: [Plugin](User:False) OS::Heat::StructuredConfig ->
2025-06-12 01:51:07.991 68155 INFO heat.engine.environment [-] Registered: [Plugin](User:False) OS::Heat::StructuredDeployment ->
2025-06-12 01:51:07.995 68155 INFO heat.engine.environment [-] Registered: [Plugin](User:False) OS::Heat::StructuredDeploymentGroup ->
2025-06-12 01:51:07.995 68155 INFO heat.engine.environment [-] Registered: [Plugin](User:False) OS::Heat::StructuredDeployments ->
2025-06-12 01:51:07.996 68155 INFO heat.engine.environment [-] Registered: [Plugin](User:False) OS::Heat::SwiftSignal ->
2025-06-12 01:51:07.996 68155 INFO heat.engine.environment [-] Registered: [Plugin](User:False) OS::Heat::SwiftSignalHandle ->
2025-06-12 01:51:07.996 68155 INFO heat.engine.environment [-] Registered: [Plugin](User:False) OS::Heat::TestResource ->
2025-06-12 01:51:07.996 68155 INFO heat.engine.environment [-] Registered: [Plugin](User:False) OS::Heat::Value ->
2025-06-12 01:51:07.996 68155 INFO heat.engine.environment [-] Registered: [Plugin](User:False) OS::Heat::WaitCondition ->
2025-06-12 01:51:07.996 68155 INFO heat.engine.environment [-] Registered: [Plugin](User:False) OS::Heat::WaitConditionHandle ->
2025-06-12 01:51:07.996 68155 INFO heat.engine.environment [-] Registered: [Plugin](User:False) OS::Heat::UpdateWaitConditionHandle ->
2025-06-12 01:51:07.997 68155 INFO heat.engine.environment [-] Registered: [Plugin](User:False) OS::Ironic::Port ->
2025-06-12 01:51:07.997 68155 INFO heat.engine.environment [-] Registered: [Plugin](User:False) OS::Keystone::Domain ->
2025-06-12 01:51:07.997 68155 INFO heat.engine.environment [-] Registered: [Plugin](User:False) OS::Keystone::Endpoint ->
2025-06-12 01:51:07.997 68155 INFO heat.engine.environment [-] Registered: [Plugin](User:False) OS::Keystone::Group ->
2025-06-12 01:51:07.997 68155 INFO heat.engine.environment [-] Registered: [Plugin](User:False) OS::Keystone::Project ->
2025-06-12 01:51:07.997 68155 INFO heat.engine.environment [-] Registered: [Plugin](User:False) OS::Keystone::Region ->
2025-06-12 01:51:07.997 68155 INFO heat.engine.environment [-] Registered: [Plugin](User:False) OS::Keystone::Role ->
2025-06-12 01:51:07.997 68155 INFO heat.engine.environment [-] Registered: [Plugin](User:False) OS::Keystone::UserRoleAssignment ->
2025-06-12 01:51:07.997 68155 INFO heat.engine.environment [-] Registered: [Plugin](User:False) OS::Keystone::GroupRoleAssignment ->
2025-06-12 01:51:07.998 68155 INFO heat.engine.environment [-] Registered: [Plugin](User:False) OS::Keystone::Service ->
2025-06-12 01:51:07.998 68155 INFO heat.engine.environment [-] Registered: [Plugin](User:False) OS::Keystone::User ->
2025-06-12 01:51:07.998 68155 INFO heat.engine.environment [-] Registered: [Plugin](User:False) OS::Magnum::Bay ->
2025-06-12 01:51:07.998 68155 INFO heat.engine.environment [-] Registered: [Plugin](User:False) OS::Magnum::BayModel ->
2025-06-12 01:51:07.998 68155 INFO heat.engine.environment [-] Registered: [Plugin](User:False) OS::Magnum::Cluster ->
2025-06-12 01:51:07.998 68155 INFO heat.engine.environment [-] Registered: [Plugin](User:False) OS::Magnum::ClusterTemplate ->
2025-06-12 01:51:07.998 68155 INFO heat.engine.environment [-] Registered: [Plugin](User:False) OS::Manila::SecurityService ->
2025-06-12 01:51:07.998 68155 INFO heat.engine.environment [-] Registered: [Plugin](User:False) OS::Manila::Share ->
2025-06-12 01:51:07.998 68155 INFO heat.engine.environment [-] Registered: [Plugin](User:False) OS::Manila::ShareNetwork ->
2025-06-12 01:51:07.998 68155 INFO heat.engine.environment [-] Registered: [Plugin](User:False) OS::Manila::ShareType ->
2025-06-12 01:51:07.998 68155 INFO heat.engine.environment [-] Registered: [Plugin](User:False) OS::Mistral::CronTrigger ->
2025-06-12 01:51:07.998 68155 INFO heat.engine.environment [-] Registered: [Plugin](User:False) OS::Mistral::ExternalResource ->
2025-06-12 01:51:07.998 68155 INFO heat.engine.environment [-] Registered: [Plugin](User:False) OS::Mistral::Workflow ->
2025-06-12 01:51:07.999 68155 INFO heat.engine.environment [-] Registered: [Plugin](User:False) OS::Monasca::AlarmDefinition ->
2025-06-12 01:51:07.999 68155 INFO heat.engine.environment [-] Registered: [Plugin](User:False) OS::Monasca::Notification ->
2025-06-12 01:51:07.999 68155 INFO heat.engine.environment [-] Registered: [Plugin](User:False) OS::Neutron::AddressScope ->
2025-06-12 01:51:07.999 68155 INFO heat.engine.environment [-] Registered: [Plugin](User:False) OS::Neutron::ExtraRoute ->
2025-06-12 01:51:07.999 68155 INFO heat.engine.environment [-] Registered: [Plugin](User:False) OS::Neutron::ExtraRouteSet ->
2025-06-12 01:51:07.999 68155 INFO heat.engine.environment [-] Registered: [Plugin](User:False) OS::Neutron::Firewall ->
2025-06-12 01:51:07.999 68155 INFO heat.engine.environment [-] Registered: [Plugin](User:False) OS::Neutron::FirewallPolicy ->
2025-06-12 01:51:07.999 68155 INFO heat.engine.environment [-] Registered: [Plugin](User:False) OS::Neutron::FirewallRule ->
2025-06-12 01:51:07.999 68155 INFO heat.engine.environment [-] Registered: [Plugin](User:False) OS::Neutron::FloatingIP ->
2025-06-12 01:51:07.999 68155 INFO heat.engine.environment [-] Registered: [Plugin](User:False) OS::Neutron::FloatingIPAssociation ->
2025-06-12 01:51:07.999 68155 INFO heat.engine.environment [-] Registered: [Plugin](User:False) OS::Neutron::L2Gateway ->
2025-06-12 01:51:07.999 68155 INFO heat.engine.environment [-] Registered: [Plugin](User:False) OS::Neutron::L2GatewayConnection ->
2025-06-12 01:51:08.000 68155 INFO heat.engine.environment [-] Registered: [Plugin](User:False) OS::Neutron::LBaaS::HealthMonitor ->
2025-06-12 01:51:08.001 68155 INFO heat.engine.environment [-] Registered: [Plugin](User:False) OS::Neutron::LBaaS::L7Policy ->
2025-06-12 01:51:08.001 68155 INFO heat.engine.environment [-] Registered: [Plugin](User:False) OS::Neutron::LBaaS::L7Rule ->
2025-06-12 01:51:08.001 68155 INFO heat.engine.environment [-] Registered: [Plugin](User:False) OS::Neutron::LBaaS::Listener ->
2025-06-12 01:51:08.002 68155 INFO heat.engine.environment [-] Registered: [Plugin](User:False) OS::Neutron::LBaaS::LoadBalancer ->
2025-06-12 01:51:08.002 68155 INFO heat.engine.environment [-] Registered: [Plugin](User:False) OS::Neutron::LBaaS::Pool ->
2025-06-12 01:51:08.002 68155 INFO heat.engine.environment [-] Registered: [Plugin](User:False) OS::Neutron::LBaaS::PoolMember ->
2025-06-12 01:51:08.002 68155 INFO heat.engine.environment [-] Registered: [Plugin](User:False) OS::Neutron::HealthMonitor ->
2025-06-12 01:51:08.002 68155 INFO heat.engine.environment [-] Registered: [Plugin](User:False) OS::Neutron::Pool ->
2025-06-12 01:51:08.002 68155 INFO heat.engine.environment [-] Registered: [Plugin](User:False) OS::Neutron::PoolMember ->
2025-06-12 01:51:08.002 68155 INFO heat.engine.environment [-] Registered: [Plugin](User:False) OS::Neutron::LoadBalancer ->
2025-06-12 01:51:08.002 68155 INFO heat.engine.environment [-] Registered: [Plugin](User:False) OS::Neutron::MeteringLabel ->
2025-06-12 01:51:08.002 68155 INFO heat.engine.environment [-] Registered: [Plugin](User:False) OS::Neutron::MeteringRule ->
2025-06-12 01:51:08.003 68155 INFO heat.engine.environment [-] Registered: [Plugin](User:False) OS::Neutron::Net ->
2025-06-12 01:51:08.003 68155 INFO heat.engine.environment [-] Registered: [Plugin](User:False) OS::Neutron::NetworkGateway ->
2025-06-12 01:51:08.003 68155 INFO heat.engine.environment [-] Registered: [Plugin](User:False) OS::Neutron::Port ->
2025-06-12 01:51:08.003 68155 INFO heat.engine.environment [-] Registered: [Plugin](User:False) OS::Neutron::ProviderNet ->
2025-06-12 01:51:08.003 68155 INFO heat.engine.environment [-] Registered: [Plugin](User:False) OS::Neutron::QoSPolicy ->
2025-06-12 01:51:08.003 68155 INFO heat.engine.environment [-] Registered: [Plugin](User:False) OS::Neutron::QoSBandwidthLimitRule ->
2025-06-12 01:51:08.003 68155 INFO heat.engine.environment [-] Registered: [Plugin](User:False) OS::Neutron::QoSDscpMarkingRule ->
2025-06-12 01:51:08.003 68155 INFO heat.engine.environment [-] Registered: [Plugin](User:False) OS::Neutron::QoSMinimumBandwidthRule ->
2025-06-12 01:51:08.004 68155 INFO heat.engine.environment [-] Registered: [Plugin](User:False) OS::Neutron::Quota ->
2025-06-12 01:51:08.004 68155 INFO heat.engine.environment [-] Registered: [Plugin](User:False) OS::Neutron::RBACPolicy ->
2025-06-12 01:51:08.004 68155 INFO heat.engine.environment [-] Registered: [Plugin](User:False) OS::Neutron::Router ->
2025-06-12 01:51:08.004 68155 INFO heat.engine.environment [-] Registered: [Plugin](User:False) OS::Neutron::RouterInterface ->
2025-06-12 01:51:08.004 68155 INFO heat.engine.environment [-] Registered: [Plugin](User:False) OS::Neutron::RouterGateway ->
2025-06-12 01:51:08.004 68155 INFO heat.engine.environment [-] Registered: [Plugin](User:False) OS::Neutron::SecurityGroup ->
2025-06-12 01:51:08.004 68155 INFO heat.engine.environment [-] Registered: [Plugin](User:False) OS::Neutron::SecurityGroupRule ->
2025-06-12 01:51:08.004 68155 INFO heat.engine.environment [-] Registered: [Plugin](User:False) OS::Neutron::Segment ->
2025-06-12 01:51:08.005 68155 INFO heat.engine.environment [-] Registered: [Plugin](User:False) OS::Neutron::FlowClassifier ->
2025-06-12 01:51:08.005 68155 INFO heat.engine.environment [-] Registered: [Plugin](User:False) OS::Neutron::PortChain ->
2025-06-12 01:51:08.005 68155 INFO heat.engine.environment [-] Registered: [Plugin](User:False) OS::Neutron::PortPair ->
2025-06-12 01:51:08.005 68155 INFO heat.engine.environment [-] Registered: [Plugin](User:False) OS::Neutron::PortPairGroup ->
2025-06-12 01:51:08.005 68155 INFO heat.engine.environment [-] Registered: [Plugin](User:False) OS::Neutron::Subnet ->
2025-06-12 01:51:08.005 68155 INFO heat.engine.environment [-] Registered: [Plugin](User:False) OS::Neutron::SubnetPool ->
2025-06-12 01:51:08.005 68155 INFO heat.engine.environment [-] Registered: [Plugin](User:False) OS::Neutron::TaaS::TapFlow ->
2025-06-12 01:51:08.005 68155 INFO heat.engine.environment [-] Registered: [Plugin](User:False) OS::Neutron::TaaS::TapService ->
2025-06-12 01:51:08.006 68155 INFO heat.engine.environment [-] Registered: [Plugin](User:False) OS::Neutron::Trunk ->
2025-06-12 01:51:08.006 68155 INFO heat.engine.environment [-] Registered: [Plugin](User:False) OS::Neutron::VPNService ->
2025-06-12 01:51:08.006 68155 INFO heat.engine.environment [-] Registered: [Plugin](User:False) OS::Neutron::IPsecSiteConnection ->
2025-06-12 01:51:08.006 68155 INFO heat.engine.environment [-] Registered: [Plugin](User:False) OS::Neutron::IKEPolicy ->
2025-06-12 01:51:08.006 68155 INFO heat.engine.environment [-] Registered: [Plugin](User:False) OS::Neutron::IPsecPolicy ->
2025-06-12 01:51:08.006 68155 INFO heat.engine.environment [-] Registered: [Plugin](User:False) OS::Nova::Flavor ->
2025-06-12 01:51:08.006 68155 INFO heat.engine.environment [-] Registered: [Plugin](User:False) OS::Nova::FloatingIP ->
2025-06-12 01:51:08.007 68155 INFO heat.engine.environment [-] Registered: [Plugin](User:False) OS::Nova::FloatingIPAssociation ->
2025-06-12 01:51:08.007 68155 INFO heat.engine.environment [-] Registered: [Plugin](User:False) OS::Nova::HostAggregate ->
2025-06-12 01:51:08.007 68155 INFO heat.engine.environment [-] Registered: [Plugin](User:False) OS::Nova::KeyPair ->
2025-06-12 01:51:08.007 68155 INFO heat.engine.environment [-] Registered: [Plugin](User:False) OS::Nova::Quota ->
2025-06-12 01:51:08.007 68155 INFO heat.engine.environment [-] Registered: [Plugin](User:False) OS::Nova::Server ->
2025-06-12 01:51:08.007 68155 INFO heat.engine.environment [-] Registered: [Plugin](User:False) OS::Nova::ServerGroup ->
2025-06-12 01:51:08.007 68155 INFO heat.engine.environment [-] Registered: [Plugin](User:False) OS::Octavia::Flavor ->
2025-06-12 01:51:08.007 68155 INFO heat.engine.environment [-] Registered: [Plugin](User:False) OS::Octavia::FlavorProfile ->
2025-06-12 01:51:08.007 68155 INFO heat.engine.environment [-] Registered: [Plugin](User:False) OS::Octavia::HealthMonitor ->
2025-06-12 01:51:08.007 68155 INFO heat.engine.environment [-] Registered: [Plugin](User:False) OS::Octavia::L7Policy ->
2025-06-12 01:51:08.007 68155 INFO heat.engine.environment [-] Registered: [Plugin](User:False) OS::Octavia::L7Rule ->
2025-06-12 01:51:08.008 68155 INFO heat.engine.environment [-] Registered: [Plugin](User:False) OS::Octavia::Listener ->
2025-06-12 01:51:08.008 68155 INFO heat.engine.environment [-] Registered: [Plugin](User:False) OS::Octavia::LoadBalancer ->
2025-06-12 01:51:08.008 68155 INFO heat.engine.environment [-] Registered: [Plugin](User:False) OS::Octavia::Pool ->
2025-06-12 01:51:08.008 68155 INFO heat.engine.environment [-] Registered: [Plugin](User:False) OS::Octavia::PoolMember ->
2025-06-12 01:51:08.008 68155 INFO heat.engine.environment [-] Registered: [Plugin](User:False) OS::Octavia::Quota ->
2025-06-12 01:51:08.008 68155 INFO heat.engine.environment [-] Registered: [Plugin](User:False) OS::Sahara::Cluster ->
2025-06-12 01:51:08.010 68155 INFO heat.engine.environment [-] Registered: [Plugin](User:False) OS::Sahara::DataSource ->
2025-06-12 01:51:08.010 68155 INFO heat.engine.environment [-] Registered: [Plugin](User:False) OS::Sahara::ImageRegistry ->
2025-06-12 01:51:08.010 68155 INFO heat.engine.environment [-] Registered: [Plugin](User:False) OS::Sahara::Job ->
2025-06-12 01:51:08.010 68155 INFO heat.engine.environment [-] Registered: [Plugin](User:False) OS::Sahara::JobBinary ->
2025-06-12 01:51:08.010 68155 INFO heat.engine.environment [-] Registered: [Plugin](User:False) OS::Sahara::NodeGroupTemplate ->
2025-06-12 01:51:08.010 68155 INFO heat.engine.environment [-] Registered: [Plugin](User:False) OS::Sahara::ClusterTemplate ->
2025-06-12 01:51:08.010 68155 INFO heat.engine.environment [-] Registered: [Plugin](User:False) OS::Senlin::Cluster ->
2025-06-12 01:51:08.010 68155 INFO heat.engine.environment [-] Registered: [Plugin](User:False) OS::Senlin::Node ->
2025-06-12 01:51:08.010 68155 INFO heat.engine.environment [-] Registered: [Plugin](User:False) OS::Senlin::Policy ->
2025-06-12 01:51:08.011 68155 INFO heat.engine.environment [-] Registered: [Plugin](User:False) OS::Senlin::Profile ->
2025-06-12 01:51:08.011 68155 INFO heat.engine.environment [-] Registered: [Plugin](User:False) OS::Senlin::Receiver ->
2025-06-12 01:51:08.011 68155 INFO heat.engine.environment [-] Registered: [Plugin](User:False) OS::Swift::Container ->
2025-06-12 01:51:08.011 68155 INFO heat.engine.environment [-] Registered: [Plugin](User:False) OS::Trove::Cluster ->
2025-06-12 01:51:08.011 68155 INFO heat.engine.environment [-] Registered: [Plugin](User:False) OS::Trove::Instance ->
2025-06-12 01:51:08.011 68155 INFO heat.engine.environment [-] Registered: [Plugin](User:False) OS::Vitrage::Template ->
2025-06-12 01:51:08.011 68155 INFO heat.engine.environment [-] Registered: [Plugin](User:False) OS::Zaqar::Queue ->
2025-06-12 01:51:08.011 68155 INFO heat.engine.environment [-] Registered: [Plugin](User:False) OS::Zaqar::SignedQueueURL ->
2025-06-12 01:51:08.011 68155 INFO heat.engine.environment [-] Registered: [Plugin](User:False) OS::Zaqar::Subscription ->
2025-06-12 01:51:08.011 68155 INFO heat.engine.environment [-] Registered: [Plugin](User:False) OS::Zaqar::MistralTrigger ->
2025-06-12 01:51:08.011 68155 INFO heat.engine.environment [-] Registered: [Plugin](User:False) OS::ContrailV2::AccessControlList ->
2025-06-12 01:51:08.011 68155 INFO heat.engine.environment [-] Registered: [Plugin](User:False) OS::ContrailV2::AddressGroup ->
2025-06-12 01:51:08.012 68155 INFO heat.engine.environment [-] Registered: [Plugin](User:False) OS::ContrailV2::Alarm ->
2025-06-12 01:51:08.012 68155 INFO heat.engine.environment [-] Registered: [Plugin](User:False) OS::ContrailV2::AliasIp ->
2025-06-12 01:51:08.012 68155 INFO heat.engine.environment [-] Registered: [Plugin](User:False) OS::ContrailV2::AliasIpPool ->
2025-06-12 01:51:08.012 68155 INFO heat.engine.environment [-] Registered: [Plugin](User:False) OS::ContrailV2::AnalyticsAlarmNode ->
2025-06-12 01:51:08.012 68155 INFO heat.engine.environment [-] Registered: [Plugin](User:False) OS::ContrailV2::AnalyticsNode ->
2025-06-12 01:51:08.012 68155 INFO heat.engine.environment [-] Registered: [Plugin](User:False) OS::ContrailV2::AnalyticsSnmpNode ->
2025-06-12 01:51:08.012 68155 INFO heat.engine.environment [-] Registered: [Plugin](User:False) OS::ContrailV2::ApiAccessList ->
2025-06-12 01:51:08.012 68155 INFO heat.engine.environment [-] Registered: [Plugin](User:False) OS::ContrailV2::ApplicationPolicySet ->
2025-06-12 01:51:08.012 68155 INFO heat.engine.environment [-] Registered: [Plugin](User:False) OS::ContrailV2::BgpAsAService ->
2025-06-12 01:51:08.012 68155 INFO heat.engine.environment [-] Registered: [Plugin](User:False) OS::ContrailV2::BgpRouter ->
2025-06-12 01:51:08.012 68155 INFO heat.engine.environment [-] Registered: [Plugin](User:False) OS::ContrailV2::Bgpvpn ->
2025-06-12 01:51:08.013 68155 INFO heat.engine.environment [-] Registered: [Plugin](User:False) OS::ContrailV2::BridgeDomain ->
2025-06-12 01:51:08.013 68155 INFO heat.engine.environment [-] Registered: [Plugin](User:False) OS::ContrailV2::Card ->
2025-06-12 01:51:08.013 68155 INFO heat.engine.environment [-] Registered: [Plugin](User:False) OS::ContrailV2::CliConfig ->
2025-06-12 01:51:08.013 68155 INFO heat.engine.environment [-] Registered: [Plugin](User:False) OS::ContrailV2::ConfigDatabaseNode ->
2025-06-12 01:51:08.013 68155 INFO heat.engine.environment [-] Registered: [Plugin](User:False) OS::ContrailV2::ConfigNode ->
2025-06-12 01:51:08.013 68155 INFO heat.engine.environment [-] Registered: [Plugin](User:False) OS::ContrailV2::ConfigProperties ->
