2025-06-12 00:34:22.012 37654 DEBUG oslo_service.service [-] heat_api_cfn.bind_host = 0.0.0.0 log_opt_values /usr/lib/python3/dist-packages/oslo_config/cfg.py:2609
2025-06-12 00:34:22.012 37654 DEBUG oslo_service.service [-] heat_api_cfn.bind_port = 7990 log_opt_values /usr/lib/python3/dist-packages/oslo_config/cfg.py:2609
2025-06-12 00:34:22.012 37654 DEBUG oslo_service.service [-] heat_api_cfn.cert_file = None log_opt_values /usr/lib/python3/dist-packages/oslo_config/cfg.py:2609
2025-06-12 00:34:22.012 37654 DEBUG oslo_service.service [-] heat_api_cfn.key_file = None log_opt_values /usr/lib/python3/dist-packages/oslo_config/cfg.py:2609
2025-06-12 00:34:22.013 37654 DEBUG oslo_service.service [-] heat_api_cfn.max_header_line = 16384 log_opt_values /usr/lib/python3/dist-packages/oslo_config/cfg.py:2609
2025-06-12 00:34:22.013 37654 DEBUG oslo_service.service [-] heat_api_cfn.tcp_keepidle = 600 log_opt_values /usr/lib/python3/dist-packages/oslo_config/cfg.py:2609
2025-06-12 00:34:22.013 37654 DEBUG oslo_service.service [-] heat_api_cfn.workers = 4 log_opt_values /usr/lib/python3/dist-packages/oslo_config/cfg.py:2609
2025-06-12 00:34:22.013 37654 DEBUG oslo_service.service [-] heat_api_cloudwatch.backlog = 4096 log_opt_values /usr/lib/python3/dist-packages/oslo_config/cfg.py:2609
2025-06-12 00:34:22.013 37654 DEBUG oslo_service.service [-] heat_api_cloudwatch.bind_host = 0.0.0.0 log_opt_values /usr/lib/python3/dist-packages/oslo_config/cfg.py:2609
2025-06-12 00:34:22.013 37654 DEBUG oslo_service.service [-] heat_api_cloudwatch.bind_port = 8003 log_opt_values /usr/lib/python3/dist-packages/oslo_config/cfg.py:2609
2025-06-12 00:34:22.013 37654 DEBUG oslo_service.service [-] heat_api_cloudwatch.cert_file = None log_opt_values /usr/lib/python3/dist-packages/oslo_config/cfg.py:2609
2025-06-12 00:34:22.013 37654 DEBUG oslo_service.service [-] heat_api_cloudwatch.key_file = None log_opt_values /usr/lib/python3/dist-packages/oslo_config/cfg.py:2609
2025-06-12 00:34:22.013 37654 DEBUG oslo_service.service [-] heat_api_cloudwatch.max_header_line = 16384 log_opt_values /usr/lib/python3/dist-packages/oslo_config/cfg.py:2609
2025-06-12 00:34:22.014 37654 DEBUG oslo_service.service [-] heat_api_cloudwatch.tcp_keepidle = 600 log_opt_values /usr/lib/python3/dist-packages/oslo_config/cfg.py:2609
2025-06-12 00:34:22.014 37654 DEBUG oslo_service.service [-] heat_api_cloudwatch.workers = 1 log_opt_values /usr/lib/python3/dist-packages/oslo_config/cfg.py:2609
2025-06-12 00:34:22.014 37654 DEBUG oslo_service.service [-] eventlet_opts.client_socket_timeout = 900 log_opt_values /usr/lib/python3/dist-packages/oslo_config/cfg.py:2609
2025-06-12 00:34:22.014 37654 DEBUG oslo_service.service [-] eventlet_opts.wsgi_keep_alive = True log_opt_values /usr/lib/python3/dist-packages/oslo_config/cfg.py:2609
2025-06-12 00:34:22.014 37654 DEBUG oslo_service.service [-] paste_deploy.api_paste_config = /etc/heat/api-paste.ini log_opt_values /usr/lib/python3/dist-packages/oslo_config/cfg.py:2609
2025-06-12 00:34:22.014 37654 DEBUG oslo_service.service [-] paste_deploy.flavor = None log_opt_values /usr/lib/python3/dist-packages/oslo_config/cfg.py:2609
2025-06-12 00:34:22.014 37654 DEBUG oslo_service.service [-] auth_password.allowed_auth_uris = [] log_opt_values /usr/lib/python3/dist-packages/oslo_config/cfg.py:2609
2025-06-12 00:34:22.014 37654 DEBUG oslo_service.service [-] auth_password.multi_cloud = False log_opt_values /usr/lib/python3/dist-packages/oslo_config/cfg.py:2609
2025-06-12 00:34:22.015 37654 DEBUG oslo_service.service [-] revision.heat_revision = unknown log_opt_values /usr/lib/python3/dist-packages/oslo_config/cfg.py:2609
2025-06-12 00:34:22.015 37654 DEBUG oslo_service.service [-] volumes.backups_enabled = True log_opt_values /usr/lib/python3/dist-packages/oslo_config/cfg.py:2609
2025-06-12 00:34:22.015 37654 DEBUG oslo_service.service [-] noauth.token_response = log_opt_values /usr/lib/python3/dist-packages/oslo_config/cfg.py:2609
2025-06-12 00:34:22.015 37654 DEBUG oslo_service.service [-] clients.ca_file = None log_opt_values /usr/lib/python3/dist-packages/oslo_config/cfg.py:2609
2025-06-12 00:34:22.015 37654 DEBUG oslo_service.service [-] clients.cert_file = None log_opt_values /usr/lib/python3/dist-packages/oslo_config/cfg.py:2609
2025-06-12 00:34:22.015 37654 DEBUG oslo_service.service [-] clients.endpoint_type = publicURL log_opt_values /usr/lib/python3/dist-packages/oslo_config/cfg.py:2609
2025-06-12 00:34:22.015 37654 DEBUG oslo_service.service [-] clients.insecure = False log_opt_values /usr/lib/python3/dist-packages/oslo_config/cfg.py:2609
2025-06-12 00:34:22.015 37654 DEBUG oslo_service.service [-] clients.key_file = None log_opt_values /usr/lib/python3/dist-packages/oslo_config/cfg.py:2609
2025-06-12 00:34:22.016 37654 DEBUG oslo_service.service [-] clients_aodh.ca_file = None log_opt_values /usr/lib/python3/dist-packages/oslo_config/cfg.py:2609
2025-06-12 00:34:22.016 37654 DEBUG oslo_service.service [-] clients_aodh.cert_file = None log_opt_values /usr/lib/python3/dist-packages/oslo_config/cfg.py:2609
2025-06-12 00:34:22.016 37654 DEBUG oslo_service.service [-] clients_aodh.endpoint_type = None log_opt_values /usr/lib/python3/dist-packages/oslo_config/cfg.py:2609
2025-06-12 00:34:22.016 37654 DEBUG oslo_service.service [-] clients_aodh.insecure = None log_opt_values /usr/lib/python3/dist-packages/oslo_config/cfg.py:2609
2025-06-12 00:34:22.016 37654 DEBUG oslo_service.service [-] clients_aodh.key_file = None log_opt_values /usr/lib/python3/dist-packages/oslo_config/cfg.py:2609
2025-06-12 00:34:22.016 37654 DEBUG oslo_service.service [-] clients_barbican.ca_file = None log_opt_values /usr/lib/python3/dist-packages/oslo_config/cfg.py:2609
2025-06-12 00:34:22.016 37654 DEBUG oslo_service.service [-] clients_barbican.cert_file = None log_opt_values /usr/lib/python3/dist-packages/oslo_config/cfg.py:2609
2025-06-12 00:34:22.016 37654 DEBUG oslo_service.service [-] clients_barbican.endpoint_type = None log_opt_values /usr/lib/python3/dist-packages/oslo_config/cfg.py:2609
2025-06-12 00:34:22.016 37654 DEBUG oslo_service.service [-] clients_barbican.insecure = None log_opt_values /usr/lib/python3/dist-packages/oslo_config/cfg.py:2609
2025-06-12 00:34:22.016 37654 DEBUG oslo_service.service [-] clients_barbican.key_file = None log_opt_values /usr/lib/python3/dist-packages/oslo_config/cfg.py:2609
2025-06-12 00:34:22.017 37654 DEBUG oslo_service.service [-] clients_cinder.ca_file = None log_opt_values /usr/lib/python3/dist-packages/oslo_config/cfg.py:2609
2025-06-12 00:34:22.017 37654 DEBUG oslo_service.service [-] clients_cinder.cert_file = None log_opt_values /usr/lib/python3/dist-packages/oslo_config/cfg.py:2609
2025-06-12 00:34:22.017 37654 DEBUG oslo_service.service [-] clients_cinder.endpoint_type = None log_opt_values /usr/lib/python3/dist-packages/oslo_config/cfg.py:2609
2025-06-12 00:34:22.017 37654 DEBUG oslo_service.service [-] clients_cinder.http_log_debug = False log_opt_values /usr/lib/python3/dist-packages/oslo_config/cfg.py:2609
2025-06-12 00:34:22.017 37654 DEBUG oslo_service.service [-] clients_cinder.insecure = None log_opt_values /usr/lib/python3/dist-packages/oslo_config/cfg.py:2609
2025-06-12 00:34:22.017 37654 DEBUG oslo_service.service [-] clients_cinder.key_file = None log_opt_values /usr/lib/python3/dist-packages/oslo_config/cfg.py:2609
2025-06-12 00:34:22.017 37654 DEBUG oslo_service.service [-] clients_designate.ca_file = None log_opt_values /usr/lib/python3/dist-packages/oslo_config/cfg.py:2609
2025-06-12 00:34:22.018 37654 DEBUG oslo_service.service [-] clients_designate.cert_file = None log_opt_values /usr/lib/python3/dist-packages/oslo_config/cfg.py:2609
2025-06-12 00:34:22.018 37654 DEBUG oslo_service.service [-] clients_designate.endpoint_type = None log_opt_values /usr/lib/python3/dist-packages/oslo_config/cfg.py:2609
2025-06-12 00:34:22.018 37654 DEBUG oslo_service.service [-] clients_designate.insecure = None log_opt_values /usr/lib/python3/dist-packages/oslo_config/cfg.py:2609
2025-06-12 00:34:22.018 37654 DEBUG oslo_service.service [-] clients_designate.key_file = None log_opt_values /usr/lib/python3/dist-packages/oslo_config/cfg.py:2609
2025-06-12 00:34:22.018 37654 DEBUG oslo_service.service [-] clients_glance.ca_file = None log_opt_values /usr/lib/python3/dist-packages/oslo_config/cfg.py:2609
2025-06-12 00:34:22.018 37654 DEBUG oslo_service.service [-] clients_glance.cert_file = None log_opt_values /usr/lib/python3/dist-packages/oslo_config/cfg.py:2609
2025-06-12 00:34:22.018 37654 DEBUG oslo_service.service [-] clients_glance.endpoint_type = None log_opt_values /usr/lib/python3/dist-packages/oslo_config/cfg.py:2609
2025-06-12 00:34:22.018 37654 DEBUG oslo_service.service [-] clients_glance.insecure = None log_opt_values /usr/lib/python3/dist-packages/oslo_config/cfg.py:2609
2025-06-12 00:34:22.018 37654 DEBUG oslo_service.service [-] clients_glance.key_file = None log_opt_values /usr/lib/python3/dist-packages/oslo_config/cfg.py:2609
2025-06-12 00:34:22.019 37654 DEBUG oslo_service.service [-] clients_heat.ca_file = None log_opt_values /usr/lib/python3/dist-packages/oslo_config/cfg.py:2609
2025-06-12 00:34:22.019 37654 DEBUG oslo_service.service [-] clients_heat.cert_file = None log_opt_values /usr/lib/python3/dist-packages/oslo_config/cfg.py:2609
2025-06-12 00:34:22.019 37654 DEBUG oslo_service.service [-] clients_heat.endpoint_type = None log_opt_values /usr/lib/python3/dist-packages/oslo_config/cfg.py:2609
2025-06-12 00:34:22.019 37654 DEBUG oslo_service.service [-] clients_heat.insecure = None log_opt_values /usr/lib/python3/dist-packages/oslo_config/cfg.py:2609
2025-06-12 00:34:22.019 37654 DEBUG oslo_service.service [-] clients_heat.key_file = None log_opt_values /usr/lib/python3/dist-packages/oslo_config/cfg.py:2609
2025-06-12 00:34:22.019 37654 DEBUG oslo_service.service [-] clients_heat.url = log_opt_values /usr/lib/python3/dist-packages/oslo_config/cfg.py:2609
2025-06-12 00:34:22.019 37654 DEBUG oslo_service.service [-] clients_keystone.auth_uri = http://252.56.11.18:5050 log_opt_values /usr/lib/python3/dist-packages/oslo_config/cfg.py:2609
2025-06-12 00:34:22.020 37654 DEBUG oslo_service.service [-] clients_keystone.ca_file = None log_opt_values /usr/lib/python3/dist-packages/oslo_config/cfg.py:2609
2025-06-12 00:34:22.020 37654 DEBUG oslo_service.service [-] clients_keystone.cert_file = None log_opt_values /usr/lib/python3/dist-packages/oslo_config/cfg.py:2609
2025-06-12 00:34:22.020 37654 DEBUG oslo_service.service [-] clients_keystone.endpoint_type = None log_opt_values /usr/lib/python3/dist-packages/oslo_config/cfg.py:2609
2025-06-12 00:34:22.020 37654 DEBUG oslo_service.service [-] clients_keystone.insecure = None log_opt_values /usr/lib/python3/dist-packages/oslo_config/cfg.py:2609
2025-06-12 00:34:22.020 37654 DEBUG oslo_service.service [-] clients_keystone.key_file = None log_opt_values /usr/lib/python3/dist-packages/oslo_config/cfg.py:2609
2025-06-12 00:34:22.020 37654 DEBUG oslo_service.service [-] clients_magnum.ca_file = None log_opt_values /usr/lib/python3/dist-packages/oslo_config/cfg.py:2609
2025-06-12 00:34:22.020 37654 DEBUG oslo_service.service [-] clients_magnum.cert_file = None log_opt_values /usr/lib/python3/dist-packages/oslo_config/cfg.py:2609
2025-06-12 00:34:22.020 37866 INFO heat.engine.worker [-] Starting engine_worker (1.4) in engine 76b3f86e-0577-46cb-9afe-c21c4da88134.
2025-06-12 00:34:22.020 37654 DEBUG oslo_service.service [-] clients_magnum.endpoint_type = None log_opt_values /usr/lib/python3/dist-packages/oslo_config/cfg.py:2609
2025-06-12 00:34:22.020 37654 DEBUG oslo_service.service [-] clients_magnum.insecure = None log_opt_values /usr/lib/python3/dist-packages/oslo_config/cfg.py:2609
2025-06-12 00:34:22.020 37654 DEBUG oslo_service.service [-] clients_magnum.key_file = None log_opt_values /usr/lib/python3/dist-packages/oslo_config/cfg.py:2609
2025-06-12 00:34:22.021 37654 DEBUG oslo_service.service [-] clients_manila.ca_file = None log_opt_values /usr/lib/python3/dist-packages/oslo_config/cfg.py:2609
2025-06-12 00:34:22.021 37654 DEBUG oslo_service.service [-] clients_manila.cert_file = None log_opt_values /usr/lib/python3/dist-packages/oslo_config/cfg.py:2609
2025-06-12 00:34:22.021 37654 DEBUG oslo_service.service [-] clients_manila.endpoint_type = None log_opt_values /usr/lib/python3/dist-packages/oslo_config/cfg.py:2609
2025-06-12 00:34:22.021 37654 DEBUG oslo_service.service [-] clients_manila.insecure = None log_opt_values /usr/lib/python3/dist-packages/oslo_config/cfg.py:2609
2025-06-12 00:34:22.021 37654 DEBUG oslo_service.service [-] clients_manila.key_file = None log_opt_values /usr/lib/python3/dist-packages/oslo_config/cfg.py:2609
2025-06-12 00:34:22.021 37654 DEBUG oslo_service.service [-] clients_mistral.ca_file = None log_opt_values /usr/lib/python3/dist-packages/oslo_config/cfg.py:2609
2025-06-12 00:34:22.021 37654 DEBUG oslo_service.service [-] clients_mistral.cert_file = None log_opt_values /usr/lib/python3/dist-packages/oslo_config/cfg.py:2609
2025-06-12 00:34:22.021 37654 DEBUG oslo_service.service [-] clients_mistral.endpoint_type = None log_opt_values /usr/lib/python3/dist-packages/oslo_config/cfg.py:2609
2025-06-12 00:34:22.022 37654 DEBUG oslo_service.service [-] clients_mistral.insecure = None log_opt_values /usr/lib/python3/dist-packages/oslo_config/cfg.py:2609
2025-06-12 00:34:22.022 37654 DEBUG oslo_service.service [-] clients_mistral.key_file = None log_opt_values /usr/lib/python3/dist-packages/oslo_config/cfg.py:2609
2025-06-12 00:34:22.022 37654 DEBUG oslo_service.service [-] clients_monasca.ca_file = None log_opt_values /usr/lib/python3/dist-packages/oslo_config/cfg.py:2609
2025-06-12 00:34:22.022 37654 DEBUG oslo_service.service [-] clients_monasca.cert_file = None log_opt_values /usr/lib/python3/dist-packages/oslo_config/cfg.py:2609
2025-06-12 00:34:22.022 37654 DEBUG oslo_service.service [-] clients_monasca.endpoint_type = None log_opt_values /usr/lib/python3/dist-packages/oslo_config/cfg.py:2609
2025-06-12 00:34:22.022 37654 DEBUG oslo_service.service [-] clients_monasca.insecure = None log_opt_values /usr/lib/python3/dist-packages/oslo_config/cfg.py:2609
2025-06-12 00:34:22.022 37654 DEBUG oslo_service.service [-] clients_monasca.key_file = None log_opt_values /usr/lib/python3/dist-packages/oslo_config/cfg.py:2609
2025-06-12 00:34:22.022 37654 DEBUG oslo_service.service [-] clients_neutron.ca_file = None log_opt_values /usr/lib/python3/dist-packages/oslo_config/cfg.py:2609
2025-06-12 00:34:22.023 37654 DEBUG oslo_service.service [-] clients_neutron.cert_file = None log_opt_values /usr/lib/python3/dist-packages/oslo_config/cfg.py:2609
2025-06-12 00:34:22.023 37654 DEBUG oslo_service.service [-] clients_neutron.endpoint_type = None log_opt_values /usr/lib/python3/dist-packages/oslo_config/cfg.py:2609
2025-06-12 00:34:22.023 37867 INFO heat.engine.worker [-] Starting engine_worker (1.4) in engine 1f91c651-6745-476b-91df-8e396886025b.
2025-06-12 00:34:22.023 37654 DEBUG oslo_service.service [-] clients_neutron.insecure = None log_opt_values /usr/lib/python3/dist-packages/oslo_config/cfg.py:2609
2025-06-12 00:34:22.023 37654 DEBUG oslo_service.service [-] clients_neutron.key_file = None log_opt_values /usr/lib/python3/dist-packages/oslo_config/cfg.py:2609
2025-06-12 00:34:22.023 37654 DEBUG oslo_service.service [-] clients_nova.ca_file = None log_opt_values /usr/lib/python3/dist-packages/oslo_config/cfg.py:2609
2025-06-12 00:34:22.023 37654 DEBUG oslo_service.service [-] clients_nova.cert_file = None log_opt_values /usr/lib/python3/dist-packages/oslo_config/cfg.py:2609
2025-06-12 00:34:22.023 37654 DEBUG oslo_service.service [-] clients_nova.endpoint_type = None log_opt_values /usr/lib/python3/dist-packages/oslo_config/cfg.py:2609
2025-06-12 00:34:22.023 37654 DEBUG oslo_service.service [-] clients_nova.http_log_debug = False log_opt_values /usr/lib/python3/dist-packages/oslo_config/cfg.py:2609
2025-06-12 00:34:22.023 37654 DEBUG oslo_service.service [-] clients_nova.insecure = None log_opt_values /usr/lib/python3/dist-packages/oslo_config/cfg.py:2609
2025-06-12 00:34:22.023 37654 DEBUG oslo_service.service [-] clients_nova.key_file = None log_opt_values /usr/lib/python3/dist-packages/oslo_config/cfg.py:2609
2025-06-12 00:34:22.024 37654 DEBUG oslo_service.service [-] clients_octavia.ca_file = None log_opt_values /usr/lib/python3/dist-packages/oslo_config/cfg.py:2609
2025-06-12 00:34:22.024 37654 DEBUG oslo_service.service [-] clients_octavia.cert_file = None log_opt_values /usr/lib/python3/dist-packages/oslo_config/cfg.py:2609
2025-06-12 00:34:22.024 37654 DEBUG oslo_service.service [-] clients_octavia.endpoint_type = None log_opt_values /usr/lib/python3/dist-packages/oslo_config/cfg.py:2609
2025-06-12 00:34:22.024 37654 DEBUG oslo_service.service [-] clients_octavia.insecure = None log_opt_values /usr/lib/python3/dist-packages/oslo_config/cfg.py:2609
2025-06-12 00:34:22.024 37654 DEBUG oslo_service.service [-] clients_octavia.key_file = None log_opt_values /usr/lib/python3/dist-packages/oslo_config/cfg.py:2609
2025-06-12 00:34:22.024 37654 DEBUG oslo_service.service [-] clients_sahara.ca_file = None log_opt_values /usr/lib/python3/dist-packages/oslo_config/cfg.py:2609
2025-06-12 00:34:22.024 37654 DEBUG oslo_service.service [-] clients_sahara.cert_file = None log_opt_values /usr/lib/python3/dist-packages/oslo_config/cfg.py:2609
2025-06-12 00:34:22.024 37654 DEBUG oslo_service.service [-] clients_sahara.endpoint_type = None log_opt_values /usr/lib/python3/dist-packages/oslo_config/cfg.py:2609
2025-06-12 00:34:22.024 37654 DEBUG oslo_service.service [-] clients_sahara.insecure = None log_opt_values /usr/lib/python3/dist-packages/oslo_config/cfg.py:2609
2025-06-12 00:34:22.024 37654 DEBUG oslo_service.service [-] clients_sahara.key_file = None log_opt_values /usr/lib/python3/dist-packages/oslo_config/cfg.py:2609
2025-06-12 00:34:22.025 37654 DEBUG oslo_service.service [-] clients_senlin.ca_file = None log_opt_values /usr/lib/python3/dist-packages/oslo_config/cfg.py:2609
2025-06-12 00:34:22.026 37654 DEBUG oslo_service.service [-] clients_senlin.cert_file = None log_opt_values /usr/lib/python3/dist-packages/oslo_config/cfg.py:2609
2025-06-12 00:34:22.026 37654 DEBUG oslo_service.service [-] clients_senlin.endpoint_type = None log_opt_values /usr/lib/python3/dist-packages/oslo_config/cfg.py:2609
2025-06-12 00:34:22.026 37654 DEBUG oslo_service.service [-] clients_senlin.insecure = None log_opt_values /usr/lib/python3/dist-packages/oslo_config/cfg.py:2609
2025-06-12 00:34:22.026 37654 DEBUG oslo_service.service [-] clients_senlin.key_file = None log_opt_values /usr/lib/python3/dist-packages/oslo_config/cfg.py:2609
2025-06-12 00:34:22.026 37654 DEBUG oslo_service.service [-] clients_swift.ca_file = None log_opt_values /usr/lib/python3/dist-packages/oslo_config/cfg.py:2609
2025-06-12 00:34:22.027 37654 DEBUG oslo_service.service [-] clients_swift.cert_file = None log_opt_values /usr/lib/python3/dist-packages/oslo_config/cfg.py:2609
2025-06-12 00:34:22.027 37654 DEBUG oslo_service.service [-] clients_swift.endpoint_type = None log_opt_values /usr/lib/python3/dist-packages/oslo_config/cfg.py:2609
2025-06-12 00:34:22.028 37654 DEBUG oslo_service.service [-] clients_swift.insecure = None log_opt_values /usr/lib/python3/dist-packages/oslo_config/cfg.py:2609
2025-06-12 00:34:22.028 37654 DEBUG oslo_service.service [-] clients_swift.key_file = None log_opt_values /usr/lib/python3/dist-packages/oslo_config/cfg.py:2609
2025-06-12 00:34:22.029 37654 DEBUG oslo_service.service [-] clients_trove.ca_file = None log_opt_values /usr/lib/python3/dist-packages/oslo_config/cfg.py:2609
2025-06-12 00:34:22.029 37654 DEBUG oslo_service.service [-] clients_trove.cert_file = None log_opt_values /usr/lib/python3/dist-packages/oslo_config/cfg.py:2609
2025-06-12 00:34:22.029 37654 DEBUG oslo_service.service [-] clients_trove.endpoint_type = None log_opt_values /usr/lib/python3/dist-packages/oslo_config/cfg.py:2609
2025-06-12 00:34:22.029 37654 DEBUG oslo_service.service [-] clients_trove.insecure = None log_opt_values /usr/lib/python3/dist-packages/oslo_config/cfg.py:2609
2025-06-12 00:34:22.029 37654 DEBUG oslo_service.service [-] clients_trove.key_file = None log_opt_values /usr/lib/python3/dist-packages/oslo_config/cfg.py:2609
2025-06-12 00:34:22.031 37654 DEBUG oslo_service.service [-] clients_vitrage.ca_file = None log_opt_values /usr/lib/python3/dist-packages/oslo_config/cfg.py:2609
2025-06-12 00:34:22.032 37654 DEBUG oslo_service.service [-] clients_vitrage.cert_file = None log_opt_values /usr/lib/python3/dist-packages/oslo_config/cfg.py:2609
2025-06-12 00:34:22.032 37654 DEBUG oslo_service.service [-] clients_vitrage.endpoint_type = None log_opt_values /usr/lib/python3/dist-packages/oslo_config/cfg.py:2609
2025-06-12 00:34:22.032 37654 DEBUG oslo_service.service [-] clients_vitrage.insecure = None log_opt_values /usr/lib/python3/dist-packages/oslo_config/cfg.py:2609
2025-06-12 00:34:22.032 37654 DEBUG oslo_service.service [-] clients_vitrage.key_file = None log_opt_values /usr/lib/python3/dist-packages/oslo_config/cfg.py:2609
2025-06-12 00:34:22.033 37654 DEBUG oslo_service.service [-] clients_zaqar.ca_file = None log_opt_values /usr/lib/python3/dist-packages/oslo_config/cfg.py:2609
2025-06-12 00:34:22.033 37654 DEBUG oslo_service.service [-] clients_zaqar.cert_file = None log_opt_values /usr/lib/python3/dist-packages/oslo_config/cfg.py:2609
2025-06-12 00:34:22.033 37654 DEBUG oslo_service.service [-] clients_zaqar.endpoint_type = None log_opt_values /usr/lib/python3/dist-packages/oslo_config/cfg.py:2609
2025-06-12 00:34:22.034 37654 DEBUG oslo_service.service [-] clients_zaqar.insecure = None log_opt_values /usr/lib/python3/dist-packages/oslo_config/cfg.py:2609
2025-06-12 00:34:22.034 37654 DEBUG oslo_service.service [-] clients_zaqar.key_file = None log_opt_values /usr/lib/python3/dist-packages/oslo_config/cfg.py:2609
2025-06-12 00:34:22.034 37654 DEBUG oslo_service.service [-] database.backend = sqlalchemy log_opt_values /usr/lib/python3/dist-packages/oslo_config/cfg.py:2609
2025-06-12 00:34:22.034 37654 DEBUG oslo_service.service [-] database.connection = **** log_opt_values /usr/lib/python3/dist-packages/oslo_config/cfg.py:2609
2025-06-12 00:34:22.034 37654 DEBUG oslo_service.service [-] database.connection_debug = 0 log_opt_values /usr/lib/python3/dist-packages/oslo_config/cfg.py:2609
2025-06-12 00:34:22.034 37654 DEBUG oslo_service.service [-] database.connection_parameters = log_opt_values /usr/lib/python3/dist-packages/oslo_config/cfg.py:2609
2025-06-12 00:34:22.034 37654 DEBUG oslo_service.service [-] database.connection_recycle_time = 3600 log_opt_values /usr/lib/python3/dist-packages/oslo_config/cfg.py:2609
2025-06-12 00:34:22.035 37654 DEBUG oslo_service.service [-] database.connection_trace = False log_opt_values /usr/lib/python3/dist-packages/oslo_config/cfg.py:2609
2025-06-12 00:34:22.036 37654 DEBUG oslo_service.service [-] database.db_inc_retry_interval = True log_opt_values /usr/lib/python3/dist-packages/oslo_config/cfg.py:2609
2025-06-12 00:34:22.036 37654 DEBUG oslo_service.service [-] database.db_max_retries = 20 log_opt_values /usr/lib/python3/dist-packages/oslo_config/cfg.py:2609
2025-06-12 00:34:22.036 37654 DEBUG oslo_service.service [-] database.db_max_retry_interval = 10 log_opt_values /usr/lib/python3/dist-packages/oslo_config/cfg.py:2609
2025-06-12 00:34:22.036 37654 DEBUG oslo_service.service [-] database.db_retry_interval = 1 log_opt_values /usr/lib/python3/dist-packages/oslo_config/cfg.py:2609
2025-06-12 00:34:22.036 37654 DEBUG oslo_service.service [-] database.max_overflow = 50 log_opt_values /usr/lib/python3/dist-packages/oslo_config/cfg.py:2609
2025-06-12 00:34:22.037 37654 DEBUG oslo_service.service [-] database.max_pool_size = 5 log_opt_values /usr/lib/python3/dist-packages/oslo_config/cfg.py:2609
2025-06-12 00:34:22.040 37654 DEBUG oslo_service.service [-] database.max_retries = 10 log_opt_values /usr/lib/python3/dist-packages/oslo_config/cfg.py:2609
2025-06-12 00:34:22.040 37654 DEBUG oslo_service.service [-] database.mysql_enable_ndb = False log_opt_values /usr/lib/python3/dist-packages/oslo_config/cfg.py:2609
2025-06-12 00:34:22.040 37654 DEBUG oslo_service.service [-] database.mysql_sql_mode = TRADITIONAL log_opt_values /usr/lib/python3/dist-packages/oslo_config/cfg.py:2609
2025-06-12 00:34:22.040 37654 DEBUG oslo_service.service [-] database.pool_timeout = None log_opt_values /usr/lib/python3/dist-packages/oslo_config/cfg.py:2609
2025-06-12 00:34:22.040 37654 DEBUG oslo_service.service [-] database.retry_interval = 10 log_opt_values /usr/lib/python3/dist-packages/oslo_config/cfg.py:2609
2025-06-12 00:34:22.041 37654 DEBUG oslo_service.service [-] database.slave_connection = **** log_opt_values /usr/lib/python3/dist-packages/oslo_config/cfg.py:2609
2025-06-12 00:34:22.041 37654 DEBUG oslo_service.service [-] database.sqlite_synchronous = True log_opt_values /usr/lib/python3/dist-packages/oslo_config/cfg.py:2609
2025-06-12 00:34:22.041 37654 DEBUG oslo_service.service [-] database.use_db_reconnect = False log_opt_values /usr/lib/python3/dist-packages/oslo_config/cfg.py:2609
2025-06-12 00:34:22.041 37654 DEBUG oslo_service.service [-] oslo_messaging_metrics.metrics_buffer_size = 1000 log_opt_values /usr/lib/python3/dist-packages/oslo_config/cfg.py:2609
2025-06-12 00:34:22.041 37654 DEBUG oslo_service.service [-] oslo_messaging_metrics.metrics_enabled = False log_opt_values /usr/lib/python3/dist-packages/oslo_config/cfg.py:2609
2025-06-12 00:34:22.041 37654 DEBUG oslo_service.service [-] oslo_messaging_metrics.metrics_process_name = log_opt_values /usr/lib/python3/dist-packages/oslo_config/cfg.py:2609
2025-06-12 00:34:22.041 37654 DEBUG oslo_service.service [-] oslo_messaging_metrics.metrics_socket_file = /var/tmp/metrics_collector.sock log_opt_values /usr/lib/python3/dist-packages/oslo_config/cfg.py:2609
2025-06-12 00:34:22.041 37654 DEBUG oslo_service.service [-] oslo_messaging_metrics.metrics_thread_stop_timeout = 10 log_opt_values /usr/lib/python3/dist-packages/oslo_config/cfg.py:2609
2025-06-12 00:34:22.041 37654 DEBUG oslo_service.service [-] oslo_policy.enforce_new_defaults = False log_opt_values /usr/lib/python3/dist-packages/oslo_config/cfg.py:2609
2025-06-12 00:34:22.042 37654 DEBUG oslo_service.service [-] oslo_policy.enforce_scope = False log_opt_values /usr/lib/python3/dist-packages/oslo_config/cfg.py:2609
2025-06-12 00:34:22.042 37654 DEBUG oslo_service.service [-] oslo_policy.policy_default_rule = default log_opt_values /usr/lib/python3/dist-packages/oslo_config/cfg.py:2609
2025-06-12 00:34:22.042 37654 DEBUG oslo_service.service [-] oslo_policy.policy_dirs = ['policy.d'] log_opt_values /usr/lib/python3/dist-packages/oslo_config/cfg.py:2609
2025-06-12 00:34:22.042 37654 DEBUG oslo_service.service [-] oslo_policy.policy_file = policy.yaml log_opt_values /usr/lib/python3/dist-packages/oslo_config/cfg.py:2609
2025-06-12 00:34:22.042 37654 DEBUG oslo_service.service [-] oslo_policy.remote_content_type = application/x-www-form-urlencoded log_opt_values /usr/lib/python3/dist-packages/oslo_config/cfg.py:2609
2025-06-12 00:34:22.043 37654 DEBUG oslo_service.service [-] oslo_policy.remote_ssl_ca_crt_file = None log_opt_values /usr/lib/python3/dist-packages/oslo_config/cfg.py:2609
2025-06-12 00:34:22.043 37654 DEBUG oslo_service.service [-] oslo_policy.remote_ssl_client_crt_file = None log_opt_values /usr/lib/python3/dist-packages/oslo_config/cfg.py:2609
2025-06-12 00:34:22.045 37654 DEBUG oslo_service.service [-] oslo_policy.remote_ssl_client_key_file = None log_opt_values /usr/lib/python3/dist-packages/oslo_config/cfg.py:2609
2025-06-12 00:34:22.051 37654 DEBUG oslo_service.service [-] oslo_policy.remote_ssl_verify_server_crt = False log_opt_values /usr/lib/python3/dist-packages/oslo_config/cfg.py:2609
2025-06-12 00:34:22.051 37654 DEBUG oslo_service.service [-] trustee.auth_section = None log_opt_values /usr/lib/python3/dist-packages/oslo_config/cfg.py:2609
2025-06-12 00:34:22.051 37654 WARNING oslo_config.cfg [-] Deprecated: Option "auth_plugin" from group "trustee" is deprecated. Use option "auth_type" from group "trustee".
2025-06-12 00:34:22.051 37654 DEBUG oslo_service.service [-] trustee.auth_type = password log_opt_values /usr/lib/python3/dist-packages/oslo_config/cfg.py:2609
2025-06-12 00:34:22.052 37654 DEBUG oslo_service.service [-] oslo_versionedobjects.fatal_exception_format_errors = False log_opt_values /usr/lib/python3/dist-packages/oslo_config/cfg.py:2609
2025-06-12 00:34:22.052 37654 DEBUG oslo_service.service [-] oslo_messaging_rabbit.amqp_auto_delete = False log_opt_values /usr/lib/python3/dist-packages/oslo_config/cfg.py:2609
2025-06-12 00:34:22.052 37654 DEBUG oslo_service.service [-] oslo_messaging_rabbit.amqp_durable_queues = False log_opt_values /usr/lib/python3/dist-packages/oslo_config/cfg.py:2609
2025-06-12 00:34:22.052 37654 DEBUG oslo_service.service [-] oslo_messaging_rabbit.conn_pool_min_size = 2 log_opt_values /usr/lib/python3/dist-packages/oslo_config/cfg.py:2609
2025-06-12 00:34:22.052 37654 DEBUG oslo_service.service [-] oslo_messaging_rabbit.conn_pool_ttl = 1200 log_opt_values /usr/lib/python3/dist-packages/oslo_config/cfg.py:2609
2025-06-12 00:34:22.052 37654 DEBUG oslo_service.service [-] oslo_messaging_rabbit.direct_mandatory_flag = True log_opt_values /usr/lib/python3/dist-packages/oslo_config/cfg.py:2609
2025-06-12 00:34:22.052 37654 DEBUG oslo_service.service [-] oslo_messaging_rabbit.enable_cancel_on_failover = False log_opt_values /usr/lib/python3/dist-packages/oslo_config/cfg.py:2609
2025-06-12 00:34:22.054 37654 DEBUG oslo_service.service [-] oslo_messaging_rabbit.heartbeat_in_pthread = False log_opt_values /usr/lib/python3/dist-packages/oslo_config/cfg.py:2609
2025-06-12 00:34:22.054 37654 DEBUG oslo_service.service [-] oslo_messaging_rabbit.heartbeat_rate = 2 log_opt_values /usr/lib/python3/dist-packages/oslo_config/cfg.py:2609
2025-06-12 00:34:22.058 37868 INFO heat.engine.worker [-] Starting engine_worker (1.4) in engine 0c328dfa-534c-4dc8-8b0f-71530b718123.
2025-06-12 00:34:22.055 37654 DEBUG oslo_service.service [-] oslo_messaging_rabbit.heartbeat_timeout_threshold = 60 log_opt_values /usr/lib/python3/dist-packages/oslo_config/cfg.py:2609
2025-06-12 00:34:22.061 37654 DEBUG oslo_service.service [-] oslo_messaging_rabbit.kombu_compression = None log_opt_values /usr/lib/python3/dist-packages/oslo_config/cfg.py:2609
2025-06-12 00:34:22.064 37654 DEBUG oslo_service.service [-] oslo_messaging_rabbit.kombu_failover_strategy = round-robin log_opt_values /usr/lib/python3/dist-packages/oslo_config/cfg.py:2609
2025-06-12 00:34:22.065 37654 DEBUG oslo_service.service [-] oslo_messaging_rabbit.kombu_missing_consumer_retry_timeout = 60 log_opt_values /usr/lib/python3/dist-packages/oslo_config/cfg.py:2609
2025-06-12 00:34:22.065 37654 DEBUG oslo_service.service [-] oslo_messaging_rabbit.kombu_reconnect_delay = 1.0 log_opt_values /usr/lib/python3/dist-packages/oslo_config/cfg.py:2609
2025-06-12 00:34:22.067 37654 DEBUG oslo_service.service [-] oslo_messaging_rabbit.rabbit_ha_queues = False log_opt_values /usr/lib/python3/dist-packages/oslo_config/cfg.py:2609
2025-06-12 00:34:22.068 37654 DEBUG oslo_service.service [-] oslo_messaging_rabbit.rabbit_interval_max = 30 log_opt_values /usr/lib/python3/dist-packages/oslo_config/cfg.py:2609
2025-06-12 00:34:22.069 37654 DEBUG oslo_service.service [-] oslo_messaging_rabbit.rabbit_login_method = AMQPLAIN log_opt_values /usr/lib/python3/dist-packages/oslo_config/cfg.py:2609
2025-06-12 00:34:22.070 37654 DEBUG oslo_service.service [-] oslo_messaging_rabbit.rabbit_qos_prefetch_count = 0 log_opt_values /usr/lib/python3/dist-packages/oslo_config/cfg.py:2609
2025-06-12 00:34:22.072 37654 DEBUG oslo_service.service [-] oslo_messaging_rabbit.rabbit_quorum_queue = False log_opt_values /usr/lib/python3/dist-packages/oslo_config/cfg.py:2609
2025-06-12 00:34:22.073 37654 DEBUG oslo_service.service [-] oslo_messaging_rabbit.rabbit_retry_backoff = 2 log_opt_values /usr/lib/python3/dist-packages/oslo_config/cfg.py:2609
2025-06-12 00:34:22.075 37654 DEBUG oslo_service.service [-] oslo_messaging_rabbit.rabbit_retry_interval = 1 log_opt_values /usr/lib/python3/dist-packages/oslo_config/cfg.py:2609
2025-06-12 00:34:22.075 37654 DEBUG oslo_service.service [-] oslo_messaging_rabbit.rabbit_transient_queues_ttl = 1800 log_opt_values /usr/lib/python3/dist-packages/oslo_config/cfg.py:2609
2025-06-12 00:34:22.075 37654 DEBUG oslo_service.service [-] oslo_messaging_rabbit.rpc_conn_pool_size = 30 log_opt_values /usr/lib/python3/dist-packages/oslo_config/cfg.py:2609
2025-06-12 00:34:22.075 37654 DEBUG oslo_service.service [-] oslo_messaging_rabbit.ssl = False log_opt_values /usr/lib/python3/dist-packages/oslo_config/cfg.py:2609
2025-06-12 00:34:22.076 37654 DEBUG oslo_service.service [-] oslo_messaging_rabbit.ssl_ca_file = log_opt_values /usr/lib/python3/dist-packages/oslo_config/cfg.py:2609
2025-06-12 00:34:22.076 37654 DEBUG oslo_service.service [-] oslo_messaging_rabbit.ssl_cert_file = log_opt_values /usr/lib/python3/dist-packages/oslo_config/cfg.py:2609
2025-06-12 00:34:22.076 37654 DEBUG oslo_service.service [-] oslo_messaging_rabbit.ssl_key_file = log_opt_values /usr/lib/python3/dist-packages/oslo_config/cfg.py:2609
2025-06-12 00:34:22.076 37654 DEBUG oslo_service.service [-] oslo_messaging_rabbit.ssl_version = log_opt_values /usr/lib/python3/dist-packages/oslo_config/cfg.py:2609
2025-06-12 00:34:22.076 37654 DEBUG oslo_service.service [-] oslo_messaging_notifications.driver = [] log_opt_values /usr/lib/python3/dist-packages/oslo_config/cfg.py:2609
2025-06-12 00:34:22.076 37654 DEBUG oslo_service.service [-] oslo_messaging_notifications.retry = -1 log_opt_values /usr/lib/python3/dist-packages/oslo_config/cfg.py:2609
2025-06-12 00:34:22.076 37654 DEBUG oslo_service.service [-] oslo_messaging_notifications.topics = ['notifications'] log_opt_values /usr/lib/python3/dist-packages/oslo_config/cfg.py:2609
2025-06-12 00:34:22.076 37654 DEBUG oslo_service.service [-] oslo_messaging_notifications.transport_url = **** log_opt_values /usr/lib/python3/dist-packages/oslo_config/cfg.py:2609
2025-06-12 00:34:22.081 37654 DEBUG oslo_service.service [-] cache.backend = dogpile.cache.null log_opt_values /usr/lib/python3/dist-packages/oslo_config/cfg.py:2609
2025-06-12 00:34:22.082 37654 DEBUG oslo_service.service [-] cache.backend_argument = **** log_opt_values /usr/lib/python3/dist-packages/oslo_config/cfg.py:2609
2025-06-12 00:34:22.082 37654 DEBUG oslo_service.service [-] cache.config_prefix = cache.oslo log_opt_values /usr/lib/python3/dist-packages/oslo_config/cfg.py:2609
2025-06-12 00:34:22.082 37654 DEBUG oslo_service.service [-] cache.debug_cache_backend = False log_opt_values /usr/lib/python3/dist-packages/oslo_config/cfg.py:2609
2025-06-12 00:34:22.082 37654 DEBUG oslo_service.service [-] cache.enabled = False log_opt_values /usr/lib/python3/dist-packages/oslo_config/cfg.py:2609
2025-06-12 00:34:22.082 37654 DEBUG oslo_service.service [-] cache.expiration_time = 600 log_opt_values /usr/lib/python3/dist-packages/oslo_config/cfg.py:2609
2025-06-12 00:34:22.086 37654 DEBUG oslo_service.service [-] cache.memcache_dead_retry = 300 log_opt_values /usr/lib/python3/dist-packages/oslo_config/cfg.py:2609
2025-06-12 00:34:22.086 37654 DEBUG oslo_service.service [-] cache.memcache_pool_connection_get_timeout = 10 log_opt_values /usr/lib/python3/dist-packages/oslo_config/cfg.py:2609
2025-06-12 00:34:22.086 37654 DEBUG oslo_service.service [-] cache.memcache_pool_flush_on_reconnect = False log_opt_values /usr/lib/python3/dist-packages/oslo_config/cfg.py:2609
2025-06-12 00:34:22.086 37654 DEBUG oslo_service.service [-] cache.memcache_pool_maxsize = 10 log_opt_values /usr/lib/python3/dist-packages/oslo_config/cfg.py:2609
2025-06-12 00:34:22.086 37654 DEBUG oslo_service.service [-] cache.memcache_pool_unused_timeout = 60 log_opt_values /usr/lib/python3/dist-packages/oslo_config/cfg.py:2609
2025-06-12 00:34:22.089 37654 DEBUG oslo_service.service [-] cache.memcache_servers = ['localhost:11211'] log_opt_values /usr/lib/python3/dist-packages/oslo_config/cfg.py:2609
2025-06-12 00:34:22.089 37654 DEBUG oslo_service.service [-] cache.memcache_socket_timeout = 1.0 log_opt_values /usr/lib/python3/dist-packages/oslo_config/cfg.py:2609
2025-06-12 00:34:22.089 37654 DEBUG oslo_service.service [-] cache.proxies = [] log_opt_values /usr/lib/python3/dist-packages/oslo_config/cfg.py:2609
2025-06-12 00:34:22.089 37654 DEBUG oslo_service.service [-] cache.tls_allowed_ciphers = None log_opt_values /usr/lib/python3/dist-packages/oslo_config/cfg.py:2609
2025-06-12 00:34:22.090 37654 DEBUG oslo_service.service [-] cache.tls_cafile = None log_opt_values /usr/lib/python3/dist-packages/oslo_config/cfg.py:2609
2025-06-12 00:34:22.090 37654 DEBUG oslo_service.service [-] cache.tls_certfile = None log_opt_values /usr/lib/python3/dist-packages/oslo_config/cfg.py:2609
2025-06-12 00:34:22.090 37654 DEBUG oslo_service.service [-] cache.tls_enabled = False log_opt_values /usr/lib/python3/dist-packages/oslo_config/cfg.py:2609
2025-06-12 00:34:22.090 37654 DEBUG oslo_service.service [-] cache.tls_keyfile = None log_opt_values /usr/lib/python3/dist-packages/oslo_config/cfg.py:2609
2025-06-12 00:34:22.090 37654 DEBUG oslo_service.service [-] constraint_validation_cache.caching = True log_opt_values /usr/lib/python3/dist-packages/oslo_config/cfg.py:2609
2025-06-12 00:34:22.090 37654 DEBUG oslo_service.service [-] constraint_validation_cache.expiration_time = 60 log_opt_values /usr/lib/python3/dist-packages/oslo_config/cfg.py:2609
2025-06-12 00:34:22.090 37654 DEBUG oslo_service.service [-] service_extension_cache.caching = True log_opt_values /usr/lib/python3/dist-packages/oslo_config/cfg.py:2609
2025-06-12 00:34:22.090 37654 DEBUG oslo_service.service [-] service_extension_cache.expiration_time = 3600 log_opt_values /usr/lib/python3/dist-packages/oslo_config/cfg.py:2609
2025-06-12 00:34:22.091 37654 DEBUG oslo_service.service [-] resource_finder_cache.caching = True log_opt_values /usr/lib/python3/dist-packages/oslo_config/cfg.py:2609
2025-06-12 00:34:22.091 37654 DEBUG oslo_service.service [-] resource_finder_cache.expiration_time = 3600 log_opt_values /usr/lib/python3/dist-packages/oslo_config/cfg.py:2609
2025-06-12 00:34:22.091 37654 DEBUG oslo_service.service [-] yaql.limit_iterators = 200 log_opt_values /usr/lib/python3/dist-packages/oslo_config/cfg.py:2609
2025-06-12 00:34:22.091 37654 DEBUG oslo_service.service [-] yaql.memory_quota = 10000 log_opt_values /usr/lib/python3/dist-packages/oslo_config/cfg.py:2609
2025-06-12 00:34:22.091 37654 DEBUG oslo_service.service [-] ******************************************************************************** log_opt_values /usr/lib/python3/dist-packages/oslo_config/cfg.py:2613
2025-06-12 00:34:22.127 37867 DEBUG oslo_db.sqlalchemy.engines [req-b3c1bc42-62b5-4497-867b-6e7f9258fd31 - - - - -] MySQL server mode set to STRICT_TRANS_TABLES,STRICT_ALL_TABLES,NO_ZERO_IN_DATE,NO_ZERO_DATE,ERROR_FOR_DIVISION_BY_ZERO,TRADITIONAL,NO_ENGINE_SUBSTITUTION _check_effective_sql_mode /usr/lib/python3/dist-packages/oslo_db/sqlalchemy/engines.py:314
2025-06-12 00:34:22.134 37866 DEBUG oslo_db.sqlalchemy.engines [req-03d52eb5-b6f9-4ae5-a93d-ef96a63803c5 - - - - -] MySQL server mode set to STRICT_TRANS_TABLES,STRICT_ALL_TABLES,NO_ZERO_IN_DATE,NO_ZERO_DATE,ERROR_FOR_DIVISION_BY_ZERO,TRADITIONAL,NO_ENGINE_SUBSTITUTION _check_effective_sql_mode /usr/lib/python3/dist-packages/oslo_db/sqlalchemy/engines.py:314
2025-06-12 00:34:22.138 37865 DEBUG oslo_db.sqlalchemy.engines [req-67a432b9-e9b0-4476-91b2-ba48e3909692 - - - - -] MySQL server mode set to STRICT_TRANS_TABLES,STRICT_ALL_TABLES,NO_ZERO_IN_DATE,NO_ZERO_DATE,ERROR_FOR_DIVISION_BY_ZERO,TRADITIONAL,NO_ENGINE_SUBSTITUTION _check_effective_sql_mode /usr/lib/python3/dist-packages/oslo_db/sqlalchemy/engines.py:314
2025-06-12 00:34:22.139 37868 DEBUG oslo_db.sqlalchemy.engines [req-f575537f-d832-4ffa-85ac-e5be6c50d7ee - - - - -] MySQL server mode set to STRICT_TRANS_TABLES,STRICT_ALL_TABLES,NO_ZERO_IN_DATE,NO_ZERO_DATE,ERROR_FOR_DIVISION_BY_ZERO,TRADITIONAL,NO_ENGINE_SUBSTITUTION _check_effective_sql_mode /usr/lib/python3/dist-packages/oslo_db/sqlalchemy/engines.py:314
2025-06-12 00:34:22.214 37866 DEBUG heat.engine.service [req-f4d2d8b8-9570-46ba-8ff2-0d36f9db5960 - - - - -] Service 30723ea0-0e74-4f08-9e6d-b115c17a23bd is started service_manage_report /usr/lib/python3/dist-packages/heat/engine/service.py:2363
2025-06-12 00:34:22.225 37867 DEBUG heat.engine.service [req-59a1376a-4ae4-4fb7-9436-87a190e76bcf - - - - -] Service cff912c8-2b12-43b6-96dd-8fe352c2bc29 is started service_manage_report /usr/lib/python3/dist-packages/heat/engine/service.py:2363
2025-06-12 00:34:22.235 37866 DEBUG heat.engine.service [req-f4d2d8b8-9570-46ba-8ff2-0d36f9db5960 - - - - -] Service 30723ea0-0e74-4f08-9e6d-b115c17a23bd is updated service_manage_report /usr/lib/python3/dist-packages/heat/engine/service.py:2370
2025-06-12 00:34:22.247 37867 DEBUG heat.engine.service [req-59a1376a-4ae4-4fb7-9436-87a190e76bcf - - - - -] Service cff912c8-2b12-43b6-96dd-8fe352c2bc29 is updated service_manage_report /usr/lib/python3/dist-packages/heat/engine/service.py:2370
2025-06-12 00:34:22.265 37868 DEBUG heat.engine.service [req-d6a2d2be-92d6-45fb-a83e-ffd637878025 - - - - -] Service ba84a2d6-4010-4ce4-80a9-492c9ed05496 is started service_manage_report /usr/lib/python3/dist-packages/heat/engine/service.py:2363
2025-06-12 00:34:22.267 37865 DEBUG heat.engine.service [req-4ad4739d-d4df-4e56-88fd-5c1a6975ac4a - - - - -] Service f78195dd-e38b-4c7d-b1da-b7b54bae24e4 is started service_manage_report /usr/lib/python3/dist-packages/heat/engine/service.py:2363
2025-06-12 00:34:22.284 37865 DEBUG heat.engine.service [req-4ad4739d-d4df-4e56-88fd-5c1a6975ac4a - - - - -] Service f78195dd-e38b-4c7d-b1da-b7b54bae24e4 is updated service_manage_report /usr/lib/python3/dist-packages/heat/engine/service.py:2370
2025-06-12 00:34:22.290 37868 DEBUG heat.engine.service [req-d6a2d2be-92d6-45fb-a83e-ffd637878025 - - - - -] Service ba84a2d6-4010-4ce4-80a9-492c9ed05496 is updated service_manage_report /usr/lib/python3/dist-packages/heat/engine/service.py:2370
2025-06-12 00:35:22.198 37866 DEBUG heat.engine.service [req-5f3d27f2-2569-43c1-b601-c91173f250fd - - - - -] Service 30723ea0-0e74-4f08-9e6d-b115c17a23bd is updated service_manage_report /usr/lib/python3/dist-packages/heat/engine/service.py:2370
2025-06-12 00:35:22.208 37867 DEBUG heat.engine.service [req-cc505646-4c9e-4293-a355-b439d0894f55 - - - - -] Service cff912c8-2b12-43b6-96dd-8fe352c2bc29 is updated service_manage_report /usr/lib/python3/dist-packages/heat/engine/service.py:2370
2025-06-12 00:35:22.226 37865 DEBUG heat.engine.service [req-09922453-6c1a-4074-891d-d5d3965853b3 - - - - -] Service f78195dd-e38b-4c7d-b1da-b7b54bae24e4 is updated service_manage_report /usr/lib/python3/dist-packages/heat/engine/service.py:2370
2025-06-12 00:35:22.243 37868 DEBUG heat.engine.service [req-bb7ffe28-18c1-4b75-b087-d128f5ec5e5e - - - - -] Service ba84a2d6-4010-4ce4-80a9-492c9ed05496 is updated service_manage_report /usr/lib/python3/dist-packages/heat/engine/service.py:2370
2025-06-12 00:36:22.202 37866 DEBUG heat.engine.service [req-a96e2c39-287f-481b-b681-e1d8efbab476 - - - - -] Service 30723ea0-0e74-4f08-9e6d-b115c17a23bd is updated service_manage_report /usr/lib/python3/dist-packages/heat/engine/service.py:2370
2025-06-12 00:36:22.210 37867 DEBUG heat.engine.service [req-d433f484-bccd-4f78-8c07-7dbf5b882331 - - - - -] Service cff912c8-2b12-43b6-96dd-8fe352c2bc29 is updated service_manage_report /usr/lib/python3/dist-packages/heat/engine/service.py:2370
2025-06-12 00:36:22.229 37865 DEBUG heat.engine.service [req-fbae7858-526b-4031-a68a-a1c3447e75f5 - - - - -] Service f78195dd-e38b-4c7d-b1da-b7b54bae24e4 is updated service_manage_report /usr/lib/python3/dist-packages/heat/engine/service.py:2370
2025-06-12 00:36:22.245 37868 DEBUG heat.engine.service [req-7f832f5d-e2ae-4518-b77f-a4d0828f7f18 - - - - -] Service ba84a2d6-4010-4ce4-80a9-492c9ed05496 is updated service_manage_report /usr/lib/python3/dist-packages/heat/engine/service.py:2370
2025-06-12 00:37:22.213 37866 DEBUG heat.engine.service [req-4c182767-76e5-484b-ac3e-0a34d73a8636 - - - - -] Service 30723ea0-0e74-4f08-9e6d-b115c17a23bd is updated service_manage_report /usr/lib/python3/dist-packages/heat/engine/service.py:2370
2025-06-12 00:37:22.224 37867 DEBUG heat.engine.service [req-3d98f639-b8e9-416a-ad56-e949fa096bef - - - - -] Service cff912c8-2b12-43b6-96dd-8fe352c2bc29 is updated service_manage_report /usr/lib/python3/dist-packages/heat/engine/service.py:2370
2025-06-12 00:37:22.243 37865 DEBUG heat.engine.service [req-59335b66-01ae-4581-b232-69c571b1d678 - - - - -] Service f78195dd-e38b-4c7d-b1da-b7b54bae24e4 is updated service_manage_report /usr/lib/python3/dist-packages/heat/engine/service.py:2370
2025-06-12 00:37:22.259 37868 DEBUG heat.engine.service [req-8433d090-c35d-42ff-be93-082f502e74c3 - - - - -] Service ba84a2d6-4010-4ce4-80a9-492c9ed05496 is updated service_manage_report /usr/lib/python3/dist-packages/heat/engine/service.py:2370
2025-06-12 00:38:22.210 37866 DEBUG heat.engine.service [req-bbc8ba1d-a54a-45c0-ab1e-5e935585ebd7 - - - - -] Service 30723ea0-0e74-4f08-9e6d-b115c17a23bd is updated service_manage_report /usr/lib/python3/dist-packages/heat/engine/service.py:2370
2025-06-12 00:38:22.217 37867 DEBUG heat.engine.service [req-9c304af2-d032-4873-8059-88550562e655 - - - - -] Service cff912c8-2b12-43b6-96dd-8fe352c2bc29 is updated service_manage_report /usr/lib/python3/dist-packages/heat/engine/service.py:2370
2025-06-12 00:38:22.235 37865 DEBUG heat.engine.service [req-67c3c53c-fcc8-4103-8e9a-ef2bfa510e7d - - - - -] Service f78195dd-e38b-4c7d-b1da-b7b54bae24e4 is updated service_manage_report /usr/lib/python3/dist-packages/heat/engine/service.py:2370
2025-06-12 00:38:22.252 37868 DEBUG heat.engine.service [req-6665849c-fad4-413d-af11-9baf79d2a9c1 - - - - -] Service ba84a2d6-4010-4ce4-80a9-492c9ed05496 is updated service_manage_report /usr/lib/python3/dist-packages/heat/engine/service.py:2370
2025-06-12 00:39:22.202 37866 DEBUG heat.engine.service [req-837babbb-63f0-4f4f-88da-b797946b6102 - - - - -] Service 30723ea0-0e74-4f08-9e6d-b115c17a23bd is updated service_manage_report /usr/lib/python3/dist-packages/heat/engine/service.py:2370
2025-06-12 00:39:22.218 37867 DEBUG heat.engine.service [req-2b7dec2e-fc32-4754-8084-e0e6274f7afb - - - - -] Service cff912c8-2b12-43b6-96dd-8fe352c2bc29 is updated service_manage_report /usr/lib/python3/dist-packages/heat/engine/service.py:2370
2025-06-12 00:39:22.238 37865 DEBUG heat.engine.service [req-791fe4b3-01e0-4ead-9c75-07d14d165864 - - - - -] Service f78195dd-e38b-4c7d-b1da-b7b54bae24e4 is updated service_manage_report /usr/lib/python3/dist-packages/heat/engine/service.py:2370
2025-06-12 00:39:22.253 37868 DEBUG heat.engine.service [req-1193c69e-9033-4852-b8ca-6dd0ae589562 - - - - -] Service ba84a2d6-4010-4ce4-80a9-492c9ed05496 is updated service_manage_report /usr/lib/python3/dist-packages/heat/engine/service.py:2370
2025-06-12 00:40:22.205 37866 DEBUG heat.engine.service [req-21ada850-b2d3-4277-8998-28814a6d1981 - - - - -] Service 30723ea0-0e74-4f08-9e6d-b115c17a23bd is updated service_manage_report /usr/lib/python3/dist-packages/heat/engine/service.py:2370
2025-06-12 00:40:22.220 37867 DEBUG heat.engine.service [req-9ab1cc09-026c-4208-9687-93adb6d41cb1 - - - - -] Service cff912c8-2b12-43b6-96dd-8fe352c2bc29 is updated service_manage_report /usr/lib/python3/dist-packages/heat/engine/service.py:2370
2025-06-12 00:40:22.240 37865 DEBUG heat.engine.service [req-c6ec3f95-941c-4a54-8008-e292847c48ba - - - - -] Service f78195dd-e38b-4c7d-b1da-b7b54bae24e4 is updated service_manage_report /usr/lib/python3/dist-packages/heat/engine/service.py:2370
2025-06-12 00:40:22.254 37868 DEBUG heat.engine.service [req-3673782e-5086-49fd-9d13-b222934cc789 - - - - -] Service ba84a2d6-4010-4ce4-80a9-492c9ed05496 is updated service_manage_report /usr/lib/python3/dist-packages/heat/engine/service.py:2370
2025-06-12 00:41:22.207 37866 DEBUG heat.engine.service [req-8a495fc0-3ab8-4774-a1b5-138a110981b3 - - - - -] Service 30723ea0-0e74-4f08-9e6d-b115c17a23bd is updated service_manage_report /usr/lib/python3/dist-packages/heat/engine/service.py:2370
2025-06-12 00:41:22.222 37867 DEBUG heat.engine.service [req-f9f37b33-b152-4731-a58a-9ecd313a89b9 - - - - -] Service cff912c8-2b12-43b6-96dd-8fe352c2bc29 is updated service_manage_report /usr/lib/python3/dist-packages/heat/engine/service.py:2370
2025-06-12 00:41:22.240 37865 DEBUG heat.engine.service [req-276f1a77-2e64-4ca1-a8e6-039ab0e122a7 - - - - -] Service f78195dd-e38b-4c7d-b1da-b7b54bae24e4 is updated service_manage_report /usr/lib/python3/dist-packages/heat/engine/service.py:2370
2025-06-12 00:41:22.254 37868 DEBUG heat.engine.service [req-ec7aa1cf-96a5-4467-a9d4-8d181edf42e8 - - - - -] Service ba84a2d6-4010-4ce4-80a9-492c9ed05496 is updated service_manage_report /usr/lib/python3/dist-packages/heat/engine/service.py:2370
2025-06-12 00:42:22.209 37866 DEBUG heat.engine.service [req-47174199-9c51-48af-992e-4c49eee09902 - - - - -] Service 30723ea0-0e74-4f08-9e6d-b115c17a23bd is updated service_manage_report /usr/lib/python3/dist-packages/heat/engine/service.py:2370
2025-06-12 00:42:22.226 37867 DEBUG heat.engine.service [req-0e8b3451-b373-43ed-9e50-a9c4bb402b2f - - - - -] Service cff912c8-2b12-43b6-96dd-8fe352c2bc29 is updated service_manage_report /usr/lib/python3/dist-packages/heat/engine/service.py:2370
