2025-06-12 01:58:43.303 7 DEBUG oslo_service.service [-] ml2_type_gre.tunnel_id_ranges = [] log_opt_values /var/lib/kolla/venv/lib/python3.6/site-packages/oslo_config/cfg.py:2611
2025-06-12 01:58:43.303 7 DEBUG oslo_service.service [-] ml2_type_vlan.network_vlan_ranges = [] log_opt_values /var/lib/kolla/venv/lib/python3.6/site-packages/oslo_config/cfg.py:2611
2025-06-12 01:58:43.303 7 DEBUG oslo_service.service [-] ml2_type_vxlan.vni_ranges = [] log_opt_values /var/lib/kolla/venv/lib/python3.6/site-packages/oslo_config/cfg.py:2611
2025-06-12 01:58:43.304 7 DEBUG oslo_service.service [-] ml2_type_vxlan.vxlan_group = None log_opt_values /var/lib/kolla/venv/lib/python3.6/site-packages/oslo_config/cfg.py:2611
2025-06-12 01:58:43.304 7 DEBUG oslo_service.service [-] database.backend = sqlalchemy log_opt_values /var/lib/kolla/venv/lib/python3.6/site-packages/oslo_config/cfg.py:2611
2025-06-12 01:58:43.304 7 DEBUG oslo_service.service [-] database.connection = **** log_opt_values /var/lib/kolla/venv/lib/python3.6/site-packages/oslo_config/cfg.py:2611
2025-06-12 01:58:43.304 7 DEBUG oslo_service.service [-] database.connection_debug = 0 log_opt_values /var/lib/kolla/venv/lib/python3.6/site-packages/oslo_config/cfg.py:2611
2025-06-12 01:58:43.304 7 DEBUG oslo_service.service [-] database.connection_parameters = log_opt_values /var/lib/kolla/venv/lib/python3.6/site-packages/oslo_config/cfg.py:2611
2025-06-12 01:58:43.304 7 DEBUG oslo_service.service [-] database.connection_recycle_time = 10 log_opt_values /var/lib/kolla/venv/lib/python3.6/site-packages/oslo_config/cfg.py:2611
2025-06-12 01:58:43.304 7 DEBUG oslo_service.service [-] database.connection_trace = False log_opt_values /var/lib/kolla/venv/lib/python3.6/site-packages/oslo_config/cfg.py:2611
2025-06-12 01:58:43.304 7 DEBUG oslo_service.service [-] database.db_inc_retry_interval = True log_opt_values /var/lib/kolla/venv/lib/python3.6/site-packages/oslo_config/cfg.py:2611
2025-06-12 01:58:43.304 7 DEBUG oslo_service.service [-] database.db_max_retries = 20 log_opt_values /var/lib/kolla/venv/lib/python3.6/site-packages/oslo_config/cfg.py:2611
2025-06-12 01:58:43.304 7 DEBUG oslo_service.service [-] database.db_max_retry_interval = 10 log_opt_values /var/lib/kolla/venv/lib/python3.6/site-packages/oslo_config/cfg.py:2611
2025-06-12 01:58:43.304 7 DEBUG oslo_service.service [-] database.db_retry_interval = 1 log_opt_values /var/lib/kolla/venv/lib/python3.6/site-packages/oslo_config/cfg.py:2611
2025-06-12 01:58:43.306 7 DEBUG oslo_service.service [-] database.max_overflow = 50 log_opt_values /var/lib/kolla/venv/lib/python3.6/site-packages/oslo_config/cfg.py:2611
2025-06-12 01:58:43.306 7 DEBUG oslo_service.service [-] database.max_pool_size = 1 log_opt_values /var/lib/kolla/venv/lib/python3.6/site-packages/oslo_config/cfg.py:2611
2025-06-12 01:58:43.307 7 DEBUG oslo_service.service [-] database.max_retries = -1 log_opt_values /var/lib/kolla/venv/lib/python3.6/site-packages/oslo_config/cfg.py:2611
2025-06-12 01:58:43.307 7 DEBUG oslo_service.service [-] database.mysql_enable_ndb = False log_opt_values /var/lib/kolla/venv/lib/python3.6/site-packages/oslo_config/cfg.py:2611
2025-06-12 01:58:43.307 7 DEBUG oslo_service.service [-] database.mysql_sql_mode = TRADITIONAL log_opt_values /var/lib/kolla/venv/lib/python3.6/site-packages/oslo_config/cfg.py:2611
2025-06-12 01:58:43.307 7 DEBUG oslo_service.service [-] database.pool_timeout = None log_opt_values /var/lib/kolla/venv/lib/python3.6/site-packages/oslo_config/cfg.py:2611
2025-06-12 01:58:43.307 7 DEBUG oslo_service.service [-] database.retry_interval = 10 log_opt_values /var/lib/kolla/venv/lib/python3.6/site-packages/oslo_config/cfg.py:2611
2025-06-12 01:58:43.307 7 DEBUG oslo_service.service [-] database.slave_connection = **** log_opt_values /var/lib/kolla/venv/lib/python3.6/site-packages/oslo_config/cfg.py:2611
2025-06-12 01:58:43.307 7 DEBUG oslo_service.service [-] database.sqlite_synchronous = True log_opt_values /var/lib/kolla/venv/lib/python3.6/site-packages/oslo_config/cfg.py:2611
2025-06-12 01:58:43.307 7 DEBUG oslo_service.service [-] database.use_db_reconnect = False log_opt_values /var/lib/kolla/venv/lib/python3.6/site-packages/oslo_config/cfg.py:2611
2025-06-12 01:58:43.307 7 DEBUG oslo_service.service [-] ******************************************************************************** log_opt_values /var/lib/kolla/venv/lib/python3.6/site-packages/oslo_config/cfg.py:2613
2025-06-12 01:58:45.119 22 DEBUG neutron.wsgi [-] (22) accepted ('10.0.0.23', 58656) server /var/lib/kolla/venv/lib/python3.6/site-packages/eventlet/wsgi.py:1004
2025-06-12 01:58:45.125 22 INFO neutron.wsgi [-] 10.0.0.23 "GET / HTTP/1.1" status: 200 len: 227 time: 0.0046692
2025-06-12 01:58:47.066 23 DEBUG neutron.api.rpc.handlers.dhcp_rpc [req-538f19fe-2ed6-4895-82ff-aa934797c113 - - - - -] get_active_networks_info from cn-jenkins-deploy-platform-ansible-os-3449-1 get_active_networks_info /var/lib/kolla/venv/lib/python3.6/site-packages/neutron/api/rpc/handlers/dhcp_rpc.py:159
2025-06-12 01:58:47.092 27 DEBUG neutron_lib.callbacks.manager [req-07d55b8d-bbd6-48e8-94bd-7a860713066e - - - - -] Publish callbacks ['neutron.services.segments.db._update_segment_host_mapping_for_agent-8785615649088', 'neutron.services.l3_router.l3_router_plugin.DVRResourceOperationHandler.create_fip_agent_gw_ports-465853'] for agent (dccaca2f-98d3-4db5-8259-8e2488c97fd4), after_create _notify_loop /var/lib/kolla/venv/lib/python3.6/site-packages/neutron_lib/callbacks/manager.py:177
2025-06-12 01:58:47.105 23 DEBUG neutron.scheduler.dhcp_agent_scheduler [req-538f19fe-2ed6-4895-82ff-aa934797c113 - - - - -] No non-hosted networks auto_schedule_networks /var/lib/kolla/venv/lib/python3.6/site-packages/neutron/scheduler/dhcp_agent_scheduler.py:60
2025-06-12 01:59:06.041 26 DEBUG neutron_lib.callbacks.manager [req-b1ae35fe-273c-477b-af39-de7d6eebe77d - - - - -] Publish callbacks ['neutron.services.segments.db._update_segment_host_mapping_for_agent-8785615649088', 'neutron.services.l3_router.l3_router_plugin.DVRResourceOperationHandler.create_fip_agent_gw_ports-465853'] for agent (21c4e390-e86d-4c8d-8773-bfce0b0ab2d0), after_create _notify_loop /var/lib/kolla/venv/lib/python3.6/site-packages/neutron_lib/callbacks/manager.py:177
2025-06-12 01:59:15.167 22 DEBUG neutron.wsgi [-] (22) accepted ('10.0.0.23', 47910) server /var/lib/kolla/venv/lib/python3.6/site-packages/eventlet/wsgi.py:1004
2025-06-12 01:59:15.171 22 INFO neutron.wsgi [-] 10.0.0.23 "GET / HTTP/1.1" status: 200 len: 227 time: 0.0029151
2025-06-12 01:59:17.067 28 DEBUG neutron_lib.callbacks.manager [req-56f3eba6-d1d3-4bf2-9fe1-73b7c31ea4b9 - - - - -] Publish callbacks ['neutron.services.segments.db._update_segment_host_mapping_for_agent-8785615649088', 'neutron.plugins.ml2.plugin.Ml2Plugin._retry_binding_revived_agents--9223372036838758563'] for agent (dccaca2f-98d3-4db5-8259-8e2488c97fd4), after_update _notify_loop /var/lib/kolla/venv/lib/python3.6/site-packages/neutron_lib/callbacks/manager.py:177
2025-06-12 01:59:23.243 29 DEBUG neutron.db.agents_db [req-8f8c30e8-decc-4a26-8e27-a5d506463f0a - - - - -] Agent healthcheck: found 2 active agents agent_health_check /var/lib/kolla/venv/lib/python3.6/site-packages/neutron/db/agents_db.py:318
2025-06-12 01:59:36.008 23 DEBUG neutron_lib.callbacks.manager [req-b1ae35fe-273c-477b-af39-de7d6eebe77d - - - - -] Publish callbacks ['neutron.services.segments.db._update_segment_host_mapping_for_agent-8785615649088', 'neutron.plugins.ml2.plugin.Ml2Plugin._retry_binding_revived_agents--9223372036838758563'] for agent (21c4e390-e86d-4c8d-8773-bfce0b0ab2d0), after_update _notify_loop /var/lib/kolla/venv/lib/python3.6/site-packages/neutron_lib/callbacks/manager.py:177
2025-06-12 01:59:45.211 22 DEBUG neutron.wsgi [-] (22) accepted ('10.0.0.23', 41228) server /var/lib/kolla/venv/lib/python3.6/site-packages/eventlet/wsgi.py:1004
2025-06-12 01:59:45.215 22 INFO neutron.wsgi [-] 10.0.0.23 "GET / HTTP/1.1" status: 200 len: 227 time: 0.0029161
2025-06-12 01:59:47.188 24 DEBUG neutron_lib.callbacks.manager [req-e10ede06-f4c9-4a4f-a9fc-c209893f681e - - - - -] Publish callbacks ['neutron.services.segments.db._update_segment_host_mapping_for_agent-8785615649088', 'neutron.plugins.ml2.plugin.Ml2Plugin._retry_binding_revived_agents--9223372036838758563'] for agent (dccaca2f-98d3-4db5-8259-8e2488c97fd4), after_update _notify_loop /var/lib/kolla/venv/lib/python3.6/site-packages/neutron_lib/callbacks/manager.py:177
2025-06-12 02:00:00.230 29 DEBUG neutron.db.agents_db [req-8f8c30e8-decc-4a26-8e27-a5d506463f0a - - - - -] Agent healthcheck: found 2 active agents agent_health_check /var/lib/kolla/venv/lib/python3.6/site-packages/neutron/db/agents_db.py:318
2025-06-12 02:00:06.022 25 DEBUG neutron_lib.callbacks.manager [req-b1ae35fe-273c-477b-af39-de7d6eebe77d - - - - -] Publish callbacks ['neutron.services.segments.db._update_segment_host_mapping_for_agent-8785615649088', 'neutron.plugins.ml2.plugin.Ml2Plugin._retry_binding_revived_agents--9223372036838758563'] for agent (21c4e390-e86d-4c8d-8773-bfce0b0ab2d0), after_update _notify_loop /var/lib/kolla/venv/lib/python3.6/site-packages/neutron_lib/callbacks/manager.py:177
2025-06-12 02:00:15.258 22 DEBUG neutron.wsgi [-] (22) accepted ('10.0.0.23', 41940) server /var/lib/kolla/venv/lib/python3.6/site-packages/eventlet/wsgi.py:1004
2025-06-12 02:00:15.261 22 INFO neutron.wsgi [-] 10.0.0.23 "GET / HTTP/1.1" status: 200 len: 227 time: 0.0026348
2025-06-12 02:00:17.050 27 DEBUG neutron_lib.callbacks.manager [req-e7bcdad9-49c8-4fdd-a4a2-50bcff8ebddd - - - - -] Publish callbacks ['neutron.services.segments.db._update_segment_host_mapping_for_agent-8785615649088', 'neutron.plugins.ml2.plugin.Ml2Plugin._retry_binding_revived_agents--9223372036838758563'] for agent (dccaca2f-98d3-4db5-8259-8e2488c97fd4), after_update _notify_loop /var/lib/kolla/venv/lib/python3.6/site-packages/neutron_lib/callbacks/manager.py:177
2025-06-12 02:00:36.012 26 DEBUG neutron_lib.callbacks.manager [req-b1ae35fe-273c-477b-af39-de7d6eebe77d - - - - -] Publish callbacks ['neutron.services.segments.db._update_segment_host_mapping_for_agent-8785615649088', 'neutron.plugins.ml2.plugin.Ml2Plugin._retry_binding_revived_agents--9223372036838758563'] for agent (21c4e390-e86d-4c8d-8773-bfce0b0ab2d0), after_update _notify_loop /var/lib/kolla/venv/lib/python3.6/site-packages/neutron_lib/callbacks/manager.py:177
2025-06-12 02:00:37.238 29 DEBUG neutron.db.agents_db [req-8f8c30e8-decc-4a26-8e27-a5d506463f0a - - - - -] Agent healthcheck: found 2 active agents agent_health_check /var/lib/kolla/venv/lib/python3.6/site-packages/neutron/db/agents_db.py:318
2025-06-12 02:00:45.301 22 DEBUG neutron.wsgi [-] (22) accepted ('10.0.0.23', 41986) server /var/lib/kolla/venv/lib/python3.6/site-packages/eventlet/wsgi.py:1004
2025-06-12 02:00:45.304 22 INFO neutron.wsgi [-] 10.0.0.23 "GET / HTTP/1.1" status: 200 len: 227 time: 0.0024545
2025-06-12 02:00:47.045 28 DEBUG neutron_lib.callbacks.manager [req-94f71e93-66da-449c-98ee-fb9a26fac950 - - - - -] Publish callbacks ['neutron.services.segments.db._update_segment_host_mapping_for_agent-8785615649088', 'neutron.plugins.ml2.plugin.Ml2Plugin._retry_binding_revived_agents--9223372036838758563'] for agent (dccaca2f-98d3-4db5-8259-8e2488c97fd4), after_update _notify_loop /var/lib/kolla/venv/lib/python3.6/site-packages/neutron_lib/callbacks/manager.py:177
2025-06-12 02:01:06.011 23 DEBUG neutron_lib.callbacks.manager [req-b1ae35fe-273c-477b-af39-de7d6eebe77d - - - - -] Publish callbacks ['neutron.services.segments.db._update_segment_host_mapping_for_agent-8785615649088', 'neutron.plugins.ml2.plugin.Ml2Plugin._retry_binding_revived_agents--9223372036838758563'] for agent (21c4e390-e86d-4c8d-8773-bfce0b0ab2d0), after_update _notify_loop /var/lib/kolla/venv/lib/python3.6/site-packages/neutron_lib/callbacks/manager.py:177
2025-06-12 02:01:14.245 29 DEBUG neutron.db.agents_db [req-8f8c30e8-decc-4a26-8e27-a5d506463f0a - - - - -] Agent healthcheck: found 2 active agents agent_health_check /var/lib/kolla/venv/lib/python3.6/site-packages/neutron/db/agents_db.py:318
2025-06-12 02:01:15.345 22 DEBUG neutron.wsgi [-] (22) accepted ('10.0.0.23', 34526) server /var/lib/kolla/venv/lib/python3.6/site-packages/eventlet/wsgi.py:1004
2025-06-12 02:01:15.351 22 INFO neutron.wsgi [-] 10.0.0.23 "GET / HTTP/1.1" status: 200 len: 227 time: 0.0050578
2025-06-12 02:01:17.055 24 DEBUG neutron_lib.callbacks.manager [req-498b5fff-80e0-42ef-888c-80c9cd05b8e8 - - - - -] Publish callbacks ['neutron.services.segments.db._update_segment_host_mapping_for_agent-8785615649088', 'neutron.plugins.ml2.plugin.Ml2Plugin._retry_binding_revived_agents--9223372036838758563'] for agent (dccaca2f-98d3-4db5-8259-8e2488c97fd4), after_update _notify_loop /var/lib/kolla/venv/lib/python3.6/site-packages/neutron_lib/callbacks/manager.py:177
2025-06-12 02:01:36.014 25 DEBUG neutron_lib.callbacks.manager [req-b1ae35fe-273c-477b-af39-de7d6eebe77d - - - - -] Publish callbacks ['neutron.services.segments.db._update_segment_host_mapping_for_agent-8785615649088', 'neutron.plugins.ml2.plugin.Ml2Plugin._retry_binding_revived_agents--9223372036838758563'] for agent (21c4e390-e86d-4c8d-8773-bfce0b0ab2d0), after_update _notify_loop /var/lib/kolla/venv/lib/python3.6/site-packages/neutron_lib/callbacks/manager.py:177
2025-06-12 02:01:45.393 22 DEBUG neutron.wsgi [-] (22) accepted ('10.0.0.23', 55352) server /var/lib/kolla/venv/lib/python3.6/site-packages/eventlet/wsgi.py:1004
2025-06-12 02:01:45.396 22 INFO neutron.wsgi [-] 10.0.0.23 "GET / HTTP/1.1" status: 200 len: 227 time: 0.0026810
2025-06-12 02:01:47.051 27 DEBUG neutron_lib.callbacks.manager [req-725e8544-7fa4-4ade-b54f-2f2872557635 - - - - -] Publish callbacks ['neutron.services.segments.db._update_segment_host_mapping_for_agent-8785615649088', 'neutron.plugins.ml2.plugin.Ml2Plugin._retry_binding_revived_agents--9223372036838758563'] for agent (dccaca2f-98d3-4db5-8259-8e2488c97fd4), after_update _notify_loop /var/lib/kolla/venv/lib/python3.6/site-packages/neutron_lib/callbacks/manager.py:177
2025-06-12 02:01:51.242 29 DEBUG neutron.db.agents_db [req-8f8c30e8-decc-4a26-8e27-a5d506463f0a - - - - -] Agent healthcheck: found 2 active agents agent_health_check /var/lib/kolla/venv/lib/python3.6/site-packages/neutron/db/agents_db.py:318
2025-06-12 02:02:06.015 26 DEBUG neutron_lib.callbacks.manager [req-b1ae35fe-273c-477b-af39-de7d6eebe77d - - - - -] Publish callbacks ['neutron.services.segments.db._update_segment_host_mapping_for_agent-8785615649088', 'neutron.plugins.ml2.plugin.Ml2Plugin._retry_binding_revived_agents--9223372036838758563'] for agent (21c4e390-e86d-4c8d-8773-bfce0b0ab2d0), after_update _notify_loop /var/lib/kolla/venv/lib/python3.6/site-packages/neutron_lib/callbacks/manager.py:177
2025-06-12 02:02:15.440 22 DEBUG neutron.wsgi [-] (22) accepted ('10.0.0.23', 58472) server /var/lib/kolla/venv/lib/python3.6/site-packages/eventlet/wsgi.py:1004
2025-06-12 02:02:15.443 22 INFO neutron.wsgi [-] 10.0.0.23 "GET / HTTP/1.1" status: 200 len: 227 time: 0.0024898
2025-06-12 02:02:17.050 28 DEBUG neutron_lib.callbacks.manager [req-03da9653-24f3-411e-bd04-a4b7102e4046 - - - - -] Publish callbacks ['neutron.services.segments.db._update_segment_host_mapping_for_agent-8785615649088', 'neutron.plugins.ml2.plugin.Ml2Plugin._retry_binding_revived_agents--9223372036838758563'] for agent (dccaca2f-98d3-4db5-8259-8e2488c97fd4), after_update _notify_loop /var/lib/kolla/venv/lib/python3.6/site-packages/neutron_lib/callbacks/manager.py:177
2025-06-12 02:02:28.248 29 DEBUG neutron.db.agents_db [req-8f8c30e8-decc-4a26-8e27-a5d506463f0a - - - - -] Agent healthcheck: found 2 active agents agent_health_check /var/lib/kolla/venv/lib/python3.6/site-packages/neutron/db/agents_db.py:318
2025-06-12 02:02:36.019 23 DEBUG neutron_lib.callbacks.manager [req-b1ae35fe-273c-477b-af39-de7d6eebe77d - - - - -] Publish callbacks ['neutron.services.segments.db._update_segment_host_mapping_for_agent-8785615649088', 'neutron.plugins.ml2.plugin.Ml2Plugin._retry_binding_revived_agents--9223372036838758563'] for agent (21c4e390-e86d-4c8d-8773-bfce0b0ab2d0), after_update _notify_loop /var/lib/kolla/venv/lib/python3.6/site-packages/neutron_lib/callbacks/manager.py:177
2025-06-12 02:02:45.485 22 DEBUG neutron.wsgi [-] (22) accepted ('10.0.0.23', 42430) server /var/lib/kolla/venv/lib/python3.6/site-packages/eventlet/wsgi.py:1004
2025-06-12 02:02:45.488 22 INFO neutron.wsgi [-] 10.0.0.23 "GET / HTTP/1.1" status: 200 len: 227 time: 0.0025957
2025-06-12 02:02:47.047 24 DEBUG neutron_lib.callbacks.manager [req-4e03b239-9689-402d-89ca-1a69bf7a2d43 - - - - -] Publish callbacks ['neutron.services.segments.db._update_segment_host_mapping_for_agent-8785615649088', 'neutron.plugins.ml2.plugin.Ml2Plugin._retry_binding_revived_agents--9223372036838758563'] for agent (dccaca2f-98d3-4db5-8259-8e2488c97fd4), after_update _notify_loop /var/lib/kolla/venv/lib/python3.6/site-packages/neutron_lib/callbacks/manager.py:177
2025-06-12 02:03:05.244 29 DEBUG neutron.db.agents_db [req-8f8c30e8-decc-4a26-8e27-a5d506463f0a - - - - -] Agent healthcheck: found 2 active agents agent_health_check /var/lib/kolla/venv/lib/python3.6/site-packages/neutron/db/agents_db.py:318
2025-06-12 02:03:06.020 25 DEBUG neutron_lib.callbacks.manager [req-b1ae35fe-273c-477b-af39-de7d6eebe77d - - - - -] Publish callbacks ['neutron.services.segments.db._update_segment_host_mapping_for_agent-8785615649088', 'neutron.plugins.ml2.plugin.Ml2Plugin._retry_binding_revived_agents--9223372036838758563'] for agent (21c4e390-e86d-4c8d-8773-bfce0b0ab2d0), after_update _notify_loop /var/lib/kolla/venv/lib/python3.6/site-packages/neutron_lib/callbacks/manager.py:177
2025-06-12 02:03:15.532 22 DEBUG neutron.wsgi [-] (22) accepted ('10.0.0.23', 55642) server /var/lib/kolla/venv/lib/python3.6/site-packages/eventlet/wsgi.py:1004
2025-06-12 02:03:15.536 22 INFO neutron.wsgi [-] 10.0.0.23 "GET / HTTP/1.1" status: 200 len: 227 time: 0.0026469
2025-06-12 02:03:17.052 27 DEBUG neutron_lib.callbacks.manager [req-cb3194ae-fda9-437f-b1dd-f85d24dfc952 - - - - -] Publish callbacks ['neutron.services.segments.db._update_segment_host_mapping_for_agent-8785615649088', 'neutron.plugins.ml2.plugin.Ml2Plugin._retry_binding_revived_agents--9223372036838758563'] for agent (dccaca2f-98d3-4db5-8259-8e2488c97fd4), after_update _notify_loop /var/lib/kolla/venv/lib/python3.6/site-packages/neutron_lib/callbacks/manager.py:177
2025-06-12 02:03:36.022 26 DEBUG neutron_lib.callbacks.manager [req-b1ae35fe-273c-477b-af39-de7d6eebe77d - - - - -] Publish callbacks ['neutron.services.segments.db._update_segment_host_mapping_for_agent-8785615649088', 'neutron.plugins.ml2.plugin.Ml2Plugin._retry_binding_revived_agents--9223372036838758563'] for agent (21c4e390-e86d-4c8d-8773-bfce0b0ab2d0), after_update _notify_loop /var/lib/kolla/venv/lib/python3.6/site-packages/neutron_lib/callbacks/manager.py:177
2025-06-12 02:03:42.252 29 DEBUG neutron.db.agents_db [req-8f8c30e8-decc-4a26-8e27-a5d506463f0a - - - - -] Agent healthcheck: found 2 active agents agent_health_check /var/lib/kolla/venv/lib/python3.6/site-packages/neutron/db/agents_db.py:318
2025-06-12 02:03:45.577 22 DEBUG neutron.wsgi [-] (22) accepted ('10.0.0.23', 40892) server /var/lib/kolla/venv/lib/python3.6/site-packages/eventlet/wsgi.py:1004
2025-06-12 02:03:45.581 22 INFO neutron.wsgi [-] 10.0.0.23 "GET / HTTP/1.1" status: 200 len: 227 time: 0.0028265
2025-06-12 02:03:47.059 28 DEBUG neutron_lib.callbacks.manager [req-a310cf22-f141-44fb-864d-c16dee71d4ff - - - - -] Publish callbacks ['neutron.services.segments.db._update_segment_host_mapping_for_agent-8785615649088', 'neutron.plugins.ml2.plugin.Ml2Plugin._retry_binding_revived_agents--9223372036838758563'] for agent (dccaca2f-98d3-4db5-8259-8e2488c97fd4), after_update _notify_loop /var/lib/kolla/venv/lib/python3.6/site-packages/neutron_lib/callbacks/manager.py:177
2025-06-12 02:04:06.051 23 DEBUG neutron_lib.callbacks.manager [req-b1ae35fe-273c-477b-af39-de7d6eebe77d - - - - -] Publish callbacks ['neutron.services.segments.db._update_segment_host_mapping_for_agent-8785615649088', 'neutron.plugins.ml2.plugin.Ml2Plugin._retry_binding_revived_agents--9223372036838758563'] for agent (21c4e390-e86d-4c8d-8773-bfce0b0ab2d0), after_update _notify_loop /var/lib/kolla/venv/lib/python3.6/site-packages/neutron_lib/callbacks/manager.py:177
2025-06-12 02:04:15.625 22 DEBUG neutron.wsgi [-] (22) accepted ('10.0.0.23', 45262) server /var/lib/kolla/venv/lib/python3.6/site-packages/eventlet/wsgi.py:1004
2025-06-12 02:04:15.628 22 INFO neutron.wsgi [-] 10.0.0.23 "GET / HTTP/1.1" status: 200 len: 227 time: 0.0026734
2025-06-12 02:04:17.105 24 DEBUG neutron_lib.callbacks.manager [req-cd3b82ef-db7c-4799-b454-f76b38530708 - - - - -] Publish callbacks ['neutron.services.segments.db._update_segment_host_mapping_for_agent-8785615649088', 'neutron.plugins.ml2.plugin.Ml2Plugin._retry_binding_revived_agents--9223372036838758563'] for agent (dccaca2f-98d3-4db5-8259-8e2488c97fd4), after_update _notify_loop /var/lib/kolla/venv/lib/python3.6/site-packages/neutron_lib/callbacks/manager.py:177
2025-06-12 02:04:19.247 29 DEBUG neutron.db.agents_db [req-8f8c30e8-decc-4a26-8e27-a5d506463f0a - - - - -] Agent healthcheck: found 2 active agents agent_health_check /var/lib/kolla/venv/lib/python3.6/site-packages/neutron/db/agents_db.py:318
2025-06-12 02:04:36.029 25 DEBUG neutron_lib.callbacks.manager [req-b1ae35fe-273c-477b-af39-de7d6eebe77d - - - - -] Publish callbacks ['neutron.services.segments.db._update_segment_host_mapping_for_agent-8785615649088', 'neutron.plugins.ml2.plugin.Ml2Plugin._retry_binding_revived_agents--9223372036838758563'] for agent (21c4e390-e86d-4c8d-8773-bfce0b0ab2d0), after_update _notify_loop /var/lib/kolla/venv/lib/python3.6/site-packages/neutron_lib/callbacks/manager.py:177
2025-06-12 02:04:45.674 22 DEBUG neutron.wsgi [-] (22) accepted ('10.0.0.23', 46250) server /var/lib/kolla/venv/lib/python3.6/site-packages/eventlet/wsgi.py:1004
2025-06-12 02:04:45.677 22 INFO neutron.wsgi [-] 10.0.0.23 "GET / HTTP/1.1" status: 200 len: 227 time: 0.0025747
2025-06-12 02:04:47.053 27 DEBUG neutron_lib.callbacks.manager [req-c4e4196c-3d90-43be-b727-5ff6246bd944 - - - - -] Publish callbacks ['neutron.services.segments.db._update_segment_host_mapping_for_agent-8785615649088', 'neutron.plugins.ml2.plugin.Ml2Plugin._retry_binding_revived_agents--9223372036838758563'] for agent (dccaca2f-98d3-4db5-8259-8e2488c97fd4), after_update _notify_loop /var/lib/kolla/venv/lib/python3.6/site-packages/neutron_lib/callbacks/manager.py:177
2025-06-12 02:04:56.255 29 DEBUG neutron.db.agents_db [req-8f8c30e8-decc-4a26-8e27-a5d506463f0a - - - - -] Agent healthcheck: found 2 active agents agent_health_check /var/lib/kolla/venv/lib/python3.6/site-packages/neutron/db/agents_db.py:318
2025-06-12 02:05:06.028 26 DEBUG neutron_lib.callbacks.manager [req-b1ae35fe-273c-477b-af39-de7d6eebe77d - - - - -] Publish callbacks ['neutron.services.segments.db._update_segment_host_mapping_for_agent-8785615649088', 'neutron.plugins.ml2.plugin.Ml2Plugin._retry_binding_revived_agents--9223372036838758563'] for agent (21c4e390-e86d-4c8d-8773-bfce0b0ab2d0), after_update _notify_loop /var/lib/kolla/venv/lib/python3.6/site-packages/neutron_lib/callbacks/manager.py:177
2025-06-12 02:05:15.720 22 DEBUG neutron.wsgi [-] (22) accepted ('10.0.0.23', 54378) server /var/lib/kolla/venv/lib/python3.6/site-packages/eventlet/wsgi.py:1004
2025-06-12 02:05:15.724 22 INFO neutron.wsgi [-] 10.0.0.23 "GET / HTTP/1.1" status: 200 len: 227 time: 0.0026836
2025-06-12 02:05:17.050 28 DEBUG neutron_lib.callbacks.manager [req-5bb93a43-7270-47fa-846b-0e1a248fbafa - - - - -] Publish callbacks ['neutron.services.segments.db._update_segment_host_mapping_for_agent-8785615649088', 'neutron.plugins.ml2.plugin.Ml2Plugin._retry_binding_revived_agents--9223372036838758563'] for agent (dccaca2f-98d3-4db5-8259-8e2488c97fd4), after_update _notify_loop /var/lib/kolla/venv/lib/python3.6/site-packages/neutron_lib/callbacks/manager.py:177
2025-06-12 02:05:33.260 29 DEBUG neutron.db.agents_db [req-8f8c30e8-decc-4a26-8e27-a5d506463f0a - - - - -] Agent healthcheck: found 2 active agents agent_health_check /var/lib/kolla/venv/lib/python3.6/site-packages/neutron/db/agents_db.py:318
2025-06-12 02:05:36.032 23 DEBUG neutron_lib.callbacks.manager [req-b1ae35fe-273c-477b-af39-de7d6eebe77d - - - - -] Publish callbacks ['neutron.services.segments.db._update_segment_host_mapping_for_agent-8785615649088', 'neutron.plugins.ml2.plugin.Ml2Plugin._retry_binding_revived_agents--9223372036838758563'] for agent (21c4e390-e86d-4c8d-8773-bfce0b0ab2d0), after_update _notify_loop /var/lib/kolla/venv/lib/python3.6/site-packages/neutron_lib/callbacks/manager.py:177
2025-06-12 02:05:45.770 22 DEBUG neutron.wsgi [-] (22) accepted ('10.0.0.23', 45906) server /var/lib/kolla/venv/lib/python3.6/site-packages/eventlet/wsgi.py:1004
2025-06-12 02:05:45.774 22 INFO neutron.wsgi [-] 10.0.0.23 "GET / HTTP/1.1" status: 200 len: 227 time: 0.0027153
2025-06-12 02:05:47.051 24 DEBUG neutron_lib.callbacks.manager [req-63d041a0-19c9-430f-9c9a-1fd46dae9f61 - - - - -] Publish callbacks ['neutron.services.segments.db._update_segment_host_mapping_for_agent-8785615649088', 'neutron.plugins.ml2.plugin.Ml2Plugin._retry_binding_revived_agents--9223372036838758563'] for agent (dccaca2f-98d3-4db5-8259-8e2488c97fd4), after_update _notify_loop /var/lib/kolla/venv/lib/python3.6/site-packages/neutron_lib/callbacks/manager.py:177
2025-06-12 02:06:06.036 25 DEBUG neutron_lib.callbacks.manager [req-b1ae35fe-273c-477b-af39-de7d6eebe77d - - - - -] Publish callbacks ['neutron.services.segments.db._update_segment_host_mapping_for_agent-8785615649088', 'neutron.plugins.ml2.plugin.Ml2Plugin._retry_binding_revived_agents--9223372036838758563'] for agent (21c4e390-e86d-4c8d-8773-bfce0b0ab2d0), after_update _notify_loop /var/lib/kolla/venv/lib/python3.6/site-packages/neutron_lib/callbacks/manager.py:177
2025-06-12 02:06:10.266 29 DEBUG neutron.db.agents_db [req-8f8c30e8-decc-4a26-8e27-a5d506463f0a - - - - -] Agent healthcheck: found 2 active agents agent_health_check /var/lib/kolla/venv/lib/python3.6/site-packages/neutron/db/agents_db.py:318
2025-06-12 02:06:15.818 22 DEBUG neutron.wsgi [-] (22) accepted ('10.0.0.23', 56118) server /var/lib/kolla/venv/lib/python3.6/site-packages/eventlet/wsgi.py:1004
2025-06-12 02:06:15.823 22 INFO neutron.wsgi [-] 10.0.0.23 "GET / HTTP/1.1" status: 200 len: 227 time: 0.0033584
2025-06-12 02:06:17.047 27 DEBUG neutron_lib.callbacks.manager [req-cd0a4a2b-f60f-44d3-b0ee-00dcc19d2575 - - - - -] Publish callbacks ['neutron.services.segments.db._update_segment_host_mapping_for_agent-8785615649088', 'neutron.plugins.ml2.plugin.Ml2Plugin._retry_binding_revived_agents--9223372036838758563'] for agent (dccaca2f-98d3-4db5-8259-8e2488c97fd4), after_update _notify_loop /var/lib/kolla/venv/lib/python3.6/site-packages/neutron_lib/callbacks/manager.py:177
2025-06-12 02:06:36.035 26 DEBUG neutron_lib.callbacks.manager [req-b1ae35fe-273c-477b-af39-de7d6eebe77d - - - - -] Publish callbacks ['neutron.services.segments.db._update_segment_host_mapping_for_agent-8785615649088', 'neutron.plugins.ml2.plugin.Ml2Plugin._retry_binding_revived_agents--9223372036838758563'] for agent (21c4e390-e86d-4c8d-8773-bfce0b0ab2d0), after_update _notify_loop /var/lib/kolla/venv/lib/python3.6/site-packages/neutron_lib/callbacks/manager.py:177
2025-06-12 02:06:45.874 22 DEBUG neutron.wsgi [-] (22) accepted ('10.0.0.23', 41728) server /var/lib/kolla/venv/lib/python3.6/site-packages/eventlet/wsgi.py:1004
2025-06-12 02:06:45.878 22 INFO neutron.wsgi [-] 10.0.0.23 "GET / HTTP/1.1" status: 200 len: 227 time: 0.0025649
2025-06-12 02:06:47.052 28 DEBUG neutron_lib.callbacks.manager [req-313afe07-2a39-4fc1-94b5-4fc2829ce7b8 - - - - -] Publish callbacks ['neutron.services.segments.db._update_segment_host_mapping_for_agent-8785615649088', 'neutron.plugins.ml2.plugin.Ml2Plugin._retry_binding_revived_agents--9223372036838758563'] for agent (dccaca2f-98d3-4db5-8259-8e2488c97fd4), after_update _notify_loop /var/lib/kolla/venv/lib/python3.6/site-packages/neutron_lib/callbacks/manager.py:177
2025-06-12 02:06:47.271 29 DEBUG neutron.db.agents_db [req-8f8c30e8-decc-4a26-8e27-a5d506463f0a - - - - -] Agent healthcheck: found 2 active agents agent_health_check /var/lib/kolla/venv/lib/python3.6/site-packages/neutron/db/agents_db.py:318
2025-06-12 02:06:52.436 7 INFO oslo_service.service [-] Caught SIGTERM, stopping children
2025-06-12 02:06:52.437 7 DEBUG oslo_concurrency.lockutils [-] Acquired lock "singleton_lock" lock /var/lib/kolla/venv/lib/python3.6/site-packages/oslo_concurrency/lockutils.py:294
2025-06-12 02:06:52.437 7 DEBUG oslo_concurrency.lockutils [-] Releasing lock "singleton_lock" lock /var/lib/kolla/venv/lib/python3.6/site-packages/oslo_concurrency/lockutils.py:312
2025-06-12 02:06:52.437 7 DEBUG oslo_service.service [-] Stop services. stop /var/lib/kolla/venv/lib/python3.6/site-packages/oslo_service/service.py:695
2025-06-12 02:06:52.437 7 DEBUG neutron.service [-] calling RpcWorker stop() stop /var/lib/kolla/venv/lib/python3.6/site-packages/neutron/service.py:138
2025-06-12 02:06:52.437 7 DEBUG neutron.service [-] calling RpcWorker stop() stop /var/lib/kolla/venv/lib/python3.6/site-packages/neutron/service.py:138
2025-06-12 02:06:52.438 7 DEBUG oslo_service.service [-] Killing children. stop /var/lib/kolla/venv/lib/python3.6/site-packages/oslo_service/service.py:700
2025-06-12 02:06:52.438 7 INFO oslo_service.service [-] Waiting on 8 children to exit
2025-06-12 02:06:52.438 22 INFO neutron.wsgi [-] (22) wsgi exited, is_accepting=True
2025-06-12 02:06:52.438 24 DEBUG neutron.service [-] calling RpcWorker stop() stop /var/lib/kolla/venv/lib/python3.6/site-packages/neutron/service.py:138
2025-06-12 02:06:52.438 28 DEBUG neutron.service [-] calling RpcWorker stop() stop /var/lib/kolla/venv/lib/python3.6/site-packages/neutron/service.py:138
2025-06-12 02:06:52.439 22 DEBUG oslo_concurrency.lockutils [req-089a14be-d3fd-40f6-b60f-d9cc55373399 - - - - -] Acquired lock "singleton_lock" lock /var/lib/kolla/venv/lib/python3.6/site-packages/oslo_concurrency/lockutils.py:294
2025-06-12 02:06:52.439 22 DEBUG oslo_concurrency.lockutils [req-089a14be-d3fd-40f6-b60f-d9cc55373399 - - - - -] Releasing lock "singleton_lock" lock /var/lib/kolla/venv/lib/python3.6/site-packages/oslo_concurrency/lockutils.py:312
2025-06-12 02:06:52.439 24 DEBUG neutron.service [-] calling stop on stop /var/lib/kolla/venv/lib/python3.6/site-packages/neutron/service.py:141
2025-06-12 02:06:52.439 28 DEBUG neutron.service [-] calling stop on stop /var/lib/kolla/venv/lib/python3.6/site-packages/neutron/service.py:141
2025-06-12 02:06:52.441 26 DEBUG neutron.service [-] calling RpcWorker stop() stop /var/lib/kolla/venv/lib/python3.6/site-packages/neutron/service.py:138
2025-06-12 02:06:52.442 7 INFO oslo_service.service [-] Child 22 exited with status 0
2025-06-12 02:06:52.443 27 DEBUG neutron.service [-] calling RpcWorker stop() stop /var/lib/kolla/venv/lib/python3.6/site-packages/neutron/service.py:138
2025-06-12 02:06:52.442 26 DEBUG neutron.service [-] calling stop on stop /var/lib/kolla/venv/lib/python3.6/site-packages/neutron/service.py:141
2025-06-12 02:06:52.443 27 DEBUG neutron.service [-] calling stop on stop /var/lib/kolla/venv/lib/python3.6/site-packages/neutron/service.py:141
2025-06-12 02:06:52.446 23 DEBUG neutron.service [-] calling RpcWorker stop() stop /var/lib/kolla/venv/lib/python3.6/site-packages/neutron/service.py:138
2025-06-12 02:06:52.446 23 DEBUG neutron.service [-] calling stop on stop /var/lib/kolla/venv/lib/python3.6/site-packages/neutron/service.py:141
2025-06-12 02:06:52.447 25 DEBUG neutron.service [-] calling RpcWorker stop() stop /var/lib/kolla/venv/lib/python3.6/site-packages/neutron/service.py:138
2025-06-12 02:06:52.447 25 DEBUG neutron.service [-] calling stop on stop /var/lib/kolla/venv/lib/python3.6/site-packages/neutron/service.py:141
2025-06-12 02:06:52.463 29 DEBUG neutron.service [-] calling RpcWorker stop() stop /var/lib/kolla/venv/lib/python3.6/site-packages/neutron/service.py:138
2025-06-12 02:06:52.463 29 DEBUG neutron.service [-] calling stop on stop /var/lib/kolla/venv/lib/python3.6/site-packages/neutron/service.py:141
2025-06-12 02:06:53.212 23 DEBUG neutron.service [-] calling stop on stop /var/lib/kolla/venv/lib/python3.6/site-packages/neutron/service.py:141
2025-06-12 02:06:53.215 24 DEBUG neutron.service [-] calling stop on stop /var/lib/kolla/venv/lib/python3.6/site-packages/neutron/service.py:141
2025-06-12 02:06:53.224 25 DEBUG neutron.service [-] calling stop on stop /var/lib/kolla/venv/lib/python3.6/site-packages/neutron/service.py:141
2025-06-12 02:06:53.229 23 DEBUG neutron.service [-] calling stop on stop /var/lib/kolla/venv/lib/python3.6/site-packages/neutron/service.py:141
2025-06-12 02:06:53.239 29 DEBUG oslo_concurrency.lockutils [req-089a14be-d3fd-40f6-b60f-d9cc55373399 - - - - -] Acquired lock "singleton_lock" lock /var/lib/kolla/venv/lib/python3.6/site-packages/oslo_concurrency/lockutils.py:294
2025-06-12 02:06:53.239 24 DEBUG neutron.service [-] calling stop on stop /var/lib/kolla/venv/lib/python3.6/site-packages/neutron/service.py:141
2025-06-12 02:06:53.239 29 DEBUG oslo_concurrency.lockutils [req-089a14be-d3fd-40f6-b60f-d9cc55373399 - - - - -] Releasing lock "singleton_lock" lock /var/lib/kolla/venv/lib/python3.6/site-packages/oslo_concurrency/lockutils.py:312
2025-06-12 02:06:53.240 29 DEBUG neutron.service [req-089a14be-d3fd-40f6-b60f-d9cc55373399 - - - - -] calling RpcWorker wait() _wait /var/lib/kolla/venv/lib/python3.6/site-packages/neutron/service.py:128
2025-06-12 02:06:53.240 29 DEBUG neutron.service [req-089a14be-d3fd-40f6-b60f-d9cc55373399 - - - - -] calling wait on _wait /var/lib/kolla/venv/lib/python3.6/site-packages/neutron/service.py:131
2025-06-12 02:06:53.241 23 DEBUG neutron.service [-] calling stop on stop /var/lib/kolla/venv/lib/python3.6/site-packages/neutron/service.py:141
2025-06-12 02:06:53.246 29 WARNING amqp [req-089a14be-d3fd-40f6-b60f-d9cc55373399 - - - - -] Received method (60, 30) during closing channel 1. This method will be ignored
2025-06-12 02:06:53.247 29 DEBUG neutron.service [req-089a14be-d3fd-40f6-b60f-d9cc55373399 - - - - -] returning from RpcWorker wait() _wait /var/lib/kolla/venv/lib/python3.6/site-packages/neutron/service.py:135
2025-06-12 02:06:53.249 25 DEBUG neutron.service [-] calling stop on stop /var/lib/kolla/venv/lib/python3.6/site-packages/neutron/service.py:141
2025-06-12 02:06:53.250 24 DEBUG neutron.service [-] calling stop on stop /var/lib/kolla/venv/lib/python3.6/site-packages/neutron/service.py:141
2025-06-12 02:06:53.252 7 INFO oslo_service.service [-] Child 29 exited with status 0
2025-06-12 02:06:53.260 25 DEBUG neutron.service [-] calling stop on stop /var/lib/kolla/venv/lib/python3.6/site-packages/neutron/service.py:141
2025-06-12 02:06:53.261 23 DEBUG oslo_concurrency.lockutils [req-089a14be-d3fd-40f6-b60f-d9cc55373399 - - - - -] Acquired lock "singleton_lock" lock /var/lib/kolla/venv/lib/python3.6/site-packages/oslo_concurrency/lockutils.py:294
2025-06-12 02:06:53.261 23 DEBUG oslo_concurrency.lockutils [req-089a14be-d3fd-40f6-b60f-d9cc55373399 - - - - -] Releasing lock "singleton_lock" lock /var/lib/kolla/venv/lib/python3.6/site-packages/oslo_concurrency/lockutils.py:312
2025-06-12 02:06:53.261 23 DEBUG neutron.service [req-089a14be-d3fd-40f6-b60f-d9cc55373399 - - - - -] calling RpcWorker wait() _wait /var/lib/kolla/venv/lib/python3.6/site-packages/neutron/service.py:128
2025-06-12 02:06:53.261 23 DEBUG neutron.service [req-089a14be-d3fd-40f6-b60f-d9cc55373399 - - - - -] calling wait on _wait /var/lib/kolla/venv/lib/python3.6/site-packages/neutron/service.py:131
2025-06-12 02:06:53.267 24 DEBUG oslo_concurrency.lockutils [req-089a14be-d3fd-40f6-b60f-d9cc55373399 - - - - -] Acquired lock "singleton_lock" lock /var/lib/kolla/venv/lib/python3.6/site-packages/oslo_concurrency/lockutils.py:294
2025-06-12 02:06:53.267 23 WARNING amqp [req-089a14be-d3fd-40f6-b60f-d9cc55373399 - - - - -] Received method (60, 30) during closing channel 1. This method will be ignored
2025-06-12 02:06:53.267 24 DEBUG oslo_concurrency.lockutils [req-089a14be-d3fd-40f6-b60f-d9cc55373399 - - - - -] Releasing lock "singleton_lock" lock /var/lib/kolla/venv/lib/python3.6/site-packages/oslo_concurrency/lockutils.py:312
2025-06-12 02:06:53.268 24 DEBUG neutron.service [req-089a14be-d3fd-40f6-b60f-d9cc55373399 - - - - -] calling RpcWorker wait() _wait /var/lib/kolla/venv/lib/python3.6/site-packages/neutron/service.py:128
2025-06-12 02:06:53.268 24 DEBUG neutron.service [req-089a14be-d3fd-40f6-b60f-d9cc55373399 - - - - -] calling wait on _wait /var/lib/kolla/venv/lib/python3.6/site-packages/neutron/service.py:131
2025-06-12 02:06:53.268 23 DEBUG neutron.service [req-089a14be-d3fd-40f6-b60f-d9cc55373399 - - - - -] calling wait on _wait /var/lib/kolla/venv/lib/python3.6/site-packages/neutron/service.py:131
2025-06-12 02:06:53.273 24 WARNING amqp [req-089a14be-d3fd-40f6-b60f-d9cc55373399 - - - - -] Received method (60, 30) during closing channel 1. This method will be ignored
2025-06-12 02:06:53.273 24 DEBUG neutron.service [req-089a14be-d3fd-40f6-b60f-d9cc55373399 - - - - -] calling wait on _wait /var/lib/kolla/venv/lib/python3.6/site-packages/neutron/service.py:131
2025-06-12 02:06:53.275 23 WARNING amqp [req-089a14be-d3fd-40f6-b60f-d9cc55373399 - - - - -] Received method (60, 30) during closing channel 1. This method will be ignored
2025-06-12 02:06:53.276 23 DEBUG neutron.service [req-089a14be-d3fd-40f6-b60f-d9cc55373399 - - - - -] calling wait on _wait /var/lib/kolla/venv/lib/python3.6/site-packages/neutron/service.py:131
2025-06-12 02:06:53.278 25 DEBUG oslo_concurrency.lockutils [req-089a14be-d3fd-40f6-b60f-d9cc55373399 - - - - -] Acquired lock "singleton_lock" lock /var/lib/kolla/venv/lib/python3.6/site-packages/oslo_concurrency/lockutils.py:294
2025-06-12 02:06:53.279 25 DEBUG oslo_concurrency.lockutils [req-089a14be-d3fd-40f6-b60f-d9cc55373399 - - - - -] Releasing lock "singleton_lock" lock /var/lib/kolla/venv/lib/python3.6/site-packages/oslo_concurrency/lockutils.py:312
2025-06-12 02:06:53.279 25 DEBUG neutron.service [req-089a14be-d3fd-40f6-b60f-d9cc55373399 - - - - -] calling RpcWorker wait() _wait /var/lib/kolla/venv/lib/python3.6/site-packages/neutron/service.py:128
2025-06-12 02:06:53.279 25 DEBUG neutron.service [req-089a14be-d3fd-40f6-b60f-d9cc55373399 - - - - -] calling wait on _wait /var/lib/kolla/venv/lib/python3.6/site-packages/neutron/service.py:131
2025-06-12 02:06:53.280 24 WARNING amqp [req-089a14be-d3fd-40f6-b60f-d9cc55373399 - - - - -] Received method (60, 30) during closing channel 1. This method will be ignored
2025-06-12 02:06:53.281 24 DEBUG neutron.service [req-089a14be-d3fd-40f6-b60f-d9cc55373399 - - - - -] calling wait on _wait /var/lib/kolla/venv/lib/python3.6/site-packages/neutron/service.py:131
2025-06-12 02:06:53.285 23 WARNING amqp [req-089a14be-d3fd-40f6-b60f-d9cc55373399 - - - - -] Received method (60, 30) during closing channel 1. This method will be ignored
2025-06-12 02:06:53.286 23 DEBUG neutron.service [req-089a14be-d3fd-40f6-b60f-d9cc55373399 - - - - -] calling wait on _wait /var/lib/kolla/venv/lib/python3.6/site-packages/neutron/service.py:131
2025-06-12 02:06:53.288 25 WARNING amqp [req-089a14be-d3fd-40f6-b60f-d9cc55373399 - - - - -] Received method (60, 30) during closing channel 1. This method will be ignored
2025-06-12 02:06:53.290 25 DEBUG neutron.service [req-089a14be-d3fd-40f6-b60f-d9cc55373399 - - - - -] calling wait on _wait /var/lib/kolla/venv/lib/python3.6/site-packages/neutron/service.py:131
2025-06-12 02:06:53.290 24 WARNING amqp [req-089a14be-d3fd-40f6-b60f-d9cc55373399 - - - - -] Received method (60, 30) during closing channel 1. This method will be ignored
2025-06-12 02:06:53.292 24 DEBUG neutron.service [req-089a14be-d3fd-40f6-b60f-d9cc55373399 - - - - -] calling wait on _wait /var/lib/kolla/venv/lib/python3.6/site-packages/neutron/service.py:131
2025-06-12 02:06:53.293 23 WARNING amqp [req-089a14be-d3fd-40f6-b60f-d9cc55373399 - - - - -] Received method (60, 30) during closing channel 1. This method will be ignored
2025-06-12 02:06:53.294 23 DEBUG neutron.service [req-089a14be-d3fd-40f6-b60f-d9cc55373399 - - - - -] returning from RpcWorker wait() _wait /var/lib/kolla/venv/lib/python3.6/site-packages/neutron/service.py:135
2025-06-12 02:06:53.297 25 WARNING amqp [req-089a14be-d3fd-40f6-b60f-d9cc55373399 - - - - -] Received method (60, 30) during closing channel 1. This method will be ignored
2025-06-12 02:06:53.298 25 DEBUG neutron.service [req-089a14be-d3fd-40f6-b60f-d9cc55373399 - - - - -] calling wait on _wait /var/lib/kolla/venv/lib/python3.6/site-packages/neutron/service.py:131
2025-06-12 02:06:53.300 24 WARNING amqp [req-089a14be-d3fd-40f6-b60f-d9cc55373399 - - - - -] Received method (60, 30) during closing channel 1. This method will be ignored
2025-06-12 02:06:53.302 7 INFO oslo_service.service [-] Child 23 exited with status 0
2025-06-12 02:06:53.303 24 DEBUG neutron.service [req-089a14be-d3fd-40f6-b60f-d9cc55373399 - - - - -] returning from RpcWorker wait() _wait /var/lib/kolla/venv/lib/python3.6/site-packages/neutron/service.py:135
2025-06-12 02:06:53.307 25 WARNING amqp [req-089a14be-d3fd-40f6-b60f-d9cc55373399 - - - - -] Received method (60, 30) during closing channel 1. This method will be ignored
2025-06-12 02:06:53.308 25 DEBUG neutron.service [req-089a14be-d3fd-40f6-b60f-d9cc55373399 - - - - -] calling wait on _wait /var/lib/kolla/venv/lib/python3.6/site-packages/neutron/service.py:131
2025-06-12 02:06:53.311 7 INFO oslo_service.service [-] Child 24 exited with status 0
2025-06-12 02:06:53.315 25 WARNING amqp [req-089a14be-d3fd-40f6-b60f-d9cc55373399 - - - - -] Received method (60, 30) during closing channel 1. This method will be ignored
2025-06-12 02:06:53.316 25 DEBUG neutron.service [req-089a14be-d3fd-40f6-b60f-d9cc55373399 - - - - -] returning from RpcWorker wait() _wait /var/lib/kolla/venv/lib/python3.6/site-packages/neutron/service.py:135
2025-06-12 02:06:53.321 7 INFO oslo_service.service [-] Child 25 exited with status 0
2025-06-12 02:06:54.231 26 DEBUG oslo_concurrency.lockutils [req-089a14be-d3fd-40f6-b60f-d9cc55373399 - - - - -] Acquired lock "singleton_lock" lock /var/lib/kolla/venv/lib/python3.6/site-packages/oslo_concurrency/lockutils.py:294
2025-06-12 02:06:54.231 26 DEBUG oslo_concurrency.lockutils [req-089a14be-d3fd-40f6-b60f-d9cc55373399 - - - - -] Releasing lock "singleton_lock" lock /var/lib/kolla/venv/lib/python3.6/site-packages/oslo_concurrency/lockutils.py:312
2025-06-12 02:06:54.232 26 DEBUG neutron.service [req-089a14be-d3fd-40f6-b60f-d9cc55373399 - - - - -] calling RpcWorker wait() _wait /var/lib/kolla/venv/lib/python3.6/site-packages/neutron/service.py:128
2025-06-12 02:06:54.232 26 DEBUG neutron.service [req-089a14be-d3fd-40f6-b60f-d9cc55373399 - - - - -] calling wait on _wait /var/lib/kolla/venv/lib/python3.6/site-packages/neutron/service.py:131
2025-06-12 02:06:54.237 26 WARNING amqp [req-089a14be-d3fd-40f6-b60f-d9cc55373399 - - - - -] Received method (60, 30) during closing channel 1. This method will be ignored
2025-06-12 02:06:54.238 26 DEBUG neutron.service [req-089a14be-d3fd-40f6-b60f-d9cc55373399 - - - - -] returning from RpcWorker wait() _wait /var/lib/kolla/venv/lib/python3.6/site-packages/neutron/service.py:135
2025-06-12 02:06:54.242 7 INFO oslo_service.service [-] Child 26 exited with status 0
2025-06-12 02:06:55.246 27 DEBUG oslo_concurrency.lockutils [req-089a14be-d3fd-40f6-b60f-d9cc55373399 - - - - -] Acquired lock "singleton_lock" lock /var/lib/kolla/venv/lib/python3.6/site-packages/oslo_concurrency/lockutils.py:294
2025-06-12 02:06:55.247 28 DEBUG oslo_concurrency.lockutils [req-089a14be-d3fd-40f6-b60f-d9cc55373399 - - - - -] Acquired lock "singleton_lock" lock /var/lib/kolla/venv/lib/python3.6/site-packages/oslo_concurrency/lockutils.py:294
2025-06-12 02:06:55.247 27 DEBUG oslo_concurrency.lockutils [req-089a14be-d3fd-40f6-b60f-d9cc55373399 - - - - -] Releasing lock "singleton_lock" lock /var/lib/kolla/venv/lib/python3.6/site-packages/oslo_concurrency/lockutils.py:312
2025-06-12 02:06:55.247 28 DEBUG oslo_concurrency.lockutils [req-089a14be-d3fd-40f6-b60f-d9cc55373399 - - - - -] Releasing lock "singleton_lock" lock /var/lib/kolla/venv/lib/python3.6/site-packages/oslo_concurrency/lockutils.py:312
2025-06-12 02:06:55.247 27 DEBUG neutron.service [req-089a14be-d3fd-40f6-b60f-d9cc55373399 - - - - -] calling RpcWorker wait() _wait /var/lib/kolla/venv/lib/python3.6/site-packages/neutron/service.py:128
2025-06-12 02:06:55.247 28 DEBUG neutron.service [req-089a14be-d3fd-40f6-b60f-d9cc55373399 - - - - -] calling RpcWorker wait() _wait /var/lib/kolla/venv/lib/python3.6/site-packages/neutron/service.py:128
2025-06-12 02:06:55.247 27 DEBUG neutron.service [req-089a14be-d3fd-40f6-b60f-d9cc55373399 - - - - -] calling wait on _wait /var/lib/kolla/venv/lib/python3.6/site-packages/neutron/service.py:131
2025-06-12 02:06:55.247 28 DEBUG neutron.service [req-089a14be-d3fd-40f6-b60f-d9cc55373399 - - - - -] calling wait on _wait /var/lib/kolla/venv/lib/python3.6/site-packages/neutron/service.py:131
2025-06-12 02:06:55.254 27 WARNING amqp [req-089a14be-d3fd-40f6-b60f-d9cc55373399 - - - - -] Received method (60, 30) during closing channel 1. This method will be ignored
2025-06-12 02:06:55.254 27 DEBUG neutron.service [req-089a14be-d3fd-40f6-b60f-d9cc55373399 - - - - -] returning from RpcWorker wait() _wait /var/lib/kolla/venv/lib/python3.6/site-packages/neutron/service.py:135
2025-06-12 02:06:55.259 28 WARNING amqp [req-089a14be-d3fd-40f6-b60f-d9cc55373399 - - - - -] Received method (60, 30) during closing channel 1. This method will be ignored
2025-06-12 02:06:55.259 28 DEBUG neutron.service [req-089a14be-d3fd-40f6-b60f-d9cc55373399 - - - - -] returning from RpcWorker wait() _wait /var/lib/kolla/venv/lib/python3.6/site-packages/neutron/service.py:135
2025-06-12 02:06:55.259 7 INFO oslo_service.service [-] Child 27 exited with status 0
2025-06-12 02:06:55.263 7 INFO oslo_service.service [-] Child 28 exited with status 0
2025-06-12 02:06:55.264 7 INFO oslo_service.service [-] Wait called after thread killed. Cleaning up.
2025-06-12 02:06:55.264 7 DEBUG oslo_service.service [-] Stop services. stop /var/lib/kolla/venv/lib/python3.6/site-packages/oslo_service/service.py:695
2025-06-12 02:06:55.264 7 DEBUG oslo_service.service [-] Killing children. stop /var/lib/kolla/venv/lib/python3.6/site-packages/oslo_service/service.py:700
2025-06-12 02:06:59.416 7 INFO neutron.common.config [-] Logging enabled!
2025-06-12 02:06:59.417 7 INFO neutron.common.config [-] /var/lib/kolla/venv/bin/neutron-server version 20.5.1.dev23
2025-06-12 02:06:59.417 7 DEBUG neutron.common.config [-] command line: /var/lib/kolla/venv/bin/neutron-server --config-file /etc/neutron/neutron.conf --config-file /etc/neutron/ContrailPlugin.ini --config-file /etc/neutron/api-paste.ini setup_logging /var/lib/kolla/venv/lib/python3.6/site-packages/neutron/common/config.py:115
2025-06-12 02:06:59.421 7 INFO neutron.common.config [-] Logging enabled!
2025-06-12 02:06:59.421 7 INFO neutron.common.config [-] /var/lib/kolla/venv/bin/neutron-server version 20.5.1.dev23
2025-06-12 02:06:59.421 7 DEBUG neutron.common.config [-] command line: /var/lib/kolla/venv/bin/neutron-server --config-file /etc/neutron/neutron.conf --config-file /etc/neutron/ContrailPlugin.ini --config-file /etc/neutron/api-paste.ini setup_logging /var/lib/kolla/venv/lib/python3.6/site-packages/neutron/common/config.py:115
2025-06-12 02:06:59.422 7 DEBUG neutron.common.config [-] ******************************************************************************** log_opt_values /var/lib/kolla/venv/lib/python3.6/site-packages/oslo_config/cfg.py:2589
2025-06-12 02:06:59.422 7 DEBUG neutron.common.config [-] Configuration options gathered from: log_opt_values /var/lib/kolla/venv/lib/python3.6/site-packages/oslo_config/cfg.py:2590
2025-06-12 02:06:59.422 7 DEBUG neutron.common.config [-] command line args: ['--config-file', '/etc/neutron/neutron.conf', '--config-file', '/etc/neutron/ContrailPlugin.ini', '--config-file', '/etc/neutron/api-paste.ini'] log_opt_values /var/lib/kolla/venv/lib/python3.6/site-packages/oslo_config/cfg.py:2591
2025-06-12 02:06:59.423 7 DEBUG neutron.common.config [-] config files: ['/etc/neutron/neutron.conf', '/etc/neutron/ContrailPlugin.ini', '/etc/neutron/api-paste.ini'] log_opt_values /var/lib/kolla/venv/lib/python3.6/site-packages/oslo_config/cfg.py:2593
2025-06-12 02:06:59.423 7 DEBUG neutron.common.config [-] ================================================================================ log_opt_values /var/lib/kolla/venv/lib/python3.6/site-packages/oslo_config/cfg.py:2594
2025-06-12 02:06:59.423 7 DEBUG neutron.common.config [-] allow_bulk = True log_opt_values /var/lib/kolla/venv/lib/python3.6/site-packages/oslo_config/cfg.py:2603
2025-06-12 02:06:59.423 7 WARNING oslo_config.cfg [-] Deprecated: Option "allow_overlapping_ips" from group "DEFAULT" is deprecated for removal. Its value may be silently ignored in the future.
2025-06-12 02:06:59.424 7 DEBUG neutron.common.config [-] allow_overlapping_ips = True log_opt_values /var/lib/kolla/venv/lib/python3.6/site-packages/oslo_config/cfg.py:2603
2025-06-12 02:06:59.424 7 DEBUG neutron.common.config [-] api_extensions_path = /opt/plugin/site-packages/neutron_plugin_contrail/extensions:/opt/plugin/site-packages/neutron_lbaas/extensions log_opt_values /var/lib/kolla/venv/lib/python3.6/site-packages/oslo_config/cfg.py:2603
2025-06-12 02:06:59.424 7 DEBUG neutron.common.config [-] api_paste_config = /etc/neutron/api-paste.ini log_opt_values /var/lib/kolla/venv/lib/python3.6/site-packages/oslo_config/cfg.py:2603
