2024-09-05 02:17:35.821 7 DEBUG oslo_service.service [-] ml2_type_gre.tunnel_id_ranges = [] log_opt_values /var/lib/kolla/venv/lib/python3.6/site-packages/oslo_config/cfg.py:2611
2024-09-05 02:17:35.821 7 DEBUG oslo_service.service [-] ml2_type_vlan.network_vlan_ranges = [] log_opt_values /var/lib/kolla/venv/lib/python3.6/site-packages/oslo_config/cfg.py:2611
2024-09-05 02:17:35.821 7 DEBUG oslo_service.service [-] ml2_type_vxlan.vni_ranges = [] log_opt_values /var/lib/kolla/venv/lib/python3.6/site-packages/oslo_config/cfg.py:2611
2024-09-05 02:17:35.821 7 DEBUG oslo_service.service [-] ml2_type_vxlan.vxlan_group = None log_opt_values /var/lib/kolla/venv/lib/python3.6/site-packages/oslo_config/cfg.py:2611
2024-09-05 02:17:35.821 7 DEBUG oslo_service.service [-] database.backend = sqlalchemy log_opt_values /var/lib/kolla/venv/lib/python3.6/site-packages/oslo_config/cfg.py:2611
2024-09-05 02:17:35.821 7 DEBUG oslo_service.service [-] database.connection = **** log_opt_values /var/lib/kolla/venv/lib/python3.6/site-packages/oslo_config/cfg.py:2611
2024-09-05 02:17:35.822 7 DEBUG oslo_service.service [-] database.connection_debug = 0 log_opt_values /var/lib/kolla/venv/lib/python3.6/site-packages/oslo_config/cfg.py:2611
2024-09-05 02:17:35.822 7 DEBUG oslo_service.service [-] database.connection_parameters = log_opt_values /var/lib/kolla/venv/lib/python3.6/site-packages/oslo_config/cfg.py:2611
2024-09-05 02:17:35.822 7 DEBUG oslo_service.service [-] database.connection_recycle_time = 10 log_opt_values /var/lib/kolla/venv/lib/python3.6/site-packages/oslo_config/cfg.py:2611
2024-09-05 02:17:35.822 7 DEBUG oslo_service.service [-] database.connection_trace = False log_opt_values /var/lib/kolla/venv/lib/python3.6/site-packages/oslo_config/cfg.py:2611
2024-09-05 02:17:35.822 7 DEBUG oslo_service.service [-] database.db_inc_retry_interval = True log_opt_values /var/lib/kolla/venv/lib/python3.6/site-packages/oslo_config/cfg.py:2611
2024-09-05 02:17:35.822 7 DEBUG oslo_service.service [-] database.db_max_retries = 20 log_opt_values /var/lib/kolla/venv/lib/python3.6/site-packages/oslo_config/cfg.py:2611
2024-09-05 02:17:35.822 7 DEBUG oslo_service.service [-] database.db_max_retry_interval = 10 log_opt_values /var/lib/kolla/venv/lib/python3.6/site-packages/oslo_config/cfg.py:2611
2024-09-05 02:17:35.822 7 DEBUG oslo_service.service [-] database.db_retry_interval = 1 log_opt_values /var/lib/kolla/venv/lib/python3.6/site-packages/oslo_config/cfg.py:2611
2024-09-05 02:17:35.822 7 DEBUG oslo_service.service [-] database.max_overflow = 50 log_opt_values /var/lib/kolla/venv/lib/python3.6/site-packages/oslo_config/cfg.py:2611
2024-09-05 02:17:35.822 7 DEBUG oslo_service.service [-] database.max_pool_size = 1 log_opt_values /var/lib/kolla/venv/lib/python3.6/site-packages/oslo_config/cfg.py:2611
2024-09-05 02:17:35.822 7 DEBUG oslo_service.service [-] database.max_retries = -1 log_opt_values /var/lib/kolla/venv/lib/python3.6/site-packages/oslo_config/cfg.py:2611
2024-09-05 02:17:35.822 7 DEBUG oslo_service.service [-] database.mysql_enable_ndb = False log_opt_values /var/lib/kolla/venv/lib/python3.6/site-packages/oslo_config/cfg.py:2611
2024-09-05 02:17:35.822 7 DEBUG oslo_service.service [-] database.mysql_sql_mode = TRADITIONAL log_opt_values /var/lib/kolla/venv/lib/python3.6/site-packages/oslo_config/cfg.py:2611
2024-09-05 02:17:35.822 7 DEBUG oslo_service.service [-] database.pool_timeout = None log_opt_values /var/lib/kolla/venv/lib/python3.6/site-packages/oslo_config/cfg.py:2611
2024-09-05 02:17:35.823 7 DEBUG oslo_service.service [-] database.retry_interval = 10 log_opt_values /var/lib/kolla/venv/lib/python3.6/site-packages/oslo_config/cfg.py:2611
2024-09-05 02:17:35.823 7 DEBUG oslo_service.service [-] database.slave_connection = **** log_opt_values /var/lib/kolla/venv/lib/python3.6/site-packages/oslo_config/cfg.py:2611
2024-09-05 02:17:35.823 7 DEBUG oslo_service.service [-] database.sqlite_synchronous = True log_opt_values /var/lib/kolla/venv/lib/python3.6/site-packages/oslo_config/cfg.py:2611
2024-09-05 02:17:35.823 7 DEBUG oslo_service.service [-] database.use_db_reconnect = False log_opt_values /var/lib/kolla/venv/lib/python3.6/site-packages/oslo_config/cfg.py:2611
2024-09-05 02:17:35.823 7 DEBUG oslo_service.service [-] ******************************************************************************** log_opt_values /var/lib/kolla/venv/lib/python3.6/site-packages/oslo_config/cfg.py:2613
2024-09-05 02:17:37.260 22 DEBUG neutron.wsgi [-] (22) accepted ('10.0.0.32', 52846) server /var/lib/kolla/venv/lib/python3.6/site-packages/eventlet/wsgi.py:1004
2024-09-05 02:17:37.266 22 INFO neutron.wsgi [-] 10.0.0.32 "GET / HTTP/1.1" status: 200 len: 227 time: 0.0047328
2024-09-05 02:17:40.080 23 DEBUG neutron.api.rpc.handlers.dhcp_rpc [req-bd29e2c8-63ec-4f6b-ae0f-9195f9258438 - - - - -] get_active_networks_info from cn-jenkins-deploy-platform-ansible-os-1852-1 get_active_networks_info /var/lib/kolla/venv/lib/python3.6/site-packages/neutron/api/rpc/handlers/dhcp_rpc.py:159
2024-09-05 02:17:40.103 26 DEBUG neutron_lib.callbacks.manager [req-9c65876d-d1d7-4724-a6fd-99da4facf624 - - - - -] Publish callbacks ['neutron.services.segments.db._update_segment_host_mapping_for_agent-8746861525619', 'neutron.services.l3_router.l3_router_plugin.DVRResourceOperationHandler.create_fip_agent_gw_ports-1640195'] for agent (1607cf9d-e2cc-4954-bf2a-7609257f3c34), after_create _notify_loop /var/lib/kolla/venv/lib/python3.6/site-packages/neutron_lib/callbacks/manager.py:177
2024-09-05 02:17:40.120 23 DEBUG neutron.scheduler.dhcp_agent_scheduler [req-bd29e2c8-63ec-4f6b-ae0f-9195f9258438 - - - - -] No non-hosted networks auto_schedule_networks /var/lib/kolla/venv/lib/python3.6/site-packages/neutron/scheduler/dhcp_agent_scheduler.py:60
2024-09-05 02:17:54.345 28 DEBUG neutron_lib.callbacks.manager [req-5afabe5f-d5f5-4979-b398-b373fa626110 - - - - -] Publish callbacks ['neutron.services.segments.db._update_segment_host_mapping_for_agent-8746861525619', 'neutron.services.l3_router.l3_router_plugin.DVRResourceOperationHandler.create_fip_agent_gw_ports-1640195'] for agent (9a464272-b6ae-41db-b1f0-7718e9e1d8ca), after_create _notify_loop /var/lib/kolla/venv/lib/python3.6/site-packages/neutron_lib/callbacks/manager.py:177
2024-09-05 02:18:07.314 22 DEBUG neutron.wsgi [-] (22) accepted ('10.0.0.32', 60678) server /var/lib/kolla/venv/lib/python3.6/site-packages/eventlet/wsgi.py:1004
2024-09-05 02:18:07.318 22 INFO neutron.wsgi [-] 10.0.0.32 "GET / HTTP/1.1" status: 200 len: 227 time: 0.0033033
2024-09-05 02:18:10.091 27 DEBUG neutron_lib.callbacks.manager [req-139d4120-9a82-4c30-823e-41668bd0100a - - - - -] Publish callbacks ['neutron.services.segments.db._update_segment_host_mapping_for_agent-8746861525619', 'neutron.plugins.ml2.plugin.Ml2Plugin._retry_binding_revived_agents--9223372036853980272'] for agent (1607cf9d-e2cc-4954-bf2a-7609257f3c34), after_update _notify_loop /var/lib/kolla/venv/lib/python3.6/site-packages/neutron_lib/callbacks/manager.py:177
2024-09-05 02:18:24.323 23 DEBUG neutron_lib.callbacks.manager [req-5afabe5f-d5f5-4979-b398-b373fa626110 - - - - -] Publish callbacks ['neutron.services.segments.db._update_segment_host_mapping_for_agent-8746861525619', 'neutron.plugins.ml2.plugin.Ml2Plugin._retry_binding_revived_agents--9223372036853980272'] for agent (9a464272-b6ae-41db-b1f0-7718e9e1d8ca), after_update _notify_loop /var/lib/kolla/venv/lib/python3.6/site-packages/neutron_lib/callbacks/manager.py:177
2024-09-05 02:18:37.357 22 DEBUG neutron.wsgi [-] (22) accepted ('10.0.0.32', 57668) server /var/lib/kolla/venv/lib/python3.6/site-packages/eventlet/wsgi.py:1004
2024-09-05 02:18:37.360 22 INFO neutron.wsgi [-] 10.0.0.32 "GET / HTTP/1.1" status: 200 len: 227 time: 0.0029521
2024-09-05 02:18:38.770 29 DEBUG neutron.db.agents_db [req-4e7ca1e1-be98-4b54-b4ee-68cdc8c8b609 - - - - -] Agent healthcheck: found 2 active agents agent_health_check /var/lib/kolla/venv/lib/python3.6/site-packages/neutron/db/agents_db.py:318
2024-09-05 02:18:40.088 24 DEBUG neutron_lib.callbacks.manager [req-fe3e551e-431c-49ff-b0ac-0938f2a3dfd3 - - - - -] Publish callbacks ['neutron.services.segments.db._update_segment_host_mapping_for_agent-8746861525619', 'neutron.plugins.ml2.plugin.Ml2Plugin._retry_binding_revived_agents--9223372036853980272'] for agent (1607cf9d-e2cc-4954-bf2a-7609257f3c34), after_update _notify_loop /var/lib/kolla/venv/lib/python3.6/site-packages/neutron_lib/callbacks/manager.py:177
2024-09-05 02:18:54.334 25 DEBUG neutron_lib.callbacks.manager [req-5afabe5f-d5f5-4979-b398-b373fa626110 - - - - -] Publish callbacks ['neutron.services.segments.db._update_segment_host_mapping_for_agent-8746861525619', 'neutron.plugins.ml2.plugin.Ml2Plugin._retry_binding_revived_agents--9223372036853980272'] for agent (9a464272-b6ae-41db-b1f0-7718e9e1d8ca), after_update _notify_loop /var/lib/kolla/venv/lib/python3.6/site-packages/neutron_lib/callbacks/manager.py:177
2024-09-05 02:19:07.399 22 DEBUG neutron.wsgi [-] (22) accepted ('10.0.0.32', 39122) server /var/lib/kolla/venv/lib/python3.6/site-packages/eventlet/wsgi.py:1004
2024-09-05 02:19:07.403 22 INFO neutron.wsgi [-] 10.0.0.32 "GET / HTTP/1.1" status: 200 len: 227 time: 0.0033548
2024-09-05 02:19:10.076 26 DEBUG neutron_lib.callbacks.manager [req-1268f98b-965f-4178-b81e-4d19dd86dcd7 - - - - -] Publish callbacks ['neutron.services.segments.db._update_segment_host_mapping_for_agent-8746861525619', 'neutron.plugins.ml2.plugin.Ml2Plugin._retry_binding_revived_agents--9223372036853980272'] for agent (1607cf9d-e2cc-4954-bf2a-7609257f3c34), after_update _notify_loop /var/lib/kolla/venv/lib/python3.6/site-packages/neutron_lib/callbacks/manager.py:177
2024-09-05 02:19:15.768 29 DEBUG neutron.db.agents_db [req-4e7ca1e1-be98-4b54-b4ee-68cdc8c8b609 - - - - -] Agent healthcheck: found 2 active agents agent_health_check /var/lib/kolla/venv/lib/python3.6/site-packages/neutron/db/agents_db.py:318
2024-09-05 02:19:24.366 28 DEBUG neutron_lib.callbacks.manager [req-5afabe5f-d5f5-4979-b398-b373fa626110 - - - - -] Publish callbacks ['neutron.services.segments.db._update_segment_host_mapping_for_agent-8746861525619', 'neutron.plugins.ml2.plugin.Ml2Plugin._retry_binding_revived_agents--9223372036853980272'] for agent (9a464272-b6ae-41db-b1f0-7718e9e1d8ca), after_update _notify_loop /var/lib/kolla/venv/lib/python3.6/site-packages/neutron_lib/callbacks/manager.py:177
2024-09-05 02:19:37.446 22 DEBUG neutron.wsgi [-] (22) accepted ('10.0.0.32', 35886) server /var/lib/kolla/venv/lib/python3.6/site-packages/eventlet/wsgi.py:1004
2024-09-05 02:19:37.450 22 INFO neutron.wsgi [-] 10.0.0.32 "GET / HTTP/1.1" status: 200 len: 227 time: 0.0028150
2024-09-05 02:19:40.077 27 DEBUG neutron_lib.callbacks.manager [req-9842cf0d-b778-49dd-80cb-fd695bf9f2a3 - - - - -] Publish callbacks ['neutron.services.segments.db._update_segment_host_mapping_for_agent-8746861525619', 'neutron.plugins.ml2.plugin.Ml2Plugin._retry_binding_revived_agents--9223372036853980272'] for agent (1607cf9d-e2cc-4954-bf2a-7609257f3c34), after_update _notify_loop /var/lib/kolla/venv/lib/python3.6/site-packages/neutron_lib/callbacks/manager.py:177
2024-09-05 02:19:52.766 29 DEBUG neutron.db.agents_db [req-4e7ca1e1-be98-4b54-b4ee-68cdc8c8b609 - - - - -] Agent healthcheck: found 2 active agents agent_health_check /var/lib/kolla/venv/lib/python3.6/site-packages/neutron/db/agents_db.py:318
2024-09-05 02:19:54.323 23 DEBUG neutron_lib.callbacks.manager [req-5afabe5f-d5f5-4979-b398-b373fa626110 - - - - -] Publish callbacks ['neutron.services.segments.db._update_segment_host_mapping_for_agent-8746861525619', 'neutron.plugins.ml2.plugin.Ml2Plugin._retry_binding_revived_agents--9223372036853980272'] for agent (9a464272-b6ae-41db-b1f0-7718e9e1d8ca), after_update _notify_loop /var/lib/kolla/venv/lib/python3.6/site-packages/neutron_lib/callbacks/manager.py:177
2024-09-05 02:20:07.489 22 DEBUG neutron.wsgi [-] (22) accepted ('10.0.0.32', 53180) server /var/lib/kolla/venv/lib/python3.6/site-packages/eventlet/wsgi.py:1004
2024-09-05 02:20:07.493 22 INFO neutron.wsgi [-] 10.0.0.32 "GET / HTTP/1.1" status: 200 len: 227 time: 0.0035934
2024-09-05 02:20:10.073 24 DEBUG neutron_lib.callbacks.manager [req-7466d711-2c18-4b69-b229-c10570e3664f - - - - -] Publish callbacks ['neutron.services.segments.db._update_segment_host_mapping_for_agent-8746861525619', 'neutron.plugins.ml2.plugin.Ml2Plugin._retry_binding_revived_agents--9223372036853980272'] for agent (1607cf9d-e2cc-4954-bf2a-7609257f3c34), after_update _notify_loop /var/lib/kolla/venv/lib/python3.6/site-packages/neutron_lib/callbacks/manager.py:177
2024-09-05 02:20:24.326 25 DEBUG neutron_lib.callbacks.manager [req-5afabe5f-d5f5-4979-b398-b373fa626110 - - - - -] Publish callbacks ['neutron.services.segments.db._update_segment_host_mapping_for_agent-8746861525619', 'neutron.plugins.ml2.plugin.Ml2Plugin._retry_binding_revived_agents--9223372036853980272'] for agent (9a464272-b6ae-41db-b1f0-7718e9e1d8ca), after_update _notify_loop /var/lib/kolla/venv/lib/python3.6/site-packages/neutron_lib/callbacks/manager.py:177
2024-09-05 02:20:29.763 29 DEBUG neutron.db.agents_db [req-4e7ca1e1-be98-4b54-b4ee-68cdc8c8b609 - - - - -] Agent healthcheck: found 2 active agents agent_health_check /var/lib/kolla/venv/lib/python3.6/site-packages/neutron/db/agents_db.py:318
2024-09-05 02:20:37.542 22 DEBUG neutron.wsgi [-] (22) accepted ('10.0.0.32', 48262) server /var/lib/kolla/venv/lib/python3.6/site-packages/eventlet/wsgi.py:1004
2024-09-05 02:20:37.545 22 INFO neutron.wsgi [-] 10.0.0.32 "GET / HTTP/1.1" status: 200 len: 227 time: 0.0028648
2024-09-05 02:20:40.079 26 DEBUG neutron_lib.callbacks.manager [req-e4fa157b-139a-490e-a848-dea394f14d14 - - - - -] Publish callbacks ['neutron.services.segments.db._update_segment_host_mapping_for_agent-8746861525619', 'neutron.plugins.ml2.plugin.Ml2Plugin._retry_binding_revived_agents--9223372036853980272'] for agent (1607cf9d-e2cc-4954-bf2a-7609257f3c34), after_update _notify_loop /var/lib/kolla/venv/lib/python3.6/site-packages/neutron_lib/callbacks/manager.py:177
2024-09-05 02:20:54.329 28 DEBUG neutron_lib.callbacks.manager [req-5afabe5f-d5f5-4979-b398-b373fa626110 - - - - -] Publish callbacks ['neutron.services.segments.db._update_segment_host_mapping_for_agent-8746861525619', 'neutron.plugins.ml2.plugin.Ml2Plugin._retry_binding_revived_agents--9223372036853980272'] for agent (9a464272-b6ae-41db-b1f0-7718e9e1d8ca), after_update _notify_loop /var/lib/kolla/venv/lib/python3.6/site-packages/neutron_lib/callbacks/manager.py:177
2024-09-05 02:21:06.759 29 DEBUG neutron.db.agents_db [req-4e7ca1e1-be98-4b54-b4ee-68cdc8c8b609 - - - - -] Agent healthcheck: found 2 active agents agent_health_check /var/lib/kolla/venv/lib/python3.6/site-packages/neutron/db/agents_db.py:318
2024-09-05 02:21:07.585 22 DEBUG neutron.wsgi [-] (22) accepted ('10.0.0.32', 34712) server /var/lib/kolla/venv/lib/python3.6/site-packages/eventlet/wsgi.py:1004
2024-09-05 02:21:07.590 22 INFO neutron.wsgi [-] 10.0.0.32 "GET / HTTP/1.1" status: 200 len: 227 time: 0.0039594
2024-09-05 02:21:10.075 27 DEBUG neutron_lib.callbacks.manager [req-ee6f3049-eac1-4775-8224-3edae041fb33 - - - - -] Publish callbacks ['neutron.services.segments.db._update_segment_host_mapping_for_agent-8746861525619', 'neutron.plugins.ml2.plugin.Ml2Plugin._retry_binding_revived_agents--9223372036853980272'] for agent (1607cf9d-e2cc-4954-bf2a-7609257f3c34), after_update _notify_loop /var/lib/kolla/venv/lib/python3.6/site-packages/neutron_lib/callbacks/manager.py:177
2024-09-05 02:21:24.330 23 DEBUG neutron_lib.callbacks.manager [req-5afabe5f-d5f5-4979-b398-b373fa626110 - - - - -] Publish callbacks ['neutron.services.segments.db._update_segment_host_mapping_for_agent-8746861525619', 'neutron.plugins.ml2.plugin.Ml2Plugin._retry_binding_revived_agents--9223372036853980272'] for agent (9a464272-b6ae-41db-b1f0-7718e9e1d8ca), after_update _notify_loop /var/lib/kolla/venv/lib/python3.6/site-packages/neutron_lib/callbacks/manager.py:177
2024-09-05 02:21:37.629 22 DEBUG neutron.wsgi [-] (22) accepted ('10.0.0.32', 53080) server /var/lib/kolla/venv/lib/python3.6/site-packages/eventlet/wsgi.py:1004
2024-09-05 02:21:37.633 22 INFO neutron.wsgi [-] 10.0.0.32 "GET / HTTP/1.1" status: 200 len: 227 time: 0.0028369
2024-09-05 02:21:40.071 24 DEBUG neutron_lib.callbacks.manager [req-e01581a0-0847-4faf-b673-a60253a88b30 - - - - -] Publish callbacks ['neutron.services.segments.db._update_segment_host_mapping_for_agent-8746861525619', 'neutron.plugins.ml2.plugin.Ml2Plugin._retry_binding_revived_agents--9223372036853980272'] for agent (1607cf9d-e2cc-4954-bf2a-7609257f3c34), after_update _notify_loop /var/lib/kolla/venv/lib/python3.6/site-packages/neutron_lib/callbacks/manager.py:177
2024-09-05 02:21:43.756 29 DEBUG neutron.db.agents_db [req-4e7ca1e1-be98-4b54-b4ee-68cdc8c8b609 - - - - -] Agent healthcheck: found 2 active agents agent_health_check /var/lib/kolla/venv/lib/python3.6/site-packages/neutron/db/agents_db.py:318
2024-09-05 02:21:54.331 25 DEBUG neutron_lib.callbacks.manager [req-5afabe5f-d5f5-4979-b398-b373fa626110 - - - - -] Publish callbacks ['neutron.services.segments.db._update_segment_host_mapping_for_agent-8746861525619', 'neutron.plugins.ml2.plugin.Ml2Plugin._retry_binding_revived_agents--9223372036853980272'] for agent (9a464272-b6ae-41db-b1f0-7718e9e1d8ca), after_update _notify_loop /var/lib/kolla/venv/lib/python3.6/site-packages/neutron_lib/callbacks/manager.py:177
2024-09-05 02:22:07.672 22 DEBUG neutron.wsgi [-] (22) accepted ('10.0.0.32', 48262) server /var/lib/kolla/venv/lib/python3.6/site-packages/eventlet/wsgi.py:1004
2024-09-05 02:22:07.678 22 INFO neutron.wsgi [-] 10.0.0.32 "GET / HTTP/1.1" status: 200 len: 227 time: 0.0045245
2024-09-05 02:22:10.066 26 DEBUG neutron_lib.callbacks.manager [req-e3b1d66b-413b-489d-9ce8-0ac9d3387528 - - - - -] Publish callbacks ['neutron.services.segments.db._update_segment_host_mapping_for_agent-8746861525619', 'neutron.plugins.ml2.plugin.Ml2Plugin._retry_binding_revived_agents--9223372036853980272'] for agent (1607cf9d-e2cc-4954-bf2a-7609257f3c34), after_update _notify_loop /var/lib/kolla/venv/lib/python3.6/site-packages/neutron_lib/callbacks/manager.py:177
2024-09-05 02:22:20.755 29 DEBUG neutron.db.agents_db [req-4e7ca1e1-be98-4b54-b4ee-68cdc8c8b609 - - - - -] Agent healthcheck: found 2 active agents agent_health_check /var/lib/kolla/venv/lib/python3.6/site-packages/neutron/db/agents_db.py:318
2024-09-05 02:22:24.332 28 DEBUG neutron_lib.callbacks.manager [req-5afabe5f-d5f5-4979-b398-b373fa626110 - - - - -] Publish callbacks ['neutron.services.segments.db._update_segment_host_mapping_for_agent-8746861525619', 'neutron.plugins.ml2.plugin.Ml2Plugin._retry_binding_revived_agents--9223372036853980272'] for agent (9a464272-b6ae-41db-b1f0-7718e9e1d8ca), after_update _notify_loop /var/lib/kolla/venv/lib/python3.6/site-packages/neutron_lib/callbacks/manager.py:177
2024-09-05 02:22:37.716 22 DEBUG neutron.wsgi [-] (22) accepted ('10.0.0.32', 34948) server /var/lib/kolla/venv/lib/python3.6/site-packages/eventlet/wsgi.py:1004
2024-09-05 02:22:37.720 22 INFO neutron.wsgi [-] 10.0.0.32 "GET / HTTP/1.1" status: 200 len: 227 time: 0.0026722
2024-09-05 02:22:40.079 27 DEBUG neutron_lib.callbacks.manager [req-657b583a-69fa-4b27-8344-d174bd97c8e8 - - - - -] Publish callbacks ['neutron.services.segments.db._update_segment_host_mapping_for_agent-8746861525619', 'neutron.plugins.ml2.plugin.Ml2Plugin._retry_binding_revived_agents--9223372036853980272'] for agent (1607cf9d-e2cc-4954-bf2a-7609257f3c34), after_update _notify_loop /var/lib/kolla/venv/lib/python3.6/site-packages/neutron_lib/callbacks/manager.py:177
2024-09-05 02:22:54.335 23 DEBUG neutron_lib.callbacks.manager [req-5afabe5f-d5f5-4979-b398-b373fa626110 - - - - -] Publish callbacks ['neutron.services.segments.db._update_segment_host_mapping_for_agent-8746861525619', 'neutron.plugins.ml2.plugin.Ml2Plugin._retry_binding_revived_agents--9223372036853980272'] for agent (9a464272-b6ae-41db-b1f0-7718e9e1d8ca), after_update _notify_loop /var/lib/kolla/venv/lib/python3.6/site-packages/neutron_lib/callbacks/manager.py:177
2024-09-05 02:22:57.753 29 DEBUG neutron.db.agents_db [req-4e7ca1e1-be98-4b54-b4ee-68cdc8c8b609 - - - - -] Agent healthcheck: found 2 active agents agent_health_check /var/lib/kolla/venv/lib/python3.6/site-packages/neutron/db/agents_db.py:318
2024-09-05 02:23:07.761 22 DEBUG neutron.wsgi [-] (22) accepted ('10.0.0.32', 45354) server /var/lib/kolla/venv/lib/python3.6/site-packages/eventlet/wsgi.py:1004
2024-09-05 02:23:07.765 22 INFO neutron.wsgi [-] 10.0.0.32 "GET / HTTP/1.1" status: 200 len: 227 time: 0.0028296
2024-09-05 02:23:10.077 24 DEBUG neutron_lib.callbacks.manager [req-ee1abf4e-81d3-4fbb-a821-212f6bbbc3fa - - - - -] Publish callbacks ['neutron.services.segments.db._update_segment_host_mapping_for_agent-8746861525619', 'neutron.plugins.ml2.plugin.Ml2Plugin._retry_binding_revived_agents--9223372036853980272'] for agent (1607cf9d-e2cc-4954-bf2a-7609257f3c34), after_update _notify_loop /var/lib/kolla/venv/lib/python3.6/site-packages/neutron_lib/callbacks/manager.py:177
2024-09-05 02:23:24.337 25 DEBUG neutron_lib.callbacks.manager [req-5afabe5f-d5f5-4979-b398-b373fa626110 - - - - -] Publish callbacks ['neutron.services.segments.db._update_segment_host_mapping_for_agent-8746861525619', 'neutron.plugins.ml2.plugin.Ml2Plugin._retry_binding_revived_agents--9223372036853980272'] for agent (9a464272-b6ae-41db-b1f0-7718e9e1d8ca), after_update _notify_loop /var/lib/kolla/venv/lib/python3.6/site-packages/neutron_lib/callbacks/manager.py:177
2024-09-05 02:23:34.750 29 DEBUG neutron.db.agents_db [req-4e7ca1e1-be98-4b54-b4ee-68cdc8c8b609 - - - - -] Agent healthcheck: found 2 active agents agent_health_check /var/lib/kolla/venv/lib/python3.6/site-packages/neutron/db/agents_db.py:318
2024-09-05 02:23:37.807 22 DEBUG neutron.wsgi [-] (22) accepted ('10.0.0.32', 35170) server /var/lib/kolla/venv/lib/python3.6/site-packages/eventlet/wsgi.py:1004
2024-09-05 02:23:37.812 22 INFO neutron.wsgi [-] 10.0.0.32 "GET / HTTP/1.1" status: 200 len: 227 time: 0.0036767
2024-09-05 02:23:40.073 26 DEBUG neutron_lib.callbacks.manager [req-46a7a65b-3000-4e26-b9a3-01b49da63dd0 - - - - -] Publish callbacks ['neutron.services.segments.db._update_segment_host_mapping_for_agent-8746861525619', 'neutron.plugins.ml2.plugin.Ml2Plugin._retry_binding_revived_agents--9223372036853980272'] for agent (1607cf9d-e2cc-4954-bf2a-7609257f3c34), after_update _notify_loop /var/lib/kolla/venv/lib/python3.6/site-packages/neutron_lib/callbacks/manager.py:177
2024-09-05 02:23:54.357 28 DEBUG neutron_lib.callbacks.manager [req-5afabe5f-d5f5-4979-b398-b373fa626110 - - - - -] Publish callbacks ['neutron.services.segments.db._update_segment_host_mapping_for_agent-8746861525619', 'neutron.plugins.ml2.plugin.Ml2Plugin._retry_binding_revived_agents--9223372036853980272'] for agent (9a464272-b6ae-41db-b1f0-7718e9e1d8ca), after_update _notify_loop /var/lib/kolla/venv/lib/python3.6/site-packages/neutron_lib/callbacks/manager.py:177
2024-09-05 02:24:07.852 22 DEBUG neutron.wsgi [-] (22) accepted ('10.0.0.32', 36456) server /var/lib/kolla/venv/lib/python3.6/site-packages/eventlet/wsgi.py:1004
2024-09-05 02:24:07.856 22 INFO neutron.wsgi [-] 10.0.0.32 "GET / HTTP/1.1" status: 200 len: 227 time: 0.0028450
2024-09-05 02:24:10.068 27 DEBUG neutron_lib.callbacks.manager [req-b75d69c7-745c-40a7-b9fc-4fa5fd4f88e0 - - - - -] Publish callbacks ['neutron.services.segments.db._update_segment_host_mapping_for_agent-8746861525619', 'neutron.plugins.ml2.plugin.Ml2Plugin._retry_binding_revived_agents--9223372036853980272'] for agent (1607cf9d-e2cc-4954-bf2a-7609257f3c34), after_update _notify_loop /var/lib/kolla/venv/lib/python3.6/site-packages/neutron_lib/callbacks/manager.py:177
2024-09-05 02:24:11.747 29 DEBUG neutron.db.agents_db [req-4e7ca1e1-be98-4b54-b4ee-68cdc8c8b609 - - - - -] Agent healthcheck: found 2 active agents agent_health_check /var/lib/kolla/venv/lib/python3.6/site-packages/neutron/db/agents_db.py:318
2024-09-05 02:24:24.341 23 DEBUG neutron_lib.callbacks.manager [req-5afabe5f-d5f5-4979-b398-b373fa626110 - - - - -] Publish callbacks ['neutron.services.segments.db._update_segment_host_mapping_for_agent-8746861525619', 'neutron.plugins.ml2.plugin.Ml2Plugin._retry_binding_revived_agents--9223372036853980272'] for agent (9a464272-b6ae-41db-b1f0-7718e9e1d8ca), after_update _notify_loop /var/lib/kolla/venv/lib/python3.6/site-packages/neutron_lib/callbacks/manager.py:177
2024-09-05 02:24:37.895 22 DEBUG neutron.wsgi [-] (22) accepted ('10.0.0.32', 60520) server /var/lib/kolla/venv/lib/python3.6/site-packages/eventlet/wsgi.py:1004
2024-09-05 02:24:37.901 22 INFO neutron.wsgi [-] 10.0.0.32 "GET / HTTP/1.1" status: 200 len: 227 time: 0.0052464
2024-09-05 02:24:40.073 24 DEBUG neutron_lib.callbacks.manager [req-9a5f7d3b-448b-40aa-b8c7-716e35da3836 - - - - -] Publish callbacks ['neutron.services.segments.db._update_segment_host_mapping_for_agent-8746861525619', 'neutron.plugins.ml2.plugin.Ml2Plugin._retry_binding_revived_agents--9223372036853980272'] for agent (1607cf9d-e2cc-4954-bf2a-7609257f3c34), after_update _notify_loop /var/lib/kolla/venv/lib/python3.6/site-packages/neutron_lib/callbacks/manager.py:177
2024-09-05 02:24:48.744 29 DEBUG neutron.db.agents_db [req-4e7ca1e1-be98-4b54-b4ee-68cdc8c8b609 - - - - -] Agent healthcheck: found 2 active agents agent_health_check /var/lib/kolla/venv/lib/python3.6/site-packages/neutron/db/agents_db.py:318
2024-09-05 02:24:54.344 25 DEBUG neutron_lib.callbacks.manager [req-5afabe5f-d5f5-4979-b398-b373fa626110 - - - - -] Publish callbacks ['neutron.services.segments.db._update_segment_host_mapping_for_agent-8746861525619', 'neutron.plugins.ml2.plugin.Ml2Plugin._retry_binding_revived_agents--9223372036853980272'] for agent (9a464272-b6ae-41db-b1f0-7718e9e1d8ca), after_update _notify_loop /var/lib/kolla/venv/lib/python3.6/site-packages/neutron_lib/callbacks/manager.py:177
2024-09-05 02:25:07.940 22 DEBUG neutron.wsgi [-] (22) accepted ('10.0.0.32', 59752) server /var/lib/kolla/venv/lib/python3.6/site-packages/eventlet/wsgi.py:1004
2024-09-05 02:25:07.944 22 INFO neutron.wsgi [-] 10.0.0.32 "GET / HTTP/1.1" status: 200 len: 227 time: 0.0027413
2024-09-05 02:25:10.080 26 DEBUG neutron_lib.callbacks.manager [req-55448c6c-1402-4d94-a878-70ff727d4a02 - - - - -] Publish callbacks ['neutron.services.segments.db._update_segment_host_mapping_for_agent-8746861525619', 'neutron.plugins.ml2.plugin.Ml2Plugin._retry_binding_revived_agents--9223372036853980272'] for agent (1607cf9d-e2cc-4954-bf2a-7609257f3c34), after_update _notify_loop /var/lib/kolla/venv/lib/python3.6/site-packages/neutron_lib/callbacks/manager.py:177
2024-09-05 02:25:24.350 28 DEBUG neutron_lib.callbacks.manager [req-5afabe5f-d5f5-4979-b398-b373fa626110 - - - - -] Publish callbacks ['neutron.services.segments.db._update_segment_host_mapping_for_agent-8746861525619', 'neutron.plugins.ml2.plugin.Ml2Plugin._retry_binding_revived_agents--9223372036853980272'] for agent (9a464272-b6ae-41db-b1f0-7718e9e1d8ca), after_update _notify_loop /var/lib/kolla/venv/lib/python3.6/site-packages/neutron_lib/callbacks/manager.py:177
2024-09-05 02:25:25.744 29 DEBUG neutron.db.agents_db [req-4e7ca1e1-be98-4b54-b4ee-68cdc8c8b609 - - - - -] Agent healthcheck: found 2 active agents agent_health_check /var/lib/kolla/venv/lib/python3.6/site-packages/neutron/db/agents_db.py:318
2024-09-05 02:25:37.986 22 DEBUG neutron.wsgi [-] (22) accepted ('10.0.0.32', 60066) server /var/lib/kolla/venv/lib/python3.6/site-packages/eventlet/wsgi.py:1004
2024-09-05 02:25:37.991 22 INFO neutron.wsgi [-] 10.0.0.32 "GET / HTTP/1.1" status: 200 len: 227 time: 0.0040593
2024-09-05 02:25:40.075 27 DEBUG neutron_lib.callbacks.manager [req-5e2e3706-0294-4a9d-af96-54f2138eedab - - - - -] Publish callbacks ['neutron.services.segments.db._update_segment_host_mapping_for_agent-8746861525619', 'neutron.plugins.ml2.plugin.Ml2Plugin._retry_binding_revived_agents--9223372036853980272'] for agent (1607cf9d-e2cc-4954-bf2a-7609257f3c34), after_update _notify_loop /var/lib/kolla/venv/lib/python3.6/site-packages/neutron_lib/callbacks/manager.py:177
2024-09-05 02:25:54.347 23 DEBUG neutron_lib.callbacks.manager [req-5afabe5f-d5f5-4979-b398-b373fa626110 - - - - -] Publish callbacks ['neutron.services.segments.db._update_segment_host_mapping_for_agent-8746861525619', 'neutron.plugins.ml2.plugin.Ml2Plugin._retry_binding_revived_agents--9223372036853980272'] for agent (9a464272-b6ae-41db-b1f0-7718e9e1d8ca), after_update _notify_loop /var/lib/kolla/venv/lib/python3.6/site-packages/neutron_lib/callbacks/manager.py:177
2024-09-05 02:26:02.743 29 DEBUG neutron.db.agents_db [req-4e7ca1e1-be98-4b54-b4ee-68cdc8c8b609 - - - - -] Agent healthcheck: found 2 active agents agent_health_check /var/lib/kolla/venv/lib/python3.6/site-packages/neutron/db/agents_db.py:318
2024-09-05 02:26:08.031 22 DEBUG neutron.wsgi [-] (22) accepted ('10.0.0.32', 60974) server /var/lib/kolla/venv/lib/python3.6/site-packages/eventlet/wsgi.py:1004
2024-09-05 02:26:08.034 22 INFO neutron.wsgi [-] 10.0.0.32 "GET / HTTP/1.1" status: 200 len: 227 time: 0.0026426
2024-09-05 02:26:10.099 24 DEBUG neutron_lib.callbacks.manager [req-5bcfead4-3072-45a5-b450-235955e2b6f8 - - - - -] Publish callbacks ['neutron.services.segments.db._update_segment_host_mapping_for_agent-8746861525619', 'neutron.plugins.ml2.plugin.Ml2Plugin._retry_binding_revived_agents--9223372036853980272'] for agent (1607cf9d-e2cc-4954-bf2a-7609257f3c34), after_update _notify_loop /var/lib/kolla/venv/lib/python3.6/site-packages/neutron_lib/callbacks/manager.py:177
2024-09-05 02:26:24.352 25 DEBUG neutron_lib.callbacks.manager [req-5afabe5f-d5f5-4979-b398-b373fa626110 - - - - -] Publish callbacks ['neutron.services.segments.db._update_segment_host_mapping_for_agent-8746861525619', 'neutron.plugins.ml2.plugin.Ml2Plugin._retry_binding_revived_agents--9223372036853980272'] for agent (9a464272-b6ae-41db-b1f0-7718e9e1d8ca), after_update _notify_loop /var/lib/kolla/venv/lib/python3.6/site-packages/neutron_lib/callbacks/manager.py:177
2024-09-05 02:26:38.074 22 DEBUG neutron.wsgi [-] (22) accepted ('10.0.0.32', 46180) server /var/lib/kolla/venv/lib/python3.6/site-packages/eventlet/wsgi.py:1004
2024-09-05 02:26:38.078 22 INFO neutron.wsgi [-] 10.0.0.32 "GET / HTTP/1.1" status: 200 len: 227 time: 0.0027938
2024-09-05 02:26:39.741 29 DEBUG neutron.db.agents_db [req-4e7ca1e1-be98-4b54-b4ee-68cdc8c8b609 - - - - -] Agent healthcheck: found 2 active agents agent_health_check /var/lib/kolla/venv/lib/python3.6/site-packages/neutron/db/agents_db.py:318
2024-09-05 02:26:40.078 26 DEBUG neutron_lib.callbacks.manager [req-d391626c-7a12-4d34-b160-a194610290cc - - - - -] Publish callbacks ['neutron.services.segments.db._update_segment_host_mapping_for_agent-8746861525619', 'neutron.plugins.ml2.plugin.Ml2Plugin._retry_binding_revived_agents--9223372036853980272'] for agent (1607cf9d-e2cc-4954-bf2a-7609257f3c34), after_update _notify_loop /var/lib/kolla/venv/lib/python3.6/site-packages/neutron_lib/callbacks/manager.py:177
2024-09-05 02:26:54.351 28 DEBUG neutron_lib.callbacks.manager [req-5afabe5f-d5f5-4979-b398-b373fa626110 - - - - -] Publish callbacks ['neutron.services.segments.db._update_segment_host_mapping_for_agent-8746861525619', 'neutron.plugins.ml2.plugin.Ml2Plugin._retry_binding_revived_agents--9223372036853980272'] for agent (9a464272-b6ae-41db-b1f0-7718e9e1d8ca), after_update _notify_loop /var/lib/kolla/venv/lib/python3.6/site-packages/neutron_lib/callbacks/manager.py:177
2024-09-05 02:27:08.118 22 DEBUG neutron.wsgi [-] (22) accepted ('10.0.0.32', 33338) server /var/lib/kolla/venv/lib/python3.6/site-packages/eventlet/wsgi.py:1004
2024-09-05 02:27:08.121 22 INFO neutron.wsgi [-] 10.0.0.32 "GET / HTTP/1.1" status: 200 len: 227 time: 0.0031359
2024-09-05 02:27:10.086 27 DEBUG neutron_lib.callbacks.manager [req-2f831cac-df43-48c5-969f-96b4fb9b1f7f - - - - -] Publish callbacks ['neutron.services.segments.db._update_segment_host_mapping_for_agent-8746861525619', 'neutron.plugins.ml2.plugin.Ml2Plugin._retry_binding_revived_agents--9223372036853980272'] for agent (1607cf9d-e2cc-4954-bf2a-7609257f3c34), after_update _notify_loop /var/lib/kolla/venv/lib/python3.6/site-packages/neutron_lib/callbacks/manager.py:177
2024-09-05 02:27:16.738 29 DEBUG neutron.db.agents_db [req-4e7ca1e1-be98-4b54-b4ee-68cdc8c8b609 - - - - -] Agent healthcheck: found 2 active agents agent_health_check /var/lib/kolla/venv/lib/python3.6/site-packages/neutron/db/agents_db.py:318
2024-09-05 02:27:24.353 23 DEBUG neutron_lib.callbacks.manager [req-5afabe5f-d5f5-4979-b398-b373fa626110 - - - - -] Publish callbacks ['neutron.services.segments.db._update_segment_host_mapping_for_agent-8746861525619', 'neutron.plugins.ml2.plugin.Ml2Plugin._retry_binding_revived_agents--9223372036853980272'] for agent (9a464272-b6ae-41db-b1f0-7718e9e1d8ca), after_update _notify_loop /var/lib/kolla/venv/lib/python3.6/site-packages/neutron_lib/callbacks/manager.py:177
2024-09-05 02:27:38.168 22 DEBUG neutron.wsgi [-] (22) accepted ('10.0.0.32', 49176) server /var/lib/kolla/venv/lib/python3.6/site-packages/eventlet/wsgi.py:1004
2024-09-05 02:27:38.172 22 INFO neutron.wsgi [-] 10.0.0.32 "GET / HTTP/1.1" status: 200 len: 227 time: 0.0027158
2024-09-05 02:27:40.085 24 DEBUG neutron_lib.callbacks.manager [req-09b4ca32-4e53-4aac-ba65-4b958750ff84 - - - - -] Publish callbacks ['neutron.services.segments.db._update_segment_host_mapping_for_agent-8746861525619', 'neutron.plugins.ml2.plugin.Ml2Plugin._retry_binding_revived_agents--9223372036853980272'] for agent (1607cf9d-e2cc-4954-bf2a-7609257f3c34), after_update _notify_loop /var/lib/kolla/venv/lib/python3.6/site-packages/neutron_lib/callbacks/manager.py:177
2024-09-05 02:27:53.735 29 DEBUG neutron.db.agents_db [req-4e7ca1e1-be98-4b54-b4ee-68cdc8c8b609 - - - - -] Agent healthcheck: found 2 active agents agent_health_check /var/lib/kolla/venv/lib/python3.6/site-packages/neutron/db/agents_db.py:318
2024-09-05 02:27:54.355 25 DEBUG neutron_lib.callbacks.manager [req-5afabe5f-d5f5-4979-b398-b373fa626110 - - - - -] Publish callbacks ['neutron.services.segments.db._update_segment_host_mapping_for_agent-8746861525619', 'neutron.plugins.ml2.plugin.Ml2Plugin._retry_binding_revived_agents--9223372036853980272'] for agent (9a464272-b6ae-41db-b1f0-7718e9e1d8ca), after_update _notify_loop /var/lib/kolla/venv/lib/python3.6/site-packages/neutron_lib/callbacks/manager.py:177
2024-09-05 02:28:08.233 22 DEBUG neutron.wsgi [-] (22) accepted ('10.0.0.32', 39608) server /var/lib/kolla/venv/lib/python3.6/site-packages/eventlet/wsgi.py:1004
2024-09-05 02:28:08.237 22 INFO neutron.wsgi [-] 10.0.0.32 "GET / HTTP/1.1" status: 200 len: 227 time: 0.0028129
2024-09-05 02:28:10.082 26 DEBUG neutron_lib.callbacks.manager [req-4ec8e871-566c-41df-b35e-2741268a36e8 - - - - -] Publish callbacks ['neutron.services.segments.db._update_segment_host_mapping_for_agent-8746861525619', 'neutron.plugins.ml2.plugin.Ml2Plugin._retry_binding_revived_agents--9223372036853980272'] for agent (1607cf9d-e2cc-4954-bf2a-7609257f3c34), after_update _notify_loop /var/lib/kolla/venv/lib/python3.6/site-packages/neutron_lib/callbacks/manager.py:177
2024-09-05 02:28:24.359 28 DEBUG neutron_lib.callbacks.manager [req-5afabe5f-d5f5-4979-b398-b373fa626110 - - - - -] Publish callbacks ['neutron.services.segments.db._update_segment_host_mapping_for_agent-8746861525619', 'neutron.plugins.ml2.plugin.Ml2Plugin._retry_binding_revived_agents--9223372036853980272'] for agent (9a464272-b6ae-41db-b1f0-7718e9e1d8ca), after_update _notify_loop /var/lib/kolla/venv/lib/python3.6/site-packages/neutron_lib/callbacks/manager.py:177
2024-09-05 02:28:30.734 29 DEBUG neutron.db.agents_db [req-4e7ca1e1-be98-4b54-b4ee-68cdc8c8b609 - - - - -] Agent healthcheck: found 2 active agents agent_health_check /var/lib/kolla/venv/lib/python3.6/site-packages/neutron/db/agents_db.py:318
2024-09-05 02:28:32.022 7 INFO oslo_service.service [-] Caught SIGTERM, stopping children
2024-09-05 02:28:32.023 7 DEBUG oslo_concurrency.lockutils [-] Acquired lock "singleton_lock" lock /var/lib/kolla/venv/lib/python3.6/site-packages/oslo_concurrency/lockutils.py:294
2024-09-05 02:28:32.023 7 DEBUG oslo_concurrency.lockutils [-] Releasing lock "singleton_lock" lock /var/lib/kolla/venv/lib/python3.6/site-packages/oslo_concurrency/lockutils.py:312
2024-09-05 02:28:32.024 7 DEBUG oslo_service.service [-] Stop services. stop /var/lib/kolla/venv/lib/python3.6/site-packages/oslo_service/service.py:695
2024-09-05 02:28:32.024 7 DEBUG neutron.service [-] calling RpcWorker stop() stop /var/lib/kolla/venv/lib/python3.6/site-packages/neutron/service.py:138
2024-09-05 02:28:32.024 7 DEBUG neutron.service [-] calling RpcWorker stop() stop /var/lib/kolla/venv/lib/python3.6/site-packages/neutron/service.py:138
2024-09-05 02:28:32.024 7 DEBUG oslo_service.service [-] Killing children. stop /var/lib/kolla/venv/lib/python3.6/site-packages/oslo_service/service.py:700
2024-09-05 02:28:32.024 7 INFO oslo_service.service [-] Waiting on 8 children to exit
2024-09-05 02:28:32.025 22 INFO neutron.wsgi [-] (22) wsgi exited, is_accepting=True
2024-09-05 02:28:32.025 25 DEBUG neutron.service [-] calling RpcWorker stop() stop /var/lib/kolla/venv/lib/python3.6/site-packages/neutron/service.py:138
2024-09-05 02:28:32.025 29 DEBUG neutron.service [-] calling RpcWorker stop() stop /var/lib/kolla/venv/lib/python3.6/site-packages/neutron/service.py:138
2024-09-05 02:28:32.025 24 DEBUG neutron.service [-] calling RpcWorker stop() stop /var/lib/kolla/venv/lib/python3.6/site-packages/neutron/service.py:138
2024-09-05 02:28:32.025 22 DEBUG oslo_concurrency.lockutils [req-a862f1f9-d4fa-4292-8e28-76a1bbe52994 - - - - -] Acquired lock "singleton_lock" lock /var/lib/kolla/venv/lib/python3.6/site-packages/oslo_concurrency/lockutils.py:294
2024-09-05 02:28:32.026 22 DEBUG oslo_concurrency.lockutils [req-a862f1f9-d4fa-4292-8e28-76a1bbe52994 - - - - -] Releasing lock "singleton_lock" lock /var/lib/kolla/venv/lib/python3.6/site-packages/oslo_concurrency/lockutils.py:312
2024-09-05 02:28:32.025 29 DEBUG neutron.service [-] calling stop on stop /var/lib/kolla/venv/lib/python3.6/site-packages/neutron/service.py:141
2024-09-05 02:28:32.025 25 DEBUG neutron.service [-] calling stop on stop /var/lib/kolla/venv/lib/python3.6/site-packages/neutron/service.py:141
2024-09-05 02:28:32.028 23 DEBUG neutron.service [-] calling RpcWorker stop() stop /var/lib/kolla/venv/lib/python3.6/site-packages/neutron/service.py:138
2024-09-05 02:28:32.025 24 DEBUG neutron.service [-] calling stop on stop /var/lib/kolla/venv/lib/python3.6/site-packages/neutron/service.py:141
2024-09-05 02:28:32.028 23 DEBUG neutron.service [-] calling stop on stop /var/lib/kolla/venv/lib/python3.6/site-packages/neutron/service.py:141
2024-09-05 02:28:32.029 26 DEBUG neutron.service [-] calling RpcWorker stop() stop /var/lib/kolla/venv/lib/python3.6/site-packages/neutron/service.py:138
2024-09-05 02:28:32.030 7 INFO oslo_service.service [-] Child 22 exited with status 0
2024-09-05 02:28:32.030 26 DEBUG neutron.service [-] calling stop on stop /var/lib/kolla/venv/lib/python3.6/site-packages/neutron/service.py:141
2024-09-05 02:28:32.032 27 DEBUG neutron.service [-] calling RpcWorker stop() stop /var/lib/kolla/venv/lib/python3.6/site-packages/neutron/service.py:138
2024-09-05 02:28:32.032 27 DEBUG neutron.service [-] calling stop on stop /var/lib/kolla/venv/lib/python3.6/site-packages/neutron/service.py:141
2024-09-05 02:28:32.035 28 DEBUG neutron.service [-] calling RpcWorker stop() stop /var/lib/kolla/venv/lib/python3.6/site-packages/neutron/service.py:138
2024-09-05 02:28:32.036 28 DEBUG neutron.service [-] calling stop on stop /var/lib/kolla/venv/lib/python3.6/site-packages/neutron/service.py:141
2024-09-05 02:28:32.550 28 DEBUG oslo_concurrency.lockutils [req-a862f1f9-d4fa-4292-8e28-76a1bbe52994 - - - - -] Acquired lock "singleton_lock" lock /var/lib/kolla/venv/lib/python3.6/site-packages/oslo_concurrency/lockutils.py:294
2024-09-05 02:28:32.550 28 DEBUG oslo_concurrency.lockutils [req-a862f1f9-d4fa-4292-8e28-76a1bbe52994 - - - - -] Releasing lock "singleton_lock" lock /var/lib/kolla/venv/lib/python3.6/site-packages/oslo_concurrency/lockutils.py:312
2024-09-05 02:28:32.550 28 DEBUG neutron.service [req-a862f1f9-d4fa-4292-8e28-76a1bbe52994 - - - - -] calling RpcWorker wait() _wait /var/lib/kolla/venv/lib/python3.6/site-packages/neutron/service.py:128
2024-09-05 02:28:32.550 28 DEBUG neutron.service [req-a862f1f9-d4fa-4292-8e28-76a1bbe52994 - - - - -] calling wait on _wait /var/lib/kolla/venv/lib/python3.6/site-packages/neutron/service.py:131
2024-09-05 02:28:32.559 28 WARNING amqp [req-a862f1f9-d4fa-4292-8e28-76a1bbe52994 - - - - -] Received method (60, 30) during closing channel 1. This method will be ignored
2024-09-05 02:28:32.559 28 DEBUG neutron.service [req-a862f1f9-d4fa-4292-8e28-76a1bbe52994 - - - - -] returning from RpcWorker wait() _wait /var/lib/kolla/venv/lib/python3.6/site-packages/neutron/service.py:135
2024-09-05 02:28:32.564 7 INFO oslo_service.service [-] Child 28 exited with status 0
2024-09-05 02:28:33.277 26 DEBUG oslo_concurrency.lockutils [req-a862f1f9-d4fa-4292-8e28-76a1bbe52994 - - - - -] Acquired lock "singleton_lock" lock /var/lib/kolla/venv/lib/python3.6/site-packages/oslo_concurrency/lockutils.py:294
2024-09-05 02:28:33.278 26 DEBUG oslo_concurrency.lockutils [req-a862f1f9-d4fa-4292-8e28-76a1bbe52994 - - - - -] Releasing lock "singleton_lock" lock /var/lib/kolla/venv/lib/python3.6/site-packages/oslo_concurrency/lockutils.py:312
2024-09-05 02:28:33.278 26 DEBUG neutron.service [req-a862f1f9-d4fa-4292-8e28-76a1bbe52994 - - - - -] calling RpcWorker wait() _wait /var/lib/kolla/venv/lib/python3.6/site-packages/neutron/service.py:128
2024-09-05 02:28:33.278 26 DEBUG neutron.service [req-a862f1f9-d4fa-4292-8e28-76a1bbe52994 - - - - -] calling wait on _wait /var/lib/kolla/venv/lib/python3.6/site-packages/neutron/service.py:131
2024-09-05 02:28:33.284 26 WARNING amqp [req-a862f1f9-d4fa-4292-8e28-76a1bbe52994 - - - - -] Received method (60, 30) during closing channel 1. This method will be ignored
2024-09-05 02:28:33.285 26 DEBUG neutron.service [req-a862f1f9-d4fa-4292-8e28-76a1bbe52994 - - - - -] returning from RpcWorker wait() _wait /var/lib/kolla/venv/lib/python3.6/site-packages/neutron/service.py:135
2024-09-05 02:28:33.290 7 INFO oslo_service.service [-] Child 26 exited with status 0
2024-09-05 02:28:40.070 27 DEBUG oslo_concurrency.lockutils [req-a862f1f9-d4fa-4292-8e28-76a1bbe52994 - - - - -] Acquired lock "singleton_lock" lock /var/lib/kolla/venv/lib/python3.6/site-packages/oslo_concurrency/lockutils.py:294
2024-09-05 02:28:40.070 27 DEBUG oslo_concurrency.lockutils [req-a862f1f9-d4fa-4292-8e28-76a1bbe52994 - - - - -] Releasing lock "singleton_lock" lock /var/lib/kolla/venv/lib/python3.6/site-packages/oslo_concurrency/lockutils.py:312
2024-09-05 02:28:40.071 27 DEBUG neutron.service [req-a862f1f9-d4fa-4292-8e28-76a1bbe52994 - - - - -] calling RpcWorker wait() _wait /var/lib/kolla/venv/lib/python3.6/site-packages/neutron/service.py:128
2024-09-05 02:28:40.071 27 DEBUG neutron.service [req-a862f1f9-d4fa-4292-8e28-76a1bbe52994 - - - - -] calling wait on _wait /var/lib/kolla/venv/lib/python3.6/site-packages/neutron/service.py:131
2024-09-05 02:28:40.079 27 DEBUG neutron_lib.callbacks.manager [req-71922ae7-5c17-48cf-b65a-246b9769fec7 - - - - -] Publish callbacks ['neutron.services.segments.db._update_segment_host_mapping_for_agent-8746861525619', 'neutron.plugins.ml2.plugin.Ml2Plugin._retry_binding_revived_agents--9223372036853980272'] for agent (1607cf9d-e2cc-4954-bf2a-7609257f3c34), after_update _notify_loop /var/lib/kolla/venv/lib/python3.6/site-packages/neutron_lib/callbacks/manager.py:177
2024-09-05 02:28:40.087 27 WARNING amqp [req-a862f1f9-d4fa-4292-8e28-76a1bbe52994 - - - - -] Received method (60, 30) during closing channel 1. This method will be ignored
2024-09-05 02:28:40.088 27 DEBUG neutron.service [req-a862f1f9-d4fa-4292-8e28-76a1bbe52994 - - - - -] returning from RpcWorker wait() _wait /var/lib/kolla/venv/lib/python3.6/site-packages/neutron/service.py:135
2024-09-05 02:28:40.092 7 INFO oslo_service.service [-] Child 27 exited with status 0
2024-09-05 02:28:40.764 23 DEBUG neutron.service [-] calling stop on stop /var/lib/kolla/venv/lib/python3.6/site-packages/neutron/service.py:141
2024-09-05 02:28:40.770 24 DEBUG neutron.service [-] calling stop on stop /var/lib/kolla/venv/lib/python3.6/site-packages/neutron/service.py:141
2024-09-05 02:28:40.785 24 DEBUG neutron.service [-] calling stop on stop /var/lib/kolla/venv/lib/python3.6/site-packages/neutron/service.py:141
2024-09-05 02:28:40.785 23 DEBUG neutron.service [-] calling stop on stop /var/lib/kolla/venv/lib/python3.6/site-packages/neutron/service.py:141
2024-09-05 02:28:40.786 29 DEBUG oslo_concurrency.lockutils [req-a862f1f9-d4fa-4292-8e28-76a1bbe52994 - - - - -] Acquired lock "singleton_lock" lock /var/lib/kolla/venv/lib/python3.6/site-packages/oslo_concurrency/lockutils.py:294
2024-09-05 02:28:40.786 29 DEBUG oslo_concurrency.lockutils [req-a862f1f9-d4fa-4292-8e28-76a1bbe52994 - - - - -] Releasing lock "singleton_lock" lock /var/lib/kolla/venv/lib/python3.6/site-packages/oslo_concurrency/lockutils.py:312
2024-09-05 02:28:40.787 29 DEBUG neutron.service [req-a862f1f9-d4fa-4292-8e28-76a1bbe52994 - - - - -] calling RpcWorker wait() _wait /var/lib/kolla/venv/lib/python3.6/site-packages/neutron/service.py:128
2024-09-05 02:28:40.787 29 DEBUG neutron.service [req-a862f1f9-d4fa-4292-8e28-76a1bbe52994 - - - - -] calling wait on _wait /var/lib/kolla/venv/lib/python3.6/site-packages/neutron/service.py:131
2024-09-05 02:28:40.793 29 WARNING amqp [req-a862f1f9-d4fa-4292-8e28-76a1bbe52994 - - - - -] Received method (60, 30) during closing channel 1. This method will be ignored
2024-09-05 02:28:40.793 29 DEBUG neutron.service [req-a862f1f9-d4fa-4292-8e28-76a1bbe52994 - - - - -] returning from RpcWorker wait() _wait /var/lib/kolla/venv/lib/python3.6/site-packages/neutron/service.py:135
2024-09-05 02:28:40.798 7 INFO oslo_service.service [-] Child 29 exited with status 0
2024-09-05 02:28:40.803 23 DEBUG neutron.service [-] calling stop on stop /var/lib/kolla/venv/lib/python3.6/site-packages/neutron/service.py:141
2024-09-05 02:28:40.805 24 DEBUG neutron.service [-] calling stop on stop /var/lib/kolla/venv/lib/python3.6/site-packages/neutron/service.py:141
2024-09-05 02:28:40.808 25 DEBUG neutron.service [-] calling stop on stop /var/lib/kolla/venv/lib/python3.6/site-packages/neutron/service.py:141
2024-09-05 02:28:40.812 23 DEBUG oslo_concurrency.lockutils [req-a862f1f9-d4fa-4292-8e28-76a1bbe52994 - - - - -] Acquired lock "singleton_lock" lock /var/lib/kolla/venv/lib/python3.6/site-packages/oslo_concurrency/lockutils.py:294
2024-09-05 02:28:40.813 23 DEBUG oslo_concurrency.lockutils [req-a862f1f9-d4fa-4292-8e28-76a1bbe52994 - - - - -] Releasing lock "singleton_lock" lock /var/lib/kolla/venv/lib/python3.6/site-packages/oslo_concurrency/lockutils.py:312
2024-09-05 02:28:40.813 23 DEBUG neutron.service [req-a862f1f9-d4fa-4292-8e28-76a1bbe52994 - - - - -] calling RpcWorker wait() _wait /var/lib/kolla/venv/lib/python3.6/site-packages/neutron/service.py:128
2024-09-05 02:28:40.813 23 DEBUG neutron.service [req-a862f1f9-d4fa-4292-8e28-76a1bbe52994 - - - - -] calling wait on _wait /var/lib/kolla/venv/lib/python3.6/site-packages/neutron/service.py:131
2024-09-05 02:28:40.814 24 DEBUG oslo_concurrency.lockutils [req-a862f1f9-d4fa-4292-8e28-76a1bbe52994 - - - - -] Acquired lock "singleton_lock" lock /var/lib/kolla/venv/lib/python3.6/site-packages/oslo_concurrency/lockutils.py:294
2024-09-05 02:28:40.815 24 DEBUG oslo_concurrency.lockutils [req-a862f1f9-d4fa-4292-8e28-76a1bbe52994 - - - - -] Releasing lock "singleton_lock" lock /var/lib/kolla/venv/lib/python3.6/site-packages/oslo_concurrency/lockutils.py:312
2024-09-05 02:28:40.815 24 DEBUG neutron.service [req-a862f1f9-d4fa-4292-8e28-76a1bbe52994 - - - - -] calling RpcWorker wait() _wait /var/lib/kolla/venv/lib/python3.6/site-packages/neutron/service.py:128
2024-09-05 02:28:40.815 25 DEBUG neutron.service [-] calling stop on stop /var/lib/kolla/venv/lib/python3.6/site-packages/neutron/service.py:141
2024-09-05 02:28:40.815 24 DEBUG neutron.service [req-a862f1f9-d4fa-4292-8e28-76a1bbe52994 - - - - -] calling wait on _wait /var/lib/kolla/venv/lib/python3.6/site-packages/neutron/service.py:131
2024-09-05 02:28:40.818 23 WARNING amqp [req-a862f1f9-d4fa-4292-8e28-76a1bbe52994 - - - - -] Received method (60, 30) during closing channel 1. This method will be ignored
2024-09-05 02:28:40.819 23 DEBUG neutron.service [req-a862f1f9-d4fa-4292-8e28-76a1bbe52994 - - - - -] calling wait on _wait /var/lib/kolla/venv/lib/python3.6/site-packages/neutron/service.py:131
2024-09-05 02:28:40.821 24 WARNING amqp [req-a862f1f9-d4fa-4292-8e28-76a1bbe52994 - - - - -] Received method (60, 30) during closing channel 1. This method will be ignored
2024-09-05 02:28:40.822 24 DEBUG neutron.service [req-a862f1f9-d4fa-4292-8e28-76a1bbe52994 - - - - -] calling wait on _wait /var/lib/kolla/venv/lib/python3.6/site-packages/neutron/service.py:131
2024-09-05 02:28:40.823 25 DEBUG neutron.service [-] calling stop on stop /var/lib/kolla/venv/lib/python3.6/site-packages/neutron/service.py:141
2024-09-05 02:28:40.823 23 WARNING amqp [req-a862f1f9-d4fa-4292-8e28-76a1bbe52994 - - - - -] Received method (60, 30) during closing channel 1. This method will be ignored
2024-09-05 02:28:40.824 23 DEBUG neutron.service [req-a862f1f9-d4fa-4292-8e28-76a1bbe52994 - - - - -] calling wait on _wait /var/lib/kolla/venv/lib/python3.6/site-packages/neutron/service.py:131
2024-09-05 02:28:40.826 24 WARNING amqp [req-a862f1f9-d4fa-4292-8e28-76a1bbe52994 - - - - -] Received method (60, 30) during closing channel 1. This method will be ignored
