2025-06-09 01:49:39.166 64861 DEBUG heat.engine.service [req-773e03fc-3eae-459a-928b-45f370cfe648 - - - - -] Service 830489e5-91bd-4f44-9c67-d9e9cf309df9 was aborted service_manage_cleanup /usr/lib/python3/dist-packages/heat/engine/service.py:2391
2025-06-09 01:49:39.167 64863 DEBUG heat.engine.service [req-d3006ef3-0a15-43bf-82e9-c8b2a62bac62 - - - - -] Service 830489e5-91bd-4f44-9c67-d9e9cf309df9 was aborted service_manage_cleanup /usr/lib/python3/dist-packages/heat/engine/service.py:2391
2025-06-09 01:49:39.167 64860 DEBUG heat.engine.service [req-86043c5f-e3d8-4d53-b216-332206752e74 - - - - -] Service 830489e5-91bd-4f44-9c67-d9e9cf309df9 was aborted service_manage_cleanup /usr/lib/python3/dist-packages/heat/engine/service.py:2391
2025-06-09 01:49:39.176 64862 DEBUG heat.engine.service [req-2163e75d-c1ac-47af-8ecd-009530db858e - - - - -] Service 909b12fd-42c0-4c71-9e52-689534882676 was aborted service_manage_cleanup /usr/lib/python3/dist-packages/heat/engine/service.py:2391
2025-06-09 01:49:39.177 64860 DEBUG heat.engine.service [req-86043c5f-e3d8-4d53-b216-332206752e74 - - - - -] Service 909b12fd-42c0-4c71-9e52-689534882676 was aborted service_manage_cleanup /usr/lib/python3/dist-packages/heat/engine/service.py:2391
2025-06-09 01:49:39.178 64863 DEBUG heat.engine.service [req-d3006ef3-0a15-43bf-82e9-c8b2a62bac62 - - - - -] Service 909b12fd-42c0-4c71-9e52-689534882676 was aborted service_manage_cleanup /usr/lib/python3/dist-packages/heat/engine/service.py:2391
2025-06-09 01:49:39.180 64861 DEBUG heat.engine.service [req-773e03fc-3eae-459a-928b-45f370cfe648 - - - - -] Service 909b12fd-42c0-4c71-9e52-689534882676 was aborted service_manage_cleanup /usr/lib/python3/dist-packages/heat/engine/service.py:2391
2025-06-09 01:49:39.189 64862 DEBUG heat.engine.service [req-2163e75d-c1ac-47af-8ecd-009530db858e - - - - -] Service 967cc622-de8e-4501-b506-90cd89aaa1fb was aborted service_manage_cleanup /usr/lib/python3/dist-packages/heat/engine/service.py:2391
2025-06-09 01:49:39.189 64860 DEBUG heat.engine.service [req-86043c5f-e3d8-4d53-b216-332206752e74 - - - - -] Service 967cc622-de8e-4501-b506-90cd89aaa1fb was aborted service_manage_cleanup /usr/lib/python3/dist-packages/heat/engine/service.py:2391
2025-06-09 01:49:39.190 64863 DEBUG heat.engine.service [req-d3006ef3-0a15-43bf-82e9-c8b2a62bac62 - - - - -] Service 967cc622-de8e-4501-b506-90cd89aaa1fb was aborted service_manage_cleanup /usr/lib/python3/dist-packages/heat/engine/service.py:2391
2025-06-09 01:49:39.191 64861 DEBUG heat.engine.service [req-773e03fc-3eae-459a-928b-45f370cfe648 - - - - -] Service 967cc622-de8e-4501-b506-90cd89aaa1fb was aborted service_manage_cleanup /usr/lib/python3/dist-packages/heat/engine/service.py:2391
2025-06-09 01:49:39.204 64860 DEBUG heat.engine.service [req-86043c5f-e3d8-4d53-b216-332206752e74 - - - - -] Service 9fbccd5c-1d8b-40f3-9aaa-ef52ebf202da was aborted service_manage_cleanup /usr/lib/python3/dist-packages/heat/engine/service.py:2391
2025-06-09 01:49:39.205 64863 DEBUG heat.engine.service [req-d3006ef3-0a15-43bf-82e9-c8b2a62bac62 - - - - -] Service 9fbccd5c-1d8b-40f3-9aaa-ef52ebf202da was aborted service_manage_cleanup /usr/lib/python3/dist-packages/heat/engine/service.py:2391
2025-06-09 01:49:39.206 64862 DEBUG heat.engine.service [req-2163e75d-c1ac-47af-8ecd-009530db858e - - - - -] Service 9fbccd5c-1d8b-40f3-9aaa-ef52ebf202da was aborted service_manage_cleanup /usr/lib/python3/dist-packages/heat/engine/service.py:2391
2025-06-09 01:49:39.209 64861 DEBUG heat.engine.service [req-773e03fc-3eae-459a-928b-45f370cfe648 - - - - -] Service 9fbccd5c-1d8b-40f3-9aaa-ef52ebf202da was aborted service_manage_cleanup /usr/lib/python3/dist-packages/heat/engine/service.py:2391
2025-06-09 01:49:39.218 64860 DEBUG heat.engine.service [req-86043c5f-e3d8-4d53-b216-332206752e74 - - - - -] Service ba6d758c-b66d-4bc6-9651-611160a1fc7f was aborted service_manage_cleanup /usr/lib/python3/dist-packages/heat/engine/service.py:2391
2025-06-09 01:49:39.219 64862 DEBUG heat.engine.service [req-2163e75d-c1ac-47af-8ecd-009530db858e - - - - -] Service ba6d758c-b66d-4bc6-9651-611160a1fc7f was aborted service_manage_cleanup /usr/lib/python3/dist-packages/heat/engine/service.py:2391
2025-06-09 01:49:39.219 64863 DEBUG heat.engine.service [req-d3006ef3-0a15-43bf-82e9-c8b2a62bac62 - - - - -] Service ba6d758c-b66d-4bc6-9651-611160a1fc7f was aborted service_manage_cleanup /usr/lib/python3/dist-packages/heat/engine/service.py:2391
2025-06-09 01:49:39.221 64861 DEBUG heat.engine.service [req-773e03fc-3eae-459a-928b-45f370cfe648 - - - - -] Service ba6d758c-b66d-4bc6-9651-611160a1fc7f was aborted service_manage_cleanup /usr/lib/python3/dist-packages/heat/engine/service.py:2391
2025-06-09 01:49:39.229 64860 DEBUG heat.engine.service [req-86043c5f-e3d8-4d53-b216-332206752e74 - - - - -] Service d9d8199b-5358-48cd-bd29-5fa0225d6dc7 was aborted service_manage_cleanup /usr/lib/python3/dist-packages/heat/engine/service.py:2391
2025-06-09 01:49:39.230 64862 DEBUG heat.engine.service [req-2163e75d-c1ac-47af-8ecd-009530db858e - - - - -] Service d9d8199b-5358-48cd-bd29-5fa0225d6dc7 was aborted service_manage_cleanup /usr/lib/python3/dist-packages/heat/engine/service.py:2391
2025-06-09 01:49:39.231 64863 DEBUG heat.engine.service [req-d3006ef3-0a15-43bf-82e9-c8b2a62bac62 - - - - -] Service d9d8199b-5358-48cd-bd29-5fa0225d6dc7 was aborted service_manage_cleanup /usr/lib/python3/dist-packages/heat/engine/service.py:2391
2025-06-09 01:49:39.231 64861 DEBUG heat.engine.service [req-773e03fc-3eae-459a-928b-45f370cfe648 - - - - -] Service d9d8199b-5358-48cd-bd29-5fa0225d6dc7 was aborted service_manage_cleanup /usr/lib/python3/dist-packages/heat/engine/service.py:2391
2025-06-09 01:49:39.243 64862 DEBUG heat.engine.service [req-2163e75d-c1ac-47af-8ecd-009530db858e - - - - -] Service dd56df5a-9e42-469b-a463-dee242f62a9c was aborted service_manage_cleanup /usr/lib/python3/dist-packages/heat/engine/service.py:2391
2025-06-09 01:49:39.244 64863 DEBUG heat.engine.service [req-d3006ef3-0a15-43bf-82e9-c8b2a62bac62 - - - - -] Service dd56df5a-9e42-469b-a463-dee242f62a9c was aborted service_manage_cleanup /usr/lib/python3/dist-packages/heat/engine/service.py:2391
2025-06-09 01:49:39.249 64861 DEBUG heat.engine.service [req-773e03fc-3eae-459a-928b-45f370cfe648 - - - - -] Service dd56df5a-9e42-469b-a463-dee242f62a9c was aborted service_manage_cleanup /usr/lib/python3/dist-packages/heat/engine/service.py:2391
2025-06-09 01:49:39.250 64860 DEBUG heat.engine.service [req-86043c5f-e3d8-4d53-b216-332206752e74 - - - - -] Service dd56df5a-9e42-469b-a463-dee242f62a9c was aborted service_manage_cleanup /usr/lib/python3/dist-packages/heat/engine/service.py:2391
2025-06-09 01:49:39.256 64862 DEBUG heat.engine.service [req-2163e75d-c1ac-47af-8ecd-009530db858e - - - - -] Service eb952e7c-545e-4097-9573-87ca98791dc8 was aborted service_manage_cleanup /usr/lib/python3/dist-packages/heat/engine/service.py:2391
2025-06-09 01:49:39.257 64863 DEBUG heat.engine.service [req-d3006ef3-0a15-43bf-82e9-c8b2a62bac62 - - - - -] Service eb952e7c-545e-4097-9573-87ca98791dc8 was aborted service_manage_cleanup /usr/lib/python3/dist-packages/heat/engine/service.py:2391
2025-06-09 01:49:39.259 64860 DEBUG heat.engine.service [req-86043c5f-e3d8-4d53-b216-332206752e74 - - - - -] Service eb952e7c-545e-4097-9573-87ca98791dc8 was aborted service_manage_cleanup /usr/lib/python3/dist-packages/heat/engine/service.py:2391
2025-06-09 01:49:39.264 64861 DEBUG heat.engine.service [req-773e03fc-3eae-459a-928b-45f370cfe648 - - - - -] Service eb952e7c-545e-4097-9573-87ca98791dc8 was aborted service_manage_cleanup /usr/lib/python3/dist-packages/heat/engine/service.py:2391
2025-06-09 01:49:39.270 64862 DEBUG heat.engine.service [req-2163e75d-c1ac-47af-8ecd-009530db858e - - - - -] Service fba16284-fa03-4f74-85fc-8cc2a9841be1 was aborted service_manage_cleanup /usr/lib/python3/dist-packages/heat/engine/service.py:2391
2025-06-09 01:49:39.269 64863 DEBUG heat.engine.service [req-d3006ef3-0a15-43bf-82e9-c8b2a62bac62 - - - - -] Service fba16284-fa03-4f74-85fc-8cc2a9841be1 was aborted service_manage_cleanup /usr/lib/python3/dist-packages/heat/engine/service.py:2391
2025-06-09 01:49:39.272 64860 DEBUG heat.engine.service [req-86043c5f-e3d8-4d53-b216-332206752e74 - - - - -] Service fba16284-fa03-4f74-85fc-8cc2a9841be1 was aborted service_manage_cleanup /usr/lib/python3/dist-packages/heat/engine/service.py:2391
2025-06-09 01:49:39.272 64861 DEBUG heat.engine.service [req-773e03fc-3eae-459a-928b-45f370cfe648 - - - - -] Service fba16284-fa03-4f74-85fc-8cc2a9841be1 was aborted service_manage_cleanup /usr/lib/python3/dist-packages/heat/engine/service.py:2391
2025-06-09 01:49:39.298 64863 DEBUG heat.engine.service [req-69bf1022-b30d-4cdf-a8cb-9ae259ee6c58 - - - - -] Service 3f36a8a5-dd77-4258-9cbd-0ea4b24ff579 is started service_manage_report /usr/lib/python3/dist-packages/heat/engine/service.py:2363
2025-06-09 01:49:39.304 64862 DEBUG heat.engine.service [req-1ab780fd-f90e-41ee-8ee6-f8531f662703 - - - - -] Service d6da39e1-acc6-451a-92fc-4d6f3ad3c736 is started service_manage_report /usr/lib/python3/dist-packages/heat/engine/service.py:2363
2025-06-09 01:49:39.315 64863 DEBUG heat.engine.service [req-69bf1022-b30d-4cdf-a8cb-9ae259ee6c58 - - - - -] Service 3f36a8a5-dd77-4258-9cbd-0ea4b24ff579 is updated service_manage_report /usr/lib/python3/dist-packages/heat/engine/service.py:2370
2025-06-09 01:49:39.318 64861 DEBUG heat.engine.service [req-6913c803-50a2-44a9-8613-0b02fa4db6a3 - - - - -] Service abd47522-e3fa-4298-81b1-777f89eb02f4 is started service_manage_report /usr/lib/python3/dist-packages/heat/engine/service.py:2363
2025-06-09 01:49:39.319 64860 DEBUG heat.engine.service [req-0e30c7e9-f1a7-4042-9720-cbf7170587a2 - - - - -] Service cafb6a7d-4a38-4eb4-8132-90b206847f27 is started service_manage_report /usr/lib/python3/dist-packages/heat/engine/service.py:2363
2025-06-09 01:49:39.335 64861 DEBUG heat.engine.service [req-6913c803-50a2-44a9-8613-0b02fa4db6a3 - - - - -] Service abd47522-e3fa-4298-81b1-777f89eb02f4 is updated service_manage_report /usr/lib/python3/dist-packages/heat/engine/service.py:2370
2025-06-09 01:49:39.337 64862 DEBUG heat.engine.service [req-1ab780fd-f90e-41ee-8ee6-f8531f662703 - - - - -] Service d6da39e1-acc6-451a-92fc-4d6f3ad3c736 is updated service_manage_report /usr/lib/python3/dist-packages/heat/engine/service.py:2370
2025-06-09 01:49:39.345 64860 DEBUG heat.engine.service [req-0e30c7e9-f1a7-4042-9720-cbf7170587a2 - - - - -] Service cafb6a7d-4a38-4eb4-8132-90b206847f27 is updated service_manage_report /usr/lib/python3/dist-packages/heat/engine/service.py:2370
2025-06-09 01:50:39.303 64863 DEBUG heat.engine.service [req-40eb3c9b-8835-47e1-a290-7b18d63ec4dc - - - - -] Service 3f36a8a5-dd77-4258-9cbd-0ea4b24ff579 is updated service_manage_report /usr/lib/python3/dist-packages/heat/engine/service.py:2370
2025-06-09 01:50:39.304 64860 DEBUG heat.engine.service [req-e7e4bac5-6b1f-4427-986a-0bf95f81f54d - - - - -] Service cafb6a7d-4a38-4eb4-8132-90b206847f27 is updated service_manage_report /usr/lib/python3/dist-packages/heat/engine/service.py:2370
2025-06-09 01:50:39.310 64861 DEBUG heat.engine.service [req-d9a1ec13-b771-4dba-9c63-eece6eab2ab8 - - - - -] Service abd47522-e3fa-4298-81b1-777f89eb02f4 is updated service_manage_report /usr/lib/python3/dist-packages/heat/engine/service.py:2370
2025-06-09 01:50:39.311 64862 DEBUG heat.engine.service [req-d43d909c-af1c-4cd3-aa45-1dbd002f2942 - - - - -] Service d6da39e1-acc6-451a-92fc-4d6f3ad3c736 is updated service_manage_report /usr/lib/python3/dist-packages/heat/engine/service.py:2370
2025-06-09 01:50:40.857 64862 DEBUG heat.engine.service [-] Attempting to stop engine service... _stop_rpc_server /usr/lib/python3/dist-packages/heat/engine/service.py:437
2025-06-09 01:50:40.857 64860 DEBUG heat.engine.service [-] Attempting to stop engine service... _stop_rpc_server /usr/lib/python3/dist-packages/heat/engine/service.py:437
2025-06-09 01:50:40.858 64863 DEBUG heat.engine.service [-] Attempting to stop engine service... _stop_rpc_server /usr/lib/python3/dist-packages/heat/engine/service.py:437
2025-06-09 01:50:40.858 64861 DEBUG heat.engine.service [-] Attempting to stop engine service... _stop_rpc_server /usr/lib/python3/dist-packages/heat/engine/service.py:437
2025-06-09 01:50:40.867 64631 INFO oslo_service.service [-] Caught SIGTERM, stopping children
2025-06-09 01:50:40.867 64631 DEBUG oslo_concurrency.lockutils [-] Acquired lock "singleton_lock" lock /usr/lib/python3/dist-packages/oslo_concurrency/lockutils.py:294
2025-06-09 01:50:40.868 64631 DEBUG oslo_concurrency.lockutils [-] Releasing lock "singleton_lock" lock /usr/lib/python3/dist-packages/oslo_concurrency/lockutils.py:312
2025-06-09 01:50:40.868 64631 DEBUG oslo_service.service [-] Stop services. stop /usr/lib/python3/dist-packages/oslo_service/service.py:695
2025-06-09 01:50:40.868 64631 INFO heat.engine.service [-] All threads were gone, terminating engine
2025-06-09 01:50:40.868 64631 DEBUG oslo_service.service [-] Killing children. stop /usr/lib/python3/dist-packages/oslo_service/service.py:700
2025-06-09 01:50:40.875 64631 INFO oslo_service.service [-] Waiting on 4 children to exit
2025-06-09 01:50:40.877 64631 INFO oslo_service.service [-] Child 64860 killed by signal 15
2025-06-09 01:50:40.879 64631 INFO oslo_service.service [-] Child 64861 killed by signal 15
2025-06-09 01:50:40.883 64631 INFO oslo_service.service [-] Child 64863 killed by signal 15
2025-06-09 01:50:40.887 64631 INFO oslo_service.service [-] Child 64862 killed by signal 15
2025-06-09 01:50:42.582 66223 DEBUG oslo_concurrency.lockutils [-] Lock "context-manager" acquired by "neutron_lib.db.api._create_context_manager" :: waited 0.000s inner /usr/lib/python3/dist-packages/oslo_concurrency/lockutils.py:386
2025-06-09 01:50:42.582 66223 DEBUG oslo_concurrency.lockutils [-] Lock "context-manager" "released" by "neutron_lib.db.api._create_context_manager" :: held 0.001s inner /usr/lib/python3/dist-packages/oslo_concurrency/lockutils.py:400
2025-06-09 01:50:44.904 66223 WARNING heat.engine.environment [-] OS::Aodh::Alarm is DEPRECATED. Theshold alarm relies on ceilometer-api and has been deprecated in aodh since Ocata. Use OS::Aodh::GnocchiAggregationByResourcesAlarm instead.
2025-06-09 01:50:44.906 66223 WARNING heat.engine.environment [-] OS::Aodh::CombinationAlarm is HIDDEN. OS::Aodh::CombinationAlarm is deprecated and has been removed from Aodh, use OS::Aodh::CompositeAlarm instead.
2025-06-09 01:50:44.906 66223 WARNING heat.engine.environment [-] OS::Designate::Domain is HIDDEN. This resource has been removed, use OS::Designate::Zone instead.
2025-06-09 01:50:44.906 66223 WARNING heat.engine.environment [-] OS::Designate::Record is HIDDEN. This resource has been removed, use OS::Designate::RecordSet instead.
2025-06-09 01:50:44.906 66223 WARNING heat.engine.environment [-] OS::Glance::Image is DEPRECATED. Creating a Glance Image based on an existing URL location requires the Glance v1 API, which is deprecated.
2025-06-09 01:50:44.906 66223 WARNING heat.engine.environment [-] OS::Heat::HARestarter is HIDDEN. The HARestarter resource type has been removed. Existing stacks containing HARestarter resources can still be used, but the HARestarter resource will be a placeholder that does nothing.
2025-06-09 01:50:44.907 66223 WARNING heat.engine.environment [-] OS::Heat::SoftwareDeployments is HIDDEN. Please use OS::Heat::SoftwareDeploymentGroup instead.
2025-06-09 01:50:44.907 66223 WARNING heat.engine.environment [-] OS::Heat::StructuredDeployments is HIDDEN. Please use OS::Heat::StructuredDeploymentGroup instead.
2025-06-09 01:50:44.907 66223 WARNING heat.engine.environment [-] OS::Magnum::Bay is HIDDEN. Please use OS::Magnum::Cluster instead.
2025-06-09 01:50:44.907 66223 WARNING heat.engine.environment [-] OS::Magnum::BayModel is HIDDEN. Please use OS::Magnum::ClusterTemplate instead.
2025-06-09 01:50:44.908 66223 WARNING heat.engine.environment [-] OS::Neutron::ExtraRoute is UNSUPPORTED. Use this resource at your own risk.
2025-06-09 01:50:44.908 66223 WARNING heat.engine.environment [-] OS::Neutron::HealthMonitor is HIDDEN. Use LBaaS V2 instead.
2025-06-09 01:50:44.908 66223 WARNING heat.engine.environment [-] OS::Neutron::Pool is HIDDEN. Use LBaaS V2 instead.
2025-06-09 01:50:44.908 66223 WARNING heat.engine.environment [-] OS::Neutron::PoolMember is HIDDEN. Use LBaaS V2 instead.
2025-06-09 01:50:44.908 66223 WARNING heat.engine.environment [-] OS::Neutron::LoadBalancer is HIDDEN. Use LBaaS V2 instead.
2025-06-09 01:50:44.908 66223 WARNING heat.engine.environment [-] OS::Neutron::RouterGateway is HIDDEN. Use the `external_gateway_info` property in the router resource to set up the gateway.
2025-06-09 01:50:44.909 66223 WARNING heat.engine.environment [-] OS::Nova::FloatingIP is HIDDEN. Please use OS::Neutron::FloatingIP instead.
2025-06-09 01:50:44.909 66223 WARNING heat.engine.environment [-] OS::Nova::FloatingIPAssociation is HIDDEN. Please use OS::Neutron::FloatingIPAssociation instead.
2025-06-09 01:50:44.911 66223 INFO heat.engine.environment [-] Loading /etc/heat/environment.d/default.yaml
2025-06-09 01:50:44.912 66223 INFO heat.engine.environment [-] Registered: [Plugin](User:False) AWS::AutoScaling::AutoScalingGroup -> <class 'heat.engine.resources.aws.autoscaling.autoscaling_group.AutoScalingGroup'>
2025-06-09 01:50:44.912 66223 INFO heat.engine.environment [-] Registered: [Plugin](User:False) AWS::AutoScaling::LaunchConfiguration -> <class 'heat.engine.resources.aws.autoscaling.launch_config.LaunchConfiguration'>
2025-06-09 01:50:44.912 66223 INFO heat.engine.environment [-] Registered: [Plugin](User:False) AWS::AutoScaling::ScalingPolicy -> <class 'heat.engine.resources.aws.autoscaling.scaling_policy.AWSScalingPolicy'>
2025-06-09 01:50:44.912 66223 INFO heat.engine.environment [-] Registered: [Plugin](User:False) AWS::CloudFormation::Stack -> <class 'heat.engine.resources.aws.cfn.stack.NestedStack'>
2025-06-09 01:50:44.913 66223 INFO heat.engine.environment [-] Registered: [Plugin](User:False) AWS::CloudFormation::WaitCondition -> <class 'heat.engine.resources.aws.cfn.wait_condition.WaitCondition'>
2025-06-09 01:50:44.913 66223 INFO heat.engine.environment [-] Registered: [Plugin](User:False) AWS::CloudFormation::WaitConditionHandle -> <class 'heat.engine.resources.aws.cfn.wait_condition_handle.WaitConditionHandle'>
2025-06-09 01:50:44.913 66223 INFO heat.engine.environment [-] Registered: [Plugin](User:False) AWS::EC2::EIP -> <class 'heat.engine.resources.aws.ec2.eip.ElasticIp'>
2025-06-09 01:50:44.913 66223 INFO heat.engine.environment [-] Registered: [Plugin](User:False) AWS::EC2::EIPAssociation -> <class 'heat.engine.resources.aws.ec2.eip.ElasticIpAssociation'>
2025-06-09 01:50:44.913 66223 INFO heat.engine.environment [-] Registered: [Plugin](User:False) AWS::EC2::Instance -> <class 'heat.engine.resources.aws.ec2.instance.Instance'>
2025-06-09 01:50:44.913 66223 INFO heat.engine.environment [-] Registered: [Plugin](User:False) AWS::EC2::InternetGateway -> <class 'heat.engine.resources.aws.ec2.internet_gateway.InternetGateway'>
2025-06-09 01:50:44.913 66223 INFO heat.engine.environment [-] Registered: [Plugin](User:False) AWS::EC2::VPCGatewayAttachment -> <class 'heat.engine.resources.aws.ec2.internet_gateway.VPCGatewayAttachment'>
2025-06-09 01:50:44.913 66223 INFO heat.engine.environment [-] Registered: [Plugin](User:False) AWS::EC2::NetworkInterface -> <class 'heat.engine.resources.aws.ec2.network_interface.NetworkInterface'>
2025-06-09 01:50:44.913 66223 INFO heat.engine.environment [-] Registered: [Plugin](User:False) AWS::EC2::RouteTable -> <class 'heat.engine.resources.aws.ec2.route_table.RouteTable'>
2025-06-09 01:50:44.913 66223 INFO heat.engine.environment [-] Registered: [Plugin](User:False) AWS::EC2::SubnetRouteTableAssociation -> <class 'heat.engine.resources.aws.ec2.route_table.SubnetRouteTableAssociation'>
2025-06-09 01:50:44.913 66223 INFO heat.engine.environment [-] Registered: [Plugin](User:False) AWS::EC2::SecurityGroup -> <class 'heat.engine.resources.aws.ec2.security_group.SecurityGroup'>
2025-06-09 01:50:44.914 66223 INFO heat.engine.environment [-] Registered: [Plugin](User:False) AWS::EC2::Subnet -> <class 'heat.engine.resources.aws.ec2.subnet.Subnet'>
2025-06-09 01:50:44.914 66223 INFO heat.engine.environment [-] Registered: [Plugin](User:False) AWS::EC2::Volume -> <class 'heat.engine.resources.aws.ec2.volume.Volume'>
2025-06-09 01:50:44.914 66223 INFO heat.engine.environment [-] Registered: [Plugin](User:False) AWS::EC2::VolumeAttachment -> <class 'heat.engine.resources.aws.ec2.volume.VolumeAttachment'>
2025-06-09 01:50:44.914 66223 INFO heat.engine.environment [-] Registered: [Plugin](User:False) AWS::EC2::VPC -> <class 'heat.engine.resources.aws.ec2.vpc.VPC'>
2025-06-09 01:50:44.914 66223 INFO heat.engine.environment [-] Registered: [Plugin](User:False) AWS::IAM::User -> <class 'heat.engine.resources.aws.iam.user.User'>
2025-06-09 01:50:44.914 66223 INFO heat.engine.environment [-] Registered: [Plugin](User:False) AWS::IAM::AccessKey -> <class 'heat.engine.resources.aws.iam.user.AccessKey'>
2025-06-09 01:50:44.914 66223 INFO heat.engine.environment [-] Registered: [Plugin](User:False) AWS::ElasticLoadBalancing::LoadBalancer -> <class 'heat.engine.resources.aws.lb.loadbalancer.LoadBalancer'>
2025-06-09 01:50:44.914 66223 INFO heat.engine.environment [-] Registered: [Plugin](User:False) AWS::S3::Bucket -> <class 'heat.engine.resources.aws.s3.s3.S3Bucket'>
2025-06-09 01:50:44.914 66223 INFO heat.engine.environment [-] Registered: [Plugin](User:False) OS::Aodh::Alarm -> <class 'heat.engine.resources.openstack.aodh.alarm.AodhAlarm'>
2025-06-09 01:50:44.914 66223 INFO heat.engine.environment [-] Registered: [Plugin](User:False) OS::Aodh::CombinationAlarm -> <class 'heat.engine.resources.openstack.aodh.alarm.CombinationAlarm'>
2025-06-09 01:50:44.915 66223 INFO heat.engine.environment [-] Registered: [Plugin](User:False) OS::Aodh::EventAlarm -> <class 'heat.engine.resources.openstack.aodh.alarm.EventAlarm'>
2025-06-09 01:50:44.915 66223 INFO heat.engine.environment [-] Registered: [Plugin](User:False) OS::Aodh::LBMemberHealthAlarm -> <class 'heat.engine.resources.openstack.aodh.alarm.LBMemberHealthAlarm'>
2025-06-09 01:50:44.915 66223 INFO heat.engine.environment [-] Registered: [Plugin](User:False) OS::Aodh::CompositeAlarm -> <class 'heat.engine.resources.openstack.aodh.composite_alarm.CompositeAlarm'>
2025-06-09 01:50:44.915 66223 INFO heat.engine.environment [-] Registered: [Plugin](User:False) OS::Aodh::GnocchiResourcesAlarm -> <class 'heat.engine.resources.openstack.aodh.gnocchi.alarm.AodhGnocchiResourcesAlarm'>
2025-06-09 01:50:44.915 66223 INFO heat.engine.environment [-] Registered: [Plugin](User:False) OS::Aodh::GnocchiAggregationByMetricsAlarm -> <class 'heat.engine.resources.openstack.aodh.gnocchi.alarm.AodhGnocchiAggregationByMetricsAlarm'>
2025-06-09 01:50:44.915 66223 INFO heat.engine.environment [-] Registered: [Plugin](User:False) OS::Aodh::GnocchiAggregationByResourcesAlarm -> <class 'heat.engine.resources.openstack.aodh.gnocchi.alarm.AodhGnocchiAggregationByResourcesAlarm'>
2025-06-09 01:50:44.915 66223 INFO heat.engine.environment [-] Registered: [Plugin](User:False) OS::Barbican::GenericContainer -> <class 'heat.engine.resources.openstack.barbican.container.GenericContainer'>
2025-06-09 01:50:44.915 66223 INFO heat.engine.environment [-] Registered: [Plugin](User:False) OS::Barbican::CertificateContainer -> <class 'heat.engine.resources.openstack.barbican.container.CertificateContainer'>
2025-06-09 01:50:44.915 66223 INFO heat.engine.environment [-] Registered: [Plugin](User:False) OS::Barbican::RSAContainer -> <class 'heat.engine.resources.openstack.barbican.container.RSAContainer'>
2025-06-09 01:50:44.915 66223 INFO heat.engine.environment [-] Registered: [Plugin](User:False) OS::Barbican::Order -> <class 'heat.engine.resources.openstack.barbican.order.Order'>
2025-06-09 01:50:44.915 66223 INFO heat.engine.environment [-] Registered: [Plugin](User:False) OS::Barbican::Secret -> <class 'heat.engine.resources.openstack.barbican.secret.Secret'>
2025-06-09 01:50:44.916 66223 INFO heat.engine.environment [-] Registered: [Plugin](User:False) OS::Blazar::Host -> <class 'heat.engine.resources.openstack.blazar.host.Host'>
2025-06-09 01:50:44.916 66223 INFO heat.engine.environment [-] Registered: [Plugin](User:False) OS::Blazar::Lease -> <class 'heat.engine.resources.openstack.blazar.lease.Lease'>
2025-06-09 01:50:44.916 66223 INFO heat.engine.environment [-] Registered: [Plugin](User:False) OS::Cinder::EncryptedVolumeType -> <class 'heat.engine.resources.openstack.cinder.encrypted_volume_type.CinderEncryptedVolumeType'>
2025-06-09 01:50:44.916 66223 INFO heat.engine.environment [-] Registered: [Plugin](User:False) OS::Cinder::QoSSpecs -> <class 'heat.engine.resources.openstack.cinder.qos_specs.QoSSpecs'>
2025-06-09 01:50:44.916 66223 INFO heat.engine.environment [-] Registered: [Plugin](User:False) OS::Cinder::QoSAssociation -> <class 'heat.engine.resources.openstack.cinder.qos_specs.QoSAssociation'>
2025-06-09 01:50:44.916 66223 INFO heat.engine.environment [-] Registered: [Plugin](User:False) OS::Cinder::Quota -> <class 'heat.engine.resources.openstack.cinder.quota.CinderQuota'>
2025-06-09 01:50:44.916 66223 INFO heat.engine.environment [-] Registered: [Plugin](User:False) OS::Cinder::Volume -> <class 'heat.engine.resources.openstack.cinder.volume.CinderVolume'>
2025-06-09 01:50:44.916 66223 INFO heat.engine.environment [-] Registered: [Plugin](User:False) OS::Cinder::VolumeAttachment -> <class 'heat.engine.resources.openstack.cinder.volume.CinderVolumeAttachment'>
2025-06-09 01:50:44.916 66223 INFO heat.engine.environment [-] Registered: [Plugin](User:False) OS::Cinder::VolumeType -> <class 'heat.engine.resources.openstack.cinder.volume_type.CinderVolumeType'>
2025-06-09 01:50:44.916 66223 INFO heat.engine.environment [-] Registered: [Plugin](User:False) OS::Designate::Domain -> <class 'heat.engine.resources.openstack.designate.domain.DesignateDomain'>
2025-06-09 01:50:44.916 66223 INFO heat.engine.environment [-] Registered: [Plugin](User:False) OS::Designate::Record -> <class 'heat.engine.resources.openstack.designate.record.DesignateRecord'>
2025-06-09 01:50:44.917 66223 INFO heat.engine.environment [-] Registered: [Plugin](User:False) OS::Designate::RecordSet -> <class 'heat.engine.resources.openstack.designate.recordset.DesignateRecordSet'>
2025-06-09 01:50:44.917 66223 INFO heat.engine.environment [-] Registered: [Plugin](User:False) OS::Designate::Zone -> <class 'heat.engine.resources.openstack.designate.zone.DesignateZone'>
2025-06-09 01:50:44.917 66223 INFO heat.engine.environment [-] Registered: [Plugin](User:False) OS::Glance::Image -> <class 'heat.engine.resources.openstack.glance.image.GlanceImage'>
2025-06-09 01:50:44.917 66223 INFO heat.engine.environment [-] Registered: [Plugin](User:False) OS::Glance::WebImage -> <class 'heat.engine.resources.openstack.glance.image.GlanceWebImage'>
2025-06-09 01:50:44.917 66223 INFO heat.engine.environment [-] Registered: [Plugin](User:False) OS::Heat::AccessPolicy -> <class 'heat.engine.resources.openstack.heat.access_policy.AccessPolicy'>
2025-06-09 01:50:44.917 66223 INFO heat.engine.environment [-] Registered: [Plugin](User:False) OS::Heat::AutoScalingGroup -> <class 'heat.engine.resources.openstack.heat.autoscaling_group.AutoScalingResourceGroup'>
2025-06-09 01:50:44.917 66223 INFO heat.engine.environment [-] Registered: [Plugin](User:False) OS::Heat::CloudConfig -> <class 'heat.engine.resources.openstack.heat.cloud_config.CloudConfig'>
2025-06-09 01:50:44.917 66223 INFO heat.engine.environment [-] Registered: [Plugin](User:False) OS::Heat::Delay -> <class 'heat.engine.resources.openstack.heat.delay.Delay'>
2025-06-09 01:50:44.918 66223 INFO heat.engine.environment [-] Registered: [Plugin](User:False) OS::Heat::DeployedServer -> <class 'heat.engine.resources.openstack.heat.deployed_server.DeployedServer'>
2025-06-09 01:50:44.918 66223 INFO heat.engine.environment [-] Registered: [Plugin](User:False) OS::Heat::HARestarter -> <class 'heat.engine.resources.openstack.heat.ha_restarter.Restarter'>
2025-06-09 01:50:44.918 66223 INFO heat.engine.environment [-] Registered: [Plugin](User:False) OS::Heat::InstanceGroup -> <class 'heat.engine.resources.openstack.heat.instance_group.InstanceGroup'>
2025-06-09 01:50:44.918 66223 INFO heat.engine.environment [-] Registered: [Plugin](User:False) OS::Heat::MultipartMime -> <class 'heat.engine.resources.openstack.heat.multi_part.MultipartMime'>
2025-06-09 01:50:44.918 66223 INFO heat.engine.environment [-] Registered: [Plugin](User:False) OS::Heat::None -> <class 'heat.engine.resources.openstack.heat.none_resource.NoneResource'>
2025-06-09 01:50:44.918 66223 INFO heat.engine.environment [-] Registered: [Plugin](User:False) OS::Heat::RandomString -> <class 'heat.engine.resources.openstack.heat.random_string.RandomString'>
2025-06-09 01:50:44.918 66223 INFO heat.engine.environment [-] Registered: [Plugin](User:False) OS::Heat::Stack -> <class 'heat.engine.resources.openstack.heat.remote_stack.RemoteStack'>
2025-06-09 01:50:44.918 66223 INFO heat.engine.environment [-] Registered: [Plugin](User:False) OS::Heat::ResourceChain -> <class 'heat.engine.resources.openstack.heat.resource_chain.ResourceChain'>
2025-06-09 01:50:44.918 66223 INFO heat.engine.environment [-] Registered: [Plugin](User:False) OS::Heat::ResourceGroup -> <class 'heat.engine.resources.openstack.heat.resource_group.ResourceGroup'>
2025-06-09 01:50:44.918 66223 INFO heat.engine.environment [-] Registered: [Plugin](User:False) OS::Heat::ScalingPolicy -> <class 'heat.engine.resources.openstack.heat.scaling_policy.AutoScalingPolicy'>
2025-06-09 01:50:44.918 66223 INFO heat.engine.environment [-] Registered: [Plugin](User:False) OS::Heat::SoftwareComponent -> <class 'heat.engine.resources.openstack.heat.software_component.SoftwareComponent'>
2025-06-09 01:50:44.919 66223 INFO heat.engine.environment [-] Registered: [Plugin](User:False) OS::Heat::SoftwareConfig -> <class 'heat.engine.resources.openstack.heat.software_config.SoftwareConfig'>
2025-06-09 01:50:44.919 66223 INFO heat.engine.environment [-] Registered: [Plugin](User:False) OS::Heat::SoftwareDeployment -> <class 'heat.engine.resources.openstack.heat.software_deployment.SoftwareDeployment'>
2025-06-09 01:50:44.919 66223 INFO heat.engine.environment [-] Registered: [Plugin](User:False) OS::Heat::SoftwareDeploymentGroup -> <class 'heat.engine.resources.openstack.heat.software_deployment.SoftwareDeploymentGroup'>
2025-06-09 01:50:44.919 66223 INFO heat.engine.environment [-] Registered: [Plugin](User:False) OS::Heat::SoftwareDeployments -> <class 'heat.engine.resources.openstack.heat.software_deployment.SoftwareDeployments'>
2025-06-09 01:50:44.919 66223 INFO heat.engine.environment [-] Registered: [Plugin](User:False) OS::Heat::StructuredConfig -> <class 'heat.engine.resources.openstack.heat.structured_config.StructuredConfig'>
2025-06-09 01:50:44.919 66223 INFO heat.engine.environment [-] Registered: [Plugin](User:False) OS::Heat::StructuredDeployment -> <class 'heat.engine.resources.openstack.heat.structured_config.StructuredDeployment'>
2025-06-09 01:50:44.919 66223 INFO heat.engine.environment [-] Registered: [Plugin](User:False) OS::Heat::StructuredDeploymentGroup -> <class 'heat.engine.resources.openstack.heat.structured_config.StructuredDeploymentGroup'>
2025-06-09 01:50:44.919 66223 INFO heat.engine.environment [-] Registered: [Plugin](User:False) OS::Heat::StructuredDeployments -> <class 'heat.engine.resources.openstack.heat.structured_config.StructuredDeployments'>
2025-06-09 01:50:44.919 66223 INFO heat.engine.environment [-] Registered: [Plugin](User:False) OS::Heat::SwiftSignal -> <class 'heat.engine.resources.openstack.heat.swiftsignal.SwiftSignal'>
2025-06-09 01:50:44.919 66223 INFO heat.engine.environment [-] Registered: [Plugin](User:False) OS::Heat::SwiftSignalHandle -> <class 'heat.engine.resources.openstack.heat.swiftsignal.SwiftSignalHandle'>
2025-06-09 01:50:44.920 66223 INFO heat.engine.environment [-] Registered: [Plugin](User:False) OS::Heat::TestResource -> <class 'heat.engine.resources.openstack.heat.test_resource.TestResource'>
2025-06-09 01:50:44.920 66223 INFO heat.engine.environment [-] Registered: [Plugin](User:False) OS::Heat::Value -> <class 'heat.engine.resources.openstack.heat.value.Value'>
2025-06-09 01:50:44.920 66223 INFO heat.engine.environment [-] Registered: [Plugin](User:False) OS::Heat::WaitCondition -> <class 'heat.engine.resources.openstack.heat.wait_condition.HeatWaitCondition'>
2025-06-09 01:50:44.920 66223 INFO heat.engine.environment [-] Registered: [Plugin](User:False) OS::Heat::WaitConditionHandle -> <class 'heat.engine.resources.openstack.heat.wait_condition_handle.HeatWaitConditionHandle'>
2025-06-09 01:50:44.920 66223 INFO heat.engine.environment [-] Registered: [Plugin](User:False) OS::Heat::UpdateWaitConditionHandle -> <class 'heat.engine.resources.openstack.heat.wait_condition_handle.UpdateWaitConditionHandle'>
2025-06-09 01:50:44.920 66223 INFO heat.engine.environment [-] Registered: [Plugin](User:False) OS::Ironic::Port -> <class 'heat.engine.resources.openstack.ironic.port.Port'>
2025-06-09 01:50:44.920 66223 INFO heat.engine.environment [-] Registered: [Plugin](User:False) OS::Keystone::Domain -> <class 'heat.engine.resources.openstack.keystone.domain.KeystoneDomain'>
2025-06-09 01:50:44.920 66223 INFO heat.engine.environment [-] Registered: [Plugin](User:False) OS::Keystone::Endpoint -> <class 'heat.engine.resources.openstack.keystone.endpoint.KeystoneEndpoint'>
2025-06-09 01:50:44.920 66223 INFO heat.engine.environment [-] Registered: [Plugin](User:False) OS::Keystone::Group -> <class 'heat.engine.resources.openstack.keystone.group.KeystoneGroup'>
2025-06-09 01:50:44.920 66223 INFO heat.engine.environment [-] Registered: [Plugin](User:False) OS::Keystone::Project -> <class 'heat.engine.resources.openstack.keystone.project.KeystoneProject'>
2025-06-09 01:50:44.921 66223 INFO heat.engine.environment [-] Registered: [Plugin](User:False) OS::Keystone::Region -> <class 'heat.engine.resources.openstack.keystone.region.KeystoneRegion'>
2025-06-09 01:50:44.921 66223 INFO heat.engine.environment [-] Registered: [Plugin](User:False) OS::Keystone::Role -> <class 'heat.engine.resources.openstack.keystone.role.KeystoneRole'>
2025-06-09 01:50:44.921 66223 INFO heat.engine.environment [-] Registered: [Plugin](User:False) OS::Keystone::UserRoleAssignment -> <class 'heat.engine.resources.openstack.keystone.role_assignments.KeystoneUserRoleAssignment'>
2025-06-09 01:50:44.921 66223 INFO heat.engine.environment [-] Registered: [Plugin](User:False) OS::Keystone::GroupRoleAssignment -> <class 'heat.engine.resources.openstack.keystone.role_assignments.KeystoneGroupRoleAssignment'>
2025-06-09 01:50:44.921 66223 INFO heat.engine.environment [-] Registered: [Plugin](User:False) OS::Keystone::Service -> <class 'heat.engine.resources.openstack.keystone.service.KeystoneService'>
2025-06-09 01:50:44.921 66223 INFO heat.engine.environment [-] Registered: [Plugin](User:False) OS::Keystone::User -> <class 'heat.engine.resources.openstack.keystone.user.KeystoneUser'>
2025-06-09 01:50:44.921 66223 INFO heat.engine.environment [-] Registered: [Plugin](User:False) OS::Magnum::Bay -> <class 'heat.engine.resources.openstack.magnum.bay.Bay'>
2025-06-09 01:50:44.921 66223 INFO heat.engine.environment [-] Registered: [Plugin](User:False) OS::Magnum::BayModel -> <class 'heat.engine.resources.openstack.magnum.baymodel.BayModel'>
2025-06-09 01:50:44.921 66223 INFO heat.engine.environment [-] Registered: [Plugin](User:False) OS::Magnum::Cluster -> <class 'heat.engine.resources.openstack.magnum.cluster.Cluster'>
2025-06-09 01:50:44.922 66223 INFO heat.engine.environment [-] Registered: [Plugin](User:False) OS::Magnum::ClusterTemplate -> <class 'heat.engine.resources.openstack.magnum.cluster_template.ClusterTemplate'>
2025-06-09 01:50:44.922 66223 INFO heat.engine.environment [-] Registered: [Plugin](User:False) OS::Manila::SecurityService -> <class 'heat.engine.resources.openstack.manila.security_service.SecurityService'>
2025-06-09 01:50:44.922 66223 INFO heat.engine.environment [-] Registered: [Plugin](User:False) OS::Manila::Share -> <class 'heat.engine.resources.openstack.manila.share.ManilaShare'>
2025-06-09 01:50:44.922 66223 INFO heat.engine.environment [-] Registered: [Plugin](User:False) OS::Manila::ShareNetwork -> <class 'heat.engine.resources.openstack.manila.share_network.ManilaShareNetwork'>
2025-06-09 01:50:44.922 66223 INFO heat.engine.environment [-] Registered: [Plugin](User:False) OS::Manila::ShareType -> <class 'heat.engine.resources.openstack.manila.share_type.ManilaShareType'>
2025-06-09 01:50:44.922 66223 INFO heat.engine.environment [-] Registered: [Plugin](User:False) OS::Mistral::CronTrigger -> <class 'heat.engine.resources.openstack.mistral.cron_trigger.CronTrigger'>
2025-06-09 01:50:44.922 66223 INFO heat.engine.environment [-] Registered: [Plugin](User:False) OS::Mistral::ExternalResource -> <class 'heat.engine.resources.openstack.mistral.external_resource.MistralExternalResource'>
2025-06-09 01:50:44.922 66223 INFO heat.engine.environment [-] Registered: [Plugin](User:False) OS::Mistral::Workflow -> <class 'heat.engine.resources.openstack.mistral.workflow.Workflow'>
2025-06-09 01:50:44.922 66223 INFO heat.engine.environment [-] Registered: [Plugin](User:False) OS::Monasca::AlarmDefinition -> <class 'heat.engine.resources.openstack.monasca.alarm_definition.MonascaAlarmDefinition'>
2025-06-09 01:50:44.922 66223 INFO heat.engine.environment [-] Registered: [Plugin](User:False) OS::Monasca::Notification -> <class 'heat.engine.resources.openstack.monasca.notification.MonascaNotification'>
2025-06-09 01:50:44.922 66223 INFO heat.engine.environment [-] Registered: [Plugin](User:False) OS::Neutron::AddressScope -> <class 'heat.engine.resources.openstack.neutron.address_scope.AddressScope'>
2025-06-09 01:50:44.923 66223 INFO heat.engine.environment [-] Registered: [Plugin](User:False) OS::Neutron::ExtraRoute -> <class 'heat.engine.resources.openstack.neutron.extraroute.ExtraRoute'>
2025-06-09 01:50:44.923 66223 INFO heat.engine.environment [-] Registered: [Plugin](User:False) OS::Neutron::ExtraRouteSet -> <class 'heat.engine.resources.openstack.neutron.extrarouteset.ExtraRouteSet'>
2025-06-09 01:50:44.923 66223 INFO heat.engine.environment [-] Registered: [Plugin](User:False) OS::Neutron::Firewall -> <class 'heat.engine.resources.openstack.neutron.firewall.Firewall'>
2025-06-09 01:50:44.923 66223 INFO heat.engine.environment [-] Registered: [Plugin](User:False) OS::Neutron::FirewallPolicy -> <class 'heat.engine.resources.openstack.neutron.firewall.FirewallPolicy'>
2025-06-09 01:50:44.923 66223 INFO heat.engine.environment [-] Registered: [Plugin](User:False) OS::Neutron::FirewallRule -> <class 'heat.engine.resources.openstack.neutron.firewall.FirewallRule'>
2025-06-09 01:50:44.923 66223 INFO heat.engine.environment [-] Registered: [Plugin](User:False) OS::Neutron::FloatingIP -> <class 'heat.engine.resources.openstack.neutron.floatingip.FloatingIP'>
2025-06-09 01:50:44.923 66223 INFO heat.engine.environment [-] Registered: [Plugin](User:False) OS::Neutron::FloatingIPAssociation -> <class 'heat.engine.resources.openstack.neutron.floatingip.FloatingIPAssociation'>
2025-06-09 01:50:44.923 66223 INFO heat.engine.environment [-] Registered: [Plugin](User:False) OS::Neutron::L2Gateway -> <class 'heat.engine.resources.openstack.neutron.l2_gateway.L2Gateway'>
2025-06-09 01:50:44.923 66223 INFO heat.engine.environment [-] Registered: [Plugin](User:False) OS::Neutron::L2GatewayConnection -> <class 'heat.engine.resources.openstack.neutron.l2_gateway_connection.L2GatewayConnection'>
2025-06-09 01:50:44.923 66223 INFO heat.engine.environment [-] Registered: [Plugin](User:False) OS::Neutron::LBaaS::HealthMonitor -> <class 'heat.engine.resources.openstack.neutron.lbaas.health_monitor.HealthMonitor'>
2025-06-09 01:50:44.923 66223 INFO heat.engine.environment [-] Registered: [Plugin](User:False) OS::Neutron::LBaaS::L7Policy -> <class 'heat.engine.resources.openstack.neutron.lbaas.l7policy.L7Policy'>
2025-06-09 01:50:44.923 66223 INFO heat.engine.environment [-] Registered: [Plugin](User:False) OS::Neutron::LBaaS::L7Rule -> <class 'heat.engine.resources.openstack.neutron.lbaas.l7rule.L7Rule'>
2025-06-09 01:50:44.924 66223 INFO heat.engine.environment [-] Registered: [Plugin](User:False) OS::Neutron::LBaaS::Listener -> <class 'heat.engine.resources.openstack.neutron.lbaas.listener.Listener'>
2025-06-09 01:50:44.924 66223 INFO heat.engine.environment [-] Registered: [Plugin](User:False) OS::Neutron::LBaaS::LoadBalancer -> <class 'heat.engine.resources.openstack.neutron.lbaas.loadbalancer.LoadBalancer'>
2025-06-09 01:50:44.924 66223 INFO heat.engine.environment [-] Registered: [Plugin](User:False) OS::Neutron::LBaaS::Pool -> <class 'heat.engine.resources.openstack.neutron.lbaas.pool.Pool'>
2025-06-09 01:50:44.924 66223 INFO heat.engine.environment [-] Registered: [Plugin](User:False) OS::Neutron::LBaaS::PoolMember -> <class 'heat.engine.resources.openstack.neutron.lbaas.pool_member.PoolMember'>
2025-06-09 01:50:44.924 66223 INFO heat.engine.environment [-] Registered: [Plugin](User:False) OS::Neutron::HealthMonitor -> <class 'heat.engine.resources.openstack.neutron.loadbalancer.HealthMonitor'>
2025-06-09 01:50:44.924 66223 INFO heat.engine.environment [-] Registered: [Plugin](User:False) OS::Neutron::Pool -> <class 'heat.engine.resources.openstack.neutron.loadbalancer.Pool'>
2025-06-09 01:50:44.924 66223 INFO heat.engine.environment [-] Registered: [Plugin](User:False) OS::Neutron::PoolMember -> <class 'heat.engine.resources.openstack.neutron.loadbalancer.PoolMember'>
2025-06-09 01:50:44.924 66223 INFO heat.engine.environment [-] Registered: [Plugin](User:False) OS::Neutron::LoadBalancer -> <class 'heat.engine.resources.openstack.neutron.loadbalancer.LoadBalancer'>
2025-06-09 01:50:44.924 66223 INFO heat.engine.environment [-] Registered: [Plugin](User:False) OS::Neutron::MeteringLabel -> <class 'heat.engine.resources.openstack.neutron.metering.MeteringLabel'>
2025-06-09 01:50:44.925 66223 INFO heat.engine.environment [-] Registered: [Plugin](User:False) OS::Neutron::MeteringRule -> <class 'heat.engine.resources.openstack.neutron.metering.MeteringRule'>
2025-06-09 01:50:44.925 66223 INFO heat.engine.environment [-] Registered: [Plugin](User:False) OS::Neutron::Net -> <class 'heat.engine.resources.openstack.neutron.net.Net'>
2025-06-09 01:50:44.925 66223 INFO heat.engine.environment [-] Registered: [Plugin](User:False) OS::Neutron::NetworkGateway -> <class 'heat.engine.resources.openstack.neutron.network_gateway.NetworkGateway'>
2025-06-09 01:50:44.925 66223 INFO heat.engine.environment [-] Registered: [Plugin](User:False) OS::Neutron::Port -> <class 'heat.engine.resources.openstack.neutron.port.Port'>
2025-06-09 01:50:44.925 66223 INFO heat.engine.environment [-] Registered: [Plugin](User:False) OS::Neutron::ProviderNet -> <class 'heat.engine.resources.openstack.neutron.provider_net.ProviderNet'>
2025-06-09 01:50:44.925 66223 INFO heat.engine.environment [-] Registered: [Plugin](User:False) OS::Neutron::QoSPolicy -> <class 'heat.engine.resources.openstack.neutron.qos.QoSPolicy'>
2025-06-09 01:50:44.925 66223 INFO heat.engine.environment [-] Registered: [Plugin](User:False) OS::Neutron::QoSBandwidthLimitRule -> <class 'heat.engine.resources.openstack.neutron.qos.QoSBandwidthLimitRule'>
2025-06-09 01:50:44.925 66223 INFO heat.engine.environment [-] Registered: [Plugin](User:False) OS::Neutron::QoSDscpMarkingRule -> <class 'heat.engine.resources.openstack.neutron.qos.QoSDscpMarkingRule'>
2025-06-09 01:50:44.925 66223 INFO heat.engine.environment [-] Registered: [Plugin](User:False) OS::Neutron::QoSMinimumBandwidthRule -> <class 'heat.engine.resources.openstack.neutron.qos.QoSMinimumBandwidthRule'>
2025-06-09 01:50:44.925 66223 INFO heat.engine.environment [-] Registered: [Plugin](User:False) OS::Neutron::Quota -> <class 'heat.engine.resources.openstack.neutron.quota.NeutronQuota'>
2025-06-09 01:50:44.925 66223 INFO heat.engine.environment [-] Registered: [Plugin](User:False) OS::Neutron::RBACPolicy -> <class 'heat.engine.resources.openstack.neutron.rbac_policy.RBACPolicy'>
2025-06-09 01:50:44.926 66223 INFO heat.engine.environment [-] Registered: [Plugin](User:False) OS::Neutron::Router -> <class 'heat.engine.resources.openstack.neutron.router.Router'>
2025-06-09 01:50:44.926 66223 INFO heat.engine.environment [-] Registered: [Plugin](User:False) OS::Neutron::RouterInterface -> <class 'heat.engine.resources.openstack.neutron.router.RouterInterface'>
2025-06-09 01:50:44.926 66223 INFO heat.engine.environment [-] Registered: [Plugin](User:False) OS::Neutron::RouterGateway -> <class 'heat.engine.resources.openstack.neutron.router.RouterGateway'>
2025-06-09 01:50:44.926 66223 INFO heat.engine.environment [-] Registered: [Plugin](User:False) OS::Neutron::SecurityGroup -> <class 'heat.engine.resources.openstack.neutron.security_group.SecurityGroup'>
2025-06-09 01:50:44.926 66223 INFO heat.engine.environment [-] Registered: [Plugin](User:False) OS::Neutron::SecurityGroupRule -> <class 'heat.engine.resources.openstack.neutron.security_group_rule.SecurityGroupRule'>
2025-06-09 01:50:44.926 66223 INFO heat.engine.environment [-] Registered: [Plugin](User:False) OS::Neutron::Segment -> <class 'heat.engine.resources.openstack.neutron.segment.Segment'>
2025-06-09 01:50:44.926 66223 INFO heat.engine.environment [-] Registered: [Plugin](User:False) OS::Neutron::FlowClassifier -> <class 'heat.engine.resources.openstack.neutron.sfc.flow_classifier.FlowClassifier'>
2025-06-09 01:50:44.926 66223 INFO heat.engine.environment [-] Registered: [Plugin](User:False) OS::Neutron::PortChain -> <class 'heat.engine.resources.openstack.neutron.sfc.port_chain.PortChain'>
2025-06-09 01:50:44.926 66223 INFO heat.engine.environment [-] Registered: [Plugin](User:False) OS::Neutron::PortPair -> <class 'heat.engine.resources.openstack.neutron.sfc.port_pair.PortPair'>
2025-06-09 01:50:44.926 66223 INFO heat.engine.environment [-] Registered: [Plugin](User:False) OS::Neutron::PortPairGroup -> <class 'heat.engine.resources.openstack.neutron.sfc.port_pair_group.PortPairGroup'>
2025-06-09 01:50:44.926 66223 INFO heat.engine.environment [-] Registered: [Plugin](User:False) OS::Neutron::Subnet -> <class 'heat.engine.resources.openstack.neutron.subnet.Subnet'>
2025-06-09 01:50:44.926 66223 INFO heat.engine.environment [-] Registered: [Plugin](User:False) OS::Neutron::SubnetPool -> <class 'heat.engine.resources.openstack.neutron.subnetpool.SubnetPool'>
2025-06-09 01:50:44.927 66223 INFO heat.engine.environment [-] Registered: [Plugin](User:False) OS::Neutron::TaaS::TapFlow -> <class 'heat.engine.resources.openstack.neutron.taas.tap_flow.TapFlow'>
2025-06-09 01:50:44.927 66223 INFO heat.engine.environment [-] Registered: [Plugin](User:False) OS::Neutron::TaaS::TapService -> <class 'heat.engine.resources.openstack.neutron.taas.tap_service.TapService'>
2025-06-09 01:50:44.927 66223 INFO heat.engine.environment [-] Registered: [Plugin](User:False) OS::Neutron::Trunk -> <class 'heat.engine.resources.openstack.neutron.trunk.Trunk'>
2025-06-09 01:50:44.927 66223 INFO heat.engine.environment [-] Registered: [Plugin](User:False) OS::Neutron::VPNService -> <class 'heat.engine.resources.openstack.neutron.vpnservice.VPNService'>
2025-06-09 01:50:44.927 66223 INFO heat.engine.environment [-] Registered: [Plugin](User:False) OS::Neutron::IPsecSiteConnection -> <class 'heat.engine.resources.openstack.neutron.vpnservice.IPsecSiteConnection'>
2025-06-09 01:50:44.927 66223 INFO heat.engine.environment [-] Registered: [Plugin](User:False) OS::Neutron::IKEPolicy -> <class 'heat.engine.resources.openstack.neutron.vpnservice.IKEPolicy'>
2025-06-09 01:50:44.927 66223 INFO heat.engine.environment [-] Registered: [Plugin](User:False) OS::Neutron::IPsecPolicy -> <class 'heat.engine.resources.openstack.neutron.vpnservice.IPsecPolicy'>
2025-06-09 01:50:44.927 66223 INFO heat.engine.environment [-] Registered: [Plugin](User:False) OS::Nova::Flavor -> <class 'heat.engine.resources.openstack.nova.flavor.NovaFlavor'>
2025-06-09 01:50:44.927 66223 INFO heat.engine.environment [-] Registered: [Plugin](User:False) OS::Nova::FloatingIP -> <class 'heat.engine.resources.openstack.nova.floatingip.NovaFloatingIp'>
2025-06-09 01:50:44.928 66223 INFO heat.engine.environment [-] Registered: [Plugin](User:False) OS::Nova::FloatingIPAssociation -> <class 'heat.engine.resources.openstack.nova.floatingip.NovaFloatingIpAssociation'>
2025-06-09 01:50:44.928 66223 INFO heat.engine.environment [-] Registered: [Plugin](User:False) OS::Nova::HostAggregate -> <class 'heat.engine.resources.openstack.nova.host_aggregate.HostAggregate'>
2025-06-09 01:50:44.928 66223 INFO heat.engine.environment [-] Registered: [Plugin](User:False) OS::Nova::KeyPair -> <class 'heat.engine.resources.openstack.nova.keypair.KeyPair'>
2025-06-09 01:50:44.928 66223 INFO heat.engine.environment [-] Registered: [Plugin](User:False) OS::Nova::Quota -> <class 'heat.engine.resources.openstack.nova.quota.NovaQuota'>
2025-06-09 01:50:44.928 66223 INFO heat.engine.environment [-] Registered: [Plugin](User:False) OS::Nova::Server -> <class 'heat.engine.resources.openstack.nova.server.Server'>
2025-06-09 01:50:44.928 66223 INFO heat.engine.environment [-] Registered: [Plugin](User:False) OS::Nova::ServerGroup -> <class 'heat.engine.resources.openstack.nova.server_group.ServerGroup'>
