2025-06-09 01:50:55.834 67743 DEBUG oslo_service.service [-] auth_password.multi_cloud      = False log_opt_values /usr/lib/python3/dist-packages/oslo_config/cfg.py:2609
2025-06-09 01:50:55.834 67743 DEBUG oslo_service.service [-] revision.heat_revision         = unknown log_opt_values /usr/lib/python3/dist-packages/oslo_config/cfg.py:2609
2025-06-09 01:50:55.835 67743 DEBUG oslo_service.service [-] volumes.backups_enabled        = True log_opt_values /usr/lib/python3/dist-packages/oslo_config/cfg.py:2609
2025-06-09 01:50:55.835 67743 DEBUG oslo_service.service [-] noauth.token_response          =  log_opt_values /usr/lib/python3/dist-packages/oslo_config/cfg.py:2609
2025-06-09 01:50:55.835 67743 DEBUG oslo_service.service [-] clients.ca_file                = None log_opt_values /usr/lib/python3/dist-packages/oslo_config/cfg.py:2609
2025-06-09 01:50:55.835 67743 DEBUG oslo_service.service [-] clients.cert_file              = None log_opt_values /usr/lib/python3/dist-packages/oslo_config/cfg.py:2609
2025-06-09 01:50:55.835 67743 DEBUG oslo_service.service [-] clients.endpoint_type          = publicURL log_opt_values /usr/lib/python3/dist-packages/oslo_config/cfg.py:2609
2025-06-09 01:50:55.835 67743 DEBUG oslo_service.service [-] clients.insecure               = False log_opt_values /usr/lib/python3/dist-packages/oslo_config/cfg.py:2609
2025-06-09 01:50:55.835 67743 DEBUG oslo_service.service [-] clients.key_file               = None log_opt_values /usr/lib/python3/dist-packages/oslo_config/cfg.py:2609
2025-06-09 01:50:55.835 67743 DEBUG oslo_service.service [-] clients_aodh.ca_file           = None log_opt_values /usr/lib/python3/dist-packages/oslo_config/cfg.py:2609
2025-06-09 01:50:55.835 67743 DEBUG oslo_service.service [-] clients_aodh.cert_file         = None log_opt_values /usr/lib/python3/dist-packages/oslo_config/cfg.py:2609
2025-06-09 01:50:55.835 67743 DEBUG oslo_service.service [-] clients_aodh.endpoint_type     = None log_opt_values /usr/lib/python3/dist-packages/oslo_config/cfg.py:2609
2025-06-09 01:50:55.835 68077 INFO heat.engine.worker [-] Starting engine_worker (1.4) in engine 361dcce7-37f9-48fb-9e99-f2b810fc42c2.
2025-06-09 01:50:55.836 67743 DEBUG oslo_service.service [-] clients_aodh.insecure          = None log_opt_values /usr/lib/python3/dist-packages/oslo_config/cfg.py:2609
2025-06-09 01:50:55.836 67743 DEBUG oslo_service.service [-] clients_aodh.key_file          = None log_opt_values /usr/lib/python3/dist-packages/oslo_config/cfg.py:2609
2025-06-09 01:50:55.836 67743 DEBUG oslo_service.service [-] clients_barbican.ca_file       = None log_opt_values /usr/lib/python3/dist-packages/oslo_config/cfg.py:2609
2025-06-09 01:50:55.836 67743 DEBUG oslo_service.service [-] clients_barbican.cert_file     = None log_opt_values /usr/lib/python3/dist-packages/oslo_config/cfg.py:2609
2025-06-09 01:50:55.836 67743 DEBUG oslo_service.service [-] clients_barbican.endpoint_type = None log_opt_values /usr/lib/python3/dist-packages/oslo_config/cfg.py:2609
2025-06-09 01:50:55.836 68078 INFO heat.engine.worker [-] Starting engine_worker (1.4) in engine 95d4cc98-0acf-4573-bbd6-66e5ed938654.
2025-06-09 01:50:55.836 67743 DEBUG oslo_service.service [-] clients_barbican.insecure      = None log_opt_values /usr/lib/python3/dist-packages/oslo_config/cfg.py:2609
2025-06-09 01:50:55.836 67743 DEBUG oslo_service.service [-] clients_barbican.key_file      = None log_opt_values /usr/lib/python3/dist-packages/oslo_config/cfg.py:2609
2025-06-09 01:50:55.836 67743 DEBUG oslo_service.service [-] clients_cinder.ca_file         = None log_opt_values /usr/lib/python3/dist-packages/oslo_config/cfg.py:2609
2025-06-09 01:50:55.837 67743 DEBUG oslo_service.service [-] clients_cinder.cert_file       = None log_opt_values /usr/lib/python3/dist-packages/oslo_config/cfg.py:2609
2025-06-09 01:50:55.837 67743 DEBUG oslo_service.service [-] clients_cinder.endpoint_type   = None log_opt_values /usr/lib/python3/dist-packages/oslo_config/cfg.py:2609
2025-06-09 01:50:55.837 67743 DEBUG oslo_service.service [-] clients_cinder.http_log_debug  = False log_opt_values /usr/lib/python3/dist-packages/oslo_config/cfg.py:2609
2025-06-09 01:50:55.837 67743 DEBUG oslo_service.service [-] clients_cinder.insecure        = None log_opt_values /usr/lib/python3/dist-packages/oslo_config/cfg.py:2609
2025-06-09 01:50:55.837 67743 DEBUG oslo_service.service [-] clients_cinder.key_file        = None log_opt_values /usr/lib/python3/dist-packages/oslo_config/cfg.py:2609
2025-06-09 01:50:55.837 67743 DEBUG oslo_service.service [-] clients_designate.ca_file      = None log_opt_values /usr/lib/python3/dist-packages/oslo_config/cfg.py:2609
2025-06-09 01:50:55.837 67743 DEBUG oslo_service.service [-] clients_designate.cert_file    = None log_opt_values /usr/lib/python3/dist-packages/oslo_config/cfg.py:2609
2025-06-09 01:50:55.837 67743 DEBUG oslo_service.service [-] clients_designate.endpoint_type = None log_opt_values /usr/lib/python3/dist-packages/oslo_config/cfg.py:2609
2025-06-09 01:50:55.837 67743 DEBUG oslo_service.service [-] clients_designate.insecure     = None log_opt_values /usr/lib/python3/dist-packages/oslo_config/cfg.py:2609
2025-06-09 01:50:55.837 67743 DEBUG oslo_service.service [-] clients_designate.key_file     = None log_opt_values /usr/lib/python3/dist-packages/oslo_config/cfg.py:2609
2025-06-09 01:50:55.838 67743 DEBUG oslo_service.service [-] clients_glance.ca_file         = None log_opt_values /usr/lib/python3/dist-packages/oslo_config/cfg.py:2609
2025-06-09 01:50:55.838 67743 DEBUG oslo_service.service [-] clients_glance.cert_file       = None log_opt_values /usr/lib/python3/dist-packages/oslo_config/cfg.py:2609
2025-06-09 01:50:55.838 67743 DEBUG oslo_service.service [-] clients_glance.endpoint_type   = None log_opt_values /usr/lib/python3/dist-packages/oslo_config/cfg.py:2609
2025-06-09 01:50:55.838 67743 DEBUG oslo_service.service [-] clients_glance.insecure        = None log_opt_values /usr/lib/python3/dist-packages/oslo_config/cfg.py:2609
2025-06-09 01:50:55.838 67743 DEBUG oslo_service.service [-] clients_glance.key_file        = None log_opt_values /usr/lib/python3/dist-packages/oslo_config/cfg.py:2609
2025-06-09 01:50:55.838 67743 DEBUG oslo_service.service [-] clients_heat.ca_file           = None log_opt_values /usr/lib/python3/dist-packages/oslo_config/cfg.py:2609
2025-06-09 01:50:55.838 67743 DEBUG oslo_service.service [-] clients_heat.cert_file         = None log_opt_values /usr/lib/python3/dist-packages/oslo_config/cfg.py:2609
2025-06-09 01:50:55.838 67743 DEBUG oslo_service.service [-] clients_heat.endpoint_type     = None log_opt_values /usr/lib/python3/dist-packages/oslo_config/cfg.py:2609
2025-06-09 01:50:55.838 67743 DEBUG oslo_service.service [-] clients_heat.insecure          = None log_opt_values /usr/lib/python3/dist-packages/oslo_config/cfg.py:2609
2025-06-09 01:50:55.838 67743 DEBUG oslo_service.service [-] clients_heat.key_file          = None log_opt_values /usr/lib/python3/dist-packages/oslo_config/cfg.py:2609
2025-06-09 01:50:55.839 67743 DEBUG oslo_service.service [-] clients_heat.url               =  log_opt_values /usr/lib/python3/dist-packages/oslo_config/cfg.py:2609
2025-06-09 01:50:55.839 67743 DEBUG oslo_service.service [-] clients_keystone.auth_uri      = http://252.33.137.54:5050 log_opt_values /usr/lib/python3/dist-packages/oslo_config/cfg.py:2609
2025-06-09 01:50:55.839 67743 DEBUG oslo_service.service [-] clients_keystone.ca_file       = None log_opt_values /usr/lib/python3/dist-packages/oslo_config/cfg.py:2609
2025-06-09 01:50:55.839 67743 DEBUG oslo_service.service [-] clients_keystone.cert_file     = None log_opt_values /usr/lib/python3/dist-packages/oslo_config/cfg.py:2609
2025-06-09 01:50:55.839 67743 DEBUG oslo_service.service [-] clients_keystone.endpoint_type = None log_opt_values /usr/lib/python3/dist-packages/oslo_config/cfg.py:2609
2025-06-09 01:50:55.839 67743 DEBUG oslo_service.service [-] clients_keystone.insecure      = None log_opt_values /usr/lib/python3/dist-packages/oslo_config/cfg.py:2609
2025-06-09 01:50:55.839 67743 DEBUG oslo_service.service [-] clients_keystone.key_file      = None log_opt_values /usr/lib/python3/dist-packages/oslo_config/cfg.py:2609
2025-06-09 01:50:55.839 67743 DEBUG oslo_service.service [-] clients_magnum.ca_file         = None log_opt_values /usr/lib/python3/dist-packages/oslo_config/cfg.py:2609
2025-06-09 01:50:55.839 67743 DEBUG oslo_service.service [-] clients_magnum.cert_file       = None log_opt_values /usr/lib/python3/dist-packages/oslo_config/cfg.py:2609
2025-06-09 01:50:55.840 67743 DEBUG oslo_service.service [-] clients_magnum.endpoint_type   = None log_opt_values /usr/lib/python3/dist-packages/oslo_config/cfg.py:2609
2025-06-09 01:50:55.840 67743 DEBUG oslo_service.service [-] clients_magnum.insecure        = None log_opt_values /usr/lib/python3/dist-packages/oslo_config/cfg.py:2609
2025-06-09 01:50:55.840 67743 DEBUG oslo_service.service [-] clients_magnum.key_file        = None log_opt_values /usr/lib/python3/dist-packages/oslo_config/cfg.py:2609
2025-06-09 01:50:55.840 67743 DEBUG oslo_service.service [-] clients_manila.ca_file         = None log_opt_values /usr/lib/python3/dist-packages/oslo_config/cfg.py:2609
2025-06-09 01:50:55.840 67743 DEBUG oslo_service.service [-] clients_manila.cert_file       = None log_opt_values /usr/lib/python3/dist-packages/oslo_config/cfg.py:2609
2025-06-09 01:50:55.840 67743 DEBUG oslo_service.service [-] clients_manila.endpoint_type   = None log_opt_values /usr/lib/python3/dist-packages/oslo_config/cfg.py:2609
2025-06-09 01:50:55.840 67743 DEBUG oslo_service.service [-] clients_manila.insecure        = None log_opt_values /usr/lib/python3/dist-packages/oslo_config/cfg.py:2609
2025-06-09 01:50:55.840 67743 DEBUG oslo_service.service [-] clients_manila.key_file        = None log_opt_values /usr/lib/python3/dist-packages/oslo_config/cfg.py:2609
2025-06-09 01:50:55.841 67743 DEBUG oslo_service.service [-] clients_mistral.ca_file        = None log_opt_values /usr/lib/python3/dist-packages/oslo_config/cfg.py:2609
2025-06-09 01:50:55.841 67743 DEBUG oslo_service.service [-] clients_mistral.cert_file      = None log_opt_values /usr/lib/python3/dist-packages/oslo_config/cfg.py:2609
2025-06-09 01:50:55.841 67743 DEBUG oslo_service.service [-] clients_mistral.endpoint_type  = None log_opt_values /usr/lib/python3/dist-packages/oslo_config/cfg.py:2609
2025-06-09 01:50:55.841 67743 DEBUG oslo_service.service [-] clients_mistral.insecure       = None log_opt_values /usr/lib/python3/dist-packages/oslo_config/cfg.py:2609
2025-06-09 01:50:55.841 67743 DEBUG oslo_service.service [-] clients_mistral.key_file       = None log_opt_values /usr/lib/python3/dist-packages/oslo_config/cfg.py:2609
2025-06-09 01:50:55.841 67743 DEBUG oslo_service.service [-] clients_monasca.ca_file        = None log_opt_values /usr/lib/python3/dist-packages/oslo_config/cfg.py:2609
2025-06-09 01:50:55.841 67743 DEBUG oslo_service.service [-] clients_monasca.cert_file      = None log_opt_values /usr/lib/python3/dist-packages/oslo_config/cfg.py:2609
2025-06-09 01:50:55.841 67743 DEBUG oslo_service.service [-] clients_monasca.endpoint_type  = None log_opt_values /usr/lib/python3/dist-packages/oslo_config/cfg.py:2609
2025-06-09 01:50:55.841 67743 DEBUG oslo_service.service [-] clients_monasca.insecure       = None log_opt_values /usr/lib/python3/dist-packages/oslo_config/cfg.py:2609
2025-06-09 01:50:55.842 67743 DEBUG oslo_service.service [-] clients_monasca.key_file       = None log_opt_values /usr/lib/python3/dist-packages/oslo_config/cfg.py:2609
2025-06-09 01:50:55.842 67743 DEBUG oslo_service.service [-] clients_neutron.ca_file        = None log_opt_values /usr/lib/python3/dist-packages/oslo_config/cfg.py:2609
2025-06-09 01:50:55.842 67743 DEBUG oslo_service.service [-] clients_neutron.cert_file      = None log_opt_values /usr/lib/python3/dist-packages/oslo_config/cfg.py:2609
2025-06-09 01:50:55.842 67743 DEBUG oslo_service.service [-] clients_neutron.endpoint_type  = None log_opt_values /usr/lib/python3/dist-packages/oslo_config/cfg.py:2609
2025-06-09 01:50:55.842 67743 DEBUG oslo_service.service [-] clients_neutron.insecure       = None log_opt_values /usr/lib/python3/dist-packages/oslo_config/cfg.py:2609
2025-06-09 01:50:55.842 67743 DEBUG oslo_service.service [-] clients_neutron.key_file       = None log_opt_values /usr/lib/python3/dist-packages/oslo_config/cfg.py:2609
2025-06-09 01:50:55.842 67743 DEBUG oslo_service.service [-] clients_nova.ca_file           = None log_opt_values /usr/lib/python3/dist-packages/oslo_config/cfg.py:2609
2025-06-09 01:50:55.842 67743 DEBUG oslo_service.service [-] clients_nova.cert_file         = None log_opt_values /usr/lib/python3/dist-packages/oslo_config/cfg.py:2609
2025-06-09 01:50:55.842 67743 DEBUG oslo_service.service [-] clients_nova.endpoint_type     = None log_opt_values /usr/lib/python3/dist-packages/oslo_config/cfg.py:2609
2025-06-09 01:50:55.842 67743 DEBUG oslo_service.service [-] clients_nova.http_log_debug    = False log_opt_values /usr/lib/python3/dist-packages/oslo_config/cfg.py:2609
2025-06-09 01:50:55.843 67743 DEBUG oslo_service.service [-] clients_nova.insecure          = None log_opt_values /usr/lib/python3/dist-packages/oslo_config/cfg.py:2609
2025-06-09 01:50:55.843 67743 DEBUG oslo_service.service [-] clients_nova.key_file          = None log_opt_values /usr/lib/python3/dist-packages/oslo_config/cfg.py:2609
2025-06-09 01:50:55.843 67743 DEBUG oslo_service.service [-] clients_octavia.ca_file        = None log_opt_values /usr/lib/python3/dist-packages/oslo_config/cfg.py:2609
2025-06-09 01:50:55.843 67743 DEBUG oslo_service.service [-] clients_octavia.cert_file      = None log_opt_values /usr/lib/python3/dist-packages/oslo_config/cfg.py:2609
2025-06-09 01:50:55.843 67743 DEBUG oslo_service.service [-] clients_octavia.endpoint_type  = None log_opt_values /usr/lib/python3/dist-packages/oslo_config/cfg.py:2609
2025-06-09 01:50:55.843 67743 DEBUG oslo_service.service [-] clients_octavia.insecure       = None log_opt_values /usr/lib/python3/dist-packages/oslo_config/cfg.py:2609
2025-06-09 01:50:55.843 67743 DEBUG oslo_service.service [-] clients_octavia.key_file       = None log_opt_values /usr/lib/python3/dist-packages/oslo_config/cfg.py:2609
2025-06-09 01:50:55.843 67743 DEBUG oslo_service.service [-] clients_sahara.ca_file         = None log_opt_values /usr/lib/python3/dist-packages/oslo_config/cfg.py:2609
2025-06-09 01:50:55.843 67743 DEBUG oslo_service.service [-] clients_sahara.cert_file       = None log_opt_values /usr/lib/python3/dist-packages/oslo_config/cfg.py:2609
2025-06-09 01:50:55.844 67743 DEBUG oslo_service.service [-] clients_sahara.endpoint_type   = None log_opt_values /usr/lib/python3/dist-packages/oslo_config/cfg.py:2609
2025-06-09 01:50:55.844 67743 DEBUG oslo_service.service [-] clients_sahara.insecure        = None log_opt_values /usr/lib/python3/dist-packages/oslo_config/cfg.py:2609
2025-06-09 01:50:55.844 67743 DEBUG oslo_service.service [-] clients_sahara.key_file        = None log_opt_values /usr/lib/python3/dist-packages/oslo_config/cfg.py:2609
2025-06-09 01:50:55.844 67743 DEBUG oslo_service.service [-] clients_senlin.ca_file         = None log_opt_values /usr/lib/python3/dist-packages/oslo_config/cfg.py:2609
2025-06-09 01:50:55.844 67743 DEBUG oslo_service.service [-] clients_senlin.cert_file       = None log_opt_values /usr/lib/python3/dist-packages/oslo_config/cfg.py:2609
2025-06-09 01:50:55.844 67743 DEBUG oslo_service.service [-] clients_senlin.endpoint_type   = None log_opt_values /usr/lib/python3/dist-packages/oslo_config/cfg.py:2609
2025-06-09 01:50:55.844 67743 DEBUG oslo_service.service [-] clients_senlin.insecure        = None log_opt_values /usr/lib/python3/dist-packages/oslo_config/cfg.py:2609
2025-06-09 01:50:55.844 67743 DEBUG oslo_service.service [-] clients_senlin.key_file        = None log_opt_values /usr/lib/python3/dist-packages/oslo_config/cfg.py:2609
2025-06-09 01:50:55.844 67743 DEBUG oslo_service.service [-] clients_swift.ca_file          = None log_opt_values /usr/lib/python3/dist-packages/oslo_config/cfg.py:2609
2025-06-09 01:50:55.845 67743 DEBUG oslo_service.service [-] clients_swift.cert_file        = None log_opt_values /usr/lib/python3/dist-packages/oslo_config/cfg.py:2609
2025-06-09 01:50:55.845 67743 DEBUG oslo_service.service [-] clients_swift.endpoint_type    = None log_opt_values /usr/lib/python3/dist-packages/oslo_config/cfg.py:2609
2025-06-09 01:50:55.845 67743 DEBUG oslo_service.service [-] clients_swift.insecure         = None log_opt_values /usr/lib/python3/dist-packages/oslo_config/cfg.py:2609
2025-06-09 01:50:55.845 67743 DEBUG oslo_service.service [-] clients_swift.key_file         = None log_opt_values /usr/lib/python3/dist-packages/oslo_config/cfg.py:2609
2025-06-09 01:50:55.845 67743 DEBUG oslo_service.service [-] clients_trove.ca_file          = None log_opt_values /usr/lib/python3/dist-packages/oslo_config/cfg.py:2609
2025-06-09 01:50:55.845 67743 DEBUG oslo_service.service [-] clients_trove.cert_file        = None log_opt_values /usr/lib/python3/dist-packages/oslo_config/cfg.py:2609
2025-06-09 01:50:55.845 67743 DEBUG oslo_service.service [-] clients_trove.endpoint_type    = None log_opt_values /usr/lib/python3/dist-packages/oslo_config/cfg.py:2609
2025-06-09 01:50:55.845 67743 DEBUG oslo_service.service [-] clients_trove.insecure         = None log_opt_values /usr/lib/python3/dist-packages/oslo_config/cfg.py:2609
2025-06-09 01:50:55.845 67743 DEBUG oslo_service.service [-] clients_trove.key_file         = None log_opt_values /usr/lib/python3/dist-packages/oslo_config/cfg.py:2609
2025-06-09 01:50:55.846 67743 DEBUG oslo_service.service [-] clients_vitrage.ca_file        = None log_opt_values /usr/lib/python3/dist-packages/oslo_config/cfg.py:2609
2025-06-09 01:50:55.846 67743 DEBUG oslo_service.service [-] clients_vitrage.cert_file      = None log_opt_values /usr/lib/python3/dist-packages/oslo_config/cfg.py:2609
2025-06-09 01:50:55.846 67743 DEBUG oslo_service.service [-] clients_vitrage.endpoint_type  = None log_opt_values /usr/lib/python3/dist-packages/oslo_config/cfg.py:2609
2025-06-09 01:50:55.846 67743 DEBUG oslo_service.service [-] clients_vitrage.insecure       = None log_opt_values /usr/lib/python3/dist-packages/oslo_config/cfg.py:2609
2025-06-09 01:50:55.846 67743 DEBUG oslo_service.service [-] clients_vitrage.key_file       = None log_opt_values /usr/lib/python3/dist-packages/oslo_config/cfg.py:2609
2025-06-09 01:50:55.846 67743 DEBUG oslo_service.service [-] clients_zaqar.ca_file          = None log_opt_values /usr/lib/python3/dist-packages/oslo_config/cfg.py:2609
2025-06-09 01:50:55.846 67743 DEBUG oslo_service.service [-] clients_zaqar.cert_file        = None log_opt_values /usr/lib/python3/dist-packages/oslo_config/cfg.py:2609
2025-06-09 01:50:55.846 67743 DEBUG oslo_service.service [-] clients_zaqar.endpoint_type    = None log_opt_values /usr/lib/python3/dist-packages/oslo_config/cfg.py:2609
2025-06-09 01:50:55.846 67743 DEBUG oslo_service.service [-] clients_zaqar.insecure         = None log_opt_values /usr/lib/python3/dist-packages/oslo_config/cfg.py:2609
2025-06-09 01:50:55.846 67743 DEBUG oslo_service.service [-] clients_zaqar.key_file         = None log_opt_values /usr/lib/python3/dist-packages/oslo_config/cfg.py:2609
2025-06-09 01:50:55.847 67743 DEBUG oslo_service.service [-] database.backend               = sqlalchemy log_opt_values /usr/lib/python3/dist-packages/oslo_config/cfg.py:2609
2025-06-09 01:50:55.847 67743 DEBUG oslo_service.service [-] database.connection            = **** log_opt_values /usr/lib/python3/dist-packages/oslo_config/cfg.py:2609
2025-06-09 01:50:55.847 67743 DEBUG oslo_service.service [-] database.connection_debug      = 0 log_opt_values /usr/lib/python3/dist-packages/oslo_config/cfg.py:2609
2025-06-09 01:50:55.847 67743 DEBUG oslo_service.service [-] database.connection_parameters =  log_opt_values /usr/lib/python3/dist-packages/oslo_config/cfg.py:2609
2025-06-09 01:50:55.847 67743 DEBUG oslo_service.service [-] database.connection_recycle_time = 3600 log_opt_values /usr/lib/python3/dist-packages/oslo_config/cfg.py:2609
2025-06-09 01:50:55.847 67743 DEBUG oslo_service.service [-] database.connection_trace      = False log_opt_values /usr/lib/python3/dist-packages/oslo_config/cfg.py:2609
2025-06-09 01:50:55.847 67743 DEBUG oslo_service.service [-] database.db_inc_retry_interval = True log_opt_values /usr/lib/python3/dist-packages/oslo_config/cfg.py:2609
2025-06-09 01:50:55.848 67743 DEBUG oslo_service.service [-] database.db_max_retries        = 20 log_opt_values /usr/lib/python3/dist-packages/oslo_config/cfg.py:2609
2025-06-09 01:50:55.848 67743 DEBUG oslo_service.service [-] database.db_max_retry_interval = 10 log_opt_values /usr/lib/python3/dist-packages/oslo_config/cfg.py:2609
2025-06-09 01:50:55.848 67743 DEBUG oslo_service.service [-] database.db_retry_interval     = 1 log_opt_values /usr/lib/python3/dist-packages/oslo_config/cfg.py:2609
2025-06-09 01:50:55.848 67743 DEBUG oslo_service.service [-] database.max_overflow          = 50 log_opt_values /usr/lib/python3/dist-packages/oslo_config/cfg.py:2609
2025-06-09 01:50:55.848 67743 DEBUG oslo_service.service [-] database.max_pool_size         = 5 log_opt_values /usr/lib/python3/dist-packages/oslo_config/cfg.py:2609
2025-06-09 01:50:55.848 67743 DEBUG oslo_service.service [-] database.max_retries           = 10 log_opt_values /usr/lib/python3/dist-packages/oslo_config/cfg.py:2609
2025-06-09 01:50:55.848 67743 DEBUG oslo_service.service [-] database.mysql_enable_ndb      = False log_opt_values /usr/lib/python3/dist-packages/oslo_config/cfg.py:2609
2025-06-09 01:50:55.848 67743 DEBUG oslo_service.service [-] database.mysql_sql_mode        = TRADITIONAL log_opt_values /usr/lib/python3/dist-packages/oslo_config/cfg.py:2609
2025-06-09 01:50:55.849 67743 DEBUG oslo_service.service [-] database.pool_timeout          = None log_opt_values /usr/lib/python3/dist-packages/oslo_config/cfg.py:2609
2025-06-09 01:50:55.849 67743 DEBUG oslo_service.service [-] database.retry_interval        = 10 log_opt_values /usr/lib/python3/dist-packages/oslo_config/cfg.py:2609
2025-06-09 01:50:55.849 67743 DEBUG oslo_service.service [-] database.slave_connection      = **** log_opt_values /usr/lib/python3/dist-packages/oslo_config/cfg.py:2609
2025-06-09 01:50:55.849 67743 DEBUG oslo_service.service [-] database.sqlite_synchronous    = True log_opt_values /usr/lib/python3/dist-packages/oslo_config/cfg.py:2609
2025-06-09 01:50:55.849 67743 DEBUG oslo_service.service [-] database.use_db_reconnect      = False log_opt_values /usr/lib/python3/dist-packages/oslo_config/cfg.py:2609
2025-06-09 01:50:55.849 67743 DEBUG oslo_service.service [-] oslo_messaging_metrics.metrics_buffer_size = 1000 log_opt_values /usr/lib/python3/dist-packages/oslo_config/cfg.py:2609
2025-06-09 01:50:55.850 67743 DEBUG oslo_service.service [-] oslo_messaging_metrics.metrics_enabled = False log_opt_values /usr/lib/python3/dist-packages/oslo_config/cfg.py:2609
2025-06-09 01:50:55.850 67743 DEBUG oslo_service.service [-] oslo_messaging_metrics.metrics_process_name =  log_opt_values /usr/lib/python3/dist-packages/oslo_config/cfg.py:2609
2025-06-09 01:50:55.850 67743 DEBUG oslo_service.service [-] oslo_messaging_metrics.metrics_socket_file = /var/tmp/metrics_collector.sock log_opt_values /usr/lib/python3/dist-packages/oslo_config/cfg.py:2609
2025-06-09 01:50:55.850 67743 DEBUG oslo_service.service [-] oslo_messaging_metrics.metrics_thread_stop_timeout = 10 log_opt_values /usr/lib/python3/dist-packages/oslo_config/cfg.py:2609
2025-06-09 01:50:55.850 67743 DEBUG oslo_service.service [-] oslo_policy.enforce_new_defaults = False log_opt_values /usr/lib/python3/dist-packages/oslo_config/cfg.py:2609
2025-06-09 01:50:55.850 67743 DEBUG oslo_service.service [-] oslo_policy.enforce_scope      = False log_opt_values /usr/lib/python3/dist-packages/oslo_config/cfg.py:2609
2025-06-09 01:50:55.850 67743 DEBUG oslo_service.service [-] oslo_policy.policy_default_rule = default log_opt_values /usr/lib/python3/dist-packages/oslo_config/cfg.py:2609
2025-06-09 01:50:55.851 67743 DEBUG oslo_service.service [-] oslo_policy.policy_dirs        = ['policy.d'] log_opt_values /usr/lib/python3/dist-packages/oslo_config/cfg.py:2609
2025-06-09 01:50:55.851 67743 DEBUG oslo_service.service [-] oslo_policy.policy_file        = policy.yaml log_opt_values /usr/lib/python3/dist-packages/oslo_config/cfg.py:2609
2025-06-09 01:50:55.851 67743 DEBUG oslo_service.service [-] oslo_policy.remote_content_type = application/x-www-form-urlencoded log_opt_values /usr/lib/python3/dist-packages/oslo_config/cfg.py:2609
2025-06-09 01:50:55.851 67743 DEBUG oslo_service.service [-] oslo_policy.remote_ssl_ca_crt_file = None log_opt_values /usr/lib/python3/dist-packages/oslo_config/cfg.py:2609
2025-06-09 01:50:55.851 67743 DEBUG oslo_service.service [-] oslo_policy.remote_ssl_client_crt_file = None log_opt_values /usr/lib/python3/dist-packages/oslo_config/cfg.py:2609
2025-06-09 01:50:55.851 67743 DEBUG oslo_service.service [-] oslo_policy.remote_ssl_client_key_file = None log_opt_values /usr/lib/python3/dist-packages/oslo_config/cfg.py:2609
2025-06-09 01:50:55.851 67743 DEBUG oslo_service.service [-] oslo_policy.remote_ssl_verify_server_crt = False log_opt_values /usr/lib/python3/dist-packages/oslo_config/cfg.py:2609
2025-06-09 01:50:55.852 67743 DEBUG oslo_service.service [-] trustee.auth_section           = None log_opt_values /usr/lib/python3/dist-packages/oslo_config/cfg.py:2609
2025-06-09 01:50:55.852 67743 WARNING oslo_config.cfg [-] Deprecated: Option "auth_plugin" from group "trustee" is deprecated. Use option "auth_type" from group "trustee".
2025-06-09 01:50:55.852 67743 DEBUG oslo_service.service [-] trustee.auth_type              = password log_opt_values /usr/lib/python3/dist-packages/oslo_config/cfg.py:2609
2025-06-09 01:50:55.852 67743 DEBUG oslo_service.service [-] oslo_versionedobjects.fatal_exception_format_errors = False log_opt_values /usr/lib/python3/dist-packages/oslo_config/cfg.py:2609
2025-06-09 01:50:55.852 67743 DEBUG oslo_service.service [-] oslo_messaging_rabbit.amqp_auto_delete = False log_opt_values /usr/lib/python3/dist-packages/oslo_config/cfg.py:2609
2025-06-09 01:50:55.853 67743 DEBUG oslo_service.service [-] oslo_messaging_rabbit.amqp_durable_queues = False log_opt_values /usr/lib/python3/dist-packages/oslo_config/cfg.py:2609
2025-06-09 01:50:55.853 67743 DEBUG oslo_service.service [-] oslo_messaging_rabbit.conn_pool_min_size = 2 log_opt_values /usr/lib/python3/dist-packages/oslo_config/cfg.py:2609
2025-06-09 01:50:55.853 67743 DEBUG oslo_service.service [-] oslo_messaging_rabbit.conn_pool_ttl = 1200 log_opt_values /usr/lib/python3/dist-packages/oslo_config/cfg.py:2609
2025-06-09 01:50:55.853 67743 DEBUG oslo_service.service [-] oslo_messaging_rabbit.direct_mandatory_flag = True log_opt_values /usr/lib/python3/dist-packages/oslo_config/cfg.py:2609
2025-06-09 01:50:55.853 67743 DEBUG oslo_service.service [-] oslo_messaging_rabbit.enable_cancel_on_failover = False log_opt_values /usr/lib/python3/dist-packages/oslo_config/cfg.py:2609
2025-06-09 01:50:55.853 67743 DEBUG oslo_service.service [-] oslo_messaging_rabbit.heartbeat_in_pthread = False log_opt_values /usr/lib/python3/dist-packages/oslo_config/cfg.py:2609
2025-06-09 01:50:55.853 67743 DEBUG oslo_service.service [-] oslo_messaging_rabbit.heartbeat_rate = 2 log_opt_values /usr/lib/python3/dist-packages/oslo_config/cfg.py:2609
2025-06-09 01:50:55.853 67743 DEBUG oslo_service.service [-] oslo_messaging_rabbit.heartbeat_timeout_threshold = 60 log_opt_values /usr/lib/python3/dist-packages/oslo_config/cfg.py:2609
2025-06-09 01:50:55.854 67743 DEBUG oslo_service.service [-] oslo_messaging_rabbit.kombu_compression = None log_opt_values /usr/lib/python3/dist-packages/oslo_config/cfg.py:2609
2025-06-09 01:50:55.854 67743 DEBUG oslo_service.service [-] oslo_messaging_rabbit.kombu_failover_strategy = round-robin log_opt_values /usr/lib/python3/dist-packages/oslo_config/cfg.py:2609
2025-06-09 01:50:55.854 67743 DEBUG oslo_service.service [-] oslo_messaging_rabbit.kombu_missing_consumer_retry_timeout = 60 log_opt_values /usr/lib/python3/dist-packages/oslo_config/cfg.py:2609
2025-06-09 01:50:55.854 67743 DEBUG oslo_service.service [-] oslo_messaging_rabbit.kombu_reconnect_delay = 1.0 log_opt_values /usr/lib/python3/dist-packages/oslo_config/cfg.py:2609
2025-06-09 01:50:55.854 67743 DEBUG oslo_service.service [-] oslo_messaging_rabbit.rabbit_ha_queues = False log_opt_values /usr/lib/python3/dist-packages/oslo_config/cfg.py:2609
2025-06-09 01:50:55.854 67743 DEBUG oslo_service.service [-] oslo_messaging_rabbit.rabbit_interval_max = 30 log_opt_values /usr/lib/python3/dist-packages/oslo_config/cfg.py:2609
2025-06-09 01:50:55.854 67743 DEBUG oslo_service.service [-] oslo_messaging_rabbit.rabbit_login_method = AMQPLAIN log_opt_values /usr/lib/python3/dist-packages/oslo_config/cfg.py:2609
2025-06-09 01:50:55.854 67743 DEBUG oslo_service.service [-] oslo_messaging_rabbit.rabbit_qos_prefetch_count = 0 log_opt_values /usr/lib/python3/dist-packages/oslo_config/cfg.py:2609
2025-06-09 01:50:55.854 67743 DEBUG oslo_service.service [-] oslo_messaging_rabbit.rabbit_quorum_queue = False log_opt_values /usr/lib/python3/dist-packages/oslo_config/cfg.py:2609
2025-06-09 01:50:55.855 67743 DEBUG oslo_service.service [-] oslo_messaging_rabbit.rabbit_retry_backoff = 2 log_opt_values /usr/lib/python3/dist-packages/oslo_config/cfg.py:2609
2025-06-09 01:50:55.855 67743 DEBUG oslo_service.service [-] oslo_messaging_rabbit.rabbit_retry_interval = 1 log_opt_values /usr/lib/python3/dist-packages/oslo_config/cfg.py:2609
2025-06-09 01:50:55.855 67743 DEBUG oslo_service.service [-] oslo_messaging_rabbit.rabbit_transient_queues_ttl = 1800 log_opt_values /usr/lib/python3/dist-packages/oslo_config/cfg.py:2609
2025-06-09 01:50:55.855 67743 DEBUG oslo_service.service [-] oslo_messaging_rabbit.rpc_conn_pool_size = 30 log_opt_values /usr/lib/python3/dist-packages/oslo_config/cfg.py:2609
2025-06-09 01:50:55.855 67743 DEBUG oslo_service.service [-] oslo_messaging_rabbit.ssl      = False log_opt_values /usr/lib/python3/dist-packages/oslo_config/cfg.py:2609
2025-06-09 01:50:55.855 67743 DEBUG oslo_service.service [-] oslo_messaging_rabbit.ssl_ca_file =  log_opt_values /usr/lib/python3/dist-packages/oslo_config/cfg.py:2609
2025-06-09 01:50:55.855 67743 DEBUG oslo_service.service [-] oslo_messaging_rabbit.ssl_cert_file =  log_opt_values /usr/lib/python3/dist-packages/oslo_config/cfg.py:2609
2025-06-09 01:50:55.855 67743 DEBUG oslo_service.service [-] oslo_messaging_rabbit.ssl_key_file =  log_opt_values /usr/lib/python3/dist-packages/oslo_config/cfg.py:2609
2025-06-09 01:50:55.855 67743 DEBUG oslo_service.service [-] oslo_messaging_rabbit.ssl_version =  log_opt_values /usr/lib/python3/dist-packages/oslo_config/cfg.py:2609
2025-06-09 01:50:55.856 67743 DEBUG oslo_service.service [-] oslo_messaging_notifications.driver = [] log_opt_values /usr/lib/python3/dist-packages/oslo_config/cfg.py:2609
2025-06-09 01:50:55.856 67743 DEBUG oslo_service.service [-] oslo_messaging_notifications.retry = -1 log_opt_values /usr/lib/python3/dist-packages/oslo_config/cfg.py:2609
2025-06-09 01:50:55.856 67743 DEBUG oslo_service.service [-] oslo_messaging_notifications.topics = ['notifications'] log_opt_values /usr/lib/python3/dist-packages/oslo_config/cfg.py:2609
2025-06-09 01:50:55.856 67743 DEBUG oslo_service.service [-] oslo_messaging_notifications.transport_url = **** log_opt_values /usr/lib/python3/dist-packages/oslo_config/cfg.py:2609
2025-06-09 01:50:55.856 67743 DEBUG oslo_service.service [-] cache.backend                  = dogpile.cache.null log_opt_values /usr/lib/python3/dist-packages/oslo_config/cfg.py:2609
2025-06-09 01:50:55.856 67743 DEBUG oslo_service.service [-] cache.backend_argument         = **** log_opt_values /usr/lib/python3/dist-packages/oslo_config/cfg.py:2609
2025-06-09 01:50:55.856 67743 DEBUG oslo_service.service [-] cache.config_prefix            = cache.oslo log_opt_values /usr/lib/python3/dist-packages/oslo_config/cfg.py:2609
2025-06-09 01:50:55.857 67743 DEBUG oslo_service.service [-] cache.debug_cache_backend      = False log_opt_values /usr/lib/python3/dist-packages/oslo_config/cfg.py:2609
2025-06-09 01:50:55.857 67743 DEBUG oslo_service.service [-] cache.enabled                  = False log_opt_values /usr/lib/python3/dist-packages/oslo_config/cfg.py:2609
2025-06-09 01:50:55.857 67743 DEBUG oslo_service.service [-] cache.expiration_time          = 600 log_opt_values /usr/lib/python3/dist-packages/oslo_config/cfg.py:2609
2025-06-09 01:50:55.857 67743 DEBUG oslo_service.service [-] cache.memcache_dead_retry      = 300 log_opt_values /usr/lib/python3/dist-packages/oslo_config/cfg.py:2609
2025-06-09 01:50:55.857 67743 DEBUG oslo_service.service [-] cache.memcache_pool_connection_get_timeout = 10 log_opt_values /usr/lib/python3/dist-packages/oslo_config/cfg.py:2609
2025-06-09 01:50:55.857 67743 DEBUG oslo_service.service [-] cache.memcache_pool_flush_on_reconnect = False log_opt_values /usr/lib/python3/dist-packages/oslo_config/cfg.py:2609
2025-06-09 01:50:55.857 67743 DEBUG oslo_service.service [-] cache.memcache_pool_maxsize    = 10 log_opt_values /usr/lib/python3/dist-packages/oslo_config/cfg.py:2609
2025-06-09 01:50:55.857 67743 DEBUG oslo_service.service [-] cache.memcache_pool_unused_timeout = 60 log_opt_values /usr/lib/python3/dist-packages/oslo_config/cfg.py:2609
2025-06-09 01:50:55.857 67743 DEBUG oslo_service.service [-] cache.memcache_servers         = ['localhost:11211'] log_opt_values /usr/lib/python3/dist-packages/oslo_config/cfg.py:2609
2025-06-09 01:50:55.858 67743 DEBUG oslo_service.service [-] cache.memcache_socket_timeout  = 1.0 log_opt_values /usr/lib/python3/dist-packages/oslo_config/cfg.py:2609
2025-06-09 01:50:55.858 67743 DEBUG oslo_service.service [-] cache.proxies                  = [] log_opt_values /usr/lib/python3/dist-packages/oslo_config/cfg.py:2609
2025-06-09 01:50:55.858 67743 DEBUG oslo_service.service [-] cache.tls_allowed_ciphers      = None log_opt_values /usr/lib/python3/dist-packages/oslo_config/cfg.py:2609
2025-06-09 01:50:55.858 67743 DEBUG oslo_service.service [-] cache.tls_cafile               = None log_opt_values /usr/lib/python3/dist-packages/oslo_config/cfg.py:2609
2025-06-09 01:50:55.858 67743 DEBUG oslo_service.service [-] cache.tls_certfile             = None log_opt_values /usr/lib/python3/dist-packages/oslo_config/cfg.py:2609
2025-06-09 01:50:55.858 67743 DEBUG oslo_service.service [-] cache.tls_enabled              = False log_opt_values /usr/lib/python3/dist-packages/oslo_config/cfg.py:2609
2025-06-09 01:50:55.858 67743 DEBUG oslo_service.service [-] cache.tls_keyfile              = None log_opt_values /usr/lib/python3/dist-packages/oslo_config/cfg.py:2609
2025-06-09 01:50:55.858 67743 DEBUG oslo_service.service [-] constraint_validation_cache.caching = True log_opt_values /usr/lib/python3/dist-packages/oslo_config/cfg.py:2609
2025-06-09 01:50:55.859 67743 DEBUG oslo_service.service [-] constraint_validation_cache.expiration_time = 60 log_opt_values /usr/lib/python3/dist-packages/oslo_config/cfg.py:2609
2025-06-09 01:50:55.859 67743 DEBUG oslo_service.service [-] service_extension_cache.caching = True log_opt_values /usr/lib/python3/dist-packages/oslo_config/cfg.py:2609
2025-06-09 01:50:55.859 67743 DEBUG oslo_service.service [-] service_extension_cache.expiration_time = 3600 log_opt_values /usr/lib/python3/dist-packages/oslo_config/cfg.py:2609
2025-06-09 01:50:55.859 67743 DEBUG oslo_service.service [-] resource_finder_cache.caching  = True log_opt_values /usr/lib/python3/dist-packages/oslo_config/cfg.py:2609
2025-06-09 01:50:55.859 67743 DEBUG oslo_service.service [-] resource_finder_cache.expiration_time = 3600 log_opt_values /usr/lib/python3/dist-packages/oslo_config/cfg.py:2609
2025-06-09 01:50:55.859 67743 DEBUG oslo_service.service [-] yaql.limit_iterators           = 200 log_opt_values /usr/lib/python3/dist-packages/oslo_config/cfg.py:2609
2025-06-09 01:50:55.859 67743 DEBUG oslo_service.service [-] yaql.memory_quota              = 10000 log_opt_values /usr/lib/python3/dist-packages/oslo_config/cfg.py:2609
2025-06-09 01:50:55.859 67743 DEBUG oslo_service.service [-] ******************************************************************************** log_opt_values /usr/lib/python3/dist-packages/oslo_config/cfg.py:2613
2025-06-09 01:50:55.860 68080 INFO heat.engine.worker [-] Starting engine_worker (1.4) in engine a1ba9a1a-ac81-4168-94bc-c64d7d9f6b6c.
2025-06-09 01:50:55.913 68077 DEBUG oslo_db.sqlalchemy.engines [req-79e41cb0-b9b9-457e-b10e-16bd961803f2 - - - - -] MySQL server mode set to STRICT_TRANS_TABLES,STRICT_ALL_TABLES,NO_ZERO_IN_DATE,NO_ZERO_DATE,ERROR_FOR_DIVISION_BY_ZERO,TRADITIONAL,NO_ENGINE_SUBSTITUTION _check_effective_sql_mode /usr/lib/python3/dist-packages/oslo_db/sqlalchemy/engines.py:314
2025-06-09 01:50:55.918 68078 DEBUG oslo_db.sqlalchemy.engines [req-83d22634-2ada-404b-b0c4-ab53523c5894 - - - - -] MySQL server mode set to STRICT_TRANS_TABLES,STRICT_ALL_TABLES,NO_ZERO_IN_DATE,NO_ZERO_DATE,ERROR_FOR_DIVISION_BY_ZERO,TRADITIONAL,NO_ENGINE_SUBSTITUTION _check_effective_sql_mode /usr/lib/python3/dist-packages/oslo_db/sqlalchemy/engines.py:314
2025-06-09 01:50:55.923 68079 DEBUG oslo_db.sqlalchemy.engines [req-7172eaec-de53-4c98-b5a7-7918e9b3923a - - - - -] MySQL server mode set to STRICT_TRANS_TABLES,STRICT_ALL_TABLES,NO_ZERO_IN_DATE,NO_ZERO_DATE,ERROR_FOR_DIVISION_BY_ZERO,TRADITIONAL,NO_ENGINE_SUBSTITUTION _check_effective_sql_mode /usr/lib/python3/dist-packages/oslo_db/sqlalchemy/engines.py:314
2025-06-09 01:50:55.936 68080 DEBUG oslo_db.sqlalchemy.engines [req-aa72304b-c4ae-4961-9166-393af1d3309a - - - - -] MySQL server mode set to STRICT_TRANS_TABLES,STRICT_ALL_TABLES,NO_ZERO_IN_DATE,NO_ZERO_DATE,ERROR_FOR_DIVISION_BY_ZERO,TRADITIONAL,NO_ENGINE_SUBSTITUTION _check_effective_sql_mode /usr/lib/python3/dist-packages/oslo_db/sqlalchemy/engines.py:314
2025-06-09 01:50:55.999 68078 DEBUG heat.engine.service [req-872ee0bb-387c-4ef0-b1ab-06c9377058a2 - - - - -] Service 7878524c-ee47-4225-b704-dd49aaf151a6 is started service_manage_report /usr/lib/python3/dist-packages/heat/engine/service.py:2363
2025-06-09 01:50:56.020 68077 DEBUG heat.engine.service [req-9b3b6fdd-7ebb-4af3-9fff-6e2c8cc75743 - - - - -] Service d7cecef7-402d-44b1-a425-11768b9c2baf is started service_manage_report /usr/lib/python3/dist-packages/heat/engine/service.py:2363
2025-06-09 01:50:56.033 68078 DEBUG heat.engine.service [req-872ee0bb-387c-4ef0-b1ab-06c9377058a2 - - - - -] Service 7878524c-ee47-4225-b704-dd49aaf151a6 is updated service_manage_report /usr/lib/python3/dist-packages/heat/engine/service.py:2370
2025-06-09 01:50:56.043 68079 DEBUG heat.engine.service [req-ce0ea702-9995-4d2d-87b2-ebde7a466b57 - - - - -] Service bb66e799-c1c2-4038-9a1f-f67c3b71cd51 is started service_manage_report /usr/lib/python3/dist-packages/heat/engine/service.py:2363
2025-06-09 01:50:56.050 68077 DEBUG heat.engine.service [req-9b3b6fdd-7ebb-4af3-9fff-6e2c8cc75743 - - - - -] Service d7cecef7-402d-44b1-a425-11768b9c2baf is updated service_manage_report /usr/lib/python3/dist-packages/heat/engine/service.py:2370
2025-06-09 01:50:56.057 68080 DEBUG heat.engine.service [req-616b7594-d959-42f2-a537-f02d3616bf95 - - - - -] Service d8d3c05f-14cb-4cdd-ba63-2dec04947b1c is started service_manage_report /usr/lib/python3/dist-packages/heat/engine/service.py:2363
2025-06-09 01:50:56.073 68079 DEBUG heat.engine.service [req-ce0ea702-9995-4d2d-87b2-ebde7a466b57 - - - - -] Service bb66e799-c1c2-4038-9a1f-f67c3b71cd51 is updated service_manage_report /usr/lib/python3/dist-packages/heat/engine/service.py:2370
2025-06-09 01:50:56.083 68080 DEBUG heat.engine.service [req-616b7594-d959-42f2-a537-f02d3616bf95 - - - - -] Service d8d3c05f-14cb-4cdd-ba63-2dec04947b1c is updated service_manage_report /usr/lib/python3/dist-packages/heat/engine/service.py:2370
2025-06-09 01:51:55.989 68078 DEBUG heat.engine.service [req-9d3ec6d8-bf1b-4f98-b2bb-f6070839e79e - - - - -] Service 7878524c-ee47-4225-b704-dd49aaf151a6 is updated service_manage_report /usr/lib/python3/dist-packages/heat/engine/service.py:2370
2025-06-09 01:51:56.008 68077 DEBUG heat.engine.service [req-4b4ef0b4-22ad-48f7-bd8c-390bb0b9339f - - - - -] Service d7cecef7-402d-44b1-a425-11768b9c2baf is updated service_manage_report /usr/lib/python3/dist-packages/heat/engine/service.py:2370
2025-06-09 01:51:56.017 68079 DEBUG heat.engine.service [req-b20d3d13-71e5-4516-901a-e44acd62a27f - - - - -] Service bb66e799-c1c2-4038-9a1f-f67c3b71cd51 is updated service_manage_report /usr/lib/python3/dist-packages/heat/engine/service.py:2370
2025-06-09 01:51:56.048 68080 DEBUG heat.engine.service [req-0a1dd761-bbcb-4804-b1cb-855616be26f8 - - - - -] Service d8d3c05f-14cb-4cdd-ba63-2dec04947b1c is updated service_manage_report /usr/lib/python3/dist-packages/heat/engine/service.py:2370
2025-06-09 01:52:55.982 68078 DEBUG heat.engine.service [req-35a624c1-6d18-473e-91da-8444a9e35c69 - - - - -] Service 7878524c-ee47-4225-b704-dd49aaf151a6 is updated service_manage_report /usr/lib/python3/dist-packages/heat/engine/service.py:2370
2025-06-09 01:52:56.000 68077 DEBUG heat.engine.service [req-ef8c2d7c-ed2e-4c31-bf23-9dcd4576b219 - - - - -] Service d7cecef7-402d-44b1-a425-11768b9c2baf is updated service_manage_report /usr/lib/python3/dist-packages/heat/engine/service.py:2370
2025-06-09 01:52:56.020 68079 DEBUG heat.engine.service [req-92d0d53c-36f6-4a50-bd85-bb105684b843 - - - - -] Service bb66e799-c1c2-4038-9a1f-f67c3b71cd51 is updated service_manage_report /usr/lib/python3/dist-packages/heat/engine/service.py:2370
2025-06-09 01:52:56.050 68080 DEBUG heat.engine.service [req-c27a2b1e-25d4-4497-8a2b-fa305023dcd1 - - - - -] Service d8d3c05f-14cb-4cdd-ba63-2dec04947b1c is updated service_manage_report /usr/lib/python3/dist-packages/heat/engine/service.py:2370
2025-06-09 01:53:55.985 68078 DEBUG heat.engine.service [req-9bffda00-5374-4448-a5d7-698b7ea02928 - - - - -] Service 7878524c-ee47-4225-b704-dd49aaf151a6 is updated service_manage_report /usr/lib/python3/dist-packages/heat/engine/service.py:2370
2025-06-09 01:53:56.003 68077 DEBUG heat.engine.service [req-5e18ba08-e9b1-40ad-8434-5ae84fb795ca - - - - -] Service d7cecef7-402d-44b1-a425-11768b9c2baf is updated service_manage_report /usr/lib/python3/dist-packages/heat/engine/service.py:2370
2025-06-09 01:53:56.023 68079 DEBUG heat.engine.service [req-467c465b-99f1-4f2c-89e7-b800851a5379 - - - - -] Service bb66e799-c1c2-4038-9a1f-f67c3b71cd51 is updated service_manage_report /usr/lib/python3/dist-packages/heat/engine/service.py:2370
2025-06-09 01:53:56.055 68080 DEBUG heat.engine.service [req-22b26d66-82cf-4a35-b0b1-324f26efda6a - - - - -] Service d8d3c05f-14cb-4cdd-ba63-2dec04947b1c is updated service_manage_report /usr/lib/python3/dist-packages/heat/engine/service.py:2370
2025-06-09 01:54:55.991 68078 DEBUG heat.engine.service [req-003f000a-4867-4083-8da4-a634a859544f - - - - -] Service 7878524c-ee47-4225-b704-dd49aaf151a6 is updated service_manage_report /usr/lib/python3/dist-packages/heat/engine/service.py:2370
2025-06-09 01:54:56.007 68077 DEBUG heat.engine.service [req-bd5c9ad6-8b5c-43b0-ae77-27a200b8f99d - - - - -] Service d7cecef7-402d-44b1-a425-11768b9c2baf is updated service_manage_report /usr/lib/python3/dist-packages/heat/engine/service.py:2370
2025-06-09 01:54:56.026 68079 DEBUG heat.engine.service [req-95a68044-c36a-49e4-b59b-fc3d7b9915d3 - - - - -] Service bb66e799-c1c2-4038-9a1f-f67c3b71cd51 is updated service_manage_report /usr/lib/python3/dist-packages/heat/engine/service.py:2370
2025-06-09 01:54:56.060 68080 DEBUG heat.engine.service [req-645669d0-d5c0-47f6-9ea3-c46886cb6856 - - - - -] Service d8d3c05f-14cb-4cdd-ba63-2dec04947b1c is updated service_manage_report /usr/lib/python3/dist-packages/heat/engine/service.py:2370
2025-06-09 01:55:55.989 68078 DEBUG heat.engine.service [req-9945d202-04cc-4efa-900d-2cadc8d94c03 - - - - -] Service 7878524c-ee47-4225-b704-dd49aaf151a6 is updated service_manage_report /usr/lib/python3/dist-packages/heat/engine/service.py:2370
2025-06-09 01:55:56.011 68077 DEBUG heat.engine.service [req-468a25dc-18e9-4767-97fc-ac4f04f0c91a - - - - -] Service d7cecef7-402d-44b1-a425-11768b9c2baf is updated service_manage_report /usr/lib/python3/dist-packages/heat/engine/service.py:2370
2025-06-09 01:55:56.029 68079 DEBUG heat.engine.service [req-28d49a00-da3a-4a8b-85f5-c54a4e547f80 - - - - -] Service bb66e799-c1c2-4038-9a1f-f67c3b71cd51 is updated service_manage_report /usr/lib/python3/dist-packages/heat/engine/service.py:2370
2025-06-09 01:55:56.063 68080 DEBUG heat.engine.service [req-c62baa04-9630-4b4b-801e-56bfd878a14f - - - - -] Service d8d3c05f-14cb-4cdd-ba63-2dec04947b1c is updated service_manage_report /usr/lib/python3/dist-packages/heat/engine/service.py:2370
2025-06-09 01:56:55.984 68078 DEBUG heat.engine.service [req-617a9cb0-c784-45eb-b0a0-cb40f5ff5985 - - - - -] Service 7878524c-ee47-4225-b704-dd49aaf151a6 is updated service_manage_report /usr/lib/python3/dist-packages/heat/engine/service.py:2370
2025-06-09 01:56:56.012 68077 DEBUG heat.engine.service [req-eb7dabed-d569-4234-885c-e8a06c0c3e52 - - - - -] Service d7cecef7-402d-44b1-a425-11768b9c2baf is updated service_manage_report /usr/lib/python3/dist-packages/heat/engine/service.py:2370
2025-06-09 01:56:56.031 68079 DEBUG heat.engine.service [req-b87b5117-b424-4650-a221-64e51bb1c8c4 - - - - -] Service bb66e799-c1c2-4038-9a1f-f67c3b71cd51 is updated service_manage_report /usr/lib/python3/dist-packages/heat/engine/service.py:2370
2025-06-09 01:56:56.066 68080 DEBUG heat.engine.service [req-a3c86b85-a912-4313-a4c1-a18d2b338022 - - - - -] Service d8d3c05f-14cb-4cdd-ba63-2dec04947b1c is updated service_manage_report /usr/lib/python3/dist-packages/heat/engine/service.py:2370
2025-06-09 01:57:55.986 68078 DEBUG heat.engine.service [req-3d21bc37-f596-4fe3-8b21-d124712735f0 - - - - -] Service 7878524c-ee47-4225-b704-dd49aaf151a6 is updated service_manage_report /usr/lib/python3/dist-packages/heat/engine/service.py:2370
2025-06-09 01:57:56.016 68077 DEBUG heat.engine.service [req-e3bfb878-d167-4186-88fa-9ea077e01ce5 - - - - -] Service d7cecef7-402d-44b1-a425-11768b9c2baf is updated service_manage_report /usr/lib/python3/dist-packages/heat/engine/service.py:2370
2025-06-09 01:57:56.035 68079 DEBUG heat.engine.service [req-31ac5669-a3c4-41a0-88f9-a953df21a21f - - - - -] Service bb66e799-c1c2-4038-9a1f-f67c3b71cd51 is updated service_manage_report /usr/lib/python3/dist-packages/heat/engine/service.py:2370
2025-06-09 01:57:56.069 68080 DEBUG heat.engine.service [req-4874ab24-5668-46b5-90c5-35dd8929fc0e - - - - -] Service d8d3c05f-14cb-4cdd-ba63-2dec04947b1c is updated service_manage_report /usr/lib/python3/dist-packages/heat/engine/service.py:2370
2025-06-09 01:58:55.991 68078 DEBUG heat.engine.service [req-5401b0a2-e733-4ce1-a14b-a93375b0166c - - - - -] Service 7878524c-ee47-4225-b704-dd49aaf151a6 is updated service_manage_report /usr/lib/python3/dist-packages/heat/engine/service.py:2370
2025-06-09 01:58:56.018 68077 DEBUG heat.engine.service [req-fab2dbc2-6cd0-44ad-b4d2-e74d61d4f57b - - - - -] Service d7cecef7-402d-44b1-a425-11768b9c2baf is updated service_manage_report /usr/lib/python3/dist-packages/heat/engine/service.py:2370
2025-06-09 01:58:56.038 68079 DEBUG heat.engine.service [req-4eace6db-760b-49a0-a731-5beb86e1e837 - - - - -] Service bb66e799-c1c2-4038-9a1f-f67c3b71cd51 is updated service_manage_report /usr/lib/python3/dist-packages/heat/engine/service.py:2370
2025-06-09 01:58:56.072 68080 DEBUG heat.engine.service [req-ee656b9f-2654-4f9b-bdb8-de07fc747276 - - - - -] Service d8d3c05f-14cb-4cdd-ba63-2dec04947b1c is updated service_manage_report /usr/lib/python3/dist-packages/heat/engine/service.py:2370
2025-06-09 01:59:55.994 68078 DEBUG heat.engine.service [req-35acae77-6a84-428d-bf3b-a27b4445576a - - - - -] Service 7878524c-ee47-4225-b704-dd49aaf151a6 is updated service_manage_report /usr/lib/python3/dist-packages/heat/engine/service.py:2370
2025-06-09 01:59:56.021 68077 DEBUG heat.engine.service [req-4a6b869c-e527-4988-a246-accd6faea4f4 - - - - -] Service d7cecef7-402d-44b1-a425-11768b9c2baf is updated service_manage_report /usr/lib/python3/dist-packages/heat/engine/service.py:2370
2025-06-09 01:59:56.040 68079 DEBUG heat.engine.service [req-160ebd88-b20f-4c83-a94e-c75e8026ebb1 - - - - -] Service bb66e799-c1c2-4038-9a1f-f67c3b71cd51 is updated service_manage_report /usr/lib/python3/dist-packages/heat/engine/service.py:2370
2025-06-09 01:59:56.077 68080 DEBUG heat.engine.service [req-f9d496d1-9171-4088-bd28-462e05bd4467 - - - - -] Service d8d3c05f-14cb-4cdd-ba63-2dec04947b1c is updated service_manage_report /usr/lib/python3/dist-packages/heat/engine/service.py:2370
2025-06-09 02:00:55.999 68078 DEBUG heat.engine.service [req-876298b3-4e0d-41bd-9d37-6fd5447eb18d - - - - -] Service 7878524c-ee47-4225-b704-dd49aaf151a6 is updated service_manage_report /usr/lib/python3/dist-packages/heat/engine/service.py:2370
2025-06-09 02:00:56.026 68077 DEBUG heat.engine.service [req-bbbd426a-24e7-443f-8b24-8cf53f2ba55e - - - - -] Service d7cecef7-402d-44b1-a425-11768b9c2baf is updated service_manage_report /usr/lib/python3/dist-packages/heat/engine/service.py:2370
2025-06-09 02:00:56.045 68079 DEBUG heat.engine.service [req-bfbc5549-a044-4f6a-8941-b13482eebce2 - - - - -] Service bb66e799-c1c2-4038-9a1f-f67c3b71cd51 is updated service_manage_report /usr/lib/python3/dist-packages/heat/engine/service.py:2370
2025-06-09 02:00:56.081 68080 DEBUG heat.engine.service [req-8ed9a95c-4633-4fa1-b5df-cbc22c4e0a94 - - - - -] Service d8d3c05f-14cb-4cdd-ba63-2dec04947b1c is updated service_manage_report /usr/lib/python3/dist-packages/heat/engine/service.py:2370
