2025-06-05 00:39:33.184 126608 DEBUG oslo_service.service [req-ea22c38c-3527-4424-a288-0d64fe88ea3f - - - - -] vnc.novncproxy_port = 6080 log_opt_values /usr/lib/python3/dist-packages/oslo_config/cfg.py:2609
2025-06-05 00:39:33.185 126608 DEBUG oslo_service.service [req-ea22c38c-3527-4424-a288-0d64fe88ea3f - - - - -] vnc.server_listen = 127.0.0.1 log_opt_values /usr/lib/python3/dist-packages/oslo_config/cfg.py:2609
2025-06-05 00:39:33.185 126608 DEBUG oslo_service.service [req-ea22c38c-3527-4424-a288-0d64fe88ea3f - - - - -] vnc.server_proxyclient_address = 127.0.0.1 log_opt_values /usr/lib/python3/dist-packages/oslo_config/cfg.py:2609
2025-06-05 00:39:33.185 126608 DEBUG oslo_service.service [req-ea22c38c-3527-4424-a288-0d64fe88ea3f - - - - -] vnc.vencrypt_ca_certs = None log_opt_values /usr/lib/python3/dist-packages/oslo_config/cfg.py:2609
2025-06-05 00:39:33.185 126608 DEBUG oslo_service.service [req-ea22c38c-3527-4424-a288-0d64fe88ea3f - - - - -] vnc.vencrypt_client_cert = None log_opt_values /usr/lib/python3/dist-packages/oslo_config/cfg.py:2609
2025-06-05 00:39:33.185 126608 DEBUG oslo_service.service [req-ea22c38c-3527-4424-a288-0d64fe88ea3f - - - - -] vnc.vencrypt_client_key = None log_opt_values /usr/lib/python3/dist-packages/oslo_config/cfg.py:2609
2025-06-05 00:39:33.185 126608 DEBUG oslo_service.service [req-ea22c38c-3527-4424-a288-0d64fe88ea3f - - - - -] workarounds.disable_compute_service_check_for_ffu = False log_opt_values /usr/lib/python3/dist-packages/oslo_config/cfg.py:2609
2025-06-05 00:39:33.186 126608 DEBUG oslo_service.service [req-ea22c38c-3527-4424-a288-0d64fe88ea3f - - - - -] workarounds.disable_deep_image_inspection = False log_opt_values /usr/lib/python3/dist-packages/oslo_config/cfg.py:2609
2025-06-05 00:39:33.186 126608 DEBUG oslo_service.service [req-ea22c38c-3527-4424-a288-0d64fe88ea3f - - - - -] workarounds.disable_fallback_pcpu_query = False log_opt_values /usr/lib/python3/dist-packages/oslo_config/cfg.py:2609
2025-06-05 00:39:33.186 126608 DEBUG oslo_service.service [req-ea22c38c-3527-4424-a288-0d64fe88ea3f - - - - -] workarounds.disable_group_policy_check_upcall = False log_opt_values /usr/lib/python3/dist-packages/oslo_config/cfg.py:2609
2025-06-05 00:39:33.186 126608 DEBUG oslo_service.service [req-ea22c38c-3527-4424-a288-0d64fe88ea3f - - - - -] workarounds.disable_libvirt_livesnapshot = False log_opt_values /usr/lib/python3/dist-packages/oslo_config/cfg.py:2609
2025-06-05 00:39:33.186 126608 DEBUG oslo_service.service [req-ea22c38c-3527-4424-a288-0d64fe88ea3f - - - - -] workarounds.disable_rootwrap = False log_opt_values /usr/lib/python3/dist-packages/oslo_config/cfg.py:2609
2025-06-05 00:39:33.186 126608 DEBUG oslo_service.service [req-ea22c38c-3527-4424-a288-0d64fe88ea3f - - - - -] workarounds.enable_numa_live_migration = False log_opt_values /usr/lib/python3/dist-packages/oslo_config/cfg.py:2609
2025-06-05 00:39:33.187 126608 DEBUG oslo_service.service [req-ea22c38c-3527-4424-a288-0d64fe88ea3f - - - - -] workarounds.enable_qemu_monitor_announce_self = False log_opt_values /usr/lib/python3/dist-packages/oslo_config/cfg.py:2609
2025-06-05 00:39:33.187 126608 DEBUG oslo_service.service [req-ea22c38c-3527-4424-a288-0d64fe88ea3f - - - - -] workarounds.ensure_libvirt_rbd_instance_dir_cleanup = False log_opt_values /usr/lib/python3/dist-packages/oslo_config/cfg.py:2609
2025-06-05 00:39:33.187 126608 DEBUG oslo_service.service [req-ea22c38c-3527-4424-a288-0d64fe88ea3f - - - - -] workarounds.handle_virt_lifecycle_events = True log_opt_values /usr/lib/python3/dist-packages/oslo_config/cfg.py:2609
2025-06-05 00:39:33.187 126608 DEBUG oslo_service.service [req-ea22c38c-3527-4424-a288-0d64fe88ea3f - - - - -] workarounds.libvirt_disable_apic = False log_opt_values /usr/lib/python3/dist-packages/oslo_config/cfg.py:2609
2025-06-05 00:39:33.187 126608 DEBUG oslo_service.service [req-ea22c38c-3527-4424-a288-0d64fe88ea3f - - - - -] workarounds.never_download_image_if_on_rbd = False log_opt_values /usr/lib/python3/dist-packages/oslo_config/cfg.py:2609
2025-06-05 00:39:33.187 126608 DEBUG oslo_service.service [req-ea22c38c-3527-4424-a288-0d64fe88ea3f - - - - -] workarounds.reserve_disk_resource_for_image_cache = False log_opt_values /usr/lib/python3/dist-packages/oslo_config/cfg.py:2609
2025-06-05 00:39:33.188 126608 DEBUG oslo_service.service [req-ea22c38c-3527-4424-a288-0d64fe88ea3f - - - - -] workarounds.skip_cpu_compare_at_startup = False log_opt_values /usr/lib/python3/dist-packages/oslo_config/cfg.py:2609
2025-06-05 00:39:33.188 126608 DEBUG oslo_service.service [req-ea22c38c-3527-4424-a288-0d64fe88ea3f - - - - -] workarounds.skip_cpu_compare_on_dest = False log_opt_values /usr/lib/python3/dist-packages/oslo_config/cfg.py:2609
2025-06-05 00:39:33.188 126608 DEBUG oslo_service.service [req-ea22c38c-3527-4424-a288-0d64fe88ea3f - - - - -] workarounds.skip_hypervisor_version_check_on_lm = False log_opt_values /usr/lib/python3/dist-packages/oslo_config/cfg.py:2609
2025-06-05 00:39:33.188 126608 DEBUG oslo_service.service [req-ea22c38c-3527-4424-a288-0d64fe88ea3f - - - - -] workarounds.unified_limits_count_pcpu_as_vcpu = False log_opt_values /usr/lib/python3/dist-packages/oslo_config/cfg.py:2609
2025-06-05 00:39:33.188 126608 DEBUG oslo_service.service [req-ea22c38c-3527-4424-a288-0d64fe88ea3f - - - - -] workarounds.wait_for_vif_plugged_event_during_hard_reboot = [] log_opt_values /usr/lib/python3/dist-packages/oslo_config/cfg.py:2609
2025-06-05 00:39:33.188 126608 DEBUG oslo_service.service [req-ea22c38c-3527-4424-a288-0d64fe88ea3f - - - - -] wsgi.api_paste_config = /etc/nova/api-paste.ini log_opt_values /usr/lib/python3/dist-packages/oslo_config/cfg.py:2609
2025-06-05 00:39:33.189 126608 DEBUG oslo_service.service [req-ea22c38c-3527-4424-a288-0d64fe88ea3f - - - - -] wsgi.client_socket_timeout = 900 log_opt_values /usr/lib/python3/dist-packages/oslo_config/cfg.py:2609
2025-06-05 00:39:33.189 126608 DEBUG oslo_service.service [req-ea22c38c-3527-4424-a288-0d64fe88ea3f - - - - -] wsgi.default_pool_size = 1000 log_opt_values /usr/lib/python3/dist-packages/oslo_config/cfg.py:2609
2025-06-05 00:39:33.189 126608 DEBUG oslo_service.service [req-ea22c38c-3527-4424-a288-0d64fe88ea3f - - - - -] wsgi.keep_alive = True log_opt_values /usr/lib/python3/dist-packages/oslo_config/cfg.py:2609
2025-06-05 00:39:33.189 126608 DEBUG oslo_service.service [req-ea22c38c-3527-4424-a288-0d64fe88ea3f - - - - -] wsgi.max_header_line = 16384 log_opt_values /usr/lib/python3/dist-packages/oslo_config/cfg.py:2609
2025-06-05 00:39:33.189 126608 DEBUG oslo_service.service [req-ea22c38c-3527-4424-a288-0d64fe88ea3f - - - - -] wsgi.secure_proxy_ssl_header = None log_opt_values /usr/lib/python3/dist-packages/oslo_config/cfg.py:2609
2025-06-05 00:39:33.189 126608 DEBUG oslo_service.service [req-ea22c38c-3527-4424-a288-0d64fe88ea3f - - - - -] wsgi.ssl_ca_file = None log_opt_values /usr/lib/python3/dist-packages/oslo_config/cfg.py:2609
2025-06-05 00:39:33.190 126608 DEBUG oslo_service.service [req-ea22c38c-3527-4424-a288-0d64fe88ea3f - - - - -] wsgi.ssl_cert_file = None log_opt_values /usr/lib/python3/dist-packages/oslo_config/cfg.py:2609
2025-06-05 00:39:33.190 126608 DEBUG oslo_service.service [req-ea22c38c-3527-4424-a288-0d64fe88ea3f - - - - -] wsgi.ssl_key_file = None log_opt_values /usr/lib/python3/dist-packages/oslo_config/cfg.py:2609
2025-06-05 00:39:33.190 126608 DEBUG oslo_service.service [req-ea22c38c-3527-4424-a288-0d64fe88ea3f - - - - -] wsgi.tcp_keepidle = 600 log_opt_values /usr/lib/python3/dist-packages/oslo_config/cfg.py:2609
2025-06-05 00:39:33.190 126608 DEBUG oslo_service.service [req-ea22c38c-3527-4424-a288-0d64fe88ea3f - - - - -] wsgi.wsgi_log_format = %(client_ip)s "%(request_line)s" status: %(status_code)s len: %(body_length)s time: %(wall_seconds).7f log_opt_values /usr/lib/python3/dist-packages/oslo_config/cfg.py:2609
2025-06-05 00:39:33.190 126608 DEBUG oslo_service.service [req-ea22c38c-3527-4424-a288-0d64fe88ea3f - - - - -] zvm.ca_file = None log_opt_values /usr/lib/python3/dist-packages/oslo_config/cfg.py:2609
2025-06-05 00:39:33.190 126608 DEBUG oslo_service.service [req-ea22c38c-3527-4424-a288-0d64fe88ea3f - - - - -] zvm.cloud_connector_url = None log_opt_values /usr/lib/python3/dist-packages/oslo_config/cfg.py:2609
2025-06-05 00:39:33.191 126608 DEBUG oslo_service.service [req-ea22c38c-3527-4424-a288-0d64fe88ea3f - - - - -] zvm.image_tmp_path = /var/lib/nova/images log_opt_values /usr/lib/python3/dist-packages/oslo_config/cfg.py:2609
2025-06-05 00:39:33.191 126608 DEBUG oslo_service.service [req-ea22c38c-3527-4424-a288-0d64fe88ea3f - - - - -] zvm.reachable_timeout = 300 log_opt_values /usr/lib/python3/dist-packages/oslo_config/cfg.py:2609
2025-06-05 00:39:33.191 126608 DEBUG oslo_service.service [req-ea22c38c-3527-4424-a288-0d64fe88ea3f - - - - -] oslo_messaging_metrics.metrics_buffer_size = 1000 log_opt_values /usr/lib/python3/dist-packages/oslo_config/cfg.py:2609
2025-06-05 00:39:33.191 126608 DEBUG oslo_service.service [req-ea22c38c-3527-4424-a288-0d64fe88ea3f - - - - -] oslo_messaging_metrics.metrics_enabled = False log_opt_values /usr/lib/python3/dist-packages/oslo_config/cfg.py:2609
2025-06-05 00:39:33.191 126608 DEBUG oslo_service.service [req-ea22c38c-3527-4424-a288-0d64fe88ea3f - - - - -] oslo_messaging_metrics.metrics_process_name = log_opt_values /usr/lib/python3/dist-packages/oslo_config/cfg.py:2609
2025-06-05 00:39:33.191 126608 DEBUG oslo_service.service [req-ea22c38c-3527-4424-a288-0d64fe88ea3f - - - - -] oslo_messaging_metrics.metrics_socket_file = /var/tmp/metrics_collector.sock log_opt_values /usr/lib/python3/dist-packages/oslo_config/cfg.py:2609
2025-06-05 00:39:33.192 126608 DEBUG oslo_service.service [req-ea22c38c-3527-4424-a288-0d64fe88ea3f - - - - -] oslo_messaging_metrics.metrics_thread_stop_timeout = 10 log_opt_values /usr/lib/python3/dist-packages/oslo_config/cfg.py:2609
2025-06-05 00:39:33.192 126608 DEBUG oslo_service.service [req-ea22c38c-3527-4424-a288-0d64fe88ea3f - - - - -] oslo_policy.enforce_new_defaults = False log_opt_values /usr/lib/python3/dist-packages/oslo_config/cfg.py:2609
2025-06-05 00:39:33.192 126608 DEBUG oslo_service.service [req-ea22c38c-3527-4424-a288-0d64fe88ea3f - - - - -] oslo_policy.enforce_scope = False log_opt_values /usr/lib/python3/dist-packages/oslo_config/cfg.py:2609
2025-06-05 00:39:33.192 126608 DEBUG oslo_service.service [req-ea22c38c-3527-4424-a288-0d64fe88ea3f - - - - -] oslo_policy.policy_default_rule = default log_opt_values /usr/lib/python3/dist-packages/oslo_config/cfg.py:2609
2025-06-05 00:39:33.193 126608 DEBUG oslo_service.service [req-ea22c38c-3527-4424-a288-0d64fe88ea3f - - - - -] oslo_policy.policy_dirs = ['policy.d'] log_opt_values /usr/lib/python3/dist-packages/oslo_config/cfg.py:2609
2025-06-05 00:39:33.193 126608 DEBUG oslo_service.service [req-ea22c38c-3527-4424-a288-0d64fe88ea3f - - - - -] oslo_policy.policy_file = policy.yaml log_opt_values /usr/lib/python3/dist-packages/oslo_config/cfg.py:2609
2025-06-05 00:39:33.193 126608 DEBUG oslo_service.service [req-ea22c38c-3527-4424-a288-0d64fe88ea3f - - - - -] oslo_policy.remote_content_type = application/x-www-form-urlencoded log_opt_values /usr/lib/python3/dist-packages/oslo_config/cfg.py:2609
2025-06-05 00:39:33.193 126608 DEBUG oslo_service.service [req-ea22c38c-3527-4424-a288-0d64fe88ea3f - - - - -] oslo_policy.remote_ssl_ca_crt_file = None log_opt_values /usr/lib/python3/dist-packages/oslo_config/cfg.py:2609
2025-06-05 00:39:33.193 126608 DEBUG oslo_service.service [req-ea22c38c-3527-4424-a288-0d64fe88ea3f - - - - -] oslo_policy.remote_ssl_client_crt_file = None log_opt_values /usr/lib/python3/dist-packages/oslo_config/cfg.py:2609
2025-06-05 00:39:33.193 126608 DEBUG oslo_service.service [req-ea22c38c-3527-4424-a288-0d64fe88ea3f - - - - -] oslo_policy.remote_ssl_client_key_file = None log_opt_values /usr/lib/python3/dist-packages/oslo_config/cfg.py:2609
2025-06-05 00:39:33.194 126608 DEBUG oslo_service.service [req-ea22c38c-3527-4424-a288-0d64fe88ea3f - - - - -] oslo_policy.remote_ssl_verify_server_crt = False log_opt_values /usr/lib/python3/dist-packages/oslo_config/cfg.py:2609
2025-06-05 00:39:33.194 126608 DEBUG oslo_service.service [req-ea22c38c-3527-4424-a288-0d64fe88ea3f - - - - -] oslo_versionedobjects.fatal_exception_format_errors = False log_opt_values /usr/lib/python3/dist-packages/oslo_config/cfg.py:2609
2025-06-05 00:39:33.194 126608 DEBUG oslo_service.service [req-ea22c38c-3527-4424-a288-0d64fe88ea3f - - - - -] oslo_middleware.http_basic_auth_user_file = /etc/htpasswd log_opt_values /usr/lib/python3/dist-packages/oslo_config/cfg.py:2609
2025-06-05 00:39:33.194 126608 DEBUG oslo_service.service [req-ea22c38c-3527-4424-a288-0d64fe88ea3f - - - - -] profiler.connection_string = messaging:// log_opt_values /usr/lib/python3/dist-packages/oslo_config/cfg.py:2609
2025-06-05 00:39:33.194 126608 DEBUG oslo_service.service [req-ea22c38c-3527-4424-a288-0d64fe88ea3f - - - - -] profiler.enabled = False log_opt_values /usr/lib/python3/dist-packages/oslo_config/cfg.py:2609
2025-06-05 00:39:33.195 126608 DEBUG oslo_service.service [req-ea22c38c-3527-4424-a288-0d64fe88ea3f - - - - -] profiler.es_doc_type = notification log_opt_values /usr/lib/python3/dist-packages/oslo_config/cfg.py:2609
2025-06-05 00:39:33.195 126608 DEBUG oslo_service.service [req-ea22c38c-3527-4424-a288-0d64fe88ea3f - - - - -] profiler.es_scroll_size = 10000 log_opt_values /usr/lib/python3/dist-packages/oslo_config/cfg.py:2609
2025-06-05 00:39:33.195 126608 DEBUG oslo_service.service [req-ea22c38c-3527-4424-a288-0d64fe88ea3f - - - - -] profiler.es_scroll_time = 2m log_opt_values /usr/lib/python3/dist-packages/oslo_config/cfg.py:2609
2025-06-05 00:39:33.195 126608 DEBUG oslo_service.service [req-ea22c38c-3527-4424-a288-0d64fe88ea3f - - - - -] profiler.filter_error_trace = False log_opt_values /usr/lib/python3/dist-packages/oslo_config/cfg.py:2609
2025-06-05 00:39:33.195 126608 DEBUG oslo_service.service [req-ea22c38c-3527-4424-a288-0d64fe88ea3f - - - - -] profiler.hmac_keys = SECRET_KEY log_opt_values /usr/lib/python3/dist-packages/oslo_config/cfg.py:2609
2025-06-05 00:39:33.196 126608 DEBUG oslo_service.service [req-ea22c38c-3527-4424-a288-0d64fe88ea3f - - - - -] profiler.sentinel_service_name = mymaster log_opt_values /usr/lib/python3/dist-packages/oslo_config/cfg.py:2609
2025-06-05 00:39:33.196 126608 DEBUG oslo_service.service [req-ea22c38c-3527-4424-a288-0d64fe88ea3f - - - - -] profiler.socket_timeout = 0.1 log_opt_values /usr/lib/python3/dist-packages/oslo_config/cfg.py:2609
2025-06-05 00:39:33.196 126608 DEBUG oslo_service.service [req-ea22c38c-3527-4424-a288-0d64fe88ea3f - - - - -] profiler.trace_sqlalchemy = False log_opt_values /usr/lib/python3/dist-packages/oslo_config/cfg.py:2609
2025-06-05 00:39:33.196 126608 DEBUG oslo_service.service [req-ea22c38c-3527-4424-a288-0d64fe88ea3f - - - - -] remote_debug.host = None log_opt_values /usr/lib/python3/dist-packages/oslo_config/cfg.py:2609
2025-06-05 00:39:33.196 126608 DEBUG oslo_service.service [req-ea22c38c-3527-4424-a288-0d64fe88ea3f - - - - -] remote_debug.port = None log_opt_values /usr/lib/python3/dist-packages/oslo_config/cfg.py:2609
2025-06-05 00:39:33.196 126608 DEBUG oslo_service.service [req-ea22c38c-3527-4424-a288-0d64fe88ea3f - - - - -] oslo_messaging_rabbit.amqp_auto_delete = False log_opt_values /usr/lib/python3/dist-packages/oslo_config/cfg.py:2609
2025-06-05 00:39:33.196 126608 DEBUG oslo_service.service [req-ea22c38c-3527-4424-a288-0d64fe88ea3f - - - - -] oslo_messaging_rabbit.amqp_durable_queues = False log_opt_values /usr/lib/python3/dist-packages/oslo_config/cfg.py:2609
2025-06-05 00:39:33.197 126608 DEBUG oslo_service.service [req-ea22c38c-3527-4424-a288-0d64fe88ea3f - - - - -] oslo_messaging_rabbit.conn_pool_min_size = 2 log_opt_values /usr/lib/python3/dist-packages/oslo_config/cfg.py:2609
2025-06-05 00:39:33.197 126608 DEBUG oslo_service.service [req-ea22c38c-3527-4424-a288-0d64fe88ea3f - - - - -] oslo_messaging_rabbit.conn_pool_ttl = 1200 log_opt_values /usr/lib/python3/dist-packages/oslo_config/cfg.py:2609
2025-06-05 00:39:33.197 126608 DEBUG oslo_service.service [req-ea22c38c-3527-4424-a288-0d64fe88ea3f - - - - -] oslo_messaging_rabbit.direct_mandatory_flag = True log_opt_values /usr/lib/python3/dist-packages/oslo_config/cfg.py:2609
2025-06-05 00:39:33.197 126608 DEBUG oslo_service.service [req-ea22c38c-3527-4424-a288-0d64fe88ea3f - - - - -] oslo_messaging_rabbit.enable_cancel_on_failover = False log_opt_values /usr/lib/python3/dist-packages/oslo_config/cfg.py:2609
2025-06-05 00:39:33.197 126608 DEBUG oslo_service.service [req-ea22c38c-3527-4424-a288-0d64fe88ea3f - - - - -] oslo_messaging_rabbit.heartbeat_in_pthread = False log_opt_values /usr/lib/python3/dist-packages/oslo_config/cfg.py:2609
2025-06-05 00:39:33.198 126608 DEBUG oslo_service.service [req-ea22c38c-3527-4424-a288-0d64fe88ea3f - - - - -] oslo_messaging_rabbit.heartbeat_rate = 2 log_opt_values /usr/lib/python3/dist-packages/oslo_config/cfg.py:2609
2025-06-05 00:39:33.198 126608 DEBUG oslo_service.service [req-ea22c38c-3527-4424-a288-0d64fe88ea3f - - - - -] oslo_messaging_rabbit.heartbeat_timeout_threshold = 60 log_opt_values /usr/lib/python3/dist-packages/oslo_config/cfg.py:2609
2025-06-05 00:39:33.198 126608 DEBUG oslo_service.service [req-ea22c38c-3527-4424-a288-0d64fe88ea3f - - - - -] oslo_messaging_rabbit.kombu_compression = None log_opt_values /usr/lib/python3/dist-packages/oslo_config/cfg.py:2609
2025-06-05 00:39:33.198 126608 DEBUG oslo_service.service [req-ea22c38c-3527-4424-a288-0d64fe88ea3f - - - - -] oslo_messaging_rabbit.kombu_failover_strategy = round-robin log_opt_values /usr/lib/python3/dist-packages/oslo_config/cfg.py:2609
2025-06-05 00:39:33.198 126608 DEBUG oslo_service.service [req-ea22c38c-3527-4424-a288-0d64fe88ea3f - - - - -] oslo_messaging_rabbit.kombu_missing_consumer_retry_timeout = 60 log_opt_values /usr/lib/python3/dist-packages/oslo_config/cfg.py:2609
2025-06-05 00:39:33.198 126608 DEBUG oslo_service.service [req-ea22c38c-3527-4424-a288-0d64fe88ea3f - - - - -] oslo_messaging_rabbit.kombu_reconnect_delay = 1.0 log_opt_values /usr/lib/python3/dist-packages/oslo_config/cfg.py:2609
2025-06-05 00:39:33.199 126608 DEBUG oslo_service.service [req-ea22c38c-3527-4424-a288-0d64fe88ea3f - - - - -] oslo_messaging_rabbit.rabbit_ha_queues = False log_opt_values /usr/lib/python3/dist-packages/oslo_config/cfg.py:2609
2025-06-05 00:39:33.199 126608 DEBUG oslo_service.service [req-ea22c38c-3527-4424-a288-0d64fe88ea3f - - - - -] oslo_messaging_rabbit.rabbit_interval_max = 30 log_opt_values /usr/lib/python3/dist-packages/oslo_config/cfg.py:2609
2025-06-05 00:39:33.199 126608 DEBUG oslo_service.service [req-ea22c38c-3527-4424-a288-0d64fe88ea3f - - - - -] oslo_messaging_rabbit.rabbit_login_method = AMQPLAIN log_opt_values /usr/lib/python3/dist-packages/oslo_config/cfg.py:2609
2025-06-05 00:39:33.200 126608 DEBUG oslo_service.service [req-ea22c38c-3527-4424-a288-0d64fe88ea3f - - - - -] oslo_messaging_rabbit.rabbit_qos_prefetch_count = 0 log_opt_values /usr/lib/python3/dist-packages/oslo_config/cfg.py:2609
2025-06-05 00:39:33.200 126608 DEBUG oslo_service.service [req-ea22c38c-3527-4424-a288-0d64fe88ea3f - - - - -] oslo_messaging_rabbit.rabbit_quorum_queue = False log_opt_values /usr/lib/python3/dist-packages/oslo_config/cfg.py:2609
2025-06-05 00:39:33.200 126608 DEBUG oslo_service.service [req-ea22c38c-3527-4424-a288-0d64fe88ea3f - - - - -] oslo_messaging_rabbit.rabbit_retry_backoff = 2 log_opt_values /usr/lib/python3/dist-packages/oslo_config/cfg.py:2609
2025-06-05 00:39:33.200 126608 DEBUG oslo_service.service [req-ea22c38c-3527-4424-a288-0d64fe88ea3f - - - - -] oslo_messaging_rabbit.rabbit_retry_interval = 1 log_opt_values /usr/lib/python3/dist-packages/oslo_config/cfg.py:2609
2025-06-05 00:39:33.200 126608 DEBUG oslo_service.service [req-ea22c38c-3527-4424-a288-0d64fe88ea3f - - - - -] oslo_messaging_rabbit.rabbit_transient_queues_ttl = 1800 log_opt_values /usr/lib/python3/dist-packages/oslo_config/cfg.py:2609
2025-06-05 00:39:33.200 126933 DEBUG oslo_messaging._drivers.amqpdriver [-] Listener is running poll /usr/lib/python3/dist-packages/oslo_messaging/_drivers/amqpdriver.py:343
2025-06-05 00:39:33.200 126608 DEBUG oslo_service.service [req-ea22c38c-3527-4424-a288-0d64fe88ea3f - - - - -] oslo_messaging_rabbit.rpc_conn_pool_size = 30 log_opt_values /usr/lib/python3/dist-packages/oslo_config/cfg.py:2609
2025-06-05 00:39:33.200 126933 DEBUG oslo_messaging._drivers.amqpdriver [-] AMQPListener connection consume poll /usr/lib/python3/dist-packages/oslo_messaging/_drivers/amqpdriver.py:357
2025-06-05 00:39:33.200 126608 DEBUG oslo_service.service [req-ea22c38c-3527-4424-a288-0d64fe88ea3f - - - - -] oslo_messaging_rabbit.ssl = False log_opt_values /usr/lib/python3/dist-packages/oslo_config/cfg.py:2609
2025-06-05 00:39:33.201 126608 DEBUG oslo_service.service [req-ea22c38c-3527-4424-a288-0d64fe88ea3f - - - - -] oslo_messaging_rabbit.ssl_ca_file = log_opt_values /usr/lib/python3/dist-packages/oslo_config/cfg.py:2609
2025-06-05 00:39:33.201 126608 DEBUG oslo_service.service [req-ea22c38c-3527-4424-a288-0d64fe88ea3f - - - - -] oslo_messaging_rabbit.ssl_cert_file = log_opt_values /usr/lib/python3/dist-packages/oslo_config/cfg.py:2609
2025-06-05 00:39:33.201 126608 DEBUG oslo_service.service [req-ea22c38c-3527-4424-a288-0d64fe88ea3f - - - - -] oslo_messaging_rabbit.ssl_key_file = log_opt_values /usr/lib/python3/dist-packages/oslo_config/cfg.py:2609
2025-06-05 00:39:33.201 126933 DEBUG nova.service [req-efe160e4-eb3f-4bb3-aa70-4cee87fbca09 - - - - -] Join ServiceGroup membership for this service scheduler start /usr/lib/python3/dist-packages/nova/service.py:199
2025-06-05 00:39:33.201 126608 DEBUG oslo_service.service [req-ea22c38c-3527-4424-a288-0d64fe88ea3f - - - - -] oslo_messaging_rabbit.ssl_version = log_opt_values /usr/lib/python3/dist-packages/oslo_config/cfg.py:2609
2025-06-05 00:39:33.201 126933 DEBUG nova.servicegroup.drivers.db [req-efe160e4-eb3f-4bb3-aa70-4cee87fbca09 - - - - -] DB_Driver: join new ServiceGroup member juju-86bc73-0-lxd-7 to the scheduler group, service = join /usr/lib/python3/dist-packages/nova/servicegroup/drivers/db.py:44
2025-06-05 00:39:33.201 126608 DEBUG oslo_service.service [req-ea22c38c-3527-4424-a288-0d64fe88ea3f - - - - -] oslo_messaging_notifications.driver = ['messagingv2'] log_opt_values /usr/lib/python3/dist-packages/oslo_config/cfg.py:2609
2025-06-05 00:39:33.202 126608 DEBUG oslo_service.service [req-ea22c38c-3527-4424-a288-0d64fe88ea3f - - - - -] oslo_messaging_notifications.retry = -1 log_opt_values /usr/lib/python3/dist-packages/oslo_config/cfg.py:2609
2025-06-05 00:39:33.202 126608 DEBUG oslo_service.service [req-ea22c38c-3527-4424-a288-0d64fe88ea3f - - - - -] oslo_messaging_notifications.topics = ['notifications'] log_opt_values /usr/lib/python3/dist-packages/oslo_config/cfg.py:2609
2025-06-05 00:39:33.202 126608 DEBUG oslo_service.service [req-ea22c38c-3527-4424-a288-0d64fe88ea3f - - - - -] oslo_messaging_notifications.transport_url = **** log_opt_values /usr/lib/python3/dist-packages/oslo_config/cfg.py:2609
2025-06-05 00:39:33.202 126608 DEBUG oslo_service.service [req-ea22c38c-3527-4424-a288-0d64fe88ea3f - - - - -] oslo_limit.auth_section = None log_opt_values /usr/lib/python3/dist-packages/oslo_config/cfg.py:2609
2025-06-05 00:39:33.203 126608 DEBUG oslo_service.service [req-ea22c38c-3527-4424-a288-0d64fe88ea3f - - - - -] oslo_limit.auth_type = None log_opt_values /usr/lib/python3/dist-packages/oslo_config/cfg.py:2609
2025-06-05 00:39:33.203 126608 DEBUG oslo_service.service [req-ea22c38c-3527-4424-a288-0d64fe88ea3f - - - - -] oslo_limit.cafile = None log_opt_values /usr/lib/python3/dist-packages/oslo_config/cfg.py:2609
2025-06-05 00:39:33.203 126608 DEBUG oslo_service.service [req-ea22c38c-3527-4424-a288-0d64fe88ea3f - - - - -] oslo_limit.certfile = None log_opt_values /usr/lib/python3/dist-packages/oslo_config/cfg.py:2609
2025-06-05 00:39:33.203 126608 DEBUG oslo_service.service [req-ea22c38c-3527-4424-a288-0d64fe88ea3f - - - - -] oslo_limit.collect_timing = False log_opt_values /usr/lib/python3/dist-packages/oslo_config/cfg.py:2609
2025-06-05 00:39:33.203 126608 DEBUG oslo_service.service [req-ea22c38c-3527-4424-a288-0d64fe88ea3f - - - - -] oslo_limit.connect_retries = None log_opt_values /usr/lib/python3/dist-packages/oslo_config/cfg.py:2609
2025-06-05 00:39:33.203 126608 DEBUG oslo_service.service [req-ea22c38c-3527-4424-a288-0d64fe88ea3f - - - - -] oslo_limit.connect_retry_delay = None log_opt_values /usr/lib/python3/dist-packages/oslo_config/cfg.py:2609
2025-06-05 00:39:33.204 126608 DEBUG oslo_service.service [req-ea22c38c-3527-4424-a288-0d64fe88ea3f - - - - -] oslo_limit.endpoint_id = None log_opt_values /usr/lib/python3/dist-packages/oslo_config/cfg.py:2609
2025-06-05 00:39:33.204 126608 DEBUG oslo_service.service [req-ea22c38c-3527-4424-a288-0d64fe88ea3f - - - - -] oslo_limit.endpoint_override = None log_opt_values /usr/lib/python3/dist-packages/oslo_config/cfg.py:2609
2025-06-05 00:39:33.204 126608 DEBUG oslo_service.service [req-ea22c38c-3527-4424-a288-0d64fe88ea3f - - - - -] oslo_limit.insecure = False log_opt_values /usr/lib/python3/dist-packages/oslo_config/cfg.py:2609
2025-06-05 00:39:33.204 126608 DEBUG oslo_service.service [req-ea22c38c-3527-4424-a288-0d64fe88ea3f - - - - -] oslo_limit.keyfile = None log_opt_values /usr/lib/python3/dist-packages/oslo_config/cfg.py:2609
2025-06-05 00:39:33.204 126933 DEBUG oslo_messaging._drivers.amqpdriver [-] AMQPListener connection timeout poll /usr/lib/python3/dist-packages/oslo_messaging/_drivers/amqpdriver.py:360
2025-06-05 00:39:33.204 126608 DEBUG oslo_service.service [req-ea22c38c-3527-4424-a288-0d64fe88ea3f - - - - -] oslo_limit.max_version = None log_opt_values /usr/lib/python3/dist-packages/oslo_config/cfg.py:2609
2025-06-05 00:39:33.204 126933 DEBUG oslo_messaging._drivers.amqpdriver [-] Listener is running poll /usr/lib/python3/dist-packages/oslo_messaging/_drivers/amqpdriver.py:343
2025-06-05 00:39:33.205 126933 DEBUG oslo_messaging._drivers.amqpdriver [-] AMQPListener connection consume poll /usr/lib/python3/dist-packages/oslo_messaging/_drivers/amqpdriver.py:357
2025-06-05 00:39:33.205 126608 DEBUG oslo_service.service [req-ea22c38c-3527-4424-a288-0d64fe88ea3f - - - - -] oslo_limit.min_version = None log_opt_values /usr/lib/python3/dist-packages/oslo_config/cfg.py:2609
2025-06-05 00:39:33.205 126608 DEBUG oslo_service.service [req-ea22c38c-3527-4424-a288-0d64fe88ea3f - - - - -] oslo_limit.region_name = None log_opt_values /usr/lib/python3/dist-packages/oslo_config/cfg.py:2609
2025-06-05 00:39:33.205 126608 DEBUG oslo_service.service [req-ea22c38c-3527-4424-a288-0d64fe88ea3f - - - - -] oslo_limit.service_name = None log_opt_values /usr/lib/python3/dist-packages/oslo_config/cfg.py:2609
2025-06-05 00:39:33.205 126608 DEBUG oslo_service.service [req-ea22c38c-3527-4424-a288-0d64fe88ea3f - - - - -] oslo_limit.service_type = None log_opt_values /usr/lib/python3/dist-packages/oslo_config/cfg.py:2609
2025-06-05 00:39:33.205 126608 DEBUG oslo_service.service [req-ea22c38c-3527-4424-a288-0d64fe88ea3f - - - - -] oslo_limit.split_loggers = False log_opt_values /usr/lib/python3/dist-packages/oslo_config/cfg.py:2609
2025-06-05 00:39:33.205 126608 DEBUG oslo_service.service [req-ea22c38c-3527-4424-a288-0d64fe88ea3f - - - - -] oslo_limit.status_code_retries = None log_opt_values /usr/lib/python3/dist-packages/oslo_config/cfg.py:2609
2025-06-05 00:39:33.206 126608 DEBUG oslo_service.service [req-ea22c38c-3527-4424-a288-0d64fe88ea3f - - - - -] oslo_limit.status_code_retry_delay = None log_opt_values /usr/lib/python3/dist-packages/oslo_config/cfg.py:2609
2025-06-05 00:39:33.206 126608 DEBUG oslo_service.service [req-ea22c38c-3527-4424-a288-0d64fe88ea3f - - - - -] oslo_limit.timeout = None log_opt_values /usr/lib/python3/dist-packages/oslo_config/cfg.py:2609
2025-06-05 00:39:33.206 126608 DEBUG oslo_service.service [req-ea22c38c-3527-4424-a288-0d64fe88ea3f - - - - -] oslo_limit.valid_interfaces = None log_opt_values /usr/lib/python3/dist-packages/oslo_config/cfg.py:2609
2025-06-05 00:39:33.207 126608 DEBUG oslo_service.service [req-ea22c38c-3527-4424-a288-0d64fe88ea3f - - - - -] oslo_limit.version = None log_opt_values /usr/lib/python3/dist-packages/oslo_config/cfg.py:2609
2025-06-05 00:39:33.207 126608 DEBUG oslo_service.service [req-ea22c38c-3527-4424-a288-0d64fe88ea3f - - - - -] oslo_reports.file_event_handler = None log_opt_values /usr/lib/python3/dist-packages/oslo_config/cfg.py:2609
2025-06-05 00:39:33.207 126608 DEBUG oslo_service.service [req-ea22c38c-3527-4424-a288-0d64fe88ea3f - - - - -] oslo_reports.file_event_handler_interval = 1 log_opt_values /usr/lib/python3/dist-packages/oslo_config/cfg.py:2609
2025-06-05 00:39:33.207 126608 DEBUG oslo_service.service [req-ea22c38c-3527-4424-a288-0d64fe88ea3f - - - - -] oslo_reports.log_dir = None log_opt_values /usr/lib/python3/dist-packages/oslo_config/cfg.py:2609
2025-06-05 00:39:33.207 126608 DEBUG oslo_service.service [req-ea22c38c-3527-4424-a288-0d64fe88ea3f - - - - -] ******************************************************************************** log_opt_values /usr/lib/python3/dist-packages/oslo_config/cfg.py:2613
2025-06-05 00:39:34.108 126931 DEBUG oslo_messaging._drivers.amqpdriver [-] AMQPListener connection timeout poll /usr/lib/python3/dist-packages/oslo_messaging/_drivers/amqpdriver.py:360
2025-06-05 00:39:34.109 126931 DEBUG oslo_messaging._drivers.amqpdriver [-] Listener is running poll /usr/lib/python3/dist-packages/oslo_messaging/_drivers/amqpdriver.py:343
2025-06-05 00:39:34.109 126931 DEBUG oslo_messaging._drivers.amqpdriver [-] AMQPListener connection consume poll /usr/lib/python3/dist-packages/oslo_messaging/_drivers/amqpdriver.py:357
2025-06-05 00:39:34.113 126932 DEBUG oslo_messaging._drivers.amqpdriver [-] AMQPListener connection timeout poll /usr/lib/python3/dist-packages/oslo_messaging/_drivers/amqpdriver.py:360
2025-06-05 00:39:34.114 126932 DEBUG oslo_messaging._drivers.amqpdriver [-] Listener is running poll /usr/lib/python3/dist-packages/oslo_messaging/_drivers/amqpdriver.py:343
2025-06-05 00:39:34.114 126932 DEBUG oslo_messaging._drivers.amqpdriver [-] AMQPListener connection consume poll /usr/lib/python3/dist-packages/oslo_messaging/_drivers/amqpdriver.py:357
2025-06-05 00:39:34.127 126925 DEBUG oslo_messaging._drivers.amqpdriver [-] AMQPListener connection timeout poll /usr/lib/python3/dist-packages/oslo_messaging/_drivers/amqpdriver.py:360
2025-06-05 00:39:34.128 126925 DEBUG oslo_messaging._drivers.amqpdriver [-] Listener is running poll /usr/lib/python3/dist-packages/oslo_messaging/_drivers/amqpdriver.py:343
2025-06-05 00:39:34.128 126925 DEBUG oslo_messaging._drivers.amqpdriver [-] AMQPListener connection consume poll /usr/lib/python3/dist-packages/oslo_messaging/_drivers/amqpdriver.py:357
2025-06-05 00:39:34.205 126933 DEBUG oslo_messaging._drivers.amqpdriver [-] AMQPListener connection timeout poll /usr/lib/python3/dist-packages/oslo_messaging/_drivers/amqpdriver.py:360
2025-06-05 00:39:34.205 126933 DEBUG oslo_messaging._drivers.amqpdriver [-] Listener is running poll /usr/lib/python3/dist-packages/oslo_messaging/_drivers/amqpdriver.py:343
2025-06-05 00:39:34.206 126933 DEBUG oslo_messaging._drivers.amqpdriver [-] AMQPListener connection consume poll /usr/lib/python3/dist-packages/oslo_messaging/_drivers/amqpdriver.py:357
2025-06-05 00:39:35.104 126931 DEBUG oslo_service.periodic_task [req-ff4f422d-ecc3-40bf-959c-47d6fd8ed897 - - - - -] Running periodic task SchedulerManager._discover_hosts_in_cells run_periodic_tasks /usr/lib/python3/dist-packages/oslo_service/periodic_task.py:210
2025-06-05 00:39:35.105 126931 DEBUG oslo_db.sqlalchemy.engines [req-ff4f422d-ecc3-40bf-959c-47d6fd8ed897 - - - - -] Parent process 126608 forked (126931) with an open database connection, which is being discarded and recreated. checkout /usr/lib/python3/dist-packages/oslo_db/sqlalchemy/engines.py:413
2025-06-05 00:39:35.112 126931 DEBUG oslo_concurrency.lockutils [req-ff4f422d-ecc3-40bf-959c-47d6fd8ed897 - - - - -] Lock "07cbf7d4-bd60-4280-bdc1-bf5a49dfd34b" acquired by "nova.context.set_target_cell..get_or_set_cached_cell_and_set_connections" :: waited 0.000s inner /usr/lib/python3/dist-packages/oslo_concurrency/lockutils.py:386
2025-06-05 00:39:35.113 126931 DEBUG oslo_concurrency.lockutils [req-ff4f422d-ecc3-40bf-959c-47d6fd8ed897 - - - - -] Lock "07cbf7d4-bd60-4280-bdc1-bf5a49dfd34b" "released" by "nova.context.set_target_cell..get_or_set_cached_cell_and_set_connections" :: held 0.002s inner /usr/lib/python3/dist-packages/oslo_concurrency/lockutils.py:400
2025-06-05 00:39:35.121 126931 DEBUG oslo_db.sqlalchemy.engines [req-ff4f422d-ecc3-40bf-959c-47d6fd8ed897 - - - - -] MySQL server mode set to STRICT_TRANS_TABLES,STRICT_ALL_TABLES,NO_ZERO_IN_DATE,NO_ZERO_DATE,ERROR_FOR_DIVISION_BY_ZERO,TRADITIONAL,NO_ENGINE_SUBSTITUTION _check_effective_sql_mode /usr/lib/python3/dist-packages/oslo_db/sqlalchemy/engines.py:314
2025-06-05 00:39:35.204 126933 DEBUG oslo_service.periodic_task [req-b64d6ead-f833-439c-bfc9-5c329e11bf74 - - - - -] Running periodic task SchedulerManager._discover_hosts_in_cells run_periodic_tasks /usr/lib/python3/dist-packages/oslo_service/periodic_task.py:210
2025-06-05 00:39:35.275 126933 DEBUG oslo_db.sqlalchemy.engines [req-b64d6ead-f833-439c-bfc9-5c329e11bf74 - - - - -] Parent process 126608 forked (126933) with an open database connection, which is being discarded and recreated. checkout /usr/lib/python3/dist-packages/oslo_db/sqlalchemy/engines.py:413
2025-06-05 00:39:35.285 126933 DEBUG oslo_concurrency.lockutils [req-b64d6ead-f833-439c-bfc9-5c329e11bf74 - - - - -] Lock "07cbf7d4-bd60-4280-bdc1-bf5a49dfd34b" acquired by "nova.context.set_target_cell..get_or_set_cached_cell_and_set_connections" :: waited 0.000s inner /usr/lib/python3/dist-packages/oslo_concurrency/lockutils.py:386
2025-06-05 00:39:35.286 126933 DEBUG oslo_concurrency.lockutils [req-b64d6ead-f833-439c-bfc9-5c329e11bf74 - - - - -] Lock "07cbf7d4-bd60-4280-bdc1-bf5a49dfd34b" "released" by "nova.context.set_target_cell..get_or_set_cached_cell_and_set_connections" :: held 0.002s inner /usr/lib/python3/dist-packages/oslo_concurrency/lockutils.py:400
2025-06-05 00:39:35.294 126933 DEBUG oslo_db.sqlalchemy.engines [req-b64d6ead-f833-439c-bfc9-5c329e11bf74 - - - - -] MySQL server mode set to STRICT_TRANS_TABLES,STRICT_ALL_TABLES,NO_ZERO_IN_DATE,NO_ZERO_DATE,ERROR_FOR_DIVISION_BY_ZERO,TRADITIONAL,NO_ENGINE_SUBSTITUTION _check_effective_sql_mode /usr/lib/python3/dist-packages/oslo_db/sqlalchemy/engines.py:314
2025-06-05 00:39:36.111 126931 DEBUG oslo_messaging._drivers.amqpdriver [-] AMQPListener connection timeout poll /usr/lib/python3/dist-packages/oslo_messaging/_drivers/amqpdriver.py:360
2025-06-05 00:39:36.112 126931 DEBUG oslo_messaging._drivers.amqpdriver [-] Listener is running poll /usr/lib/python3/dist-packages/oslo_messaging/_drivers/amqpdriver.py:343
2025-06-05 00:39:36.112 126931 DEBUG oslo_messaging._drivers.amqpdriver [-] AMQPListener connection consume poll /usr/lib/python3/dist-packages/oslo_messaging/_drivers/amqpdriver.py:357
2025-06-05 00:39:36.116 126932 DEBUG oslo_messaging._drivers.amqpdriver [-] AMQPListener connection timeout poll /usr/lib/python3/dist-packages/oslo_messaging/_drivers/amqpdriver.py:360
2025-06-05 00:39:36.116 126932 DEBUG oslo_messaging._drivers.amqpdriver [-] Listener is running poll /usr/lib/python3/dist-packages/oslo_messaging/_drivers/amqpdriver.py:343
2025-06-05 00:39:36.117 126932 DEBUG oslo_messaging._drivers.amqpdriver [-] AMQPListener connection consume poll /usr/lib/python3/dist-packages/oslo_messaging/_drivers/amqpdriver.py:357
2025-06-05 00:39:36.130 126925 DEBUG oslo_messaging._drivers.amqpdriver [-] AMQPListener connection timeout poll /usr/lib/python3/dist-packages/oslo_messaging/_drivers/amqpdriver.py:360
2025-06-05 00:39:36.130 126925 DEBUG oslo_messaging._drivers.amqpdriver [-] Listener is running poll /usr/lib/python3/dist-packages/oslo_messaging/_drivers/amqpdriver.py:343
2025-06-05 00:39:36.130 126925 DEBUG oslo_messaging._drivers.amqpdriver [-] AMQPListener connection consume poll /usr/lib/python3/dist-packages/oslo_messaging/_drivers/amqpdriver.py:357
2025-06-05 00:39:36.208 126933 DEBUG oslo_messaging._drivers.amqpdriver [-] AMQPListener connection timeout poll /usr/lib/python3/dist-packages/oslo_messaging/_drivers/amqpdriver.py:360
2025-06-05 00:39:36.208 126933 DEBUG oslo_messaging._drivers.amqpdriver [-] Listener is running poll /usr/lib/python3/dist-packages/oslo_messaging/_drivers/amqpdriver.py:343
2025-06-05 00:39:36.208 126933 DEBUG oslo_messaging._drivers.amqpdriver [-] AMQPListener connection consume poll /usr/lib/python3/dist-packages/oslo_messaging/_drivers/amqpdriver.py:357
2025-06-05 00:39:40.115 126931 DEBUG oslo_messaging._drivers.amqpdriver [-] AMQPListener connection timeout poll /usr/lib/python3/dist-packages/oslo_messaging/_drivers/amqpdriver.py:360
2025-06-05 00:39:40.115 126931 DEBUG oslo_messaging._drivers.amqpdriver [-] Listener is running poll /usr/lib/python3/dist-packages/oslo_messaging/_drivers/amqpdriver.py:343
2025-06-05 00:39:40.115 126931 DEBUG oslo_messaging._drivers.amqpdriver [-] AMQPListener connection consume poll /usr/lib/python3/dist-packages/oslo_messaging/_drivers/amqpdriver.py:357
2025-06-05 00:39:40.119 126932 DEBUG oslo_messaging._drivers.amqpdriver [-] AMQPListener connection timeout poll /usr/lib/python3/dist-packages/oslo_messaging/_drivers/amqpdriver.py:360
2025-06-05 00:39:40.120 126932 DEBUG oslo_messaging._drivers.amqpdriver [-] Listener is running poll /usr/lib/python3/dist-packages/oslo_messaging/_drivers/amqpdriver.py:343
2025-06-05 00:39:40.120 126932 DEBUG oslo_messaging._drivers.amqpdriver [-] AMQPListener connection consume poll /usr/lib/python3/dist-packages/oslo_messaging/_drivers/amqpdriver.py:357
2025-06-05 00:39:40.133 126925 DEBUG oslo_messaging._drivers.amqpdriver [-] AMQPListener connection timeout poll /usr/lib/python3/dist-packages/oslo_messaging/_drivers/amqpdriver.py:360
2025-06-05 00:39:40.134 126925 DEBUG oslo_messaging._drivers.amqpdriver [-] Listener is running poll /usr/lib/python3/dist-packages/oslo_messaging/_drivers/amqpdriver.py:343
2025-06-05 00:39:40.134 126925 DEBUG oslo_messaging._drivers.amqpdriver [-] AMQPListener connection consume poll /usr/lib/python3/dist-packages/oslo_messaging/_drivers/amqpdriver.py:357
2025-06-05 00:39:40.211 126933 DEBUG oslo_messaging._drivers.amqpdriver [-] AMQPListener connection timeout poll /usr/lib/python3/dist-packages/oslo_messaging/_drivers/amqpdriver.py:360
2025-06-05 00:39:40.211 126933 DEBUG oslo_messaging._drivers.amqpdriver [-] Listener is running poll /usr/lib/python3/dist-packages/oslo_messaging/_drivers/amqpdriver.py:343
2025-06-05 00:39:40.211 126933 DEBUG oslo_messaging._drivers.amqpdriver [-] AMQPListener connection consume poll /usr/lib/python3/dist-packages/oslo_messaging/_drivers/amqpdriver.py:357
2025-06-05 00:39:48.117 126931 DEBUG oslo_messaging._drivers.amqpdriver [-] AMQPListener connection timeout poll /usr/lib/python3/dist-packages/oslo_messaging/_drivers/amqpdriver.py:360
2025-06-05 00:39:48.117 126931 DEBUG oslo_messaging._drivers.amqpdriver [-] Listener is running poll /usr/lib/python3/dist-packages/oslo_messaging/_drivers/amqpdriver.py:343
2025-06-05 00:39:48.117 126931 DEBUG oslo_messaging._drivers.amqpdriver [-] AMQPListener connection consume poll /usr/lib/python3/dist-packages/oslo_messaging/_drivers/amqpdriver.py:357
2025-06-05 00:39:48.121 126932 DEBUG oslo_messaging._drivers.amqpdriver [-] AMQPListener connection timeout poll /usr/lib/python3/dist-packages/oslo_messaging/_drivers/amqpdriver.py:360
2025-06-05 00:39:48.121 126932 DEBUG oslo_messaging._drivers.amqpdriver [-] Listener is running poll /usr/lib/python3/dist-packages/oslo_messaging/_drivers/amqpdriver.py:343
2025-06-05 00:39:48.121 126932 DEBUG oslo_messaging._drivers.amqpdriver [-] AMQPListener connection consume poll /usr/lib/python3/dist-packages/oslo_messaging/_drivers/amqpdriver.py:357
2025-06-05 00:39:48.135 126925 DEBUG oslo_messaging._drivers.amqpdriver [-] AMQPListener connection timeout poll /usr/lib/python3/dist-packages/oslo_messaging/_drivers/amqpdriver.py:360
2025-06-05 00:39:48.136 126925 DEBUG oslo_messaging._drivers.amqpdriver [-] Listener is running poll /usr/lib/python3/dist-packages/oslo_messaging/_drivers/amqpdriver.py:343
2025-06-05 00:39:48.136 126925 DEBUG oslo_messaging._drivers.amqpdriver [-] AMQPListener connection consume poll /usr/lib/python3/dist-packages/oslo_messaging/_drivers/amqpdriver.py:357
2025-06-05 00:39:48.212 126933 DEBUG oslo_messaging._drivers.amqpdriver [-] AMQPListener connection timeout poll /usr/lib/python3/dist-packages/oslo_messaging/_drivers/amqpdriver.py:360
2025-06-05 00:39:48.212 126933 DEBUG oslo_messaging._drivers.amqpdriver [-] Listener is running poll /usr/lib/python3/dist-packages/oslo_messaging/_drivers/amqpdriver.py:343
2025-06-05 00:39:48.212 126933 DEBUG oslo_messaging._drivers.amqpdriver [-] AMQPListener connection consume poll /usr/lib/python3/dist-packages/oslo_messaging/_drivers/amqpdriver.py:357
2025-06-05 00:39:55.125 126925 DEBUG oslo_service.periodic_task [req-529df45c-a92c-4494-90b7-fa78611e5882 - - - - -] Running periodic task SchedulerManager._discover_hosts_in_cells run_periodic_tasks /usr/lib/python3/dist-packages/oslo_service/periodic_task.py:210
2025-06-05 00:39:55.126 126925 DEBUG oslo_db.sqlalchemy.engines [req-529df45c-a92c-4494-90b7-fa78611e5882 - - - - -] Parent process 126608 forked (126925) with an open database connection, which is being discarded and recreated. checkout /usr/lib/python3/dist-packages/oslo_db/sqlalchemy/engines.py:413
2025-06-05 00:39:55.133 126925 DEBUG oslo_concurrency.lockutils [req-529df45c-a92c-4494-90b7-fa78611e5882 - - - - -] Lock "07cbf7d4-bd60-4280-bdc1-bf5a49dfd34b" acquired by "nova.context.set_target_cell..get_or_set_cached_cell_and_set_connections" :: waited 0.000s inner /usr/lib/python3/dist-packages/oslo_concurrency/lockutils.py:386
2025-06-05 00:39:55.135 126925 DEBUG oslo_concurrency.lockutils [req-529df45c-a92c-4494-90b7-fa78611e5882 - - - - -] Lock "07cbf7d4-bd60-4280-bdc1-bf5a49dfd34b" "released" by "nova.context.set_target_cell..get_or_set_cached_cell_and_set_connections" :: held 0.002s inner /usr/lib/python3/dist-packages/oslo_concurrency/lockutils.py:400
2025-06-05 00:39:55.142 126925 DEBUG oslo_db.sqlalchemy.engines [req-529df45c-a92c-4494-90b7-fa78611e5882 - - - - -] MySQL server mode set to STRICT_TRANS_TABLES,STRICT_ALL_TABLES,NO_ZERO_IN_DATE,NO_ZERO_DATE,ERROR_FOR_DIVISION_BY_ZERO,TRADITIONAL,NO_ENGINE_SUBSTITUTION _check_effective_sql_mode /usr/lib/python3/dist-packages/oslo_db/sqlalchemy/engines.py:314
2025-06-05 00:39:55.201 126925 INFO nova.scheduler.manager [req-529df45c-a92c-4494-90b7-fa78611e5882 - - - - -] Discovered 1 new hosts: cell1:cn-jenkins-deploy-platform-juju-os-543-1
2025-06-05 00:40:05.137 126931 DEBUG oslo_service.periodic_task [req-ff4f422d-ecc3-40bf-959c-47d6fd8ed897 - - - - -] Running periodic task SchedulerManager._discover_hosts_in_cells run_periodic_tasks /usr/lib/python3/dist-packages/oslo_service/periodic_task.py:210
2025-06-05 00:40:05.142 126931 DEBUG oslo_concurrency.lockutils [req-3d8ee345-c035-4425-ba52-f4b0c29b52e4 - - - - -] Lock "07cbf7d4-bd60-4280-bdc1-bf5a49dfd34b" acquired by "nova.context.set_target_cell..get_or_set_cached_cell_and_set_connections" :: waited 0.000s inner /usr/lib/python3/dist-packages/oslo_concurrency/lockutils.py:386
2025-06-05 00:40:05.142 126931 DEBUG oslo_concurrency.lockutils [req-3d8ee345-c035-4425-ba52-f4b0c29b52e4 - - - - -] Lock "07cbf7d4-bd60-4280-bdc1-bf5a49dfd34b" "released" by "nova.context.set_target_cell..get_or_set_cached_cell_and_set_connections" :: held 0.000s inner /usr/lib/python3/dist-packages/oslo_concurrency/lockutils.py:400
2025-06-05 00:40:05.309 126933 DEBUG oslo_service.periodic_task [req-b64d6ead-f833-439c-bfc9-5c329e11bf74 - - - - -] Running periodic task SchedulerManager._discover_hosts_in_cells run_periodic_tasks /usr/lib/python3/dist-packages/oslo_service/periodic_task.py:210
2025-06-05 00:40:05.314 126933 DEBUG oslo_concurrency.lockutils [req-cb11657c-f996-4b06-88ee-6a46c4f1d644 - - - - -] Lock "07cbf7d4-bd60-4280-bdc1-bf5a49dfd34b" acquired by "nova.context.set_target_cell..get_or_set_cached_cell_and_set_connections" :: waited 0.000s inner /usr/lib/python3/dist-packages/oslo_concurrency/lockutils.py:386
2025-06-05 00:40:05.314 126933 DEBUG oslo_concurrency.lockutils [req-cb11657c-f996-4b06-88ee-6a46c4f1d644 - - - - -] Lock "07cbf7d4-bd60-4280-bdc1-bf5a49dfd34b" "released" by "nova.context.set_target_cell..get_or_set_cached_cell_and_set_connections" :: held 0.000s inner /usr/lib/python3/dist-packages/oslo_concurrency/lockutils.py:400
2025-06-05 00:40:16.117 126932 DEBUG oslo_service.periodic_task [req-320551fe-aea8-4992-a518-b0aba238c79b - - - - -] Running periodic task SchedulerManager._discover_hosts_in_cells run_periodic_tasks /usr/lib/python3/dist-packages/oslo_service/periodic_task.py:210
2025-06-05 00:40:16.118 126932 DEBUG oslo_db.sqlalchemy.engines [req-320551fe-aea8-4992-a518-b0aba238c79b - - - - -] Parent process 126608 forked (126932) with an open database connection, which is being discarded and recreated. checkout /usr/lib/python3/dist-packages/oslo_db/sqlalchemy/engines.py:413
2025-06-05 00:40:16.127 126932 DEBUG oslo_concurrency.lockutils [req-320551fe-aea8-4992-a518-b0aba238c79b - - - - -] Lock "07cbf7d4-bd60-4280-bdc1-bf5a49dfd34b" acquired by "nova.context.set_target_cell..get_or_set_cached_cell_and_set_connections" :: waited 0.000s inner /usr/lib/python3/dist-packages/oslo_concurrency/lockutils.py:386
2025-06-05 00:40:16.128 126932 DEBUG oslo_concurrency.lockutils [req-320551fe-aea8-4992-a518-b0aba238c79b - - - - -] Lock "07cbf7d4-bd60-4280-bdc1-bf5a49dfd34b" "released" by "nova.context.set_target_cell..get_or_set_cached_cell_and_set_connections" :: held 0.002s inner /usr/lib/python3/dist-packages/oslo_concurrency/lockutils.py:400
2025-06-05 00:40:16.135 126932 DEBUG oslo_db.sqlalchemy.engines [req-320551fe-aea8-4992-a518-b0aba238c79b - - - - -] MySQL server mode set to STRICT_TRANS_TABLES,STRICT_ALL_TABLES,NO_ZERO_IN_DATE,NO_ZERO_DATE,ERROR_FOR_DIVISION_BY_ZERO,TRADITIONAL,NO_ENGINE_SUBSTITUTION _check_effective_sql_mode /usr/lib/python3/dist-packages/oslo_db/sqlalchemy/engines.py:314
2025-06-05 00:40:18.094 126931 DEBUG oslo_messaging._drivers.amqpdriver [-] AMQPListener connection timeout poll /usr/lib/python3/dist-packages/oslo_messaging/_drivers/amqpdriver.py:360
2025-06-05 00:40:18.095 126931 DEBUG oslo_messaging._drivers.amqpdriver [-] Listener is running poll /usr/lib/python3/dist-packages/oslo_messaging/_drivers/amqpdriver.py:343
2025-06-05 00:40:18.095 126931 DEBUG oslo_messaging._drivers.amqpdriver [-] AMQPListener connection consume poll /usr/lib/python3/dist-packages/oslo_messaging/_drivers/amqpdriver.py:357
2025-06-05 00:40:18.101 126932 DEBUG oslo_messaging._drivers.amqpdriver [-] AMQPListener connection timeout poll /usr/lib/python3/dist-packages/oslo_messaging/_drivers/amqpdriver.py:360
2025-06-05 00:40:18.102 126932 DEBUG oslo_messaging._drivers.amqpdriver [-] Listener is running poll /usr/lib/python3/dist-packages/oslo_messaging/_drivers/amqpdriver.py:343
2025-06-05 00:40:18.102 126932 DEBUG oslo_messaging._drivers.amqpdriver [-] AMQPListener connection consume poll /usr/lib/python3/dist-packages/oslo_messaging/_drivers/amqpdriver.py:357
2025-06-05 00:40:18.106 126925 DEBUG oslo_messaging._drivers.amqpdriver [-] AMQPListener connection timeout poll /usr/lib/python3/dist-packages/oslo_messaging/_drivers/amqpdriver.py:360
2025-06-05 00:40:18.106 126925 DEBUG oslo_messaging._drivers.amqpdriver [-] Listener is running poll /usr/lib/python3/dist-packages/oslo_messaging/_drivers/amqpdriver.py:343
2025-06-05 00:40:18.106 126925 DEBUG oslo_messaging._drivers.amqpdriver [-] AMQPListener connection consume poll /usr/lib/python3/dist-packages/oslo_messaging/_drivers/amqpdriver.py:357
2025-06-05 00:40:18.201 126933 DEBUG oslo_messaging._drivers.amqpdriver [-] AMQPListener connection timeout poll /usr/lib/python3/dist-packages/oslo_messaging/_drivers/amqpdriver.py:360
2025-06-05 00:40:18.201 126933 DEBUG oslo_messaging._drivers.amqpdriver [-] Listener is running poll /usr/lib/python3/dist-packages/oslo_messaging/_drivers/amqpdriver.py:343
2025-06-05 00:40:18.202 126933 DEBUG oslo_messaging._drivers.amqpdriver [-] AMQPListener connection consume poll /usr/lib/python3/dist-packages/oslo_messaging/_drivers/amqpdriver.py:357
2025-06-05 00:40:25.208 126925 DEBUG oslo_service.periodic_task [req-529df45c-a92c-4494-90b7-fa78611e5882 - - - - -] Running periodic task SchedulerManager._discover_hosts_in_cells run_periodic_tasks /usr/lib/python3/dist-packages/oslo_service/periodic_task.py:210
2025-06-05 00:40:25.213 126925 DEBUG oslo_concurrency.lockutils [req-a342fd42-160d-43eb-99e2-d68cbba79eb1 - - - - -] Lock "07cbf7d4-bd60-4280-bdc1-bf5a49dfd34b" acquired by "nova.context.set_target_cell..get_or_set_cached_cell_and_set_connections" :: waited 0.000s inner /usr/lib/python3/dist-packages/oslo_concurrency/lockutils.py:386
2025-06-05 00:40:25.213 126925 DEBUG oslo_concurrency.lockutils [req-a342fd42-160d-43eb-99e2-d68cbba79eb1 - - - - -] Lock "07cbf7d4-bd60-4280-bdc1-bf5a49dfd34b" "released" by "nova.context.set_target_cell..get_or_set_cached_cell_and_set_connections" :: held 0.000s inner /usr/lib/python3/dist-packages/oslo_concurrency/lockutils.py:400
2025-06-05 00:40:35.150 126931 DEBUG oslo_service.periodic_task [req-3d8ee345-c035-4425-ba52-f4b0c29b52e4 - - - - -] Running periodic task SchedulerManager._discover_hosts_in_cells run_periodic_tasks /usr/lib/python3/dist-packages/oslo_service/periodic_task.py:210
