2025-05-26 00:39:49.894 158322 DEBUG oslo_service.service [req-41dcc952-98eb-4da4-8108-e143fb21a066 - - - - -] reserved_huge_pages = None log_opt_values /usr/lib/python3/dist-packages/oslo_config/cfg.py:2602
2025-05-26 00:39:49.895 158322 DEBUG oslo_service.service [req-41dcc952-98eb-4da4-8108-e143fb21a066 - - - - -] resize_confirm_window = 0 log_opt_values /usr/lib/python3/dist-packages/oslo_config/cfg.py:2602
2025-05-26 00:39:49.895 158322 DEBUG oslo_service.service [req-41dcc952-98eb-4da4-8108-e143fb21a066 - - - - -] resize_fs_using_block_device = False log_opt_values /usr/lib/python3/dist-packages/oslo_config/cfg.py:2602
2025-05-26 00:39:49.895 158322 DEBUG oslo_service.service [req-41dcc952-98eb-4da4-8108-e143fb21a066 - - - - -] resume_guests_state_on_host_boot = False log_opt_values /usr/lib/python3/dist-packages/oslo_config/cfg.py:2602
2025-05-26 00:39:49.895 158322 DEBUG oslo_service.service [req-41dcc952-98eb-4da4-8108-e143fb21a066 - - - - -] rootwrap_config = /etc/nova/rootwrap.conf log_opt_values /usr/lib/python3/dist-packages/oslo_config/cfg.py:2602
2025-05-26 00:39:49.896 158322 DEBUG oslo_service.service [req-41dcc952-98eb-4da4-8108-e143fb21a066 - - - - -] rpc_response_timeout = 60 log_opt_values /usr/lib/python3/dist-packages/oslo_config/cfg.py:2602
2025-05-26 00:39:49.896 158322 DEBUG oslo_service.service [req-41dcc952-98eb-4da4-8108-e143fb21a066 - - - - -] run_external_periodic_tasks = True log_opt_values /usr/lib/python3/dist-packages/oslo_config/cfg.py:2602
2025-05-26 00:39:49.896 158322 DEBUG oslo_service.service [req-41dcc952-98eb-4da4-8108-e143fb21a066 - - - - -] running_deleted_instance_action = reap log_opt_values /usr/lib/python3/dist-packages/oslo_config/cfg.py:2602
2025-05-26 00:39:49.896 158322 DEBUG oslo_service.service [req-41dcc952-98eb-4da4-8108-e143fb21a066 - - - - -] running_deleted_instance_poll_interval = 1800 log_opt_values /usr/lib/python3/dist-packages/oslo_config/cfg.py:2602
2025-05-26 00:39:49.896 158322 DEBUG oslo_service.service [req-41dcc952-98eb-4da4-8108-e143fb21a066 - - - - -] running_deleted_instance_timeout = 0 log_opt_values /usr/lib/python3/dist-packages/oslo_config/cfg.py:2602
2025-05-26 00:39:49.897 158322 DEBUG oslo_service.service [req-41dcc952-98eb-4da4-8108-e143fb21a066 - - - - -] scheduler_instance_sync_interval = 120 log_opt_values /usr/lib/python3/dist-packages/oslo_config/cfg.py:2602
2025-05-26 00:39:49.897 158322 DEBUG oslo_service.service [req-41dcc952-98eb-4da4-8108-e143fb21a066 - - - - -] service_down_time = 60 log_opt_values /usr/lib/python3/dist-packages/oslo_config/cfg.py:2602
2025-05-26 00:39:49.897 158322 DEBUG oslo_service.service [req-41dcc952-98eb-4da4-8108-e143fb21a066 - - - - -] servicegroup_driver = db log_opt_values /usr/lib/python3/dist-packages/oslo_config/cfg.py:2602
2025-05-26 00:39:49.897 158322 DEBUG oslo_service.service [req-41dcc952-98eb-4da4-8108-e143fb21a066 - - - - -] shelved_offload_time = 0 log_opt_values /usr/lib/python3/dist-packages/oslo_config/cfg.py:2602
2025-05-26 00:39:49.897 158322 DEBUG oslo_service.service [req-41dcc952-98eb-4da4-8108-e143fb21a066 - - - - -] shelved_poll_interval = 3600 log_opt_values /usr/lib/python3/dist-packages/oslo_config/cfg.py:2602
2025-05-26 00:39:49.898 158322 DEBUG oslo_service.service [req-41dcc952-98eb-4da4-8108-e143fb21a066 - - - - -] shutdown_timeout = 60 log_opt_values /usr/lib/python3/dist-packages/oslo_config/cfg.py:2602
2025-05-26 00:39:49.898 158322 DEBUG oslo_service.service [req-41dcc952-98eb-4da4-8108-e143fb21a066 - - - - -] source_is_ipv6 = False log_opt_values /usr/lib/python3/dist-packages/oslo_config/cfg.py:2602
2025-05-26 00:39:49.898 158322 DEBUG oslo_service.service [req-41dcc952-98eb-4da4-8108-e143fb21a066 - - - - -] ssl_only = False log_opt_values /usr/lib/python3/dist-packages/oslo_config/cfg.py:2602
2025-05-26 00:39:49.898 158322 DEBUG oslo_service.service [req-41dcc952-98eb-4da4-8108-e143fb21a066 - - - - -] state_path = /var/lib/nova log_opt_values /usr/lib/python3/dist-packages/oslo_config/cfg.py:2602
2025-05-26 00:39:49.899 158322 DEBUG oslo_service.service [req-41dcc952-98eb-4da4-8108-e143fb21a066 - - - - -] sync_power_state_interval = 600 log_opt_values /usr/lib/python3/dist-packages/oslo_config/cfg.py:2602
2025-05-26 00:39:49.899 158322 DEBUG oslo_service.service [req-41dcc952-98eb-4da4-8108-e143fb21a066 - - - - -] sync_power_state_pool_size = 1000 log_opt_values /usr/lib/python3/dist-packages/oslo_config/cfg.py:2602
2025-05-26 00:39:49.899 158322 DEBUG oslo_service.service [req-41dcc952-98eb-4da4-8108-e143fb21a066 - - - - -] syslog_log_facility = LOG_USER log_opt_values /usr/lib/python3/dist-packages/oslo_config/cfg.py:2602
2025-05-26 00:39:49.900 158322 DEBUG oslo_service.service [req-41dcc952-98eb-4da4-8108-e143fb21a066 - - - - -] tempdir = None log_opt_values /usr/lib/python3/dist-packages/oslo_config/cfg.py:2602
2025-05-26 00:39:49.900 158322 DEBUG oslo_service.service [req-41dcc952-98eb-4da4-8108-e143fb21a066 - - - - -] timeout_nbd = 10 log_opt_values /usr/lib/python3/dist-packages/oslo_config/cfg.py:2602
2025-05-26 00:39:49.900 158322 DEBUG oslo_service.service [req-41dcc952-98eb-4da4-8108-e143fb21a066 - - - - -] transport_url = **** log_opt_values /usr/lib/python3/dist-packages/oslo_config/cfg.py:2602
2025-05-26 00:39:49.900 158322 DEBUG oslo_service.service [req-41dcc952-98eb-4da4-8108-e143fb21a066 - - - - -] update_resources_interval = 0 log_opt_values /usr/lib/python3/dist-packages/oslo_config/cfg.py:2602
2025-05-26 00:39:49.901 158322 DEBUG oslo_service.service [req-41dcc952-98eb-4da4-8108-e143fb21a066 - - - - -] use_cow_images = True log_opt_values /usr/lib/python3/dist-packages/oslo_config/cfg.py:2602
2025-05-26 00:39:49.900 158640 DEBUG oslo_db.sqlalchemy.engines [req-0db822cf-4090-4c75-a82f-d3e6379d1af7 - - - - -] MySQL server mode set to STRICT_TRANS_TABLES,STRICT_ALL_TABLES,NO_ZERO_IN_DATE,NO_ZERO_DATE,ERROR_FOR_DIVISION_BY_ZERO,TRADITIONAL,NO_ENGINE_SUBSTITUTION _check_effective_sql_mode /usr/lib/python3/dist-packages/oslo_db/sqlalchemy/engines.py:314
2025-05-26 00:39:49.901 158322 DEBUG oslo_service.service [req-41dcc952-98eb-4da4-8108-e143fb21a066 - - - - -] use_eventlog = False log_opt_values /usr/lib/python3/dist-packages/oslo_config/cfg.py:2602
2025-05-26 00:39:49.901 158322 DEBUG oslo_service.service [req-41dcc952-98eb-4da4-8108-e143fb21a066 - - - - -] use_journal = False log_opt_values /usr/lib/python3/dist-packages/oslo_config/cfg.py:2602
2025-05-26 00:39:49.902 158322 DEBUG oslo_service.service [req-41dcc952-98eb-4da4-8108-e143fb21a066 - - - - -] use_json = False log_opt_values /usr/lib/python3/dist-packages/oslo_config/cfg.py:2602
2025-05-26 00:39:49.902 158322 DEBUG oslo_service.service [req-41dcc952-98eb-4da4-8108-e143fb21a066 - - - - -] use_rootwrap_daemon = False log_opt_values /usr/lib/python3/dist-packages/oslo_config/cfg.py:2602
2025-05-26 00:39:49.902 158322 DEBUG oslo_service.service [req-41dcc952-98eb-4da4-8108-e143fb21a066 - - - - -] use_stderr = False log_opt_values /usr/lib/python3/dist-packages/oslo_config/cfg.py:2602
2025-05-26 00:39:49.902 158322 DEBUG oslo_service.service [req-41dcc952-98eb-4da4-8108-e143fb21a066 - - - - -] use_syslog = False log_opt_values /usr/lib/python3/dist-packages/oslo_config/cfg.py:2602
2025-05-26 00:39:49.903 158322 DEBUG oslo_service.service [req-41dcc952-98eb-4da4-8108-e143fb21a066 - - - - -] vcpu_pin_set = None log_opt_values /usr/lib/python3/dist-packages/oslo_config/cfg.py:2602
2025-05-26 00:39:49.903 158322 DEBUG oslo_service.service [req-41dcc952-98eb-4da4-8108-e143fb21a066 - - - - -] vif_plugging_is_fatal = True log_opt_values /usr/lib/python3/dist-packages/oslo_config/cfg.py:2602
2025-05-26 00:39:49.903 158322 DEBUG oslo_service.service [req-41dcc952-98eb-4da4-8108-e143fb21a066 - - - - -] vif_plugging_timeout = 300 log_opt_values /usr/lib/python3/dist-packages/oslo_config/cfg.py:2602
2025-05-26 00:39:49.903 158322 DEBUG oslo_service.service [req-41dcc952-98eb-4da4-8108-e143fb21a066 - - - - -] virt_mkfs = [] log_opt_values /usr/lib/python3/dist-packages/oslo_config/cfg.py:2602
2025-05-26 00:39:49.903 158322 DEBUG oslo_service.service [req-41dcc952-98eb-4da4-8108-e143fb21a066 - - - - -] volume_usage_poll_interval = 0 log_opt_values /usr/lib/python3/dist-packages/oslo_config/cfg.py:2602
2025-05-26 00:39:49.904 158322 DEBUG oslo_service.service [req-41dcc952-98eb-4da4-8108-e143fb21a066 - - - - -] watch_log_file = False log_opt_values /usr/lib/python3/dist-packages/oslo_config/cfg.py:2602
2025-05-26 00:39:49.904 158322 DEBUG oslo_service.service [req-41dcc952-98eb-4da4-8108-e143fb21a066 - - - - -] web = /usr/share/spice-html5 log_opt_values /usr/lib/python3/dist-packages/oslo_config/cfg.py:2602
2025-05-26 00:39:49.904 158322 DEBUG oslo_service.service [req-41dcc952-98eb-4da4-8108-e143fb21a066 - - - - -] oslo_concurrency.disable_process_locking = False log_opt_values /usr/lib/python3/dist-packages/oslo_config/cfg.py:2609
2025-05-26 00:39:49.904 158322 DEBUG oslo_service.service [req-41dcc952-98eb-4da4-8108-e143fb21a066 - - - - -] oslo_concurrency.lock_path = /var/lock/nova log_opt_values /usr/lib/python3/dist-packages/oslo_config/cfg.py:2609
2025-05-26 00:39:49.905 158322 DEBUG oslo_service.service [req-41dcc952-98eb-4da4-8108-e143fb21a066 - - - - -] oslo_messaging_metrics.metrics_buffer_size = 1000 log_opt_values /usr/lib/python3/dist-packages/oslo_config/cfg.py:2609
2025-05-26 00:39:49.905 158322 DEBUG oslo_service.service [req-41dcc952-98eb-4da4-8108-e143fb21a066 - - - - -] oslo_messaging_metrics.metrics_enabled = False log_opt_values /usr/lib/python3/dist-packages/oslo_config/cfg.py:2609
2025-05-26 00:39:49.905 158322 DEBUG oslo_service.service [req-41dcc952-98eb-4da4-8108-e143fb21a066 - - - - -] oslo_messaging_metrics.metrics_process_name = log_opt_values /usr/lib/python3/dist-packages/oslo_config/cfg.py:2609
2025-05-26 00:39:49.906 158322 DEBUG oslo_service.service [req-41dcc952-98eb-4da4-8108-e143fb21a066 - - - - -] oslo_messaging_metrics.metrics_socket_file = /var/tmp/metrics_collector.sock log_opt_values /usr/lib/python3/dist-packages/oslo_config/cfg.py:2609
2025-05-26 00:39:49.906 158322 DEBUG oslo_service.service [req-41dcc952-98eb-4da4-8108-e143fb21a066 - - - - -] oslo_messaging_metrics.metrics_thread_stop_timeout = 10 log_opt_values /usr/lib/python3/dist-packages/oslo_config/cfg.py:2609
2025-05-26 00:39:49.906 158637 DEBUG oslo_messaging._drivers.amqpdriver [-] Listener is running poll /usr/lib/python3/dist-packages/oslo_messaging/_drivers/amqpdriver.py:343
2025-05-26 00:39:49.906 158637 DEBUG oslo_messaging._drivers.amqpdriver [-] AMQPListener connection consume poll /usr/lib/python3/dist-packages/oslo_messaging/_drivers/amqpdriver.py:357
2025-05-26 00:39:49.906 158322 WARNING oslo_config.cfg [req-41dcc952-98eb-4da4-8108-e143fb21a066 - - - - -] Deprecated: Option "auth_strategy" from group "api" is deprecated for removal ( The only non-default choice, ``noauth2``, is for internal development and testing purposes only and should not be used in deployments. This option and its middleware, NoAuthMiddleware[V2_18], will be removed in a future release. ). Its value may be silently ignored in the future.
2025-05-26 00:39:49.907 158322 DEBUG oslo_service.service [req-41dcc952-98eb-4da4-8108-e143fb21a066 - - - - -] api.auth_strategy = keystone log_opt_values /usr/lib/python3/dist-packages/oslo_config/cfg.py:2609
2025-05-26 00:39:49.907 158322 DEBUG oslo_service.service [req-41dcc952-98eb-4da4-8108-e143fb21a066 - - - - -] api.compute_link_prefix = None log_opt_values /usr/lib/python3/dist-packages/oslo_config/cfg.py:2609
2025-05-26 00:39:49.907 158637 DEBUG nova.service [req-936b9e24-480d-4c60-80b0-f30dbf1621e7 - - - - -] Join ServiceGroup membership for this service conductor start /usr/lib/python3/dist-packages/nova/service.py:199
2025-05-26 00:39:49.907 158322 DEBUG oslo_service.service [req-41dcc952-98eb-4da4-8108-e143fb21a066 - - - - -] api.config_drive_skip_versions = 1.0 2007-01-19 2007-03-01 2007-08-29 2007-10-10 2007-12-15 2008-02-01 2008-09-01 log_opt_values /usr/lib/python3/dist-packages/oslo_config/cfg.py:2609
2025-05-26 00:39:49.907 158637 DEBUG nova.servicegroup.drivers.db [req-936b9e24-480d-4c60-80b0-f30dbf1621e7 - - - - -] DB_Driver: join new ServiceGroup member juju-3ccf39-0-lxd-7 to the conductor group, service = join /usr/lib/python3/dist-packages/nova/servicegroup/drivers/db.py:44
2025-05-26 00:39:49.907 158322 DEBUG oslo_service.service [req-41dcc952-98eb-4da4-8108-e143fb21a066 - - - - -] api.dhcp_domain = novalocal log_opt_values /usr/lib/python3/dist-packages/oslo_config/cfg.py:2609
2025-05-26 00:39:49.908 158322 DEBUG oslo_service.service [req-41dcc952-98eb-4da4-8108-e143fb21a066 - - - - -] api.enable_instance_password = True log_opt_values /usr/lib/python3/dist-packages/oslo_config/cfg.py:2609
2025-05-26 00:39:49.908 158322 DEBUG oslo_service.service [req-41dcc952-98eb-4da4-8108-e143fb21a066 - - - - -] api.glance_link_prefix = None log_opt_values /usr/lib/python3/dist-packages/oslo_config/cfg.py:2609
2025-05-26 00:39:49.908 158322 DEBUG oslo_service.service [req-41dcc952-98eb-4da4-8108-e143fb21a066 - - - - -] api.instance_list_cells_batch_fixed_size = 100 log_opt_values /usr/lib/python3/dist-packages/oslo_config/cfg.py:2609
2025-05-26 00:39:49.908 158322 DEBUG oslo_service.service [req-41dcc952-98eb-4da4-8108-e143fb21a066 - - - - -] api.instance_list_cells_batch_strategy = distributed log_opt_values /usr/lib/python3/dist-packages/oslo_config/cfg.py:2609
2025-05-26 00:39:49.908 158322 DEBUG oslo_service.service [req-41dcc952-98eb-4da4-8108-e143fb21a066 - - - - -] api.instance_list_per_project_cells = False log_opt_values /usr/lib/python3/dist-packages/oslo_config/cfg.py:2609
2025-05-26 00:39:49.909 158322 DEBUG oslo_service.service [req-41dcc952-98eb-4da4-8108-e143fb21a066 - - - - -] api.list_records_by_skipping_down_cells = True log_opt_values /usr/lib/python3/dist-packages/oslo_config/cfg.py:2609
2025-05-26 00:39:49.909 158322 DEBUG oslo_service.service [req-41dcc952-98eb-4da4-8108-e143fb21a066 - - - - -] api.local_metadata_per_cell = False log_opt_values /usr/lib/python3/dist-packages/oslo_config/cfg.py:2609
2025-05-26 00:39:49.909 158322 DEBUG oslo_service.service [req-41dcc952-98eb-4da4-8108-e143fb21a066 - - - - -] api.max_limit = 1000 log_opt_values /usr/lib/python3/dist-packages/oslo_config/cfg.py:2609
2025-05-26 00:39:49.909 158322 DEBUG oslo_service.service [req-41dcc952-98eb-4da4-8108-e143fb21a066 - - - - -] api.metadata_cache_expiration = 15 log_opt_values /usr/lib/python3/dist-packages/oslo_config/cfg.py:2609
2025-05-26 00:39:49.909 158322 DEBUG oslo_service.service [req-41dcc952-98eb-4da4-8108-e143fb21a066 - - - - -] api.neutron_default_tenant_id = default log_opt_values /usr/lib/python3/dist-packages/oslo_config/cfg.py:2609
2025-05-26 00:39:49.910 158322 DEBUG oslo_service.service [req-41dcc952-98eb-4da4-8108-e143fb21a066 - - - - -] api.use_forwarded_for = False log_opt_values /usr/lib/python3/dist-packages/oslo_config/cfg.py:2609
2025-05-26 00:39:49.910 158637 DEBUG oslo_messaging._drivers.amqpdriver [-] AMQPListener connection timeout poll /usr/lib/python3/dist-packages/oslo_messaging/_drivers/amqpdriver.py:360
2025-05-26 00:39:49.910 158322 DEBUG oslo_service.service [req-41dcc952-98eb-4da4-8108-e143fb21a066 - - - - -] api.use_neutron_default_nets = False log_opt_values /usr/lib/python3/dist-packages/oslo_config/cfg.py:2609
2025-05-26 00:39:49.910 158637 DEBUG oslo_messaging._drivers.amqpdriver [-] Listener is running poll /usr/lib/python3/dist-packages/oslo_messaging/_drivers/amqpdriver.py:343
2025-05-26 00:39:49.910 158637 DEBUG oslo_messaging._drivers.amqpdriver [-] AMQPListener connection consume poll /usr/lib/python3/dist-packages/oslo_messaging/_drivers/amqpdriver.py:357
2025-05-26 00:39:49.910 158322 DEBUG oslo_service.service [req-41dcc952-98eb-4da4-8108-e143fb21a066 - - - - -] api.vendordata_dynamic_connect_timeout = 5 log_opt_values /usr/lib/python3/dist-packages/oslo_config/cfg.py:2609
2025-05-26 00:39:49.910 158322 DEBUG oslo_service.service [req-41dcc952-98eb-4da4-8108-e143fb21a066 - - - - -] api.vendordata_dynamic_failure_fatal = False log_opt_values /usr/lib/python3/dist-packages/oslo_config/cfg.py:2609
2025-05-26 00:39:49.911 158322 DEBUG oslo_service.service [req-41dcc952-98eb-4da4-8108-e143fb21a066 - - - - -] api.vendordata_dynamic_read_timeout = 5 log_opt_values /usr/lib/python3/dist-packages/oslo_config/cfg.py:2609
2025-05-26 00:39:49.911 158322 DEBUG oslo_service.service [req-41dcc952-98eb-4da4-8108-e143fb21a066 - - - - -] api.vendordata_dynamic_ssl_certfile = log_opt_values /usr/lib/python3/dist-packages/oslo_config/cfg.py:2609
2025-05-26 00:39:49.911 158322 DEBUG oslo_service.service [req-41dcc952-98eb-4da4-8108-e143fb21a066 - - - - -] api.vendordata_dynamic_targets = [] log_opt_values /usr/lib/python3/dist-packages/oslo_config/cfg.py:2609
2025-05-26 00:39:49.912 158322 DEBUG oslo_service.service [req-41dcc952-98eb-4da4-8108-e143fb21a066 - - - - -] api.vendordata_jsonfile_path = None log_opt_values /usr/lib/python3/dist-packages/oslo_config/cfg.py:2609
2025-05-26 00:39:49.912 158322 DEBUG oslo_service.service [req-41dcc952-98eb-4da4-8108-e143fb21a066 - - - - -] api.vendordata_providers = ['StaticJSON'] log_opt_values /usr/lib/python3/dist-packages/oslo_config/cfg.py:2609
2025-05-26 00:39:49.912 158322 DEBUG oslo_service.service [req-41dcc952-98eb-4da4-8108-e143fb21a066 - - - - -] cache.backend = dogpile.cache.null log_opt_values /usr/lib/python3/dist-packages/oslo_config/cfg.py:2609
2025-05-26 00:39:49.913 158322 DEBUG oslo_service.service [req-41dcc952-98eb-4da4-8108-e143fb21a066 - - - - -] cache.backend_argument = **** log_opt_values /usr/lib/python3/dist-packages/oslo_config/cfg.py:2609
2025-05-26 00:39:49.913 158322 DEBUG oslo_service.service [req-41dcc952-98eb-4da4-8108-e143fb21a066 - - - - -] cache.config_prefix = cache.oslo log_opt_values /usr/lib/python3/dist-packages/oslo_config/cfg.py:2609
2025-05-26 00:39:49.913 158322 DEBUG oslo_service.service [req-41dcc952-98eb-4da4-8108-e143fb21a066 - - - - -] cache.debug_cache_backend = False log_opt_values /usr/lib/python3/dist-packages/oslo_config/cfg.py:2609
2025-05-26 00:39:49.913 158322 DEBUG oslo_service.service [req-41dcc952-98eb-4da4-8108-e143fb21a066 - - - - -] cache.enabled = False log_opt_values /usr/lib/python3/dist-packages/oslo_config/cfg.py:2609
2025-05-26 00:39:49.913 158322 DEBUG oslo_service.service [req-41dcc952-98eb-4da4-8108-e143fb21a066 - - - - -] cache.expiration_time = 600 log_opt_values /usr/lib/python3/dist-packages/oslo_config/cfg.py:2609
2025-05-26 00:39:49.914 158322 DEBUG oslo_service.service [req-41dcc952-98eb-4da4-8108-e143fb21a066 - - - - -] cache.memcache_dead_retry = 300 log_opt_values /usr/lib/python3/dist-packages/oslo_config/cfg.py:2609
2025-05-26 00:39:49.914 158322 DEBUG oslo_service.service [req-41dcc952-98eb-4da4-8108-e143fb21a066 - - - - -] cache.memcache_pool_connection_get_timeout = 10 log_opt_values /usr/lib/python3/dist-packages/oslo_config/cfg.py:2609
2025-05-26 00:39:49.914 158322 DEBUG oslo_service.service [req-41dcc952-98eb-4da4-8108-e143fb21a066 - - - - -] cache.memcache_pool_flush_on_reconnect = False log_opt_values /usr/lib/python3/dist-packages/oslo_config/cfg.py:2609
2025-05-26 00:39:49.914 158322 DEBUG oslo_service.service [req-41dcc952-98eb-4da4-8108-e143fb21a066 - - - - -] cache.memcache_pool_maxsize = 10 log_opt_values /usr/lib/python3/dist-packages/oslo_config/cfg.py:2609
2025-05-26 00:39:49.914 158322 DEBUG oslo_service.service [req-41dcc952-98eb-4da4-8108-e143fb21a066 - - - - -] cache.memcache_pool_unused_timeout = 60 log_opt_values /usr/lib/python3/dist-packages/oslo_config/cfg.py:2609
2025-05-26 00:39:49.914 158639 DEBUG nova.service [req-3f98c900-424a-42f3-a72f-cf74ae00b588 - - - - -] Creating RPC server for service conductor start /usr/lib/python3/dist-packages/nova/service.py:182
2025-05-26 00:39:49.915 158322 DEBUG oslo_service.service [req-41dcc952-98eb-4da4-8108-e143fb21a066 - - - - -] cache.memcache_servers = ['localhost:11211'] log_opt_values /usr/lib/python3/dist-packages/oslo_config/cfg.py:2609
2025-05-26 00:39:49.915 158322 DEBUG oslo_service.service [req-41dcc952-98eb-4da4-8108-e143fb21a066 - - - - -] cache.memcache_socket_timeout = 1.0 log_opt_values /usr/lib/python3/dist-packages/oslo_config/cfg.py:2609
2025-05-26 00:39:49.915 158322 DEBUG oslo_service.service [req-41dcc952-98eb-4da4-8108-e143fb21a066 - - - - -] cache.proxies = [] log_opt_values /usr/lib/python3/dist-packages/oslo_config/cfg.py:2609
2025-05-26 00:39:49.916 158322 DEBUG oslo_service.service [req-41dcc952-98eb-4da4-8108-e143fb21a066 - - - - -] cache.tls_allowed_ciphers = None log_opt_values /usr/lib/python3/dist-packages/oslo_config/cfg.py:2609
2025-05-26 00:39:49.916 158322 DEBUG oslo_service.service [req-41dcc952-98eb-4da4-8108-e143fb21a066 - - - - -] cache.tls_cafile = None log_opt_values /usr/lib/python3/dist-packages/oslo_config/cfg.py:2609
2025-05-26 00:39:49.916 158322 DEBUG oslo_service.service [req-41dcc952-98eb-4da4-8108-e143fb21a066 - - - - -] cache.tls_certfile = None log_opt_values /usr/lib/python3/dist-packages/oslo_config/cfg.py:2609
2025-05-26 00:39:49.916 158322 DEBUG oslo_service.service [req-41dcc952-98eb-4da4-8108-e143fb21a066 - - - - -] cache.tls_enabled = False log_opt_values /usr/lib/python3/dist-packages/oslo_config/cfg.py:2609
2025-05-26 00:39:49.916 158322 DEBUG oslo_service.service [req-41dcc952-98eb-4da4-8108-e143fb21a066 - - - - -] cache.tls_keyfile = None log_opt_values /usr/lib/python3/dist-packages/oslo_config/cfg.py:2609
2025-05-26 00:39:49.917 158322 DEBUG oslo_service.service [req-41dcc952-98eb-4da4-8108-e143fb21a066 - - - - -] cinder.auth_section = None log_opt_values /usr/lib/python3/dist-packages/oslo_config/cfg.py:2609
2025-05-26 00:39:49.917 158322 DEBUG oslo_service.service [req-41dcc952-98eb-4da4-8108-e143fb21a066 - - - - -] cinder.auth_type = None log_opt_values /usr/lib/python3/dist-packages/oslo_config/cfg.py:2609
2025-05-26 00:39:49.917 158322 DEBUG oslo_service.service [req-41dcc952-98eb-4da4-8108-e143fb21a066 - - - - -] cinder.cafile = None log_opt_values /usr/lib/python3/dist-packages/oslo_config/cfg.py:2609
2025-05-26 00:39:49.918 158322 DEBUG oslo_service.service [req-41dcc952-98eb-4da4-8108-e143fb21a066 - - - - -] cinder.catalog_info = volumev3::publicURL log_opt_values /usr/lib/python3/dist-packages/oslo_config/cfg.py:2609
2025-05-26 00:39:49.918 158322 DEBUG oslo_service.service [req-41dcc952-98eb-4da4-8108-e143fb21a066 - - - - -] cinder.certfile = None log_opt_values /usr/lib/python3/dist-packages/oslo_config/cfg.py:2609
2025-05-26 00:39:49.918 158322 DEBUG oslo_service.service [req-41dcc952-98eb-4da4-8108-e143fb21a066 - - - - -] cinder.collect_timing = False log_opt_values /usr/lib/python3/dist-packages/oslo_config/cfg.py:2609
2025-05-26 00:39:49.919 158322 DEBUG oslo_service.service [req-41dcc952-98eb-4da4-8108-e143fb21a066 - - - - -] cinder.cross_az_attach = True log_opt_values /usr/lib/python3/dist-packages/oslo_config/cfg.py:2609
2025-05-26 00:39:49.919 158322 DEBUG oslo_service.service [req-41dcc952-98eb-4da4-8108-e143fb21a066 - - - - -] cinder.debug = False log_opt_values /usr/lib/python3/dist-packages/oslo_config/cfg.py:2609
2025-05-26 00:39:49.919 158322 DEBUG oslo_service.service [req-41dcc952-98eb-4da4-8108-e143fb21a066 - - - - -] cinder.endpoint_template = None log_opt_values /usr/lib/python3/dist-packages/oslo_config/cfg.py:2609
2025-05-26 00:39:49.919 158322 DEBUG oslo_service.service [req-41dcc952-98eb-4da4-8108-e143fb21a066 - - - - -] cinder.http_retries = 3 log_opt_values /usr/lib/python3/dist-packages/oslo_config/cfg.py:2609
2025-05-26 00:39:49.920 158322 DEBUG oslo_service.service [req-41dcc952-98eb-4da4-8108-e143fb21a066 - - - - -] cinder.insecure = False log_opt_values /usr/lib/python3/dist-packages/oslo_config/cfg.py:2609
2025-05-26 00:39:49.920 158322 DEBUG oslo_service.service [req-41dcc952-98eb-4da4-8108-e143fb21a066 - - - - -] cinder.keyfile = None log_opt_values /usr/lib/python3/dist-packages/oslo_config/cfg.py:2609
2025-05-26 00:39:49.920 158322 DEBUG oslo_service.service [req-41dcc952-98eb-4da4-8108-e143fb21a066 - - - - -] cinder.os_region_name = None log_opt_values /usr/lib/python3/dist-packages/oslo_config/cfg.py:2609
2025-05-26 00:39:49.920 158322 DEBUG oslo_service.service [req-41dcc952-98eb-4da4-8108-e143fb21a066 - - - - -] cinder.split_loggers = False log_opt_values /usr/lib/python3/dist-packages/oslo_config/cfg.py:2609
2025-05-26 00:39:49.920 158640 DEBUG nova.service [req-0db822cf-4090-4c75-a82f-d3e6379d1af7 - - - - -] Creating RPC server for service conductor start /usr/lib/python3/dist-packages/nova/service.py:182
2025-05-26 00:39:49.921 158322 DEBUG oslo_service.service [req-41dcc952-98eb-4da4-8108-e143fb21a066 - - - - -] cinder.timeout = None log_opt_values /usr/lib/python3/dist-packages/oslo_config/cfg.py:2609
2025-05-26 00:39:49.921 158322 DEBUG oslo_service.service [req-41dcc952-98eb-4da4-8108-e143fb21a066 - - - - -] compute.consecutive_build_service_disable_threshold = 10 log_opt_values /usr/lib/python3/dist-packages/oslo_config/cfg.py:2609
2025-05-26 00:39:49.921 158322 DEBUG oslo_service.service [req-41dcc952-98eb-4da4-8108-e143fb21a066 - - - - -] compute.cpu_dedicated_set = None log_opt_values /usr/lib/python3/dist-packages/oslo_config/cfg.py:2609
2025-05-26 00:39:49.922 158322 DEBUG oslo_service.service [req-41dcc952-98eb-4da4-8108-e143fb21a066 - - - - -] compute.cpu_shared_set = None log_opt_values /usr/lib/python3/dist-packages/oslo_config/cfg.py:2609
2025-05-26 00:39:49.922 158322 DEBUG oslo_service.service [req-41dcc952-98eb-4da4-8108-e143fb21a066 - - - - -] compute.image_type_exclude_list = [] log_opt_values /usr/lib/python3/dist-packages/oslo_config/cfg.py:2609
2025-05-26 00:39:49.922 158322 DEBUG oslo_service.service [req-41dcc952-98eb-4da4-8108-e143fb21a066 - - - - -] compute.live_migration_wait_for_vif_plug = True log_opt_values /usr/lib/python3/dist-packages/oslo_config/cfg.py:2609
2025-05-26 00:39:49.922 158322 DEBUG oslo_service.service [req-41dcc952-98eb-4da4-8108-e143fb21a066 - - - - -] compute.max_concurrent_disk_ops = 0 log_opt_values /usr/lib/python3/dist-packages/oslo_config/cfg.py:2609
2025-05-26 00:39:49.922 158322 DEBUG oslo_service.service [req-41dcc952-98eb-4da4-8108-e143fb21a066 - - - - -] compute.max_disk_devices_to_attach = -1 log_opt_values /usr/lib/python3/dist-packages/oslo_config/cfg.py:2609
2025-05-26 00:39:49.923 158322 DEBUG oslo_service.service [req-41dcc952-98eb-4da4-8108-e143fb21a066 - - - - -] compute.packing_host_numa_cells_allocation_strategy = True log_opt_values /usr/lib/python3/dist-packages/oslo_config/cfg.py:2609
2025-05-26 00:39:49.923 158322 DEBUG oslo_service.service [req-41dcc952-98eb-4da4-8108-e143fb21a066 - - - - -] compute.provider_config_location = /etc/nova/provider_config/ log_opt_values /usr/lib/python3/dist-packages/oslo_config/cfg.py:2609
2025-05-26 00:39:49.924 158322 DEBUG oslo_service.service [req-41dcc952-98eb-4da4-8108-e143fb21a066 - - - - -] compute.resource_provider_association_refresh = 300 log_opt_values /usr/lib/python3/dist-packages/oslo_config/cfg.py:2609
2025-05-26 00:39:49.924 158322 DEBUG oslo_service.service [req-41dcc952-98eb-4da4-8108-e143fb21a066 - - - - -] compute.shutdown_retry_interval = 10 log_opt_values /usr/lib/python3/dist-packages/oslo_config/cfg.py:2609
2025-05-26 00:39:49.924 158322 DEBUG oslo_service.service [req-41dcc952-98eb-4da4-8108-e143fb21a066 - - - - -] compute.vmdk_allowed_types = ['streamOptimized', 'monolithicSparse'] log_opt_values /usr/lib/python3/dist-packages/oslo_config/cfg.py:2609
2025-05-26 00:39:49.924 158322 DEBUG oslo_service.service [req-41dcc952-98eb-4da4-8108-e143fb21a066 - - - - -] conductor.workers = 4 log_opt_values /usr/lib/python3/dist-packages/oslo_config/cfg.py:2609
2025-05-26 00:39:49.924 158322 DEBUG oslo_service.service [req-41dcc952-98eb-4da4-8108-e143fb21a066 - - - - -] console.allowed_origins = [] log_opt_values /usr/lib/python3/dist-packages/oslo_config/cfg.py:2609
2025-05-26 00:39:49.925 158322 DEBUG oslo_service.service [req-41dcc952-98eb-4da4-8108-e143fb21a066 - - - - -] console.ssl_ciphers = None log_opt_values /usr/lib/python3/dist-packages/oslo_config/cfg.py:2609
2025-05-26 00:39:49.925 158322 DEBUG oslo_service.service [req-41dcc952-98eb-4da4-8108-e143fb21a066 - - - - -] console.ssl_minimum_version = default log_opt_values /usr/lib/python3/dist-packages/oslo_config/cfg.py:2609
2025-05-26 00:39:49.925 158322 DEBUG oslo_service.service [req-41dcc952-98eb-4da4-8108-e143fb21a066 - - - - -] consoleauth.token_ttl = 600 log_opt_values /usr/lib/python3/dist-packages/oslo_config/cfg.py:2609
2025-05-26 00:39:49.926 158322 DEBUG oslo_service.service [req-41dcc952-98eb-4da4-8108-e143fb21a066 - - - - -] cyborg.cafile = None log_opt_values /usr/lib/python3/dist-packages/oslo_config/cfg.py:2609
2025-05-26 00:39:49.926 158322 DEBUG oslo_service.service [req-41dcc952-98eb-4da4-8108-e143fb21a066 - - - - -] cyborg.certfile = None log_opt_values /usr/lib/python3/dist-packages/oslo_config/cfg.py:2609
2025-05-26 00:39:49.926 158322 DEBUG oslo_service.service [req-41dcc952-98eb-4da4-8108-e143fb21a066 - - - - -] cyborg.collect_timing = False log_opt_values /usr/lib/python3/dist-packages/oslo_config/cfg.py:2609
2025-05-26 00:39:49.926 158322 DEBUG oslo_service.service [req-41dcc952-98eb-4da4-8108-e143fb21a066 - - - - -] cyborg.connect_retries = None log_opt_values /usr/lib/python3/dist-packages/oslo_config/cfg.py:2609
2025-05-26 00:39:49.927 158322 DEBUG oslo_service.service [req-41dcc952-98eb-4da4-8108-e143fb21a066 - - - - -] cyborg.connect_retry_delay = None log_opt_values /usr/lib/python3/dist-packages/oslo_config/cfg.py:2609
2025-05-26 00:39:49.927 158322 DEBUG oslo_service.service [req-41dcc952-98eb-4da4-8108-e143fb21a066 - - - - -] cyborg.endpoint_override = None log_opt_values /usr/lib/python3/dist-packages/oslo_config/cfg.py:2609
2025-05-26 00:39:49.928 158322 DEBUG oslo_service.service [req-41dcc952-98eb-4da4-8108-e143fb21a066 - - - - -] cyborg.insecure = False log_opt_values /usr/lib/python3/dist-packages/oslo_config/cfg.py:2609
2025-05-26 00:39:49.928 158322 DEBUG oslo_service.service [req-41dcc952-98eb-4da4-8108-e143fb21a066 - - - - -] cyborg.keyfile = None log_opt_values /usr/lib/python3/dist-packages/oslo_config/cfg.py:2609
2025-05-26 00:39:49.928 158322 DEBUG oslo_service.service [req-41dcc952-98eb-4da4-8108-e143fb21a066 - - - - -] cyborg.max_version = None log_opt_values /usr/lib/python3/dist-packages/oslo_config/cfg.py:2609
2025-05-26 00:39:49.929 158322 DEBUG oslo_service.service [req-41dcc952-98eb-4da4-8108-e143fb21a066 - - - - -] cyborg.min_version = None log_opt_values /usr/lib/python3/dist-packages/oslo_config/cfg.py:2609
2025-05-26 00:39:49.929 158322 DEBUG oslo_service.service [req-41dcc952-98eb-4da4-8108-e143fb21a066 - - - - -] cyborg.region_name = None log_opt_values /usr/lib/python3/dist-packages/oslo_config/cfg.py:2609
2025-05-26 00:39:49.929 158322 DEBUG oslo_service.service [req-41dcc952-98eb-4da4-8108-e143fb21a066 - - - - -] cyborg.service_name = None log_opt_values /usr/lib/python3/dist-packages/oslo_config/cfg.py:2609
2025-05-26 00:39:49.929 158322 DEBUG oslo_service.service [req-41dcc952-98eb-4da4-8108-e143fb21a066 - - - - -] cyborg.service_type = accelerator log_opt_values /usr/lib/python3/dist-packages/oslo_config/cfg.py:2609
2025-05-26 00:39:49.929 158322 DEBUG oslo_service.service [req-41dcc952-98eb-4da4-8108-e143fb21a066 - - - - -] cyborg.split_loggers = False log_opt_values /usr/lib/python3/dist-packages/oslo_config/cfg.py:2609
2025-05-26 00:39:49.930 158322 DEBUG oslo_service.service [req-41dcc952-98eb-4da4-8108-e143fb21a066 - - - - -] cyborg.status_code_retries = None log_opt_values /usr/lib/python3/dist-packages/oslo_config/cfg.py:2609
2025-05-26 00:39:49.930 158322 DEBUG oslo_service.service [req-41dcc952-98eb-4da4-8108-e143fb21a066 - - - - -] cyborg.status_code_retry_delay = None log_opt_values /usr/lib/python3/dist-packages/oslo_config/cfg.py:2609
2025-05-26 00:39:49.930 158322 DEBUG oslo_service.service [req-41dcc952-98eb-4da4-8108-e143fb21a066 - - - - -] cyborg.timeout = None log_opt_values /usr/lib/python3/dist-packages/oslo_config/cfg.py:2609
2025-05-26 00:39:49.930 158322 DEBUG oslo_service.service [req-41dcc952-98eb-4da4-8108-e143fb21a066 - - - - -] cyborg.valid_interfaces = ['internal', 'public'] log_opt_values /usr/lib/python3/dist-packages/oslo_config/cfg.py:2609
2025-05-26 00:39:49.930 158638 DEBUG oslo_messaging._drivers.amqpdriver [-] Listener is running poll /usr/lib/python3/dist-packages/oslo_messaging/_drivers/amqpdriver.py:343
2025-05-26 00:39:49.931 158322 DEBUG oslo_service.service [req-41dcc952-98eb-4da4-8108-e143fb21a066 - - - - -] cyborg.version = None log_opt_values /usr/lib/python3/dist-packages/oslo_config/cfg.py:2609
2025-05-26 00:39:49.931 158638 DEBUG oslo_messaging._drivers.amqpdriver [-] AMQPListener connection consume poll /usr/lib/python3/dist-packages/oslo_messaging/_drivers/amqpdriver.py:357
2025-05-26 00:39:49.931 158322 DEBUG oslo_service.service [req-41dcc952-98eb-4da4-8108-e143fb21a066 - - - - -] database.backend = sqlalchemy log_opt_values /usr/lib/python3/dist-packages/oslo_config/cfg.py:2609
2025-05-26 00:39:49.931 158322 DEBUG oslo_service.service [req-41dcc952-98eb-4da4-8108-e143fb21a066 - - - - -] database.connection = **** log_opt_values /usr/lib/python3/dist-packages/oslo_config/cfg.py:2609
2025-05-26 00:39:49.931 158322 DEBUG oslo_service.service [req-41dcc952-98eb-4da4-8108-e143fb21a066 - - - - -] database.connection_debug = 0 log_opt_values /usr/lib/python3/dist-packages/oslo_config/cfg.py:2609
2025-05-26 00:39:49.932 158322 DEBUG oslo_service.service [req-41dcc952-98eb-4da4-8108-e143fb21a066 - - - - -] database.connection_parameters = log_opt_values /usr/lib/python3/dist-packages/oslo_config/cfg.py:2609
2025-05-26 00:39:49.932 158322 DEBUG oslo_service.service [req-41dcc952-98eb-4da4-8108-e143fb21a066 - - - - -] database.connection_recycle_time = 3600 log_opt_values /usr/lib/python3/dist-packages/oslo_config/cfg.py:2609
2025-05-26 00:39:49.932 158322 DEBUG oslo_service.service [req-41dcc952-98eb-4da4-8108-e143fb21a066 - - - - -] database.connection_trace = False log_opt_values /usr/lib/python3/dist-packages/oslo_config/cfg.py:2609
2025-05-26 00:39:49.933 158322 DEBUG oslo_service.service [req-41dcc952-98eb-4da4-8108-e143fb21a066 - - - - -] database.db_inc_retry_interval = True log_opt_values /usr/lib/python3/dist-packages/oslo_config/cfg.py:2609
2025-05-26 00:39:49.932 158638 DEBUG nova.service [req-ce94c1c0-d609-4fad-b125-6c051dad4bba - - - - -] Join ServiceGroup membership for this service conductor start /usr/lib/python3/dist-packages/nova/service.py:199
2025-05-26 00:39:49.933 158322 DEBUG oslo_service.service [req-41dcc952-98eb-4da4-8108-e143fb21a066 - - - - -] database.db_max_retries = 20 log_opt_values /usr/lib/python3/dist-packages/oslo_config/cfg.py:2609
2025-05-26 00:39:49.934 158638 DEBUG nova.servicegroup.drivers.db [req-ce94c1c0-d609-4fad-b125-6c051dad4bba - - - - -] DB_Driver: join new ServiceGroup member juju-3ccf39-0-lxd-7 to the conductor group, service = join /usr/lib/python3/dist-packages/nova/servicegroup/drivers/db.py:44
2025-05-26 00:39:49.934 158322 DEBUG oslo_service.service [req-41dcc952-98eb-4da4-8108-e143fb21a066 - - - - -] database.db_max_retry_interval = 10 log_opt_values /usr/lib/python3/dist-packages/oslo_config/cfg.py:2609
2025-05-26 00:39:49.934 158322 DEBUG oslo_service.service [req-41dcc952-98eb-4da4-8108-e143fb21a066 - - - - -] database.db_retry_interval = 1 log_opt_values /usr/lib/python3/dist-packages/oslo_config/cfg.py:2609
2025-05-26 00:39:49.934 158322 DEBUG oslo_service.service [req-41dcc952-98eb-4da4-8108-e143fb21a066 - - - - -] database.max_overflow = 50 log_opt_values /usr/lib/python3/dist-packages/oslo_config/cfg.py:2609
2025-05-26 00:39:49.935 158322 DEBUG oslo_service.service [req-41dcc952-98eb-4da4-8108-e143fb21a066 - - - - -] database.max_pool_size = 4 log_opt_values /usr/lib/python3/dist-packages/oslo_config/cfg.py:2609
2025-05-26 00:39:49.935 158322 DEBUG oslo_service.service [req-41dcc952-98eb-4da4-8108-e143fb21a066 - - - - -] database.max_retries = 10 log_opt_values /usr/lib/python3/dist-packages/oslo_config/cfg.py:2609
2025-05-26 00:39:49.935 158638 DEBUG oslo_messaging._drivers.amqpdriver [-] AMQPListener connection timeout poll /usr/lib/python3/dist-packages/oslo_messaging/_drivers/amqpdriver.py:360
2025-05-26 00:39:49.935 158322 DEBUG oslo_service.service [req-41dcc952-98eb-4da4-8108-e143fb21a066 - - - - -] database.mysql_enable_ndb = False log_opt_values /usr/lib/python3/dist-packages/oslo_config/cfg.py:2609
2025-05-26 00:39:49.936 158638 DEBUG oslo_messaging._drivers.amqpdriver [-] Listener is running poll /usr/lib/python3/dist-packages/oslo_messaging/_drivers/amqpdriver.py:343
2025-05-26 00:39:49.936 158638 DEBUG oslo_messaging._drivers.amqpdriver [-] AMQPListener connection consume poll /usr/lib/python3/dist-packages/oslo_messaging/_drivers/amqpdriver.py:357
2025-05-26 00:39:49.936 158322 DEBUG oslo_service.service [req-41dcc952-98eb-4da4-8108-e143fb21a066 - - - - -] database.mysql_sql_mode = TRADITIONAL log_opt_values /usr/lib/python3/dist-packages/oslo_config/cfg.py:2609
2025-05-26 00:39:49.937 158322 DEBUG oslo_service.service [req-41dcc952-98eb-4da4-8108-e143fb21a066 - - - - -] database.pool_timeout = None log_opt_values /usr/lib/python3/dist-packages/oslo_config/cfg.py:2609
2025-05-26 00:39:49.937 158322 DEBUG oslo_service.service [req-41dcc952-98eb-4da4-8108-e143fb21a066 - - - - -] database.retry_interval = 10 log_opt_values /usr/lib/python3/dist-packages/oslo_config/cfg.py:2609
2025-05-26 00:39:49.937 158322 DEBUG oslo_service.service [req-41dcc952-98eb-4da4-8108-e143fb21a066 - - - - -] database.slave_connection = **** log_opt_values /usr/lib/python3/dist-packages/oslo_config/cfg.py:2609
2025-05-26 00:39:49.937 158322 DEBUG oslo_service.service [req-41dcc952-98eb-4da4-8108-e143fb21a066 - - - - -] database.sqlite_synchronous = True log_opt_values /usr/lib/python3/dist-packages/oslo_config/cfg.py:2609
2025-05-26 00:39:49.938 158322 DEBUG oslo_service.service [req-41dcc952-98eb-4da4-8108-e143fb21a066 - - - - -] database.use_db_reconnect = False log_opt_values /usr/lib/python3/dist-packages/oslo_config/cfg.py:2609
2025-05-26 00:39:49.938 158322 DEBUG oslo_service.service [req-41dcc952-98eb-4da4-8108-e143fb21a066 - - - - -] api_database.backend = sqlalchemy log_opt_values /usr/lib/python3/dist-packages/oslo_config/cfg.py:2609
2025-05-26 00:39:49.939 158322 DEBUG oslo_service.service [req-41dcc952-98eb-4da4-8108-e143fb21a066 - - - - -] api_database.connection = **** log_opt_values /usr/lib/python3/dist-packages/oslo_config/cfg.py:2609
2025-05-26 00:39:49.939 158322 DEBUG oslo_service.service [req-41dcc952-98eb-4da4-8108-e143fb21a066 - - - - -] api_database.connection_debug = 0 log_opt_values /usr/lib/python3/dist-packages/oslo_config/cfg.py:2609
2025-05-26 00:39:49.939 158322 DEBUG oslo_service.service [req-41dcc952-98eb-4da4-8108-e143fb21a066 - - - - -] api_database.connection_parameters = log_opt_values /usr/lib/python3/dist-packages/oslo_config/cfg.py:2609
2025-05-26 00:39:49.940 158322 DEBUG oslo_service.service [req-41dcc952-98eb-4da4-8108-e143fb21a066 - - - - -] api_database.connection_recycle_time = 3600 log_opt_values /usr/lib/python3/dist-packages/oslo_config/cfg.py:2609
2025-05-26 00:39:49.940 158322 DEBUG oslo_service.service [req-41dcc952-98eb-4da4-8108-e143fb21a066 - - - - -] api_database.connection_trace = False log_opt_values /usr/lib/python3/dist-packages/oslo_config/cfg.py:2609
2025-05-26 00:39:49.940 158322 DEBUG oslo_service.service [req-41dcc952-98eb-4da4-8108-e143fb21a066 - - - - -] api_database.db_inc_retry_interval = True log_opt_values /usr/lib/python3/dist-packages/oslo_config/cfg.py:2609
2025-05-26 00:39:49.940 158322 DEBUG oslo_service.service [req-41dcc952-98eb-4da4-8108-e143fb21a066 - - - - -] api_database.db_max_retries = 20 log_opt_values /usr/lib/python3/dist-packages/oslo_config/cfg.py:2609
2025-05-26 00:39:49.941 158322 DEBUG oslo_service.service [req-41dcc952-98eb-4da4-8108-e143fb21a066 - - - - -] api_database.db_max_retry_interval = 10 log_opt_values /usr/lib/python3/dist-packages/oslo_config/cfg.py:2609
2025-05-26 00:39:49.941 158322 DEBUG oslo_service.service [req-41dcc952-98eb-4da4-8108-e143fb21a066 - - - - -] api_database.db_retry_interval = 1 log_opt_values /usr/lib/python3/dist-packages/oslo_config/cfg.py:2609
2025-05-26 00:39:49.941 158322 DEBUG oslo_service.service [req-41dcc952-98eb-4da4-8108-e143fb21a066 - - - - -] api_database.max_overflow = 50 log_opt_values /usr/lib/python3/dist-packages/oslo_config/cfg.py:2609
2025-05-26 00:39:49.941 158322 DEBUG oslo_service.service [req-41dcc952-98eb-4da4-8108-e143fb21a066 - - - - -] api_database.max_pool_size = 4 log_opt_values /usr/lib/python3/dist-packages/oslo_config/cfg.py:2609
2025-05-26 00:39:49.942 158322 DEBUG oslo_service.service [req-41dcc952-98eb-4da4-8108-e143fb21a066 - - - - -] api_database.max_retries = 10 log_opt_values /usr/lib/python3/dist-packages/oslo_config/cfg.py:2609
2025-05-26 00:39:49.942 158322 DEBUG oslo_service.service [req-41dcc952-98eb-4da4-8108-e143fb21a066 - - - - -] api_database.mysql_enable_ndb = False log_opt_values /usr/lib/python3/dist-packages/oslo_config/cfg.py:2609
2025-05-26 00:39:49.942 158322 DEBUG oslo_service.service [req-41dcc952-98eb-4da4-8108-e143fb21a066 - - - - -] api_database.mysql_sql_mode = TRADITIONAL log_opt_values /usr/lib/python3/dist-packages/oslo_config/cfg.py:2609
2025-05-26 00:39:49.943 158322 DEBUG oslo_service.service [req-41dcc952-98eb-4da4-8108-e143fb21a066 - - - - -] api_database.pool_timeout = None log_opt_values /usr/lib/python3/dist-packages/oslo_config/cfg.py:2609
2025-05-26 00:39:49.943 158322 DEBUG oslo_service.service [req-41dcc952-98eb-4da4-8108-e143fb21a066 - - - - -] api_database.retry_interval = 10 log_opt_values /usr/lib/python3/dist-packages/oslo_config/cfg.py:2609
2025-05-26 00:39:49.943 158322 DEBUG oslo_service.service [req-41dcc952-98eb-4da4-8108-e143fb21a066 - - - - -] api_database.slave_connection = **** log_opt_values /usr/lib/python3/dist-packages/oslo_config/cfg.py:2609
2025-05-26 00:39:49.943 158322 DEBUG oslo_service.service [req-41dcc952-98eb-4da4-8108-e143fb21a066 - - - - -] api_database.sqlite_synchronous = True log_opt_values /usr/lib/python3/dist-packages/oslo_config/cfg.py:2609
2025-05-26 00:39:49.943 158322 DEBUG oslo_service.service [req-41dcc952-98eb-4da4-8108-e143fb21a066 - - - - -] devices.enabled_mdev_types = [] log_opt_values /usr/lib/python3/dist-packages/oslo_config/cfg.py:2609
2025-05-26 00:39:49.944 158322 DEBUG oslo_service.service [req-41dcc952-98eb-4da4-8108-e143fb21a066 - - - - -] ephemeral_storage_encryption.cipher = aes-xts-plain64 log_opt_values /usr/lib/python3/dist-packages/oslo_config/cfg.py:2609
2025-05-26 00:39:49.944 158322 DEBUG oslo_service.service [req-41dcc952-98eb-4da4-8108-e143fb21a066 - - - - -] ephemeral_storage_encryption.enabled = False log_opt_values /usr/lib/python3/dist-packages/oslo_config/cfg.py:2609
2025-05-26 00:39:49.944 158322 DEBUG oslo_service.service [req-41dcc952-98eb-4da4-8108-e143fb21a066 - - - - -] ephemeral_storage_encryption.key_size = 512 log_opt_values /usr/lib/python3/dist-packages/oslo_config/cfg.py:2609
2025-05-26 00:39:49.945 158322 WARNING oslo_config.cfg [req-41dcc952-98eb-4da4-8108-e143fb21a066 - - - - -] Deprecated: Option "api_servers" from group "glance" is deprecated for removal ( Support for image service configuration via standard keystoneauth1 Adapter options was added in the 17.0.0 Queens release. The api_servers option was retained temporarily to allow consumers time to cut over to a real load balancing solution. ). Its value may be silently ignored in the future.
2025-05-26 00:39:49.945 158322 DEBUG oslo_service.service [req-41dcc952-98eb-4da4-8108-e143fb21a066 - - - - -] glance.api_servers = ['http://252.33.221.85:9292'] log_opt_values /usr/lib/python3/dist-packages/oslo_config/cfg.py:2609
2025-05-26 00:39:49.946 158322 DEBUG oslo_service.service [req-41dcc952-98eb-4da4-8108-e143fb21a066 - - - - -] glance.cafile = None log_opt_values /usr/lib/python3/dist-packages/oslo_config/cfg.py:2609
2025-05-26 00:39:49.946 158322 DEBUG oslo_service.service [req-41dcc952-98eb-4da4-8108-e143fb21a066 - - - - -] glance.certfile = None log_opt_values /usr/lib/python3/dist-packages/oslo_config/cfg.py:2609
2025-05-26 00:39:49.946 158322 DEBUG oslo_service.service [req-41dcc952-98eb-4da4-8108-e143fb21a066 - - - - -] glance.collect_timing = False log_opt_values /usr/lib/python3/dist-packages/oslo_config/cfg.py:2609
2025-05-26 00:39:49.947 158322 DEBUG oslo_service.service [req-41dcc952-98eb-4da4-8108-e143fb21a066 - - - - -] glance.connect_retries = None log_opt_values /usr/lib/python3/dist-packages/oslo_config/cfg.py:2609
2025-05-26 00:39:49.949 158322 DEBUG oslo_service.service [req-41dcc952-98eb-4da4-8108-e143fb21a066 - - - - -] glance.connect_retry_delay = None log_opt_values /usr/lib/python3/dist-packages/oslo_config/cfg.py:2609
2025-05-26 00:39:49.949 158639 DEBUG oslo_messaging._drivers.amqpdriver [-] Listener is running poll /usr/lib/python3/dist-packages/oslo_messaging/_drivers/amqpdriver.py:343
2025-05-26 00:39:49.950 158322 DEBUG oslo_service.service [req-41dcc952-98eb-4da4-8108-e143fb21a066 - - - - -] glance.debug = False log_opt_values /usr/lib/python3/dist-packages/oslo_config/cfg.py:2609
2025-05-26 00:39:49.950 158639 DEBUG oslo_messaging._drivers.amqpdriver [-] AMQPListener connection consume poll /usr/lib/python3/dist-packages/oslo_messaging/_drivers/amqpdriver.py:357
2025-05-26 00:39:49.950 158322 DEBUG oslo_service.service [req-41dcc952-98eb-4da4-8108-e143fb21a066 - - - - -] glance.default_trusted_certificate_ids = [] log_opt_values /usr/lib/python3/dist-packages/oslo_config/cfg.py:2609
2025-05-26 00:39:49.950 158640 DEBUG oslo_messaging._drivers.amqpdriver [-] Listener is running poll /usr/lib/python3/dist-packages/oslo_messaging/_drivers/amqpdriver.py:343
2025-05-26 00:39:49.950 158322 DEBUG oslo_service.service [req-41dcc952-98eb-4da4-8108-e143fb21a066 - - - - -] glance.enable_certificate_validation = False log_opt_values /usr/lib/python3/dist-packages/oslo_config/cfg.py:2609
2025-05-26 00:39:49.950 158640 DEBUG oslo_messaging._drivers.amqpdriver [-] AMQPListener connection consume poll /usr/lib/python3/dist-packages/oslo_messaging/_drivers/amqpdriver.py:357
2025-05-26 00:39:49.951 158322 DEBUG oslo_service.service [req-41dcc952-98eb-4da4-8108-e143fb21a066 - - - - -] glance.enable_rbd_download = False log_opt_values /usr/lib/python3/dist-packages/oslo_config/cfg.py:2609
2025-05-26 00:39:49.951 158322 DEBUG oslo_service.service [req-41dcc952-98eb-4da4-8108-e143fb21a066 - - - - -] glance.endpoint_override = None log_opt_values /usr/lib/python3/dist-packages/oslo_config/cfg.py:2609
2025-05-26 00:39:49.951 158640 DEBUG nova.service [req-0db822cf-4090-4c75-a82f-d3e6379d1af7 - - - - -] Join ServiceGroup membership for this service conductor start /usr/lib/python3/dist-packages/nova/service.py:199
2025-05-26 00:39:49.951 158322 DEBUG oslo_service.service [req-41dcc952-98eb-4da4-8108-e143fb21a066 - - - - -] glance.insecure = False log_opt_values /usr/lib/python3/dist-packages/oslo_config/cfg.py:2609
2025-05-26 00:39:49.952 158640 DEBUG nova.servicegroup.drivers.db [req-0db822cf-4090-4c75-a82f-d3e6379d1af7 - - - - -] DB_Driver: join new ServiceGroup member juju-3ccf39-0-lxd-7 to the conductor group, service = join /usr/lib/python3/dist-packages/nova/servicegroup/drivers/db.py:44
2025-05-26 00:39:49.952 158322 DEBUG oslo_service.service [req-41dcc952-98eb-4da4-8108-e143fb21a066 - - - - -] glance.keyfile = None log_opt_values /usr/lib/python3/dist-packages/oslo_config/cfg.py:2609
2025-05-26 00:39:49.953 158322 DEBUG oslo_service.service [req-41dcc952-98eb-4da4-8108-e143fb21a066 - - - - -] glance.max_version = None log_opt_values /usr/lib/python3/dist-packages/oslo_config/cfg.py:2609
2025-05-26 00:39:49.952 158639 DEBUG nova.service [req-3f98c900-424a-42f3-a72f-cf74ae00b588 - - - - -] Join ServiceGroup membership for this service conductor start /usr/lib/python3/dist-packages/nova/service.py:199
2025-05-26 00:39:49.953 158322 DEBUG oslo_service.service [req-41dcc952-98eb-4da4-8108-e143fb21a066 - - - - -] glance.min_version = None log_opt_values /usr/lib/python3/dist-packages/oslo_config/cfg.py:2609
2025-05-26 00:39:49.953 158639 DEBUG nova.servicegroup.drivers.db [req-3f98c900-424a-42f3-a72f-cf74ae00b588 - - - - -] DB_Driver: join new ServiceGroup member juju-3ccf39-0-lxd-7 to the conductor group, service = join /usr/lib/python3/dist-packages/nova/servicegroup/drivers/db.py:44
2025-05-26 00:39:49.953 158322 DEBUG oslo_service.service [req-41dcc952-98eb-4da4-8108-e143fb21a066 - - - - -] glance.num_retries = 3 log_opt_values /usr/lib/python3/dist-packages/oslo_config/cfg.py:2609
2025-05-26 00:39:49.953 158322 DEBUG oslo_service.service [req-41dcc952-98eb-4da4-8108-e143fb21a066 - - - - -] glance.rbd_ceph_conf = log_opt_values /usr/lib/python3/dist-packages/oslo_config/cfg.py:2609
2025-05-26 00:39:49.953 158322 DEBUG oslo_service.service [req-41dcc952-98eb-4da4-8108-e143fb21a066 - - - - -] glance.rbd_connect_timeout = 5 log_opt_values /usr/lib/python3/dist-packages/oslo_config/cfg.py:2609
2025-05-26 00:39:49.954 158322 DEBUG oslo_service.service [req-41dcc952-98eb-4da4-8108-e143fb21a066 - - - - -] glance.rbd_pool = log_opt_values /usr/lib/python3/dist-packages/oslo_config/cfg.py:2609
2025-05-26 00:39:49.954 158639 DEBUG oslo_messaging._drivers.amqpdriver [-] AMQPListener connection timeout poll /usr/lib/python3/dist-packages/oslo_messaging/_drivers/amqpdriver.py:360
2025-05-26 00:39:49.954 158639 DEBUG oslo_messaging._drivers.amqpdriver [-] Listener is running poll /usr/lib/python3/dist-packages/oslo_messaging/_drivers/amqpdriver.py:343
