2025-05-26 02:12:04.651 7 DEBUG oslo_service.service [-] ml2_type_gre.tunnel_id_ranges = [] log_opt_values /var/lib/kolla/venv/lib/python3.6/site-packages/oslo_config/cfg.py:2611
2025-05-26 02:12:04.651 7 DEBUG oslo_service.service [-] ml2_type_vlan.network_vlan_ranges = [] log_opt_values /var/lib/kolla/venv/lib/python3.6/site-packages/oslo_config/cfg.py:2611
2025-05-26 02:12:04.651 7 DEBUG oslo_service.service [-] ml2_type_vxlan.vni_ranges = [] log_opt_values /var/lib/kolla/venv/lib/python3.6/site-packages/oslo_config/cfg.py:2611
2025-05-26 02:12:04.651 7 DEBUG oslo_service.service [-] ml2_type_vxlan.vxlan_group = None log_opt_values /var/lib/kolla/venv/lib/python3.6/site-packages/oslo_config/cfg.py:2611
2025-05-26 02:12:04.651 7 DEBUG oslo_service.service [-] database.backend = sqlalchemy log_opt_values /var/lib/kolla/venv/lib/python3.6/site-packages/oslo_config/cfg.py:2611
2025-05-26 02:12:04.651 7 DEBUG oslo_service.service [-] database.connection = **** log_opt_values /var/lib/kolla/venv/lib/python3.6/site-packages/oslo_config/cfg.py:2611
2025-05-26 02:12:04.651 7 DEBUG oslo_service.service [-] database.connection_debug = 0 log_opt_values /var/lib/kolla/venv/lib/python3.6/site-packages/oslo_config/cfg.py:2611
2025-05-26 02:12:04.651 7 DEBUG oslo_service.service [-] database.connection_parameters = log_opt_values /var/lib/kolla/venv/lib/python3.6/site-packages/oslo_config/cfg.py:2611
2025-05-26 02:12:04.652 7 DEBUG oslo_service.service [-] database.connection_recycle_time = 10 log_opt_values /var/lib/kolla/venv/lib/python3.6/site-packages/oslo_config/cfg.py:2611
2025-05-26 02:12:04.652 7 DEBUG oslo_service.service [-] database.connection_trace = False log_opt_values /var/lib/kolla/venv/lib/python3.6/site-packages/oslo_config/cfg.py:2611
2025-05-26 02:12:04.652 7 DEBUG oslo_service.service [-] database.db_inc_retry_interval = True log_opt_values /var/lib/kolla/venv/lib/python3.6/site-packages/oslo_config/cfg.py:2611
2025-05-26 02:12:04.652 7 DEBUG oslo_service.service [-] database.db_max_retries = 20 log_opt_values /var/lib/kolla/venv/lib/python3.6/site-packages/oslo_config/cfg.py:2611
2025-05-26 02:12:04.652 7 DEBUG oslo_service.service [-] database.db_max_retry_interval = 10 log_opt_values /var/lib/kolla/venv/lib/python3.6/site-packages/oslo_config/cfg.py:2611
2025-05-26 02:12:04.652 7 DEBUG oslo_service.service [-] database.db_retry_interval = 1 log_opt_values /var/lib/kolla/venv/lib/python3.6/site-packages/oslo_config/cfg.py:2611
2025-05-26 02:12:04.652 7 DEBUG oslo_service.service [-] database.max_overflow = 50 log_opt_values /var/lib/kolla/venv/lib/python3.6/site-packages/oslo_config/cfg.py:2611
2025-05-26 02:12:04.652 7 DEBUG oslo_service.service [-] database.max_pool_size = 1 log_opt_values /var/lib/kolla/venv/lib/python3.6/site-packages/oslo_config/cfg.py:2611
2025-05-26 02:12:04.652 7 DEBUG oslo_service.service [-] database.max_retries = -1 log_opt_values /var/lib/kolla/venv/lib/python3.6/site-packages/oslo_config/cfg.py:2611
2025-05-26 02:12:04.652 7 DEBUG oslo_service.service [-] database.mysql_enable_ndb = False log_opt_values /var/lib/kolla/venv/lib/python3.6/site-packages/oslo_config/cfg.py:2611
2025-05-26 02:12:04.652 7 DEBUG oslo_service.service [-] database.mysql_sql_mode = TRADITIONAL log_opt_values /var/lib/kolla/venv/lib/python3.6/site-packages/oslo_config/cfg.py:2611
2025-05-26 02:12:04.652 7 DEBUG oslo_service.service [-] database.pool_timeout = None log_opt_values /var/lib/kolla/venv/lib/python3.6/site-packages/oslo_config/cfg.py:2611
2025-05-26 02:12:04.652 7 DEBUG oslo_service.service [-] database.retry_interval = 10 log_opt_values /var/lib/kolla/venv/lib/python3.6/site-packages/oslo_config/cfg.py:2611
2025-05-26 02:12:04.652 7 DEBUG oslo_service.service [-] database.slave_connection = **** log_opt_values /var/lib/kolla/venv/lib/python3.6/site-packages/oslo_config/cfg.py:2611
2025-05-26 02:12:04.652 7 DEBUG oslo_service.service [-] database.sqlite_synchronous = True log_opt_values /var/lib/kolla/venv/lib/python3.6/site-packages/oslo_config/cfg.py:2611
2025-05-26 02:12:04.653 7 DEBUG oslo_service.service [-] database.use_db_reconnect = False log_opt_values /var/lib/kolla/venv/lib/python3.6/site-packages/oslo_config/cfg.py:2611
2025-05-26 02:12:04.653 7 DEBUG oslo_service.service [-] ******************************************************************************** log_opt_values /var/lib/kolla/venv/lib/python3.6/site-packages/oslo_config/cfg.py:2613
2025-05-26 02:12:05.781 22 DEBUG neutron.wsgi [-] (22) accepted ('10.0.0.50', 56080) server /var/lib/kolla/venv/lib/python3.6/site-packages/eventlet/wsgi.py:1004
2025-05-26 02:12:05.788 22 INFO neutron.wsgi [-] 10.0.0.50 "GET / HTTP/1.1" status: 200 len: 227 time: 0.0055406
2025-05-26 02:12:09.054 23 DEBUG neutron.api.rpc.handlers.dhcp_rpc [req-643ff5c9-1326-4cac-baec-ed03f109b0a7 - - - - -] get_active_networks_info from cn-jenkins-deploy-platform-ansible-os-3338-1 get_active_networks_info /var/lib/kolla/venv/lib/python3.6/site-packages/neutron/api/rpc/handlers/dhcp_rpc.py:159
2025-05-26 02:12:09.083 26 DEBUG neutron_lib.callbacks.manager [req-24c6fd6c-3106-4a31-afca-298b46ba4d11 - - - - -] Publish callbacks ['neutron.services.segments.db._update_segment_host_mapping_for_agent-8788835800179', 'neutron.services.l3_router.l3_router_plugin.DVRResourceOperationHandler.create_fip_agent_gw_ports-580611'] for agent (d1e41a8e-de23-42bc-b38c-a4bec8fa1b14), after_create _notify_loop /var/lib/kolla/venv/lib/python3.6/site-packages/neutron_lib/callbacks/manager.py:177
2025-05-26 02:12:09.105 23 DEBUG neutron.scheduler.dhcp_agent_scheduler [req-643ff5c9-1326-4cac-baec-ed03f109b0a7 - - - - -] No non-hosted networks auto_schedule_networks /var/lib/kolla/venv/lib/python3.6/site-packages/neutron/scheduler/dhcp_agent_scheduler.py:60
2025-05-26 02:12:27.605 28 DEBUG neutron_lib.callbacks.manager [req-36919c1b-4d01-4bec-90bd-05a3eebe7ba6 - - - - -] Publish callbacks ['neutron.services.segments.db._update_segment_host_mapping_for_agent-8788835800179', 'neutron.services.l3_router.l3_router_plugin.DVRResourceOperationHandler.create_fip_agent_gw_ports-580611'] for agent (bb528234-b92d-4f9d-90d6-401791096f3d), after_create _notify_loop /var/lib/kolla/venv/lib/python3.6/site-packages/neutron_lib/callbacks/manager.py:177
2025-05-26 02:12:35.835 22 DEBUG neutron.wsgi [-] (22) accepted ('10.0.0.50', 42062) server /var/lib/kolla/venv/lib/python3.6/site-packages/eventlet/wsgi.py:1004
2025-05-26 02:12:35.838 22 INFO neutron.wsgi [-] 10.0.0.50 "GET / HTTP/1.1" status: 200 len: 227 time: 0.0030432
2025-05-26 02:12:39.065 27 DEBUG neutron_lib.callbacks.manager [req-3e880230-415d-48d2-bb11-9a3639fdd0c8 - - - - -] Publish callbacks ['neutron.services.segments.db._update_segment_host_mapping_for_agent-8788835800179', 'neutron.plugins.ml2.plugin.Ml2Plugin._retry_binding_revived_agents-1565276'] for agent (d1e41a8e-de23-42bc-b38c-a4bec8fa1b14), after_update _notify_loop /var/lib/kolla/venv/lib/python3.6/site-packages/neutron_lib/callbacks/manager.py:177
2025-05-26 02:12:57.565 23 DEBUG neutron_lib.callbacks.manager [req-36919c1b-4d01-4bec-90bd-05a3eebe7ba6 - - - - -] Publish callbacks ['neutron.services.segments.db._update_segment_host_mapping_for_agent-8788835800179', 'neutron.plugins.ml2.plugin.Ml2Plugin._retry_binding_revived_agents-1565276'] for agent (bb528234-b92d-4f9d-90d6-401791096f3d), after_update _notify_loop /var/lib/kolla/venv/lib/python3.6/site-packages/neutron_lib/callbacks/manager.py:177
2025-05-26 02:13:03.614 29 DEBUG neutron.db.agents_db [req-5d0de270-83a8-4a48-9a57-6734fbb64eff - - - - -] Agent healthcheck: found 2 active agents agent_health_check /var/lib/kolla/venv/lib/python3.6/site-packages/neutron/db/agents_db.py:318
2025-05-26 02:13:05.885 22 DEBUG neutron.wsgi [-] (22) accepted ('10.0.0.50', 40130) server /var/lib/kolla/venv/lib/python3.6/site-packages/eventlet/wsgi.py:1004
2025-05-26 02:13:05.891 22 INFO neutron.wsgi [-] 10.0.0.50 "GET / HTTP/1.1" status: 200 len: 227 time: 0.0041857
2025-05-26 02:13:09.072 24 DEBUG neutron_lib.callbacks.manager [req-fa46a7d4-49dc-4881-880d-549260ed5608 - - - - -] Publish callbacks ['neutron.services.segments.db._update_segment_host_mapping_for_agent-8788835800179', 'neutron.plugins.ml2.plugin.Ml2Plugin._retry_binding_revived_agents-1565276'] for agent (d1e41a8e-de23-42bc-b38c-a4bec8fa1b14), after_update _notify_loop /var/lib/kolla/venv/lib/python3.6/site-packages/neutron_lib/callbacks/manager.py:177
2025-05-26 02:13:27.577 25 DEBUG neutron_lib.callbacks.manager [req-36919c1b-4d01-4bec-90bd-05a3eebe7ba6 - - - - -] Publish callbacks ['neutron.services.segments.db._update_segment_host_mapping_for_agent-8788835800179', 'neutron.plugins.ml2.plugin.Ml2Plugin._retry_binding_revived_agents-1565276'] for agent (bb528234-b92d-4f9d-90d6-401791096f3d), after_update _notify_loop /var/lib/kolla/venv/lib/python3.6/site-packages/neutron_lib/callbacks/manager.py:177
2025-05-26 02:13:35.943 22 DEBUG neutron.wsgi [-] (22) accepted ('10.0.0.50', 35482) server /var/lib/kolla/venv/lib/python3.6/site-packages/eventlet/wsgi.py:1004
2025-05-26 02:13:35.947 22 INFO neutron.wsgi [-] 10.0.0.50 "GET / HTTP/1.1" status: 200 len: 227 time: 0.0035608
2025-05-26 02:13:39.052 26 DEBUG neutron_lib.callbacks.manager [req-7ecb3fd8-22ab-4092-96b2-b6195c92c2af - - - - -] Publish callbacks ['neutron.services.segments.db._update_segment_host_mapping_for_agent-8788835800179', 'neutron.plugins.ml2.plugin.Ml2Plugin._retry_binding_revived_agents-1565276'] for agent (d1e41a8e-de23-42bc-b38c-a4bec8fa1b14), after_update _notify_loop /var/lib/kolla/venv/lib/python3.6/site-packages/neutron_lib/callbacks/manager.py:177
2025-05-26 02:13:40.612 29 DEBUG neutron.db.agents_db [req-5d0de270-83a8-4a48-9a57-6734fbb64eff - - - - -] Agent healthcheck: found 2 active agents agent_health_check /var/lib/kolla/venv/lib/python3.6/site-packages/neutron/db/agents_db.py:318
2025-05-26 02:13:57.561 28 DEBUG neutron_lib.callbacks.manager [req-36919c1b-4d01-4bec-90bd-05a3eebe7ba6 - - - - -] Publish callbacks ['neutron.services.segments.db._update_segment_host_mapping_for_agent-8788835800179', 'neutron.plugins.ml2.plugin.Ml2Plugin._retry_binding_revived_agents-1565276'] for agent (bb528234-b92d-4f9d-90d6-401791096f3d), after_update _notify_loop /var/lib/kolla/venv/lib/python3.6/site-packages/neutron_lib/callbacks/manager.py:177
2025-05-26 02:14:06.001 22 DEBUG neutron.wsgi [-] (22) accepted ('10.0.0.50', 56790) server /var/lib/kolla/venv/lib/python3.6/site-packages/eventlet/wsgi.py:1004
2025-05-26 02:14:06.005 22 INFO neutron.wsgi [-] 10.0.0.50 "GET / HTTP/1.1" status: 200 len: 227 time: 0.0029681
2025-05-26 02:14:09.052 27 DEBUG neutron_lib.callbacks.manager [req-cf0992e5-491f-490a-a2bb-adf35056d9c3 - - - - -] Publish callbacks ['neutron.services.segments.db._update_segment_host_mapping_for_agent-8788835800179', 'neutron.plugins.ml2.plugin.Ml2Plugin._retry_binding_revived_agents-1565276'] for agent (d1e41a8e-de23-42bc-b38c-a4bec8fa1b14), after_update _notify_loop /var/lib/kolla/venv/lib/python3.6/site-packages/neutron_lib/callbacks/manager.py:177
2025-05-26 02:14:17.609 29 DEBUG neutron.db.agents_db [req-5d0de270-83a8-4a48-9a57-6734fbb64eff - - - - -] Agent healthcheck: found 2 active agents agent_health_check /var/lib/kolla/venv/lib/python3.6/site-packages/neutron/db/agents_db.py:318
2025-05-26 02:14:27.559 23 DEBUG neutron_lib.callbacks.manager [req-36919c1b-4d01-4bec-90bd-05a3eebe7ba6 - - - - -] Publish callbacks ['neutron.services.segments.db._update_segment_host_mapping_for_agent-8788835800179', 'neutron.plugins.ml2.plugin.Ml2Plugin._retry_binding_revived_agents-1565276'] for agent (bb528234-b92d-4f9d-90d6-401791096f3d), after_update _notify_loop /var/lib/kolla/venv/lib/python3.6/site-packages/neutron_lib/callbacks/manager.py:177
2025-05-26 02:14:36.053 22 DEBUG neutron.wsgi [-] (22) accepted ('10.0.0.50', 44448) server /var/lib/kolla/venv/lib/python3.6/site-packages/eventlet/wsgi.py:1004
2025-05-26 02:14:36.058 22 INFO neutron.wsgi [-] 10.0.0.50 "GET / HTTP/1.1" status: 200 len: 227 time: 0.0036063
2025-05-26 02:14:39.052 24 DEBUG neutron_lib.callbacks.manager [req-3396ad25-ac06-4fcd-8d29-221641d64075 - - - - -] Publish callbacks ['neutron.services.segments.db._update_segment_host_mapping_for_agent-8788835800179', 'neutron.plugins.ml2.plugin.Ml2Plugin._retry_binding_revived_agents-1565276'] for agent (d1e41a8e-de23-42bc-b38c-a4bec8fa1b14), after_update _notify_loop /var/lib/kolla/venv/lib/python3.6/site-packages/neutron_lib/callbacks/manager.py:177
2025-05-26 02:14:54.614 29 DEBUG neutron.db.agents_db [req-5d0de270-83a8-4a48-9a57-6734fbb64eff - - - - -] Agent healthcheck: found 2 active agents agent_health_check /var/lib/kolla/venv/lib/python3.6/site-packages/neutron/db/agents_db.py:318
2025-05-26 02:14:57.563 25 DEBUG neutron_lib.callbacks.manager [req-36919c1b-4d01-4bec-90bd-05a3eebe7ba6 - - - - -] Publish callbacks ['neutron.services.segments.db._update_segment_host_mapping_for_agent-8788835800179', 'neutron.plugins.ml2.plugin.Ml2Plugin._retry_binding_revived_agents-1565276'] for agent (bb528234-b92d-4f9d-90d6-401791096f3d), after_update _notify_loop /var/lib/kolla/venv/lib/python3.6/site-packages/neutron_lib/callbacks/manager.py:177
2025-05-26 02:15:06.108 22 DEBUG neutron.wsgi [-] (22) accepted ('10.0.0.50', 49846) server /var/lib/kolla/venv/lib/python3.6/site-packages/eventlet/wsgi.py:1004
2025-05-26 02:15:06.113 22 INFO neutron.wsgi [-] 10.0.0.50 "GET / HTTP/1.1" status: 200 len: 227 time: 0.0033851
2025-05-26 02:15:09.051 26 DEBUG neutron_lib.callbacks.manager [req-f3832a00-008f-417c-8aa1-4e4597b21c28 - - - - -] Publish callbacks ['neutron.services.segments.db._update_segment_host_mapping_for_agent-8788835800179', 'neutron.plugins.ml2.plugin.Ml2Plugin._retry_binding_revived_agents-1565276'] for agent (d1e41a8e-de23-42bc-b38c-a4bec8fa1b14), after_update _notify_loop /var/lib/kolla/venv/lib/python3.6/site-packages/neutron_lib/callbacks/manager.py:177
2025-05-26 02:15:27.565 28 DEBUG neutron_lib.callbacks.manager [req-36919c1b-4d01-4bec-90bd-05a3eebe7ba6 - - - - -] Publish callbacks ['neutron.services.segments.db._update_segment_host_mapping_for_agent-8788835800179', 'neutron.plugins.ml2.plugin.Ml2Plugin._retry_binding_revived_agents-1565276'] for agent (bb528234-b92d-4f9d-90d6-401791096f3d), after_update _notify_loop /var/lib/kolla/venv/lib/python3.6/site-packages/neutron_lib/callbacks/manager.py:177
2025-05-26 02:15:31.613 29 DEBUG neutron.db.agents_db [req-5d0de270-83a8-4a48-9a57-6734fbb64eff - - - - -] Agent healthcheck: found 2 active agents agent_health_check /var/lib/kolla/venv/lib/python3.6/site-packages/neutron/db/agents_db.py:318
2025-05-26 02:15:36.161 22 DEBUG neutron.wsgi [-] (22) accepted ('10.0.0.50', 36186) server /var/lib/kolla/venv/lib/python3.6/site-packages/eventlet/wsgi.py:1004
2025-05-26 02:15:36.165 22 INFO neutron.wsgi [-] 10.0.0.50 "GET / HTTP/1.1" status: 200 len: 227 time: 0.0025651
2025-05-26 02:15:39.048 27 DEBUG neutron_lib.callbacks.manager [req-844e0b2d-d3b5-4698-86e0-66e37fd4b75d - - - - -] Publish callbacks ['neutron.services.segments.db._update_segment_host_mapping_for_agent-8788835800179', 'neutron.plugins.ml2.plugin.Ml2Plugin._retry_binding_revived_agents-1565276'] for agent (d1e41a8e-de23-42bc-b38c-a4bec8fa1b14), after_update _notify_loop /var/lib/kolla/venv/lib/python3.6/site-packages/neutron_lib/callbacks/manager.py:177
2025-05-26 02:15:57.570 23 DEBUG neutron_lib.callbacks.manager [req-36919c1b-4d01-4bec-90bd-05a3eebe7ba6 - - - - -] Publish callbacks ['neutron.services.segments.db._update_segment_host_mapping_for_agent-8788835800179', 'neutron.plugins.ml2.plugin.Ml2Plugin._retry_binding_revived_agents-1565276'] for agent (bb528234-b92d-4f9d-90d6-401791096f3d), after_update _notify_loop /var/lib/kolla/venv/lib/python3.6/site-packages/neutron_lib/callbacks/manager.py:177
2025-05-26 02:16:06.220 22 DEBUG neutron.wsgi [-] (22) accepted ('10.0.0.50', 41940) server /var/lib/kolla/venv/lib/python3.6/site-packages/eventlet/wsgi.py:1004
2025-05-26 02:16:06.225 22 INFO neutron.wsgi [-] 10.0.0.50 "GET / HTTP/1.1" status: 200 len: 227 time: 0.0029910
2025-05-26 02:16:08.620 29 DEBUG neutron.db.agents_db [req-5d0de270-83a8-4a48-9a57-6734fbb64eff - - - - -] Agent healthcheck: found 2 active agents agent_health_check /var/lib/kolla/venv/lib/python3.6/site-packages/neutron/db/agents_db.py:318
2025-05-26 02:16:09.051 24 DEBUG neutron_lib.callbacks.manager [req-1b390abc-ebd2-4587-8558-56006f5bd50f - - - - -] Publish callbacks ['neutron.services.segments.db._update_segment_host_mapping_for_agent-8788835800179', 'neutron.plugins.ml2.plugin.Ml2Plugin._retry_binding_revived_agents-1565276'] for agent (d1e41a8e-de23-42bc-b38c-a4bec8fa1b14), after_update _notify_loop /var/lib/kolla/venv/lib/python3.6/site-packages/neutron_lib/callbacks/manager.py:177
2025-05-26 02:16:27.575 25 DEBUG neutron_lib.callbacks.manager [req-36919c1b-4d01-4bec-90bd-05a3eebe7ba6 - - - - -] Publish callbacks ['neutron.services.segments.db._update_segment_host_mapping_for_agent-8788835800179', 'neutron.plugins.ml2.plugin.Ml2Plugin._retry_binding_revived_agents-1565276'] for agent (bb528234-b92d-4f9d-90d6-401791096f3d), after_update _notify_loop /var/lib/kolla/venv/lib/python3.6/site-packages/neutron_lib/callbacks/manager.py:177
2025-05-26 02:16:36.279 22 DEBUG neutron.wsgi [-] (22) accepted ('10.0.0.50', 56760) server /var/lib/kolla/venv/lib/python3.6/site-packages/eventlet/wsgi.py:1004
2025-05-26 02:16:36.288 22 INFO neutron.wsgi [-] 10.0.0.50 "GET / HTTP/1.1" status: 200 len: 227 time: 0.0074115
2025-05-26 02:16:39.050 26 DEBUG neutron_lib.callbacks.manager [req-6db4d7e7-6f3e-4332-a67f-4feca6885c35 - - - - -] Publish callbacks ['neutron.services.segments.db._update_segment_host_mapping_for_agent-8788835800179', 'neutron.plugins.ml2.plugin.Ml2Plugin._retry_binding_revived_agents-1565276'] for agent (d1e41a8e-de23-42bc-b38c-a4bec8fa1b14), after_update _notify_loop /var/lib/kolla/venv/lib/python3.6/site-packages/neutron_lib/callbacks/manager.py:177
2025-05-26 02:16:45.626 29 DEBUG neutron.db.agents_db [req-5d0de270-83a8-4a48-9a57-6734fbb64eff - - - - -] Agent healthcheck: found 2 active agents agent_health_check /var/lib/kolla/venv/lib/python3.6/site-packages/neutron/db/agents_db.py:318
2025-05-26 02:16:57.580 28 DEBUG neutron_lib.callbacks.manager [req-36919c1b-4d01-4bec-90bd-05a3eebe7ba6 - - - - -] Publish callbacks ['neutron.services.segments.db._update_segment_host_mapping_for_agent-8788835800179', 'neutron.plugins.ml2.plugin.Ml2Plugin._retry_binding_revived_agents-1565276'] for agent (bb528234-b92d-4f9d-90d6-401791096f3d), after_update _notify_loop /var/lib/kolla/venv/lib/python3.6/site-packages/neutron_lib/callbacks/manager.py:177
2025-05-26 02:17:06.347 22 DEBUG neutron.wsgi [-] (22) accepted ('10.0.0.50', 56284) server /var/lib/kolla/venv/lib/python3.6/site-packages/eventlet/wsgi.py:1004
2025-05-26 02:17:06.352 22 INFO neutron.wsgi [-] 10.0.0.50 "GET / HTTP/1.1" status: 200 len: 227 time: 0.0033486
2025-05-26 02:17:09.049 27 DEBUG neutron_lib.callbacks.manager [req-c9c1e893-27fe-4057-aa88-de1fc709def1 - - - - -] Publish callbacks ['neutron.services.segments.db._update_segment_host_mapping_for_agent-8788835800179', 'neutron.plugins.ml2.plugin.Ml2Plugin._retry_binding_revived_agents-1565276'] for agent (d1e41a8e-de23-42bc-b38c-a4bec8fa1b14), after_update _notify_loop /var/lib/kolla/venv/lib/python3.6/site-packages/neutron_lib/callbacks/manager.py:177
2025-05-26 02:17:22.624 29 DEBUG neutron.db.agents_db [req-5d0de270-83a8-4a48-9a57-6734fbb64eff - - - - -] Agent healthcheck: found 2 active agents agent_health_check /var/lib/kolla/venv/lib/python3.6/site-packages/neutron/db/agents_db.py:318
2025-05-26 02:17:27.584 23 DEBUG neutron_lib.callbacks.manager [req-36919c1b-4d01-4bec-90bd-05a3eebe7ba6 - - - - -] Publish callbacks ['neutron.services.segments.db._update_segment_host_mapping_for_agent-8788835800179', 'neutron.plugins.ml2.plugin.Ml2Plugin._retry_binding_revived_agents-1565276'] for agent (bb528234-b92d-4f9d-90d6-401791096f3d), after_update _notify_loop /var/lib/kolla/venv/lib/python3.6/site-packages/neutron_lib/callbacks/manager.py:177
2025-05-26 02:17:36.403 22 DEBUG neutron.wsgi [-] (22) accepted ('10.0.0.50', 44904) server /var/lib/kolla/venv/lib/python3.6/site-packages/eventlet/wsgi.py:1004
2025-05-26 02:17:36.407 22 INFO neutron.wsgi [-] 10.0.0.50 "GET / HTTP/1.1" status: 200 len: 227 time: 0.0032163
2025-05-26 02:17:39.055 24 DEBUG neutron_lib.callbacks.manager [req-40137c8f-41d3-442a-b31b-e83ee0f1f66f - - - - -] Publish callbacks ['neutron.services.segments.db._update_segment_host_mapping_for_agent-8788835800179', 'neutron.plugins.ml2.plugin.Ml2Plugin._retry_binding_revived_agents-1565276'] for agent (d1e41a8e-de23-42bc-b38c-a4bec8fa1b14), after_update _notify_loop /var/lib/kolla/venv/lib/python3.6/site-packages/neutron_lib/callbacks/manager.py:177
2025-05-26 02:17:57.580 25 DEBUG neutron_lib.callbacks.manager [req-36919c1b-4d01-4bec-90bd-05a3eebe7ba6 - - - - -] Publish callbacks ['neutron.services.segments.db._update_segment_host_mapping_for_agent-8788835800179', 'neutron.plugins.ml2.plugin.Ml2Plugin._retry_binding_revived_agents-1565276'] for agent (bb528234-b92d-4f9d-90d6-401791096f3d), after_update _notify_loop /var/lib/kolla/venv/lib/python3.6/site-packages/neutron_lib/callbacks/manager.py:177
2025-05-26 02:17:59.621 29 DEBUG neutron.db.agents_db [req-5d0de270-83a8-4a48-9a57-6734fbb64eff - - - - -] Agent healthcheck: found 2 active agents agent_health_check /var/lib/kolla/venv/lib/python3.6/site-packages/neutron/db/agents_db.py:318
2025-05-26 02:18:06.460 22 DEBUG neutron.wsgi [-] (22) accepted ('10.0.0.50', 44172) server /var/lib/kolla/venv/lib/python3.6/site-packages/eventlet/wsgi.py:1004
2025-05-26 02:18:06.465 22 INFO neutron.wsgi [-] 10.0.0.50 "GET / HTTP/1.1" status: 200 len: 227 time: 0.0032725
2025-05-26 02:18:09.044 26 DEBUG neutron_lib.callbacks.manager [req-ce3fd5ce-7efe-4238-a08b-9f01044ec4b3 - - - - -] Publish callbacks ['neutron.services.segments.db._update_segment_host_mapping_for_agent-8788835800179', 'neutron.plugins.ml2.plugin.Ml2Plugin._retry_binding_revived_agents-1565276'] for agent (d1e41a8e-de23-42bc-b38c-a4bec8fa1b14), after_update _notify_loop /var/lib/kolla/venv/lib/python3.6/site-packages/neutron_lib/callbacks/manager.py:177
2025-05-26 02:18:27.582 28 DEBUG neutron_lib.callbacks.manager [req-36919c1b-4d01-4bec-90bd-05a3eebe7ba6 - - - - -] Publish callbacks ['neutron.services.segments.db._update_segment_host_mapping_for_agent-8788835800179', 'neutron.plugins.ml2.plugin.Ml2Plugin._retry_binding_revived_agents-1565276'] for agent (bb528234-b92d-4f9d-90d6-401791096f3d), after_update _notify_loop /var/lib/kolla/venv/lib/python3.6/site-packages/neutron_lib/callbacks/manager.py:177
2025-05-26 02:18:36.514 22 DEBUG neutron.wsgi [-] (22) accepted ('10.0.0.50', 57452) server /var/lib/kolla/venv/lib/python3.6/site-packages/eventlet/wsgi.py:1004
2025-05-26 02:18:36.519 22 INFO neutron.wsgi [-] 10.0.0.50 "GET / HTTP/1.1" status: 200 len: 227 time: 0.0038679
2025-05-26 02:18:36.629 29 DEBUG neutron.db.agents_db [req-5d0de270-83a8-4a48-9a57-6734fbb64eff - - - - -] Agent healthcheck: found 2 active agents agent_health_check /var/lib/kolla/venv/lib/python3.6/site-packages/neutron/db/agents_db.py:318
2025-05-26 02:18:39.045 27 DEBUG neutron_lib.callbacks.manager [req-bdde49dc-6c25-4b40-8bd8-d591e2c6111e - - - - -] Publish callbacks ['neutron.services.segments.db._update_segment_host_mapping_for_agent-8788835800179', 'neutron.plugins.ml2.plugin.Ml2Plugin._retry_binding_revived_agents-1565276'] for agent (d1e41a8e-de23-42bc-b38c-a4bec8fa1b14), after_update _notify_loop /var/lib/kolla/venv/lib/python3.6/site-packages/neutron_lib/callbacks/manager.py:177
2025-05-26 02:18:57.585 23 DEBUG neutron_lib.callbacks.manager [req-36919c1b-4d01-4bec-90bd-05a3eebe7ba6 - - - - -] Publish callbacks ['neutron.services.segments.db._update_segment_host_mapping_for_agent-8788835800179', 'neutron.plugins.ml2.plugin.Ml2Plugin._retry_binding_revived_agents-1565276'] for agent (bb528234-b92d-4f9d-90d6-401791096f3d), after_update _notify_loop /var/lib/kolla/venv/lib/python3.6/site-packages/neutron_lib/callbacks/manager.py:177
2025-05-26 02:19:06.568 22 DEBUG neutron.wsgi [-] (22) accepted ('10.0.0.50', 46560) server /var/lib/kolla/venv/lib/python3.6/site-packages/eventlet/wsgi.py:1004
2025-05-26 02:19:06.573 22 INFO neutron.wsgi [-] 10.0.0.50 "GET / HTTP/1.1" status: 200 len: 227 time: 0.0036097
2025-05-26 02:19:09.043 24 DEBUG neutron_lib.callbacks.manager [req-50417a75-d5a3-4c0a-8ddc-51840881bc9a - - - - -] Publish callbacks ['neutron.services.segments.db._update_segment_host_mapping_for_agent-8788835800179', 'neutron.plugins.ml2.plugin.Ml2Plugin._retry_binding_revived_agents-1565276'] for agent (d1e41a8e-de23-42bc-b38c-a4bec8fa1b14), after_update _notify_loop /var/lib/kolla/venv/lib/python3.6/site-packages/neutron_lib/callbacks/manager.py:177
2025-05-26 02:19:13.637 29 DEBUG neutron.db.agents_db [req-5d0de270-83a8-4a48-9a57-6734fbb64eff - - - - -] Agent healthcheck: found 2 active agents agent_health_check /var/lib/kolla/venv/lib/python3.6/site-packages/neutron/db/agents_db.py:318
2025-05-26 02:19:27.589 25 DEBUG neutron_lib.callbacks.manager [req-36919c1b-4d01-4bec-90bd-05a3eebe7ba6 - - - - -] Publish callbacks ['neutron.services.segments.db._update_segment_host_mapping_for_agent-8788835800179', 'neutron.plugins.ml2.plugin.Ml2Plugin._retry_binding_revived_agents-1565276'] for agent (bb528234-b92d-4f9d-90d6-401791096f3d), after_update _notify_loop /var/lib/kolla/venv/lib/python3.6/site-packages/neutron_lib/callbacks/manager.py:177
2025-05-26 02:19:36.619 22 DEBUG neutron.wsgi [-] (22) accepted ('10.0.0.50', 37932) server /var/lib/kolla/venv/lib/python3.6/site-packages/eventlet/wsgi.py:1004
2025-05-26 02:19:36.623 22 INFO neutron.wsgi [-] 10.0.0.50 "GET / HTTP/1.1" status: 200 len: 227 time: 0.0025511
2025-05-26 02:19:39.042 26 DEBUG neutron_lib.callbacks.manager [req-9487a6fa-7aaf-412d-a762-6cbb65e3fd22 - - - - -] Publish callbacks ['neutron.services.segments.db._update_segment_host_mapping_for_agent-8788835800179', 'neutron.plugins.ml2.plugin.Ml2Plugin._retry_binding_revived_agents-1565276'] for agent (d1e41a8e-de23-42bc-b38c-a4bec8fa1b14), after_update _notify_loop /var/lib/kolla/venv/lib/python3.6/site-packages/neutron_lib/callbacks/manager.py:177
2025-05-26 02:19:50.643 29 DEBUG neutron.db.agents_db [req-5d0de270-83a8-4a48-9a57-6734fbb64eff - - - - -] Agent healthcheck: found 2 active agents agent_health_check /var/lib/kolla/venv/lib/python3.6/site-packages/neutron/db/agents_db.py:318
2025-05-26 02:19:57.591 28 DEBUG neutron_lib.callbacks.manager [req-36919c1b-4d01-4bec-90bd-05a3eebe7ba6 - - - - -] Publish callbacks ['neutron.services.segments.db._update_segment_host_mapping_for_agent-8788835800179', 'neutron.plugins.ml2.plugin.Ml2Plugin._retry_binding_revived_agents-1565276'] for agent (bb528234-b92d-4f9d-90d6-401791096f3d), after_update _notify_loop /var/lib/kolla/venv/lib/python3.6/site-packages/neutron_lib/callbacks/manager.py:177
2025-05-26 02:20:06.670 22 DEBUG neutron.wsgi [-] (22) accepted ('10.0.0.50', 60062) server /var/lib/kolla/venv/lib/python3.6/site-packages/eventlet/wsgi.py:1004
2025-05-26 02:20:06.674 22 INFO neutron.wsgi [-] 10.0.0.50 "GET / HTTP/1.1" status: 200 len: 227 time: 0.0027483
2025-05-26 02:20:09.043 27 DEBUG neutron_lib.callbacks.manager [req-0cdeeed3-ad8d-4ed4-b206-243c4afc4708 - - - - -] Publish callbacks ['neutron.services.segments.db._update_segment_host_mapping_for_agent-8788835800179', 'neutron.plugins.ml2.plugin.Ml2Plugin._retry_binding_revived_agents-1565276'] for agent (d1e41a8e-de23-42bc-b38c-a4bec8fa1b14), after_update _notify_loop /var/lib/kolla/venv/lib/python3.6/site-packages/neutron_lib/callbacks/manager.py:177
2025-05-26 02:20:27.596 23 DEBUG neutron_lib.callbacks.manager [req-36919c1b-4d01-4bec-90bd-05a3eebe7ba6 - - - - -] Publish callbacks ['neutron.services.segments.db._update_segment_host_mapping_for_agent-8788835800179', 'neutron.plugins.ml2.plugin.Ml2Plugin._retry_binding_revived_agents-1565276'] for agent (bb528234-b92d-4f9d-90d6-401791096f3d), after_update _notify_loop /var/lib/kolla/venv/lib/python3.6/site-packages/neutron_lib/callbacks/manager.py:177
2025-05-26 02:20:27.649 29 DEBUG neutron.db.agents_db [req-5d0de270-83a8-4a48-9a57-6734fbb64eff - - - - -] Agent healthcheck: found 2 active agents agent_health_check /var/lib/kolla/venv/lib/python3.6/site-packages/neutron/db/agents_db.py:318
2025-05-26 02:20:36.728 22 DEBUG neutron.wsgi [-] (22) accepted ('10.0.0.50', 47538) server /var/lib/kolla/venv/lib/python3.6/site-packages/eventlet/wsgi.py:1004
2025-05-26 02:20:36.731 22 INFO neutron.wsgi [-] 10.0.0.50 "GET / HTTP/1.1" status: 200 len: 227 time: 0.0026956
2025-05-26 02:20:39.043 24 DEBUG neutron_lib.callbacks.manager [req-6735bb72-70d2-4d8f-b697-e68f5be257a6 - - - - -] Publish callbacks ['neutron.services.segments.db._update_segment_host_mapping_for_agent-8788835800179', 'neutron.plugins.ml2.plugin.Ml2Plugin._retry_binding_revived_agents-1565276'] for agent (d1e41a8e-de23-42bc-b38c-a4bec8fa1b14), after_update _notify_loop /var/lib/kolla/venv/lib/python3.6/site-packages/neutron_lib/callbacks/manager.py:177
2025-05-26 02:20:57.594 25 DEBUG neutron_lib.callbacks.manager [req-36919c1b-4d01-4bec-90bd-05a3eebe7ba6 - - - - -] Publish callbacks ['neutron.services.segments.db._update_segment_host_mapping_for_agent-8788835800179', 'neutron.plugins.ml2.plugin.Ml2Plugin._retry_binding_revived_agents-1565276'] for agent (bb528234-b92d-4f9d-90d6-401791096f3d), after_update _notify_loop /var/lib/kolla/venv/lib/python3.6/site-packages/neutron_lib/callbacks/manager.py:177
2025-05-26 02:21:04.645 29 DEBUG neutron.db.agents_db [req-5d0de270-83a8-4a48-9a57-6734fbb64eff - - - - -] Agent healthcheck: found 2 active agents agent_health_check /var/lib/kolla/venv/lib/python3.6/site-packages/neutron/db/agents_db.py:318
2025-05-26 02:21:07.053 22 DEBUG neutron.wsgi [-] (22) accepted ('10.0.0.50', 44184) server /var/lib/kolla/venv/lib/python3.6/site-packages/eventlet/wsgi.py:1004
2025-05-26 02:21:07.058 22 INFO neutron.wsgi [-] 10.0.0.50 "GET / HTTP/1.1" status: 200 len: 227 time: 0.0036335
2025-05-26 02:21:09.046 26 DEBUG neutron_lib.callbacks.manager [req-6cc244bb-5da6-40e7-8a19-97c7b0939a6c - - - - -] Publish callbacks ['neutron.services.segments.db._update_segment_host_mapping_for_agent-8788835800179', 'neutron.plugins.ml2.plugin.Ml2Plugin._retry_binding_revived_agents-1565276'] for agent (d1e41a8e-de23-42bc-b38c-a4bec8fa1b14), after_update _notify_loop /var/lib/kolla/venv/lib/python3.6/site-packages/neutron_lib/callbacks/manager.py:177
2025-05-26 02:21:22.943 7 INFO oslo_service.service [-] Caught SIGTERM, stopping children
2025-05-26 02:21:22.944 7 DEBUG oslo_concurrency.lockutils [-] Acquired lock "singleton_lock" lock /var/lib/kolla/venv/lib/python3.6/site-packages/oslo_concurrency/lockutils.py:294
2025-05-26 02:21:22.944 7 DEBUG oslo_concurrency.lockutils [-] Releasing lock "singleton_lock" lock /var/lib/kolla/venv/lib/python3.6/site-packages/oslo_concurrency/lockutils.py:312
2025-05-26 02:21:22.944 7 DEBUG oslo_service.service [-] Stop services. stop /var/lib/kolla/venv/lib/python3.6/site-packages/oslo_service/service.py:695
2025-05-26 02:21:22.945 7 DEBUG neutron.service [-] calling RpcWorker stop() stop /var/lib/kolla/venv/lib/python3.6/site-packages/neutron/service.py:138
2025-05-26 02:21:22.945 7 DEBUG neutron.service [-] calling RpcWorker stop() stop /var/lib/kolla/venv/lib/python3.6/site-packages/neutron/service.py:138
2025-05-26 02:21:22.945 7 DEBUG oslo_service.service [-] Killing children. stop /var/lib/kolla/venv/lib/python3.6/site-packages/oslo_service/service.py:700
2025-05-26 02:21:22.945 7 INFO oslo_service.service [-] Waiting on 8 children to exit
2025-05-26 02:21:22.945 25 DEBUG neutron.service [-] calling RpcWorker stop() stop /var/lib/kolla/venv/lib/python3.6/site-packages/neutron/service.py:138
2025-05-26 02:21:22.945 29 DEBUG neutron.service [-] calling RpcWorker stop() stop /var/lib/kolla/venv/lib/python3.6/site-packages/neutron/service.py:138
2025-05-26 02:21:22.946 29 DEBUG neutron.service [-] calling stop on stop /var/lib/kolla/venv/lib/python3.6/site-packages/neutron/service.py:141
2025-05-26 02:21:22.946 25 DEBUG neutron.service [-] calling stop on stop /var/lib/kolla/venv/lib/python3.6/site-packages/neutron/service.py:141
2025-05-26 02:21:22.948 28 DEBUG neutron.service [-] calling RpcWorker stop() stop /var/lib/kolla/venv/lib/python3.6/site-packages/neutron/service.py:138
2025-05-26 02:21:22.949 22 INFO neutron.wsgi [-] (22) wsgi exited, is_accepting=True
2025-05-26 02:21:22.949 23 DEBUG neutron.service [-] calling RpcWorker stop() stop /var/lib/kolla/venv/lib/python3.6/site-packages/neutron/service.py:138
2025-05-26 02:21:22.950 24 DEBUG neutron.service [-] calling RpcWorker stop() stop /var/lib/kolla/venv/lib/python3.6/site-packages/neutron/service.py:138
2025-05-26 02:21:22.950 22 DEBUG oslo_concurrency.lockutils [req-5b450867-24fd-4558-9085-cb6a58cd3fe4 - - - - -] Acquired lock "singleton_lock" lock /var/lib/kolla/venv/lib/python3.6/site-packages/oslo_concurrency/lockutils.py:294
2025-05-26 02:21:22.950 22 DEBUG oslo_concurrency.lockutils [req-5b450867-24fd-4558-9085-cb6a58cd3fe4 - - - - -] Releasing lock "singleton_lock" lock /var/lib/kolla/venv/lib/python3.6/site-packages/oslo_concurrency/lockutils.py:312
2025-05-26 02:21:22.950 23 DEBUG neutron.service [-] calling stop on stop /var/lib/kolla/venv/lib/python3.6/site-packages/neutron/service.py:141
2025-05-26 02:21:22.955 7 INFO oslo_service.service [-] Child 22 exited with status 0
2025-05-26 02:21:22.950 24 DEBUG neutron.service [-] calling stop on stop /var/lib/kolla/venv/lib/python3.6/site-packages/neutron/service.py:141
2025-05-26 02:21:22.949 28 DEBUG neutron.service [-] calling stop on stop /var/lib/kolla/venv/lib/python3.6/site-packages/neutron/service.py:141
2025-05-26 02:21:22.956 27 DEBUG neutron.service [-] calling RpcWorker stop() stop /var/lib/kolla/venv/lib/python3.6/site-packages/neutron/service.py:138
2025-05-26 02:21:22.957 26 DEBUG neutron.service [-] calling RpcWorker stop() stop /var/lib/kolla/venv/lib/python3.6/site-packages/neutron/service.py:138
2025-05-26 02:21:22.957 26 DEBUG neutron.service [-] calling stop on stop /var/lib/kolla/venv/lib/python3.6/site-packages/neutron/service.py:141
2025-05-26 02:21:22.957 27 DEBUG neutron.service [-] calling stop on stop /var/lib/kolla/venv/lib/python3.6/site-packages/neutron/service.py:141
2025-05-26 02:21:24.604 23 DEBUG neutron.service [-] calling stop on stop /var/lib/kolla/venv/lib/python3.6/site-packages/neutron/service.py:141
2025-05-26 02:21:24.609 24 DEBUG neutron.service [-] calling stop on stop /var/lib/kolla/venv/lib/python3.6/site-packages/neutron/service.py:141
2025-05-26 02:21:24.611 25 DEBUG neutron.service [-] calling stop on stop /var/lib/kolla/venv/lib/python3.6/site-packages/neutron/service.py:141
2025-05-26 02:21:24.622 28 DEBUG oslo_concurrency.lockutils [req-5b450867-24fd-4558-9085-cb6a58cd3fe4 - - - - -] Acquired lock "singleton_lock" lock /var/lib/kolla/venv/lib/python3.6/site-packages/oslo_concurrency/lockutils.py:294
2025-05-26 02:21:24.623 28 DEBUG oslo_concurrency.lockutils [req-5b450867-24fd-4558-9085-cb6a58cd3fe4 - - - - -] Releasing lock "singleton_lock" lock /var/lib/kolla/venv/lib/python3.6/site-packages/oslo_concurrency/lockutils.py:312
2025-05-26 02:21:24.623 24 DEBUG neutron.service [-] calling stop on stop /var/lib/kolla/venv/lib/python3.6/site-packages/neutron/service.py:141
2025-05-26 02:21:24.623 28 DEBUG neutron.service [req-5b450867-24fd-4558-9085-cb6a58cd3fe4 - - - - -] calling RpcWorker wait() _wait /var/lib/kolla/venv/lib/python3.6/site-packages/neutron/service.py:128
2025-05-26 02:21:24.623 28 DEBUG neutron.service [req-5b450867-24fd-4558-9085-cb6a58cd3fe4 - - - - -] calling wait on _wait /var/lib/kolla/venv/lib/python3.6/site-packages/neutron/service.py:131
2025-05-26 02:21:24.623 23 DEBUG neutron.service [-] calling stop on stop /var/lib/kolla/venv/lib/python3.6/site-packages/neutron/service.py:141
2025-05-26 02:21:24.627 25 DEBUG neutron.service [-] calling stop on stop /var/lib/kolla/venv/lib/python3.6/site-packages/neutron/service.py:141
2025-05-26 02:21:24.630 28 WARNING amqp [req-5b450867-24fd-4558-9085-cb6a58cd3fe4 - - - - -] Received method (60, 30) during closing channel 1. This method will be ignored
2025-05-26 02:21:24.633 27 DEBUG oslo_concurrency.lockutils [req-5b450867-24fd-4558-9085-cb6a58cd3fe4 - - - - -] Acquired lock "singleton_lock" lock /var/lib/kolla/venv/lib/python3.6/site-packages/oslo_concurrency/lockutils.py:294
2025-05-26 02:21:24.633 27 DEBUG oslo_concurrency.lockutils [req-5b450867-24fd-4558-9085-cb6a58cd3fe4 - - - - -] Releasing lock "singleton_lock" lock /var/lib/kolla/venv/lib/python3.6/site-packages/oslo_concurrency/lockutils.py:312
2025-05-26 02:21:24.634 27 DEBUG neutron.service [req-5b450867-24fd-4558-9085-cb6a58cd3fe4 - - - - -] calling RpcWorker wait() _wait /var/lib/kolla/venv/lib/python3.6/site-packages/neutron/service.py:128
2025-05-26 02:21:24.634 27 DEBUG neutron.service [req-5b450867-24fd-4558-9085-cb6a58cd3fe4 - - - - -] calling wait on _wait /var/lib/kolla/venv/lib/python3.6/site-packages/neutron/service.py:131
2025-05-26 02:21:24.633 28 DEBUG neutron.service [req-5b450867-24fd-4558-9085-cb6a58cd3fe4 - - - - -] returning from RpcWorker wait() _wait /var/lib/kolla/venv/lib/python3.6/site-packages/neutron/service.py:135
2025-05-26 02:21:24.640 23 DEBUG neutron.service [-] calling stop on stop /var/lib/kolla/venv/lib/python3.6/site-packages/neutron/service.py:141
2025-05-26 02:21:24.643 7 INFO oslo_service.service [-] Child 28 exited with status 0
2025-05-26 02:21:24.644 27 WARNING amqp [req-5b450867-24fd-4558-9085-cb6a58cd3fe4 - - - - -] Received method (60, 30) during closing channel 1. This method will be ignored
2025-05-26 02:21:24.645 29 DEBUG oslo_concurrency.lockutils [req-5b450867-24fd-4558-9085-cb6a58cd3fe4 - - - - -] Acquired lock "singleton_lock" lock /var/lib/kolla/venv/lib/python3.6/site-packages/oslo_concurrency/lockutils.py:294
2025-05-26 02:21:24.645 27 DEBUG neutron.service [req-5b450867-24fd-4558-9085-cb6a58cd3fe4 - - - - -] returning from RpcWorker wait() _wait /var/lib/kolla/venv/lib/python3.6/site-packages/neutron/service.py:135
2025-05-26 02:21:24.647 29 DEBUG oslo_concurrency.lockutils [req-5b450867-24fd-4558-9085-cb6a58cd3fe4 - - - - -] Releasing lock "singleton_lock" lock /var/lib/kolla/venv/lib/python3.6/site-packages/oslo_concurrency/lockutils.py:312
2025-05-26 02:21:24.647 29 DEBUG neutron.service [req-5b450867-24fd-4558-9085-cb6a58cd3fe4 - - - - -] calling RpcWorker wait() _wait /var/lib/kolla/venv/lib/python3.6/site-packages/neutron/service.py:128
2025-05-26 02:21:24.648 29 DEBUG neutron.service [req-5b450867-24fd-4558-9085-cb6a58cd3fe4 - - - - -] calling wait on _wait /var/lib/kolla/venv/lib/python3.6/site-packages/neutron/service.py:131
2025-05-26 02:21:24.654 23 DEBUG oslo_concurrency.lockutils [req-5b450867-24fd-4558-9085-cb6a58cd3fe4 - - - - -] Acquired lock "singleton_lock" lock /var/lib/kolla/venv/lib/python3.6/site-packages/oslo_concurrency/lockutils.py:294
2025-05-26 02:21:24.655 23 DEBUG oslo_concurrency.lockutils [req-5b450867-24fd-4558-9085-cb6a58cd3fe4 - - - - -] Releasing lock "singleton_lock" lock /var/lib/kolla/venv/lib/python3.6/site-packages/oslo_concurrency/lockutils.py:312
2025-05-26 02:21:24.655 23 DEBUG neutron.service [req-5b450867-24fd-4558-9085-cb6a58cd3fe4 - - - - -] calling RpcWorker wait() _wait /var/lib/kolla/venv/lib/python3.6/site-packages/neutron/service.py:128
2025-05-26 02:21:24.655 23 DEBUG neutron.service [req-5b450867-24fd-4558-9085-cb6a58cd3fe4 - - - - -] calling wait on _wait /var/lib/kolla/venv/lib/python3.6/site-packages/neutron/service.py:131
2025-05-26 02:21:24.659 7 INFO oslo_service.service [-] Child 27 exited with status 0
2025-05-26 02:21:24.658 29 WARNING amqp [req-5b450867-24fd-4558-9085-cb6a58cd3fe4 - - - - -] Received method (60, 30) during closing channel 1. This method will be ignored
2025-05-26 02:21:24.662 29 DEBUG neutron.service [req-5b450867-24fd-4558-9085-cb6a58cd3fe4 - - - - -] returning from RpcWorker wait() _wait /var/lib/kolla/venv/lib/python3.6/site-packages/neutron/service.py:135
2025-05-26 02:21:24.664 23 WARNING amqp [req-5b450867-24fd-4558-9085-cb6a58cd3fe4 - - - - -] Received method (60, 30) during closing channel 1. This method will be ignored
2025-05-26 02:21:24.666 23 DEBUG neutron.service [req-5b450867-24fd-4558-9085-cb6a58cd3fe4 - - - - -] calling wait on _wait /var/lib/kolla/venv/lib/python3.6/site-packages/neutron/service.py:131
2025-05-26 02:21:24.673 7 INFO oslo_service.service [-] Child 29 exited with status 0
2025-05-26 02:21:24.675 23 WARNING amqp [req-5b450867-24fd-4558-9085-cb6a58cd3fe4 - - - - -] Received method (60, 30) during closing channel 1. This method will be ignored
2025-05-26 02:21:24.676 23 DEBUG neutron.service [req-5b450867-24fd-4558-9085-cb6a58cd3fe4 - - - - -] calling wait on _wait /var/lib/kolla/venv/lib/python3.6/site-packages/neutron/service.py:131
2025-05-26 02:21:24.682 23 WARNING amqp [req-5b450867-24fd-4558-9085-cb6a58cd3fe4 - - - - -] Received method (60, 30) during closing channel 1. This method will be ignored
2025-05-26 02:21:24.684 23 DEBUG neutron.service [req-5b450867-24fd-4558-9085-cb6a58cd3fe4 - - - - -] calling wait on _wait /var/lib/kolla/venv/lib/python3.6/site-packages/neutron/service.py:131
2025-05-26 02:21:24.690 23 WARNING amqp [req-5b450867-24fd-4558-9085-cb6a58cd3fe4 - - - - -] Received method (60, 30) during closing channel 1. This method will be ignored
2025-05-26 02:21:24.691 23 DEBUG neutron.service [req-5b450867-24fd-4558-9085-cb6a58cd3fe4 - - - - -] returning from RpcWorker wait() _wait /var/lib/kolla/venv/lib/python3.6/site-packages/neutron/service.py:135
2025-05-26 02:21:24.700 7 INFO oslo_service.service [-] Child 23 exited with status 0
2025-05-26 02:21:25.801 25 DEBUG neutron.service [-] calling stop on stop /var/lib/kolla/venv/lib/python3.6/site-packages/neutron/service.py:141
2025-05-26 02:21:27.241 26 DEBUG oslo_concurrency.lockutils [req-5b450867-24fd-4558-9085-cb6a58cd3fe4 - - - - -] Acquired lock "singleton_lock" lock /var/lib/kolla/venv/lib/python3.6/site-packages/oslo_concurrency/lockutils.py:294
2025-05-26 02:21:27.242 26 DEBUG oslo_concurrency.lockutils [req-5b450867-24fd-4558-9085-cb6a58cd3fe4 - - - - -] Releasing lock "singleton_lock" lock /var/lib/kolla/venv/lib/python3.6/site-packages/oslo_concurrency/lockutils.py:312
2025-05-26 02:21:27.243 26 DEBUG neutron.service [req-5b450867-24fd-4558-9085-cb6a58cd3fe4 - - - - -] calling RpcWorker wait() _wait /var/lib/kolla/venv/lib/python3.6/site-packages/neutron/service.py:128
2025-05-26 02:21:27.244 26 DEBUG neutron.service [req-5b450867-24fd-4558-9085-cb6a58cd3fe4 - - - - -] calling wait on _wait /var/lib/kolla/venv/lib/python3.6/site-packages/neutron/service.py:131
2025-05-26 02:21:27.245 24 DEBUG neutron.service [-] calling stop on stop /var/lib/kolla/venv/lib/python3.6/site-packages/neutron/service.py:141
2025-05-26 02:21:27.255 26 WARNING amqp [req-5b450867-24fd-4558-9085-cb6a58cd3fe4 - - - - -] Received method (60, 30) during closing channel 1. This method will be ignored
2025-05-26 02:21:27.257 26 DEBUG neutron.service [req-5b450867-24fd-4558-9085-cb6a58cd3fe4 - - - - -] returning from RpcWorker wait() _wait /var/lib/kolla/venv/lib/python3.6/site-packages/neutron/service.py:135
2025-05-26 02:21:27.264 7 INFO oslo_service.service [-] Child 26 exited with status 0
2025-05-26 02:21:29.662 24 DEBUG oslo_concurrency.lockutils [req-5b450867-24fd-4558-9085-cb6a58cd3fe4 - - - - -] Acquired lock "singleton_lock" lock /var/lib/kolla/venv/lib/python3.6/site-packages/oslo_concurrency/lockutils.py:294
2025-05-26 02:21:29.663 24 DEBUG oslo_concurrency.lockutils [req-5b450867-24fd-4558-9085-cb6a58cd3fe4 - - - - -] Releasing lock "singleton_lock" lock /var/lib/kolla/venv/lib/python3.6/site-packages/oslo_concurrency/lockutils.py:312
2025-05-26 02:21:29.663 24 DEBUG neutron.service [req-5b450867-24fd-4558-9085-cb6a58cd3fe4 - - - - -] calling RpcWorker wait() _wait /var/lib/kolla/venv/lib/python3.6/site-packages/neutron/service.py:128
2025-05-26 02:21:29.663 24 DEBUG neutron.service [req-5b450867-24fd-4558-9085-cb6a58cd3fe4 - - - - -] calling wait on _wait /var/lib/kolla/venv/lib/python3.6/site-packages/neutron/service.py:131
2025-05-26 02:21:29.664 25 DEBUG oslo_concurrency.lockutils [req-5b450867-24fd-4558-9085-cb6a58cd3fe4 - - - - -] Acquired lock "singleton_lock" lock /var/lib/kolla/venv/lib/python3.6/site-packages/oslo_concurrency/lockutils.py:294
2025-05-26 02:21:29.665 25 DEBUG oslo_concurrency.lockutils [req-5b450867-24fd-4558-9085-cb6a58cd3fe4 - - - - -] Releasing lock "singleton_lock" lock /var/lib/kolla/venv/lib/python3.6/site-packages/oslo_concurrency/lockutils.py:312
2025-05-26 02:21:29.665 25 DEBUG neutron.service [req-5b450867-24fd-4558-9085-cb6a58cd3fe4 - - - - -] calling RpcWorker wait() _wait /var/lib/kolla/venv/lib/python3.6/site-packages/neutron/service.py:128
2025-05-26 02:21:29.665 25 DEBUG neutron.service [req-5b450867-24fd-4558-9085-cb6a58cd3fe4 - - - - -] calling wait on _wait /var/lib/kolla/venv/lib/python3.6/site-packages/neutron/service.py:131
2025-05-26 02:21:29.671 24 WARNING amqp [req-5b450867-24fd-4558-9085-cb6a58cd3fe4 - - - - -] Received method (60, 30) during closing channel 1. This method will be ignored
2025-05-26 02:21:29.672 24 DEBUG neutron.service [req-5b450867-24fd-4558-9085-cb6a58cd3fe4 - - - - -] calling wait on _wait /var/lib/kolla/venv/lib/python3.6/site-packages/neutron/service.py:131
2025-05-26 02:21:29.679 25 WARNING amqp [req-5b450867-24fd-4558-9085-cb6a58cd3fe4 - - - - -] Received method (60, 30) during closing channel 1. This method will be ignored
2025-05-26 02:21:29.680 25 DEBUG neutron.service [req-5b450867-24fd-4558-9085-cb6a58cd3fe4 - - - - -] calling wait on _wait /var/lib/kolla/venv/lib/python3.6/site-packages/neutron/service.py:131
2025-05-26 02:21:29.681 24 WARNING amqp [req-5b450867-24fd-4558-9085-cb6a58cd3fe4 - - - - -] Received method (60, 30) during closing channel 1. This method will be ignored
2025-05-26 02:21:29.683 24 DEBUG neutron.service [req-5b450867-24fd-4558-9085-cb6a58cd3fe4 - - - - -] calling wait on _wait /var/lib/kolla/venv/lib/python3.6/site-packages/neutron/service.py:131
2025-05-26 02:21:29.687 25 WARNING amqp [req-5b450867-24fd-4558-9085-cb6a58cd3fe4 - - - - -] Received method (60, 30) during closing channel 1. This method will be ignored
2025-05-26 02:21:29.688 25 DEBUG neutron.service [req-5b450867-24fd-4558-9085-cb6a58cd3fe4 - - - - -] calling wait on _wait /var/lib/kolla/venv/lib/python3.6/site-packages/neutron/service.py:131
2025-05-26 02:21:29.690 24 WARNING amqp [req-5b450867-24fd-4558-9085-cb6a58cd3fe4 - - - - -] Received method (60, 30) during closing channel 1. This method will be ignored
2025-05-26 02:21:29.692 24 DEBUG neutron.service [req-5b450867-24fd-4558-9085-cb6a58cd3fe4 - - - - -] calling wait on _wait /var/lib/kolla/venv/lib/python3.6/site-packages/neutron/service.py:131
2025-05-26 02:21:29.694 25 WARNING amqp [req-5b450867-24fd-4558-9085-cb6a58cd3fe4 - - - - -] Received method (60, 30) during closing channel 1. This method will be ignored
2025-05-26 02:21:29.696 25 DEBUG neutron.service [req-5b450867-24fd-4558-9085-cb6a58cd3fe4 - - - - -] calling wait on _wait /var/lib/kolla/venv/lib/python3.6/site-packages/neutron/service.py:131
2025-05-26 02:21:29.698 24 WARNING amqp [req-5b450867-24fd-4558-9085-cb6a58cd3fe4 - - - - -] Received method (60, 30) during closing channel 1. This method will be ignored
2025-05-26 02:21:29.700 24 DEBUG neutron.service [req-5b450867-24fd-4558-9085-cb6a58cd3fe4 - - - - -] returning from RpcWorker wait() _wait /var/lib/kolla/venv/lib/python3.6/site-packages/neutron/service.py:135
2025-05-26 02:21:29.702 25 WARNING amqp [req-5b450867-24fd-4558-9085-cb6a58cd3fe4 - - - - -] Received method (60, 30) during closing channel 1. This method will be ignored
2025-05-26 02:21:29.703 25 DEBUG neutron.service [req-5b450867-24fd-4558-9085-cb6a58cd3fe4 - - - - -] returning from RpcWorker wait() _wait /var/lib/kolla/venv/lib/python3.6/site-packages/neutron/service.py:135
2025-05-26 02:21:29.706 7 INFO oslo_service.service [-] Child 24 exited with status 0
2025-05-26 02:21:29.708 7 INFO oslo_service.service [-] Child 25 exited with status 0
2025-05-26 02:21:29.708 7 INFO oslo_service.service [-] Wait called after thread killed. Cleaning up.
2025-05-26 02:21:29.708 7 DEBUG oslo_service.service [-] Stop services. stop /var/lib/kolla/venv/lib/python3.6/site-packages/oslo_service/service.py:695
2025-05-26 02:21:29.709 7 DEBUG oslo_service.service [-] Killing children. stop /var/lib/kolla/venv/lib/python3.6/site-packages/oslo_service/service.py:700
2025-05-26 02:21:34.560 6 INFO neutron.common.config [-] Logging enabled!
2025-05-26 02:21:34.561 6 INFO neutron.common.config [-] /var/lib/kolla/venv/bin/neutron-server version 20.5.1.dev23
2025-05-26 02:21:34.561 6 DEBUG neutron.common.config [-] command line: /var/lib/kolla/venv/bin/neutron-server --config-file /etc/neutron/neutron.conf --config-file /etc/neutron/ContrailPlugin.ini --config-file /etc/neutron/api-paste.ini setup_logging /var/lib/kolla/venv/lib/python3.6/site-packages/neutron/common/config.py:115
2025-05-26 02:21:34.566 6 INFO neutron.common.config [-] Logging enabled!
2025-05-26 02:21:34.567 6 INFO neutron.common.config [-] /var/lib/kolla/venv/bin/neutron-server version 20.5.1.dev23
2025-05-26 02:21:34.567 6 DEBUG neutron.common.config [-] command line: /var/lib/kolla/venv/bin/neutron-server --config-file /etc/neutron/neutron.conf --config-file /etc/neutron/ContrailPlugin.ini --config-file /etc/neutron/api-paste.ini setup_logging /var/lib/kolla/venv/lib/python3.6/site-packages/neutron/common/config.py:115
