2025-05-22 00:29:40.386 37039 DEBUG oslo_service.service [-] database.mysql_sql_mode = TRADITIONAL log_opt_values /usr/lib/python3/dist-packages/oslo_config/cfg.py:2609
2025-05-22 00:29:40.386 37039 DEBUG oslo_service.service [-] database.pool_timeout = None log_opt_values /usr/lib/python3/dist-packages/oslo_config/cfg.py:2609
2025-05-22 00:29:40.386 37039 DEBUG oslo_service.service [-] database.retry_interval = 10 log_opt_values /usr/lib/python3/dist-packages/oslo_config/cfg.py:2609
2025-05-22 00:29:40.386 37039 DEBUG oslo_service.service [-] database.slave_connection = **** log_opt_values /usr/lib/python3/dist-packages/oslo_config/cfg.py:2609
2025-05-22 00:29:40.386 37039 DEBUG oslo_service.service [-] database.sqlite_synchronous = True log_opt_values /usr/lib/python3/dist-packages/oslo_config/cfg.py:2609
2025-05-22 00:29:40.386 37039 DEBUG oslo_service.service [-] database.use_db_reconnect = False log_opt_values /usr/lib/python3/dist-packages/oslo_config/cfg.py:2609
2025-05-22 00:29:40.387 37039 DEBUG oslo_service.service [-] oslo_messaging_metrics.metrics_buffer_size = 1000 log_opt_values /usr/lib/python3/dist-packages/oslo_config/cfg.py:2609
2025-05-22 00:29:40.387 37039 DEBUG oslo_service.service [-] oslo_messaging_metrics.metrics_enabled = False log_opt_values /usr/lib/python3/dist-packages/oslo_config/cfg.py:2609
2025-05-22 00:29:40.387 37039 DEBUG oslo_service.service [-] oslo_messaging_metrics.metrics_process_name = log_opt_values /usr/lib/python3/dist-packages/oslo_config/cfg.py:2609
2025-05-22 00:29:40.387 37039 DEBUG oslo_service.service [-] oslo_messaging_metrics.metrics_socket_file = /var/tmp/metrics_collector.sock log_opt_values /usr/lib/python3/dist-packages/oslo_config/cfg.py:2609
2025-05-22 00:29:40.387 37039 DEBUG oslo_service.service [-] oslo_messaging_metrics.metrics_thread_stop_timeout = 10 log_opt_values /usr/lib/python3/dist-packages/oslo_config/cfg.py:2609
2025-05-22 00:29:40.387 37039 DEBUG oslo_service.service [-] oslo_policy.enforce_new_defaults = False log_opt_values /usr/lib/python3/dist-packages/oslo_config/cfg.py:2609
2025-05-22 00:29:40.387 37039 DEBUG oslo_service.service [-] oslo_policy.enforce_scope = False log_opt_values /usr/lib/python3/dist-packages/oslo_config/cfg.py:2609
2025-05-22 00:29:40.388 37039 DEBUG oslo_service.service [-] oslo_policy.policy_default_rule = default log_opt_values /usr/lib/python3/dist-packages/oslo_config/cfg.py:2609
2025-05-22 00:29:40.388 37039 DEBUG oslo_service.service [-] oslo_policy.policy_dirs = ['policy.d'] log_opt_values /usr/lib/python3/dist-packages/oslo_config/cfg.py:2609
2025-05-22 00:29:40.388 37039 DEBUG oslo_service.service [-] oslo_policy.policy_file = policy.yaml log_opt_values /usr/lib/python3/dist-packages/oslo_config/cfg.py:2609
2025-05-22 00:29:40.388 37039 DEBUG oslo_service.service [-] oslo_policy.remote_content_type = application/x-www-form-urlencoded log_opt_values /usr/lib/python3/dist-packages/oslo_config/cfg.py:2609
2025-05-22 00:29:40.388 37039 DEBUG oslo_service.service [-] oslo_policy.remote_ssl_ca_crt_file = None log_opt_values /usr/lib/python3/dist-packages/oslo_config/cfg.py:2609
2025-05-22 00:29:40.388 37039 DEBUG oslo_service.service [-] oslo_policy.remote_ssl_client_crt_file = None log_opt_values /usr/lib/python3/dist-packages/oslo_config/cfg.py:2609
2025-05-22 00:29:40.388 37039 DEBUG oslo_service.service [-] oslo_policy.remote_ssl_client_key_file = None log_opt_values /usr/lib/python3/dist-packages/oslo_config/cfg.py:2609
2025-05-22 00:29:40.388 37039 DEBUG oslo_service.service [-] oslo_policy.remote_ssl_verify_server_crt = False log_opt_values /usr/lib/python3/dist-packages/oslo_config/cfg.py:2609
2025-05-22 00:29:40.389 37039 DEBUG oslo_service.service [-] trustee.auth_section = None log_opt_values /usr/lib/python3/dist-packages/oslo_config/cfg.py:2609
2025-05-22 00:29:40.389 37039 WARNING oslo_config.cfg [-] Deprecated: Option "auth_plugin" from group "trustee" is deprecated. Use option "auth_type" from group "trustee".
2025-05-22 00:29:40.389 37039 DEBUG oslo_service.service [-] trustee.auth_type = password log_opt_values /usr/lib/python3/dist-packages/oslo_config/cfg.py:2609
2025-05-22 00:29:40.389 37039 DEBUG oslo_service.service [-] oslo_versionedobjects.fatal_exception_format_errors = False log_opt_values /usr/lib/python3/dist-packages/oslo_config/cfg.py:2609
2025-05-22 00:29:40.389 37039 DEBUG oslo_service.service [-] oslo_messaging_rabbit.amqp_auto_delete = False log_opt_values /usr/lib/python3/dist-packages/oslo_config/cfg.py:2609
2025-05-22 00:29:40.389 37039 DEBUG oslo_service.service [-] oslo_messaging_rabbit.amqp_durable_queues = False log_opt_values /usr/lib/python3/dist-packages/oslo_config/cfg.py:2609
2025-05-22 00:29:40.390 37039 DEBUG oslo_service.service [-] oslo_messaging_rabbit.conn_pool_min_size = 2 log_opt_values /usr/lib/python3/dist-packages/oslo_config/cfg.py:2609
2025-05-22 00:29:40.390 37039 DEBUG oslo_service.service [-] oslo_messaging_rabbit.conn_pool_ttl = 1200 log_opt_values /usr/lib/python3/dist-packages/oslo_config/cfg.py:2609
2025-05-22 00:29:40.390 37039 DEBUG oslo_service.service [-] oslo_messaging_rabbit.direct_mandatory_flag = True log_opt_values /usr/lib/python3/dist-packages/oslo_config/cfg.py:2609
2025-05-22 00:29:40.390 37039 DEBUG oslo_service.service [-] oslo_messaging_rabbit.enable_cancel_on_failover = False log_opt_values /usr/lib/python3/dist-packages/oslo_config/cfg.py:2609
2025-05-22 00:29:40.390 37039 DEBUG oslo_service.service [-] oslo_messaging_rabbit.heartbeat_in_pthread = False log_opt_values /usr/lib/python3/dist-packages/oslo_config/cfg.py:2609
2025-05-22 00:29:40.390 37039 DEBUG oslo_service.service [-] oslo_messaging_rabbit.heartbeat_rate = 2 log_opt_values /usr/lib/python3/dist-packages/oslo_config/cfg.py:2609
2025-05-22 00:29:40.390 37039 DEBUG oslo_service.service [-] oslo_messaging_rabbit.heartbeat_timeout_threshold = 60 log_opt_values /usr/lib/python3/dist-packages/oslo_config/cfg.py:2609
2025-05-22 00:29:40.391 37039 DEBUG oslo_service.service [-] oslo_messaging_rabbit.kombu_compression = None log_opt_values /usr/lib/python3/dist-packages/oslo_config/cfg.py:2609
2025-05-22 00:29:40.391 37039 DEBUG oslo_service.service [-] oslo_messaging_rabbit.kombu_failover_strategy = round-robin log_opt_values /usr/lib/python3/dist-packages/oslo_config/cfg.py:2609
2025-05-22 00:29:40.391 37039 DEBUG oslo_service.service [-] oslo_messaging_rabbit.kombu_missing_consumer_retry_timeout = 60 log_opt_values /usr/lib/python3/dist-packages/oslo_config/cfg.py:2609
2025-05-22 00:29:40.391 37039 DEBUG oslo_service.service [-] oslo_messaging_rabbit.kombu_reconnect_delay = 1.0 log_opt_values /usr/lib/python3/dist-packages/oslo_config/cfg.py:2609
2025-05-22 00:29:40.391 37039 DEBUG oslo_service.service [-] oslo_messaging_rabbit.rabbit_ha_queues = False log_opt_values /usr/lib/python3/dist-packages/oslo_config/cfg.py:2609
2025-05-22 00:29:40.391 37039 DEBUG oslo_service.service [-] oslo_messaging_rabbit.rabbit_interval_max = 30 log_opt_values /usr/lib/python3/dist-packages/oslo_config/cfg.py:2609
2025-05-22 00:29:40.391 37039 DEBUG oslo_service.service [-] oslo_messaging_rabbit.rabbit_login_method = AMQPLAIN log_opt_values /usr/lib/python3/dist-packages/oslo_config/cfg.py:2609
2025-05-22 00:29:40.391 37039 DEBUG oslo_service.service [-] oslo_messaging_rabbit.rabbit_qos_prefetch_count = 0 log_opt_values /usr/lib/python3/dist-packages/oslo_config/cfg.py:2609
2025-05-22 00:29:40.391 37039 DEBUG oslo_service.service [-] oslo_messaging_rabbit.rabbit_quorum_queue = False log_opt_values /usr/lib/python3/dist-packages/oslo_config/cfg.py:2609
2025-05-22 00:29:40.392 37039 DEBUG oslo_service.service [-] oslo_messaging_rabbit.rabbit_retry_backoff = 2 log_opt_values /usr/lib/python3/dist-packages/oslo_config/cfg.py:2609
2025-05-22 00:29:40.392 37039 DEBUG oslo_service.service [-] oslo_messaging_rabbit.rabbit_retry_interval = 1 log_opt_values /usr/lib/python3/dist-packages/oslo_config/cfg.py:2609
2025-05-22 00:29:40.392 37039 DEBUG oslo_service.service [-] oslo_messaging_rabbit.rabbit_transient_queues_ttl = 1800 log_opt_values /usr/lib/python3/dist-packages/oslo_config/cfg.py:2609
2025-05-22 00:29:40.392 37039 DEBUG oslo_service.service [-] oslo_messaging_rabbit.rpc_conn_pool_size = 30 log_opt_values /usr/lib/python3/dist-packages/oslo_config/cfg.py:2609
2025-05-22 00:29:40.392 37039 DEBUG oslo_service.service [-] oslo_messaging_rabbit.ssl = False log_opt_values /usr/lib/python3/dist-packages/oslo_config/cfg.py:2609
2025-05-22 00:29:40.392 37039 DEBUG oslo_service.service [-] oslo_messaging_rabbit.ssl_ca_file = log_opt_values /usr/lib/python3/dist-packages/oslo_config/cfg.py:2609
2025-05-22 00:29:40.392 37039 DEBUG oslo_service.service [-] oslo_messaging_rabbit.ssl_cert_file = log_opt_values /usr/lib/python3/dist-packages/oslo_config/cfg.py:2609
2025-05-22 00:29:40.392 37039 DEBUG oslo_service.service [-] oslo_messaging_rabbit.ssl_key_file = log_opt_values /usr/lib/python3/dist-packages/oslo_config/cfg.py:2609
2025-05-22 00:29:40.393 37039 DEBUG oslo_service.service [-] oslo_messaging_rabbit.ssl_version = log_opt_values /usr/lib/python3/dist-packages/oslo_config/cfg.py:2609
2025-05-22 00:29:40.393 37039 DEBUG oslo_service.service [-] oslo_messaging_notifications.driver = [] log_opt_values /usr/lib/python3/dist-packages/oslo_config/cfg.py:2609
2025-05-22 00:29:40.393 37039 DEBUG oslo_service.service [-] oslo_messaging_notifications.retry = -1 log_opt_values /usr/lib/python3/dist-packages/oslo_config/cfg.py:2609
2025-05-22 00:29:40.393 37039 DEBUG oslo_service.service [-] oslo_messaging_notifications.topics = ['notifications'] log_opt_values /usr/lib/python3/dist-packages/oslo_config/cfg.py:2609
2025-05-22 00:29:40.393 37039 DEBUG oslo_service.service [-] oslo_messaging_notifications.transport_url = **** log_opt_values /usr/lib/python3/dist-packages/oslo_config/cfg.py:2609
2025-05-22 00:29:40.393 37039 DEBUG oslo_service.service [-] cache.backend = dogpile.cache.null log_opt_values /usr/lib/python3/dist-packages/oslo_config/cfg.py:2609
2025-05-22 00:29:40.393 37039 DEBUG oslo_service.service [-] cache.backend_argument = **** log_opt_values /usr/lib/python3/dist-packages/oslo_config/cfg.py:2609
2025-05-22 00:29:40.393 37039 DEBUG oslo_service.service [-] cache.config_prefix = cache.oslo log_opt_values /usr/lib/python3/dist-packages/oslo_config/cfg.py:2609
2025-05-22 00:29:40.394 37039 DEBUG oslo_service.service [-] cache.debug_cache_backend = False log_opt_values /usr/lib/python3/dist-packages/oslo_config/cfg.py:2609
2025-05-22 00:29:40.394 37039 DEBUG oslo_service.service [-] cache.enabled = False log_opt_values /usr/lib/python3/dist-packages/oslo_config/cfg.py:2609
2025-05-22 00:29:40.394 37039 DEBUG oslo_service.service [-] cache.expiration_time = 600 log_opt_values /usr/lib/python3/dist-packages/oslo_config/cfg.py:2609
2025-05-22 00:29:40.394 37039 DEBUG oslo_service.service [-] cache.memcache_dead_retry = 300 log_opt_values /usr/lib/python3/dist-packages/oslo_config/cfg.py:2609
2025-05-22 00:29:40.394 37039 DEBUG oslo_service.service [-] cache.memcache_pool_connection_get_timeout = 10 log_opt_values /usr/lib/python3/dist-packages/oslo_config/cfg.py:2609
2025-05-22 00:29:40.394 37039 DEBUG oslo_service.service [-] cache.memcache_pool_flush_on_reconnect = False log_opt_values /usr/lib/python3/dist-packages/oslo_config/cfg.py:2609
2025-05-22 00:29:40.394 37039 DEBUG oslo_service.service [-] cache.memcache_pool_maxsize = 10 log_opt_values /usr/lib/python3/dist-packages/oslo_config/cfg.py:2609
2025-05-22 00:29:40.395 37039 DEBUG oslo_service.service [-] cache.memcache_pool_unused_timeout = 60 log_opt_values /usr/lib/python3/dist-packages/oslo_config/cfg.py:2609
2025-05-22 00:29:40.395 37039 DEBUG oslo_service.service [-] cache.memcache_servers = ['localhost:11211'] log_opt_values /usr/lib/python3/dist-packages/oslo_config/cfg.py:2609
2025-05-22 00:29:40.395 37039 DEBUG oslo_service.service [-] cache.memcache_socket_timeout = 1.0 log_opt_values /usr/lib/python3/dist-packages/oslo_config/cfg.py:2609
2025-05-22 00:29:40.395 37039 DEBUG oslo_service.service [-] cache.proxies = [] log_opt_values /usr/lib/python3/dist-packages/oslo_config/cfg.py:2609
2025-05-22 00:29:40.395 37039 DEBUG oslo_service.service [-] cache.tls_allowed_ciphers = None log_opt_values /usr/lib/python3/dist-packages/oslo_config/cfg.py:2609
2025-05-22 00:29:40.395 37039 DEBUG oslo_service.service [-] cache.tls_cafile = None log_opt_values /usr/lib/python3/dist-packages/oslo_config/cfg.py:2609
2025-05-22 00:29:40.395 37039 DEBUG oslo_service.service [-] cache.tls_certfile = None log_opt_values /usr/lib/python3/dist-packages/oslo_config/cfg.py:2609
2025-05-22 00:29:40.395 37039 DEBUG oslo_service.service [-] cache.tls_enabled = False log_opt_values /usr/lib/python3/dist-packages/oslo_config/cfg.py:2609
2025-05-22 00:29:40.395 37039 DEBUG oslo_service.service [-] cache.tls_keyfile = None log_opt_values /usr/lib/python3/dist-packages/oslo_config/cfg.py:2609
2025-05-22 00:29:40.396 37039 DEBUG oslo_service.service [-] constraint_validation_cache.caching = True log_opt_values /usr/lib/python3/dist-packages/oslo_config/cfg.py:2609
2025-05-22 00:29:40.396 37039 DEBUG oslo_service.service [-] constraint_validation_cache.expiration_time = 60 log_opt_values /usr/lib/python3/dist-packages/oslo_config/cfg.py:2609
2025-05-22 00:29:40.396 37039 DEBUG oslo_service.service [-] service_extension_cache.caching = True log_opt_values /usr/lib/python3/dist-packages/oslo_config/cfg.py:2609
2025-05-22 00:29:40.396 37039 DEBUG oslo_service.service [-] service_extension_cache.expiration_time = 3600 log_opt_values /usr/lib/python3/dist-packages/oslo_config/cfg.py:2609
2025-05-22 00:29:40.396 37039 DEBUG oslo_service.service [-] resource_finder_cache.caching = True log_opt_values /usr/lib/python3/dist-packages/oslo_config/cfg.py:2609
2025-05-22 00:29:40.396 37039 DEBUG oslo_service.service [-] resource_finder_cache.expiration_time = 3600 log_opt_values /usr/lib/python3/dist-packages/oslo_config/cfg.py:2609
2025-05-22 00:29:40.396 37039 DEBUG oslo_service.service [-] yaql.limit_iterators = 200 log_opt_values /usr/lib/python3/dist-packages/oslo_config/cfg.py:2609
2025-05-22 00:29:40.397 37039 DEBUG oslo_service.service [-] yaql.memory_quota = 10000 log_opt_values /usr/lib/python3/dist-packages/oslo_config/cfg.py:2609
2025-05-22 00:29:40.397 37039 DEBUG oslo_service.service [-] ******************************************************************************** log_opt_values /usr/lib/python3/dist-packages/oslo_config/cfg.py:2613
2025-05-22 00:29:40.400 37256 INFO heat.engine.worker [-] Starting engine_worker (1.4) in engine 165b91bc-31b8-4e0b-aca1-7a716d89f7a9.
2025-05-22 00:29:40.451 37254 DEBUG oslo_db.sqlalchemy.engines [req-562ebd69-1265-4349-9f02-754f0d2c674f - - - - -] MySQL server mode set to STRICT_TRANS_TABLES,STRICT_ALL_TABLES,NO_ZERO_IN_DATE,NO_ZERO_DATE,ERROR_FOR_DIVISION_BY_ZERO,TRADITIONAL,NO_ENGINE_SUBSTITUTION _check_effective_sql_mode /usr/lib/python3/dist-packages/oslo_db/sqlalchemy/engines.py:314
2025-05-22 00:29:40.455 37253 DEBUG oslo_db.sqlalchemy.engines [req-3529cb1d-11c0-4c9f-85b5-c5647b216b37 - - - - -] MySQL server mode set to STRICT_TRANS_TABLES,STRICT_ALL_TABLES,NO_ZERO_IN_DATE,NO_ZERO_DATE,ERROR_FOR_DIVISION_BY_ZERO,TRADITIONAL,NO_ENGINE_SUBSTITUTION _check_effective_sql_mode /usr/lib/python3/dist-packages/oslo_db/sqlalchemy/engines.py:314
2025-05-22 00:29:40.457 37255 DEBUG oslo_db.sqlalchemy.engines [req-c88300d7-702a-485a-af52-8645f6dd953c - - - - -] MySQL server mode set to STRICT_TRANS_TABLES,STRICT_ALL_TABLES,NO_ZERO_IN_DATE,NO_ZERO_DATE,ERROR_FOR_DIVISION_BY_ZERO,TRADITIONAL,NO_ENGINE_SUBSTITUTION _check_effective_sql_mode /usr/lib/python3/dist-packages/oslo_db/sqlalchemy/engines.py:314
2025-05-22 00:29:40.467 37256 DEBUG oslo_db.sqlalchemy.engines [req-cfcc4701-d5f9-4872-9c96-29dacf15fa66 - - - - -] MySQL server mode set to STRICT_TRANS_TABLES,STRICT_ALL_TABLES,NO_ZERO_IN_DATE,NO_ZERO_DATE,ERROR_FOR_DIVISION_BY_ZERO,TRADITIONAL,NO_ENGINE_SUBSTITUTION _check_effective_sql_mode /usr/lib/python3/dist-packages/oslo_db/sqlalchemy/engines.py:314
2025-05-22 00:29:40.518 37255 DEBUG heat.engine.service [req-80334c22-87da-4902-9ead-4266d8c9b426 - - - - -] Service 58728ba5-c88c-4d7b-b258-dc1f068e3aa6 is started service_manage_report /usr/lib/python3/dist-packages/heat/engine/service.py:2363
2025-05-22 00:29:40.519 37253 DEBUG heat.engine.service [req-1e820379-5c29-413a-bbdf-576d2045a851 - - - - -] Service 37d5b974-641f-4f5a-b285-263d5f6beb41 is started service_manage_report /usr/lib/python3/dist-packages/heat/engine/service.py:2363
2025-05-22 00:29:40.519 37254 DEBUG heat.engine.service [req-8e2ad678-3085-4a22-bc49-f30d4a4ed3a4 - - - - -] Service dca2facd-6912-4cdf-9aa1-480bfab3496c is started service_manage_report /usr/lib/python3/dist-packages/heat/engine/service.py:2363
2025-05-22 00:29:40.533 37255 DEBUG heat.engine.service [req-80334c22-87da-4902-9ead-4266d8c9b426 - - - - -] Service 58728ba5-c88c-4d7b-b258-dc1f068e3aa6 is updated service_manage_report /usr/lib/python3/dist-packages/heat/engine/service.py:2370
2025-05-22 00:29:40.535 37256 DEBUG heat.engine.service [req-886f6261-b73e-4b97-bfc3-0ffae5709e40 - - - - -] Service 286836ac-5d46-48bc-9974-ec4667b55986 is started service_manage_report /usr/lib/python3/dist-packages/heat/engine/service.py:2363
2025-05-22 00:29:40.537 37253 DEBUG heat.engine.service [req-1e820379-5c29-413a-bbdf-576d2045a851 - - - - -] Service 37d5b974-641f-4f5a-b285-263d5f6beb41 is updated service_manage_report /usr/lib/python3/dist-packages/heat/engine/service.py:2370
2025-05-22 00:29:40.542 37254 DEBUG heat.engine.service [req-8e2ad678-3085-4a22-bc49-f30d4a4ed3a4 - - - - -] Service dca2facd-6912-4cdf-9aa1-480bfab3496c is updated service_manage_report /usr/lib/python3/dist-packages/heat/engine/service.py:2370
2025-05-22 00:29:40.550 37256 DEBUG heat.engine.service [req-886f6261-b73e-4b97-bfc3-0ffae5709e40 - - - - -] Service 286836ac-5d46-48bc-9974-ec4667b55986 is updated service_manage_report /usr/lib/python3/dist-packages/heat/engine/service.py:2370
2025-05-22 00:30:40.536 37253 DEBUG heat.engine.service [req-51e57b0d-85c3-4363-9da4-a79d13d267d3 - - - - -] Service 37d5b974-641f-4f5a-b285-263d5f6beb41 is updated service_manage_report /usr/lib/python3/dist-packages/heat/engine/service.py:2370
2025-05-22 00:30:40.536 37255 DEBUG heat.engine.service [req-791139af-db76-4cba-a955-ff887985ef1b - - - - -] Service 58728ba5-c88c-4d7b-b258-dc1f068e3aa6 is updated service_manage_report /usr/lib/python3/dist-packages/heat/engine/service.py:2370
2025-05-22 00:30:40.537 37254 DEBUG heat.engine.service [req-5f57c649-a06d-4edf-bd2c-59e4cc241369 - - - - -] Service dca2facd-6912-4cdf-9aa1-480bfab3496c is updated service_manage_report /usr/lib/python3/dist-packages/heat/engine/service.py:2370
2025-05-22 00:30:40.543 37256 DEBUG heat.engine.service [req-a8de2f8d-d744-4942-a8d3-2782c5425562 - - - - -] Service 286836ac-5d46-48bc-9974-ec4667b55986 is updated service_manage_report /usr/lib/python3/dist-packages/heat/engine/service.py:2370
2025-05-22 00:31:40.523 37255 DEBUG heat.engine.service [req-e57b3b4c-6808-4dcd-8f00-b7c9c8fb8f5f - - - - -] Service 58728ba5-c88c-4d7b-b258-dc1f068e3aa6 is updated service_manage_report /usr/lib/python3/dist-packages/heat/engine/service.py:2370
2025-05-22 00:31:40.525 37254 DEBUG heat.engine.service [req-c7c43c50-6243-4e2a-9f09-e7bcecd12cf0 - - - - -] Service dca2facd-6912-4cdf-9aa1-480bfab3496c is updated service_manage_report /usr/lib/python3/dist-packages/heat/engine/service.py:2370
2025-05-22 00:31:40.526 37253 DEBUG heat.engine.service [req-d74db8cc-ba87-4fc7-907c-55d7763e3fcd - - - - -] Service 37d5b974-641f-4f5a-b285-263d5f6beb41 is updated service_manage_report /usr/lib/python3/dist-packages/heat/engine/service.py:2370
2025-05-22 00:31:40.536 37256 DEBUG heat.engine.service [req-dd82879d-47aa-41c3-b074-778e89183311 - - - - -] Service 286836ac-5d46-48bc-9974-ec4667b55986 is updated service_manage_report /usr/lib/python3/dist-packages/heat/engine/service.py:2370
2025-05-22 00:32:40.518 37255 DEBUG heat.engine.service [req-9ac099d5-782b-4b9e-af5d-0ae0fe64942b - - - - -] Service 58728ba5-c88c-4d7b-b258-dc1f068e3aa6 is updated service_manage_report /usr/lib/python3/dist-packages/heat/engine/service.py:2370
2025-05-22 00:32:40.519 37254 DEBUG heat.engine.service [req-6db0731e-42a8-443d-97aa-ccd21e5d5e83 - - - - -] Service dca2facd-6912-4cdf-9aa1-480bfab3496c is updated service_manage_report /usr/lib/python3/dist-packages/heat/engine/service.py:2370
2025-05-22 00:32:40.519 37253 DEBUG heat.engine.service [req-8845c6dd-0add-4f67-b769-22345bf305c8 - - - - -] Service 37d5b974-641f-4f5a-b285-263d5f6beb41 is updated service_manage_report /usr/lib/python3/dist-packages/heat/engine/service.py:2370
2025-05-22 00:32:40.537 37256 DEBUG heat.engine.service [req-1993a2f5-8a85-4fa1-b11b-2c5e92509624 - - - - -] Service 286836ac-5d46-48bc-9974-ec4667b55986 is updated service_manage_report /usr/lib/python3/dist-packages/heat/engine/service.py:2370
2025-05-22 00:33:40.524 37255 DEBUG heat.engine.service [req-bfc533c8-1147-4582-bae6-6402255e15c9 - - - - -] Service 58728ba5-c88c-4d7b-b258-dc1f068e3aa6 is updated service_manage_report /usr/lib/python3/dist-packages/heat/engine/service.py:2370
2025-05-22 00:33:40.529 37253 DEBUG heat.engine.service [req-c41f93d3-9410-45b1-bc3d-3e48a695dc92 - - - - -] Service 37d5b974-641f-4f5a-b285-263d5f6beb41 is updated service_manage_report /usr/lib/python3/dist-packages/heat/engine/service.py:2370
2025-05-22 00:33:40.529 37254 DEBUG heat.engine.service [req-92e5038d-889a-40dc-8522-38c1068e9020 - - - - -] Service dca2facd-6912-4cdf-9aa1-480bfab3496c is updated service_manage_report /usr/lib/python3/dist-packages/heat/engine/service.py:2370
2025-05-22 00:33:40.540 37256 DEBUG heat.engine.service [req-cbfa3fda-0ca3-4348-9516-abb07aea205e - - - - -] Service 286836ac-5d46-48bc-9974-ec4667b55986 is updated service_manage_report /usr/lib/python3/dist-packages/heat/engine/service.py:2370
2025-05-22 00:34:40.519 37255 DEBUG heat.engine.service [req-1c4f4cbd-4cd8-471c-9902-70330bed1924 - - - - -] Service 58728ba5-c88c-4d7b-b258-dc1f068e3aa6 is updated service_manage_report /usr/lib/python3/dist-packages/heat/engine/service.py:2370
2025-05-22 00:34:40.525 37254 DEBUG heat.engine.service [req-f0df480c-2845-4d57-b403-4c35f842c07b - - - - -] Service dca2facd-6912-4cdf-9aa1-480bfab3496c is updated service_manage_report /usr/lib/python3/dist-packages/heat/engine/service.py:2370
2025-05-22 00:34:40.527 37253 DEBUG heat.engine.service [req-02280c2f-f4f0-4c29-8ba1-706eaeadfc4c - - - - -] Service 37d5b974-641f-4f5a-b285-263d5f6beb41 is updated service_manage_report /usr/lib/python3/dist-packages/heat/engine/service.py:2370
2025-05-22 00:34:40.542 37256 DEBUG heat.engine.service [req-a68b8b07-7b34-479f-88b7-dee27816d812 - - - - -] Service 286836ac-5d46-48bc-9974-ec4667b55986 is updated service_manage_report /usr/lib/python3/dist-packages/heat/engine/service.py:2370
2025-05-22 00:35:40.537 37254 DEBUG heat.engine.service [req-2d90ac2c-95eb-491d-b0f8-5d1b2f21dcd2 - - - - -] Service dca2facd-6912-4cdf-9aa1-480bfab3496c is updated service_manage_report /usr/lib/python3/dist-packages/heat/engine/service.py:2370
2025-05-22 00:35:40.541 37255 DEBUG heat.engine.service [req-b9a6fab3-8fd8-4951-9388-a77f785638f5 - - - - -] Service 58728ba5-c88c-4d7b-b258-dc1f068e3aa6 is updated service_manage_report /usr/lib/python3/dist-packages/heat/engine/service.py:2370
2025-05-22 00:35:40.543 37253 DEBUG heat.engine.service [req-fd949142-a0f4-45e3-8766-c5a7b134b516 - - - - -] Service 37d5b974-641f-4f5a-b285-263d5f6beb41 is updated service_manage_report /usr/lib/python3/dist-packages/heat/engine/service.py:2370
2025-05-22 00:35:40.556 37256 DEBUG heat.engine.service [req-4697b936-8f95-4212-8c64-8763cf784195 - - - - -] Service 286836ac-5d46-48bc-9974-ec4667b55986 is updated service_manage_report /usr/lib/python3/dist-packages/heat/engine/service.py:2370
2025-05-22 00:36:40.517 37253 DEBUG heat.engine.service [req-f94cc175-bb1a-499c-909b-814298da5833 - - - - -] Service 37d5b974-641f-4f5a-b285-263d5f6beb41 is updated service_manage_report /usr/lib/python3/dist-packages/heat/engine/service.py:2370
2025-05-22 00:36:40.520 37254 DEBUG heat.engine.service [req-bb9b4088-24b0-4f60-9926-00c13a5398cd - - - - -] Service dca2facd-6912-4cdf-9aa1-480bfab3496c is updated service_manage_report /usr/lib/python3/dist-packages/heat/engine/service.py:2370
2025-05-22 00:36:40.523 37255 DEBUG heat.engine.service [req-1e78fa1d-c07c-40a4-89db-4bf758337b7e - - - - -] Service 58728ba5-c88c-4d7b-b258-dc1f068e3aa6 is updated service_manage_report /usr/lib/python3/dist-packages/heat/engine/service.py:2370
2025-05-22 00:36:40.547 37256 DEBUG heat.engine.service [req-9bc31007-132b-4754-bea4-01e6c3a708f7 - - - - -] Service 286836ac-5d46-48bc-9974-ec4667b55986 is updated service_manage_report /usr/lib/python3/dist-packages/heat/engine/service.py:2370
2025-05-22 00:37:40.521 37253 DEBUG heat.engine.service [req-8df8b2fe-0d30-4b31-a283-f60b73d7f83a - - - - -] Service 37d5b974-641f-4f5a-b285-263d5f6beb41 is updated service_manage_report /usr/lib/python3/dist-packages/heat/engine/service.py:2370
2025-05-22 00:37:40.523 37254 DEBUG heat.engine.service [req-d874195a-1cbd-47d0-9e1f-15cb8560cdd6 - - - - -] Service dca2facd-6912-4cdf-9aa1-480bfab3496c is updated service_manage_report /usr/lib/python3/dist-packages/heat/engine/service.py:2370
2025-05-22 00:37:40.532 37255 DEBUG heat.engine.service [req-b8fb0d69-35dc-4ff7-9a20-b9501484eb42 - - - - -] Service 58728ba5-c88c-4d7b-b258-dc1f068e3aa6 is updated service_manage_report /usr/lib/python3/dist-packages/heat/engine/service.py:2370
2025-05-22 00:37:40.549 37256 DEBUG heat.engine.service [req-853c35b8-9059-4dfc-b97a-5e8627e9e060 - - - - -] Service 286836ac-5d46-48bc-9974-ec4667b55986 is updated service_manage_report /usr/lib/python3/dist-packages/heat/engine/service.py:2370
2025-05-22 00:38:40.523 37253 DEBUG heat.engine.service [req-966f1312-aad2-41dc-8f99-e146898494ec - - - - -] Service 37d5b974-641f-4f5a-b285-263d5f6beb41 is updated service_manage_report /usr/lib/python3/dist-packages/heat/engine/service.py:2370
2025-05-22 00:38:40.527 37254 DEBUG heat.engine.service [req-51a073de-12cf-4dab-aeb2-badfb86088d3 - - - - -] Service dca2facd-6912-4cdf-9aa1-480bfab3496c is updated service_manage_report /usr/lib/python3/dist-packages/heat/engine/service.py:2370
2025-05-22 00:38:40.527 37255 DEBUG heat.engine.service [req-300bde3d-c51a-431d-8565-20ca3975d2fe - - - - -] Service 58728ba5-c88c-4d7b-b258-dc1f068e3aa6 is updated service_manage_report /usr/lib/python3/dist-packages/heat/engine/service.py:2370
2025-05-22 00:38:40.551 37256 DEBUG heat.engine.service [req-e221ff21-cacc-4a2e-bde6-8f3a9a9f5729 - - - - -] Service 286836ac-5d46-48bc-9974-ec4667b55986 is updated service_manage_report /usr/lib/python3/dist-packages/heat/engine/service.py:2370
2025-05-22 00:39:40.528 37253 DEBUG heat.engine.service [req-dd5a8e7b-8044-4a70-a3e9-9b5725a66e9c - - - - -] Service 37d5b974-641f-4f5a-b285-263d5f6beb41 is updated service_manage_report /usr/lib/python3/dist-packages/heat/engine/service.py:2370
2025-05-22 00:39:40.532 37254 DEBUG heat.engine.service [req-f2e2b275-0eec-48a6-81e8-d0aeb67da90f - - - - -] Service dca2facd-6912-4cdf-9aa1-480bfab3496c is updated service_manage_report /usr/lib/python3/dist-packages/heat/engine/service.py:2370
2025-05-22 00:39:40.532 37255 DEBUG heat.engine.service [req-b842cf8f-d39f-45e3-806a-e34bb5a7aea6 - - - - -] Service 58728ba5-c88c-4d7b-b258-dc1f068e3aa6 is updated service_manage_report /usr/lib/python3/dist-packages/heat/engine/service.py:2370
2025-05-22 00:39:40.552 37256 DEBUG heat.engine.service [req-fe423531-7bc0-4edf-bee4-4178c5ae8879 - - - - -] Service 286836ac-5d46-48bc-9974-ec4667b55986 is updated service_manage_report /usr/lib/python3/dist-packages/heat/engine/service.py:2370
2025-05-22 00:40:40.532 37253 DEBUG heat.engine.service [req-834943f9-b10d-4e53-8777-301ec61d9fc1 - - - - -] Service 37d5b974-641f-4f5a-b285-263d5f6beb41 is updated service_manage_report /usr/lib/python3/dist-packages/heat/engine/service.py:2370
2025-05-22 00:40:40.535 37254 DEBUG heat.engine.service [req-34beff1a-a78e-41e0-b176-c50439aa5b11 - - - - -] Service dca2facd-6912-4cdf-9aa1-480bfab3496c is updated service_manage_report /usr/lib/python3/dist-packages/heat/engine/service.py:2370
2025-05-22 00:40:40.542 37255 DEBUG heat.engine.service [req-9157cf09-7536-4ca4-8174-770a88022086 - - - - -] Service 58728ba5-c88c-4d7b-b258-dc1f068e3aa6 is updated service_manage_report /usr/lib/python3/dist-packages/heat/engine/service.py:2370
2025-05-22 00:40:40.554 37256 DEBUG heat.engine.service [req-2bfbfa97-7592-4f1b-aa26-71220e912fa5 - - - - -] Service 286836ac-5d46-48bc-9974-ec4667b55986 is updated service_manage_report /usr/lib/python3/dist-packages/heat/engine/service.py:2370
2025-05-22 00:41:40.535 37255 DEBUG heat.engine.service [req-d2587875-7628-40ce-a20e-c81f02f92136 - - - - -] Service 58728ba5-c88c-4d7b-b258-dc1f068e3aa6 is updated service_manage_report /usr/lib/python3/dist-packages/heat/engine/service.py:2370
2025-05-22 00:41:40.538 37253 DEBUG heat.engine.service [req-7b84331c-8aec-43bc-b974-c7f50d4df540 - - - - -] Service 37d5b974-641f-4f5a-b285-263d5f6beb41 is updated service_manage_report /usr/lib/python3/dist-packages/heat/engine/service.py:2370
2025-05-22 00:41:40.538 37254 DEBUG heat.engine.service [req-2cc5c055-b670-4fbd-85aa-b673b583d5a8 - - - - -] Service dca2facd-6912-4cdf-9aa1-480bfab3496c is updated service_manage_report /usr/lib/python3/dist-packages/heat/engine/service.py:2370
2025-05-22 00:41:40.555 37256 DEBUG heat.engine.service [req-adb919b1-67ad-40cb-99f5-06af9045f718 - - - - -] Service 286836ac-5d46-48bc-9974-ec4667b55986 is updated service_manage_report /usr/lib/python3/dist-packages/heat/engine/service.py:2370
2025-05-22 00:42:40.531 37253 DEBUG heat.engine.service [req-4bc595a7-b099-4671-9b51-4eb2ad2d2be9 - - - - -] Service 37d5b974-641f-4f5a-b285-263d5f6beb41 is updated service_manage_report /usr/lib/python3/dist-packages/heat/engine/service.py:2370
2025-05-22 00:42:40.538 37255 DEBUG heat.engine.service [req-53edb70b-3c6a-4ef3-b68f-e52714fcf40b - - - - -] Service 58728ba5-c88c-4d7b-b258-dc1f068e3aa6 is updated service_manage_report /usr/lib/python3/dist-packages/heat/engine/service.py:2370
2025-05-22 00:42:40.539 37254 DEBUG heat.engine.service [req-55ba0f84-e8fb-47aa-b74e-d9759fc1fce7 - - - - -] Service dca2facd-6912-4cdf-9aa1-480bfab3496c is updated service_manage_report /usr/lib/python3/dist-packages/heat/engine/service.py:2370
2025-05-22 00:42:40.557 37256 DEBUG heat.engine.service [req-61e2abce-5d51-47c9-90d1-3be0a4a675fe - - - - -] Service 286836ac-5d46-48bc-9974-ec4667b55986 is updated service_manage_report /usr/lib/python3/dist-packages/heat/engine/service.py:2370
2025-05-22 00:43:40.534 37253 DEBUG heat.engine.service [req-231101f1-f602-49aa-a14e-08aeb435aa98 - - - - -] Service 37d5b974-641f-4f5a-b285-263d5f6beb41 is updated service_manage_report /usr/lib/python3/dist-packages/heat/engine/service.py:2370
2025-05-22 00:43:40.540 37255 DEBUG heat.engine.service [req-850b17c8-d699-4bde-856e-bb9fd8e59f79 - - - - -] Service 58728ba5-c88c-4d7b-b258-dc1f068e3aa6 is updated service_manage_report /usr/lib/python3/dist-packages/heat/engine/service.py:2370
2025-05-22 00:43:40.545 37254 DEBUG heat.engine.service [req-35ce1608-16e3-40b0-88bb-29109a842531 - - - - -] Service dca2facd-6912-4cdf-9aa1-480bfab3496c is updated service_manage_report /usr/lib/python3/dist-packages/heat/engine/service.py:2370
2025-05-22 00:43:40.560 37256 DEBUG heat.engine.service [req-ec831296-878e-40c6-bda7-7ace6b83cbf4 - - - - -] Service 286836ac-5d46-48bc-9974-ec4667b55986 is updated service_manage_report /usr/lib/python3/dist-packages/heat/engine/service.py:2370
2025-05-22 00:44:40.536 37253 DEBUG heat.engine.service [req-5441bd2d-8b64-43e4-adcd-5566212c11f6 - - - - -] Service 37d5b974-641f-4f5a-b285-263d5f6beb41 is updated service_manage_report /usr/lib/python3/dist-packages/heat/engine/service.py:2370
2025-05-22 00:44:40.541 37255 DEBUG heat.engine.service [req-fc145de8-ec3b-462e-909f-aa19551cf4ca - - - - -] Service 58728ba5-c88c-4d7b-b258-dc1f068e3aa6 is updated service_manage_report /usr/lib/python3/dist-packages/heat/engine/service.py:2370
2025-05-22 00:44:40.550 37254 DEBUG heat.engine.service [req-ca8e698f-b981-4099-8a90-45b1bcd9dbce - - - - -] Service dca2facd-6912-4cdf-9aa1-480bfab3496c is updated service_manage_report /usr/lib/python3/dist-packages/heat/engine/service.py:2370
2025-05-22 00:44:40.560 37256 DEBUG heat.engine.service [req-7c3e650a-0c49-4024-a6a4-690d9f867eff - - - - -] Service 286836ac-5d46-48bc-9974-ec4667b55986 is updated service_manage_report /usr/lib/python3/dist-packages/heat/engine/service.py:2370
2025-05-22 00:45:40.539 37253 DEBUG heat.engine.service [req-09ec30f5-4839-4af6-81de-8049d1830d73 - - - - -] Service 37d5b974-641f-4f5a-b285-263d5f6beb41 is updated service_manage_report /usr/lib/python3/dist-packages/heat/engine/service.py:2370
2025-05-22 00:45:40.543 37255 DEBUG heat.engine.service [req-04d467f8-4a46-486e-8a64-1a12bcf6e231 - - - - -] Service 58728ba5-c88c-4d7b-b258-dc1f068e3aa6 is updated service_manage_report /usr/lib/python3/dist-packages/heat/engine/service.py:2370
2025-05-22 00:45:40.552 37254 DEBUG heat.engine.service [req-6cdc5b01-0a4c-4ff5-9223-c9edfbb2ee7c - - - - -] Service dca2facd-6912-4cdf-9aa1-480bfab3496c is updated service_manage_report /usr/lib/python3/dist-packages/heat/engine/service.py:2370
2025-05-22 00:45:40.563 37256 DEBUG heat.engine.service [req-2503e584-e2c5-4361-9e2e-ca703897e1f5 - - - - -] Service 286836ac-5d46-48bc-9974-ec4667b55986 is updated service_manage_report /usr/lib/python3/dist-packages/heat/engine/service.py:2370
2025-05-22 00:46:40.542 37253 DEBUG heat.engine.service [req-d48aba42-f155-4f41-a671-71efd8fcf8ac - - - - -] Service 37d5b974-641f-4f5a-b285-263d5f6beb41 is updated service_manage_report /usr/lib/python3/dist-packages/heat/engine/service.py:2370
2025-05-22 00:46:40.547 37255 DEBUG heat.engine.service [req-a55840aa-3b7f-4b0c-b68b-30d0470cead2 - - - - -] Service 58728ba5-c88c-4d7b-b258-dc1f068e3aa6 is updated service_manage_report /usr/lib/python3/dist-packages/heat/engine/service.py:2370
2025-05-22 00:46:40.554 37254 DEBUG heat.engine.service [req-5b9af600-318c-479d-b298-8098fef218f1 - - - - -] Service dca2facd-6912-4cdf-9aa1-480bfab3496c is updated service_manage_report /usr/lib/python3/dist-packages/heat/engine/service.py:2370
2025-05-22 00:46:40.565 37256 DEBUG heat.engine.service [req-5488d5ec-9d35-4cb3-ace8-7de6b04abd68 - - - - -] Service 286836ac-5d46-48bc-9974-ec4667b55986 is updated service_manage_report /usr/lib/python3/dist-packages/heat/engine/service.py:2370
2025-05-22 00:47:40.546 37253 DEBUG heat.engine.service [req-ef008ee1-d76c-4058-b5f5-24a966275581 - - - - -] Service 37d5b974-641f-4f5a-b285-263d5f6beb41 is updated service_manage_report /usr/lib/python3/dist-packages/heat/engine/service.py:2370
2025-05-22 00:47:40.549 37255 DEBUG heat.engine.service [req-89b22486-1412-44bd-a87b-23e7eb71af65 - - - - -] Service 58728ba5-c88c-4d7b-b258-dc1f068e3aa6 is updated service_manage_report /usr/lib/python3/dist-packages/heat/engine/service.py:2370
2025-05-22 00:47:40.557 37254 DEBUG heat.engine.service [req-b8b95868-e93f-409f-8e82-cc198df5899d - - - - -] Service dca2facd-6912-4cdf-9aa1-480bfab3496c is updated service_manage_report /usr/lib/python3/dist-packages/heat/engine/service.py:2370
2025-05-22 00:47:40.566 37256 DEBUG heat.engine.service [req-edddec7c-2464-47b1-bcf2-77fd3af3f877 - - - - -] Service 286836ac-5d46-48bc-9974-ec4667b55986 is updated service_manage_report /usr/lib/python3/dist-packages/heat/engine/service.py:2370
2025-05-22 00:48:40.548 37253 DEBUG heat.engine.service [req-a80b3b3b-f41f-44ae-8f86-14ac5c74a9f1 - - - - -] Service 37d5b974-641f-4f5a-b285-263d5f6beb41 is updated service_manage_report /usr/lib/python3/dist-packages/heat/engine/service.py:2370
2025-05-22 00:48:40.551 37255 DEBUG heat.engine.service [req-aa7afd51-b76a-4f55-99de-e870d144b460 - - - - -] Service 58728ba5-c88c-4d7b-b258-dc1f068e3aa6 is updated service_manage_report /usr/lib/python3/dist-packages/heat/engine/service.py:2370
2025-05-22 00:48:40.557 37254 DEBUG heat.engine.service [req-682e193a-4112-46e5-93c7-ef3c74b3c7e5 - - - - -] Service dca2facd-6912-4cdf-9aa1-480bfab3496c is updated service_manage_report /usr/lib/python3/dist-packages/heat/engine/service.py:2370
2025-05-22 00:48:40.566 37256 DEBUG heat.engine.service [req-6a581e72-7936-44a0-a34a-8b177a943fac - - - - -] Service 286836ac-5d46-48bc-9974-ec4667b55986 is updated service_manage_report /usr/lib/python3/dist-packages/heat/engine/service.py:2370
2025-05-22 00:49:40.552 37253 DEBUG heat.engine.service [req-08a7d0fe-1df7-4fa9-831b-5b72dbf90298 - - - - -] Service 37d5b974-641f-4f5a-b285-263d5f6beb41 is updated service_manage_report /usr/lib/python3/dist-packages/heat/engine/service.py:2370
2025-05-22 00:49:40.554 37255 DEBUG heat.engine.service [req-734111f7-dc8a-4435-a834-721ec1e9d947 - - - - -] Service 58728ba5-c88c-4d7b-b258-dc1f068e3aa6 is updated service_manage_report /usr/lib/python3/dist-packages/heat/engine/service.py:2370
2025-05-22 00:49:40.562 37254 DEBUG heat.engine.service [req-cae7dd4c-2254-4a01-8562-f6e32f88cd52 - - - - -] Service dca2facd-6912-4cdf-9aa1-480bfab3496c is updated service_manage_report /usr/lib/python3/dist-packages/heat/engine/service.py:2370
2025-05-22 00:49:40.570 37256 DEBUG heat.engine.service [req-2e838c3b-8962-4e82-adc6-64526cc72f2a - - - - -] Service 286836ac-5d46-48bc-9974-ec4667b55986 is updated service_manage_report /usr/lib/python3/dist-packages/heat/engine/service.py:2370
2025-05-22 00:50:40.560 37253 DEBUG heat.engine.service [req-e8a45e78-6b44-41e5-8b24-cbc8ab299039 - - - - -] Service 37d5b974-641f-4f5a-b285-263d5f6beb41 is updated service_manage_report /usr/lib/python3/dist-packages/heat/engine/service.py:2370
2025-05-22 00:50:40.561 37255 DEBUG heat.engine.service [req-cd4a4560-9717-4aa0-a50f-5e8db389af48 - - - - -] Service 58728ba5-c88c-4d7b-b258-dc1f068e3aa6 is updated service_manage_report /usr/lib/python3/dist-packages/heat/engine/service.py:2370
2025-05-22 00:50:40.564 37254 DEBUG heat.engine.service [req-bed7f402-5dc0-4554-85aa-ef904d71114e - - - - -] Service dca2facd-6912-4cdf-9aa1-480bfab3496c is updated service_manage_report /usr/lib/python3/dist-packages/heat/engine/service.py:2370
2025-05-22 00:50:40.570 37256 DEBUG heat.engine.service [req-c6f2f1d0-f29a-4bd5-97e4-665390fee586 - - - - -] Service 286836ac-5d46-48bc-9974-ec4667b55986 is updated service_manage_report /usr/lib/python3/dist-packages/heat/engine/service.py:2370
2025-05-22 00:51:40.553 37253 DEBUG heat.engine.service [req-34b621b7-6061-493d-987b-4d41fda03113 - - - - -] Service 37d5b974-641f-4f5a-b285-263d5f6beb41 is updated service_manage_report /usr/lib/python3/dist-packages/heat/engine/service.py:2370
2025-05-22 00:51:40.559 37255 DEBUG heat.engine.service [req-2297ab5a-ac6e-4924-b831-160d8fab9949 - - - - -] Service 58728ba5-c88c-4d7b-b258-dc1f068e3aa6 is updated service_manage_report /usr/lib/python3/dist-packages/heat/engine/service.py:2370
2025-05-22 00:51:40.565 37254 DEBUG heat.engine.service [req-73e57667-a6f6-4869-8981-8a36491a01af - - - - -] Service dca2facd-6912-4cdf-9aa1-480bfab3496c is updated service_manage_report /usr/lib/python3/dist-packages/heat/engine/service.py:2370
2025-05-22 00:51:40.570 37256 DEBUG heat.engine.service [req-62d2e3a0-45ab-4f76-a235-a7af85b29052 - - - - -] Service 286836ac-5d46-48bc-9974-ec4667b55986 is updated service_manage_report /usr/lib/python3/dist-packages/heat/engine/service.py:2370
2025-05-22 00:52:40.553 37255 DEBUG heat.engine.service [req-b98d8463-3a59-433d-8dd3-c032d8a0836a - - - - -] Service 58728ba5-c88c-4d7b-b258-dc1f068e3aa6 is updated service_manage_report /usr/lib/python3/dist-packages/heat/engine/service.py:2370
2025-05-22 00:52:40.557 37253 DEBUG heat.engine.service [req-b847785c-e8e5-4ec7-9b5a-cc0d73de897c - - - - -] Service 37d5b974-641f-4f5a-b285-263d5f6beb41 is updated service_manage_report /usr/lib/python3/dist-packages/heat/engine/service.py:2370
2025-05-22 00:52:40.567 37254 DEBUG heat.engine.service [req-939b8288-4742-4c5c-a29a-c5d58c005b15 - - - - -] Service dca2facd-6912-4cdf-9aa1-480bfab3496c is updated service_manage_report /usr/lib/python3/dist-packages/heat/engine/service.py:2370
2025-05-22 00:52:40.576 37256 DEBUG heat.engine.service [req-92af9ac3-e3df-4c50-b0f3-20a43bbd2638 - - - - -] Service 286836ac-5d46-48bc-9974-ec4667b55986 is updated service_manage_report /usr/lib/python3/dist-packages/heat/engine/service.py:2370
2025-05-22 00:53:40.555 37255 DEBUG heat.engine.service [req-622ea3a0-6616-4a1a-979a-f8c7c02c1d48 - - - - -] Service 58728ba5-c88c-4d7b-b258-dc1f068e3aa6 is updated service_manage_report /usr/lib/python3/dist-packages/heat/engine/service.py:2370
2025-05-22 00:53:40.559 37253 DEBUG heat.engine.service [req-e01c5d83-8f85-46ae-905d-40dda3f9e9f4 - - - - -] Service 37d5b974-641f-4f5a-b285-263d5f6beb41 is updated service_manage_report /usr/lib/python3/dist-packages/heat/engine/service.py:2370
2025-05-22 00:53:40.570 37256 DEBUG heat.engine.service [req-33e264d5-9dd2-44f0-804e-59b0c1782822 - - - - -] Service 286836ac-5d46-48bc-9974-ec4667b55986 is updated service_manage_report /usr/lib/python3/dist-packages/heat/engine/service.py:2370
2025-05-22 00:53:40.571 37254 DEBUG heat.engine.service [req-038d5bac-43d9-4ac9-a3f9-e419f0b13a6c - - - - -] Service dca2facd-6912-4cdf-9aa1-480bfab3496c is updated service_manage_report /usr/lib/python3/dist-packages/heat/engine/service.py:2370
2025-05-22 00:54:40.558 37255 DEBUG heat.engine.service [req-28c434a7-4a17-4695-ac61-1d9cf6195256 - - - - -] Service 58728ba5-c88c-4d7b-b258-dc1f068e3aa6 is updated service_manage_report /usr/lib/python3/dist-packages/heat/engine/service.py:2370
2025-05-22 00:54:40.561 37253 DEBUG heat.engine.service [req-c0ac54d7-86e9-4649-94b7-b5038433aa3c - - - - -] Service 37d5b974-641f-4f5a-b285-263d5f6beb41 is updated service_manage_report /usr/lib/python3/dist-packages/heat/engine/service.py:2370
2025-05-22 00:54:40.571 37256 DEBUG heat.engine.service [req-7d5051de-94e6-4793-8ed6-990987be9879 - - - - -] Service 286836ac-5d46-48bc-9974-ec4667b55986 is updated service_manage_report /usr/lib/python3/dist-packages/heat/engine/service.py:2370
2025-05-22 00:54:40.573 37254 DEBUG heat.engine.service [req-2d510fce-7a92-4889-8315-7695a40dec10 - - - - -] Service dca2facd-6912-4cdf-9aa1-480bfab3496c is updated service_manage_report /usr/lib/python3/dist-packages/heat/engine/service.py:2370
2025-05-22 00:55:40.561 37255 DEBUG heat.engine.service [req-1ade0153-dc19-4fc3-b466-dedfce2a57e8 - - - - -] Service 58728ba5-c88c-4d7b-b258-dc1f068e3aa6 is updated service_manage_report /usr/lib/python3/dist-packages/heat/engine/service.py:2370
2025-05-22 00:55:40.562 37253 DEBUG heat.engine.service [req-bd96a4e1-d581-4f58-b4e5-34f82eb60d6c - - - - -] Service 37d5b974-641f-4f5a-b285-263d5f6beb41 is updated service_manage_report /usr/lib/python3/dist-packages/heat/engine/service.py:2370
2025-05-22 00:55:40.573 37256 DEBUG heat.engine.service [req-582e9988-60ec-4647-9707-c2d8615cfb19 - - - - -] Service 286836ac-5d46-48bc-9974-ec4667b55986 is updated service_manage_report /usr/lib/python3/dist-packages/heat/engine/service.py:2370
2025-05-22 00:55:40.575 37254 DEBUG heat.engine.service [req-ac166a67-d72a-4607-ac4b-25570c5e362e - - - - -] Service dca2facd-6912-4cdf-9aa1-480bfab3496c is updated service_manage_report /usr/lib/python3/dist-packages/heat/engine/service.py:2370
2025-05-22 00:56:40.563 37255 DEBUG heat.engine.service [req-04196247-4faf-4e68-988a-82787814fada - - - - -] Service 58728ba5-c88c-4d7b-b258-dc1f068e3aa6 is updated service_manage_report /usr/lib/python3/dist-packages/heat/engine/service.py:2370
2025-05-22 00:56:40.566 37253 DEBUG heat.engine.service [req-bf620676-b9e1-4146-b906-fa64cdd273e5 - - - - -] Service 37d5b974-641f-4f5a-b285-263d5f6beb41 is updated service_manage_report /usr/lib/python3/dist-packages/heat/engine/service.py:2370
2025-05-22 00:56:40.577 37256 DEBUG heat.engine.service [req-82259a3f-9496-4aef-ad6a-7c355e5ff1ba - - - - -] Service 286836ac-5d46-48bc-9974-ec4667b55986 is updated service_manage_report /usr/lib/python3/dist-packages/heat/engine/service.py:2370
2025-05-22 00:56:40.578 37254 DEBUG heat.engine.service [req-6ce49077-5f8c-4078-9daa-9ea7a252dd2d - - - - -] Service dca2facd-6912-4cdf-9aa1-480bfab3496c is updated service_manage_report /usr/lib/python3/dist-packages/heat/engine/service.py:2370
2025-05-22 00:57:40.568 37255 DEBUG heat.engine.service [req-6e01257c-3981-4db6-a39e-fc4a7b934d50 - - - - -] Service 58728ba5-c88c-4d7b-b258-dc1f068e3aa6 is updated service_manage_report /usr/lib/python3/dist-packages/heat/engine/service.py:2370
2025-05-22 00:57:40.572 37253 DEBUG heat.engine.service [req-ce1f0c08-c581-4a89-a161-04204284c4c9 - - - - -] Service 37d5b974-641f-4f5a-b285-263d5f6beb41 is updated service_manage_report /usr/lib/python3/dist-packages/heat/engine/service.py:2370
2025-05-22 00:57:40.579 37256 DEBUG heat.engine.service [req-0896814c-49dd-4b85-8590-9eb0dcb97c4c - - - - -] Service 286836ac-5d46-48bc-9974-ec4667b55986 is updated service_manage_report /usr/lib/python3/dist-packages/heat/engine/service.py:2370
2025-05-22 00:57:40.581 37254 DEBUG heat.engine.service [req-1b9eebeb-16f5-4682-b7fe-1252dc972d36 - - - - -] Service dca2facd-6912-4cdf-9aa1-480bfab3496c is updated service_manage_report /usr/lib/python3/dist-packages/heat/engine/service.py:2370
2025-05-22 00:58:40.564 37253 DEBUG heat.engine.service [req-08935521-819e-43ce-8777-2af947577946 - - - - -] Service 37d5b974-641f-4f5a-b285-263d5f6beb41 is updated service_manage_report /usr/lib/python3/dist-packages/heat/engine/service.py:2370
2025-05-22 00:58:40.569 37255 DEBUG heat.engine.service [req-f08b0d09-4d05-468b-a8a5-80238fd3e6b1 - - - - -] Service 58728ba5-c88c-4d7b-b258-dc1f068e3aa6 is updated service_manage_report /usr/lib/python3/dist-packages/heat/engine/service.py:2370
2025-05-22 00:58:40.580 37256 DEBUG heat.engine.service [req-bddd3fbb-1df9-44cc-8435-9a56f0f44213 - - - - -] Service 286836ac-5d46-48bc-9974-ec4667b55986 is updated service_manage_report /usr/lib/python3/dist-packages/heat/engine/service.py:2370
2025-05-22 00:58:40.582 37254 DEBUG heat.engine.service [req-6f170545-e453-4ef7-a289-8dfd4b011fa4 - - - - -] Service dca2facd-6912-4cdf-9aa1-480bfab3496c is updated service_manage_report /usr/lib/python3/dist-packages/heat/engine/service.py:2370
2025-05-22 00:59:40.567 37253 DEBUG heat.engine.service [req-103c0206-0b0d-42d6-9105-0fba85cdda3c - - - - -] Service 37d5b974-641f-4f5a-b285-263d5f6beb41 is updated service_manage_report /usr/lib/python3/dist-packages/heat/engine/service.py:2370
2025-05-22 00:59:40.571 37255 DEBUG heat.engine.service [req-1e7f8c6b-dcd7-402a-8075-321a4c00ad19 - - - - -] Service 58728ba5-c88c-4d7b-b258-dc1f068e3aa6 is updated service_manage_report /usr/lib/python3/dist-packages/heat/engine/service.py:2370
2025-05-22 00:59:40.581 37256 DEBUG heat.engine.service [req-b61ad91e-ac42-4479-a8f0-5fa49c680393 - - - - -] Service 286836ac-5d46-48bc-9974-ec4667b55986 is updated service_manage_report /usr/lib/python3/dist-packages/heat/engine/service.py:2370
2025-05-22 00:59:40.583 37254 DEBUG heat.engine.service [req-a955cd4c-c37f-4c2d-809f-7f7b5b2679b5 - - - - -] Service dca2facd-6912-4cdf-9aa1-480bfab3496c is updated service_manage_report /usr/lib/python3/dist-packages/heat/engine/service.py:2370
2025-05-22 01:00:40.570 37253 DEBUG heat.engine.service [req-f59d6b12-983e-45fb-b9b7-0b9de5cab6b2 - - - - -] Service 37d5b974-641f-4f5a-b285-263d5f6beb41 is updated service_manage_report /usr/lib/python3/dist-packages/heat/engine/service.py:2370
2025-05-22 01:00:40.572 37255 DEBUG heat.engine.service [req-9c9c720f-076c-4473-afad-6efc35404b34 - - - - -] Service 58728ba5-c88c-4d7b-b258-dc1f068e3aa6 is updated service_manage_report /usr/lib/python3/dist-packages/heat/engine/service.py:2370
2025-05-22 01:00:40.584 37256 DEBUG heat.engine.service [req-9bafc168-3e6b-42d5-98b2-358d6e57adce - - - - -] Service 286836ac-5d46-48bc-9974-ec4667b55986 is updated service_manage_report /usr/lib/python3/dist-packages/heat/engine/service.py:2370
2025-05-22 01:00:40.587 37254 DEBUG heat.engine.service [req-6418f8c4-5f5e-4058-9025-03b8a9a84fb5 - - - - -] Service dca2facd-6912-4cdf-9aa1-480bfab3496c is updated service_manage_report /usr/lib/python3/dist-packages/heat/engine/service.py:2370
2025-05-22 01:01:40.574 37253 DEBUG heat.engine.service [req-f53a4f26-72ba-4bd0-aa5a-c495b2ec2895 - - - - -] Service 37d5b974-641f-4f5a-b285-263d5f6beb41 is updated service_manage_report /usr/lib/python3/dist-packages/heat/engine/service.py:2370
2025-05-22 01:01:40.576 37255 DEBUG heat.engine.service [req-e03ae4d7-11c2-4882-8dc2-fb44ed704986 - - - - -] Service 58728ba5-c88c-4d7b-b258-dc1f068e3aa6 is updated service_manage_report /usr/lib/python3/dist-packages/heat/engine/service.py:2370
2025-05-22 01:01:40.585 37256 DEBUG heat.engine.service [req-bd05ce39-7610-4c11-90f9-fc4feb51142f - - - - -] Service 286836ac-5d46-48bc-9974-ec4667b55986 is updated service_manage_report /usr/lib/python3/dist-packages/heat/engine/service.py:2370
2025-05-22 01:01:40.589 37254 DEBUG heat.engine.service [req-bb27a119-1509-4470-80d8-15c73766176b - - - - -] Service dca2facd-6912-4cdf-9aa1-480bfab3496c is updated service_manage_report /usr/lib/python3/dist-packages/heat/engine/service.py:2370
2025-05-22 01:02:40.579 37253 DEBUG heat.engine.service [req-f7651ad2-792d-4466-b5b2-4a9a0ce07bca - - - - -] Service 37d5b974-641f-4f5a-b285-263d5f6beb41 is updated service_manage_report /usr/lib/python3/dist-packages/heat/engine/service.py:2370
