2025-05-22 01:42:24.458 65093 DEBUG oslo_service.service [-] clients_nova.insecure = None log_opt_values /usr/lib/python3/dist-packages/oslo_config/cfg.py:2609
2025-05-22 01:42:24.459 65093 DEBUG oslo_service.service [-] clients_nova.key_file = None log_opt_values /usr/lib/python3/dist-packages/oslo_config/cfg.py:2609
2025-05-22 01:42:24.459 65093 DEBUG oslo_service.service [-] clients_octavia.ca_file = None log_opt_values /usr/lib/python3/dist-packages/oslo_config/cfg.py:2609
2025-05-22 01:42:24.459 65093 DEBUG oslo_service.service [-] clients_octavia.cert_file = None log_opt_values /usr/lib/python3/dist-packages/oslo_config/cfg.py:2609
2025-05-22 01:42:24.459 65093 DEBUG oslo_service.service [-] clients_octavia.endpoint_type = None log_opt_values /usr/lib/python3/dist-packages/oslo_config/cfg.py:2609
2025-05-22 01:42:24.459 65093 DEBUG oslo_service.service [-] clients_octavia.insecure = None log_opt_values /usr/lib/python3/dist-packages/oslo_config/cfg.py:2609
2025-05-22 01:42:24.459 65093 DEBUG oslo_service.service [-] clients_octavia.key_file = None log_opt_values /usr/lib/python3/dist-packages/oslo_config/cfg.py:2609
2025-05-22 01:42:24.459 65093 DEBUG oslo_service.service [-] clients_sahara.ca_file = None log_opt_values /usr/lib/python3/dist-packages/oslo_config/cfg.py:2609
2025-05-22 01:42:24.459 65320 INFO heat.engine.worker [-] Starting engine_worker (1.4) in engine 73a565f4-faa7-4e08-b32d-515df6ae3f2f.
2025-05-22 01:42:24.459 65093 DEBUG oslo_service.service [-] clients_sahara.cert_file = None log_opt_values /usr/lib/python3/dist-packages/oslo_config/cfg.py:2609
2025-05-22 01:42:24.459 65093 DEBUG oslo_service.service [-] clients_sahara.endpoint_type = None log_opt_values /usr/lib/python3/dist-packages/oslo_config/cfg.py:2609
2025-05-22 01:42:24.459 65093 DEBUG oslo_service.service [-] clients_sahara.insecure = None log_opt_values /usr/lib/python3/dist-packages/oslo_config/cfg.py:2609
2025-05-22 01:42:24.460 65093 DEBUG oslo_service.service [-] clients_sahara.key_file = None log_opt_values /usr/lib/python3/dist-packages/oslo_config/cfg.py:2609
2025-05-22 01:42:24.460 65093 DEBUG oslo_service.service [-] clients_senlin.ca_file = None log_opt_values /usr/lib/python3/dist-packages/oslo_config/cfg.py:2609
2025-05-22 01:42:24.460 65093 DEBUG oslo_service.service [-] clients_senlin.cert_file = None log_opt_values /usr/lib/python3/dist-packages/oslo_config/cfg.py:2609
2025-05-22 01:42:24.460 65093 DEBUG oslo_service.service [-] clients_senlin.endpoint_type = None log_opt_values /usr/lib/python3/dist-packages/oslo_config/cfg.py:2609
2025-05-22 01:42:24.460 65093 DEBUG oslo_service.service [-] clients_senlin.insecure = None log_opt_values /usr/lib/python3/dist-packages/oslo_config/cfg.py:2609
2025-05-22 01:42:24.460 65093 DEBUG oslo_service.service [-] clients_senlin.key_file = None log_opt_values /usr/lib/python3/dist-packages/oslo_config/cfg.py:2609
2025-05-22 01:42:24.460 65093 DEBUG oslo_service.service [-] clients_swift.ca_file = None log_opt_values /usr/lib/python3/dist-packages/oslo_config/cfg.py:2609
2025-05-22 01:42:24.460 65093 DEBUG oslo_service.service [-] clients_swift.cert_file = None log_opt_values /usr/lib/python3/dist-packages/oslo_config/cfg.py:2609
2025-05-22 01:42:24.460 65093 DEBUG oslo_service.service [-] clients_swift.endpoint_type = None log_opt_values /usr/lib/python3/dist-packages/oslo_config/cfg.py:2609
2025-05-22 01:42:24.460 65093 DEBUG oslo_service.service [-] clients_swift.insecure = None log_opt_values /usr/lib/python3/dist-packages/oslo_config/cfg.py:2609
2025-05-22 01:42:24.461 65093 DEBUG oslo_service.service [-] clients_swift.key_file = None log_opt_values /usr/lib/python3/dist-packages/oslo_config/cfg.py:2609
2025-05-22 01:42:24.461 65093 DEBUG oslo_service.service [-] clients_trove.ca_file = None log_opt_values /usr/lib/python3/dist-packages/oslo_config/cfg.py:2609
2025-05-22 01:42:24.461 65093 DEBUG oslo_service.service [-] clients_trove.cert_file = None log_opt_values /usr/lib/python3/dist-packages/oslo_config/cfg.py:2609
2025-05-22 01:42:24.461 65093 DEBUG oslo_service.service [-] clients_trove.endpoint_type = None log_opt_values /usr/lib/python3/dist-packages/oslo_config/cfg.py:2609
2025-05-22 01:42:24.461 65093 DEBUG oslo_service.service [-] clients_trove.insecure = None log_opt_values /usr/lib/python3/dist-packages/oslo_config/cfg.py:2609
2025-05-22 01:42:24.461 65319 INFO heat.engine.worker [-] Starting engine_worker (1.4) in engine be4f2dc7-b82b-4758-9375-95cb0003316a.
2025-05-22 01:42:24.461 65093 DEBUG oslo_service.service [-] clients_trove.key_file = None log_opt_values /usr/lib/python3/dist-packages/oslo_config/cfg.py:2609
2025-05-22 01:42:24.461 65093 DEBUG oslo_service.service [-] clients_vitrage.ca_file = None log_opt_values /usr/lib/python3/dist-packages/oslo_config/cfg.py:2609
2025-05-22 01:42:24.461 65093 DEBUG oslo_service.service [-] clients_vitrage.cert_file = None log_opt_values /usr/lib/python3/dist-packages/oslo_config/cfg.py:2609
2025-05-22 01:42:24.461 65093 DEBUG oslo_service.service [-] clients_vitrage.endpoint_type = None log_opt_values /usr/lib/python3/dist-packages/oslo_config/cfg.py:2609
2025-05-22 01:42:24.461 65093 DEBUG oslo_service.service [-] clients_vitrage.insecure = None log_opt_values /usr/lib/python3/dist-packages/oslo_config/cfg.py:2609
2025-05-22 01:42:24.462 65093 DEBUG oslo_service.service [-] clients_vitrage.key_file = None log_opt_values /usr/lib/python3/dist-packages/oslo_config/cfg.py:2609
2025-05-22 01:42:24.462 65093 DEBUG oslo_service.service [-] clients_zaqar.ca_file = None log_opt_values /usr/lib/python3/dist-packages/oslo_config/cfg.py:2609
2025-05-22 01:42:24.462 65093 DEBUG oslo_service.service [-] clients_zaqar.cert_file = None log_opt_values /usr/lib/python3/dist-packages/oslo_config/cfg.py:2609
2025-05-22 01:42:24.462 65093 DEBUG oslo_service.service [-] clients_zaqar.endpoint_type = None log_opt_values /usr/lib/python3/dist-packages/oslo_config/cfg.py:2609
2025-05-22 01:42:24.462 65093 DEBUG oslo_service.service [-] clients_zaqar.insecure = None log_opt_values /usr/lib/python3/dist-packages/oslo_config/cfg.py:2609
2025-05-22 01:42:24.462 65093 DEBUG oslo_service.service [-] clients_zaqar.key_file = None log_opt_values /usr/lib/python3/dist-packages/oslo_config/cfg.py:2609
2025-05-22 01:42:24.462 65093 DEBUG oslo_service.service [-] database.backend = sqlalchemy log_opt_values /usr/lib/python3/dist-packages/oslo_config/cfg.py:2609
2025-05-22 01:42:24.462 65093 DEBUG oslo_service.service [-] database.connection = **** log_opt_values /usr/lib/python3/dist-packages/oslo_config/cfg.py:2609
2025-05-22 01:42:24.463 65093 DEBUG oslo_service.service [-] database.connection_debug = 0 log_opt_values /usr/lib/python3/dist-packages/oslo_config/cfg.py:2609
2025-05-22 01:42:24.463 65093 DEBUG oslo_service.service [-] database.connection_parameters = log_opt_values /usr/lib/python3/dist-packages/oslo_config/cfg.py:2609
2025-05-22 01:42:24.463 65093 DEBUG oslo_service.service [-] database.connection_recycle_time = 3600 log_opt_values /usr/lib/python3/dist-packages/oslo_config/cfg.py:2609
2025-05-22 01:42:24.463 65093 DEBUG oslo_service.service [-] database.connection_trace = False log_opt_values /usr/lib/python3/dist-packages/oslo_config/cfg.py:2609
2025-05-22 01:42:24.463 65093 DEBUG oslo_service.service [-] database.db_inc_retry_interval = True log_opt_values /usr/lib/python3/dist-packages/oslo_config/cfg.py:2609
2025-05-22 01:42:24.463 65093 DEBUG oslo_service.service [-] database.db_max_retries = 20 log_opt_values /usr/lib/python3/dist-packages/oslo_config/cfg.py:2609
2025-05-22 01:42:24.463 65093 DEBUG oslo_service.service [-] database.db_max_retry_interval = 10 log_opt_values /usr/lib/python3/dist-packages/oslo_config/cfg.py:2609
2025-05-22 01:42:24.463 65093 DEBUG oslo_service.service [-] database.db_retry_interval = 1 log_opt_values /usr/lib/python3/dist-packages/oslo_config/cfg.py:2609
2025-05-22 01:42:24.464 65093 DEBUG oslo_service.service [-] database.max_overflow = 50 log_opt_values /usr/lib/python3/dist-packages/oslo_config/cfg.py:2609
2025-05-22 01:42:24.464 65093 DEBUG oslo_service.service [-] database.max_pool_size = 5 log_opt_values /usr/lib/python3/dist-packages/oslo_config/cfg.py:2609
2025-05-22 01:42:24.464 65093 DEBUG oslo_service.service [-] database.max_retries = 10 log_opt_values /usr/lib/python3/dist-packages/oslo_config/cfg.py:2609
2025-05-22 01:42:24.464 65093 DEBUG oslo_service.service [-] database.mysql_enable_ndb = False log_opt_values /usr/lib/python3/dist-packages/oslo_config/cfg.py:2609
2025-05-22 01:42:24.464 65093 DEBUG oslo_service.service [-] database.mysql_sql_mode = TRADITIONAL log_opt_values /usr/lib/python3/dist-packages/oslo_config/cfg.py:2609
2025-05-22 01:42:24.464 65093 DEBUG oslo_service.service [-] database.pool_timeout = None log_opt_values /usr/lib/python3/dist-packages/oslo_config/cfg.py:2609
2025-05-22 01:42:24.464 65093 DEBUG oslo_service.service [-] database.retry_interval = 10 log_opt_values /usr/lib/python3/dist-packages/oslo_config/cfg.py:2609
2025-05-22 01:42:24.464 65093 DEBUG oslo_service.service [-] database.slave_connection = **** log_opt_values /usr/lib/python3/dist-packages/oslo_config/cfg.py:2609
2025-05-22 01:42:24.465 65093 DEBUG oslo_service.service [-] database.sqlite_synchronous = True log_opt_values /usr/lib/python3/dist-packages/oslo_config/cfg.py:2609
2025-05-22 01:42:24.465 65093 DEBUG oslo_service.service [-] database.use_db_reconnect = False log_opt_values /usr/lib/python3/dist-packages/oslo_config/cfg.py:2609
2025-05-22 01:42:24.465 65093 DEBUG oslo_service.service [-] oslo_messaging_metrics.metrics_buffer_size = 1000 log_opt_values /usr/lib/python3/dist-packages/oslo_config/cfg.py:2609
2025-05-22 01:42:24.465 65093 DEBUG oslo_service.service [-] oslo_messaging_metrics.metrics_enabled = False log_opt_values /usr/lib/python3/dist-packages/oslo_config/cfg.py:2609
2025-05-22 01:42:24.465 65093 DEBUG oslo_service.service [-] oslo_messaging_metrics.metrics_process_name = log_opt_values /usr/lib/python3/dist-packages/oslo_config/cfg.py:2609
2025-05-22 01:42:24.465 65093 DEBUG oslo_service.service [-] oslo_messaging_metrics.metrics_socket_file = /var/tmp/metrics_collector.sock log_opt_values /usr/lib/python3/dist-packages/oslo_config/cfg.py:2609
2025-05-22 01:42:24.465 65093 DEBUG oslo_service.service [-] oslo_messaging_metrics.metrics_thread_stop_timeout = 10 log_opt_values /usr/lib/python3/dist-packages/oslo_config/cfg.py:2609
2025-05-22 01:42:24.466 65093 DEBUG oslo_service.service [-] oslo_policy.enforce_new_defaults = False log_opt_values /usr/lib/python3/dist-packages/oslo_config/cfg.py:2609
2025-05-22 01:42:24.466 65093 DEBUG oslo_service.service [-] oslo_policy.enforce_scope = False log_opt_values /usr/lib/python3/dist-packages/oslo_config/cfg.py:2609
2025-05-22 01:42:24.466 65093 DEBUG oslo_service.service [-] oslo_policy.policy_default_rule = default log_opt_values /usr/lib/python3/dist-packages/oslo_config/cfg.py:2609
2025-05-22 01:42:24.466 65093 DEBUG oslo_service.service [-] oslo_policy.policy_dirs = ['policy.d'] log_opt_values /usr/lib/python3/dist-packages/oslo_config/cfg.py:2609
2025-05-22 01:42:24.466 65093 DEBUG oslo_service.service [-] oslo_policy.policy_file = policy.yaml log_opt_values /usr/lib/python3/dist-packages/oslo_config/cfg.py:2609
2025-05-22 01:42:24.466 65093 DEBUG oslo_service.service [-] oslo_policy.remote_content_type = application/x-www-form-urlencoded log_opt_values /usr/lib/python3/dist-packages/oslo_config/cfg.py:2609
2025-05-22 01:42:24.466 65093 DEBUG oslo_service.service [-] oslo_policy.remote_ssl_ca_crt_file = None log_opt_values /usr/lib/python3/dist-packages/oslo_config/cfg.py:2609
2025-05-22 01:42:24.466 65093 DEBUG oslo_service.service [-] oslo_policy.remote_ssl_client_crt_file = None log_opt_values /usr/lib/python3/dist-packages/oslo_config/cfg.py:2609
2025-05-22 01:42:24.467 65093 DEBUG oslo_service.service [-] oslo_policy.remote_ssl_client_key_file = None log_opt_values /usr/lib/python3/dist-packages/oslo_config/cfg.py:2609
2025-05-22 01:42:24.467 65093 DEBUG oslo_service.service [-] oslo_policy.remote_ssl_verify_server_crt = False log_opt_values /usr/lib/python3/dist-packages/oslo_config/cfg.py:2609
2025-05-22 01:42:24.467 65093 DEBUG oslo_service.service [-] trustee.auth_section = None log_opt_values /usr/lib/python3/dist-packages/oslo_config/cfg.py:2609
2025-05-22 01:42:24.467 65093 WARNING oslo_config.cfg [-] Deprecated: Option "auth_plugin" from group "trustee" is deprecated. Use option "auth_type" from group "trustee".
2025-05-22 01:42:24.467 65093 DEBUG oslo_service.service [-] trustee.auth_type = password log_opt_values /usr/lib/python3/dist-packages/oslo_config/cfg.py:2609
2025-05-22 01:42:24.467 65093 DEBUG oslo_service.service [-] oslo_versionedobjects.fatal_exception_format_errors = False log_opt_values /usr/lib/python3/dist-packages/oslo_config/cfg.py:2609
2025-05-22 01:42:24.468 65093 DEBUG oslo_service.service [-] oslo_messaging_rabbit.amqp_auto_delete = False log_opt_values /usr/lib/python3/dist-packages/oslo_config/cfg.py:2609
2025-05-22 01:42:24.468 65093 DEBUG oslo_service.service [-] oslo_messaging_rabbit.amqp_durable_queues = False log_opt_values /usr/lib/python3/dist-packages/oslo_config/cfg.py:2609
2025-05-22 01:42:24.468 65093 DEBUG oslo_service.service [-] oslo_messaging_rabbit.conn_pool_min_size = 2 log_opt_values /usr/lib/python3/dist-packages/oslo_config/cfg.py:2609
2025-05-22 01:42:24.468 65093 DEBUG oslo_service.service [-] oslo_messaging_rabbit.conn_pool_ttl = 1200 log_opt_values /usr/lib/python3/dist-packages/oslo_config/cfg.py:2609
2025-05-22 01:42:24.468 65093 DEBUG oslo_service.service [-] oslo_messaging_rabbit.direct_mandatory_flag = True log_opt_values /usr/lib/python3/dist-packages/oslo_config/cfg.py:2609
2025-05-22 01:42:24.468 65093 DEBUG oslo_service.service [-] oslo_messaging_rabbit.enable_cancel_on_failover = False log_opt_values /usr/lib/python3/dist-packages/oslo_config/cfg.py:2609
2025-05-22 01:42:24.468 65093 DEBUG oslo_service.service [-] oslo_messaging_rabbit.heartbeat_in_pthread = False log_opt_values /usr/lib/python3/dist-packages/oslo_config/cfg.py:2609
2025-05-22 01:42:24.468 65093 DEBUG oslo_service.service [-] oslo_messaging_rabbit.heartbeat_rate = 2 log_opt_values /usr/lib/python3/dist-packages/oslo_config/cfg.py:2609
2025-05-22 01:42:24.468 65321 INFO heat.engine.worker [-] Starting engine_worker (1.4) in engine 84600aae-faf7-48a1-bdcb-07b596557e56.
2025-05-22 01:42:24.469 65093 DEBUG oslo_service.service [-] oslo_messaging_rabbit.heartbeat_timeout_threshold = 60 log_opt_values /usr/lib/python3/dist-packages/oslo_config/cfg.py:2609
2025-05-22 01:42:24.469 65093 DEBUG oslo_service.service [-] oslo_messaging_rabbit.kombu_compression = None log_opt_values /usr/lib/python3/dist-packages/oslo_config/cfg.py:2609
2025-05-22 01:42:24.469 65093 DEBUG oslo_service.service [-] oslo_messaging_rabbit.kombu_failover_strategy = round-robin log_opt_values /usr/lib/python3/dist-packages/oslo_config/cfg.py:2609
2025-05-22 01:42:24.469 65093 DEBUG oslo_service.service [-] oslo_messaging_rabbit.kombu_missing_consumer_retry_timeout = 60 log_opt_values /usr/lib/python3/dist-packages/oslo_config/cfg.py:2609
2025-05-22 01:42:24.469 65093 DEBUG oslo_service.service [-] oslo_messaging_rabbit.kombu_reconnect_delay = 1.0 log_opt_values /usr/lib/python3/dist-packages/oslo_config/cfg.py:2609
2025-05-22 01:42:24.469 65093 DEBUG oslo_service.service [-] oslo_messaging_rabbit.rabbit_ha_queues = False log_opt_values /usr/lib/python3/dist-packages/oslo_config/cfg.py:2609
2025-05-22 01:42:24.469 65093 DEBUG oslo_service.service [-] oslo_messaging_rabbit.rabbit_interval_max = 30 log_opt_values /usr/lib/python3/dist-packages/oslo_config/cfg.py:2609
2025-05-22 01:42:24.469 65093 DEBUG oslo_service.service [-] oslo_messaging_rabbit.rabbit_login_method = AMQPLAIN log_opt_values /usr/lib/python3/dist-packages/oslo_config/cfg.py:2609
2025-05-22 01:42:24.469 65093 DEBUG oslo_service.service [-] oslo_messaging_rabbit.rabbit_qos_prefetch_count = 0 log_opt_values /usr/lib/python3/dist-packages/oslo_config/cfg.py:2609
2025-05-22 01:42:24.470 65093 DEBUG oslo_service.service [-] oslo_messaging_rabbit.rabbit_quorum_queue = False log_opt_values /usr/lib/python3/dist-packages/oslo_config/cfg.py:2609
2025-05-22 01:42:24.470 65093 DEBUG oslo_service.service [-] oslo_messaging_rabbit.rabbit_retry_backoff = 2 log_opt_values /usr/lib/python3/dist-packages/oslo_config/cfg.py:2609
2025-05-22 01:42:24.470 65093 DEBUG oslo_service.service [-] oslo_messaging_rabbit.rabbit_retry_interval = 1 log_opt_values /usr/lib/python3/dist-packages/oslo_config/cfg.py:2609
2025-05-22 01:42:24.470 65093 DEBUG oslo_service.service [-] oslo_messaging_rabbit.rabbit_transient_queues_ttl = 1800 log_opt_values /usr/lib/python3/dist-packages/oslo_config/cfg.py:2609
2025-05-22 01:42:24.470 65093 DEBUG oslo_service.service [-] oslo_messaging_rabbit.rpc_conn_pool_size = 30 log_opt_values /usr/lib/python3/dist-packages/oslo_config/cfg.py:2609
2025-05-22 01:42:24.470 65093 DEBUG oslo_service.service [-] oslo_messaging_rabbit.ssl = False log_opt_values /usr/lib/python3/dist-packages/oslo_config/cfg.py:2609
2025-05-22 01:42:24.470 65093 DEBUG oslo_service.service [-] oslo_messaging_rabbit.ssl_ca_file = log_opt_values /usr/lib/python3/dist-packages/oslo_config/cfg.py:2609
2025-05-22 01:42:24.470 65093 DEBUG oslo_service.service [-] oslo_messaging_rabbit.ssl_cert_file = log_opt_values /usr/lib/python3/dist-packages/oslo_config/cfg.py:2609
2025-05-22 01:42:24.470 65093 DEBUG oslo_service.service [-] oslo_messaging_rabbit.ssl_key_file = log_opt_values /usr/lib/python3/dist-packages/oslo_config/cfg.py:2609
2025-05-22 01:42:24.471 65093 DEBUG oslo_service.service [-] oslo_messaging_rabbit.ssl_version = log_opt_values /usr/lib/python3/dist-packages/oslo_config/cfg.py:2609
2025-05-22 01:42:24.471 65093 DEBUG oslo_service.service [-] oslo_messaging_notifications.driver = [] log_opt_values /usr/lib/python3/dist-packages/oslo_config/cfg.py:2609
2025-05-22 01:42:24.471 65093 DEBUG oslo_service.service [-] oslo_messaging_notifications.retry = -1 log_opt_values /usr/lib/python3/dist-packages/oslo_config/cfg.py:2609
2025-05-22 01:42:24.472 65093 DEBUG oslo_service.service [-] oslo_messaging_notifications.topics = ['notifications'] log_opt_values /usr/lib/python3/dist-packages/oslo_config/cfg.py:2609
2025-05-22 01:42:24.472 65093 DEBUG oslo_service.service [-] oslo_messaging_notifications.transport_url = **** log_opt_values /usr/lib/python3/dist-packages/oslo_config/cfg.py:2609
2025-05-22 01:42:24.472 65093 DEBUG oslo_service.service [-] cache.backend = dogpile.cache.null log_opt_values /usr/lib/python3/dist-packages/oslo_config/cfg.py:2609
2025-05-22 01:42:24.472 65093 DEBUG oslo_service.service [-] cache.backend_argument = **** log_opt_values /usr/lib/python3/dist-packages/oslo_config/cfg.py:2609
2025-05-22 01:42:24.472 65093 DEBUG oslo_service.service [-] cache.config_prefix = cache.oslo log_opt_values /usr/lib/python3/dist-packages/oslo_config/cfg.py:2609
2025-05-22 01:42:24.472 65093 DEBUG oslo_service.service [-] cache.debug_cache_backend = False log_opt_values /usr/lib/python3/dist-packages/oslo_config/cfg.py:2609
2025-05-22 01:42:24.472 65093 DEBUG oslo_service.service [-] cache.enabled = False log_opt_values /usr/lib/python3/dist-packages/oslo_config/cfg.py:2609
2025-05-22 01:42:24.472 65093 DEBUG oslo_service.service [-] cache.expiration_time = 600 log_opt_values /usr/lib/python3/dist-packages/oslo_config/cfg.py:2609
2025-05-22 01:42:24.473 65093 DEBUG oslo_service.service [-] cache.memcache_dead_retry = 300 log_opt_values /usr/lib/python3/dist-packages/oslo_config/cfg.py:2609
2025-05-22 01:42:24.473 65093 DEBUG oslo_service.service [-] cache.memcache_pool_connection_get_timeout = 10 log_opt_values /usr/lib/python3/dist-packages/oslo_config/cfg.py:2609
2025-05-22 01:42:24.473 65093 DEBUG oslo_service.service [-] cache.memcache_pool_flush_on_reconnect = False log_opt_values /usr/lib/python3/dist-packages/oslo_config/cfg.py:2609
2025-05-22 01:42:24.474 65093 DEBUG oslo_service.service [-] cache.memcache_pool_maxsize = 10 log_opt_values /usr/lib/python3/dist-packages/oslo_config/cfg.py:2609
2025-05-22 01:42:24.474 65093 DEBUG oslo_service.service [-] cache.memcache_pool_unused_timeout = 60 log_opt_values /usr/lib/python3/dist-packages/oslo_config/cfg.py:2609
2025-05-22 01:42:24.474 65093 DEBUG oslo_service.service [-] cache.memcache_servers = ['localhost:11211'] log_opt_values /usr/lib/python3/dist-packages/oslo_config/cfg.py:2609
2025-05-22 01:42:24.474 65093 DEBUG oslo_service.service [-] cache.memcache_socket_timeout = 1.0 log_opt_values /usr/lib/python3/dist-packages/oslo_config/cfg.py:2609
2025-05-22 01:42:24.474 65093 DEBUG oslo_service.service [-] cache.proxies = [] log_opt_values /usr/lib/python3/dist-packages/oslo_config/cfg.py:2609
2025-05-22 01:42:24.474 65093 DEBUG oslo_service.service [-] cache.tls_allowed_ciphers = None log_opt_values /usr/lib/python3/dist-packages/oslo_config/cfg.py:2609
2025-05-22 01:42:24.474 65093 DEBUG oslo_service.service [-] cache.tls_cafile = None log_opt_values /usr/lib/python3/dist-packages/oslo_config/cfg.py:2609
2025-05-22 01:42:24.475 65093 DEBUG oslo_service.service [-] cache.tls_certfile = None log_opt_values /usr/lib/python3/dist-packages/oslo_config/cfg.py:2609
2025-05-22 01:42:24.475 65093 DEBUG oslo_service.service [-] cache.tls_enabled = False log_opt_values /usr/lib/python3/dist-packages/oslo_config/cfg.py:2609
2025-05-22 01:42:24.475 65093 DEBUG oslo_service.service [-] cache.tls_keyfile = None log_opt_values /usr/lib/python3/dist-packages/oslo_config/cfg.py:2609
2025-05-22 01:42:24.475 65093 DEBUG oslo_service.service [-] constraint_validation_cache.caching = True log_opt_values /usr/lib/python3/dist-packages/oslo_config/cfg.py:2609
2025-05-22 01:42:24.475 65093 DEBUG oslo_service.service [-] constraint_validation_cache.expiration_time = 60 log_opt_values /usr/lib/python3/dist-packages/oslo_config/cfg.py:2609
2025-05-22 01:42:24.475 65093 DEBUG oslo_service.service [-] service_extension_cache.caching = True log_opt_values /usr/lib/python3/dist-packages/oslo_config/cfg.py:2609
2025-05-22 01:42:24.475 65093 DEBUG oslo_service.service [-] service_extension_cache.expiration_time = 3600 log_opt_values /usr/lib/python3/dist-packages/oslo_config/cfg.py:2609
2025-05-22 01:42:24.475 65093 DEBUG oslo_service.service [-] resource_finder_cache.caching = True log_opt_values /usr/lib/python3/dist-packages/oslo_config/cfg.py:2609
2025-05-22 01:42:24.476 65093 DEBUG oslo_service.service [-] resource_finder_cache.expiration_time = 3600 log_opt_values /usr/lib/python3/dist-packages/oslo_config/cfg.py:2609
2025-05-22 01:42:24.476 65093 DEBUG oslo_service.service [-] yaql.limit_iterators = 200 log_opt_values /usr/lib/python3/dist-packages/oslo_config/cfg.py:2609
2025-05-22 01:42:24.476 65093 DEBUG oslo_service.service [-] yaql.memory_quota = 10000 log_opt_values /usr/lib/python3/dist-packages/oslo_config/cfg.py:2609
2025-05-22 01:42:24.476 65093 DEBUG oslo_service.service [-] ******************************************************************************** log_opt_values /usr/lib/python3/dist-packages/oslo_config/cfg.py:2613
2025-05-22 01:42:24.520 65319 DEBUG oslo_db.sqlalchemy.engines [req-9e38f3c9-2a82-461e-b9a0-58db942c3e77 - - - - -] MySQL server mode set to STRICT_TRANS_TABLES,STRICT_ALL_TABLES,NO_ZERO_IN_DATE,NO_ZERO_DATE,ERROR_FOR_DIVISION_BY_ZERO,TRADITIONAL,NO_ENGINE_SUBSTITUTION _check_effective_sql_mode /usr/lib/python3/dist-packages/oslo_db/sqlalchemy/engines.py:314
2025-05-22 01:42:24.537 65320 DEBUG oslo_db.sqlalchemy.engines [req-300bbf7d-cde3-4623-9a8c-d440690051ca - - - - -] MySQL server mode set to STRICT_TRANS_TABLES,STRICT_ALL_TABLES,NO_ZERO_IN_DATE,NO_ZERO_DATE,ERROR_FOR_DIVISION_BY_ZERO,TRADITIONAL,NO_ENGINE_SUBSTITUTION _check_effective_sql_mode /usr/lib/python3/dist-packages/oslo_db/sqlalchemy/engines.py:314
2025-05-22 01:42:24.538 65318 DEBUG oslo_db.sqlalchemy.engines [req-1ff6c91c-dc6c-4140-aee2-8b7eceffa1c0 - - - - -] MySQL server mode set to STRICT_TRANS_TABLES,STRICT_ALL_TABLES,NO_ZERO_IN_DATE,NO_ZERO_DATE,ERROR_FOR_DIVISION_BY_ZERO,TRADITIONAL,NO_ENGINE_SUBSTITUTION _check_effective_sql_mode /usr/lib/python3/dist-packages/oslo_db/sqlalchemy/engines.py:314
2025-05-22 01:42:24.540 65321 DEBUG oslo_db.sqlalchemy.engines [req-5deb2cc1-cbb5-4c61-965e-8b9850fbcaa2 - - - - -] MySQL server mode set to STRICT_TRANS_TABLES,STRICT_ALL_TABLES,NO_ZERO_IN_DATE,NO_ZERO_DATE,ERROR_FOR_DIVISION_BY_ZERO,TRADITIONAL,NO_ENGINE_SUBSTITUTION _check_effective_sql_mode /usr/lib/python3/dist-packages/oslo_db/sqlalchemy/engines.py:314
2025-05-22 01:42:24.574 65319 DEBUG heat.engine.service [req-9e38f3c9-2a82-461e-b9a0-58db942c3e77 - - - - -] Service 286836ac-5d46-48bc-9974-ec4667b55986 was aborted service_manage_cleanup /usr/lib/python3/dist-packages/heat/engine/service.py:2391
2025-05-22 01:42:24.586 65321 DEBUG heat.engine.service [req-5deb2cc1-cbb5-4c61-965e-8b9850fbcaa2 - - - - -] Service 286836ac-5d46-48bc-9974-ec4667b55986 was aborted service_manage_cleanup /usr/lib/python3/dist-packages/heat/engine/service.py:2391
2025-05-22 01:42:24.591 65319 DEBUG heat.engine.service [req-9e38f3c9-2a82-461e-b9a0-58db942c3e77 - - - - -] Service 37d5b974-641f-4f5a-b285-263d5f6beb41 was aborted service_manage_cleanup /usr/lib/python3/dist-packages/heat/engine/service.py:2391
2025-05-22 01:42:24.592 65320 DEBUG heat.engine.service [req-300bbf7d-cde3-4623-9a8c-d440690051ca - - - - -] Service 286836ac-5d46-48bc-9974-ec4667b55986 was aborted service_manage_cleanup /usr/lib/python3/dist-packages/heat/engine/service.py:2391
2025-05-22 01:42:24.594 65321 DEBUG heat.engine.service [req-5deb2cc1-cbb5-4c61-965e-8b9850fbcaa2 - - - - -] Service 37d5b974-641f-4f5a-b285-263d5f6beb41 was aborted service_manage_cleanup /usr/lib/python3/dist-packages/heat/engine/service.py:2391
2025-05-22 01:42:24.595 65318 DEBUG heat.engine.service [req-1ff6c91c-dc6c-4140-aee2-8b7eceffa1c0 - - - - -] Service 37d5b974-641f-4f5a-b285-263d5f6beb41 was aborted service_manage_cleanup /usr/lib/python3/dist-packages/heat/engine/service.py:2391
2025-05-22 01:42:24.600 65320 DEBUG heat.engine.service [req-300bbf7d-cde3-4623-9a8c-d440690051ca - - - - -] Service 37d5b974-641f-4f5a-b285-263d5f6beb41 was aborted service_manage_cleanup /usr/lib/python3/dist-packages/heat/engine/service.py:2391
2025-05-22 01:42:24.606 65321 DEBUG heat.engine.service [req-5deb2cc1-cbb5-4c61-965e-8b9850fbcaa2 - - - - -] Service 3e119b44-b75a-4c5a-8ac5-7729e0d80cea was aborted service_manage_cleanup /usr/lib/python3/dist-packages/heat/engine/service.py:2391
2025-05-22 01:42:24.606 65319 DEBUG heat.engine.service [req-9e38f3c9-2a82-461e-b9a0-58db942c3e77 - - - - -] Service 3e119b44-b75a-4c5a-8ac5-7729e0d80cea was aborted service_manage_cleanup /usr/lib/python3/dist-packages/heat/engine/service.py:2391
2025-05-22 01:42:24.607 65318 DEBUG heat.engine.service [req-1ff6c91c-dc6c-4140-aee2-8b7eceffa1c0 - - - - -] Service 3e119b44-b75a-4c5a-8ac5-7729e0d80cea was aborted service_manage_cleanup /usr/lib/python3/dist-packages/heat/engine/service.py:2391
2025-05-22 01:42:24.607 65320 DEBUG heat.engine.service [req-300bbf7d-cde3-4623-9a8c-d440690051ca - - - - -] Service 3e119b44-b75a-4c5a-8ac5-7729e0d80cea was aborted service_manage_cleanup /usr/lib/python3/dist-packages/heat/engine/service.py:2391
2025-05-22 01:42:24.617 65321 DEBUG heat.engine.service [req-5deb2cc1-cbb5-4c61-965e-8b9850fbcaa2 - - - - -] Service 47d05a65-ccec-4a26-ad84-5ccdcf962e57 was aborted service_manage_cleanup /usr/lib/python3/dist-packages/heat/engine/service.py:2391
2025-05-22 01:42:24.617 65319 DEBUG heat.engine.service [req-9e38f3c9-2a82-461e-b9a0-58db942c3e77 - - - - -] Service 47d05a65-ccec-4a26-ad84-5ccdcf962e57 was aborted service_manage_cleanup /usr/lib/python3/dist-packages/heat/engine/service.py:2391
2025-05-22 01:42:24.618 65318 DEBUG heat.engine.service [req-1ff6c91c-dc6c-4140-aee2-8b7eceffa1c0 - - - - -] Service 47d05a65-ccec-4a26-ad84-5ccdcf962e57 was aborted service_manage_cleanup /usr/lib/python3/dist-packages/heat/engine/service.py:2391
2025-05-22 01:42:24.618 65320 DEBUG heat.engine.service [req-300bbf7d-cde3-4623-9a8c-d440690051ca - - - - -] Service 47d05a65-ccec-4a26-ad84-5ccdcf962e57 was aborted service_manage_cleanup /usr/lib/python3/dist-packages/heat/engine/service.py:2391
2025-05-22 01:42:24.630 65321 DEBUG heat.engine.service [req-5deb2cc1-cbb5-4c61-965e-8b9850fbcaa2 - - - - -] Service 58728ba5-c88c-4d7b-b258-dc1f068e3aa6 was aborted service_manage_cleanup /usr/lib/python3/dist-packages/heat/engine/service.py:2391
2025-05-22 01:42:24.631 65319 DEBUG heat.engine.service [req-9e38f3c9-2a82-461e-b9a0-58db942c3e77 - - - - -] Service 58728ba5-c88c-4d7b-b258-dc1f068e3aa6 was aborted service_manage_cleanup /usr/lib/python3/dist-packages/heat/engine/service.py:2391
2025-05-22 01:42:24.632 65320 DEBUG heat.engine.service [req-300bbf7d-cde3-4623-9a8c-d440690051ca - - - - -] Service 58728ba5-c88c-4d7b-b258-dc1f068e3aa6 was aborted service_manage_cleanup /usr/lib/python3/dist-packages/heat/engine/service.py:2391
2025-05-22 01:42:24.633 65318 DEBUG heat.engine.service [req-1ff6c91c-dc6c-4140-aee2-8b7eceffa1c0 - - - - -] Service 58728ba5-c88c-4d7b-b258-dc1f068e3aa6 was aborted service_manage_cleanup /usr/lib/python3/dist-packages/heat/engine/service.py:2391
2025-05-22 01:42:24.641 65321 DEBUG heat.engine.service [req-5deb2cc1-cbb5-4c61-965e-8b9850fbcaa2 - - - - -] Service 8995fd37-84c0-4422-b40b-be170045907a was aborted service_manage_cleanup /usr/lib/python3/dist-packages/heat/engine/service.py:2391
2025-05-22 01:42:24.642 65320 DEBUG heat.engine.service [req-300bbf7d-cde3-4623-9a8c-d440690051ca - - - - -] Service 8995fd37-84c0-4422-b40b-be170045907a was aborted service_manage_cleanup /usr/lib/python3/dist-packages/heat/engine/service.py:2391
2025-05-22 01:42:24.643 65318 DEBUG heat.engine.service [req-1ff6c91c-dc6c-4140-aee2-8b7eceffa1c0 - - - - -] Service 8995fd37-84c0-4422-b40b-be170045907a was aborted service_manage_cleanup /usr/lib/python3/dist-packages/heat/engine/service.py:2391
2025-05-22 01:42:24.643 65319 DEBUG heat.engine.service [req-9e38f3c9-2a82-461e-b9a0-58db942c3e77 - - - - -] Service 8995fd37-84c0-4422-b40b-be170045907a was aborted service_manage_cleanup /usr/lib/python3/dist-packages/heat/engine/service.py:2391
2025-05-22 01:42:24.654 65320 DEBUG heat.engine.service [req-300bbf7d-cde3-4623-9a8c-d440690051ca - - - - -] Service 8ac54ab5-04ce-4259-99b0-9d03fe53746e was aborted service_manage_cleanup /usr/lib/python3/dist-packages/heat/engine/service.py:2391
2025-05-22 01:42:24.654 65319 DEBUG heat.engine.service [req-9e38f3c9-2a82-461e-b9a0-58db942c3e77 - - - - -] Service 8ac54ab5-04ce-4259-99b0-9d03fe53746e was aborted service_manage_cleanup /usr/lib/python3/dist-packages/heat/engine/service.py:2391
2025-05-22 01:42:24.655 65321 DEBUG heat.engine.service [req-5deb2cc1-cbb5-4c61-965e-8b9850fbcaa2 - - - - -] Service 8ac54ab5-04ce-4259-99b0-9d03fe53746e was aborted service_manage_cleanup /usr/lib/python3/dist-packages/heat/engine/service.py:2391
2025-05-22 01:42:24.656 65318 DEBUG heat.engine.service [req-1ff6c91c-dc6c-4140-aee2-8b7eceffa1c0 - - - - -] Service 8ac54ab5-04ce-4259-99b0-9d03fe53746e was aborted service_manage_cleanup /usr/lib/python3/dist-packages/heat/engine/service.py:2391
2025-05-22 01:42:24.666 65320 DEBUG heat.engine.service [req-300bbf7d-cde3-4623-9a8c-d440690051ca - - - - -] Service b0e97290-5096-44d2-b86f-71de34773e42 was aborted service_manage_cleanup /usr/lib/python3/dist-packages/heat/engine/service.py:2391
2025-05-22 01:42:24.666 65319 DEBUG heat.engine.service [req-9e38f3c9-2a82-461e-b9a0-58db942c3e77 - - - - -] Service b0e97290-5096-44d2-b86f-71de34773e42 was aborted service_manage_cleanup /usr/lib/python3/dist-packages/heat/engine/service.py:2391
2025-05-22 01:42:24.667 65321 DEBUG heat.engine.service [req-5deb2cc1-cbb5-4c61-965e-8b9850fbcaa2 - - - - -] Service b0e97290-5096-44d2-b86f-71de34773e42 was aborted service_manage_cleanup /usr/lib/python3/dist-packages/heat/engine/service.py:2391
2025-05-22 01:42:24.668 65318 DEBUG heat.engine.service [req-1ff6c91c-dc6c-4140-aee2-8b7eceffa1c0 - - - - -] Service b0e97290-5096-44d2-b86f-71de34773e42 was aborted service_manage_cleanup /usr/lib/python3/dist-packages/heat/engine/service.py:2391
2025-05-22 01:42:24.677 65319 DEBUG heat.engine.service [req-9e38f3c9-2a82-461e-b9a0-58db942c3e77 - - - - -] Service cb6cdcce-1ee2-4111-a8a2-02424d2e8172 was aborted service_manage_cleanup /usr/lib/python3/dist-packages/heat/engine/service.py:2391
2025-05-22 01:42:24.677 65321 DEBUG heat.engine.service [req-5deb2cc1-cbb5-4c61-965e-8b9850fbcaa2 - - - - -] Service cb6cdcce-1ee2-4111-a8a2-02424d2e8172 was aborted service_manage_cleanup /usr/lib/python3/dist-packages/heat/engine/service.py:2391
2025-05-22 01:42:24.678 65320 DEBUG heat.engine.service [req-300bbf7d-cde3-4623-9a8c-d440690051ca - - - - -] Service cb6cdcce-1ee2-4111-a8a2-02424d2e8172 was aborted service_manage_cleanup /usr/lib/python3/dist-packages/heat/engine/service.py:2391
2025-05-22 01:42:24.679 65318 DEBUG heat.engine.service [req-1ff6c91c-dc6c-4140-aee2-8b7eceffa1c0 - - - - -] Service cb6cdcce-1ee2-4111-a8a2-02424d2e8172 was aborted service_manage_cleanup /usr/lib/python3/dist-packages/heat/engine/service.py:2391
2025-05-22 01:42:24.687 65319 DEBUG heat.engine.service [req-9e38f3c9-2a82-461e-b9a0-58db942c3e77 - - - - -] Service d2e1feb7-a39b-44ce-b106-ae666f3ba0cf was aborted service_manage_cleanup /usr/lib/python3/dist-packages/heat/engine/service.py:2391
2025-05-22 01:42:24.688 65321 DEBUG heat.engine.service [req-5deb2cc1-cbb5-4c61-965e-8b9850fbcaa2 - - - - -] Service d2e1feb7-a39b-44ce-b106-ae666f3ba0cf was aborted service_manage_cleanup /usr/lib/python3/dist-packages/heat/engine/service.py:2391
2025-05-22 01:42:24.689 65320 DEBUG heat.engine.service [req-300bbf7d-cde3-4623-9a8c-d440690051ca - - - - -] Service d2e1feb7-a39b-44ce-b106-ae666f3ba0cf was aborted service_manage_cleanup /usr/lib/python3/dist-packages/heat/engine/service.py:2391
2025-05-22 01:42:24.689 65318 DEBUG heat.engine.service [req-1ff6c91c-dc6c-4140-aee2-8b7eceffa1c0 - - - - -] Service d2e1feb7-a39b-44ce-b106-ae666f3ba0cf was aborted service_manage_cleanup /usr/lib/python3/dist-packages/heat/engine/service.py:2391
2025-05-22 01:42:24.698 65321 DEBUG heat.engine.service [req-5deb2cc1-cbb5-4c61-965e-8b9850fbcaa2 - - - - -] Service dca2facd-6912-4cdf-9aa1-480bfab3496c was aborted service_manage_cleanup /usr/lib/python3/dist-packages/heat/engine/service.py:2391
2025-05-22 01:42:24.698 65319 DEBUG heat.engine.service [req-9e38f3c9-2a82-461e-b9a0-58db942c3e77 - - - - -] Service dca2facd-6912-4cdf-9aa1-480bfab3496c was aborted service_manage_cleanup /usr/lib/python3/dist-packages/heat/engine/service.py:2391
2025-05-22 01:42:24.699 65320 DEBUG heat.engine.service [req-300bbf7d-cde3-4623-9a8c-d440690051ca - - - - -] Service dca2facd-6912-4cdf-9aa1-480bfab3496c was aborted service_manage_cleanup /usr/lib/python3/dist-packages/heat/engine/service.py:2391
2025-05-22 01:42:24.699 65318 DEBUG heat.engine.service [req-1ff6c91c-dc6c-4140-aee2-8b7eceffa1c0 - - - - -] Service dca2facd-6912-4cdf-9aa1-480bfab3496c was aborted service_manage_cleanup /usr/lib/python3/dist-packages/heat/engine/service.py:2391
2025-05-22 01:42:24.712 65321 DEBUG heat.engine.service [req-5deb2cc1-cbb5-4c61-965e-8b9850fbcaa2 - - - - -] Service f5943ca0-5f28-4cff-bdab-c216d31cf781 was aborted service_manage_cleanup /usr/lib/python3/dist-packages/heat/engine/service.py:2391
2025-05-22 01:42:24.713 65319 DEBUG heat.engine.service [req-9e38f3c9-2a82-461e-b9a0-58db942c3e77 - - - - -] Service f5943ca0-5f28-4cff-bdab-c216d31cf781 was aborted service_manage_cleanup /usr/lib/python3/dist-packages/heat/engine/service.py:2391
2025-05-22 01:42:24.714 65318 DEBUG heat.engine.service [req-1ff6c91c-dc6c-4140-aee2-8b7eceffa1c0 - - - - -] Service f5943ca0-5f28-4cff-bdab-c216d31cf781 was aborted service_manage_cleanup /usr/lib/python3/dist-packages/heat/engine/service.py:2391
2025-05-22 01:42:24.715 65320 DEBUG heat.engine.service [req-300bbf7d-cde3-4623-9a8c-d440690051ca - - - - -] Service f5943ca0-5f28-4cff-bdab-c216d31cf781 was aborted service_manage_cleanup /usr/lib/python3/dist-packages/heat/engine/service.py:2391
2025-05-22 01:42:24.750 65321 DEBUG heat.engine.service [req-3aa4fc3b-d771-4ef5-8fec-79b391caaa5d - - - - -] Service ffc94325-6c02-4dc5-9033-8d03fe920507 is started service_manage_report /usr/lib/python3/dist-packages/heat/engine/service.py:2363
2025-05-22 01:42:24.750 65319 DEBUG heat.engine.service [req-933cf8f6-ee6e-40c9-b005-1dd9adb83a1a - - - - -] Service 45afa4f6-231e-48c0-ab17-63ef0db241cd is started service_manage_report /usr/lib/python3/dist-packages/heat/engine/service.py:2363
2025-05-22 01:42:24.752 65320 DEBUG heat.engine.service [req-18064428-2b4b-48a9-b696-ada8f257f11c - - - - -] Service dc1c9029-ffa9-48a6-852d-6bb0e7edd66a is started service_manage_report /usr/lib/python3/dist-packages/heat/engine/service.py:2363
2025-05-22 01:42:24.752 65318 DEBUG heat.engine.service [req-56d4ff5a-310f-43a3-a47a-f2291d606a84 - - - - -] Service 2a3b3c18-7a46-45b6-9600-eb902fd32d51 is started service_manage_report /usr/lib/python3/dist-packages/heat/engine/service.py:2363
2025-05-22 01:42:24.762 65321 DEBUG heat.engine.service [req-3aa4fc3b-d771-4ef5-8fec-79b391caaa5d - - - - -] Service ffc94325-6c02-4dc5-9033-8d03fe920507 is updated service_manage_report /usr/lib/python3/dist-packages/heat/engine/service.py:2370
2025-05-22 01:42:24.764 65320 DEBUG heat.engine.service [req-18064428-2b4b-48a9-b696-ada8f257f11c - - - - -] Service dc1c9029-ffa9-48a6-852d-6bb0e7edd66a is updated service_manage_report /usr/lib/python3/dist-packages/heat/engine/service.py:2370
2025-05-22 01:42:24.764 65318 DEBUG heat.engine.service [req-56d4ff5a-310f-43a3-a47a-f2291d606a84 - - - - -] Service 2a3b3c18-7a46-45b6-9600-eb902fd32d51 is updated service_manage_report /usr/lib/python3/dist-packages/heat/engine/service.py:2370
2025-05-22 01:42:24.764 65319 DEBUG heat.engine.service [req-933cf8f6-ee6e-40c9-b005-1dd9adb83a1a - - - - -] Service 45afa4f6-231e-48c0-ab17-63ef0db241cd is updated service_manage_report /usr/lib/python3/dist-packages/heat/engine/service.py:2370
2025-05-22 01:43:24.738 65320 DEBUG heat.engine.service [req-2694ef83-0109-4111-b262-6405c08e2d7d - - - - -] Service dc1c9029-ffa9-48a6-852d-6bb0e7edd66a is updated service_manage_report /usr/lib/python3/dist-packages/heat/engine/service.py:2370
2025-05-22 01:43:24.742 65319 DEBUG heat.engine.service [req-1f216967-7ba4-4ad1-b97b-5bc3e65d268f - - - - -] Service 45afa4f6-231e-48c0-ab17-63ef0db241cd is updated service_manage_report /usr/lib/python3/dist-packages/heat/engine/service.py:2370
2025-05-22 01:43:24.743 65318 DEBUG heat.engine.service [req-b22b52d8-c409-4fea-8775-dae0ce4a1004 - - - - -] Service 2a3b3c18-7a46-45b6-9600-eb902fd32d51 is updated service_manage_report /usr/lib/python3/dist-packages/heat/engine/service.py:2370
2025-05-22 01:43:24.751 65321 DEBUG heat.engine.service [req-2822fe41-6a1f-4dcb-b61e-af7262f26f88 - - - - -] Service ffc94325-6c02-4dc5-9033-8d03fe920507 is updated service_manage_report /usr/lib/python3/dist-packages/heat/engine/service.py:2370
2025-05-22 01:43:29.213 65318 DEBUG heat.engine.service [-] Attempting to stop engine service... _stop_rpc_server /usr/lib/python3/dist-packages/heat/engine/service.py:437
2025-05-22 01:43:29.215 65093 INFO oslo_service.service [-] Caught SIGTERM, stopping children
2025-05-22 01:43:29.213 65319 DEBUG heat.engine.service [-] Attempting to stop engine service... _stop_rpc_server /usr/lib/python3/dist-packages/heat/engine/service.py:437
2025-05-22 01:43:29.213 65320 DEBUG heat.engine.service [-] Attempting to stop engine service... _stop_rpc_server /usr/lib/python3/dist-packages/heat/engine/service.py:437
2025-05-22 01:43:29.213 65321 DEBUG heat.engine.service [-] Attempting to stop engine service... _stop_rpc_server /usr/lib/python3/dist-packages/heat/engine/service.py:437
2025-05-22 01:43:29.215 65093 DEBUG oslo_concurrency.lockutils [-] Acquired lock "singleton_lock" lock /usr/lib/python3/dist-packages/oslo_concurrency/lockutils.py:294
2025-05-22 01:43:29.216 65093 DEBUG oslo_concurrency.lockutils [-] Releasing lock "singleton_lock" lock /usr/lib/python3/dist-packages/oslo_concurrency/lockutils.py:312
2025-05-22 01:43:29.216 65093 DEBUG oslo_service.service [-] Stop services. stop /usr/lib/python3/dist-packages/oslo_service/service.py:695
2025-05-22 01:43:29.216 65093 INFO heat.engine.service [-] All threads were gone, terminating engine
2025-05-22 01:43:29.216 65093 DEBUG oslo_service.service [-] Killing children. stop /usr/lib/python3/dist-packages/oslo_service/service.py:700
2025-05-22 01:43:29.226 65093 INFO oslo_service.service [-] Waiting on 4 children to exit
2025-05-22 01:43:29.231 65093 INFO oslo_service.service [-] Child 65320 killed by signal 15
2025-05-22 01:43:29.232 65093 INFO oslo_service.service [-] Child 65318 killed by signal 15
2025-05-22 01:43:29.232 65093 INFO oslo_service.service [-] Child 65319 killed by signal 15
2025-05-22 01:43:29.232 65093 INFO oslo_service.service [-] Child 65321 killed by signal 15
2025-05-22 01:43:30.955 66574 DEBUG oslo_concurrency.lockutils [-] Lock "context-manager" acquired by "neutron_lib.db.api._create_context_manager" :: waited 0.000s inner /usr/lib/python3/dist-packages/oslo_concurrency/lockutils.py:386
2025-05-22 01:43:30.955 66574 DEBUG oslo_concurrency.lockutils [-] Lock "context-manager" "released" by "neutron_lib.db.api._create_context_manager" :: held 0.001s inner /usr/lib/python3/dist-packages/oslo_concurrency/lockutils.py:400
2025-05-22 01:43:33.270 66574 WARNING heat.engine.environment [-] OS::Aodh::Alarm is DEPRECATED. Theshold alarm relies on ceilometer-api and has been deprecated in aodh since Ocata. Use OS::Aodh::GnocchiAggregationByResourcesAlarm instead.
2025-05-22 01:43:33.271 66574 WARNING heat.engine.environment [-] OS::Aodh::CombinationAlarm is HIDDEN. OS::Aodh::CombinationAlarm is deprecated and has been removed from Aodh, use OS::Aodh::CompositeAlarm instead.
2025-05-22 01:43:33.271 66574 WARNING heat.engine.environment [-] OS::Designate::Domain is HIDDEN. This resource has been removed, use OS::Designate::Zone instead.
2025-05-22 01:43:33.271 66574 WARNING heat.engine.environment [-] OS::Designate::Record is HIDDEN. This resource has been removed, use OS::Designate::RecordSet instead.
2025-05-22 01:43:33.271 66574 WARNING heat.engine.environment [-] OS::Glance::Image is DEPRECATED. Creating a Glance Image based on an existing URL location requires the Glance v1 API, which is deprecated.
2025-05-22 01:43:33.272 66574 WARNING heat.engine.environment [-] OS::Heat::HARestarter is HIDDEN. The HARestarter resource type has been removed. Existing stacks containing HARestarter resources can still be used, but the HARestarter resource will be a placeholder that does nothing.
2025-05-22 01:43:33.272 66574 WARNING heat.engine.environment [-] OS::Heat::SoftwareDeployments is HIDDEN. Please use OS::Heat::SoftwareDeploymentGroup instead.
2025-05-22 01:43:33.272 66574 WARNING heat.engine.environment [-] OS::Heat::StructuredDeployments is HIDDEN. Please use OS::Heat::StructuredDeploymentGroup instead.
2025-05-22 01:43:33.278 66574 WARNING heat.engine.environment [-] OS::Magnum::Bay is HIDDEN. Please use OS::Magnum::Cluster instead.
2025-05-22 01:43:33.278 66574 WARNING heat.engine.environment [-] OS::Magnum::BayModel is HIDDEN. Please use OS::Magnum::ClusterTemplate instead.
2025-05-22 01:43:33.279 66574 WARNING heat.engine.environment [-] OS::Neutron::ExtraRoute is UNSUPPORTED. Use this resource at your own risk.
2025-05-22 01:43:33.279 66574 WARNING heat.engine.environment [-] OS::Neutron::HealthMonitor is HIDDEN. Use LBaaS V2 instead.
2025-05-22 01:43:33.279 66574 WARNING heat.engine.environment [-] OS::Neutron::Pool is HIDDEN. Use LBaaS V2 instead.
2025-05-22 01:43:33.279 66574 WARNING heat.engine.environment [-] OS::Neutron::PoolMember is HIDDEN. Use LBaaS V2 instead.
2025-05-22 01:43:33.279 66574 WARNING heat.engine.environment [-] OS::Neutron::LoadBalancer is HIDDEN. Use LBaaS V2 instead.
2025-05-22 01:43:33.279 66574 WARNING heat.engine.environment [-] OS::Neutron::RouterGateway is HIDDEN. Use the `external_gateway_info` property in the router resource to set up the gateway.
2025-05-22 01:43:33.280 66574 WARNING heat.engine.environment [-] OS::Nova::FloatingIP is HIDDEN. Please use OS::Neutron::FloatingIP instead.
2025-05-22 01:43:33.280 66574 WARNING heat.engine.environment [-] OS::Nova::FloatingIPAssociation is HIDDEN. Please use OS::Neutron::FloatingIPAssociation instead.
2025-05-22 01:43:33.282 66574 INFO heat.engine.environment [-] Loading /etc/heat/environment.d/default.yaml
2025-05-22 01:43:33.283 66574 INFO heat.engine.environment [-] Registered: [Plugin](User:False) AWS::AutoScaling::AutoScalingGroup ->
2025-05-22 01:43:33.288 66574 INFO heat.engine.environment [-] Registered: [Plugin](User:False) AWS::AutoScaling::LaunchConfiguration ->
2025-05-22 01:43:33.288 66574 INFO heat.engine.environment [-] Registered: [Plugin](User:False) AWS::AutoScaling::ScalingPolicy ->
2025-05-22 01:43:33.288 66574 INFO heat.engine.environment [-] Registered: [Plugin](User:False) AWS::CloudFormation::Stack ->
2025-05-22 01:43:33.288 66574 INFO heat.engine.environment [-] Registered: [Plugin](User:False) AWS::CloudFormation::WaitCondition ->
2025-05-22 01:43:33.288 66574 INFO heat.engine.environment [-] Registered: [Plugin](User:False) AWS::CloudFormation::WaitConditionHandle ->
2025-05-22 01:43:33.288 66574 INFO heat.engine.environment [-] Registered: [Plugin](User:False) AWS::EC2::EIP ->
2025-05-22 01:43:33.288 66574 INFO heat.engine.environment [-] Registered: [Plugin](User:False) AWS::EC2::EIPAssociation ->
2025-05-22 01:43:33.288 66574 INFO heat.engine.environment [-] Registered: [Plugin](User:False) AWS::EC2::Instance ->
2025-05-22 01:43:33.288 66574 INFO heat.engine.environment [-] Registered: [Plugin](User:False) AWS::EC2::InternetGateway ->
2025-05-22 01:43:33.288 66574 INFO heat.engine.environment [-] Registered: [Plugin](User:False) AWS::EC2::VPCGatewayAttachment ->
2025-05-22 01:43:33.289 66574 INFO heat.engine.environment [-] Registered: [Plugin](User:False) AWS::EC2::NetworkInterface ->
2025-05-22 01:43:33.289 66574 INFO heat.engine.environment [-] Registered: [Plugin](User:False) AWS::EC2::RouteTable ->
2025-05-22 01:43:33.289 66574 INFO heat.engine.environment [-] Registered: [Plugin](User:False) AWS::EC2::SubnetRouteTableAssociation ->
2025-05-22 01:43:33.289 66574 INFO heat.engine.environment [-] Registered: [Plugin](User:False) AWS::EC2::SecurityGroup ->
2025-05-22 01:43:33.289 66574 INFO heat.engine.environment [-] Registered: [Plugin](User:False) AWS::EC2::Subnet ->
2025-05-22 01:43:33.289 66574 INFO heat.engine.environment [-] Registered: [Plugin](User:False) AWS::EC2::Volume ->
2025-05-22 01:43:33.289 66574 INFO heat.engine.environment [-] Registered: [Plugin](User:False) AWS::EC2::VolumeAttachment ->
2025-05-22 01:43:33.289 66574 INFO heat.engine.environment [-] Registered: [Plugin](User:False) AWS::EC2::VPC ->
2025-05-22 01:43:33.289 66574 INFO heat.engine.environment [-] Registered: [Plugin](User:False) AWS::IAM::User ->
2025-05-22 01:43:33.289 66574 INFO heat.engine.environment [-] Registered: [Plugin](User:False) AWS::IAM::AccessKey ->
2025-05-22 01:43:33.289 66574 INFO heat.engine.environment [-] Registered: [Plugin](User:False) AWS::ElasticLoadBalancing::LoadBalancer ->
2025-05-22 01:43:33.289 66574 INFO heat.engine.environment [-] Registered: [Plugin](User:False) AWS::S3::Bucket ->
2025-05-22 01:43:33.290 66574 INFO heat.engine.environment [-] Registered: [Plugin](User:False) OS::Aodh::Alarm ->
2025-05-22 01:43:33.290 66574 INFO heat.engine.environment [-] Registered: [Plugin](User:False) OS::Aodh::CombinationAlarm ->
2025-05-22 01:43:33.290 66574 INFO heat.engine.environment [-] Registered: [Plugin](User:False) OS::Aodh::EventAlarm ->
2025-05-22 01:43:33.290 66574 INFO heat.engine.environment [-] Registered: [Plugin](User:False) OS::Aodh::LBMemberHealthAlarm ->
2025-05-22 01:43:33.290 66574 INFO heat.engine.environment [-] Registered: [Plugin](User:False) OS::Aodh::CompositeAlarm ->
2025-05-22 01:43:33.290 66574 INFO heat.engine.environment [-] Registered: [Plugin](User:False) OS::Aodh::GnocchiResourcesAlarm ->
2025-05-22 01:43:33.290 66574 INFO heat.engine.environment [-] Registered: [Plugin](User:False) OS::Aodh::GnocchiAggregationByMetricsAlarm ->
2025-05-22 01:43:33.290 66574 INFO heat.engine.environment [-] Registered: [Plugin](User:False) OS::Aodh::GnocchiAggregationByResourcesAlarm ->
2025-05-22 01:43:33.290 66574 INFO heat.engine.environment [-] Registered: [Plugin](User:False) OS::Barbican::GenericContainer ->
2025-05-22 01:43:33.290 66574 INFO heat.engine.environment [-] Registered: [Plugin](User:False) OS::Barbican::CertificateContainer ->
2025-05-22 01:43:33.290 66574 INFO heat.engine.environment [-] Registered: [Plugin](User:False) OS::Barbican::RSAContainer ->
2025-05-22 01:43:33.290 66574 INFO heat.engine.environment [-] Registered: [Plugin](User:False) OS::Barbican::Order ->
2025-05-22 01:43:33.291 66574 INFO heat.engine.environment [-] Registered: [Plugin](User:False) OS::Barbican::Secret ->
2025-05-22 01:43:33.291 66574 INFO heat.engine.environment [-] Registered: [Plugin](User:False) OS::Blazar::Host ->
2025-05-22 01:43:33.291 66574 INFO heat.engine.environment [-] Registered: [Plugin](User:False) OS::Blazar::Lease ->
2025-05-22 01:43:33.291 66574 INFO heat.engine.environment [-] Registered: [Plugin](User:False) OS::Cinder::EncryptedVolumeType ->
2025-05-22 01:43:33.291 66574 INFO heat.engine.environment [-] Registered: [Plugin](User:False) OS::Cinder::QoSSpecs ->
