2025-05-22 01:02:40.580 37255 DEBUG heat.engine.service [req-4923db03-e4c6-4ad9-8e90-4b534790af80 - - - - -] Service 58728ba5-c88c-4d7b-b258-dc1f068e3aa6 is updated service_manage_report /usr/lib/python3/dist-packages/heat/engine/service.py:2370
2025-05-22 01:02:40.588 37256 DEBUG heat.engine.service [req-d6b9ec30-8a7c-4b97-b4ef-e69528b6aa27 - - - - -] Service 286836ac-5d46-48bc-9974-ec4667b55986 is updated service_manage_report /usr/lib/python3/dist-packages/heat/engine/service.py:2370
2025-05-22 01:02:40.591 37254 DEBUG heat.engine.service [req-31015a50-b0b5-401b-8c7c-0c8c4e0a0294 - - - - -] Service dca2facd-6912-4cdf-9aa1-480bfab3496c is updated service_manage_report /usr/lib/python3/dist-packages/heat/engine/service.py:2370
2025-05-22 01:03:40.582 37253 DEBUG heat.engine.service [req-32b63758-0449-4da0-91b0-9c87ad7038f8 - - - - -] Service 37d5b974-641f-4f5a-b285-263d5f6beb41 is updated service_manage_report /usr/lib/python3/dist-packages/heat/engine/service.py:2370
2025-05-22 01:03:40.586 37255 DEBUG heat.engine.service [req-85ff91bb-0232-46c7-a427-87a611b0c532 - - - - -] Service 58728ba5-c88c-4d7b-b258-dc1f068e3aa6 is updated service_manage_report /usr/lib/python3/dist-packages/heat/engine/service.py:2370
2025-05-22 01:03:40.591 37256 DEBUG heat.engine.service [req-4196650d-0bde-4ab0-947d-f95c72c08cf8 - - - - -] Service 286836ac-5d46-48bc-9974-ec4667b55986 is updated service_manage_report /usr/lib/python3/dist-packages/heat/engine/service.py:2370
2025-05-22 01:03:40.592 37254 DEBUG heat.engine.service [req-5ce2487f-ba77-4ee5-b4db-fc876bb376d3 - - - - -] Service dca2facd-6912-4cdf-9aa1-480bfab3496c is updated service_manage_report /usr/lib/python3/dist-packages/heat/engine/service.py:2370
2025-05-22 01:04:40.579 37255 DEBUG heat.engine.service [req-1e1e53c3-43f9-4820-87a3-c4f14f0643f6 - - - - -] Service 58728ba5-c88c-4d7b-b258-dc1f068e3aa6 is updated service_manage_report /usr/lib/python3/dist-packages/heat/engine/service.py:2370
2025-05-22 01:04:40.585 37253 DEBUG heat.engine.service [req-31b29c7b-bf2c-4f0a-b875-758c047c3929 - - - - -] Service 37d5b974-641f-4f5a-b285-263d5f6beb41 is updated service_manage_report /usr/lib/python3/dist-packages/heat/engine/service.py:2370
2025-05-22 01:04:40.592 37256 DEBUG heat.engine.service [req-f46a3407-d9a6-48f7-b086-40ac7c40da65 - - - - -] Service 286836ac-5d46-48bc-9974-ec4667b55986 is updated service_manage_report /usr/lib/python3/dist-packages/heat/engine/service.py:2370
2025-05-22 01:04:40.594 37254 DEBUG heat.engine.service [req-1ebf23ac-8f12-4364-8d6d-c5aa04467ceb - - - - -] Service dca2facd-6912-4cdf-9aa1-480bfab3496c is updated service_manage_report /usr/lib/python3/dist-packages/heat/engine/service.py:2370
2025-05-22 01:05:40.583 37255 DEBUG heat.engine.service [req-3c562417-084a-4100-a5e3-8764bbd5a1e3 - - - - -] Service 58728ba5-c88c-4d7b-b258-dc1f068e3aa6 is updated service_manage_report /usr/lib/python3/dist-packages/heat/engine/service.py:2370
2025-05-22 01:05:40.590 37253 DEBUG heat.engine.service [req-cbaf02cf-3eef-4fb0-a7c2-845d4ff79594 - - - - -] Service 37d5b974-641f-4f5a-b285-263d5f6beb41 is updated service_manage_report /usr/lib/python3/dist-packages/heat/engine/service.py:2370
2025-05-22 01:05:40.596 37256 DEBUG heat.engine.service [req-3e01da50-891a-4eef-8875-7e0364b50708 - - - - -] Service 286836ac-5d46-48bc-9974-ec4667b55986 is updated service_manage_report /usr/lib/python3/dist-packages/heat/engine/service.py:2370
2025-05-22 01:05:40.598 37254 DEBUG heat.engine.service [req-b688fb4d-0137-4f6d-8c2d-83d35307a515 - - - - -] Service dca2facd-6912-4cdf-9aa1-480bfab3496c is updated service_manage_report /usr/lib/python3/dist-packages/heat/engine/service.py:2370
2025-05-22 01:06:40.586 37255 DEBUG heat.engine.service [req-8ba0b71b-1dde-4870-b289-a0deb2bc34dd - - - - -] Service 58728ba5-c88c-4d7b-b258-dc1f068e3aa6 is updated service_manage_report /usr/lib/python3/dist-packages/heat/engine/service.py:2370
2025-05-22 01:06:40.592 37253 DEBUG heat.engine.service [req-1d8cccc5-5ab9-4390-b0b2-2b29422fff45 - - - - -] Service 37d5b974-641f-4f5a-b285-263d5f6beb41 is updated service_manage_report /usr/lib/python3/dist-packages/heat/engine/service.py:2370
2025-05-22 01:06:40.598 37256 DEBUG heat.engine.service [req-3cce7eeb-5a95-4b4f-a74d-0779357148b5 - - - - -] Service 286836ac-5d46-48bc-9974-ec4667b55986 is updated service_manage_report /usr/lib/python3/dist-packages/heat/engine/service.py:2370
2025-05-22 01:06:40.601 37254 DEBUG heat.engine.service [req-a4a711be-d049-4499-90c9-aaf48bb3eac3 - - - - -] Service dca2facd-6912-4cdf-9aa1-480bfab3496c is updated service_manage_report /usr/lib/python3/dist-packages/heat/engine/service.py:2370
2025-05-22 01:07:40.592 37255 DEBUG heat.engine.service [req-6e740b3c-b51b-45b0-a052-3126dda3c5fd - - - - -] Service 58728ba5-c88c-4d7b-b258-dc1f068e3aa6 is updated service_manage_report /usr/lib/python3/dist-packages/heat/engine/service.py:2370
2025-05-22 01:07:40.595 37253 DEBUG heat.engine.service [req-36d16349-a2d7-49e8-bf21-de691ec30533 - - - - -] Service 37d5b974-641f-4f5a-b285-263d5f6beb41 is updated service_manage_report /usr/lib/python3/dist-packages/heat/engine/service.py:2370
2025-05-22 01:07:40.607 37256 DEBUG heat.engine.service [req-df9157bd-e271-4a30-9618-3b17cb1796f8 - - - - -] Service 286836ac-5d46-48bc-9974-ec4667b55986 is updated service_manage_report /usr/lib/python3/dist-packages/heat/engine/service.py:2370
2025-05-22 01:07:40.610 37254 DEBUG heat.engine.service [req-2a9e9d2f-ed74-4dce-b7d7-5bdf92eb11d9 - - - - -] Service dca2facd-6912-4cdf-9aa1-480bfab3496c is updated service_manage_report /usr/lib/python3/dist-packages/heat/engine/service.py:2370
2025-05-22 01:08:40.595 37255 DEBUG heat.engine.service [req-2d4ff7a3-0ace-46d0-a32e-ebb067d4558a - - - - -] Service 58728ba5-c88c-4d7b-b258-dc1f068e3aa6 is updated service_manage_report /usr/lib/python3/dist-packages/heat/engine/service.py:2370
2025-05-22 01:08:40.598 37253 DEBUG heat.engine.service [req-7245f71d-c8fc-427a-b640-1f4cfc341665 - - - - -] Service 37d5b974-641f-4f5a-b285-263d5f6beb41 is updated service_manage_report /usr/lib/python3/dist-packages/heat/engine/service.py:2370
2025-05-22 01:08:40.602 37256 DEBUG heat.engine.service [req-f84cdbb7-686e-4e30-90d6-27ceb21c5c53 - - - - -] Service 286836ac-5d46-48bc-9974-ec4667b55986 is updated service_manage_report /usr/lib/python3/dist-packages/heat/engine/service.py:2370
2025-05-22 01:08:40.606 37254 DEBUG heat.engine.service [req-a573ee69-7401-4fea-8d0c-e152a98901ca - - - - -] Service dca2facd-6912-4cdf-9aa1-480bfab3496c is updated service_manage_report /usr/lib/python3/dist-packages/heat/engine/service.py:2370
2025-05-22 01:09:40.604 37254 DEBUG heat.engine.service [req-4931a4b8-1564-4c5d-8845-8619ae2c42f5 - - - - -] Service dca2facd-6912-4cdf-9aa1-480bfab3496c is updated service_manage_report /usr/lib/python3/dist-packages/heat/engine/service.py:2370
2025-05-22 01:09:40.606 37253 DEBUG heat.engine.service [req-3f5ec95c-d780-4d5f-9d4b-713a02beb8fd - - - - -] Service 37d5b974-641f-4f5a-b285-263d5f6beb41 is updated service_manage_report /usr/lib/python3/dist-packages/heat/engine/service.py:2370
2025-05-22 01:09:40.606 37255 DEBUG heat.engine.service [req-a2384915-1115-4f65-87cc-2b392caca5b3 - - - - -] Service 58728ba5-c88c-4d7b-b258-dc1f068e3aa6 is updated service_manage_report /usr/lib/python3/dist-packages/heat/engine/service.py:2370
2025-05-22 01:09:40.606 37256 DEBUG heat.engine.service [req-1cbb214d-e80d-4f56-a1e1-2316d490ea25 - - - - -] Service 286836ac-5d46-48bc-9974-ec4667b55986 is updated service_manage_report /usr/lib/python3/dist-packages/heat/engine/service.py:2370
2025-05-22 01:10:40.598 37254 DEBUG heat.engine.service [req-da5718b8-13d8-4568-a615-05a75cf86ab9 - - - - -] Service dca2facd-6912-4cdf-9aa1-480bfab3496c is updated service_manage_report /usr/lib/python3/dist-packages/heat/engine/service.py:2370
2025-05-22 01:10:40.602 37253 DEBUG heat.engine.service [req-da092941-0c17-40e8-b485-85dfdd7b829a - - - - -] Service 37d5b974-641f-4f5a-b285-263d5f6beb41 is updated service_manage_report /usr/lib/python3/dist-packages/heat/engine/service.py:2370
2025-05-22 01:10:40.603 37255 DEBUG heat.engine.service [req-acbd7559-841c-4e0c-ae81-8c549e96c1b0 - - - - -] Service 58728ba5-c88c-4d7b-b258-dc1f068e3aa6 is updated service_manage_report /usr/lib/python3/dist-packages/heat/engine/service.py:2370
2025-05-22 01:10:40.608 37256 DEBUG heat.engine.service [req-4165b1e3-ad3e-47fc-a721-bf2740a205ec - - - - -] Service 286836ac-5d46-48bc-9974-ec4667b55986 is updated service_manage_report /usr/lib/python3/dist-packages/heat/engine/service.py:2370
2025-05-22 01:11:40.594 37253 DEBUG heat.engine.service [req-275c0234-c08b-4fbd-ae55-a0b0249fe981 - - - - -] Service 37d5b974-641f-4f5a-b285-263d5f6beb41 is updated service_manage_report /usr/lib/python3/dist-packages/heat/engine/service.py:2370
2025-05-22 01:11:40.595 37255 DEBUG heat.engine.service [req-d51dd110-199a-4a94-a453-c58bfbf4b9e6 - - - - -] Service 58728ba5-c88c-4d7b-b258-dc1f068e3aa6 is updated service_manage_report /usr/lib/python3/dist-packages/heat/engine/service.py:2370
2025-05-22 01:11:40.599 37254 DEBUG heat.engine.service [req-3c558194-feb4-4135-a621-34e068aa6c80 - - - - -] Service dca2facd-6912-4cdf-9aa1-480bfab3496c is updated service_manage_report /usr/lib/python3/dist-packages/heat/engine/service.py:2370
2025-05-22 01:11:40.609 37256 DEBUG heat.engine.service [req-75063c1f-e1dc-4715-adc5-73ee6cd40256 - - - - -] Service 286836ac-5d46-48bc-9974-ec4667b55986 is updated service_manage_report /usr/lib/python3/dist-packages/heat/engine/service.py:2370
2025-05-22 01:12:40.597 37253 DEBUG heat.engine.service [req-079731bf-3433-4bf6-bd1a-4b2cb23a94fb - - - - -] Service 37d5b974-641f-4f5a-b285-263d5f6beb41 is updated service_manage_report /usr/lib/python3/dist-packages/heat/engine/service.py:2370
2025-05-22 01:12:40.598 37255 DEBUG heat.engine.service [req-904ea0ec-8702-4ed1-9a41-47068edbd664 - - - - -] Service 58728ba5-c88c-4d7b-b258-dc1f068e3aa6 is updated service_manage_report /usr/lib/python3/dist-packages/heat/engine/service.py:2370
2025-05-22 01:12:40.600 37254 DEBUG heat.engine.service [req-4a23ef6c-e70d-4216-be98-2f539b5df32b - - - - -] Service dca2facd-6912-4cdf-9aa1-480bfab3496c is updated service_manage_report /usr/lib/python3/dist-packages/heat/engine/service.py:2370
2025-05-22 01:12:40.611 37256 DEBUG heat.engine.service [req-32a3fcbc-5c61-42bc-9e6c-b19941baef05 - - - - -] Service 286836ac-5d46-48bc-9974-ec4667b55986 is updated service_manage_report /usr/lib/python3/dist-packages/heat/engine/service.py:2370
2025-05-22 01:13:40.600 37253 DEBUG heat.engine.service [req-b2d6ae26-75cd-4d42-8259-f6b345c88de0 - - - - -] Service 37d5b974-641f-4f5a-b285-263d5f6beb41 is updated service_manage_report /usr/lib/python3/dist-packages/heat/engine/service.py:2370
2025-05-22 01:13:40.603 37255 DEBUG heat.engine.service [req-e1a6a104-88ff-4ba1-98dc-1373327054aa - - - - -] Service 58728ba5-c88c-4d7b-b258-dc1f068e3aa6 is updated service_manage_report /usr/lib/python3/dist-packages/heat/engine/service.py:2370
2025-05-22 01:13:40.608 37254 DEBUG heat.engine.service [req-845a1fc9-8b67-4cd7-9e8d-70e60a4feed9 - - - - -] Service dca2facd-6912-4cdf-9aa1-480bfab3496c is updated service_manage_report /usr/lib/python3/dist-packages/heat/engine/service.py:2370
2025-05-22 01:13:40.612 37256 DEBUG heat.engine.service [req-ab3e0707-d379-4240-88a0-a61a511c452f - - - - -] Service 286836ac-5d46-48bc-9974-ec4667b55986 is updated service_manage_report /usr/lib/python3/dist-packages/heat/engine/service.py:2370
2025-05-22 01:14:40.602 37254 DEBUG heat.engine.service [req-5d311dee-7bf0-481e-9939-87db2dd1233e - - - - -] Service dca2facd-6912-4cdf-9aa1-480bfab3496c is updated service_manage_report /usr/lib/python3/dist-packages/heat/engine/service.py:2370
2025-05-22 01:14:40.602 37253 DEBUG heat.engine.service [req-90990253-0b0a-4d07-b70b-5730455a1b14 - - - - -] Service 37d5b974-641f-4f5a-b285-263d5f6beb41 is updated service_manage_report /usr/lib/python3/dist-packages/heat/engine/service.py:2370
2025-05-22 01:14:40.605 37255 DEBUG heat.engine.service [req-26418ef9-0400-4fd6-818b-efba92798a70 - - - - -] Service 58728ba5-c88c-4d7b-b258-dc1f068e3aa6 is updated service_manage_report /usr/lib/python3/dist-packages/heat/engine/service.py:2370
2025-05-22 01:14:40.614 37256 DEBUG heat.engine.service [req-f34630b3-43e6-4f9b-8165-a53785086ce3 - - - - -] Service 286836ac-5d46-48bc-9974-ec4667b55986 is updated service_manage_report /usr/lib/python3/dist-packages/heat/engine/service.py:2370
2025-05-22 01:15:40.608 37253 DEBUG heat.engine.service [req-9422fa56-cf77-4ef2-8244-763b2a670dca - - - - -] Service 37d5b974-641f-4f5a-b285-263d5f6beb41 is updated service_manage_report /usr/lib/python3/dist-packages/heat/engine/service.py:2370
2025-05-22 01:15:40.612 37255 DEBUG heat.engine.service [req-97df705a-b7a8-4503-9917-700920f330b2 - - - - -] Service 58728ba5-c88c-4d7b-b258-dc1f068e3aa6 is updated service_manage_report /usr/lib/python3/dist-packages/heat/engine/service.py:2370
2025-05-22 01:15:40.612 37254 DEBUG heat.engine.service [req-df2c5983-9a81-4f9f-97d3-73934774ec83 - - - - -] Service dca2facd-6912-4cdf-9aa1-480bfab3496c is updated service_manage_report /usr/lib/python3/dist-packages/heat/engine/service.py:2370
2025-05-22 01:15:40.617 37256 DEBUG heat.engine.service [req-7fcb0469-cbb3-4b76-a2a6-4efbd0f26fb5 - - - - -] Service 286836ac-5d46-48bc-9974-ec4667b55986 is updated service_manage_report /usr/lib/python3/dist-packages/heat/engine/service.py:2370
2025-05-22 01:16:40.603 37253 DEBUG heat.engine.service [req-dbf8705b-5b7b-480a-9e00-a7a3745dc52d - - - - -] Service 37d5b974-641f-4f5a-b285-263d5f6beb41 is updated service_manage_report /usr/lib/python3/dist-packages/heat/engine/service.py:2370
2025-05-22 01:16:40.605 37255 DEBUG heat.engine.service [req-e8cc8f89-48d7-49a7-9f28-eb862bf1ffaa - - - - -] Service 58728ba5-c88c-4d7b-b258-dc1f068e3aa6 is updated service_manage_report /usr/lib/python3/dist-packages/heat/engine/service.py:2370
2025-05-22 01:16:40.608 37254 DEBUG heat.engine.service [req-beef3d91-0ad5-4f22-a3f0-4fd7213bca0d - - - - -] Service dca2facd-6912-4cdf-9aa1-480bfab3496c is updated service_manage_report /usr/lib/python3/dist-packages/heat/engine/service.py:2370
2025-05-22 01:16:40.619 37256 DEBUG heat.engine.service [req-c27635f6-5841-4534-a6f7-b9b3b08c986e - - - - -] Service 286836ac-5d46-48bc-9974-ec4667b55986 is updated service_manage_report /usr/lib/python3/dist-packages/heat/engine/service.py:2370
2025-05-22 01:17:40.601 37254 DEBUG heat.engine.service [req-935a84b2-07ff-4b47-ba6f-aa28e6bdb7f9 - - - - -] Service dca2facd-6912-4cdf-9aa1-480bfab3496c is updated service_manage_report /usr/lib/python3/dist-packages/heat/engine/service.py:2370
2025-05-22 01:17:40.605 37253 DEBUG heat.engine.service [req-69a7fbbc-b7d4-4d09-807d-407c9eff4835 - - - - -] Service 37d5b974-641f-4f5a-b285-263d5f6beb41 is updated service_manage_report /usr/lib/python3/dist-packages/heat/engine/service.py:2370
2025-05-22 01:17:40.608 37255 DEBUG heat.engine.service [req-48a85752-88c2-45ec-b7f6-ca04b24ec69e - - - - -] Service 58728ba5-c88c-4d7b-b258-dc1f068e3aa6 is updated service_manage_report /usr/lib/python3/dist-packages/heat/engine/service.py:2370
2025-05-22 01:17:40.620 37256 DEBUG heat.engine.service [req-c4e145ed-9e48-4793-bf53-345e4d8f1b4a - - - - -] Service 286836ac-5d46-48bc-9974-ec4667b55986 is updated service_manage_report /usr/lib/python3/dist-packages/heat/engine/service.py:2370
2025-05-22 01:18:40.608 37254 DEBUG heat.engine.service [req-b84647ca-effb-46c0-b58c-13e2a1623f04 - - - - -] Service dca2facd-6912-4cdf-9aa1-480bfab3496c is updated service_manage_report /usr/lib/python3/dist-packages/heat/engine/service.py:2370
2025-05-22 01:18:40.612 37253 DEBUG heat.engine.service [req-29f2cce8-1932-47fc-b029-58cd5bc7d334 - - - - -] Service 37d5b974-641f-4f5a-b285-263d5f6beb41 is updated service_manage_report /usr/lib/python3/dist-packages/heat/engine/service.py:2370
2025-05-22 01:18:40.619 37255 DEBUG heat.engine.service [req-4f52c3ea-b01e-4f4d-bcd8-808294e13a1a - - - - -] Service 58728ba5-c88c-4d7b-b258-dc1f068e3aa6 is updated service_manage_report /usr/lib/python3/dist-packages/heat/engine/service.py:2370
2025-05-22 01:18:40.624 37256 DEBUG heat.engine.service [req-f02a0f2b-177c-44a7-848b-7733d73d8cf9 - - - - -] Service 286836ac-5d46-48bc-9974-ec4667b55986 is updated service_manage_report /usr/lib/python3/dist-packages/heat/engine/service.py:2370
2025-05-22 01:19:40.603 37254 DEBUG heat.engine.service [req-bbdea1f1-2536-4ed8-871e-e01cc6c457f0 - - - - -] Service dca2facd-6912-4cdf-9aa1-480bfab3496c is updated service_manage_report /usr/lib/python3/dist-packages/heat/engine/service.py:2370
2025-05-22 01:19:40.605 37253 DEBUG heat.engine.service [req-642f5981-105a-4bcc-b4f3-097793ed28f2 - - - - -] Service 37d5b974-641f-4f5a-b285-263d5f6beb41 is updated service_manage_report /usr/lib/python3/dist-packages/heat/engine/service.py:2370
2025-05-22 01:19:40.610 37255 DEBUG heat.engine.service [req-a7320b63-059c-4c83-8812-c77b61adfcb0 - - - - -] Service 58728ba5-c88c-4d7b-b258-dc1f068e3aa6 is updated service_manage_report /usr/lib/python3/dist-packages/heat/engine/service.py:2370
2025-05-22 01:19:40.627 37256 DEBUG heat.engine.service [req-f335cc49-26f0-4b53-b5ce-18c694665802 - - - - -] Service 286836ac-5d46-48bc-9974-ec4667b55986 is updated service_manage_report /usr/lib/python3/dist-packages/heat/engine/service.py:2370
2025-05-22 01:20:40.606 37254 DEBUG heat.engine.service [req-d7d0ca1b-f35f-468a-8048-91c9c09fc6e9 - - - - -] Service dca2facd-6912-4cdf-9aa1-480bfab3496c is updated service_manage_report /usr/lib/python3/dist-packages/heat/engine/service.py:2370
2025-05-22 01:20:40.608 37253 DEBUG heat.engine.service [req-3a6aa22c-1506-430c-80bc-421c7ba48b46 - - - - -] Service 37d5b974-641f-4f5a-b285-263d5f6beb41 is updated service_manage_report /usr/lib/python3/dist-packages/heat/engine/service.py:2370
2025-05-22 01:20:40.611 37255 DEBUG heat.engine.service [req-ec682fc5-0f34-4fff-8cf0-e909dcd2c4c4 - - - - -] Service 58728ba5-c88c-4d7b-b258-dc1f068e3aa6 is updated service_manage_report /usr/lib/python3/dist-packages/heat/engine/service.py:2370
2025-05-22 01:20:40.628 37256 DEBUG heat.engine.service [req-39bb8f06-3b7e-482c-a5f5-5409e395b0b8 - - - - -] Service 286836ac-5d46-48bc-9974-ec4667b55986 is updated service_manage_report /usr/lib/python3/dist-packages/heat/engine/service.py:2370
2025-05-22 01:21:40.610 37254 DEBUG heat.engine.service [req-32a5d1a9-9d89-4faf-8e3a-4ab69a75bb93 - - - - -] Service dca2facd-6912-4cdf-9aa1-480bfab3496c is updated service_manage_report /usr/lib/python3/dist-packages/heat/engine/service.py:2370
2025-05-22 01:21:40.613 37253 DEBUG heat.engine.service [req-43825120-2230-4062-8c06-38954101ec77 - - - - -] Service 37d5b974-641f-4f5a-b285-263d5f6beb41 is updated service_manage_report /usr/lib/python3/dist-packages/heat/engine/service.py:2370
2025-05-22 01:21:40.614 37255 DEBUG heat.engine.service [req-a4ac990d-445b-4288-8e4b-457b1f908350 - - - - -] Service 58728ba5-c88c-4d7b-b258-dc1f068e3aa6 is updated service_manage_report /usr/lib/python3/dist-packages/heat/engine/service.py:2370
2025-05-22 01:21:40.629 37256 DEBUG heat.engine.service [req-34be58b9-0b0e-4084-9bb7-7e7f92275aa1 - - - - -] Service 286836ac-5d46-48bc-9974-ec4667b55986 is updated service_manage_report /usr/lib/python3/dist-packages/heat/engine/service.py:2370
2025-05-22 01:22:40.616 37254 DEBUG heat.engine.service [req-2a8a72b9-d9fd-489d-bbc1-8fe60a339b8b - - - - -] Service dca2facd-6912-4cdf-9aa1-480bfab3496c is updated service_manage_report /usr/lib/python3/dist-packages/heat/engine/service.py:2370
2025-05-22 01:22:40.618 37253 DEBUG heat.engine.service [req-7f475e2b-1459-47c7-b65d-99f1e64d9a28 - - - - -] Service 37d5b974-641f-4f5a-b285-263d5f6beb41 is updated service_manage_report /usr/lib/python3/dist-packages/heat/engine/service.py:2370
2025-05-22 01:22:40.618 37255 DEBUG heat.engine.service [req-d5715056-6534-4f47-8ce5-31a0cac695f7 - - - - -] Service 58728ba5-c88c-4d7b-b258-dc1f068e3aa6 is updated service_manage_report /usr/lib/python3/dist-packages/heat/engine/service.py:2370
2025-05-22 01:22:40.630 37256 DEBUG heat.engine.service [req-b9992b15-62e1-4dc6-a3a8-9b5a06e1e392 - - - - -] Service 286836ac-5d46-48bc-9974-ec4667b55986 is updated service_manage_report /usr/lib/python3/dist-packages/heat/engine/service.py:2370
2025-05-22 01:23:40.608 37254 DEBUG heat.engine.service [req-76887900-a40a-4c31-8f35-9d63273d362f - - - - -] Service dca2facd-6912-4cdf-9aa1-480bfab3496c is updated service_manage_report /usr/lib/python3/dist-packages/heat/engine/service.py:2370
2025-05-22 01:23:40.619 37255 DEBUG heat.engine.service [req-ed1c3fb3-7be0-4b24-b393-f883fbc02cb2 - - - - -] Service 58728ba5-c88c-4d7b-b258-dc1f068e3aa6 is updated service_manage_report /usr/lib/python3/dist-packages/heat/engine/service.py:2370
2025-05-22 01:23:40.621 37253 DEBUG heat.engine.service [req-65807ac9-72d0-4590-835b-c912745f69c1 - - - - -] Service 37d5b974-641f-4f5a-b285-263d5f6beb41 is updated service_manage_report /usr/lib/python3/dist-packages/heat/engine/service.py:2370
2025-05-22 01:23:40.633 37256 DEBUG heat.engine.service [req-a176ca41-50a3-4168-b37e-7b046533ef60 - - - - -] Service 286836ac-5d46-48bc-9974-ec4667b55986 is updated service_manage_report /usr/lib/python3/dist-packages/heat/engine/service.py:2370
2025-05-22 01:24:40.612 37254 DEBUG heat.engine.service [req-26b23485-0faa-4cbb-919b-cf199c02ec73 - - - - -] Service dca2facd-6912-4cdf-9aa1-480bfab3496c is updated service_manage_report /usr/lib/python3/dist-packages/heat/engine/service.py:2370
2025-05-22 01:24:40.620 37255 DEBUG heat.engine.service [req-73e81870-dda5-487a-93b8-a83261171b64 - - - - -] Service 58728ba5-c88c-4d7b-b258-dc1f068e3aa6 is updated service_manage_report /usr/lib/python3/dist-packages/heat/engine/service.py:2370
2025-05-22 01:24:40.622 37253 DEBUG heat.engine.service [req-91df674b-2acd-490d-bb65-c8a64ed353a6 - - - - -] Service 37d5b974-641f-4f5a-b285-263d5f6beb41 is updated service_manage_report /usr/lib/python3/dist-packages/heat/engine/service.py:2370
2025-05-22 01:24:40.634 37256 DEBUG heat.engine.service [req-cf5e2163-e5c7-4af9-8e41-79a1b6bfab05 - - - - -] Service 286836ac-5d46-48bc-9974-ec4667b55986 is updated service_manage_report /usr/lib/python3/dist-packages/heat/engine/service.py:2370
2025-05-22 01:25:40.614 37254 DEBUG heat.engine.service [req-a087f651-bb52-46c9-98eb-8207a0d41b42 - - - - -] Service dca2facd-6912-4cdf-9aa1-480bfab3496c is updated service_manage_report /usr/lib/python3/dist-packages/heat/engine/service.py:2370
2025-05-22 01:25:40.624 37255 DEBUG heat.engine.service [req-117c5e54-fd28-4dce-a0bb-cf71e374129d - - - - -] Service 58728ba5-c88c-4d7b-b258-dc1f068e3aa6 is updated service_manage_report /usr/lib/python3/dist-packages/heat/engine/service.py:2370
2025-05-22 01:25:40.625 37253 DEBUG heat.engine.service [req-fab9c18a-44ad-4d4f-888a-f2e9d939b899 - - - - -] Service 37d5b974-641f-4f5a-b285-263d5f6beb41 is updated service_manage_report /usr/lib/python3/dist-packages/heat/engine/service.py:2370
2025-05-22 01:25:40.635 37256 DEBUG heat.engine.service [req-552bbe1d-5b08-48ee-823f-a8b17433fd07 - - - - -] Service 286836ac-5d46-48bc-9974-ec4667b55986 is updated service_manage_report /usr/lib/python3/dist-packages/heat/engine/service.py:2370
2025-05-22 01:26:40.616 37254 DEBUG heat.engine.service [req-2b7a9104-73f6-4547-aac7-2da0b25c8abd - - - - -] Service dca2facd-6912-4cdf-9aa1-480bfab3496c is updated service_manage_report /usr/lib/python3/dist-packages/heat/engine/service.py:2370
2025-05-22 01:26:40.627 37255 DEBUG heat.engine.service [req-73cb316d-e6ef-4ba0-aa45-17084d0a98d3 - - - - -] Service 58728ba5-c88c-4d7b-b258-dc1f068e3aa6 is updated service_manage_report /usr/lib/python3/dist-packages/heat/engine/service.py:2370
2025-05-22 01:26:40.628 37253 DEBUG heat.engine.service [req-b65e96e9-4c4a-490b-a288-5d06c2b69aeb - - - - -] Service 37d5b974-641f-4f5a-b285-263d5f6beb41 is updated service_manage_report /usr/lib/python3/dist-packages/heat/engine/service.py:2370
2025-05-22 01:26:40.638 37256 DEBUG heat.engine.service [req-e0fe85f3-4581-4016-891d-4f510d6bb139 - - - - -] Service 286836ac-5d46-48bc-9974-ec4667b55986 is updated service_manage_report /usr/lib/python3/dist-packages/heat/engine/service.py:2370
2025-05-22 01:27:40.620 37254 DEBUG heat.engine.service [req-08d0473a-2f06-42d5-8185-5e2627073d07 - - - - -] Service dca2facd-6912-4cdf-9aa1-480bfab3496c is updated service_manage_report /usr/lib/python3/dist-packages/heat/engine/service.py:2370
2025-05-22 01:27:40.628 37255 DEBUG heat.engine.service [req-1424dda3-bb8a-47e3-a520-a789c39017e4 - - - - -] Service 58728ba5-c88c-4d7b-b258-dc1f068e3aa6 is updated service_manage_report /usr/lib/python3/dist-packages/heat/engine/service.py:2370
2025-05-22 01:27:40.632 37253 DEBUG heat.engine.service [req-1ffd0da6-2e19-48f4-bbdd-83674dd9df05 - - - - -] Service 37d5b974-641f-4f5a-b285-263d5f6beb41 is updated service_manage_report /usr/lib/python3/dist-packages/heat/engine/service.py:2370
2025-05-22 01:27:40.643 37256 DEBUG heat.engine.service [req-d289e462-f2b3-4acd-a2d6-e6f8a2143c20 - - - - -] Service 286836ac-5d46-48bc-9974-ec4667b55986 is updated service_manage_report /usr/lib/python3/dist-packages/heat/engine/service.py:2370
2025-05-22 01:28:40.622 37254 DEBUG heat.engine.service [req-6f260685-e612-4f83-97ad-597eb3a366d4 - - - - -] Service dca2facd-6912-4cdf-9aa1-480bfab3496c is updated service_manage_report /usr/lib/python3/dist-packages/heat/engine/service.py:2370
2025-05-22 01:28:40.630 37255 DEBUG heat.engine.service [req-51fccc10-1645-4795-947f-fe8348e7e206 - - - - -] Service 58728ba5-c88c-4d7b-b258-dc1f068e3aa6 is updated service_manage_report /usr/lib/python3/dist-packages/heat/engine/service.py:2370
2025-05-22 01:28:40.637 37253 DEBUG heat.engine.service [req-b229486e-4df5-45f9-85f3-3063a6031319 - - - - -] Service 37d5b974-641f-4f5a-b285-263d5f6beb41 is updated service_manage_report /usr/lib/python3/dist-packages/heat/engine/service.py:2370
2025-05-22 01:28:40.644 37256 DEBUG heat.engine.service [req-98ad064b-2c01-4294-8aa1-94cb3269172d - - - - -] Service 286836ac-5d46-48bc-9974-ec4667b55986 is updated service_manage_report /usr/lib/python3/dist-packages/heat/engine/service.py:2370
2025-05-22 01:29:40.636 37254 DEBUG heat.engine.service [req-c52ec1cb-8d9b-4b27-96b7-f02153e845f5 - - - - -] Service dca2facd-6912-4cdf-9aa1-480bfab3496c is updated service_manage_report /usr/lib/python3/dist-packages/heat/engine/service.py:2370
2025-05-22 01:29:40.644 37253 DEBUG heat.engine.service [req-16901bd3-c621-43f2-b4e0-42f59dd936fe - - - - -] Service 37d5b974-641f-4f5a-b285-263d5f6beb41 is updated service_manage_report /usr/lib/python3/dist-packages/heat/engine/service.py:2370
2025-05-22 01:29:40.650 37256 DEBUG heat.engine.service [req-3f6fd1ec-7c52-4ce8-bdf2-23fd44270648 - - - - -] Service 286836ac-5d46-48bc-9974-ec4667b55986 is updated service_manage_report /usr/lib/python3/dist-packages/heat/engine/service.py:2370
2025-05-22 01:29:40.654 37255 DEBUG heat.engine.service [req-b047ad89-d4f9-4f3d-9689-5529a20c11b9 - - - - -] Service 58728ba5-c88c-4d7b-b258-dc1f068e3aa6 is updated service_manage_report /usr/lib/python3/dist-packages/heat/engine/service.py:2370
2025-05-22 01:30:40.631 37254 DEBUG heat.engine.service [req-e1603e84-7915-4b4b-88d8-7630a4b4eeb5 - - - - -] Service dca2facd-6912-4cdf-9aa1-480bfab3496c is updated service_manage_report /usr/lib/python3/dist-packages/heat/engine/service.py:2370
2025-05-22 01:30:40.636 37255 DEBUG heat.engine.service [req-23022852-a7ac-4447-9f1e-2e55f257043b - - - - -] Service 58728ba5-c88c-4d7b-b258-dc1f068e3aa6 is updated service_manage_report /usr/lib/python3/dist-packages/heat/engine/service.py:2370
2025-05-22 01:30:40.641 37253 DEBUG heat.engine.service [req-a73f29b2-83ef-4ccd-864b-a3b1a1508d70 - - - - -] Service 37d5b974-641f-4f5a-b285-263d5f6beb41 is updated service_manage_report /usr/lib/python3/dist-packages/heat/engine/service.py:2370
2025-05-22 01:30:40.644 37256 DEBUG heat.engine.service [req-47e5444d-a834-4526-b1f3-6da6703a1f6c - - - - -] Service 286836ac-5d46-48bc-9974-ec4667b55986 is updated service_manage_report /usr/lib/python3/dist-packages/heat/engine/service.py:2370
2025-05-22 01:31:40.635 37253 DEBUG heat.engine.service [req-1ad68806-cbf0-4cf5-bfc1-21a34965f304 - - - - -] Service 37d5b974-641f-4f5a-b285-263d5f6beb41 is updated service_manage_report /usr/lib/python3/dist-packages/heat/engine/service.py:2370
2025-05-22 01:31:40.639 37254 DEBUG heat.engine.service [req-b56d8916-6aac-4f16-8ea6-1add79d9ded7 - - - - -] Service dca2facd-6912-4cdf-9aa1-480bfab3496c is updated service_manage_report /usr/lib/python3/dist-packages/heat/engine/service.py:2370
2025-05-22 01:31:40.640 37255 DEBUG heat.engine.service [req-e10f272e-d494-48dc-b15b-4e2c60cce31c - - - - -] Service 58728ba5-c88c-4d7b-b258-dc1f068e3aa6 is updated service_manage_report /usr/lib/python3/dist-packages/heat/engine/service.py:2370
2025-05-22 01:31:40.646 37256 DEBUG heat.engine.service [req-4aefbc5a-b46c-4b65-96f1-ec1605dab6a8 - - - - -] Service 286836ac-5d46-48bc-9974-ec4667b55986 is updated service_manage_report /usr/lib/python3/dist-packages/heat/engine/service.py:2370
2025-05-22 01:32:40.633 37254 DEBUG heat.engine.service [req-79ca1b5d-7a62-4ee0-903e-60b2c05fbfb3 - - - - -] Service dca2facd-6912-4cdf-9aa1-480bfab3496c is updated service_manage_report /usr/lib/python3/dist-packages/heat/engine/service.py:2370
2025-05-22 01:32:40.639 37253 DEBUG heat.engine.service [req-907e389f-0853-4a2e-afae-5cf341f32810 - - - - -] Service 37d5b974-641f-4f5a-b285-263d5f6beb41 is updated service_manage_report /usr/lib/python3/dist-packages/heat/engine/service.py:2370
2025-05-22 01:32:40.641 37255 DEBUG heat.engine.service [req-5fb32e63-ec18-46ca-bd3e-7a9fe353cc93 - - - - -] Service 58728ba5-c88c-4d7b-b258-dc1f068e3aa6 is updated service_manage_report /usr/lib/python3/dist-packages/heat/engine/service.py:2370
2025-05-22 01:32:40.651 37256 DEBUG heat.engine.service [req-c09953f3-de24-42e7-8322-66d843d1505a - - - - -] Service 286836ac-5d46-48bc-9974-ec4667b55986 is updated service_manage_report /usr/lib/python3/dist-packages/heat/engine/service.py:2370
2025-05-22 01:33:40.639 37254 DEBUG heat.engine.service [req-a0f3d0d5-d5d4-4a4f-a39a-d4b44b471d1f - - - - -] Service dca2facd-6912-4cdf-9aa1-480bfab3496c is updated service_manage_report /usr/lib/python3/dist-packages/heat/engine/service.py:2370
2025-05-22 01:33:40.644 37253 DEBUG heat.engine.service [req-9745aab7-6cef-4bcf-a149-8e1865d23ce2 - - - - -] Service 37d5b974-641f-4f5a-b285-263d5f6beb41 is updated service_manage_report /usr/lib/python3/dist-packages/heat/engine/service.py:2370
2025-05-22 01:33:40.646 37255 DEBUG heat.engine.service [req-db1cffd3-48f2-4008-a655-af8f992e81e8 - - - - -] Service 58728ba5-c88c-4d7b-b258-dc1f068e3aa6 is updated service_manage_report /usr/lib/python3/dist-packages/heat/engine/service.py:2370
2025-05-22 01:33:40.652 37256 DEBUG heat.engine.service [req-a610e95b-741b-450d-814e-216cad343bc5 - - - - -] Service 286836ac-5d46-48bc-9974-ec4667b55986 is updated service_manage_report /usr/lib/python3/dist-packages/heat/engine/service.py:2370
2025-05-22 01:34:40.641 37255 DEBUG heat.engine.service [req-6a30a5dd-ecb6-4505-b504-10be3e8b3b5f - - - - -] Service 58728ba5-c88c-4d7b-b258-dc1f068e3aa6 is updated service_manage_report /usr/lib/python3/dist-packages/heat/engine/service.py:2370
2025-05-22 01:34:40.642 37254 DEBUG heat.engine.service [req-252b2658-63b6-44b2-9f9a-64a9f619405c - - - - -] Service dca2facd-6912-4cdf-9aa1-480bfab3496c is updated service_manage_report /usr/lib/python3/dist-packages/heat/engine/service.py:2370
2025-05-22 01:34:40.648 37253 DEBUG heat.engine.service [req-e7097785-6e5d-4ee2-a16f-f6de105628a2 - - - - -] Service 37d5b974-641f-4f5a-b285-263d5f6beb41 is updated service_manage_report /usr/lib/python3/dist-packages/heat/engine/service.py:2370
2025-05-22 01:34:40.655 37256 DEBUG heat.engine.service [req-4ed34f3e-c0cc-4895-b4a9-1bbd0ea3238b - - - - -] Service 286836ac-5d46-48bc-9974-ec4667b55986 is updated service_manage_report /usr/lib/python3/dist-packages/heat/engine/service.py:2370
2025-05-22 01:35:40.647 37255 DEBUG heat.engine.service [req-92b94dfe-1171-4b30-b955-7224f457ed43 - - - - -] Service 58728ba5-c88c-4d7b-b258-dc1f068e3aa6 is updated service_manage_report /usr/lib/python3/dist-packages/heat/engine/service.py:2370
2025-05-22 01:35:40.648 37254 DEBUG heat.engine.service [req-5dd37b4a-7ab3-466b-ae6c-f8d246985e93 - - - - -] Service dca2facd-6912-4cdf-9aa1-480bfab3496c is updated service_manage_report /usr/lib/python3/dist-packages/heat/engine/service.py:2370
2025-05-22 01:35:40.651 37253 DEBUG heat.engine.service [req-1ea4af1b-06d1-458b-8efc-6e390777c9a4 - - - - -] Service 37d5b974-641f-4f5a-b285-263d5f6beb41 is updated service_manage_report /usr/lib/python3/dist-packages/heat/engine/service.py:2370
2025-05-22 01:35:40.681 37256 DEBUG heat.engine.service [req-f1adf5bf-1a29-4bcc-98cf-45a6357ef233 - - - - -] Service 286836ac-5d46-48bc-9974-ec4667b55986 is updated service_manage_report /usr/lib/python3/dist-packages/heat/engine/service.py:2370
2025-05-22 01:36:12.757 37253 DEBUG heat.engine.service [-] Attempting to stop engine service... _stop_rpc_server /usr/lib/python3/dist-packages/heat/engine/service.py:437
2025-05-22 01:36:12.757 37256 DEBUG heat.engine.service [-] Attempting to stop engine service... _stop_rpc_server /usr/lib/python3/dist-packages/heat/engine/service.py:437
2025-05-22 01:36:12.757 37255 DEBUG heat.engine.service [-] Attempting to stop engine service... _stop_rpc_server /usr/lib/python3/dist-packages/heat/engine/service.py:437
2025-05-22 01:36:12.758 37254 DEBUG heat.engine.service [-] Attempting to stop engine service... _stop_rpc_server /usr/lib/python3/dist-packages/heat/engine/service.py:437
2025-05-22 01:36:12.764 37039 INFO oslo_service.service [-] Caught SIGTERM, stopping children
2025-05-22 01:36:12.764 37039 DEBUG oslo_concurrency.lockutils [-] Acquired lock "singleton_lock" lock /usr/lib/python3/dist-packages/oslo_concurrency/lockutils.py:294
2025-05-22 01:36:12.764 37039 DEBUG oslo_concurrency.lockutils [-] Releasing lock "singleton_lock" lock /usr/lib/python3/dist-packages/oslo_concurrency/lockutils.py:312
2025-05-22 01:36:12.764 37039 DEBUG oslo_service.service [-] Stop services. stop /usr/lib/python3/dist-packages/oslo_service/service.py:695
2025-05-22 01:36:12.765 37039 INFO heat.engine.service [-] All threads were gone, terminating engine
2025-05-22 01:36:12.765 37039 DEBUG oslo_service.service [-] Killing children. stop /usr/lib/python3/dist-packages/oslo_service/service.py:700
2025-05-22 01:36:12.765 37039 INFO oslo_service.service [-] Waiting on 4 children to exit
2025-05-22 01:36:12.772 37039 INFO oslo_service.service [-] Child 37253 killed by signal 15
2025-05-22 01:36:12.776 37039 INFO oslo_service.service [-] Child 37254 killed by signal 15
2025-05-22 01:36:12.776 37039 INFO oslo_service.service [-] Child 37255 killed by signal 15
2025-05-22 01:36:12.777 37039 INFO oslo_service.service [-] Child 37256 killed by signal 15
2025-05-22 01:36:15.021 59225 DEBUG oslo_concurrency.lockutils [-] Lock "context-manager" acquired by "neutron_lib.db.api._create_context_manager" :: waited 0.000s inner /usr/lib/python3/dist-packages/oslo_concurrency/lockutils.py:386
2025-05-22 01:36:15.022 59225 DEBUG oslo_concurrency.lockutils [-] Lock "context-manager" "released" by "neutron_lib.db.api._create_context_manager" :: held 0.001s inner /usr/lib/python3/dist-packages/oslo_concurrency/lockutils.py:400
2025-05-22 01:36:15.267 59225 WARNING heat.engine.environment [-] OS::Aodh::Alarm is DEPRECATED. Theshold alarm relies on ceilometer-api and has been deprecated in aodh since Ocata. Use OS::Aodh::GnocchiAggregationByResourcesAlarm instead.
2025-05-22 01:36:15.267 59225 WARNING heat.engine.environment [-] OS::Aodh::CombinationAlarm is HIDDEN. OS::Aodh::CombinationAlarm is deprecated and has been removed from Aodh, use OS::Aodh::CompositeAlarm instead.
2025-05-22 01:36:15.268 59225 WARNING heat.engine.environment [-] OS::Designate::Domain is HIDDEN. This resource has been removed, use OS::Designate::Zone instead.
2025-05-22 01:36:15.268 59225 WARNING heat.engine.environment [-] OS::Designate::Record is HIDDEN. This resource has been removed, use OS::Designate::RecordSet instead.
2025-05-22 01:36:15.268 59225 WARNING heat.engine.environment [-] OS::Glance::Image is DEPRECATED. Creating a Glance Image based on an existing URL location requires the Glance v1 API, which is deprecated.
2025-05-22 01:36:15.268 59225 WARNING heat.engine.environment [-] OS::Heat::HARestarter is HIDDEN. The HARestarter resource type has been removed. Existing stacks containing HARestarter resources can still be used, but the HARestarter resource will be a placeholder that does nothing.
2025-05-22 01:36:15.268 59225 WARNING heat.engine.environment [-] OS::Heat::SoftwareDeployments is HIDDEN. Please use OS::Heat::SoftwareDeploymentGroup instead.
2025-05-22 01:36:15.268 59225 WARNING heat.engine.environment [-] OS::Heat::StructuredDeployments is HIDDEN. Please use OS::Heat::StructuredDeploymentGroup instead.
2025-05-22 01:36:15.269 59225 WARNING heat.engine.environment [-] OS::Magnum::Bay is HIDDEN. Please use OS::Magnum::Cluster instead.
2025-05-22 01:36:15.269 59225 WARNING heat.engine.environment [-] OS::Magnum::BayModel is HIDDEN. Please use OS::Magnum::ClusterTemplate instead.
2025-05-22 01:36:15.269 59225 WARNING heat.engine.environment [-] OS::Neutron::ExtraRoute is UNSUPPORTED. Use this resource at your own risk.
2025-05-22 01:36:15.269 59225 WARNING heat.engine.environment [-] OS::Neutron::HealthMonitor is HIDDEN. Use LBaaS V2 instead.
2025-05-22 01:36:15.269 59225 WARNING heat.engine.environment [-] OS::Neutron::Pool is HIDDEN. Use LBaaS V2 instead.
2025-05-22 01:36:15.269 59225 WARNING heat.engine.environment [-] OS::Neutron::PoolMember is HIDDEN. Use LBaaS V2 instead.
2025-05-22 01:36:15.270 59225 WARNING heat.engine.environment [-] OS::Neutron::LoadBalancer is HIDDEN. Use LBaaS V2 instead.
2025-05-22 01:36:15.270 59225 WARNING heat.engine.environment [-] OS::Neutron::RouterGateway is HIDDEN. Use the `external_gateway_info` property in the router resource to set up the gateway.
2025-05-22 01:36:15.270 59225 WARNING heat.engine.environment [-] OS::Nova::FloatingIP is HIDDEN. Please use OS::Neutron::FloatingIP instead.
2025-05-22 01:36:15.270 59225 WARNING heat.engine.environment [-] OS::Nova::FloatingIPAssociation is HIDDEN. Please use OS::Neutron::FloatingIPAssociation instead.
2025-05-22 01:36:15.272 59225 INFO heat.engine.environment [-] Loading /etc/heat/environment.d/default.yaml
2025-05-22 01:36:15.274 59225 INFO heat.engine.environment [-] Registered: [Plugin](User:False) AWS::AutoScaling::AutoScalingGroup ->
2025-05-22 01:36:15.274 59225 INFO heat.engine.environment [-] Registered: [Plugin](User:False) AWS::AutoScaling::LaunchConfiguration ->
2025-05-22 01:36:15.274 59225 INFO heat.engine.environment [-] Registered: [Plugin](User:False) AWS::AutoScaling::ScalingPolicy ->
2025-05-22 01:36:15.275 59225 INFO heat.engine.environment [-] Registered: [Plugin](User:False) AWS::CloudFormation::Stack ->
2025-05-22 01:36:15.275 59225 INFO heat.engine.environment [-] Registered: [Plugin](User:False) AWS::CloudFormation::WaitCondition ->
2025-05-22 01:36:15.275 59225 INFO heat.engine.environment [-] Registered: [Plugin](User:False) AWS::CloudFormation::WaitConditionHandle ->
2025-05-22 01:36:15.275 59225 INFO heat.engine.environment [-] Registered: [Plugin](User:False) AWS::EC2::EIP ->
2025-05-22 01:36:15.275 59225 INFO heat.engine.environment [-] Registered: [Plugin](User:False) AWS::EC2::EIPAssociation ->
2025-05-22 01:36:15.275 59225 INFO heat.engine.environment [-] Registered: [Plugin](User:False) AWS::EC2::Instance ->
2025-05-22 01:36:15.275 59225 INFO heat.engine.environment [-] Registered: [Plugin](User:False) AWS::EC2::InternetGateway ->
2025-05-22 01:36:15.275 59225 INFO heat.engine.environment [-] Registered: [Plugin](User:False) AWS::EC2::VPCGatewayAttachment ->
2025-05-22 01:36:15.275 59225 INFO heat.engine.environment [-] Registered: [Plugin](User:False) AWS::EC2::NetworkInterface ->
2025-05-22 01:36:15.275 59225 INFO heat.engine.environment [-] Registered: [Plugin](User:False) AWS::EC2::RouteTable ->
2025-05-22 01:36:15.275 59225 INFO heat.engine.environment [-] Registered: [Plugin](User:False) AWS::EC2::SubnetRouteTableAssociation ->
2025-05-22 01:36:15.275 59225 INFO heat.engine.environment [-] Registered: [Plugin](User:False) AWS::EC2::SecurityGroup ->
2025-05-22 01:36:15.276 59225 INFO heat.engine.environment [-] Registered: [Plugin](User:False) AWS::EC2::Subnet ->
2025-05-22 01:36:15.276 59225 INFO heat.engine.environment [-] Registered: [Plugin](User:False) AWS::EC2::Volume ->
2025-05-22 01:36:15.276 59225 INFO heat.engine.environment [-] Registered: [Plugin](User:False) AWS::EC2::VolumeAttachment ->
2025-05-22 01:36:15.276 59225 INFO heat.engine.environment [-] Registered: [Plugin](User:False) AWS::EC2::VPC ->
2025-05-22 01:36:15.276 59225 INFO heat.engine.environment [-] Registered: [Plugin](User:False) AWS::IAM::User ->
2025-05-22 01:36:15.276 59225 INFO heat.engine.environment [-] Registered: [Plugin](User:False) AWS::IAM::AccessKey ->
2025-05-22 01:36:15.276 59225 INFO heat.engine.environment [-] Registered: [Plugin](User:False) AWS::ElasticLoadBalancing::LoadBalancer ->
2025-05-22 01:36:15.276 59225 INFO heat.engine.environment [-] Registered: [Plugin](User:False) AWS::S3::Bucket ->
2025-05-22 01:36:15.276 59225 INFO heat.engine.environment [-] Registered: [Plugin](User:False) OS::Aodh::Alarm ->
2025-05-22 01:36:15.276 59225 INFO heat.engine.environment [-] Registered: [Plugin](User:False) OS::Aodh::CombinationAlarm ->
2025-05-22 01:36:15.276 59225 INFO heat.engine.environment [-] Registered: [Plugin](User:False) OS::Aodh::EventAlarm ->
2025-05-22 01:36:15.276 59225 INFO heat.engine.environment [-] Registered: [Plugin](User:False) OS::Aodh::LBMemberHealthAlarm ->
2025-05-22 01:36:15.277 59225 INFO heat.engine.environment [-] Registered: [Plugin](User:False) OS::Aodh::CompositeAlarm ->
2025-05-22 01:36:15.277 59225 INFO heat.engine.environment [-] Registered: [Plugin](User:False) OS::Aodh::GnocchiResourcesAlarm ->
2025-05-22 01:36:15.277 59225 INFO heat.engine.environment [-] Registered: [Plugin](User:False) OS::Aodh::GnocchiAggregationByMetricsAlarm ->
2025-05-22 01:36:15.277 59225 INFO heat.engine.environment [-] Registered: [Plugin](User:False) OS::Aodh::GnocchiAggregationByResourcesAlarm ->
2025-05-22 01:36:15.277 59225 INFO heat.engine.environment [-] Registered: [Plugin](User:False) OS::Barbican::GenericContainer ->
2025-05-22 01:36:15.277 59225 INFO heat.engine.environment [-] Registered: [Plugin](User:False) OS::Barbican::CertificateContainer ->
2025-05-22 01:36:15.277 59225 INFO heat.engine.environment [-] Registered: [Plugin](User:False) OS::Barbican::RSAContainer ->
2025-05-22 01:36:15.277 59225 INFO heat.engine.environment [-] Registered: [Plugin](User:False) OS::Barbican::Order ->
2025-05-22 01:36:15.277 59225 INFO heat.engine.environment [-] Registered: [Plugin](User:False) OS::Barbican::Secret ->
2025-05-22 01:36:15.277 59225 INFO heat.engine.environment [-] Registered: [Plugin](User:False) OS::Blazar::Host ->
2025-05-22 01:36:15.277 59225 INFO heat.engine.environment [-] Registered: [Plugin](User:False) OS::Blazar::Lease ->
2025-05-22 01:36:15.277 59225 INFO heat.engine.environment [-] Registered: [Plugin](User:False) OS::Cinder::EncryptedVolumeType ->
2025-05-22 01:36:15.278 59225 INFO heat.engine.environment [-] Registered: [Plugin](User:False) OS::Cinder::QoSSpecs ->
2025-05-22 01:36:15.278 59225 INFO heat.engine.environment [-] Registered: [Plugin](User:False) OS::Cinder::QoSAssociation ->
2025-05-22 01:36:15.278 59225 INFO heat.engine.environment [-] Registered: [Plugin](User:False) OS::Cinder::Quota ->
2025-05-22 01:36:15.278 59225 INFO heat.engine.environment [-] Registered: [Plugin](User:False) OS::Cinder::Volume ->
2025-05-22 01:36:15.278 59225 INFO heat.engine.environment [-] Registered: [Plugin](User:False) OS::Cinder::VolumeAttachment ->
2025-05-22 01:36:15.278 59225 INFO heat.engine.environment [-] Registered: [Plugin](User:False) OS::Cinder::VolumeType ->
2025-05-22 01:36:15.278 59225 INFO heat.engine.environment [-] Registered: [Plugin](User:False) OS::Designate::Domain ->
2025-05-22 01:36:15.278 59225 INFO heat.engine.environment [-] Registered: [Plugin](User:False) OS::Designate::Record ->
2025-05-22 01:36:15.278 59225 INFO heat.engine.environment [-] Registered: [Plugin](User:False) OS::Designate::RecordSet ->
2025-05-22 01:36:15.278 59225 INFO heat.engine.environment [-] Registered: [Plugin](User:False) OS::Designate::Zone ->
2025-05-22 01:36:15.278 59225 INFO heat.engine.environment [-] Registered: [Plugin](User:False) OS::Glance::Image ->
2025-05-22 01:36:15.279 59225 INFO heat.engine.environment [-] Registered: [Plugin](User:False) OS::Glance::WebImage ->
2025-05-22 01:36:15.279 59225 INFO heat.engine.environment [-] Registered: [Plugin](User:False) OS::Heat::AccessPolicy ->
2025-05-22 01:36:15.279 59225 INFO heat.engine.environment [-] Registered: [Plugin](User:False) OS::Heat::AutoScalingGroup ->
2025-05-22 01:36:15.279 59225 INFO heat.engine.environment [-] Registered: [Plugin](User:False) OS::Heat::CloudConfig ->
2025-05-22 01:36:15.279 59225 INFO heat.engine.environment [-] Registered: [Plugin](User:False) OS::Heat::Delay ->
2025-05-22 01:36:15.279 59225 INFO heat.engine.environment [-] Registered: [Plugin](User:False) OS::Heat::DeployedServer ->
2025-05-22 01:36:15.279 59225 INFO heat.engine.environment [-] Registered: [Plugin](User:False) OS::Heat::HARestarter ->
2025-05-22 01:36:15.279 59225 INFO heat.engine.environment [-] Registered: [Plugin](User:False) OS::Heat::InstanceGroup ->
2025-05-22 01:36:15.279 59225 INFO heat.engine.environment [-] Registered: [Plugin](User:False) OS::Heat::MultipartMime ->
2025-05-22 01:36:15.279 59225 INFO heat.engine.environment [-] Registered: [Plugin](User:False) OS::Heat::None ->
2025-05-22 01:36:15.279 59225 INFO heat.engine.environment [-] Registered: [Plugin](User:False) OS::Heat::RandomString ->
2025-05-22 01:36:15.279 59225 INFO heat.engine.environment [-] Registered: [Plugin](User:False) OS::Heat::Stack ->
2025-05-22 01:36:15.280 59225 INFO heat.engine.environment [-] Registered: [Plugin](User:False) OS::Heat::ResourceChain ->
2025-05-22 01:36:15.280 59225 INFO heat.engine.environment [-] Registered: [Plugin](User:False) OS::Heat::ResourceGroup ->
2025-05-22 01:36:15.280 59225 INFO heat.engine.environment [-] Registered: [Plugin](User:False) OS::Heat::ScalingPolicy ->
2025-05-22 01:36:15.280 59225 INFO heat.engine.environment [-] Registered: [Plugin](User:False) OS::Heat::SoftwareComponent ->
2025-05-22 01:36:15.280 59225 INFO heat.engine.environment [-] Registered: [Plugin](User:False) OS::Heat::SoftwareConfig ->
2025-05-22 01:36:15.280 59225 INFO heat.engine.environment [-] Registered: [Plugin](User:False) OS::Heat::SoftwareDeployment ->
2025-05-22 01:36:15.280 59225 INFO heat.engine.environment [-] Registered: [Plugin](User:False) OS::Heat::SoftwareDeploymentGroup ->
2025-05-22 01:36:15.280 59225 INFO heat.engine.environment [-] Registered: [Plugin](User:False) OS::Heat::SoftwareDeployments ->
2025-05-22 01:36:15.280 59225 INFO heat.engine.environment [-] Registered: [Plugin](User:False) OS::Heat::StructuredConfig ->
2025-05-22 01:36:15.280 59225 INFO heat.engine.environment [-] Registered: [Plugin](User:False) OS::Heat::StructuredDeployment ->
2025-05-22 01:36:15.280 59225 INFO heat.engine.environment [-] Registered: [Plugin](User:False) OS::Heat::StructuredDeploymentGroup ->
2025-05-22 01:36:15.280 59225 INFO heat.engine.environment [-] Registered: [Plugin](User:False) OS::Heat::StructuredDeployments ->
2025-05-22 01:36:15.281 59225 INFO heat.engine.environment [-] Registered: [Plugin](User:False) OS::Heat::SwiftSignal ->
2025-05-22 01:36:15.281 59225 INFO heat.engine.environment [-] Registered: [Plugin](User:False) OS::Heat::SwiftSignalHandle ->
2025-05-22 01:36:15.281 59225 INFO heat.engine.environment [-] Registered: [Plugin](User:False) OS::Heat::TestResource ->
2025-05-22 01:36:15.281 59225 INFO heat.engine.environment [-] Registered: [Plugin](User:False) OS::Heat::Value ->
2025-05-22 01:36:15.281 59225 INFO heat.engine.environment [-] Registered: [Plugin](User:False) OS::Heat::WaitCondition ->
2025-05-22 01:36:15.281 59225 INFO heat.engine.environment [-] Registered: [Plugin](User:False) OS::Heat::WaitConditionHandle ->
2025-05-22 01:36:15.281 59225 INFO heat.engine.environment [-] Registered: [Plugin](User:False) OS::Heat::UpdateWaitConditionHandle ->
2025-05-22 01:36:15.281 59225 INFO heat.engine.environment [-] Registered: [Plugin](User:False) OS::Ironic::Port ->
2025-05-22 01:36:15.281 59225 INFO heat.engine.environment [-] Registered: [Plugin](User:False) OS::Keystone::Domain ->
2025-05-22 01:36:15.281 59225 INFO heat.engine.environment [-] Registered: [Plugin](User:False) OS::Keystone::Endpoint ->
2025-05-22 01:36:15.281 59225 INFO heat.engine.environment [-] Registered: [Plugin](User:False) OS::Keystone::Group ->
2025-05-22 01:36:15.281 59225 INFO heat.engine.environment [-] Registered: [Plugin](User:False) OS::Keystone::Project ->
2025-05-22 01:36:15.282 59225 INFO heat.engine.environment [-] Registered: [Plugin](User:False) OS::Keystone::Region ->
2025-05-22 01:36:15.282 59225 INFO heat.engine.environment [-] Registered: [Plugin](User:False) OS::Keystone::Role ->
2025-05-22 01:36:15.282 59225 INFO heat.engine.environment [-] Registered: [Plugin](User:False) OS::Keystone::UserRoleAssignment ->
2025-05-22 01:36:15.282 59225 INFO heat.engine.environment [-] Registered: [Plugin](User:False) OS::Keystone::GroupRoleAssignment ->
