2025-05-19 00:45:27.027 149170 DEBUG oslo_service.service [req-5df46522-7e6c-4a76-8176-85300d2b6624 - - - - -] database.connection_debug = 0 log_opt_values /usr/lib/python3/dist-packages/oslo_config/cfg.py:2609
2025-05-19 00:45:27.027 149170 DEBUG oslo_service.service [req-5df46522-7e6c-4a76-8176-85300d2b6624 - - - - -] database.connection_parameters = log_opt_values /usr/lib/python3/dist-packages/oslo_config/cfg.py:2609
2025-05-19 00:45:27.027 149170 DEBUG oslo_service.service [req-5df46522-7e6c-4a76-8176-85300d2b6624 - - - - -] database.connection_recycle_time = 3600 log_opt_values /usr/lib/python3/dist-packages/oslo_config/cfg.py:2609
2025-05-19 00:45:27.028 149170 DEBUG oslo_service.service [req-5df46522-7e6c-4a76-8176-85300d2b6624 - - - - -] database.connection_trace = False log_opt_values /usr/lib/python3/dist-packages/oslo_config/cfg.py:2609
2025-05-19 00:45:27.028 149170 DEBUG oslo_service.service [req-5df46522-7e6c-4a76-8176-85300d2b6624 - - - - -] database.db_inc_retry_interval = True log_opt_values /usr/lib/python3/dist-packages/oslo_config/cfg.py:2609
2025-05-19 00:45:27.028 149170 DEBUG oslo_service.service [req-5df46522-7e6c-4a76-8176-85300d2b6624 - - - - -] database.db_max_retries = 20 log_opt_values /usr/lib/python3/dist-packages/oslo_config/cfg.py:2609
2025-05-19 00:45:27.028 149170 DEBUG oslo_service.service [req-5df46522-7e6c-4a76-8176-85300d2b6624 - - - - -] database.db_max_retry_interval = 10 log_opt_values /usr/lib/python3/dist-packages/oslo_config/cfg.py:2609
2025-05-19 00:45:27.028 149468 DEBUG nova.service [req-31fc6cef-da2d-42ec-9c5f-38da00e77960 - - - - -] Join ServiceGroup membership for this service scheduler start /usr/lib/python3/dist-packages/nova/service.py:199
2025-05-19 00:45:27.028 149170 DEBUG oslo_service.service [req-5df46522-7e6c-4a76-8176-85300d2b6624 - - - - -] database.db_retry_interval = 1 log_opt_values /usr/lib/python3/dist-packages/oslo_config/cfg.py:2609
2025-05-19 00:45:27.028 149468 DEBUG nova.servicegroup.drivers.db [req-31fc6cef-da2d-42ec-9c5f-38da00e77960 - - - - -] DB_Driver: join new ServiceGroup member juju-c8c781-0-lxd-7 to the scheduler group, service = join /usr/lib/python3/dist-packages/nova/servicegroup/drivers/db.py:44
2025-05-19 00:45:27.028 149170 DEBUG oslo_service.service [req-5df46522-7e6c-4a76-8176-85300d2b6624 - - - - -] database.max_overflow = 50 log_opt_values /usr/lib/python3/dist-packages/oslo_config/cfg.py:2609
2025-05-19 00:45:27.028 149466 DEBUG nova.service [req-e718d18a-cac5-4c24-9630-0954543620dd - - - - -] Join ServiceGroup membership for this service scheduler start /usr/lib/python3/dist-packages/nova/service.py:199
2025-05-19 00:45:27.028 149170 DEBUG oslo_service.service [req-5df46522-7e6c-4a76-8176-85300d2b6624 - - - - -] database.max_pool_size = 4 log_opt_values /usr/lib/python3/dist-packages/oslo_config/cfg.py:2609
2025-05-19 00:45:27.029 149170 DEBUG oslo_service.service [req-5df46522-7e6c-4a76-8176-85300d2b6624 - - - - -] database.max_retries = 10 log_opt_values /usr/lib/python3/dist-packages/oslo_config/cfg.py:2609
2025-05-19 00:45:27.029 149170 DEBUG oslo_service.service [req-5df46522-7e6c-4a76-8176-85300d2b6624 - - - - -] database.mysql_enable_ndb = False log_opt_values /usr/lib/python3/dist-packages/oslo_config/cfg.py:2609
2025-05-19 00:45:27.029 149466 DEBUG nova.servicegroup.drivers.db [req-e718d18a-cac5-4c24-9630-0954543620dd - - - - -] DB_Driver: join new ServiceGroup member juju-c8c781-0-lxd-7 to the scheduler group, service = join /usr/lib/python3/dist-packages/nova/servicegroup/drivers/db.py:44
2025-05-19 00:45:27.029 149170 DEBUG oslo_service.service [req-5df46522-7e6c-4a76-8176-85300d2b6624 - - - - -] database.mysql_sql_mode = TRADITIONAL log_opt_values /usr/lib/python3/dist-packages/oslo_config/cfg.py:2609
2025-05-19 00:45:27.029 149170 DEBUG oslo_service.service [req-5df46522-7e6c-4a76-8176-85300d2b6624 - - - - -] database.pool_timeout = None log_opt_values /usr/lib/python3/dist-packages/oslo_config/cfg.py:2609
2025-05-19 00:45:27.029 149466 DEBUG oslo_messaging._drivers.amqpdriver [-] AMQPListener connection timeout poll /usr/lib/python3/dist-packages/oslo_messaging/_drivers/amqpdriver.py:360
2025-05-19 00:45:27.029 149170 DEBUG oslo_service.service [req-5df46522-7e6c-4a76-8176-85300d2b6624 - - - - -] database.retry_interval = 10 log_opt_values /usr/lib/python3/dist-packages/oslo_config/cfg.py:2609
2025-05-19 00:45:27.029 149170 DEBUG oslo_service.service [req-5df46522-7e6c-4a76-8176-85300d2b6624 - - - - -] database.slave_connection = **** log_opt_values /usr/lib/python3/dist-packages/oslo_config/cfg.py:2609
2025-05-19 00:45:27.029 149466 DEBUG oslo_messaging._drivers.amqpdriver [-] Listener is running poll /usr/lib/python3/dist-packages/oslo_messaging/_drivers/amqpdriver.py:343
2025-05-19 00:45:27.030 149466 DEBUG oslo_messaging._drivers.amqpdriver [-] AMQPListener connection consume poll /usr/lib/python3/dist-packages/oslo_messaging/_drivers/amqpdriver.py:357
2025-05-19 00:45:27.030 149170 DEBUG oslo_service.service [req-5df46522-7e6c-4a76-8176-85300d2b6624 - - - - -] database.sqlite_synchronous = True log_opt_values /usr/lib/python3/dist-packages/oslo_config/cfg.py:2609
2025-05-19 00:45:27.030 149170 DEBUG oslo_service.service [req-5df46522-7e6c-4a76-8176-85300d2b6624 - - - - -] database.use_db_reconnect = False log_opt_values /usr/lib/python3/dist-packages/oslo_config/cfg.py:2609
2025-05-19 00:45:27.030 149170 DEBUG oslo_service.service [req-5df46522-7e6c-4a76-8176-85300d2b6624 - - - - -] api_database.backend = sqlalchemy log_opt_values /usr/lib/python3/dist-packages/oslo_config/cfg.py:2609
2025-05-19 00:45:27.030 149170 DEBUG oslo_service.service [req-5df46522-7e6c-4a76-8176-85300d2b6624 - - - - -] api_database.connection = **** log_opt_values /usr/lib/python3/dist-packages/oslo_config/cfg.py:2609
2025-05-19 00:45:27.030 149170 DEBUG oslo_service.service [req-5df46522-7e6c-4a76-8176-85300d2b6624 - - - - -] api_database.connection_debug = 0 log_opt_values /usr/lib/python3/dist-packages/oslo_config/cfg.py:2609
2025-05-19 00:45:27.030 149468 DEBUG oslo_messaging._drivers.amqpdriver [-] AMQPListener connection timeout poll /usr/lib/python3/dist-packages/oslo_messaging/_drivers/amqpdriver.py:360
2025-05-19 00:45:27.030 149170 DEBUG oslo_service.service [req-5df46522-7e6c-4a76-8176-85300d2b6624 - - - - -] api_database.connection_parameters = log_opt_values /usr/lib/python3/dist-packages/oslo_config/cfg.py:2609
2025-05-19 00:45:27.031 149468 DEBUG oslo_messaging._drivers.amqpdriver [-] Listener is running poll /usr/lib/python3/dist-packages/oslo_messaging/_drivers/amqpdriver.py:343
2025-05-19 00:45:27.031 149468 DEBUG oslo_messaging._drivers.amqpdriver [-] AMQPListener connection consume poll /usr/lib/python3/dist-packages/oslo_messaging/_drivers/amqpdriver.py:357
2025-05-19 00:45:27.031 149170 DEBUG oslo_service.service [req-5df46522-7e6c-4a76-8176-85300d2b6624 - - - - -] api_database.connection_recycle_time = 3600 log_opt_values /usr/lib/python3/dist-packages/oslo_config/cfg.py:2609
2025-05-19 00:45:27.031 149170 DEBUG oslo_service.service [req-5df46522-7e6c-4a76-8176-85300d2b6624 - - - - -] api_database.connection_trace = False log_opt_values /usr/lib/python3/dist-packages/oslo_config/cfg.py:2609
2025-05-19 00:45:27.031 149170 DEBUG oslo_service.service [req-5df46522-7e6c-4a76-8176-85300d2b6624 - - - - -] api_database.db_inc_retry_interval = True log_opt_values /usr/lib/python3/dist-packages/oslo_config/cfg.py:2609
2025-05-19 00:45:27.031 149170 DEBUG oslo_service.service [req-5df46522-7e6c-4a76-8176-85300d2b6624 - - - - -] api_database.db_max_retries = 20 log_opt_values /usr/lib/python3/dist-packages/oslo_config/cfg.py:2609
2025-05-19 00:45:27.031 149170 DEBUG oslo_service.service [req-5df46522-7e6c-4a76-8176-85300d2b6624 - - - - -] api_database.db_max_retry_interval = 10 log_opt_values /usr/lib/python3/dist-packages/oslo_config/cfg.py:2609
2025-05-19 00:45:27.031 149170 DEBUG oslo_service.service [req-5df46522-7e6c-4a76-8176-85300d2b6624 - - - - -] api_database.db_retry_interval = 1 log_opt_values /usr/lib/python3/dist-packages/oslo_config/cfg.py:2609
2025-05-19 00:45:27.032 149170 DEBUG oslo_service.service [req-5df46522-7e6c-4a76-8176-85300d2b6624 - - - - -] api_database.max_overflow = 50 log_opt_values /usr/lib/python3/dist-packages/oslo_config/cfg.py:2609
2025-05-19 00:45:27.032 149170 DEBUG oslo_service.service [req-5df46522-7e6c-4a76-8176-85300d2b6624 - - - - -] api_database.max_pool_size = 4 log_opt_values /usr/lib/python3/dist-packages/oslo_config/cfg.py:2609
2025-05-19 00:45:27.032 149170 DEBUG oslo_service.service [req-5df46522-7e6c-4a76-8176-85300d2b6624 - - - - -] api_database.max_retries = 10 log_opt_values /usr/lib/python3/dist-packages/oslo_config/cfg.py:2609
2025-05-19 00:45:27.032 149170 DEBUG oslo_service.service [req-5df46522-7e6c-4a76-8176-85300d2b6624 - - - - -] api_database.mysql_enable_ndb = False log_opt_values /usr/lib/python3/dist-packages/oslo_config/cfg.py:2609
2025-05-19 00:45:27.032 149170 DEBUG oslo_service.service [req-5df46522-7e6c-4a76-8176-85300d2b6624 - - - - -] api_database.mysql_sql_mode = TRADITIONAL log_opt_values /usr/lib/python3/dist-packages/oslo_config/cfg.py:2609
2025-05-19 00:45:27.032 149170 DEBUG oslo_service.service [req-5df46522-7e6c-4a76-8176-85300d2b6624 - - - - -] api_database.pool_timeout = None log_opt_values /usr/lib/python3/dist-packages/oslo_config/cfg.py:2609
2025-05-19 00:45:27.033 149170 DEBUG oslo_service.service [req-5df46522-7e6c-4a76-8176-85300d2b6624 - - - - -] api_database.retry_interval = 10 log_opt_values /usr/lib/python3/dist-packages/oslo_config/cfg.py:2609
2025-05-19 00:45:27.033 149170 DEBUG oslo_service.service [req-5df46522-7e6c-4a76-8176-85300d2b6624 - - - - -] api_database.slave_connection = **** log_opt_values /usr/lib/python3/dist-packages/oslo_config/cfg.py:2609
2025-05-19 00:45:27.033 149170 DEBUG oslo_service.service [req-5df46522-7e6c-4a76-8176-85300d2b6624 - - - - -] api_database.sqlite_synchronous = True log_opt_values /usr/lib/python3/dist-packages/oslo_config/cfg.py:2609
2025-05-19 00:45:27.033 149170 DEBUG oslo_service.service [req-5df46522-7e6c-4a76-8176-85300d2b6624 - - - - -] devices.enabled_mdev_types = [] log_opt_values /usr/lib/python3/dist-packages/oslo_config/cfg.py:2609
2025-05-19 00:45:27.033 149170 DEBUG oslo_service.service [req-5df46522-7e6c-4a76-8176-85300d2b6624 - - - - -] ephemeral_storage_encryption.cipher = aes-xts-plain64 log_opt_values /usr/lib/python3/dist-packages/oslo_config/cfg.py:2609
2025-05-19 00:45:27.033 149170 DEBUG oslo_service.service [req-5df46522-7e6c-4a76-8176-85300d2b6624 - - - - -] ephemeral_storage_encryption.enabled = False log_opt_values /usr/lib/python3/dist-packages/oslo_config/cfg.py:2609
2025-05-19 00:45:27.034 149170 DEBUG oslo_service.service [req-5df46522-7e6c-4a76-8176-85300d2b6624 - - - - -] ephemeral_storage_encryption.key_size = 512 log_opt_values /usr/lib/python3/dist-packages/oslo_config/cfg.py:2609
2025-05-19 00:45:27.034 149170 WARNING oslo_config.cfg [req-5df46522-7e6c-4a76-8176-85300d2b6624 - - - - -] Deprecated: Option "api_servers" from group "glance" is deprecated for removal ( Support for image service configuration via standard keystoneauth1 Adapter options was added in the 17.0.0 Queens release. The api_servers option was retained temporarily to allow consumers time to cut over to a real load balancing solution. ). Its value may be silently ignored in the future.
2025-05-19 00:45:27.034 149170 DEBUG oslo_service.service [req-5df46522-7e6c-4a76-8176-85300d2b6624 - - - - -] glance.api_servers = ['http://252.56.221.160:9292'] log_opt_values /usr/lib/python3/dist-packages/oslo_config/cfg.py:2609
2025-05-19 00:45:27.034 149170 DEBUG oslo_service.service [req-5df46522-7e6c-4a76-8176-85300d2b6624 - - - - -] glance.cafile = None log_opt_values /usr/lib/python3/dist-packages/oslo_config/cfg.py:2609
2025-05-19 00:45:27.035 149170 DEBUG oslo_service.service [req-5df46522-7e6c-4a76-8176-85300d2b6624 - - - - -] glance.certfile = None log_opt_values /usr/lib/python3/dist-packages/oslo_config/cfg.py:2609
2025-05-19 00:45:27.035 149170 DEBUG oslo_service.service [req-5df46522-7e6c-4a76-8176-85300d2b6624 - - - - -] glance.collect_timing = False log_opt_values /usr/lib/python3/dist-packages/oslo_config/cfg.py:2609
2025-05-19 00:45:27.035 149170 DEBUG oslo_service.service [req-5df46522-7e6c-4a76-8176-85300d2b6624 - - - - -] glance.connect_retries = None log_opt_values /usr/lib/python3/dist-packages/oslo_config/cfg.py:2609
2025-05-19 00:45:27.035 149170 DEBUG oslo_service.service [req-5df46522-7e6c-4a76-8176-85300d2b6624 - - - - -] glance.connect_retry_delay = None log_opt_values /usr/lib/python3/dist-packages/oslo_config/cfg.py:2609
2025-05-19 00:45:27.035 149170 DEBUG oslo_service.service [req-5df46522-7e6c-4a76-8176-85300d2b6624 - - - - -] glance.debug = False log_opt_values /usr/lib/python3/dist-packages/oslo_config/cfg.py:2609
2025-05-19 00:45:27.035 149170 DEBUG oslo_service.service [req-5df46522-7e6c-4a76-8176-85300d2b6624 - - - - -] glance.default_trusted_certificate_ids = [] log_opt_values /usr/lib/python3/dist-packages/oslo_config/cfg.py:2609
2025-05-19 00:45:27.035 149170 DEBUG oslo_service.service [req-5df46522-7e6c-4a76-8176-85300d2b6624 - - - - -] glance.enable_certificate_validation = False log_opt_values /usr/lib/python3/dist-packages/oslo_config/cfg.py:2609
2025-05-19 00:45:27.036 149170 DEBUG oslo_service.service [req-5df46522-7e6c-4a76-8176-85300d2b6624 - - - - -] glance.enable_rbd_download = False log_opt_values /usr/lib/python3/dist-packages/oslo_config/cfg.py:2609
2025-05-19 00:45:27.036 149170 DEBUG oslo_service.service [req-5df46522-7e6c-4a76-8176-85300d2b6624 - - - - -] glance.endpoint_override = None log_opt_values /usr/lib/python3/dist-packages/oslo_config/cfg.py:2609
2025-05-19 00:45:27.036 149170 DEBUG oslo_service.service [req-5df46522-7e6c-4a76-8176-85300d2b6624 - - - - -] glance.insecure = False log_opt_values /usr/lib/python3/dist-packages/oslo_config/cfg.py:2609
2025-05-19 00:45:27.036 149170 DEBUG oslo_service.service [req-5df46522-7e6c-4a76-8176-85300d2b6624 - - - - -] glance.keyfile = None log_opt_values /usr/lib/python3/dist-packages/oslo_config/cfg.py:2609
2025-05-19 00:45:27.036 149170 DEBUG oslo_service.service [req-5df46522-7e6c-4a76-8176-85300d2b6624 - - - - -] glance.max_version = None log_opt_values /usr/lib/python3/dist-packages/oslo_config/cfg.py:2609
2025-05-19 00:45:27.036 149170 DEBUG oslo_service.service [req-5df46522-7e6c-4a76-8176-85300d2b6624 - - - - -] glance.min_version = None log_opt_values /usr/lib/python3/dist-packages/oslo_config/cfg.py:2609
2025-05-19 00:45:27.037 149170 DEBUG oslo_service.service [req-5df46522-7e6c-4a76-8176-85300d2b6624 - - - - -] glance.num_retries = 3 log_opt_values /usr/lib/python3/dist-packages/oslo_config/cfg.py:2609
2025-05-19 00:45:27.037 149170 DEBUG oslo_service.service [req-5df46522-7e6c-4a76-8176-85300d2b6624 - - - - -] glance.rbd_ceph_conf = log_opt_values /usr/lib/python3/dist-packages/oslo_config/cfg.py:2609
2025-05-19 00:45:27.037 149170 DEBUG oslo_service.service [req-5df46522-7e6c-4a76-8176-85300d2b6624 - - - - -] glance.rbd_connect_timeout = 5 log_opt_values /usr/lib/python3/dist-packages/oslo_config/cfg.py:2609
2025-05-19 00:45:27.037 149170 DEBUG oslo_service.service [req-5df46522-7e6c-4a76-8176-85300d2b6624 - - - - -] glance.rbd_pool = log_opt_values /usr/lib/python3/dist-packages/oslo_config/cfg.py:2609
2025-05-19 00:45:27.037 149170 DEBUG oslo_service.service [req-5df46522-7e6c-4a76-8176-85300d2b6624 - - - - -] glance.rbd_user = log_opt_values /usr/lib/python3/dist-packages/oslo_config/cfg.py:2609
2025-05-19 00:45:27.037 149170 DEBUG oslo_service.service [req-5df46522-7e6c-4a76-8176-85300d2b6624 - - - - -] glance.region_name = None log_opt_values /usr/lib/python3/dist-packages/oslo_config/cfg.py:2609
2025-05-19 00:45:27.038 149170 DEBUG oslo_service.service [req-5df46522-7e6c-4a76-8176-85300d2b6624 - - - - -] glance.service_name = None log_opt_values /usr/lib/python3/dist-packages/oslo_config/cfg.py:2609
2025-05-19 00:45:27.038 149170 DEBUG oslo_service.service [req-5df46522-7e6c-4a76-8176-85300d2b6624 - - - - -] glance.service_type = image log_opt_values /usr/lib/python3/dist-packages/oslo_config/cfg.py:2609
2025-05-19 00:45:27.038 149170 DEBUG oslo_service.service [req-5df46522-7e6c-4a76-8176-85300d2b6624 - - - - -] glance.split_loggers = False log_opt_values /usr/lib/python3/dist-packages/oslo_config/cfg.py:2609
2025-05-19 00:45:27.038 149170 DEBUG oslo_service.service [req-5df46522-7e6c-4a76-8176-85300d2b6624 - - - - -] glance.status_code_retries = None log_opt_values /usr/lib/python3/dist-packages/oslo_config/cfg.py:2609
2025-05-19 00:45:27.038 149170 DEBUG oslo_service.service [req-5df46522-7e6c-4a76-8176-85300d2b6624 - - - - -] glance.status_code_retry_delay = None log_opt_values /usr/lib/python3/dist-packages/oslo_config/cfg.py:2609
2025-05-19 00:45:27.038 149170 DEBUG oslo_service.service [req-5df46522-7e6c-4a76-8176-85300d2b6624 - - - - -] glance.timeout = None log_opt_values /usr/lib/python3/dist-packages/oslo_config/cfg.py:2609
2025-05-19 00:45:27.038 149170 DEBUG oslo_service.service [req-5df46522-7e6c-4a76-8176-85300d2b6624 - - - - -] glance.valid_interfaces = ['internal', 'public'] log_opt_values /usr/lib/python3/dist-packages/oslo_config/cfg.py:2609
2025-05-19 00:45:27.039 149170 DEBUG oslo_service.service [req-5df46522-7e6c-4a76-8176-85300d2b6624 - - - - -] glance.verify_glance_signatures = False log_opt_values /usr/lib/python3/dist-packages/oslo_config/cfg.py:2609
2025-05-19 00:45:27.039 149170 DEBUG oslo_service.service [req-5df46522-7e6c-4a76-8176-85300d2b6624 - - - - -] glance.version = None log_opt_values /usr/lib/python3/dist-packages/oslo_config/cfg.py:2609
2025-05-19 00:45:27.039 149170 DEBUG oslo_service.service [req-5df46522-7e6c-4a76-8176-85300d2b6624 - - - - -] guestfs.debug = False log_opt_values /usr/lib/python3/dist-packages/oslo_config/cfg.py:2609
2025-05-19 00:45:27.039 149170 DEBUG oslo_service.service [req-5df46522-7e6c-4a76-8176-85300d2b6624 - - - - -] hyperv.config_drive_cdrom = False log_opt_values /usr/lib/python3/dist-packages/oslo_config/cfg.py:2609
2025-05-19 00:45:27.039 149170 DEBUG oslo_service.service [req-5df46522-7e6c-4a76-8176-85300d2b6624 - - - - -] hyperv.config_drive_inject_password = False log_opt_values /usr/lib/python3/dist-packages/oslo_config/cfg.py:2609
2025-05-19 00:45:27.040 149170 DEBUG oslo_service.service [req-5df46522-7e6c-4a76-8176-85300d2b6624 - - - - -] hyperv.dynamic_memory_ratio = 1.0 log_opt_values /usr/lib/python3/dist-packages/oslo_config/cfg.py:2609
2025-05-19 00:45:27.040 149170 DEBUG oslo_service.service [req-5df46522-7e6c-4a76-8176-85300d2b6624 - - - - -] hyperv.enable_instance_metrics_collection = False log_opt_values /usr/lib/python3/dist-packages/oslo_config/cfg.py:2609
2025-05-19 00:45:27.040 149170 DEBUG oslo_service.service [req-5df46522-7e6c-4a76-8176-85300d2b6624 - - - - -] hyperv.enable_remotefx = False log_opt_values /usr/lib/python3/dist-packages/oslo_config/cfg.py:2609
2025-05-19 00:45:27.040 149170 DEBUG oslo_service.service [req-5df46522-7e6c-4a76-8176-85300d2b6624 - - - - -] hyperv.instances_path_share = log_opt_values /usr/lib/python3/dist-packages/oslo_config/cfg.py:2609
2025-05-19 00:45:27.040 149170 DEBUG oslo_service.service [req-5df46522-7e6c-4a76-8176-85300d2b6624 - - - - -] hyperv.iscsi_initiator_list = [] log_opt_values /usr/lib/python3/dist-packages/oslo_config/cfg.py:2609
2025-05-19 00:45:27.041 149170 DEBUG oslo_service.service [req-5df46522-7e6c-4a76-8176-85300d2b6624 - - - - -] hyperv.limit_cpu_features = False log_opt_values /usr/lib/python3/dist-packages/oslo_config/cfg.py:2609
2025-05-19 00:45:27.041 149170 DEBUG oslo_service.service [req-5df46522-7e6c-4a76-8176-85300d2b6624 - - - - -] hyperv.mounted_disk_query_retry_count = 10 log_opt_values /usr/lib/python3/dist-packages/oslo_config/cfg.py:2609
2025-05-19 00:45:27.041 149170 DEBUG oslo_service.service [req-5df46522-7e6c-4a76-8176-85300d2b6624 - - - - -] hyperv.mounted_disk_query_retry_interval = 5 log_opt_values /usr/lib/python3/dist-packages/oslo_config/cfg.py:2609
2025-05-19 00:45:27.041 149170 DEBUG oslo_service.service [req-5df46522-7e6c-4a76-8176-85300d2b6624 - - - - -] hyperv.power_state_check_timeframe = 60 log_opt_values /usr/lib/python3/dist-packages/oslo_config/cfg.py:2609
2025-05-19 00:45:27.041 149170 DEBUG oslo_service.service [req-5df46522-7e6c-4a76-8176-85300d2b6624 - - - - -] hyperv.power_state_event_polling_interval = 2 log_opt_values /usr/lib/python3/dist-packages/oslo_config/cfg.py:2609
2025-05-19 00:45:27.041 149170 DEBUG oslo_service.service [req-5df46522-7e6c-4a76-8176-85300d2b6624 - - - - -] hyperv.qemu_img_cmd = qemu-img.exe log_opt_values /usr/lib/python3/dist-packages/oslo_config/cfg.py:2609
2025-05-19 00:45:27.042 149170 DEBUG oslo_service.service [req-5df46522-7e6c-4a76-8176-85300d2b6624 - - - - -] hyperv.use_multipath_io = False log_opt_values /usr/lib/python3/dist-packages/oslo_config/cfg.py:2609
2025-05-19 00:45:27.042 149170 DEBUG oslo_service.service [req-5df46522-7e6c-4a76-8176-85300d2b6624 - - - - -] hyperv.volume_attach_retry_count = 10 log_opt_values /usr/lib/python3/dist-packages/oslo_config/cfg.py:2609
2025-05-19 00:45:27.042 149170 DEBUG oslo_service.service [req-5df46522-7e6c-4a76-8176-85300d2b6624 - - - - -] hyperv.volume_attach_retry_interval = 5 log_opt_values /usr/lib/python3/dist-packages/oslo_config/cfg.py:2609
2025-05-19 00:45:27.042 149170 DEBUG oslo_service.service [req-5df46522-7e6c-4a76-8176-85300d2b6624 - - - - -] hyperv.vswitch_name = None log_opt_values /usr/lib/python3/dist-packages/oslo_config/cfg.py:2609
2025-05-19 00:45:27.042 149170 DEBUG oslo_service.service [req-5df46522-7e6c-4a76-8176-85300d2b6624 - - - - -] hyperv.wait_soft_reboot_seconds = 60 log_opt_values /usr/lib/python3/dist-packages/oslo_config/cfg.py:2609
2025-05-19 00:45:27.042 149170 DEBUG oslo_service.service [req-5df46522-7e6c-4a76-8176-85300d2b6624 - - - - -] mks.enabled = False log_opt_values /usr/lib/python3/dist-packages/oslo_config/cfg.py:2609
2025-05-19 00:45:27.043 149170 DEBUG oslo_service.service [req-5df46522-7e6c-4a76-8176-85300d2b6624 - - - - -] mks.mksproxy_base_url = http://127.0.0.1:6090/ log_opt_values /usr/lib/python3/dist-packages/oslo_config/cfg.py:2609
2025-05-19 00:45:27.043 149170 DEBUG oslo_service.service [req-5df46522-7e6c-4a76-8176-85300d2b6624 - - - - -] image_cache.manager_interval = 2400 log_opt_values /usr/lib/python3/dist-packages/oslo_config/cfg.py:2609
2025-05-19 00:45:27.043 149170 DEBUG oslo_service.service [req-5df46522-7e6c-4a76-8176-85300d2b6624 - - - - -] image_cache.precache_concurrency = 1 log_opt_values /usr/lib/python3/dist-packages/oslo_config/cfg.py:2609
2025-05-19 00:45:27.043 149170 DEBUG oslo_service.service [req-5df46522-7e6c-4a76-8176-85300d2b6624 - - - - -] image_cache.remove_unused_base_images = True log_opt_values /usr/lib/python3/dist-packages/oslo_config/cfg.py:2609
2025-05-19 00:45:27.044 149170 DEBUG oslo_service.service [req-5df46522-7e6c-4a76-8176-85300d2b6624 - - - - -] image_cache.remove_unused_original_minimum_age_seconds = 86400 log_opt_values /usr/lib/python3/dist-packages/oslo_config/cfg.py:2609
2025-05-19 00:45:27.044 149170 DEBUG oslo_service.service [req-5df46522-7e6c-4a76-8176-85300d2b6624 - - - - -] image_cache.remove_unused_resized_minimum_age_seconds = 3600 log_opt_values /usr/lib/python3/dist-packages/oslo_config/cfg.py:2609
2025-05-19 00:45:27.044 149170 DEBUG oslo_service.service [req-5df46522-7e6c-4a76-8176-85300d2b6624 - - - - -] image_cache.subdirectory_name = _base log_opt_values /usr/lib/python3/dist-packages/oslo_config/cfg.py:2609
2025-05-19 00:45:27.044 149170 DEBUG oslo_service.service [req-5df46522-7e6c-4a76-8176-85300d2b6624 - - - - -] ironic.api_max_retries = 60 log_opt_values /usr/lib/python3/dist-packages/oslo_config/cfg.py:2609
2025-05-19 00:45:27.044 149170 DEBUG oslo_service.service [req-5df46522-7e6c-4a76-8176-85300d2b6624 - - - - -] ironic.api_retry_interval = 2 log_opt_values /usr/lib/python3/dist-packages/oslo_config/cfg.py:2609
2025-05-19 00:45:27.044 149170 DEBUG oslo_service.service [req-5df46522-7e6c-4a76-8176-85300d2b6624 - - - - -] ironic.auth_section = None log_opt_values /usr/lib/python3/dist-packages/oslo_config/cfg.py:2609
2025-05-19 00:45:27.045 149170 DEBUG oslo_service.service [req-5df46522-7e6c-4a76-8176-85300d2b6624 - - - - -] ironic.auth_type = None log_opt_values /usr/lib/python3/dist-packages/oslo_config/cfg.py:2609
2025-05-19 00:45:27.045 149170 DEBUG oslo_service.service [req-5df46522-7e6c-4a76-8176-85300d2b6624 - - - - -] ironic.cafile = None log_opt_values /usr/lib/python3/dist-packages/oslo_config/cfg.py:2609
2025-05-19 00:45:27.045 149170 DEBUG oslo_service.service [req-5df46522-7e6c-4a76-8176-85300d2b6624 - - - - -] ironic.certfile = None log_opt_values /usr/lib/python3/dist-packages/oslo_config/cfg.py:2609
2025-05-19 00:45:27.045 149170 DEBUG oslo_service.service [req-5df46522-7e6c-4a76-8176-85300d2b6624 - - - - -] ironic.collect_timing = False log_opt_values /usr/lib/python3/dist-packages/oslo_config/cfg.py:2609
2025-05-19 00:45:27.045 149170 DEBUG oslo_service.service [req-5df46522-7e6c-4a76-8176-85300d2b6624 - - - - -] ironic.connect_retries = None log_opt_values /usr/lib/python3/dist-packages/oslo_config/cfg.py:2609
2025-05-19 00:45:27.045 149170 DEBUG oslo_service.service [req-5df46522-7e6c-4a76-8176-85300d2b6624 - - - - -] ironic.connect_retry_delay = None log_opt_values /usr/lib/python3/dist-packages/oslo_config/cfg.py:2609
2025-05-19 00:45:27.045 149170 DEBUG oslo_service.service [req-5df46522-7e6c-4a76-8176-85300d2b6624 - - - - -] ironic.endpoint_override = None log_opt_values /usr/lib/python3/dist-packages/oslo_config/cfg.py:2609
2025-05-19 00:45:27.046 149170 DEBUG oslo_service.service [req-5df46522-7e6c-4a76-8176-85300d2b6624 - - - - -] ironic.insecure = False log_opt_values /usr/lib/python3/dist-packages/oslo_config/cfg.py:2609
2025-05-19 00:45:27.046 149170 DEBUG oslo_service.service [req-5df46522-7e6c-4a76-8176-85300d2b6624 - - - - -] ironic.keyfile = None log_opt_values /usr/lib/python3/dist-packages/oslo_config/cfg.py:2609
2025-05-19 00:45:27.046 149170 DEBUG oslo_service.service [req-5df46522-7e6c-4a76-8176-85300d2b6624 - - - - -] ironic.max_version = None log_opt_values /usr/lib/python3/dist-packages/oslo_config/cfg.py:2609
2025-05-19 00:45:27.046 149170 DEBUG oslo_service.service [req-5df46522-7e6c-4a76-8176-85300d2b6624 - - - - -] ironic.min_version = None log_opt_values /usr/lib/python3/dist-packages/oslo_config/cfg.py:2609
2025-05-19 00:45:27.046 149170 DEBUG oslo_service.service [req-5df46522-7e6c-4a76-8176-85300d2b6624 - - - - -] ironic.partition_key = None log_opt_values /usr/lib/python3/dist-packages/oslo_config/cfg.py:2609
2025-05-19 00:45:27.046 149170 DEBUG oslo_service.service [req-5df46522-7e6c-4a76-8176-85300d2b6624 - - - - -] ironic.peer_list = [] log_opt_values /usr/lib/python3/dist-packages/oslo_config/cfg.py:2609
2025-05-19 00:45:27.046 149170 DEBUG oslo_service.service [req-5df46522-7e6c-4a76-8176-85300d2b6624 - - - - -] ironic.region_name = None log_opt_values /usr/lib/python3/dist-packages/oslo_config/cfg.py:2609
2025-05-19 00:45:27.047 149170 DEBUG oslo_service.service [req-5df46522-7e6c-4a76-8176-85300d2b6624 - - - - -] ironic.serial_console_state_timeout = 10 log_opt_values /usr/lib/python3/dist-packages/oslo_config/cfg.py:2609
2025-05-19 00:45:27.047 149170 DEBUG oslo_service.service [req-5df46522-7e6c-4a76-8176-85300d2b6624 - - - - -] ironic.service_name = None log_opt_values /usr/lib/python3/dist-packages/oslo_config/cfg.py:2609
2025-05-19 00:45:27.047 149170 DEBUG oslo_service.service [req-5df46522-7e6c-4a76-8176-85300d2b6624 - - - - -] ironic.service_type = baremetal log_opt_values /usr/lib/python3/dist-packages/oslo_config/cfg.py:2609
2025-05-19 00:45:27.047 149170 DEBUG oslo_service.service [req-5df46522-7e6c-4a76-8176-85300d2b6624 - - - - -] ironic.split_loggers = False log_opt_values /usr/lib/python3/dist-packages/oslo_config/cfg.py:2609
2025-05-19 00:45:27.047 149469 DEBUG oslo_messaging._drivers.amqpdriver [-] Listener is running poll /usr/lib/python3/dist-packages/oslo_messaging/_drivers/amqpdriver.py:343
2025-05-19 00:45:27.047 149170 DEBUG oslo_service.service [req-5df46522-7e6c-4a76-8176-85300d2b6624 - - - - -] ironic.status_code_retries = None log_opt_values /usr/lib/python3/dist-packages/oslo_config/cfg.py:2609
2025-05-19 00:45:27.047 149469 DEBUG oslo_messaging._drivers.amqpdriver [-] AMQPListener connection consume poll /usr/lib/python3/dist-packages/oslo_messaging/_drivers/amqpdriver.py:357
2025-05-19 00:45:27.048 149170 DEBUG oslo_service.service [req-5df46522-7e6c-4a76-8176-85300d2b6624 - - - - -] ironic.status_code_retry_delay = None log_opt_values /usr/lib/python3/dist-packages/oslo_config/cfg.py:2609
2025-05-19 00:45:27.048 149170 DEBUG oslo_service.service [req-5df46522-7e6c-4a76-8176-85300d2b6624 - - - - -] ironic.timeout = None log_opt_values /usr/lib/python3/dist-packages/oslo_config/cfg.py:2609
2025-05-19 00:45:27.048 149170 DEBUG oslo_service.service [req-5df46522-7e6c-4a76-8176-85300d2b6624 - - - - -] ironic.valid_interfaces = ['internal', 'public'] log_opt_values /usr/lib/python3/dist-packages/oslo_config/cfg.py:2609
2025-05-19 00:45:27.048 149170 DEBUG oslo_service.service [req-5df46522-7e6c-4a76-8176-85300d2b6624 - - - - -] ironic.version = None log_opt_values /usr/lib/python3/dist-packages/oslo_config/cfg.py:2609
2025-05-19 00:45:27.048 149170 DEBUG oslo_service.service [req-5df46522-7e6c-4a76-8176-85300d2b6624 - - - - -] key_manager.backend = barbican log_opt_values /usr/lib/python3/dist-packages/oslo_config/cfg.py:2609
2025-05-19 00:45:27.048 149469 DEBUG nova.service [req-5b1a2a22-ce01-43b3-8027-c8a66e26d05a - - - - -] Join ServiceGroup membership for this service scheduler start /usr/lib/python3/dist-packages/nova/service.py:199
2025-05-19 00:45:27.049 149170 DEBUG oslo_service.service [req-5df46522-7e6c-4a76-8176-85300d2b6624 - - - - -] key_manager.fixed_key = **** log_opt_values /usr/lib/python3/dist-packages/oslo_config/cfg.py:2609
2025-05-19 00:45:27.049 149469 DEBUG nova.servicegroup.drivers.db [req-5b1a2a22-ce01-43b3-8027-c8a66e26d05a - - - - -] DB_Driver: join new ServiceGroup member juju-c8c781-0-lxd-7 to the scheduler group, service = join /usr/lib/python3/dist-packages/nova/servicegroup/drivers/db.py:44
2025-05-19 00:45:27.049 149170 DEBUG oslo_service.service [req-5df46522-7e6c-4a76-8176-85300d2b6624 - - - - -] barbican.auth_endpoint = http://localhost/identity/v3 log_opt_values /usr/lib/python3/dist-packages/oslo_config/cfg.py:2609
2025-05-19 00:45:27.049 149170 DEBUG oslo_service.service [req-5df46522-7e6c-4a76-8176-85300d2b6624 - - - - -] barbican.barbican_api_version = None log_opt_values /usr/lib/python3/dist-packages/oslo_config/cfg.py:2609
2025-05-19 00:45:27.049 149170 DEBUG oslo_service.service [req-5df46522-7e6c-4a76-8176-85300d2b6624 - - - - -] barbican.barbican_endpoint = None log_opt_values /usr/lib/python3/dist-packages/oslo_config/cfg.py:2609
2025-05-19 00:45:27.049 149170 DEBUG oslo_service.service [req-5df46522-7e6c-4a76-8176-85300d2b6624 - - - - -] barbican.barbican_endpoint_type = public log_opt_values /usr/lib/python3/dist-packages/oslo_config/cfg.py:2609
2025-05-19 00:45:27.049 149469 DEBUG oslo_service.periodic_task [req-3a5784d0-974c-4a86-8b8d-3ebc971dd66e - - - - -] Running periodic task SchedulerManager._discover_hosts_in_cells run_periodic_tasks /usr/lib/python3/dist-packages/oslo_service/periodic_task.py:210
2025-05-19 00:45:27.050 149170 DEBUG oslo_service.service [req-5df46522-7e6c-4a76-8176-85300d2b6624 - - - - -] barbican.barbican_region_name = None log_opt_values /usr/lib/python3/dist-packages/oslo_config/cfg.py:2609
2025-05-19 00:45:27.050 149170 DEBUG oslo_service.service [req-5df46522-7e6c-4a76-8176-85300d2b6624 - - - - -] barbican.cafile = None log_opt_values /usr/lib/python3/dist-packages/oslo_config/cfg.py:2609
2025-05-19 00:45:27.050 149170 DEBUG oslo_service.service [req-5df46522-7e6c-4a76-8176-85300d2b6624 - - - - -] barbican.certfile = None log_opt_values /usr/lib/python3/dist-packages/oslo_config/cfg.py:2609
2025-05-19 00:45:27.050 149170 DEBUG oslo_service.service [req-5df46522-7e6c-4a76-8176-85300d2b6624 - - - - -] barbican.collect_timing = False log_opt_values /usr/lib/python3/dist-packages/oslo_config/cfg.py:2609
2025-05-19 00:45:27.050 149170 DEBUG oslo_service.service [req-5df46522-7e6c-4a76-8176-85300d2b6624 - - - - -] barbican.insecure = False log_opt_values /usr/lib/python3/dist-packages/oslo_config/cfg.py:2609
2025-05-19 00:45:27.050 149469 DEBUG oslo_db.sqlalchemy.engines [req-3a5784d0-974c-4a86-8b8d-3ebc971dd66e - - - - -] Parent process 149170 forked (149469) with an open database connection, which is being discarded and recreated. checkout /usr/lib/python3/dist-packages/oslo_db/sqlalchemy/engines.py:413
2025-05-19 00:45:27.050 149170 DEBUG oslo_service.service [req-5df46522-7e6c-4a76-8176-85300d2b6624 - - - - -] barbican.keyfile = None log_opt_values /usr/lib/python3/dist-packages/oslo_config/cfg.py:2609
2025-05-19 00:45:27.051 149170 DEBUG oslo_service.service [req-5df46522-7e6c-4a76-8176-85300d2b6624 - - - - -] barbican.number_of_retries = 60 log_opt_values /usr/lib/python3/dist-packages/oslo_config/cfg.py:2609
2025-05-19 00:45:27.051 149170 DEBUG oslo_service.service [req-5df46522-7e6c-4a76-8176-85300d2b6624 - - - - -] barbican.retry_delay = 1 log_opt_values /usr/lib/python3/dist-packages/oslo_config/cfg.py:2609
2025-05-19 00:45:27.051 149170 DEBUG oslo_service.service [req-5df46522-7e6c-4a76-8176-85300d2b6624 - - - - -] barbican.send_service_user_token = False log_opt_values /usr/lib/python3/dist-packages/oslo_config/cfg.py:2609
2025-05-19 00:45:27.051 149170 DEBUG oslo_service.service [req-5df46522-7e6c-4a76-8176-85300d2b6624 - - - - -] barbican.split_loggers = False log_opt_values /usr/lib/python3/dist-packages/oslo_config/cfg.py:2609
2025-05-19 00:45:27.051 149170 DEBUG oslo_service.service [req-5df46522-7e6c-4a76-8176-85300d2b6624 - - - - -] barbican.timeout = None log_opt_values /usr/lib/python3/dist-packages/oslo_config/cfg.py:2609
2025-05-19 00:45:27.051 149170 DEBUG oslo_service.service [req-5df46522-7e6c-4a76-8176-85300d2b6624 - - - - -] barbican.verify_ssl = True log_opt_values /usr/lib/python3/dist-packages/oslo_config/cfg.py:2609
2025-05-19 00:45:27.051 149170 DEBUG oslo_service.service [req-5df46522-7e6c-4a76-8176-85300d2b6624 - - - - -] barbican.verify_ssl_path = None log_opt_values /usr/lib/python3/dist-packages/oslo_config/cfg.py:2609
2025-05-19 00:45:27.052 149170 DEBUG oslo_service.service [req-5df46522-7e6c-4a76-8176-85300d2b6624 - - - - -] barbican_service_user.auth_section = None log_opt_values /usr/lib/python3/dist-packages/oslo_config/cfg.py:2609
2025-05-19 00:45:27.052 149170 DEBUG oslo_service.service [req-5df46522-7e6c-4a76-8176-85300d2b6624 - - - - -] barbican_service_user.auth_type = None log_opt_values /usr/lib/python3/dist-packages/oslo_config/cfg.py:2609
2025-05-19 00:45:27.052 149170 DEBUG oslo_service.service [req-5df46522-7e6c-4a76-8176-85300d2b6624 - - - - -] barbican_service_user.cafile = None log_opt_values /usr/lib/python3/dist-packages/oslo_config/cfg.py:2609
2025-05-19 00:45:27.052 149170 DEBUG oslo_service.service [req-5df46522-7e6c-4a76-8176-85300d2b6624 - - - - -] barbican_service_user.certfile = None log_opt_values /usr/lib/python3/dist-packages/oslo_config/cfg.py:2609
2025-05-19 00:45:27.052 149467 DEBUG oslo_messaging._drivers.amqpdriver [-] Listener is running poll /usr/lib/python3/dist-packages/oslo_messaging/_drivers/amqpdriver.py:343
2025-05-19 00:45:27.052 149467 DEBUG oslo_messaging._drivers.amqpdriver [-] AMQPListener connection consume poll /usr/lib/python3/dist-packages/oslo_messaging/_drivers/amqpdriver.py:357
2025-05-19 00:45:27.052 149170 DEBUG oslo_service.service [req-5df46522-7e6c-4a76-8176-85300d2b6624 - - - - -] barbican_service_user.collect_timing = False log_opt_values /usr/lib/python3/dist-packages/oslo_config/cfg.py:2609
2025-05-19 00:45:27.052 149170 DEBUG oslo_service.service [req-5df46522-7e6c-4a76-8176-85300d2b6624 - - - - -] barbican_service_user.insecure = False log_opt_values /usr/lib/python3/dist-packages/oslo_config/cfg.py:2609
2025-05-19 00:45:27.053 149170 DEBUG oslo_service.service [req-5df46522-7e6c-4a76-8176-85300d2b6624 - - - - -] barbican_service_user.keyfile = None log_opt_values /usr/lib/python3/dist-packages/oslo_config/cfg.py:2609
2025-05-19 00:45:27.053 149469 DEBUG oslo_messaging._drivers.amqpdriver [-] AMQPListener connection timeout poll /usr/lib/python3/dist-packages/oslo_messaging/_drivers/amqpdriver.py:360
2025-05-19 00:45:27.053 149170 DEBUG oslo_service.service [req-5df46522-7e6c-4a76-8176-85300d2b6624 - - - - -] barbican_service_user.split_loggers = False log_opt_values /usr/lib/python3/dist-packages/oslo_config/cfg.py:2609
2025-05-19 00:45:27.053 149469 DEBUG oslo_messaging._drivers.amqpdriver [-] Listener is running poll /usr/lib/python3/dist-packages/oslo_messaging/_drivers/amqpdriver.py:343
2025-05-19 00:45:27.053 149170 DEBUG oslo_service.service [req-5df46522-7e6c-4a76-8176-85300d2b6624 - - - - -] barbican_service_user.timeout = None log_opt_values /usr/lib/python3/dist-packages/oslo_config/cfg.py:2609
2025-05-19 00:45:27.053 149469 DEBUG oslo_messaging._drivers.amqpdriver [-] AMQPListener connection consume poll /usr/lib/python3/dist-packages/oslo_messaging/_drivers/amqpdriver.py:357
2025-05-19 00:45:27.053 149467 DEBUG nova.service [req-5e556f5a-7160-4d90-87e4-e7f870c1af7c - - - - -] Join ServiceGroup membership for this service scheduler start /usr/lib/python3/dist-packages/nova/service.py:199
2025-05-19 00:45:27.053 149170 DEBUG oslo_service.service [req-5df46522-7e6c-4a76-8176-85300d2b6624 - - - - -] vault.approle_role_id = None log_opt_values /usr/lib/python3/dist-packages/oslo_config/cfg.py:2609
2025-05-19 00:45:27.053 149467 DEBUG nova.servicegroup.drivers.db [req-5e556f5a-7160-4d90-87e4-e7f870c1af7c - - - - -] DB_Driver: join new ServiceGroup member juju-c8c781-0-lxd-7 to the scheduler group, service = join /usr/lib/python3/dist-packages/nova/servicegroup/drivers/db.py:44
2025-05-19 00:45:27.053 149170 DEBUG oslo_service.service [req-5df46522-7e6c-4a76-8176-85300d2b6624 - - - - -] vault.approle_secret_id = None log_opt_values /usr/lib/python3/dist-packages/oslo_config/cfg.py:2609
2025-05-19 00:45:27.053 149170 DEBUG oslo_service.service [req-5df46522-7e6c-4a76-8176-85300d2b6624 - - - - -] vault.cafile = None log_opt_values /usr/lib/python3/dist-packages/oslo_config/cfg.py:2609
2025-05-19 00:45:27.053 149170 DEBUG oslo_service.service [req-5df46522-7e6c-4a76-8176-85300d2b6624 - - - - -] vault.certfile = None log_opt_values /usr/lib/python3/dist-packages/oslo_config/cfg.py:2609
2025-05-19 00:45:27.054 149170 DEBUG oslo_service.service [req-5df46522-7e6c-4a76-8176-85300d2b6624 - - - - -] vault.collect_timing = False log_opt_values /usr/lib/python3/dist-packages/oslo_config/cfg.py:2609
2025-05-19 00:45:27.054 149170 DEBUG oslo_service.service [req-5df46522-7e6c-4a76-8176-85300d2b6624 - - - - -] vault.insecure = False log_opt_values /usr/lib/python3/dist-packages/oslo_config/cfg.py:2609
2025-05-19 00:45:27.054 149467 DEBUG oslo_service.periodic_task [req-b25c5445-c15b-4a9e-b970-600ce33b6d37 - - - - -] Running periodic task SchedulerManager._discover_hosts_in_cells run_periodic_tasks /usr/lib/python3/dist-packages/oslo_service/periodic_task.py:210
2025-05-19 00:45:27.054 149170 DEBUG oslo_service.service [req-5df46522-7e6c-4a76-8176-85300d2b6624 - - - - -] vault.keyfile = None log_opt_values /usr/lib/python3/dist-packages/oslo_config/cfg.py:2609
2025-05-19 00:45:27.054 149170 DEBUG oslo_service.service [req-5df46522-7e6c-4a76-8176-85300d2b6624 - - - - -] vault.kv_mountpoint = secret log_opt_values /usr/lib/python3/dist-packages/oslo_config/cfg.py:2609
2025-05-19 00:45:27.054 149170 DEBUG oslo_service.service [req-5df46522-7e6c-4a76-8176-85300d2b6624 - - - - -] vault.kv_version = 2 log_opt_values /usr/lib/python3/dist-packages/oslo_config/cfg.py:2609
2025-05-19 00:45:27.055 149170 DEBUG oslo_service.service [req-5df46522-7e6c-4a76-8176-85300d2b6624 - - - - -] vault.namespace = None log_opt_values /usr/lib/python3/dist-packages/oslo_config/cfg.py:2609
2025-05-19 00:45:27.055 149170 DEBUG oslo_service.service [req-5df46522-7e6c-4a76-8176-85300d2b6624 - - - - -] vault.root_token_id = None log_opt_values /usr/lib/python3/dist-packages/oslo_config/cfg.py:2609
2025-05-19 00:45:27.055 149170 DEBUG oslo_service.service [req-5df46522-7e6c-4a76-8176-85300d2b6624 - - - - -] vault.split_loggers = False log_opt_values /usr/lib/python3/dist-packages/oslo_config/cfg.py:2609
2025-05-19 00:45:27.055 149467 DEBUG oslo_db.sqlalchemy.engines [req-b25c5445-c15b-4a9e-b970-600ce33b6d37 - - - - -] Parent process 149170 forked (149467) with an open database connection, which is being discarded and recreated. checkout /usr/lib/python3/dist-packages/oslo_db/sqlalchemy/engines.py:413
2025-05-19 00:45:27.055 149170 DEBUG oslo_service.service [req-5df46522-7e6c-4a76-8176-85300d2b6624 - - - - -] vault.ssl_ca_crt_file = None log_opt_values /usr/lib/python3/dist-packages/oslo_config/cfg.py:2609
2025-05-19 00:45:27.055 149170 DEBUG oslo_service.service [req-5df46522-7e6c-4a76-8176-85300d2b6624 - - - - -] vault.timeout = None log_opt_values /usr/lib/python3/dist-packages/oslo_config/cfg.py:2609
2025-05-19 00:45:27.055 149170 DEBUG oslo_service.service [req-5df46522-7e6c-4a76-8176-85300d2b6624 - - - - -] vault.use_ssl = False log_opt_values /usr/lib/python3/dist-packages/oslo_config/cfg.py:2609
2025-05-19 00:45:27.056 149170 DEBUG oslo_service.service [req-5df46522-7e6c-4a76-8176-85300d2b6624 - - - - -] vault.vault_url = http://127.0.0.1:8200 log_opt_values /usr/lib/python3/dist-packages/oslo_config/cfg.py:2609
2025-05-19 00:45:27.056 149170 DEBUG oslo_service.service [req-5df46522-7e6c-4a76-8176-85300d2b6624 - - - - -] keystone.cafile = None log_opt_values /usr/lib/python3/dist-packages/oslo_config/cfg.py:2609
2025-05-19 00:45:27.056 149170 DEBUG oslo_service.service [req-5df46522-7e6c-4a76-8176-85300d2b6624 - - - - -] keystone.certfile = None log_opt_values /usr/lib/python3/dist-packages/oslo_config/cfg.py:2609
2025-05-19 00:45:27.056 149170 DEBUG oslo_service.service [req-5df46522-7e6c-4a76-8176-85300d2b6624 - - - - -] keystone.collect_timing = False log_opt_values /usr/lib/python3/dist-packages/oslo_config/cfg.py:2609
2025-05-19 00:45:27.056 149170 DEBUG oslo_service.service [req-5df46522-7e6c-4a76-8176-85300d2b6624 - - - - -] keystone.connect_retries = None log_opt_values /usr/lib/python3/dist-packages/oslo_config/cfg.py:2609
2025-05-19 00:45:27.056 149170 DEBUG oslo_service.service [req-5df46522-7e6c-4a76-8176-85300d2b6624 - - - - -] keystone.connect_retry_delay = None log_opt_values /usr/lib/python3/dist-packages/oslo_config/cfg.py:2609
2025-05-19 00:45:27.057 149170 DEBUG oslo_service.service [req-5df46522-7e6c-4a76-8176-85300d2b6624 - - - - -] keystone.endpoint_override = None log_opt_values /usr/lib/python3/dist-packages/oslo_config/cfg.py:2609
2025-05-19 00:45:27.057 149170 DEBUG oslo_service.service [req-5df46522-7e6c-4a76-8176-85300d2b6624 - - - - -] keystone.insecure = False log_opt_values /usr/lib/python3/dist-packages/oslo_config/cfg.py:2609
2025-05-19 00:45:27.057 149170 DEBUG oslo_service.service [req-5df46522-7e6c-4a76-8176-85300d2b6624 - - - - -] keystone.keyfile = None log_opt_values /usr/lib/python3/dist-packages/oslo_config/cfg.py:2609
2025-05-19 00:45:27.057 149170 DEBUG oslo_service.service [req-5df46522-7e6c-4a76-8176-85300d2b6624 - - - - -] keystone.max_version = None log_opt_values /usr/lib/python3/dist-packages/oslo_config/cfg.py:2609
2025-05-19 00:45:27.057 149170 DEBUG oslo_service.service [req-5df46522-7e6c-4a76-8176-85300d2b6624 - - - - -] keystone.min_version = None log_opt_values /usr/lib/python3/dist-packages/oslo_config/cfg.py:2609
2025-05-19 00:45:27.057 149170 DEBUG oslo_service.service [req-5df46522-7e6c-4a76-8176-85300d2b6624 - - - - -] keystone.region_name = None log_opt_values /usr/lib/python3/dist-packages/oslo_config/cfg.py:2609
2025-05-19 00:45:27.057 149170 DEBUG oslo_service.service [req-5df46522-7e6c-4a76-8176-85300d2b6624 - - - - -] keystone.service_name = None log_opt_values /usr/lib/python3/dist-packages/oslo_config/cfg.py:2609
2025-05-19 00:45:27.058 149170 DEBUG oslo_service.service [req-5df46522-7e6c-4a76-8176-85300d2b6624 - - - - -] keystone.service_type = identity log_opt_values /usr/lib/python3/dist-packages/oslo_config/cfg.py:2609
2025-05-19 00:45:27.058 149170 DEBUG oslo_service.service [req-5df46522-7e6c-4a76-8176-85300d2b6624 - - - - -] keystone.split_loggers = False log_opt_values /usr/lib/python3/dist-packages/oslo_config/cfg.py:2609
2025-05-19 00:45:27.058 149170 DEBUG oslo_service.service [req-5df46522-7e6c-4a76-8176-85300d2b6624 - - - - -] keystone.status_code_retries = None log_opt_values /usr/lib/python3/dist-packages/oslo_config/cfg.py:2609
2025-05-19 00:45:27.058 149170 DEBUG oslo_service.service [req-5df46522-7e6c-4a76-8176-85300d2b6624 - - - - -] keystone.status_code_retry_delay = None log_opt_values /usr/lib/python3/dist-packages/oslo_config/cfg.py:2609
2025-05-19 00:45:27.058 149170 DEBUG oslo_service.service [req-5df46522-7e6c-4a76-8176-85300d2b6624 - - - - -] keystone.timeout = None log_opt_values /usr/lib/python3/dist-packages/oslo_config/cfg.py:2609
2025-05-19 00:45:27.058 149467 DEBUG oslo_messaging._drivers.amqpdriver [-] AMQPListener connection timeout poll /usr/lib/python3/dist-packages/oslo_messaging/_drivers/amqpdriver.py:360
2025-05-19 00:45:27.058 149170 DEBUG oslo_service.service [req-5df46522-7e6c-4a76-8176-85300d2b6624 - - - - -] keystone.valid_interfaces = ['internal', 'public'] log_opt_values /usr/lib/python3/dist-packages/oslo_config/cfg.py:2609
2025-05-19 00:45:27.058 149467 DEBUG oslo_messaging._drivers.amqpdriver [-] Listener is running poll /usr/lib/python3/dist-packages/oslo_messaging/_drivers/amqpdriver.py:343
2025-05-19 00:45:27.059 149467 DEBUG oslo_messaging._drivers.amqpdriver [-] AMQPListener connection consume poll /usr/lib/python3/dist-packages/oslo_messaging/_drivers/amqpdriver.py:357
2025-05-19 00:45:27.059 149170 DEBUG oslo_service.service [req-5df46522-7e6c-4a76-8176-85300d2b6624 - - - - -] keystone.version = None log_opt_values /usr/lib/python3/dist-packages/oslo_config/cfg.py:2609
2025-05-19 00:45:27.059 149170 DEBUG oslo_service.service [req-5df46522-7e6c-4a76-8176-85300d2b6624 - - - - -] libvirt.connection_uri = log_opt_values /usr/lib/python3/dist-packages/oslo_config/cfg.py:2609
2025-05-19 00:45:27.059 149170 DEBUG oslo_service.service [req-5df46522-7e6c-4a76-8176-85300d2b6624 - - - - -] libvirt.cpu_mode = None log_opt_values /usr/lib/python3/dist-packages/oslo_config/cfg.py:2609
2025-05-19 00:45:27.059 149170 DEBUG oslo_service.service [req-5df46522-7e6c-4a76-8176-85300d2b6624 - - - - -] libvirt.cpu_model_extra_flags = [] log_opt_values /usr/lib/python3/dist-packages/oslo_config/cfg.py:2609
2025-05-19 00:45:27.059 149170 DEBUG oslo_service.service [req-5df46522-7e6c-4a76-8176-85300d2b6624 - - - - -] libvirt.cpu_models = [] log_opt_values /usr/lib/python3/dist-packages/oslo_config/cfg.py:2609
2025-05-19 00:45:27.060 149170 DEBUG oslo_service.service [req-5df46522-7e6c-4a76-8176-85300d2b6624 - - - - -] libvirt.device_detach_attempts = 8 log_opt_values /usr/lib/python3/dist-packages/oslo_config/cfg.py:2609
2025-05-19 00:45:27.060 149170 DEBUG oslo_service.service [req-5df46522-7e6c-4a76-8176-85300d2b6624 - - - - -] libvirt.device_detach_timeout = 20 log_opt_values /usr/lib/python3/dist-packages/oslo_config/cfg.py:2609
2025-05-19 00:45:27.060 149170 DEBUG oslo_service.service [req-5df46522-7e6c-4a76-8176-85300d2b6624 - - - - -] libvirt.disk_cachemodes = [] log_opt_values /usr/lib/python3/dist-packages/oslo_config/cfg.py:2609
2025-05-19 00:45:27.060 149170 DEBUG oslo_service.service [req-5df46522-7e6c-4a76-8176-85300d2b6624 - - - - -] libvirt.disk_prefix = None log_opt_values /usr/lib/python3/dist-packages/oslo_config/cfg.py:2609
2025-05-19 00:45:27.060 149170 DEBUG oslo_service.service [req-5df46522-7e6c-4a76-8176-85300d2b6624 - - - - -] libvirt.enabled_perf_events = [] log_opt_values /usr/lib/python3/dist-packages/oslo_config/cfg.py:2609
2025-05-19 00:45:27.061 149170 DEBUG oslo_service.service [req-5df46522-7e6c-4a76-8176-85300d2b6624 - - - - -] libvirt.file_backed_memory = 0 log_opt_values /usr/lib/python3/dist-packages/oslo_config/cfg.py:2609
2025-05-19 00:45:27.061 149170 DEBUG oslo_service.service [req-5df46522-7e6c-4a76-8176-85300d2b6624 - - - - -] libvirt.gid_maps = [] log_opt_values /usr/lib/python3/dist-packages/oslo_config/cfg.py:2609
2025-05-19 00:45:27.061 149170 DEBUG oslo_service.service [req-5df46522-7e6c-4a76-8176-85300d2b6624 - - - - -] libvirt.hw_disk_discard = None log_opt_values /usr/lib/python3/dist-packages/oslo_config/cfg.py:2609
2025-05-19 00:45:27.061 149170 DEBUG oslo_service.service [req-5df46522-7e6c-4a76-8176-85300d2b6624 - - - - -] libvirt.hw_machine_type = None log_opt_values /usr/lib/python3/dist-packages/oslo_config/cfg.py:2609
2025-05-19 00:45:27.061 149170 DEBUG oslo_service.service [req-5df46522-7e6c-4a76-8176-85300d2b6624 - - - - -] libvirt.images_rbd_ceph_conf = log_opt_values /usr/lib/python3/dist-packages/oslo_config/cfg.py:2609
2025-05-19 00:45:27.061 149170 DEBUG oslo_service.service [req-5df46522-7e6c-4a76-8176-85300d2b6624 - - - - -] libvirt.images_rbd_glance_copy_poll_interval = 15 log_opt_values /usr/lib/python3/dist-packages/oslo_config/cfg.py:2609
2025-05-19 00:45:27.062 149170 DEBUG oslo_service.service [req-5df46522-7e6c-4a76-8176-85300d2b6624 - - - - -] libvirt.images_rbd_glance_copy_timeout = 600 log_opt_values /usr/lib/python3/dist-packages/oslo_config/cfg.py:2609
