2025-05-19 00:45:24.445 149141 DEBUG oslo_service.service [req-1ac3bf65-6b66-48a5-b01f-e8236dd112f1 - - - - -] glance.service_name = None log_opt_values /usr/lib/python3/dist-packages/oslo_config/cfg.py:2609
2025-05-19 00:45:24.445 149141 DEBUG oslo_service.service [req-1ac3bf65-6b66-48a5-b01f-e8236dd112f1 - - - - -] glance.service_type = image log_opt_values /usr/lib/python3/dist-packages/oslo_config/cfg.py:2609
2025-05-19 00:45:24.445 149141 DEBUG oslo_service.service [req-1ac3bf65-6b66-48a5-b01f-e8236dd112f1 - - - - -] glance.split_loggers = False log_opt_values /usr/lib/python3/dist-packages/oslo_config/cfg.py:2609
2025-05-19 00:45:24.445 149141 DEBUG oslo_service.service [req-1ac3bf65-6b66-48a5-b01f-e8236dd112f1 - - - - -] glance.status_code_retries = None log_opt_values /usr/lib/python3/dist-packages/oslo_config/cfg.py:2609
2025-05-19 00:45:24.445 149141 DEBUG oslo_service.service [req-1ac3bf65-6b66-48a5-b01f-e8236dd112f1 - - - - -] glance.status_code_retry_delay = None log_opt_values /usr/lib/python3/dist-packages/oslo_config/cfg.py:2609
2025-05-19 00:45:24.446 149141 DEBUG oslo_service.service [req-1ac3bf65-6b66-48a5-b01f-e8236dd112f1 - - - - -] glance.timeout = None log_opt_values /usr/lib/python3/dist-packages/oslo_config/cfg.py:2609
2025-05-19 00:45:24.446 149141 DEBUG oslo_service.service [req-1ac3bf65-6b66-48a5-b01f-e8236dd112f1 - - - - -] glance.valid_interfaces = ['internal', 'public'] log_opt_values /usr/lib/python3/dist-packages/oslo_config/cfg.py:2609
2025-05-19 00:45:24.446 149141 DEBUG oslo_service.service [req-1ac3bf65-6b66-48a5-b01f-e8236dd112f1 - - - - -] glance.verify_glance_signatures = False log_opt_values /usr/lib/python3/dist-packages/oslo_config/cfg.py:2609
2025-05-19 00:45:24.446 149141 DEBUG oslo_service.service [req-1ac3bf65-6b66-48a5-b01f-e8236dd112f1 - - - - -] glance.version = None log_opt_values /usr/lib/python3/dist-packages/oslo_config/cfg.py:2609
2025-05-19 00:45:24.446 149141 DEBUG oslo_service.service [req-1ac3bf65-6b66-48a5-b01f-e8236dd112f1 - - - - -] guestfs.debug = False log_opt_values /usr/lib/python3/dist-packages/oslo_config/cfg.py:2609
2025-05-19 00:45:24.446 149141 DEBUG oslo_service.service [req-1ac3bf65-6b66-48a5-b01f-e8236dd112f1 - - - - -] hyperv.config_drive_cdrom = False log_opt_values /usr/lib/python3/dist-packages/oslo_config/cfg.py:2609
2025-05-19 00:45:24.447 149141 DEBUG oslo_service.service [req-1ac3bf65-6b66-48a5-b01f-e8236dd112f1 - - - - -] hyperv.config_drive_inject_password = False log_opt_values /usr/lib/python3/dist-packages/oslo_config/cfg.py:2609
2025-05-19 00:45:24.447 149141 DEBUG oslo_service.service [req-1ac3bf65-6b66-48a5-b01f-e8236dd112f1 - - - - -] hyperv.dynamic_memory_ratio = 1.0 log_opt_values /usr/lib/python3/dist-packages/oslo_config/cfg.py:2609
2025-05-19 00:45:24.447 149141 DEBUG oslo_service.service [req-1ac3bf65-6b66-48a5-b01f-e8236dd112f1 - - - - -] hyperv.enable_instance_metrics_collection = False log_opt_values /usr/lib/python3/dist-packages/oslo_config/cfg.py:2609
2025-05-19 00:45:24.447 149141 DEBUG oslo_service.service [req-1ac3bf65-6b66-48a5-b01f-e8236dd112f1 - - - - -] hyperv.enable_remotefx = False log_opt_values /usr/lib/python3/dist-packages/oslo_config/cfg.py:2609
2025-05-19 00:45:24.447 149141 DEBUG oslo_service.service [req-1ac3bf65-6b66-48a5-b01f-e8236dd112f1 - - - - -] hyperv.instances_path_share = log_opt_values /usr/lib/python3/dist-packages/oslo_config/cfg.py:2609
2025-05-19 00:45:24.447 149169 DEBUG oslo_messaging._drivers.amqpdriver [-] Listener is running poll /usr/lib/python3/dist-packages/oslo_messaging/_drivers/amqpdriver.py:343
2025-05-19 00:45:24.447 149141 DEBUG oslo_service.service [req-1ac3bf65-6b66-48a5-b01f-e8236dd112f1 - - - - -] hyperv.iscsi_initiator_list = [] log_opt_values /usr/lib/python3/dist-packages/oslo_config/cfg.py:2609
2025-05-19 00:45:24.447 149167 DEBUG oslo_messaging._drivers.amqpdriver [-] received message msg_id: 26235b34e97043598e5e74db909065bb reply to reply_75c58e0dda104bcbb74bc2a35f44ba97 __call__ /usr/lib/python3/dist-packages/oslo_messaging/_drivers/amqpdriver.py:320
2025-05-19 00:45:24.447 149141 DEBUG oslo_service.service [req-1ac3bf65-6b66-48a5-b01f-e8236dd112f1 - - - - -] hyperv.limit_cpu_features = False log_opt_values /usr/lib/python3/dist-packages/oslo_config/cfg.py:2609
2025-05-19 00:45:24.447 149169 DEBUG oslo_messaging._drivers.amqpdriver [-] AMQPListener connection consume poll /usr/lib/python3/dist-packages/oslo_messaging/_drivers/amqpdriver.py:357
2025-05-19 00:45:24.448 149141 DEBUG oslo_service.service [req-1ac3bf65-6b66-48a5-b01f-e8236dd112f1 - - - - -] hyperv.mounted_disk_query_retry_count = 10 log_opt_values /usr/lib/python3/dist-packages/oslo_config/cfg.py:2609
2025-05-19 00:45:24.448 149141 DEBUG oslo_service.service [req-1ac3bf65-6b66-48a5-b01f-e8236dd112f1 - - - - -] hyperv.mounted_disk_query_retry_interval = 5 log_opt_values /usr/lib/python3/dist-packages/oslo_config/cfg.py:2609
2025-05-19 00:45:24.448 149141 DEBUG oslo_service.service [req-1ac3bf65-6b66-48a5-b01f-e8236dd112f1 - - - - -] hyperv.power_state_check_timeframe = 60 log_opt_values /usr/lib/python3/dist-packages/oslo_config/cfg.py:2609
2025-05-19 00:45:24.448 149141 DEBUG oslo_service.service [req-1ac3bf65-6b66-48a5-b01f-e8236dd112f1 - - - - -] hyperv.power_state_event_polling_interval = 2 log_opt_values /usr/lib/python3/dist-packages/oslo_config/cfg.py:2609
2025-05-19 00:45:24.448 149167 DEBUG nova.service [req-68954147-98ff-4806-8adc-ace51ce26a27 - - - - -] Join ServiceGroup membership for this service conductor start /usr/lib/python3/dist-packages/nova/service.py:199
2025-05-19 00:45:24.448 149169 DEBUG nova.service [req-c56a8307-92c3-4ea8-a93d-5075fe64e9a1 - - - - -] Join ServiceGroup membership for this service conductor start /usr/lib/python3/dist-packages/nova/service.py:199
2025-05-19 00:45:24.448 149141 DEBUG oslo_service.service [req-1ac3bf65-6b66-48a5-b01f-e8236dd112f1 - - - - -] hyperv.qemu_img_cmd = qemu-img.exe log_opt_values /usr/lib/python3/dist-packages/oslo_config/cfg.py:2609
2025-05-19 00:45:24.448 149167 DEBUG nova.servicegroup.drivers.db [req-68954147-98ff-4806-8adc-ace51ce26a27 - - - - -] DB_Driver: join new ServiceGroup member juju-c8c781-0-lxd-7 to the conductor group, service = join /usr/lib/python3/dist-packages/nova/servicegroup/drivers/db.py:44
2025-05-19 00:45:24.448 149141 DEBUG oslo_service.service [req-1ac3bf65-6b66-48a5-b01f-e8236dd112f1 - - - - -] hyperv.use_multipath_io = False log_opt_values /usr/lib/python3/dist-packages/oslo_config/cfg.py:2609
2025-05-19 00:45:24.448 149169 DEBUG nova.servicegroup.drivers.db [req-c56a8307-92c3-4ea8-a93d-5075fe64e9a1 - - - - -] DB_Driver: join new ServiceGroup member juju-c8c781-0-lxd-7 to the conductor group, service = join /usr/lib/python3/dist-packages/nova/servicegroup/drivers/db.py:44
2025-05-19 00:45:24.449 149141 DEBUG oslo_service.service [req-1ac3bf65-6b66-48a5-b01f-e8236dd112f1 - - - - -] hyperv.volume_attach_retry_count = 10 log_opt_values /usr/lib/python3/dist-packages/oslo_config/cfg.py:2609
2025-05-19 00:45:24.449 149141 DEBUG oslo_service.service [req-1ac3bf65-6b66-48a5-b01f-e8236dd112f1 - - - - -] hyperv.volume_attach_retry_interval = 5 log_opt_values /usr/lib/python3/dist-packages/oslo_config/cfg.py:2609
2025-05-19 00:45:24.449 149141 DEBUG oslo_service.service [req-1ac3bf65-6b66-48a5-b01f-e8236dd112f1 - - - - -] hyperv.vswitch_name = None log_opt_values /usr/lib/python3/dist-packages/oslo_config/cfg.py:2609
2025-05-19 00:45:24.449 149141 DEBUG oslo_service.service [req-1ac3bf65-6b66-48a5-b01f-e8236dd112f1 - - - - -] hyperv.wait_soft_reboot_seconds = 60 log_opt_values /usr/lib/python3/dist-packages/oslo_config/cfg.py:2609
2025-05-19 00:45:24.449 149141 DEBUG oslo_service.service [req-1ac3bf65-6b66-48a5-b01f-e8236dd112f1 - - - - -] mks.enabled = False log_opt_values /usr/lib/python3/dist-packages/oslo_config/cfg.py:2609
2025-05-19 00:45:24.450 149141 DEBUG oslo_service.service [req-1ac3bf65-6b66-48a5-b01f-e8236dd112f1 - - - - -] mks.mksproxy_base_url = http://127.0.0.1:6090/ log_opt_values /usr/lib/python3/dist-packages/oslo_config/cfg.py:2609
2025-05-19 00:45:24.450 149141 DEBUG oslo_service.service [req-1ac3bf65-6b66-48a5-b01f-e8236dd112f1 - - - - -] image_cache.manager_interval = 2400 log_opt_values /usr/lib/python3/dist-packages/oslo_config/cfg.py:2609
2025-05-19 00:45:24.450 149141 DEBUG oslo_service.service [req-1ac3bf65-6b66-48a5-b01f-e8236dd112f1 - - - - -] image_cache.precache_concurrency = 1 log_opt_values /usr/lib/python3/dist-packages/oslo_config/cfg.py:2609
2025-05-19 00:45:24.450 149141 DEBUG oslo_service.service [req-1ac3bf65-6b66-48a5-b01f-e8236dd112f1 - - - - -] image_cache.remove_unused_base_images = True log_opt_values /usr/lib/python3/dist-packages/oslo_config/cfg.py:2609
2025-05-19 00:45:24.450 149141 DEBUG oslo_service.service [req-1ac3bf65-6b66-48a5-b01f-e8236dd112f1 - - - - -] image_cache.remove_unused_original_minimum_age_seconds = 86400 log_opt_values /usr/lib/python3/dist-packages/oslo_config/cfg.py:2609
2025-05-19 00:45:24.451 149141 DEBUG oslo_service.service [req-1ac3bf65-6b66-48a5-b01f-e8236dd112f1 - - - - -] image_cache.remove_unused_resized_minimum_age_seconds = 3600 log_opt_values /usr/lib/python3/dist-packages/oslo_config/cfg.py:2609
2025-05-19 00:45:24.451 149141 DEBUG oslo_service.service [req-1ac3bf65-6b66-48a5-b01f-e8236dd112f1 - - - - -] image_cache.subdirectory_name = _base log_opt_values /usr/lib/python3/dist-packages/oslo_config/cfg.py:2609
2025-05-19 00:45:24.451 149141 DEBUG oslo_service.service [req-1ac3bf65-6b66-48a5-b01f-e8236dd112f1 - - - - -] ironic.api_max_retries = 60 log_opt_values /usr/lib/python3/dist-packages/oslo_config/cfg.py:2609
2025-05-19 00:45:24.451 149141 DEBUG oslo_service.service [req-1ac3bf65-6b66-48a5-b01f-e8236dd112f1 - - - - -] ironic.api_retry_interval = 2 log_opt_values /usr/lib/python3/dist-packages/oslo_config/cfg.py:2609
2025-05-19 00:45:24.451 149141 DEBUG oslo_service.service [req-1ac3bf65-6b66-48a5-b01f-e8236dd112f1 - - - - -] ironic.auth_section = None log_opt_values /usr/lib/python3/dist-packages/oslo_config/cfg.py:2609
2025-05-19 00:45:24.451 149141 DEBUG oslo_service.service [req-1ac3bf65-6b66-48a5-b01f-e8236dd112f1 - - - - -] ironic.auth_type = None log_opt_values /usr/lib/python3/dist-packages/oslo_config/cfg.py:2609
2025-05-19 00:45:24.452 149141 DEBUG oslo_service.service [req-1ac3bf65-6b66-48a5-b01f-e8236dd112f1 - - - - -] ironic.cafile = None log_opt_values /usr/lib/python3/dist-packages/oslo_config/cfg.py:2609
2025-05-19 00:45:24.452 149141 DEBUG oslo_service.service [req-1ac3bf65-6b66-48a5-b01f-e8236dd112f1 - - - - -] ironic.certfile = None log_opt_values /usr/lib/python3/dist-packages/oslo_config/cfg.py:2609
2025-05-19 00:45:24.452 149141 DEBUG oslo_service.service [req-1ac3bf65-6b66-48a5-b01f-e8236dd112f1 - - - - -] ironic.collect_timing = False log_opt_values /usr/lib/python3/dist-packages/oslo_config/cfg.py:2609
2025-05-19 00:45:24.452 149141 DEBUG oslo_service.service [req-1ac3bf65-6b66-48a5-b01f-e8236dd112f1 - - - - -] ironic.connect_retries = None log_opt_values /usr/lib/python3/dist-packages/oslo_config/cfg.py:2609
2025-05-19 00:45:24.452 149141 DEBUG oslo_service.service [req-1ac3bf65-6b66-48a5-b01f-e8236dd112f1 - - - - -] ironic.connect_retry_delay = None log_opt_values /usr/lib/python3/dist-packages/oslo_config/cfg.py:2609
2025-05-19 00:45:24.452 149141 DEBUG oslo_service.service [req-1ac3bf65-6b66-48a5-b01f-e8236dd112f1 - - - - -] ironic.endpoint_override = None log_opt_values /usr/lib/python3/dist-packages/oslo_config/cfg.py:2609
2025-05-19 00:45:24.452 149141 DEBUG oslo_service.service [req-1ac3bf65-6b66-48a5-b01f-e8236dd112f1 - - - - -] ironic.insecure = False log_opt_values /usr/lib/python3/dist-packages/oslo_config/cfg.py:2609
2025-05-19 00:45:24.453 149141 DEBUG oslo_service.service [req-1ac3bf65-6b66-48a5-b01f-e8236dd112f1 - - - - -] ironic.keyfile = None log_opt_values /usr/lib/python3/dist-packages/oslo_config/cfg.py:2609
2025-05-19 00:45:24.453 149141 DEBUG oslo_service.service [req-1ac3bf65-6b66-48a5-b01f-e8236dd112f1 - - - - -] ironic.max_version = None log_opt_values /usr/lib/python3/dist-packages/oslo_config/cfg.py:2609
2025-05-19 00:45:24.453 149141 DEBUG oslo_service.service [req-1ac3bf65-6b66-48a5-b01f-e8236dd112f1 - - - - -] ironic.min_version = None log_opt_values /usr/lib/python3/dist-packages/oslo_config/cfg.py:2609
2025-05-19 00:45:24.453 149141 DEBUG oslo_service.service [req-1ac3bf65-6b66-48a5-b01f-e8236dd112f1 - - - - -] ironic.partition_key = None log_opt_values /usr/lib/python3/dist-packages/oslo_config/cfg.py:2609
2025-05-19 00:45:24.453 149141 DEBUG oslo_service.service [req-1ac3bf65-6b66-48a5-b01f-e8236dd112f1 - - - - -] ironic.peer_list = [] log_opt_values /usr/lib/python3/dist-packages/oslo_config/cfg.py:2609
2025-05-19 00:45:24.453 149141 DEBUG oslo_service.service [req-1ac3bf65-6b66-48a5-b01f-e8236dd112f1 - - - - -] ironic.region_name = None log_opt_values /usr/lib/python3/dist-packages/oslo_config/cfg.py:2609
2025-05-19 00:45:24.454 149141 DEBUG oslo_service.service [req-1ac3bf65-6b66-48a5-b01f-e8236dd112f1 - - - - -] ironic.serial_console_state_timeout = 10 log_opt_values /usr/lib/python3/dist-packages/oslo_config/cfg.py:2609
2025-05-19 00:45:24.454 149141 DEBUG oslo_service.service [req-1ac3bf65-6b66-48a5-b01f-e8236dd112f1 - - - - -] ironic.service_name = None log_opt_values /usr/lib/python3/dist-packages/oslo_config/cfg.py:2609
2025-05-19 00:45:24.454 149166 DEBUG oslo_messaging._drivers.amqpdriver [-] AMQPListener connection timeout poll /usr/lib/python3/dist-packages/oslo_messaging/_drivers/amqpdriver.py:360
2025-05-19 00:45:24.454 149169 DEBUG oslo_messaging._drivers.amqpdriver [-] AMQPListener connection timeout poll /usr/lib/python3/dist-packages/oslo_messaging/_drivers/amqpdriver.py:360
2025-05-19 00:45:24.454 149141 DEBUG oslo_service.service [req-1ac3bf65-6b66-48a5-b01f-e8236dd112f1 - - - - -] ironic.service_type = baremetal log_opt_values /usr/lib/python3/dist-packages/oslo_config/cfg.py:2609
2025-05-19 00:45:24.454 149166 DEBUG oslo_messaging._drivers.amqpdriver [-] Listener is running poll /usr/lib/python3/dist-packages/oslo_messaging/_drivers/amqpdriver.py:343
2025-05-19 00:45:24.454 149169 DEBUG oslo_messaging._drivers.amqpdriver [-] Listener is running poll /usr/lib/python3/dist-packages/oslo_messaging/_drivers/amqpdriver.py:343
2025-05-19 00:45:24.454 149167 DEBUG oslo_messaging._drivers.amqpdriver [-] AMQPListener connection timeout poll /usr/lib/python3/dist-packages/oslo_messaging/_drivers/amqpdriver.py:360
2025-05-19 00:45:24.454 149141 DEBUG oslo_service.service [req-1ac3bf65-6b66-48a5-b01f-e8236dd112f1 - - - - -] ironic.split_loggers = False log_opt_values /usr/lib/python3/dist-packages/oslo_config/cfg.py:2609
2025-05-19 00:45:24.454 149166 DEBUG oslo_messaging._drivers.amqpdriver [-] AMQPListener connection consume poll /usr/lib/python3/dist-packages/oslo_messaging/_drivers/amqpdriver.py:357
2025-05-19 00:45:24.454 149169 DEBUG oslo_messaging._drivers.amqpdriver [-] AMQPListener connection consume poll /usr/lib/python3/dist-packages/oslo_messaging/_drivers/amqpdriver.py:357
2025-05-19 00:45:24.454 149167 DEBUG oslo_messaging._drivers.amqpdriver [-] Listener is running poll /usr/lib/python3/dist-packages/oslo_messaging/_drivers/amqpdriver.py:343
2025-05-19 00:45:24.454 149141 DEBUG oslo_service.service [req-1ac3bf65-6b66-48a5-b01f-e8236dd112f1 - - - - -] ironic.status_code_retries = None log_opt_values /usr/lib/python3/dist-packages/oslo_config/cfg.py:2609
2025-05-19 00:45:24.454 149167 DEBUG oslo_messaging._drivers.amqpdriver [-] Poll the incoming message with unique_id: 878f06de5766457681bf6fbeae28acb5 poll /usr/lib/python3/dist-packages/oslo_messaging/_drivers/amqpdriver.py:346
2025-05-19 00:45:24.454 149141 DEBUG oslo_service.service [req-1ac3bf65-6b66-48a5-b01f-e8236dd112f1 - - - - -] ironic.status_code_retry_delay = None log_opt_values /usr/lib/python3/dist-packages/oslo_config/cfg.py:2609
2025-05-19 00:45:24.454 149168 DEBUG oslo_messaging._drivers.amqpdriver [-] Listener is running poll /usr/lib/python3/dist-packages/oslo_messaging/_drivers/amqpdriver.py:343
2025-05-19 00:45:24.454 149167 DEBUG oslo_messaging._drivers.amqpdriver [-] Listener is running poll /usr/lib/python3/dist-packages/oslo_messaging/_drivers/amqpdriver.py:343
2025-05-19 00:45:24.454 149141 DEBUG oslo_service.service [req-1ac3bf65-6b66-48a5-b01f-e8236dd112f1 - - - - -] ironic.timeout = None log_opt_values /usr/lib/python3/dist-packages/oslo_config/cfg.py:2609
2025-05-19 00:45:24.454 149168 DEBUG oslo_messaging._drivers.amqpdriver [-] AMQPListener connection consume poll /usr/lib/python3/dist-packages/oslo_messaging/_drivers/amqpdriver.py:357
2025-05-19 00:45:24.455 149167 DEBUG oslo_messaging._drivers.amqpdriver [-] AMQPListener connection consume poll /usr/lib/python3/dist-packages/oslo_messaging/_drivers/amqpdriver.py:357
2025-05-19 00:45:24.455 149141 DEBUG oslo_service.service [req-1ac3bf65-6b66-48a5-b01f-e8236dd112f1 - - - - -] ironic.valid_interfaces = ['internal', 'public'] log_opt_values /usr/lib/python3/dist-packages/oslo_config/cfg.py:2609
2025-05-19 00:45:24.455 149141 DEBUG oslo_service.service [req-1ac3bf65-6b66-48a5-b01f-e8236dd112f1 - - - - -] ironic.version = None log_opt_values /usr/lib/python3/dist-packages/oslo_config/cfg.py:2609
2025-05-19 00:45:24.455 149141 DEBUG oslo_service.service [req-1ac3bf65-6b66-48a5-b01f-e8236dd112f1 - - - - -] key_manager.backend = barbican log_opt_values /usr/lib/python3/dist-packages/oslo_config/cfg.py:2609
2025-05-19 00:45:24.455 149168 DEBUG nova.service [req-bef97031-6c6a-4769-b234-a0cf8961ddde - - - - -] Join ServiceGroup membership for this service conductor start /usr/lib/python3/dist-packages/nova/service.py:199
2025-05-19 00:45:24.455 149141 DEBUG oslo_service.service [req-1ac3bf65-6b66-48a5-b01f-e8236dd112f1 - - - - -] key_manager.fixed_key = **** log_opt_values /usr/lib/python3/dist-packages/oslo_config/cfg.py:2609
2025-05-19 00:45:24.455 149141 DEBUG oslo_service.service [req-1ac3bf65-6b66-48a5-b01f-e8236dd112f1 - - - - -] barbican.auth_endpoint = http://localhost/identity/v3 log_opt_values /usr/lib/python3/dist-packages/oslo_config/cfg.py:2609
2025-05-19 00:45:24.455 149168 DEBUG nova.servicegroup.drivers.db [req-bef97031-6c6a-4769-b234-a0cf8961ddde - - - - -] DB_Driver: join new ServiceGroup member juju-c8c781-0-lxd-7 to the conductor group, service = join /usr/lib/python3/dist-packages/nova/servicegroup/drivers/db.py:44
2025-05-19 00:45:24.455 149141 DEBUG oslo_service.service [req-1ac3bf65-6b66-48a5-b01f-e8236dd112f1 - - - - -] barbican.barbican_api_version = None log_opt_values /usr/lib/python3/dist-packages/oslo_config/cfg.py:2609
2025-05-19 00:45:24.456 149141 DEBUG oslo_service.service [req-1ac3bf65-6b66-48a5-b01f-e8236dd112f1 - - - - -] barbican.barbican_endpoint = None log_opt_values /usr/lib/python3/dist-packages/oslo_config/cfg.py:2609
2025-05-19 00:45:24.456 149141 DEBUG oslo_service.service [req-1ac3bf65-6b66-48a5-b01f-e8236dd112f1 - - - - -] barbican.barbican_endpoint_type = public log_opt_values /usr/lib/python3/dist-packages/oslo_config/cfg.py:2609
2025-05-19 00:45:24.456 149141 DEBUG oslo_service.service [req-1ac3bf65-6b66-48a5-b01f-e8236dd112f1 - - - - -] barbican.barbican_region_name = None log_opt_values /usr/lib/python3/dist-packages/oslo_config/cfg.py:2609
2025-05-19 00:45:24.456 149141 DEBUG oslo_service.service [req-1ac3bf65-6b66-48a5-b01f-e8236dd112f1 - - - - -] barbican.cafile = None log_opt_values /usr/lib/python3/dist-packages/oslo_config/cfg.py:2609
2025-05-19 00:45:24.456 149141 DEBUG oslo_service.service [req-1ac3bf65-6b66-48a5-b01f-e8236dd112f1 - - - - -] barbican.certfile = None log_opt_values /usr/lib/python3/dist-packages/oslo_config/cfg.py:2609
2025-05-19 00:45:24.456 149141 DEBUG oslo_service.service [req-1ac3bf65-6b66-48a5-b01f-e8236dd112f1 - - - - -] barbican.collect_timing = False log_opt_values /usr/lib/python3/dist-packages/oslo_config/cfg.py:2609
2025-05-19 00:45:24.457 149141 DEBUG oslo_service.service [req-1ac3bf65-6b66-48a5-b01f-e8236dd112f1 - - - - -] barbican.insecure = False log_opt_values /usr/lib/python3/dist-packages/oslo_config/cfg.py:2609
2025-05-19 00:45:24.457 149141 DEBUG oslo_service.service [req-1ac3bf65-6b66-48a5-b01f-e8236dd112f1 - - - - -] barbican.keyfile = None log_opt_values /usr/lib/python3/dist-packages/oslo_config/cfg.py:2609
2025-05-19 00:45:24.457 149141 DEBUG oslo_service.service [req-1ac3bf65-6b66-48a5-b01f-e8236dd112f1 - - - - -] barbican.number_of_retries = 60 log_opt_values /usr/lib/python3/dist-packages/oslo_config/cfg.py:2609
2025-05-19 00:45:24.457 149141 DEBUG oslo_service.service [req-1ac3bf65-6b66-48a5-b01f-e8236dd112f1 - - - - -] barbican.retry_delay = 1 log_opt_values /usr/lib/python3/dist-packages/oslo_config/cfg.py:2609
2025-05-19 00:45:24.457 149141 DEBUG oslo_service.service [req-1ac3bf65-6b66-48a5-b01f-e8236dd112f1 - - - - -] barbican.send_service_user_token = False log_opt_values /usr/lib/python3/dist-packages/oslo_config/cfg.py:2609
2025-05-19 00:45:24.457 149141 DEBUG oslo_service.service [req-1ac3bf65-6b66-48a5-b01f-e8236dd112f1 - - - - -] barbican.split_loggers = False log_opt_values /usr/lib/python3/dist-packages/oslo_config/cfg.py:2609
2025-05-19 00:45:24.457 149141 DEBUG oslo_service.service [req-1ac3bf65-6b66-48a5-b01f-e8236dd112f1 - - - - -] barbican.timeout = None log_opt_values /usr/lib/python3/dist-packages/oslo_config/cfg.py:2609
2025-05-19 00:45:24.458 149168 DEBUG oslo_messaging._drivers.amqpdriver [-] AMQPListener connection timeout poll /usr/lib/python3/dist-packages/oslo_messaging/_drivers/amqpdriver.py:360
2025-05-19 00:45:24.458 149141 DEBUG oslo_service.service [req-1ac3bf65-6b66-48a5-b01f-e8236dd112f1 - - - - -] barbican.verify_ssl = True log_opt_values /usr/lib/python3/dist-packages/oslo_config/cfg.py:2609
2025-05-19 00:45:24.458 149168 DEBUG oslo_messaging._drivers.amqpdriver [-] Listener is running poll /usr/lib/python3/dist-packages/oslo_messaging/_drivers/amqpdriver.py:343
2025-05-19 00:45:24.458 149141 DEBUG oslo_service.service [req-1ac3bf65-6b66-48a5-b01f-e8236dd112f1 - - - - -] barbican.verify_ssl_path = None log_opt_values /usr/lib/python3/dist-packages/oslo_config/cfg.py:2609
2025-05-19 00:45:24.458 149168 DEBUG oslo_messaging._drivers.amqpdriver [-] AMQPListener connection consume poll /usr/lib/python3/dist-packages/oslo_messaging/_drivers/amqpdriver.py:357
2025-05-19 00:45:24.458 149141 DEBUG oslo_service.service [req-1ac3bf65-6b66-48a5-b01f-e8236dd112f1 - - - - -] barbican_service_user.auth_section = None log_opt_values /usr/lib/python3/dist-packages/oslo_config/cfg.py:2609
2025-05-19 00:45:24.458 149141 DEBUG oslo_service.service [req-1ac3bf65-6b66-48a5-b01f-e8236dd112f1 - - - - -] barbican_service_user.auth_type = None log_opt_values /usr/lib/python3/dist-packages/oslo_config/cfg.py:2609
2025-05-19 00:45:24.458 149141 DEBUG oslo_service.service [req-1ac3bf65-6b66-48a5-b01f-e8236dd112f1 - - - - -] barbican_service_user.cafile = None log_opt_values /usr/lib/python3/dist-packages/oslo_config/cfg.py:2609
2025-05-19 00:45:24.459 149141 DEBUG oslo_service.service [req-1ac3bf65-6b66-48a5-b01f-e8236dd112f1 - - - - -] barbican_service_user.certfile = None log_opt_values /usr/lib/python3/dist-packages/oslo_config/cfg.py:2609
2025-05-19 00:45:24.459 149141 DEBUG oslo_service.service [req-1ac3bf65-6b66-48a5-b01f-e8236dd112f1 - - - - -] barbican_service_user.collect_timing = False log_opt_values /usr/lib/python3/dist-packages/oslo_config/cfg.py:2609
2025-05-19 00:45:24.459 149141 DEBUG oslo_service.service [req-1ac3bf65-6b66-48a5-b01f-e8236dd112f1 - - - - -] barbican_service_user.insecure = False log_opt_values /usr/lib/python3/dist-packages/oslo_config/cfg.py:2609
2025-05-19 00:45:24.459 149141 DEBUG oslo_service.service [req-1ac3bf65-6b66-48a5-b01f-e8236dd112f1 - - - - -] barbican_service_user.keyfile = None log_opt_values /usr/lib/python3/dist-packages/oslo_config/cfg.py:2609
2025-05-19 00:45:24.459 149141 DEBUG oslo_service.service [req-1ac3bf65-6b66-48a5-b01f-e8236dd112f1 - - - - -] barbican_service_user.split_loggers = False log_opt_values /usr/lib/python3/dist-packages/oslo_config/cfg.py:2609
2025-05-19 00:45:24.459 149141 DEBUG oslo_service.service [req-1ac3bf65-6b66-48a5-b01f-e8236dd112f1 - - - - -] barbican_service_user.timeout = None log_opt_values /usr/lib/python3/dist-packages/oslo_config/cfg.py:2609
2025-05-19 00:45:24.460 149141 DEBUG oslo_service.service [req-1ac3bf65-6b66-48a5-b01f-e8236dd112f1 - - - - -] vault.approle_role_id = None log_opt_values /usr/lib/python3/dist-packages/oslo_config/cfg.py:2609
2025-05-19 00:45:24.460 149141 DEBUG oslo_service.service [req-1ac3bf65-6b66-48a5-b01f-e8236dd112f1 - - - - -] vault.approle_secret_id = None log_opt_values /usr/lib/python3/dist-packages/oslo_config/cfg.py:2609
2025-05-19 00:45:24.460 149141 DEBUG oslo_service.service [req-1ac3bf65-6b66-48a5-b01f-e8236dd112f1 - - - - -] vault.cafile = None log_opt_values /usr/lib/python3/dist-packages/oslo_config/cfg.py:2609
2025-05-19 00:45:24.460 149141 DEBUG oslo_service.service [req-1ac3bf65-6b66-48a5-b01f-e8236dd112f1 - - - - -] vault.certfile = None log_opt_values /usr/lib/python3/dist-packages/oslo_config/cfg.py:2609
2025-05-19 00:45:24.460 149141 DEBUG oslo_service.service [req-1ac3bf65-6b66-48a5-b01f-e8236dd112f1 - - - - -] vault.collect_timing = False log_opt_values /usr/lib/python3/dist-packages/oslo_config/cfg.py:2609
2025-05-19 00:45:24.460 149141 DEBUG oslo_service.service [req-1ac3bf65-6b66-48a5-b01f-e8236dd112f1 - - - - -] vault.insecure = False log_opt_values /usr/lib/python3/dist-packages/oslo_config/cfg.py:2609
2025-05-19 00:45:24.461 149141 DEBUG oslo_service.service [req-1ac3bf65-6b66-48a5-b01f-e8236dd112f1 - - - - -] vault.keyfile = None log_opt_values /usr/lib/python3/dist-packages/oslo_config/cfg.py:2609
2025-05-19 00:45:24.461 149141 DEBUG oslo_service.service [req-1ac3bf65-6b66-48a5-b01f-e8236dd112f1 - - - - -] vault.kv_mountpoint = secret log_opt_values /usr/lib/python3/dist-packages/oslo_config/cfg.py:2609
2025-05-19 00:45:24.461 149141 DEBUG oslo_service.service [req-1ac3bf65-6b66-48a5-b01f-e8236dd112f1 - - - - -] vault.kv_version = 2 log_opt_values /usr/lib/python3/dist-packages/oslo_config/cfg.py:2609
2025-05-19 00:45:24.461 149141 DEBUG oslo_service.service [req-1ac3bf65-6b66-48a5-b01f-e8236dd112f1 - - - - -] vault.namespace = None log_opt_values /usr/lib/python3/dist-packages/oslo_config/cfg.py:2609
2025-05-19 00:45:24.461 149141 DEBUG oslo_service.service [req-1ac3bf65-6b66-48a5-b01f-e8236dd112f1 - - - - -] vault.root_token_id = None log_opt_values /usr/lib/python3/dist-packages/oslo_config/cfg.py:2609
2025-05-19 00:45:24.461 149141 DEBUG oslo_service.service [req-1ac3bf65-6b66-48a5-b01f-e8236dd112f1 - - - - -] vault.split_loggers = False log_opt_values /usr/lib/python3/dist-packages/oslo_config/cfg.py:2609
2025-05-19 00:45:24.461 149141 DEBUG oslo_service.service [req-1ac3bf65-6b66-48a5-b01f-e8236dd112f1 - - - - -] vault.ssl_ca_crt_file = None log_opt_values /usr/lib/python3/dist-packages/oslo_config/cfg.py:2609
2025-05-19 00:45:24.462 149141 DEBUG oslo_service.service [req-1ac3bf65-6b66-48a5-b01f-e8236dd112f1 - - - - -] vault.timeout = None log_opt_values /usr/lib/python3/dist-packages/oslo_config/cfg.py:2609
2025-05-19 00:45:24.462 149141 DEBUG oslo_service.service [req-1ac3bf65-6b66-48a5-b01f-e8236dd112f1 - - - - -] vault.use_ssl = False log_opt_values /usr/lib/python3/dist-packages/oslo_config/cfg.py:2609
2025-05-19 00:45:24.462 149141 DEBUG oslo_service.service [req-1ac3bf65-6b66-48a5-b01f-e8236dd112f1 - - - - -] vault.vault_url = http://127.0.0.1:8200 log_opt_values /usr/lib/python3/dist-packages/oslo_config/cfg.py:2609
2025-05-19 00:45:24.462 149141 DEBUG oslo_service.service [req-1ac3bf65-6b66-48a5-b01f-e8236dd112f1 - - - - -] keystone.cafile = None log_opt_values /usr/lib/python3/dist-packages/oslo_config/cfg.py:2609
2025-05-19 00:45:24.462 149141 DEBUG oslo_service.service [req-1ac3bf65-6b66-48a5-b01f-e8236dd112f1 - - - - -] keystone.certfile = None log_opt_values /usr/lib/python3/dist-packages/oslo_config/cfg.py:2609
2025-05-19 00:45:24.462 149141 DEBUG oslo_service.service [req-1ac3bf65-6b66-48a5-b01f-e8236dd112f1 - - - - -] keystone.collect_timing = False log_opt_values /usr/lib/python3/dist-packages/oslo_config/cfg.py:2609
2025-05-19 00:45:24.463 149141 DEBUG oslo_service.service [req-1ac3bf65-6b66-48a5-b01f-e8236dd112f1 - - - - -] keystone.connect_retries = None log_opt_values /usr/lib/python3/dist-packages/oslo_config/cfg.py:2609
2025-05-19 00:45:24.463 149141 DEBUG oslo_service.service [req-1ac3bf65-6b66-48a5-b01f-e8236dd112f1 - - - - -] keystone.connect_retry_delay = None log_opt_values /usr/lib/python3/dist-packages/oslo_config/cfg.py:2609
2025-05-19 00:45:24.463 149141 DEBUG oslo_service.service [req-1ac3bf65-6b66-48a5-b01f-e8236dd112f1 - - - - -] keystone.endpoint_override = None log_opt_values /usr/lib/python3/dist-packages/oslo_config/cfg.py:2609
2025-05-19 00:45:24.463 149141 DEBUG oslo_service.service [req-1ac3bf65-6b66-48a5-b01f-e8236dd112f1 - - - - -] keystone.insecure = False log_opt_values /usr/lib/python3/dist-packages/oslo_config/cfg.py:2609
2025-05-19 00:45:24.463 149141 DEBUG oslo_service.service [req-1ac3bf65-6b66-48a5-b01f-e8236dd112f1 - - - - -] keystone.keyfile = None log_opt_values /usr/lib/python3/dist-packages/oslo_config/cfg.py:2609
2025-05-19 00:45:24.463 149141 DEBUG oslo_service.service [req-1ac3bf65-6b66-48a5-b01f-e8236dd112f1 - - - - -] keystone.max_version = None log_opt_values /usr/lib/python3/dist-packages/oslo_config/cfg.py:2609
2025-05-19 00:45:24.464 149141 DEBUG oslo_service.service [req-1ac3bf65-6b66-48a5-b01f-e8236dd112f1 - - - - -] keystone.min_version = None log_opt_values /usr/lib/python3/dist-packages/oslo_config/cfg.py:2609
2025-05-19 00:45:24.464 149141 DEBUG oslo_service.service [req-1ac3bf65-6b66-48a5-b01f-e8236dd112f1 - - - - -] keystone.region_name = None log_opt_values /usr/lib/python3/dist-packages/oslo_config/cfg.py:2609
2025-05-19 00:45:24.464 149141 DEBUG oslo_service.service [req-1ac3bf65-6b66-48a5-b01f-e8236dd112f1 - - - - -] keystone.service_name = None log_opt_values /usr/lib/python3/dist-packages/oslo_config/cfg.py:2609
2025-05-19 00:45:24.464 149141 DEBUG oslo_service.service [req-1ac3bf65-6b66-48a5-b01f-e8236dd112f1 - - - - -] keystone.service_type = identity log_opt_values /usr/lib/python3/dist-packages/oslo_config/cfg.py:2609
2025-05-19 00:45:24.464 149141 DEBUG oslo_service.service [req-1ac3bf65-6b66-48a5-b01f-e8236dd112f1 - - - - -] keystone.split_loggers = False log_opt_values /usr/lib/python3/dist-packages/oslo_config/cfg.py:2609
2025-05-19 00:45:24.464 149141 DEBUG oslo_service.service [req-1ac3bf65-6b66-48a5-b01f-e8236dd112f1 - - - - -] keystone.status_code_retries = None log_opt_values /usr/lib/python3/dist-packages/oslo_config/cfg.py:2609
2025-05-19 00:45:24.464 149141 DEBUG oslo_service.service [req-1ac3bf65-6b66-48a5-b01f-e8236dd112f1 - - - - -] keystone.status_code_retry_delay = None log_opt_values /usr/lib/python3/dist-packages/oslo_config/cfg.py:2609
2025-05-19 00:45:24.465 149141 DEBUG oslo_service.service [req-1ac3bf65-6b66-48a5-b01f-e8236dd112f1 - - - - -] keystone.timeout = None log_opt_values /usr/lib/python3/dist-packages/oslo_config/cfg.py:2609
2025-05-19 00:45:24.465 149141 DEBUG oslo_service.service [req-1ac3bf65-6b66-48a5-b01f-e8236dd112f1 - - - - -] keystone.valid_interfaces = ['internal', 'public'] log_opt_values /usr/lib/python3/dist-packages/oslo_config/cfg.py:2609
2025-05-19 00:45:24.465 149141 DEBUG oslo_service.service [req-1ac3bf65-6b66-48a5-b01f-e8236dd112f1 - - - - -] keystone.version = None log_opt_values /usr/lib/python3/dist-packages/oslo_config/cfg.py:2609
2025-05-19 00:45:24.465 149141 DEBUG oslo_service.service [req-1ac3bf65-6b66-48a5-b01f-e8236dd112f1 - - - - -] libvirt.connection_uri = log_opt_values /usr/lib/python3/dist-packages/oslo_config/cfg.py:2609
2025-05-19 00:45:24.465 149141 DEBUG oslo_service.service [req-1ac3bf65-6b66-48a5-b01f-e8236dd112f1 - - - - -] libvirt.cpu_mode = None log_opt_values /usr/lib/python3/dist-packages/oslo_config/cfg.py:2609
2025-05-19 00:45:24.465 149141 DEBUG oslo_service.service [req-1ac3bf65-6b66-48a5-b01f-e8236dd112f1 - - - - -] libvirt.cpu_model_extra_flags = [] log_opt_values /usr/lib/python3/dist-packages/oslo_config/cfg.py:2609
2025-05-19 00:45:24.466 149141 DEBUG oslo_service.service [req-1ac3bf65-6b66-48a5-b01f-e8236dd112f1 - - - - -] libvirt.cpu_models = [] log_opt_values /usr/lib/python3/dist-packages/oslo_config/cfg.py:2609
2025-05-19 00:45:24.466 149141 DEBUG oslo_service.service [req-1ac3bf65-6b66-48a5-b01f-e8236dd112f1 - - - - -] libvirt.device_detach_attempts = 8 log_opt_values /usr/lib/python3/dist-packages/oslo_config/cfg.py:2609
2025-05-19 00:45:24.466 149141 DEBUG oslo_service.service [req-1ac3bf65-6b66-48a5-b01f-e8236dd112f1 - - - - -] libvirt.device_detach_timeout = 20 log_opt_values /usr/lib/python3/dist-packages/oslo_config/cfg.py:2609
2025-05-19 00:45:24.466 149141 DEBUG oslo_service.service [req-1ac3bf65-6b66-48a5-b01f-e8236dd112f1 - - - - -] libvirt.disk_cachemodes = [] log_opt_values /usr/lib/python3/dist-packages/oslo_config/cfg.py:2609
2025-05-19 00:45:24.466 149141 DEBUG oslo_service.service [req-1ac3bf65-6b66-48a5-b01f-e8236dd112f1 - - - - -] libvirt.disk_prefix = None log_opt_values /usr/lib/python3/dist-packages/oslo_config/cfg.py:2609
2025-05-19 00:45:24.466 149141 DEBUG oslo_service.service [req-1ac3bf65-6b66-48a5-b01f-e8236dd112f1 - - - - -] libvirt.enabled_perf_events = [] log_opt_values /usr/lib/python3/dist-packages/oslo_config/cfg.py:2609
2025-05-19 00:45:24.467 149141 DEBUG oslo_service.service [req-1ac3bf65-6b66-48a5-b01f-e8236dd112f1 - - - - -] libvirt.file_backed_memory = 0 log_opt_values /usr/lib/python3/dist-packages/oslo_config/cfg.py:2609
2025-05-19 00:45:24.467 149141 DEBUG oslo_service.service [req-1ac3bf65-6b66-48a5-b01f-e8236dd112f1 - - - - -] libvirt.gid_maps = [] log_opt_values /usr/lib/python3/dist-packages/oslo_config/cfg.py:2609
2025-05-19 00:45:24.467 149141 DEBUG oslo_service.service [req-1ac3bf65-6b66-48a5-b01f-e8236dd112f1 - - - - -] libvirt.hw_disk_discard = None log_opt_values /usr/lib/python3/dist-packages/oslo_config/cfg.py:2609
2025-05-19 00:45:24.467 149141 DEBUG oslo_service.service [req-1ac3bf65-6b66-48a5-b01f-e8236dd112f1 - - - - -] libvirt.hw_machine_type = None log_opt_values /usr/lib/python3/dist-packages/oslo_config/cfg.py:2609
2025-05-19 00:45:24.467 149141 DEBUG oslo_service.service [req-1ac3bf65-6b66-48a5-b01f-e8236dd112f1 - - - - -] libvirt.images_rbd_ceph_conf = log_opt_values /usr/lib/python3/dist-packages/oslo_config/cfg.py:2609
2025-05-19 00:45:24.467 149141 DEBUG oslo_service.service [req-1ac3bf65-6b66-48a5-b01f-e8236dd112f1 - - - - -] libvirt.images_rbd_glance_copy_poll_interval = 15 log_opt_values /usr/lib/python3/dist-packages/oslo_config/cfg.py:2609
2025-05-19 00:45:24.468 149141 DEBUG oslo_service.service [req-1ac3bf65-6b66-48a5-b01f-e8236dd112f1 - - - - -] libvirt.images_rbd_glance_copy_timeout = 600 log_opt_values /usr/lib/python3/dist-packages/oslo_config/cfg.py:2609
2025-05-19 00:45:24.468 149141 DEBUG oslo_service.service [req-1ac3bf65-6b66-48a5-b01f-e8236dd112f1 - - - - -] libvirt.images_rbd_glance_store_name = log_opt_values /usr/lib/python3/dist-packages/oslo_config/cfg.py:2609
2025-05-19 00:45:24.468 149141 DEBUG oslo_service.service [req-1ac3bf65-6b66-48a5-b01f-e8236dd112f1 - - - - -] libvirt.images_rbd_pool = rbd log_opt_values /usr/lib/python3/dist-packages/oslo_config/cfg.py:2609
2025-05-19 00:45:24.468 149141 DEBUG oslo_service.service [req-1ac3bf65-6b66-48a5-b01f-e8236dd112f1 - - - - -] libvirt.images_type = default log_opt_values /usr/lib/python3/dist-packages/oslo_config/cfg.py:2609
2025-05-19 00:45:24.468 149141 DEBUG oslo_service.service [req-1ac3bf65-6b66-48a5-b01f-e8236dd112f1 - - - - -] libvirt.images_volume_group = None log_opt_values /usr/lib/python3/dist-packages/oslo_config/cfg.py:2609
2025-05-19 00:45:24.469 149141 DEBUG oslo_service.service [req-1ac3bf65-6b66-48a5-b01f-e8236dd112f1 - - - - -] libvirt.inject_key = False log_opt_values /usr/lib/python3/dist-packages/oslo_config/cfg.py:2609
2025-05-19 00:45:24.469 149141 DEBUG oslo_service.service [req-1ac3bf65-6b66-48a5-b01f-e8236dd112f1 - - - - -] libvirt.inject_partition = -2 log_opt_values /usr/lib/python3/dist-packages/oslo_config/cfg.py:2609
2025-05-19 00:45:24.469 149141 DEBUG oslo_service.service [req-1ac3bf65-6b66-48a5-b01f-e8236dd112f1 - - - - -] libvirt.inject_password = False log_opt_values /usr/lib/python3/dist-packages/oslo_config/cfg.py:2609
2025-05-19 00:45:24.469 149141 DEBUG oslo_service.service [req-1ac3bf65-6b66-48a5-b01f-e8236dd112f1 - - - - -] libvirt.iscsi_iface = None log_opt_values /usr/lib/python3/dist-packages/oslo_config/cfg.py:2609
2025-05-19 00:45:24.469 149141 DEBUG oslo_service.service [req-1ac3bf65-6b66-48a5-b01f-e8236dd112f1 - - - - -] libvirt.iser_use_multipath = False log_opt_values /usr/lib/python3/dist-packages/oslo_config/cfg.py:2609
2025-05-19 00:45:24.469 149141 DEBUG oslo_service.service [req-1ac3bf65-6b66-48a5-b01f-e8236dd112f1 - - - - -] libvirt.live_migration_bandwidth = 0 log_opt_values /usr/lib/python3/dist-packages/oslo_config/cfg.py:2609
2025-05-19 00:45:24.470 149141 DEBUG oslo_service.service [req-1ac3bf65-6b66-48a5-b01f-e8236dd112f1 - - - - -] libvirt.live_migration_completion_timeout = 800 log_opt_values /usr/lib/python3/dist-packages/oslo_config/cfg.py:2609
2025-05-19 00:45:24.470 149141 DEBUG oslo_service.service [req-1ac3bf65-6b66-48a5-b01f-e8236dd112f1 - - - - -] libvirt.live_migration_downtime = 500 log_opt_values /usr/lib/python3/dist-packages/oslo_config/cfg.py:2609
2025-05-19 00:45:24.470 149141 DEBUG oslo_service.service [req-1ac3bf65-6b66-48a5-b01f-e8236dd112f1 - - - - -] libvirt.live_migration_downtime_delay = 75 log_opt_values /usr/lib/python3/dist-packages/oslo_config/cfg.py:2609
2025-05-19 00:45:24.470 149141 DEBUG oslo_service.service [req-1ac3bf65-6b66-48a5-b01f-e8236dd112f1 - - - - -] libvirt.live_migration_downtime_steps = 10 log_opt_values /usr/lib/python3/dist-packages/oslo_config/cfg.py:2609
2025-05-19 00:45:24.470 149141 DEBUG oslo_service.service [req-1ac3bf65-6b66-48a5-b01f-e8236dd112f1 - - - - -] libvirt.live_migration_inbound_addr = None log_opt_values /usr/lib/python3/dist-packages/oslo_config/cfg.py:2609
2025-05-19 00:45:24.470 149141 DEBUG oslo_service.service [req-1ac3bf65-6b66-48a5-b01f-e8236dd112f1 - - - - -] libvirt.live_migration_permit_auto_converge = False log_opt_values /usr/lib/python3/dist-packages/oslo_config/cfg.py:2609
2025-05-19 00:45:24.471 149141 DEBUG oslo_service.service [req-1ac3bf65-6b66-48a5-b01f-e8236dd112f1 - - - - -] libvirt.live_migration_permit_post_copy = False log_opt_values /usr/lib/python3/dist-packages/oslo_config/cfg.py:2609
2025-05-19 00:45:24.471 149141 DEBUG oslo_service.service [req-1ac3bf65-6b66-48a5-b01f-e8236dd112f1 - - - - -] libvirt.live_migration_scheme = None log_opt_values /usr/lib/python3/dist-packages/oslo_config/cfg.py:2609
2025-05-19 00:45:24.471 149141 DEBUG oslo_service.service [req-1ac3bf65-6b66-48a5-b01f-e8236dd112f1 - - - - -] libvirt.live_migration_timeout_action = abort log_opt_values /usr/lib/python3/dist-packages/oslo_config/cfg.py:2609
2025-05-19 00:45:24.471 149141 DEBUG oslo_service.service [req-1ac3bf65-6b66-48a5-b01f-e8236dd112f1 - - - - -] libvirt.live_migration_tunnelled = False log_opt_values /usr/lib/python3/dist-packages/oslo_config/cfg.py:2609
2025-05-19 00:45:24.471 149141 DEBUG oslo_service.service [req-1ac3bf65-6b66-48a5-b01f-e8236dd112f1 - - - - -] libvirt.live_migration_uri = None log_opt_values /usr/lib/python3/dist-packages/oslo_config/cfg.py:2609
2025-05-19 00:45:24.471 149141 DEBUG oslo_service.service [req-1ac3bf65-6b66-48a5-b01f-e8236dd112f1 - - - - -] libvirt.live_migration_with_native_tls = False log_opt_values /usr/lib/python3/dist-packages/oslo_config/cfg.py:2609
2025-05-19 00:45:24.472 149141 DEBUG oslo_service.service [req-1ac3bf65-6b66-48a5-b01f-e8236dd112f1 - - - - -] libvirt.max_queues = None log_opt_values /usr/lib/python3/dist-packages/oslo_config/cfg.py:2609
2025-05-19 00:45:24.472 149141 DEBUG oslo_service.service [req-1ac3bf65-6b66-48a5-b01f-e8236dd112f1 - - - - -] libvirt.mem_stats_period_seconds = 10 log_opt_values /usr/lib/python3/dist-packages/oslo_config/cfg.py:2609
2025-05-19 00:45:24.472 149141 DEBUG oslo_service.service [req-1ac3bf65-6b66-48a5-b01f-e8236dd112f1 - - - - -] libvirt.nfs_mount_options = None log_opt_values /usr/lib/python3/dist-packages/oslo_config/cfg.py:2609
2025-05-19 00:45:24.472 149141 DEBUG oslo_service.service [req-1ac3bf65-6b66-48a5-b01f-e8236dd112f1 - - - - -] libvirt.nfs_mount_point_base = /var/lib/nova/mnt log_opt_values /usr/lib/python3/dist-packages/oslo_config/cfg.py:2609
2025-05-19 00:45:24.472 149141 DEBUG oslo_service.service [req-1ac3bf65-6b66-48a5-b01f-e8236dd112f1 - - - - -] libvirt.num_aoe_discover_tries = 3 log_opt_values /usr/lib/python3/dist-packages/oslo_config/cfg.py:2609
2025-05-19 00:45:24.473 149141 DEBUG oslo_service.service [req-1ac3bf65-6b66-48a5-b01f-e8236dd112f1 - - - - -] libvirt.num_iser_scan_tries = 5 log_opt_values /usr/lib/python3/dist-packages/oslo_config/cfg.py:2609
2025-05-19 00:45:24.473 149141 DEBUG oslo_service.service [req-1ac3bf65-6b66-48a5-b01f-e8236dd112f1 - - - - -] libvirt.num_memory_encrypted_guests = None log_opt_values /usr/lib/python3/dist-packages/oslo_config/cfg.py:2609
2025-05-19 00:45:24.473 149141 DEBUG oslo_service.service [req-1ac3bf65-6b66-48a5-b01f-e8236dd112f1 - - - - -] libvirt.num_nvme_discover_tries = 5 log_opt_values /usr/lib/python3/dist-packages/oslo_config/cfg.py:2609
2025-05-19 00:45:24.473 149141 DEBUG oslo_service.service [req-1ac3bf65-6b66-48a5-b01f-e8236dd112f1 - - - - -] libvirt.num_pcie_ports = 0 log_opt_values /usr/lib/python3/dist-packages/oslo_config/cfg.py:2609
2025-05-19 00:45:24.473 149141 DEBUG oslo_service.service [req-1ac3bf65-6b66-48a5-b01f-e8236dd112f1 - - - - -] libvirt.num_volume_scan_tries = 5 log_opt_values /usr/lib/python3/dist-packages/oslo_config/cfg.py:2609
2025-05-19 00:45:24.473 149141 DEBUG oslo_service.service [req-1ac3bf65-6b66-48a5-b01f-e8236dd112f1 - - - - -] libvirt.pmem_namespaces = [] log_opt_values /usr/lib/python3/dist-packages/oslo_config/cfg.py:2609
2025-05-19 00:45:24.474 149141 DEBUG oslo_service.service [req-1ac3bf65-6b66-48a5-b01f-e8236dd112f1 - - - - -] libvirt.quobyte_client_cfg = None log_opt_values /usr/lib/python3/dist-packages/oslo_config/cfg.py:2609
2025-05-19 00:45:24.474 149141 DEBUG oslo_service.service [req-1ac3bf65-6b66-48a5-b01f-e8236dd112f1 - - - - -] libvirt.quobyte_mount_point_base = /var/lib/nova/mnt log_opt_values /usr/lib/python3/dist-packages/oslo_config/cfg.py:2609
2025-05-19 00:45:24.474 149141 DEBUG oslo_service.service [req-1ac3bf65-6b66-48a5-b01f-e8236dd112f1 - - - - -] libvirt.rbd_connect_timeout = 5 log_opt_values /usr/lib/python3/dist-packages/oslo_config/cfg.py:2609
2025-05-19 00:45:24.474 149141 DEBUG oslo_service.service [req-1ac3bf65-6b66-48a5-b01f-e8236dd112f1 - - - - -] libvirt.rbd_destroy_volume_retries = 12 log_opt_values /usr/lib/python3/dist-packages/oslo_config/cfg.py:2609
2025-05-19 00:45:24.474 149141 DEBUG oslo_service.service [req-1ac3bf65-6b66-48a5-b01f-e8236dd112f1 - - - - -] libvirt.rbd_destroy_volume_retry_interval = 5 log_opt_values /usr/lib/python3/dist-packages/oslo_config/cfg.py:2609
2025-05-19 00:45:24.474 149141 DEBUG oslo_service.service [req-1ac3bf65-6b66-48a5-b01f-e8236dd112f1 - - - - -] libvirt.rbd_secret_uuid = None log_opt_values /usr/lib/python3/dist-packages/oslo_config/cfg.py:2609
2025-05-19 00:45:24.475 149141 DEBUG oslo_service.service [req-1ac3bf65-6b66-48a5-b01f-e8236dd112f1 - - - - -] libvirt.rbd_user = None log_opt_values /usr/lib/python3/dist-packages/oslo_config/cfg.py:2609
2025-05-19 00:45:24.475 149141 DEBUG oslo_service.service [req-1ac3bf65-6b66-48a5-b01f-e8236dd112f1 - - - - -] libvirt.realtime_scheduler_priority = 1 log_opt_values /usr/lib/python3/dist-packages/oslo_config/cfg.py:2609
2025-05-19 00:45:24.475 149141 DEBUG oslo_service.service [req-1ac3bf65-6b66-48a5-b01f-e8236dd112f1 - - - - -] libvirt.remote_filesystem_transport = ssh log_opt_values /usr/lib/python3/dist-packages/oslo_config/cfg.py:2609
2025-05-19 00:45:24.475 149141 DEBUG oslo_service.service [req-1ac3bf65-6b66-48a5-b01f-e8236dd112f1 - - - - -] libvirt.rescue_image_id = None log_opt_values /usr/lib/python3/dist-packages/oslo_config/cfg.py:2609
2025-05-19 00:45:24.475 149141 DEBUG oslo_service.service [req-1ac3bf65-6b66-48a5-b01f-e8236dd112f1 - - - - -] libvirt.rescue_kernel_id = None log_opt_values /usr/lib/python3/dist-packages/oslo_config/cfg.py:2609
2025-05-19 00:45:24.476 149141 DEBUG oslo_service.service [req-1ac3bf65-6b66-48a5-b01f-e8236dd112f1 - - - - -] libvirt.rescue_ramdisk_id = None log_opt_values /usr/lib/python3/dist-packages/oslo_config/cfg.py:2609
2025-05-19 00:45:24.476 149141 DEBUG oslo_service.service [req-1ac3bf65-6b66-48a5-b01f-e8236dd112f1 - - - - -] libvirt.rng_dev_path = /dev/urandom log_opt_values /usr/lib/python3/dist-packages/oslo_config/cfg.py:2609
2025-05-19 00:45:24.476 149167 DEBUG oslo_messaging._drivers.amqpdriver [req-ba26464a-c58e-427c-bd6f-471250f29f1c - - - - -] sending reply msg_id: 26235b34e97043598e5e74db909065bb reply queue: reply_75c58e0dda104bcbb74bc2a35f44ba97 time elapsed: 0.028022721000070305s _send_reply /usr/lib/python3/dist-packages/oslo_messaging/_drivers/amqpdriver.py:118
2025-05-19 00:45:24.476 149141 DEBUG oslo_service.service [req-1ac3bf65-6b66-48a5-b01f-e8236dd112f1 - - - - -] libvirt.rx_queue_size = None log_opt_values /usr/lib/python3/dist-packages/oslo_config/cfg.py:2609
2025-05-19 00:45:24.476 149141 DEBUG oslo_service.service [req-1ac3bf65-6b66-48a5-b01f-e8236dd112f1 - - - - -] libvirt.smbfs_mount_options = log_opt_values /usr/lib/python3/dist-packages/oslo_config/cfg.py:2609
2025-05-19 00:45:24.476 149141 DEBUG oslo_service.service [req-1ac3bf65-6b66-48a5-b01f-e8236dd112f1 - - - - -] libvirt.smbfs_mount_point_base = /var/lib/nova/mnt log_opt_values /usr/lib/python3/dist-packages/oslo_config/cfg.py:2609
2025-05-19 00:45:24.476 149141 DEBUG oslo_service.service [req-1ac3bf65-6b66-48a5-b01f-e8236dd112f1 - - - - -] libvirt.snapshot_compression = False log_opt_values /usr/lib/python3/dist-packages/oslo_config/cfg.py:2609
2025-05-19 00:45:24.477 149141 DEBUG oslo_service.service [req-1ac3bf65-6b66-48a5-b01f-e8236dd112f1 - - - - -] libvirt.snapshot_image_format = None log_opt_values /usr/lib/python3/dist-packages/oslo_config/cfg.py:2609
2025-05-19 00:45:24.477 149141 DEBUG oslo_service.service [req-1ac3bf65-6b66-48a5-b01f-e8236dd112f1 - - - - -] libvirt.snapshots_directory = /var/lib/nova/instances/snapshots log_opt_values /usr/lib/python3/dist-packages/oslo_config/cfg.py:2609
2025-05-19 00:45:24.477 149141 DEBUG oslo_service.service [req-1ac3bf65-6b66-48a5-b01f-e8236dd112f1 - - - - -] libvirt.sparse_logical_volumes = False log_opt_values /usr/lib/python3/dist-packages/oslo_config/cfg.py:2609
2025-05-19 00:45:24.477 149141 DEBUG oslo_service.service [req-1ac3bf65-6b66-48a5-b01f-e8236dd112f1 - - - - -] libvirt.swtpm_enabled = False log_opt_values /usr/lib/python3/dist-packages/oslo_config/cfg.py:2609
2025-05-19 00:45:24.477 149141 DEBUG oslo_service.service [req-1ac3bf65-6b66-48a5-b01f-e8236dd112f1 - - - - -] libvirt.swtpm_group = tss log_opt_values /usr/lib/python3/dist-packages/oslo_config/cfg.py:2609
2025-05-19 00:45:24.478 149141 DEBUG oslo_service.service [req-1ac3bf65-6b66-48a5-b01f-e8236dd112f1 - - - - -] libvirt.swtpm_user = tss log_opt_values /usr/lib/python3/dist-packages/oslo_config/cfg.py:2609
2025-05-19 00:45:24.478 149141 DEBUG oslo_service.service [req-1ac3bf65-6b66-48a5-b01f-e8236dd112f1 - - - - -] libvirt.sysinfo_serial = unique log_opt_values /usr/lib/python3/dist-packages/oslo_config/cfg.py:2609
2025-05-19 00:45:24.478 149141 DEBUG oslo_service.service [req-1ac3bf65-6b66-48a5-b01f-e8236dd112f1 - - - - -] libvirt.tx_queue_size = None log_opt_values /usr/lib/python3/dist-packages/oslo_config/cfg.py:2609
2025-05-19 00:45:24.478 149141 DEBUG oslo_service.service [req-1ac3bf65-6b66-48a5-b01f-e8236dd112f1 - - - - -] libvirt.uid_maps = [] log_opt_values /usr/lib/python3/dist-packages/oslo_config/cfg.py:2609
2025-05-19 00:45:24.478 149141 DEBUG oslo_service.service [req-1ac3bf65-6b66-48a5-b01f-e8236dd112f1 - - - - -] libvirt.use_virtio_for_bridges = True log_opt_values /usr/lib/python3/dist-packages/oslo_config/cfg.py:2609
2025-05-19 00:45:24.479 149141 DEBUG oslo_service.service [req-1ac3bf65-6b66-48a5-b01f-e8236dd112f1 - - - - -] libvirt.virt_type = kvm log_opt_values /usr/lib/python3/dist-packages/oslo_config/cfg.py:2609
2025-05-19 00:45:24.479 149141 DEBUG oslo_service.service [req-1ac3bf65-6b66-48a5-b01f-e8236dd112f1 - - - - -] libvirt.volume_clear = zero log_opt_values /usr/lib/python3/dist-packages/oslo_config/cfg.py:2609
2025-05-19 00:45:24.479 149141 DEBUG oslo_service.service [req-1ac3bf65-6b66-48a5-b01f-e8236dd112f1 - - - - -] libvirt.volume_clear_size = 0 log_opt_values /usr/lib/python3/dist-packages/oslo_config/cfg.py:2609
2025-05-19 00:45:24.479 149141 DEBUG oslo_service.service [req-1ac3bf65-6b66-48a5-b01f-e8236dd112f1 - - - - -] libvirt.volume_use_multipath = False log_opt_values /usr/lib/python3/dist-packages/oslo_config/cfg.py:2609
2025-05-19 00:45:24.479 149141 DEBUG oslo_service.service [req-1ac3bf65-6b66-48a5-b01f-e8236dd112f1 - - - - -] libvirt.vzstorage_cache_path = None log_opt_values /usr/lib/python3/dist-packages/oslo_config/cfg.py:2609
2025-05-19 00:45:24.479 149141 DEBUG oslo_service.service [req-1ac3bf65-6b66-48a5-b01f-e8236dd112f1 - - - - -] libvirt.vzstorage_log_path = /var/log/vstorage/%(cluster_name)s/nova.log.gz log_opt_values /usr/lib/python3/dist-packages/oslo_config/cfg.py:2609
