2025-05-19 00:45:10.192 143501 DEBUG oslo_service.service [req-a8694387-2539-4ccc-99ec-925a0fd8f410 - - - - -] oslo_limit.timeout = None log_opt_values /usr/lib/python3/dist-packages/oslo_config/cfg.py:2609
2025-05-19 00:45:10.192 143501 DEBUG oslo_service.service [req-a8694387-2539-4ccc-99ec-925a0fd8f410 - - - - -] oslo_limit.valid_interfaces = None log_opt_values /usr/lib/python3/dist-packages/oslo_config/cfg.py:2609
2025-05-19 00:45:10.192 143501 DEBUG oslo_service.service [req-a8694387-2539-4ccc-99ec-925a0fd8f410 - - - - -] oslo_limit.version = None log_opt_values /usr/lib/python3/dist-packages/oslo_config/cfg.py:2609
2025-05-19 00:45:10.192 143501 DEBUG oslo_service.service [req-a8694387-2539-4ccc-99ec-925a0fd8f410 - - - - -] oslo_reports.file_event_handler = None log_opt_values /usr/lib/python3/dist-packages/oslo_config/cfg.py:2609
2025-05-19 00:45:10.192 143501 DEBUG oslo_service.service [req-a8694387-2539-4ccc-99ec-925a0fd8f410 - - - - -] oslo_reports.file_event_handler_interval = 1 log_opt_values /usr/lib/python3/dist-packages/oslo_config/cfg.py:2609
2025-05-19 00:45:10.193 143501 DEBUG oslo_service.service [req-a8694387-2539-4ccc-99ec-925a0fd8f410 - - - - -] oslo_reports.log_dir = None log_opt_values /usr/lib/python3/dist-packages/oslo_config/cfg.py:2609
2025-05-19 00:45:10.193 143501 DEBUG oslo_service.service [req-a8694387-2539-4ccc-99ec-925a0fd8f410 - - - - -] ******************************************************************************** log_opt_values /usr/lib/python3/dist-packages/oslo_config/cfg.py:2613
2025-05-19 00:45:10.611 144218 DEBUG nova.service [req-15106017-b786-469a-8f5c-d36f000cfb15 - - - - -] Creating RPC server for service conductor start /usr/lib/python3/dist-packages/nova/service.py:182
2025-05-19 00:45:10.620 144221 DEBUG nova.service [req-56fc4fea-93f2-4c75-bd39-11cad46ce5fc - - - - -] Creating RPC server for service conductor start /usr/lib/python3/dist-packages/nova/service.py:182
2025-05-19 00:45:10.620 144219 DEBUG nova.service [req-951885da-6c84-43e8-95fe-b68a5f89dd75 - - - - -] Creating RPC server for service conductor start /usr/lib/python3/dist-packages/nova/service.py:182
2025-05-19 00:45:10.624 144220 DEBUG nova.service [req-ea84d8a0-8b32-4f49-9ccf-c79d5155ee8c - - - - -] Creating RPC server for service conductor start /usr/lib/python3/dist-packages/nova/service.py:182
2025-05-19 00:45:10.642 144218 DEBUG oslo_messaging._drivers.amqpdriver [-] Listener is running poll /usr/lib/python3/dist-packages/oslo_messaging/_drivers/amqpdriver.py:343
2025-05-19 00:45:10.642 144218 DEBUG oslo_messaging._drivers.amqpdriver [-] AMQPListener connection consume poll /usr/lib/python3/dist-packages/oslo_messaging/_drivers/amqpdriver.py:357
2025-05-19 00:45:10.643 144218 DEBUG nova.service [req-15106017-b786-469a-8f5c-d36f000cfb15 - - - - -] Join ServiceGroup membership for this service conductor start /usr/lib/python3/dist-packages/nova/service.py:199
2025-05-19 00:45:10.644 144218 DEBUG nova.servicegroup.drivers.db [req-15106017-b786-469a-8f5c-d36f000cfb15 - - - - -] DB_Driver: join new ServiceGroup member juju-c8c781-0-lxd-7 to the conductor group, service = join /usr/lib/python3/dist-packages/nova/servicegroup/drivers/db.py:44
2025-05-19 00:45:10.646 144221 DEBUG oslo_messaging._drivers.amqpdriver [-] Listener is running poll /usr/lib/python3/dist-packages/oslo_messaging/_drivers/amqpdriver.py:343
2025-05-19 00:45:10.646 144221 DEBUG oslo_messaging._drivers.amqpdriver [-] AMQPListener connection consume poll /usr/lib/python3/dist-packages/oslo_messaging/_drivers/amqpdriver.py:357
2025-05-19 00:45:10.646 144218 DEBUG oslo_messaging._drivers.amqpdriver [-] AMQPListener connection timeout poll /usr/lib/python3/dist-packages/oslo_messaging/_drivers/amqpdriver.py:360
2025-05-19 00:45:10.646 144218 DEBUG oslo_messaging._drivers.amqpdriver [-] Listener is running poll /usr/lib/python3/dist-packages/oslo_messaging/_drivers/amqpdriver.py:343
2025-05-19 00:45:10.646 144221 DEBUG nova.service [req-56fc4fea-93f2-4c75-bd39-11cad46ce5fc - - - - -] Join ServiceGroup membership for this service conductor start /usr/lib/python3/dist-packages/nova/service.py:199
2025-05-19 00:45:10.647 144218 DEBUG oslo_messaging._drivers.amqpdriver [-] AMQPListener connection consume poll /usr/lib/python3/dist-packages/oslo_messaging/_drivers/amqpdriver.py:357
2025-05-19 00:45:10.647 144221 DEBUG nova.servicegroup.drivers.db [req-56fc4fea-93f2-4c75-bd39-11cad46ce5fc - - - - -] DB_Driver: join new ServiceGroup member juju-c8c781-0-lxd-7 to the conductor group, service = join /usr/lib/python3/dist-packages/nova/servicegroup/drivers/db.py:44
2025-05-19 00:45:10.647 144220 DEBUG oslo_messaging._drivers.amqpdriver [-] Listener is running poll /usr/lib/python3/dist-packages/oslo_messaging/_drivers/amqpdriver.py:343
2025-05-19 00:45:10.648 144220 DEBUG oslo_messaging._drivers.amqpdriver [-] AMQPListener connection consume poll /usr/lib/python3/dist-packages/oslo_messaging/_drivers/amqpdriver.py:357
2025-05-19 00:45:10.649 144220 DEBUG nova.service [req-ea84d8a0-8b32-4f49-9ccf-c79d5155ee8c - - - - -] Join ServiceGroup membership for this service conductor start /usr/lib/python3/dist-packages/nova/service.py:199
2025-05-19 00:45:10.649 144220 DEBUG nova.servicegroup.drivers.db [req-ea84d8a0-8b32-4f49-9ccf-c79d5155ee8c - - - - -] DB_Driver: join new ServiceGroup member juju-c8c781-0-lxd-7 to the conductor group, service = join /usr/lib/python3/dist-packages/nova/servicegroup/drivers/db.py:44
2025-05-19 00:45:10.650 144221 DEBUG oslo_messaging._drivers.amqpdriver [-] AMQPListener connection timeout poll /usr/lib/python3/dist-packages/oslo_messaging/_drivers/amqpdriver.py:360
2025-05-19 00:45:10.650 144221 DEBUG oslo_messaging._drivers.amqpdriver [-] Listener is running poll /usr/lib/python3/dist-packages/oslo_messaging/_drivers/amqpdriver.py:343
2025-05-19 00:45:10.651 144221 DEBUG oslo_messaging._drivers.amqpdriver [-] AMQPListener connection consume poll /usr/lib/python3/dist-packages/oslo_messaging/_drivers/amqpdriver.py:357
2025-05-19 00:45:10.652 144220 DEBUG oslo_messaging._drivers.amqpdriver [-] AMQPListener connection timeout poll /usr/lib/python3/dist-packages/oslo_messaging/_drivers/amqpdriver.py:360
2025-05-19 00:45:10.652 144220 DEBUG oslo_messaging._drivers.amqpdriver [-] Listener is running poll /usr/lib/python3/dist-packages/oslo_messaging/_drivers/amqpdriver.py:343
2025-05-19 00:45:10.652 144219 DEBUG oslo_messaging._drivers.amqpdriver [-] Listener is running poll /usr/lib/python3/dist-packages/oslo_messaging/_drivers/amqpdriver.py:343
2025-05-19 00:45:10.652 144220 DEBUG oslo_messaging._drivers.amqpdriver [-] AMQPListener connection consume poll /usr/lib/python3/dist-packages/oslo_messaging/_drivers/amqpdriver.py:357
2025-05-19 00:45:10.652 144219 DEBUG oslo_messaging._drivers.amqpdriver [-] AMQPListener connection consume poll /usr/lib/python3/dist-packages/oslo_messaging/_drivers/amqpdriver.py:357
2025-05-19 00:45:10.653 144219 DEBUG nova.service [req-951885da-6c84-43e8-95fe-b68a5f89dd75 - - - - -] Join ServiceGroup membership for this service conductor start /usr/lib/python3/dist-packages/nova/service.py:199
2025-05-19 00:45:10.653 144219 DEBUG nova.servicegroup.drivers.db [req-951885da-6c84-43e8-95fe-b68a5f89dd75 - - - - -] DB_Driver: join new ServiceGroup member juju-c8c781-0-lxd-7 to the conductor group, service = join /usr/lib/python3/dist-packages/nova/servicegroup/drivers/db.py:44
2025-05-19 00:45:10.655 144219 DEBUG oslo_messaging._drivers.amqpdriver [-] AMQPListener connection timeout poll /usr/lib/python3/dist-packages/oslo_messaging/_drivers/amqpdriver.py:360
2025-05-19 00:45:10.656 144219 DEBUG oslo_messaging._drivers.amqpdriver [-] Listener is running poll /usr/lib/python3/dist-packages/oslo_messaging/_drivers/amqpdriver.py:343
2025-05-19 00:45:10.656 144219 DEBUG oslo_messaging._drivers.amqpdriver [-] AMQPListener connection consume poll /usr/lib/python3/dist-packages/oslo_messaging/_drivers/amqpdriver.py:357
2025-05-19 00:45:11.649 144218 DEBUG oslo_messaging._drivers.amqpdriver [-] AMQPListener connection timeout poll /usr/lib/python3/dist-packages/oslo_messaging/_drivers/amqpdriver.py:360
2025-05-19 00:45:11.649 144218 DEBUG oslo_messaging._drivers.amqpdriver [-] Listener is running poll /usr/lib/python3/dist-packages/oslo_messaging/_drivers/amqpdriver.py:343
2025-05-19 00:45:11.649 144218 DEBUG oslo_messaging._drivers.amqpdriver [-] AMQPListener connection consume poll /usr/lib/python3/dist-packages/oslo_messaging/_drivers/amqpdriver.py:357
2025-05-19 00:45:11.652 144221 DEBUG oslo_messaging._drivers.amqpdriver [-] AMQPListener connection timeout poll /usr/lib/python3/dist-packages/oslo_messaging/_drivers/amqpdriver.py:360
2025-05-19 00:45:11.652 144221 DEBUG oslo_messaging._drivers.amqpdriver [-] Listener is running poll /usr/lib/python3/dist-packages/oslo_messaging/_drivers/amqpdriver.py:343
2025-05-19 00:45:11.653 144221 DEBUG oslo_messaging._drivers.amqpdriver [-] AMQPListener connection consume poll /usr/lib/python3/dist-packages/oslo_messaging/_drivers/amqpdriver.py:357
2025-05-19 00:45:11.653 144220 DEBUG oslo_messaging._drivers.amqpdriver [-] AMQPListener connection timeout poll /usr/lib/python3/dist-packages/oslo_messaging/_drivers/amqpdriver.py:360
2025-05-19 00:45:11.653 144220 DEBUG oslo_messaging._drivers.amqpdriver [-] Listener is running poll /usr/lib/python3/dist-packages/oslo_messaging/_drivers/amqpdriver.py:343
2025-05-19 00:45:11.653 144220 DEBUG oslo_messaging._drivers.amqpdriver [-] AMQPListener connection consume poll /usr/lib/python3/dist-packages/oslo_messaging/_drivers/amqpdriver.py:357
2025-05-19 00:45:11.657 144219 DEBUG oslo_messaging._drivers.amqpdriver [-] AMQPListener connection timeout poll /usr/lib/python3/dist-packages/oslo_messaging/_drivers/amqpdriver.py:360
2025-05-19 00:45:11.657 144219 DEBUG oslo_messaging._drivers.amqpdriver [-] Listener is running poll /usr/lib/python3/dist-packages/oslo_messaging/_drivers/amqpdriver.py:343
2025-05-19 00:45:11.657 144219 DEBUG oslo_messaging._drivers.amqpdriver [-] AMQPListener connection consume poll /usr/lib/python3/dist-packages/oslo_messaging/_drivers/amqpdriver.py:357
2025-05-19 00:45:13.652 144218 DEBUG oslo_messaging._drivers.amqpdriver [-] AMQPListener connection timeout poll /usr/lib/python3/dist-packages/oslo_messaging/_drivers/amqpdriver.py:360
2025-05-19 00:45:13.652 144218 DEBUG oslo_messaging._drivers.amqpdriver [-] Listener is running poll /usr/lib/python3/dist-packages/oslo_messaging/_drivers/amqpdriver.py:343
2025-05-19 00:45:13.652 144218 DEBUG oslo_messaging._drivers.amqpdriver [-] AMQPListener connection consume poll /usr/lib/python3/dist-packages/oslo_messaging/_drivers/amqpdriver.py:357
2025-05-19 00:45:13.655 144221 DEBUG oslo_messaging._drivers.amqpdriver [-] AMQPListener connection timeout poll /usr/lib/python3/dist-packages/oslo_messaging/_drivers/amqpdriver.py:360
2025-05-19 00:45:13.656 144221 DEBUG oslo_messaging._drivers.amqpdriver [-] Listener is running poll /usr/lib/python3/dist-packages/oslo_messaging/_drivers/amqpdriver.py:343
2025-05-19 00:45:13.656 144220 DEBUG oslo_messaging._drivers.amqpdriver [-] AMQPListener connection timeout poll /usr/lib/python3/dist-packages/oslo_messaging/_drivers/amqpdriver.py:360
2025-05-19 00:45:13.656 144221 DEBUG oslo_messaging._drivers.amqpdriver [-] AMQPListener connection consume poll /usr/lib/python3/dist-packages/oslo_messaging/_drivers/amqpdriver.py:357
2025-05-19 00:45:13.656 144220 DEBUG oslo_messaging._drivers.amqpdriver [-] Listener is running poll /usr/lib/python3/dist-packages/oslo_messaging/_drivers/amqpdriver.py:343
2025-05-19 00:45:13.656 144220 DEBUG oslo_messaging._drivers.amqpdriver [-] AMQPListener connection consume poll /usr/lib/python3/dist-packages/oslo_messaging/_drivers/amqpdriver.py:357
2025-05-19 00:45:13.660 144219 DEBUG oslo_messaging._drivers.amqpdriver [-] AMQPListener connection timeout poll /usr/lib/python3/dist-packages/oslo_messaging/_drivers/amqpdriver.py:360
2025-05-19 00:45:13.660 144219 DEBUG oslo_messaging._drivers.amqpdriver [-] Listener is running poll /usr/lib/python3/dist-packages/oslo_messaging/_drivers/amqpdriver.py:343
2025-05-19 00:45:13.660 144219 DEBUG oslo_messaging._drivers.amqpdriver [-] AMQPListener connection consume poll /usr/lib/python3/dist-packages/oslo_messaging/_drivers/amqpdriver.py:357
2025-05-19 00:45:16.335 144218 DEBUG oslo_messaging._drivers.amqpdriver [-] received message msg_id: 451d198a96364f8a92f6ba1e36aebb9c reply to reply_75c58e0dda104bcbb74bc2a35f44ba97 __call__ /usr/lib/python3/dist-packages/oslo_messaging/_drivers/amqpdriver.py:320
2025-05-19 00:45:16.335 144218 DEBUG oslo_messaging._drivers.amqpdriver [-] Listener is running poll /usr/lib/python3/dist-packages/oslo_messaging/_drivers/amqpdriver.py:343
2025-05-19 00:45:16.335 144218 DEBUG oslo_messaging._drivers.amqpdriver [-] Poll the incoming message with unique_id: 3aa6fd4c03f4481c8275fd14d8c40995 poll /usr/lib/python3/dist-packages/oslo_messaging/_drivers/amqpdriver.py:346
2025-05-19 00:45:16.335 144218 DEBUG oslo_messaging._drivers.amqpdriver [-] Listener is running poll /usr/lib/python3/dist-packages/oslo_messaging/_drivers/amqpdriver.py:343
2025-05-19 00:45:16.335 144218 DEBUG oslo_messaging._drivers.amqpdriver [-] AMQPListener connection consume poll /usr/lib/python3/dist-packages/oslo_messaging/_drivers/amqpdriver.py:357
2025-05-19 00:45:16.337 144218 DEBUG oslo_messaging._drivers.amqpdriver [-] AMQPListener connection timeout poll /usr/lib/python3/dist-packages/oslo_messaging/_drivers/amqpdriver.py:360
2025-05-19 00:45:16.338 144218 DEBUG oslo_messaging._drivers.amqpdriver [-] Listener is running poll /usr/lib/python3/dist-packages/oslo_messaging/_drivers/amqpdriver.py:343
2025-05-19 00:45:16.338 144218 DEBUG oslo_messaging._drivers.amqpdriver [-] AMQPListener connection consume poll /usr/lib/python3/dist-packages/oslo_messaging/_drivers/amqpdriver.py:357
2025-05-19 00:45:16.341 144218 DEBUG oslo_messaging._drivers.amqpdriver [req-d785008a-22d8-4ea7-a889-e998a96482f1 - - - - -] sending reply msg_id: 451d198a96364f8a92f6ba1e36aebb9c reply queue: reply_75c58e0dda104bcbb74bc2a35f44ba97 time elapsed: 0.005809030999898823s _send_reply /usr/lib/python3/dist-packages/oslo_messaging/_drivers/amqpdriver.py:118
2025-05-19 00:45:17.340 144218 DEBUG oslo_messaging._drivers.amqpdriver [-] AMQPListener connection timeout poll /usr/lib/python3/dist-packages/oslo_messaging/_drivers/amqpdriver.py:360
2025-05-19 00:45:17.340 144218 DEBUG oslo_messaging._drivers.amqpdriver [-] Listener is running poll /usr/lib/python3/dist-packages/oslo_messaging/_drivers/amqpdriver.py:343
2025-05-19 00:45:17.340 144218 DEBUG oslo_messaging._drivers.amqpdriver [-] AMQPListener connection consume poll /usr/lib/python3/dist-packages/oslo_messaging/_drivers/amqpdriver.py:357
2025-05-19 00:45:17.658 144221 DEBUG oslo_messaging._drivers.amqpdriver [-] AMQPListener connection timeout poll /usr/lib/python3/dist-packages/oslo_messaging/_drivers/amqpdriver.py:360
2025-05-19 00:45:17.658 144221 DEBUG oslo_messaging._drivers.amqpdriver [-] Listener is running poll /usr/lib/python3/dist-packages/oslo_messaging/_drivers/amqpdriver.py:343
2025-05-19 00:45:17.658 144221 DEBUG oslo_messaging._drivers.amqpdriver [-] AMQPListener connection consume poll /usr/lib/python3/dist-packages/oslo_messaging/_drivers/amqpdriver.py:357
2025-05-19 00:45:17.659 144220 DEBUG oslo_messaging._drivers.amqpdriver [-] AMQPListener connection timeout poll /usr/lib/python3/dist-packages/oslo_messaging/_drivers/amqpdriver.py:360
2025-05-19 00:45:17.659 144220 DEBUG oslo_messaging._drivers.amqpdriver [-] Listener is running poll /usr/lib/python3/dist-packages/oslo_messaging/_drivers/amqpdriver.py:343
2025-05-19 00:45:17.659 144220 DEBUG oslo_messaging._drivers.amqpdriver [-] AMQPListener connection consume poll /usr/lib/python3/dist-packages/oslo_messaging/_drivers/amqpdriver.py:357
2025-05-19 00:45:17.663 144219 DEBUG oslo_messaging._drivers.amqpdriver [-] AMQPListener connection timeout poll /usr/lib/python3/dist-packages/oslo_messaging/_drivers/amqpdriver.py:360
2025-05-19 00:45:17.663 144219 DEBUG oslo_messaging._drivers.amqpdriver [-] Listener is running poll /usr/lib/python3/dist-packages/oslo_messaging/_drivers/amqpdriver.py:343
2025-05-19 00:45:17.663 144219 DEBUG oslo_messaging._drivers.amqpdriver [-] AMQPListener connection consume poll /usr/lib/python3/dist-packages/oslo_messaging/_drivers/amqpdriver.py:357
2025-05-19 00:45:18.279 144221 DEBUG oslo_messaging._drivers.amqpdriver [-] received message msg_id: 9734e570e099463fadfbd73a985c81c7 reply to reply_75c58e0dda104bcbb74bc2a35f44ba97 __call__ /usr/lib/python3/dist-packages/oslo_messaging/_drivers/amqpdriver.py:320
2025-05-19 00:45:18.280 144221 DEBUG oslo_messaging._drivers.amqpdriver [-] Listener is running poll /usr/lib/python3/dist-packages/oslo_messaging/_drivers/amqpdriver.py:343
2025-05-19 00:45:18.280 144221 DEBUG oslo_messaging._drivers.amqpdriver [-] Poll the incoming message with unique_id: 07a9b0092c8a4ccb9e56638a29dc554d poll /usr/lib/python3/dist-packages/oslo_messaging/_drivers/amqpdriver.py:346
2025-05-19 00:45:18.280 144221 DEBUG oslo_messaging._drivers.amqpdriver [-] Listener is running poll /usr/lib/python3/dist-packages/oslo_messaging/_drivers/amqpdriver.py:343
2025-05-19 00:45:18.280 144221 DEBUG oslo_messaging._drivers.amqpdriver [-] AMQPListener connection consume poll /usr/lib/python3/dist-packages/oslo_messaging/_drivers/amqpdriver.py:357
2025-05-19 00:45:18.282 144221 DEBUG oslo_messaging._drivers.amqpdriver [-] AMQPListener connection timeout poll /usr/lib/python3/dist-packages/oslo_messaging/_drivers/amqpdriver.py:360
2025-05-19 00:45:18.282 144221 DEBUG oslo_messaging._drivers.amqpdriver [-] Listener is running poll /usr/lib/python3/dist-packages/oslo_messaging/_drivers/amqpdriver.py:343
2025-05-19 00:45:18.282 144221 DEBUG oslo_messaging._drivers.amqpdriver [-] AMQPListener connection consume poll /usr/lib/python3/dist-packages/oslo_messaging/_drivers/amqpdriver.py:357
2025-05-19 00:45:18.289 144221 DEBUG oslo_messaging._drivers.amqpdriver [req-89fbdcf8-ef83-4360-a86e-ad260cee6011 - - - - -] sending reply msg_id: 9734e570e099463fadfbd73a985c81c7 reply queue: reply_75c58e0dda104bcbb74bc2a35f44ba97 time elapsed: 0.009800099000131013s _send_reply /usr/lib/python3/dist-packages/oslo_messaging/_drivers/amqpdriver.py:118
2025-05-19 00:45:18.440 144220 DEBUG oslo_messaging._drivers.amqpdriver [-] received message msg_id: 742f4fdb19b24234b5a036f4ab050a2c reply to reply_75c58e0dda104bcbb74bc2a35f44ba97 __call__ /usr/lib/python3/dist-packages/oslo_messaging/_drivers/amqpdriver.py:320
2025-05-19 00:45:18.443 144220 DEBUG oslo_messaging._drivers.amqpdriver [-] Listener is running poll /usr/lib/python3/dist-packages/oslo_messaging/_drivers/amqpdriver.py:343
2025-05-19 00:45:18.443 144220 DEBUG oslo_messaging._drivers.amqpdriver [-] Poll the incoming message with unique_id: 5524f90b01364a15aacd2086fdd3b66f poll /usr/lib/python3/dist-packages/oslo_messaging/_drivers/amqpdriver.py:346
2025-05-19 00:45:18.443 144220 DEBUG oslo_messaging._drivers.amqpdriver [-] Listener is running poll /usr/lib/python3/dist-packages/oslo_messaging/_drivers/amqpdriver.py:343
2025-05-19 00:45:18.443 144220 DEBUG oslo_messaging._drivers.amqpdriver [-] AMQPListener connection consume poll /usr/lib/python3/dist-packages/oslo_messaging/_drivers/amqpdriver.py:357
2025-05-19 00:45:18.445 144220 DEBUG oslo_messaging._drivers.amqpdriver [-] AMQPListener connection timeout poll /usr/lib/python3/dist-packages/oslo_messaging/_drivers/amqpdriver.py:360
2025-05-19 00:45:18.446 144220 DEBUG oslo_messaging._drivers.amqpdriver [-] Listener is running poll /usr/lib/python3/dist-packages/oslo_messaging/_drivers/amqpdriver.py:343
2025-05-19 00:45:18.446 144220 DEBUG oslo_messaging._drivers.amqpdriver [-] AMQPListener connection consume poll /usr/lib/python3/dist-packages/oslo_messaging/_drivers/amqpdriver.py:357
2025-05-19 00:45:18.450 144220 DEBUG oslo_messaging.rpc.server [req-077ba381-b318-4770-9508-6dad7eae43f7 - - - - -] Expected exception during message handling () _process_incoming /usr/lib/python3/dist-packages/oslo_messaging/rpc/server.py:171
2025-05-19 00:45:18.457 144220 DEBUG oslo_messaging._drivers.amqpdriver [req-077ba381-b318-4770-9508-6dad7eae43f7 - - - - -] sending reply msg_id: 742f4fdb19b24234b5a036f4ab050a2c reply queue: reply_75c58e0dda104bcbb74bc2a35f44ba97 time elapsed: 0.014482371999747556s _send_reply /usr/lib/python3/dist-packages/oslo_messaging/_drivers/amqpdriver.py:118
2025-05-19 00:45:19.284 144221 DEBUG oslo_messaging._drivers.amqpdriver [-] AMQPListener connection timeout poll /usr/lib/python3/dist-packages/oslo_messaging/_drivers/amqpdriver.py:360
2025-05-19 00:45:19.284 144221 DEBUG oslo_messaging._drivers.amqpdriver [-] Listener is running poll /usr/lib/python3/dist-packages/oslo_messaging/_drivers/amqpdriver.py:343
2025-05-19 00:45:19.284 144221 DEBUG oslo_messaging._drivers.amqpdriver [-] AMQPListener connection consume poll /usr/lib/python3/dist-packages/oslo_messaging/_drivers/amqpdriver.py:357
2025-05-19 00:45:19.341 144218 DEBUG oslo_messaging._drivers.amqpdriver [-] AMQPListener connection timeout poll /usr/lib/python3/dist-packages/oslo_messaging/_drivers/amqpdriver.py:360
2025-05-19 00:45:19.342 144218 DEBUG oslo_messaging._drivers.amqpdriver [-] Listener is running poll /usr/lib/python3/dist-packages/oslo_messaging/_drivers/amqpdriver.py:343
2025-05-19 00:45:19.342 144218 DEBUG oslo_messaging._drivers.amqpdriver [-] AMQPListener connection consume poll /usr/lib/python3/dist-packages/oslo_messaging/_drivers/amqpdriver.py:357
2025-05-19 00:45:19.448 144220 DEBUG oslo_messaging._drivers.amqpdriver [-] AMQPListener connection timeout poll /usr/lib/python3/dist-packages/oslo_messaging/_drivers/amqpdriver.py:360
2025-05-19 00:45:19.448 144220 DEBUG oslo_messaging._drivers.amqpdriver [-] Listener is running poll /usr/lib/python3/dist-packages/oslo_messaging/_drivers/amqpdriver.py:343
2025-05-19 00:45:19.448 144220 DEBUG oslo_messaging._drivers.amqpdriver [-] AMQPListener connection consume poll /usr/lib/python3/dist-packages/oslo_messaging/_drivers/amqpdriver.py:357
2025-05-19 00:45:20.895 143501 INFO oslo_service.service [req-a8694387-2539-4ccc-99ec-925a0fd8f410 - - - - -] Caught SIGTERM, stopping children
2025-05-19 00:45:20.895 143501 DEBUG oslo_concurrency.lockutils [req-a8694387-2539-4ccc-99ec-925a0fd8f410 - - - - -] Acquired lock "singleton_lock" lock /usr/lib/python3/dist-packages/oslo_concurrency/lockutils.py:294
2025-05-19 00:45:20.896 143501 DEBUG oslo_concurrency.lockutils [req-a8694387-2539-4ccc-99ec-925a0fd8f410 - - - - -] Releasing lock "singleton_lock" lock /usr/lib/python3/dist-packages/oslo_concurrency/lockutils.py:312
2025-05-19 00:45:20.896 143501 DEBUG oslo_service.service [req-a8694387-2539-4ccc-99ec-925a0fd8f410 - - - - -] Stop services. stop /usr/lib/python3/dist-packages/oslo_service/service.py:695
2025-05-19 00:45:20.896 143501 DEBUG oslo_service.service [req-a8694387-2539-4ccc-99ec-925a0fd8f410 - - - - -] Killing children. stop /usr/lib/python3/dist-packages/oslo_service/service.py:700
2025-05-19 00:45:20.897 143501 INFO oslo_service.service [req-a8694387-2539-4ccc-99ec-925a0fd8f410 - - - - -] Waiting on 4 children to exit
2025-05-19 00:45:20.901 143501 INFO oslo_service.service [req-a8694387-2539-4ccc-99ec-925a0fd8f410 - - - - -] Child 144219 killed by signal 15
2025-05-19 00:45:20.904 143501 INFO oslo_service.service [req-a8694387-2539-4ccc-99ec-925a0fd8f410 - - - - -] Child 144218 killed by signal 15
2025-05-19 00:45:20.913 143501 INFO oslo_service.service [req-a8694387-2539-4ccc-99ec-925a0fd8f410 - - - - -] Child 144220 killed by signal 15
2025-05-19 00:45:20.914 143501 INFO oslo_service.service [req-a8694387-2539-4ccc-99ec-925a0fd8f410 - - - - -] Child 144221 killed by signal 15
2025-05-19 00:45:24.199 149141 DEBUG oslo_db.sqlalchemy.engines [req-1ac3bf65-6b66-48a5-b01f-e8236dd112f1 - - - - -] MySQL server mode set to STRICT_TRANS_TABLES,STRICT_ALL_TABLES,NO_ZERO_IN_DATE,NO_ZERO_DATE,ERROR_FOR_DIVISION_BY_ZERO,TRADITIONAL,NO_ENGINE_SUBSTITUTION _check_effective_sql_mode /usr/lib/python3/dist-packages/oslo_db/sqlalchemy/engines.py:314
2025-05-19 00:45:24.290 149141 DEBUG nova.context [req-1ac3bf65-6b66-48a5-b01f-e8236dd112f1 - - - - -] Found 2 cells: 00000000-0000-0000-0000-000000000000(cell0),486889ea-be7a-43c1-a1f2-6550cc91b8a4(cell1) load_cells /usr/lib/python3/dist-packages/nova/context.py:464
2025-05-19 00:45:24.292 149141 DEBUG oslo_concurrency.lockutils [req-1ac3bf65-6b66-48a5-b01f-e8236dd112f1 - - - - -] Lock "00000000-0000-0000-0000-000000000000" acquired by "nova.context.set_target_cell..get_or_set_cached_cell_and_set_connections" :: waited 0.000s inner /usr/lib/python3/dist-packages/oslo_concurrency/lockutils.py:386
2025-05-19 00:45:24.293 149141 DEBUG oslo_concurrency.lockutils [req-1ac3bf65-6b66-48a5-b01f-e8236dd112f1 - - - - -] Lock "00000000-0000-0000-0000-000000000000" "released" by "nova.context.set_target_cell..get_or_set_cached_cell_and_set_connections" :: held 0.001s inner /usr/lib/python3/dist-packages/oslo_concurrency/lockutils.py:400
2025-05-19 00:45:24.293 149141 DEBUG oslo_concurrency.lockutils [req-1ac3bf65-6b66-48a5-b01f-e8236dd112f1 - - - - -] Lock "486889ea-be7a-43c1-a1f2-6550cc91b8a4" acquired by "nova.context.set_target_cell..get_or_set_cached_cell_and_set_connections" :: waited 0.000s inner /usr/lib/python3/dist-packages/oslo_concurrency/lockutils.py:386
2025-05-19 00:45:24.294 149141 DEBUG oslo_concurrency.lockutils [req-1ac3bf65-6b66-48a5-b01f-e8236dd112f1 - - - - -] Lock "486889ea-be7a-43c1-a1f2-6550cc91b8a4" "released" by "nova.context.set_target_cell..get_or_set_cached_cell_and_set_connections" :: held 0.001s inner /usr/lib/python3/dist-packages/oslo_concurrency/lockutils.py:400
2025-05-19 00:45:24.300 149141 DEBUG oslo_db.sqlalchemy.engines [req-1ac3bf65-6b66-48a5-b01f-e8236dd112f1 - - - - -] MySQL server mode set to STRICT_TRANS_TABLES,STRICT_ALL_TABLES,NO_ZERO_IN_DATE,NO_ZERO_DATE,ERROR_FOR_DIVISION_BY_ZERO,TRADITIONAL,NO_ENGINE_SUBSTITUTION _check_effective_sql_mode /usr/lib/python3/dist-packages/oslo_db/sqlalchemy/engines.py:314
2025-05-19 00:45:24.301 149141 DEBUG oslo_db.sqlalchemy.engines [req-1ac3bf65-6b66-48a5-b01f-e8236dd112f1 - - - - -] MySQL server mode set to STRICT_TRANS_TABLES,STRICT_ALL_TABLES,NO_ZERO_IN_DATE,NO_ZERO_DATE,ERROR_FOR_DIVISION_BY_ZERO,TRADITIONAL,NO_ENGINE_SUBSTITUTION _check_effective_sql_mode /usr/lib/python3/dist-packages/oslo_db/sqlalchemy/engines.py:314
2025-05-19 00:45:24.368 149141 DEBUG oslo_concurrency.lockutils [req-1ac3bf65-6b66-48a5-b01f-e8236dd112f1 - - - - -] Acquired lock "singleton_lock" lock /usr/lib/python3/dist-packages/oslo_concurrency/lockutils.py:294
2025-05-19 00:45:24.369 149141 DEBUG oslo_concurrency.lockutils [req-1ac3bf65-6b66-48a5-b01f-e8236dd112f1 - - - - -] Releasing lock "singleton_lock" lock /usr/lib/python3/dist-packages/oslo_concurrency/lockutils.py:312
2025-05-19 00:45:24.369 149141 INFO oslo_service.service [req-1ac3bf65-6b66-48a5-b01f-e8236dd112f1 - - - - -] Starting 4 workers
2025-05-19 00:45:24.373 149141 DEBUG oslo_service.service [req-1ac3bf65-6b66-48a5-b01f-e8236dd112f1 - - - - -] Started child 149166 _start_child /usr/lib/python3/dist-packages/oslo_service/service.py:575
2025-05-19 00:45:24.377 149166 INFO nova.service [-] Starting conductor node (version 25.2.1)
2025-05-19 00:45:24.378 149141 DEBUG oslo_service.service [req-1ac3bf65-6b66-48a5-b01f-e8236dd112f1 - - - - -] Started child 149167 _start_child /usr/lib/python3/dist-packages/oslo_service/service.py:575
2025-05-19 00:45:24.383 149167 INFO nova.service [-] Starting conductor node (version 25.2.1)
2025-05-19 00:45:24.382 149141 DEBUG oslo_service.service [req-1ac3bf65-6b66-48a5-b01f-e8236dd112f1 - - - - -] Started child 149168 _start_child /usr/lib/python3/dist-packages/oslo_service/service.py:575
2025-05-19 00:45:24.386 149168 INFO nova.service [-] Starting conductor node (version 25.2.1)
2025-05-19 00:45:24.386 149141 DEBUG oslo_service.service [req-1ac3bf65-6b66-48a5-b01f-e8236dd112f1 - - - - -] Started child 149169 _start_child /usr/lib/python3/dist-packages/oslo_service/service.py:575
2025-05-19 00:45:24.387 149141 DEBUG oslo_service.service [req-1ac3bf65-6b66-48a5-b01f-e8236dd112f1 - - - - -] Full set of CONF: wait /usr/lib/python3/dist-packages/oslo_service/service.py:649
2025-05-19 00:45:24.388 149141 DEBUG oslo_service.service [req-1ac3bf65-6b66-48a5-b01f-e8236dd112f1 - - - - -] ******************************************************************************** log_opt_values /usr/lib/python3/dist-packages/oslo_config/cfg.py:2589
2025-05-19 00:45:24.388 149141 DEBUG oslo_service.service [req-1ac3bf65-6b66-48a5-b01f-e8236dd112f1 - - - - -] Configuration options gathered from: log_opt_values /usr/lib/python3/dist-packages/oslo_config/cfg.py:2590
2025-05-19 00:45:24.388 149141 DEBUG oslo_service.service [req-1ac3bf65-6b66-48a5-b01f-e8236dd112f1 - - - - -] command line args: ['--config-file=/etc/nova/nova.conf', '--log-file=/var/log/nova/nova-conductor.log'] log_opt_values /usr/lib/python3/dist-packages/oslo_config/cfg.py:2591
2025-05-19 00:45:24.388 149141 DEBUG oslo_service.service [req-1ac3bf65-6b66-48a5-b01f-e8236dd112f1 - - - - -] config files: ['/etc/nova/nova.conf'] log_opt_values /usr/lib/python3/dist-packages/oslo_config/cfg.py:2592
2025-05-19 00:45:24.388 149141 DEBUG oslo_service.service [req-1ac3bf65-6b66-48a5-b01f-e8236dd112f1 - - - - -] ================================================================================ log_opt_values /usr/lib/python3/dist-packages/oslo_config/cfg.py:2594
2025-05-19 00:45:24.389 149141 DEBUG oslo_service.service [req-1ac3bf65-6b66-48a5-b01f-e8236dd112f1 - - - - -] allow_resize_to_same_host = False log_opt_values /usr/lib/python3/dist-packages/oslo_config/cfg.py:2602
2025-05-19 00:45:24.389 149141 DEBUG oslo_service.service [req-1ac3bf65-6b66-48a5-b01f-e8236dd112f1 - - - - -] arq_binding_timeout = 300 log_opt_values /usr/lib/python3/dist-packages/oslo_config/cfg.py:2602
2025-05-19 00:45:24.389 149141 DEBUG oslo_service.service [req-1ac3bf65-6b66-48a5-b01f-e8236dd112f1 - - - - -] block_device_allocate_retries = 60 log_opt_values /usr/lib/python3/dist-packages/oslo_config/cfg.py:2602
2025-05-19 00:45:24.389 149141 DEBUG oslo_service.service [req-1ac3bf65-6b66-48a5-b01f-e8236dd112f1 - - - - -] block_device_allocate_retries_interval = 3 log_opt_values /usr/lib/python3/dist-packages/oslo_config/cfg.py:2602
2025-05-19 00:45:24.390 149141 DEBUG oslo_service.service [req-1ac3bf65-6b66-48a5-b01f-e8236dd112f1 - - - - -] cert = self.pem log_opt_values /usr/lib/python3/dist-packages/oslo_config/cfg.py:2602
2025-05-19 00:45:24.389 149169 INFO nova.service [-] Starting conductor node (version 25.2.1)
2025-05-19 00:45:24.390 149141 DEBUG oslo_service.service [req-1ac3bf65-6b66-48a5-b01f-e8236dd112f1 - - - - -] compute_driver = libvirt.LibvirtDriver log_opt_values /usr/lib/python3/dist-packages/oslo_config/cfg.py:2602
2025-05-19 00:45:24.390 149141 DEBUG oslo_service.service [req-1ac3bf65-6b66-48a5-b01f-e8236dd112f1 - - - - -] compute_monitors = [] log_opt_values /usr/lib/python3/dist-packages/oslo_config/cfg.py:2602
2025-05-19 00:45:24.390 149141 DEBUG oslo_service.service [req-1ac3bf65-6b66-48a5-b01f-e8236dd112f1 - - - - -] config_dir = [] log_opt_values /usr/lib/python3/dist-packages/oslo_config/cfg.py:2602
2025-05-19 00:45:24.390 149141 DEBUG oslo_service.service [req-1ac3bf65-6b66-48a5-b01f-e8236dd112f1 - - - - -] config_drive_format = iso9660 log_opt_values /usr/lib/python3/dist-packages/oslo_config/cfg.py:2602
2025-05-19 00:45:24.390 149141 DEBUG oslo_service.service [req-1ac3bf65-6b66-48a5-b01f-e8236dd112f1 - - - - -] config_file = ['/etc/nova/nova.conf'] log_opt_values /usr/lib/python3/dist-packages/oslo_config/cfg.py:2602
2025-05-19 00:45:24.391 149141 DEBUG oslo_service.service [req-1ac3bf65-6b66-48a5-b01f-e8236dd112f1 - - - - -] config_source = [] log_opt_values /usr/lib/python3/dist-packages/oslo_config/cfg.py:2602
2025-05-19 00:45:24.391 149141 DEBUG oslo_service.service [req-1ac3bf65-6b66-48a5-b01f-e8236dd112f1 - - - - -] console_host = juju-c8c781-0-lxd-7 log_opt_values /usr/lib/python3/dist-packages/oslo_config/cfg.py:2602
2025-05-19 00:45:24.391 149141 DEBUG oslo_service.service [req-1ac3bf65-6b66-48a5-b01f-e8236dd112f1 - - - - -] control_exchange = nova log_opt_values /usr/lib/python3/dist-packages/oslo_config/cfg.py:2602
2025-05-19 00:45:24.391 149141 DEBUG oslo_service.service [req-1ac3bf65-6b66-48a5-b01f-e8236dd112f1 - - - - -] cpu_allocation_ratio = 2.0 log_opt_values /usr/lib/python3/dist-packages/oslo_config/cfg.py:2602
2025-05-19 00:45:24.391 149141 DEBUG oslo_service.service [req-1ac3bf65-6b66-48a5-b01f-e8236dd112f1 - - - - -] daemon = False log_opt_values /usr/lib/python3/dist-packages/oslo_config/cfg.py:2602
2025-05-19 00:45:24.392 149141 DEBUG oslo_service.service [req-1ac3bf65-6b66-48a5-b01f-e8236dd112f1 - - - - -] debug = True log_opt_values /usr/lib/python3/dist-packages/oslo_config/cfg.py:2602
2025-05-19 00:45:24.392 149141 DEBUG oslo_service.service [req-1ac3bf65-6b66-48a5-b01f-e8236dd112f1 - - - - -] default_access_ip_network_name = None log_opt_values /usr/lib/python3/dist-packages/oslo_config/cfg.py:2602
2025-05-19 00:45:24.392 149141 DEBUG oslo_service.service [req-1ac3bf65-6b66-48a5-b01f-e8236dd112f1 - - - - -] default_availability_zone = nova log_opt_values /usr/lib/python3/dist-packages/oslo_config/cfg.py:2602
2025-05-19 00:45:24.392 149141 DEBUG oslo_service.service [req-1ac3bf65-6b66-48a5-b01f-e8236dd112f1 - - - - -] default_ephemeral_format = None log_opt_values /usr/lib/python3/dist-packages/oslo_config/cfg.py:2602
2025-05-19 00:45:24.392 149141 DEBUG oslo_service.service [req-1ac3bf65-6b66-48a5-b01f-e8236dd112f1 - - - - -] default_log_levels = ['amqp=WARN', 'amqplib=WARN', 'boto=WARN', 'qpid=WARN', 'sqlalchemy=WARN', 'suds=INFO', 'oslo.messaging=INFO', 'oslo_messaging=DEBUG', 'iso8601=WARN', 'requests.packages.urllib3.connectionpool=WARN', 'urllib3.connectionpool=WARN', 'websocket=WARN', 'requests.packages.urllib3.util.retry=WARN', 'urllib3.util.retry=WARN', 'keystonemiddleware=WARN', 'routes.middleware=WARN', 'stevedore=WARN', 'taskflow=WARN', 'keystoneauth=WARN', 'oslo.cache=INFO', 'dogpile.core.dogpile=INFO', 'glanceclient=WARN', 'oslo.privsep.daemon=INFO'] log_opt_values /usr/lib/python3/dist-packages/oslo_config/cfg.py:2602
2025-05-19 00:45:24.393 149141 DEBUG oslo_service.service [req-1ac3bf65-6b66-48a5-b01f-e8236dd112f1 - - - - -] default_schedule_zone = None log_opt_values /usr/lib/python3/dist-packages/oslo_config/cfg.py:2602
2025-05-19 00:45:24.393 149141 DEBUG oslo_service.service [req-1ac3bf65-6b66-48a5-b01f-e8236dd112f1 - - - - -] disk_allocation_ratio = 1.0 log_opt_values /usr/lib/python3/dist-packages/oslo_config/cfg.py:2602
2025-05-19 00:45:24.393 149141 DEBUG oslo_service.service [req-1ac3bf65-6b66-48a5-b01f-e8236dd112f1 - - - - -] enable_new_services = True log_opt_values /usr/lib/python3/dist-packages/oslo_config/cfg.py:2602
2025-05-19 00:45:24.393 149141 DEBUG oslo_service.service [req-1ac3bf65-6b66-48a5-b01f-e8236dd112f1 - - - - -] enabled_apis = ['osapi_compute', 'metadata'] log_opt_values /usr/lib/python3/dist-packages/oslo_config/cfg.py:2602
2025-05-19 00:45:24.393 149141 DEBUG oslo_service.service [req-1ac3bf65-6b66-48a5-b01f-e8236dd112f1 - - - - -] enabled_ssl_apis = [] log_opt_values /usr/lib/python3/dist-packages/oslo_config/cfg.py:2602
2025-05-19 00:45:24.393 149141 DEBUG oslo_service.service [req-1ac3bf65-6b66-48a5-b01f-e8236dd112f1 - - - - -] fatal_deprecations = False log_opt_values /usr/lib/python3/dist-packages/oslo_config/cfg.py:2602
2025-05-19 00:45:24.394 149141 DEBUG oslo_service.service [req-1ac3bf65-6b66-48a5-b01f-e8236dd112f1 - - - - -] flat_injected = False log_opt_values /usr/lib/python3/dist-packages/oslo_config/cfg.py:2602
2025-05-19 00:45:24.394 149141 DEBUG oslo_service.service [req-1ac3bf65-6b66-48a5-b01f-e8236dd112f1 - - - - -] force_config_drive = False log_opt_values /usr/lib/python3/dist-packages/oslo_config/cfg.py:2602
2025-05-19 00:45:24.394 149141 DEBUG oslo_service.service [req-1ac3bf65-6b66-48a5-b01f-e8236dd112f1 - - - - -] force_raw_images = True log_opt_values /usr/lib/python3/dist-packages/oslo_config/cfg.py:2602
2025-05-19 00:45:24.394 149141 DEBUG oslo_service.service [req-1ac3bf65-6b66-48a5-b01f-e8236dd112f1 - - - - -] graceful_shutdown_timeout = 60 log_opt_values /usr/lib/python3/dist-packages/oslo_config/cfg.py:2602
2025-05-19 00:45:24.394 149141 DEBUG oslo_service.service [req-1ac3bf65-6b66-48a5-b01f-e8236dd112f1 - - - - -] heal_instance_info_cache_interval = 60 log_opt_values /usr/lib/python3/dist-packages/oslo_config/cfg.py:2602
2025-05-19 00:45:24.395 149141 DEBUG oslo_service.service [req-1ac3bf65-6b66-48a5-b01f-e8236dd112f1 - - - - -] host = juju-c8c781-0-lxd-7 log_opt_values /usr/lib/python3/dist-packages/oslo_config/cfg.py:2602
2025-05-19 00:45:24.395 149141 DEBUG oslo_service.service [req-1ac3bf65-6b66-48a5-b01f-e8236dd112f1 - - - - -] initial_cpu_allocation_ratio = 16.0 log_opt_values /usr/lib/python3/dist-packages/oslo_config/cfg.py:2602
2025-05-19 00:45:24.395 149141 DEBUG oslo_service.service [req-1ac3bf65-6b66-48a5-b01f-e8236dd112f1 - - - - -] initial_disk_allocation_ratio = 1.0 log_opt_values /usr/lib/python3/dist-packages/oslo_config/cfg.py:2602
2025-05-19 00:45:24.395 149141 DEBUG oslo_service.service [req-1ac3bf65-6b66-48a5-b01f-e8236dd112f1 - - - - -] initial_ram_allocation_ratio = 1.5 log_opt_values /usr/lib/python3/dist-packages/oslo_config/cfg.py:2602
2025-05-19 00:45:24.395 149141 DEBUG oslo_service.service [req-1ac3bf65-6b66-48a5-b01f-e8236dd112f1 - - - - -] injected_network_template = /usr/lib/python3/dist-packages/nova/virt/interfaces.template log_opt_values /usr/lib/python3/dist-packages/oslo_config/cfg.py:2602
2025-05-19 00:45:24.396 149141 DEBUG oslo_service.service [req-1ac3bf65-6b66-48a5-b01f-e8236dd112f1 - - - - -] instance_build_timeout = 0 log_opt_values /usr/lib/python3/dist-packages/oslo_config/cfg.py:2602
2025-05-19 00:45:24.396 149141 DEBUG oslo_service.service [req-1ac3bf65-6b66-48a5-b01f-e8236dd112f1 - - - - -] instance_delete_interval = 300 log_opt_values /usr/lib/python3/dist-packages/oslo_config/cfg.py:2602
2025-05-19 00:45:24.396 149141 DEBUG oslo_service.service [req-1ac3bf65-6b66-48a5-b01f-e8236dd112f1 - - - - -] instance_format = [instance: %(uuid)s] log_opt_values /usr/lib/python3/dist-packages/oslo_config/cfg.py:2602
2025-05-19 00:45:24.396 149141 DEBUG oslo_service.service [req-1ac3bf65-6b66-48a5-b01f-e8236dd112f1 - - - - -] instance_name_template = instance-%08x log_opt_values /usr/lib/python3/dist-packages/oslo_config/cfg.py:2602
2025-05-19 00:45:24.397 149141 DEBUG oslo_service.service [req-1ac3bf65-6b66-48a5-b01f-e8236dd112f1 - - - - -] instance_usage_audit = False log_opt_values /usr/lib/python3/dist-packages/oslo_config/cfg.py:2602
2025-05-19 00:45:24.397 149141 DEBUG oslo_service.service [req-1ac3bf65-6b66-48a5-b01f-e8236dd112f1 - - - - -] instance_usage_audit_period = month log_opt_values /usr/lib/python3/dist-packages/oslo_config/cfg.py:2602
2025-05-19 00:45:24.397 149141 DEBUG oslo_service.service [req-1ac3bf65-6b66-48a5-b01f-e8236dd112f1 - - - - -] instance_uuid_format = [instance: %(uuid)s] log_opt_values /usr/lib/python3/dist-packages/oslo_config/cfg.py:2602
2025-05-19 00:45:24.398 149141 DEBUG oslo_service.service [req-1ac3bf65-6b66-48a5-b01f-e8236dd112f1 - - - - -] instances_path = /var/lib/nova/instances log_opt_values /usr/lib/python3/dist-packages/oslo_config/cfg.py:2602
2025-05-19 00:45:24.398 149141 DEBUG oslo_service.service [req-1ac3bf65-6b66-48a5-b01f-e8236dd112f1 - - - - -] internal_service_availability_zone = internal log_opt_values /usr/lib/python3/dist-packages/oslo_config/cfg.py:2602
2025-05-19 00:45:24.398 149141 DEBUG oslo_service.service [req-1ac3bf65-6b66-48a5-b01f-e8236dd112f1 - - - - -] key = None log_opt_values /usr/lib/python3/dist-packages/oslo_config/cfg.py:2602
2025-05-19 00:45:24.398 149141 DEBUG oslo_service.service [req-1ac3bf65-6b66-48a5-b01f-e8236dd112f1 - - - - -] live_migration_retry_count = 30 log_opt_values /usr/lib/python3/dist-packages/oslo_config/cfg.py:2602
2025-05-19 00:45:24.399 149141 DEBUG oslo_service.service [req-1ac3bf65-6b66-48a5-b01f-e8236dd112f1 - - - - -] log_config_append = None log_opt_values /usr/lib/python3/dist-packages/oslo_config/cfg.py:2602
2025-05-19 00:45:24.399 149141 DEBUG oslo_service.service [req-1ac3bf65-6b66-48a5-b01f-e8236dd112f1 - - - - -] log_date_format = %Y-%m-%d %H:%M:%S log_opt_values /usr/lib/python3/dist-packages/oslo_config/cfg.py:2602
2025-05-19 00:45:24.399 149141 DEBUG oslo_service.service [req-1ac3bf65-6b66-48a5-b01f-e8236dd112f1 - - - - -] log_dir = /var/log/nova log_opt_values /usr/lib/python3/dist-packages/oslo_config/cfg.py:2602
2025-05-19 00:45:24.399 149141 DEBUG oslo_service.service [req-1ac3bf65-6b66-48a5-b01f-e8236dd112f1 - - - - -] log_file = /var/log/nova/nova-conductor.log log_opt_values /usr/lib/python3/dist-packages/oslo_config/cfg.py:2602
2025-05-19 00:45:24.399 149141 DEBUG oslo_service.service [req-1ac3bf65-6b66-48a5-b01f-e8236dd112f1 - - - - -] log_options = True log_opt_values /usr/lib/python3/dist-packages/oslo_config/cfg.py:2602
2025-05-19 00:45:24.400 149141 DEBUG oslo_service.service [req-1ac3bf65-6b66-48a5-b01f-e8236dd112f1 - - - - -] log_rotate_interval = 1 log_opt_values /usr/lib/python3/dist-packages/oslo_config/cfg.py:2602
2025-05-19 00:45:24.400 149141 DEBUG oslo_service.service [req-1ac3bf65-6b66-48a5-b01f-e8236dd112f1 - - - - -] log_rotate_interval_type = days log_opt_values /usr/lib/python3/dist-packages/oslo_config/cfg.py:2602
2025-05-19 00:45:24.400 149141 DEBUG oslo_service.service [req-1ac3bf65-6b66-48a5-b01f-e8236dd112f1 - - - - -] log_rotation_type = none log_opt_values /usr/lib/python3/dist-packages/oslo_config/cfg.py:2602
2025-05-19 00:45:24.400 149141 DEBUG oslo_service.service [req-1ac3bf65-6b66-48a5-b01f-e8236dd112f1 - - - - -] logging_context_format_string = %(asctime)s.%(msecs)03d %(process)d %(levelname)s %(name)s [%(request_id)s %(user_identity)s] %(instance)s%(message)s log_opt_values /usr/lib/python3/dist-packages/oslo_config/cfg.py:2602
2025-05-19 00:45:24.400 149167 DEBUG oslo_db.sqlalchemy.engines [req-68954147-98ff-4806-8adc-ace51ce26a27 - - - - -] MySQL server mode set to STRICT_TRANS_TABLES,STRICT_ALL_TABLES,NO_ZERO_IN_DATE,NO_ZERO_DATE,ERROR_FOR_DIVISION_BY_ZERO,TRADITIONAL,NO_ENGINE_SUBSTITUTION _check_effective_sql_mode /usr/lib/python3/dist-packages/oslo_db/sqlalchemy/engines.py:314
2025-05-19 00:45:24.400 149141 DEBUG oslo_service.service [req-1ac3bf65-6b66-48a5-b01f-e8236dd112f1 - - - - -] logging_debug_format_suffix = %(funcName)s %(pathname)s:%(lineno)d log_opt_values /usr/lib/python3/dist-packages/oslo_config/cfg.py:2602
2025-05-19 00:45:24.400 149141 DEBUG oslo_service.service [req-1ac3bf65-6b66-48a5-b01f-e8236dd112f1 - - - - -] logging_default_format_string = %(asctime)s.%(msecs)03d %(process)d %(levelname)s %(name)s [-] %(instance)s%(message)s log_opt_values /usr/lib/python3/dist-packages/oslo_config/cfg.py:2602
2025-05-19 00:45:24.401 149141 DEBUG oslo_service.service [req-1ac3bf65-6b66-48a5-b01f-e8236dd112f1 - - - - -] logging_exception_prefix = %(asctime)s.%(msecs)03d %(process)d ERROR %(name)s %(instance)s log_opt_values /usr/lib/python3/dist-packages/oslo_config/cfg.py:2602
2025-05-19 00:45:24.401 149141 DEBUG oslo_service.service [req-1ac3bf65-6b66-48a5-b01f-e8236dd112f1 - - - - -] logging_user_identity_format = %(user)s %(project)s %(domain)s %(user_domain)s %(project_domain)s log_opt_values /usr/lib/python3/dist-packages/oslo_config/cfg.py:2602
2025-05-19 00:45:24.401 149141 DEBUG oslo_service.service [req-1ac3bf65-6b66-48a5-b01f-e8236dd112f1 - - - - -] long_rpc_timeout = 1800 log_opt_values /usr/lib/python3/dist-packages/oslo_config/cfg.py:2602
2025-05-19 00:45:24.401 149166 DEBUG oslo_db.sqlalchemy.engines [req-d725e24c-6ac6-4763-b03b-901a1ad937b7 - - - - -] MySQL server mode set to STRICT_TRANS_TABLES,STRICT_ALL_TABLES,NO_ZERO_IN_DATE,NO_ZERO_DATE,ERROR_FOR_DIVISION_BY_ZERO,TRADITIONAL,NO_ENGINE_SUBSTITUTION _check_effective_sql_mode /usr/lib/python3/dist-packages/oslo_db/sqlalchemy/engines.py:314
2025-05-19 00:45:24.401 149141 DEBUG oslo_service.service [req-1ac3bf65-6b66-48a5-b01f-e8236dd112f1 - - - - -] max_concurrent_builds = 10 log_opt_values /usr/lib/python3/dist-packages/oslo_config/cfg.py:2602
2025-05-19 00:45:24.401 149141 DEBUG oslo_service.service [req-1ac3bf65-6b66-48a5-b01f-e8236dd112f1 - - - - -] max_concurrent_live_migrations = 1 log_opt_values /usr/lib/python3/dist-packages/oslo_config/cfg.py:2602
2025-05-19 00:45:24.401 149141 DEBUG oslo_service.service [req-1ac3bf65-6b66-48a5-b01f-e8236dd112f1 - - - - -] max_concurrent_snapshots = 5 log_opt_values /usr/lib/python3/dist-packages/oslo_config/cfg.py:2602
2025-05-19 00:45:24.402 149141 DEBUG oslo_service.service [req-1ac3bf65-6b66-48a5-b01f-e8236dd112f1 - - - - -] max_local_block_devices = 3 log_opt_values /usr/lib/python3/dist-packages/oslo_config/cfg.py:2602
2025-05-19 00:45:24.402 149141 DEBUG oslo_service.service [req-1ac3bf65-6b66-48a5-b01f-e8236dd112f1 - - - - -] max_logfile_count = 30 log_opt_values /usr/lib/python3/dist-packages/oslo_config/cfg.py:2602
2025-05-19 00:45:24.402 149141 DEBUG oslo_service.service [req-1ac3bf65-6b66-48a5-b01f-e8236dd112f1 - - - - -] max_logfile_size_mb = 200 log_opt_values /usr/lib/python3/dist-packages/oslo_config/cfg.py:2602
2025-05-19 00:45:24.402 149169 DEBUG oslo_db.sqlalchemy.engines [req-c56a8307-92c3-4ea8-a93d-5075fe64e9a1 - - - - -] MySQL server mode set to STRICT_TRANS_TABLES,STRICT_ALL_TABLES,NO_ZERO_IN_DATE,NO_ZERO_DATE,ERROR_FOR_DIVISION_BY_ZERO,TRADITIONAL,NO_ENGINE_SUBSTITUTION _check_effective_sql_mode /usr/lib/python3/dist-packages/oslo_db/sqlalchemy/engines.py:314
2025-05-19 00:45:24.402 149141 DEBUG oslo_service.service [req-1ac3bf65-6b66-48a5-b01f-e8236dd112f1 - - - - -] maximum_instance_delete_attempts = 5 log_opt_values /usr/lib/python3/dist-packages/oslo_config/cfg.py:2602
2025-05-19 00:45:24.402 149141 DEBUG oslo_service.service [req-1ac3bf65-6b66-48a5-b01f-e8236dd112f1 - - - - -] metadata_listen = 0.0.0.0 log_opt_values /usr/lib/python3/dist-packages/oslo_config/cfg.py:2602
2025-05-19 00:45:24.403 149141 DEBUG oslo_service.service [req-1ac3bf65-6b66-48a5-b01f-e8236dd112f1 - - - - -] metadata_listen_port = 8765 log_opt_values /usr/lib/python3/dist-packages/oslo_config/cfg.py:2602
2025-05-19 00:45:24.403 149141 DEBUG oslo_service.service [req-1ac3bf65-6b66-48a5-b01f-e8236dd112f1 - - - - -] metadata_workers = None log_opt_values /usr/lib/python3/dist-packages/oslo_config/cfg.py:2602
2025-05-19 00:45:24.403 149141 DEBUG oslo_service.service [req-1ac3bf65-6b66-48a5-b01f-e8236dd112f1 - - - - -] migrate_max_retries = -1 log_opt_values /usr/lib/python3/dist-packages/oslo_config/cfg.py:2602
2025-05-19 00:45:24.403 149141 DEBUG oslo_service.service [req-1ac3bf65-6b66-48a5-b01f-e8236dd112f1 - - - - -] mkisofs_cmd = genisoimage log_opt_values /usr/lib/python3/dist-packages/oslo_config/cfg.py:2602
2025-05-19 00:45:24.404 149141 DEBUG oslo_service.service [req-1ac3bf65-6b66-48a5-b01f-e8236dd112f1 - - - - -] my_block_storage_ip = 252.56.183.208 log_opt_values /usr/lib/python3/dist-packages/oslo_config/cfg.py:2602
2025-05-19 00:45:24.404 149141 DEBUG oslo_service.service [req-1ac3bf65-6b66-48a5-b01f-e8236dd112f1 - - - - -] my_ip = 252.56.183.208 log_opt_values /usr/lib/python3/dist-packages/oslo_config/cfg.py:2602
2025-05-19 00:45:24.404 149141 DEBUG oslo_service.service [req-1ac3bf65-6b66-48a5-b01f-e8236dd112f1 - - - - -] network_allocate_retries = 0 log_opt_values /usr/lib/python3/dist-packages/oslo_config/cfg.py:2602
2025-05-19 00:45:24.404 149141 DEBUG oslo_service.service [req-1ac3bf65-6b66-48a5-b01f-e8236dd112f1 - - - - -] non_inheritable_image_properties = ['cache_in_nova', 'bittorrent'] log_opt_values /usr/lib/python3/dist-packages/oslo_config/cfg.py:2602
2025-05-19 00:45:24.405 149141 DEBUG oslo_service.service [req-1ac3bf65-6b66-48a5-b01f-e8236dd112f1 - - - - -] osapi_compute_listen = 0.0.0.0 log_opt_values /usr/lib/python3/dist-packages/oslo_config/cfg.py:2602
2025-05-19 00:45:24.405 149141 DEBUG oslo_service.service [req-1ac3bf65-6b66-48a5-b01f-e8236dd112f1 - - - - -] osapi_compute_listen_port = 8764 log_opt_values /usr/lib/python3/dist-packages/oslo_config/cfg.py:2602
2025-05-19 00:45:24.406 149141 DEBUG oslo_service.service [req-1ac3bf65-6b66-48a5-b01f-e8236dd112f1 - - - - -] osapi_compute_unique_server_name_scope = log_opt_values /usr/lib/python3/dist-packages/oslo_config/cfg.py:2602
2025-05-19 00:45:24.406 149141 DEBUG oslo_service.service [req-1ac3bf65-6b66-48a5-b01f-e8236dd112f1 - - - - -] osapi_compute_workers = 4 log_opt_values /usr/lib/python3/dist-packages/oslo_config/cfg.py:2602
2025-05-19 00:45:24.406 149141 DEBUG oslo_service.service [req-1ac3bf65-6b66-48a5-b01f-e8236dd112f1 - - - - -] password_length = 12 log_opt_values /usr/lib/python3/dist-packages/oslo_config/cfg.py:2602
2025-05-19 00:45:24.406 149141 DEBUG oslo_service.service [req-1ac3bf65-6b66-48a5-b01f-e8236dd112f1 - - - - -] periodic_enable = True log_opt_values /usr/lib/python3/dist-packages/oslo_config/cfg.py:2602
2025-05-19 00:45:24.406 149141 DEBUG oslo_service.service [req-1ac3bf65-6b66-48a5-b01f-e8236dd112f1 - - - - -] periodic_fuzzy_delay = 60 log_opt_values /usr/lib/python3/dist-packages/oslo_config/cfg.py:2602
2025-05-19 00:45:24.406 149141 DEBUG oslo_service.service [req-1ac3bf65-6b66-48a5-b01f-e8236dd112f1 - - - - -] pointer_model = usbtablet log_opt_values /usr/lib/python3/dist-packages/oslo_config/cfg.py:2602
2025-05-19 00:45:24.407 149141 DEBUG oslo_service.service [req-1ac3bf65-6b66-48a5-b01f-e8236dd112f1 - - - - -] preallocate_images = none log_opt_values /usr/lib/python3/dist-packages/oslo_config/cfg.py:2602
