2025-05-19 01:44:33.336 61647 DEBUG oslo_service.service [-] constraint_validation_cache.caching = True log_opt_values /usr/lib/python3/dist-packages/oslo_config/cfg.py:2609
2025-05-19 01:44:33.336 61647 DEBUG oslo_service.service [-] constraint_validation_cache.expiration_time = 60 log_opt_values /usr/lib/python3/dist-packages/oslo_config/cfg.py:2609
2025-05-19 01:44:33.337 61647 DEBUG oslo_service.service [-] service_extension_cache.caching = True log_opt_values /usr/lib/python3/dist-packages/oslo_config/cfg.py:2609
2025-05-19 01:44:33.337 61647 DEBUG oslo_service.service [-] service_extension_cache.expiration_time = 3600 log_opt_values /usr/lib/python3/dist-packages/oslo_config/cfg.py:2609
2025-05-19 01:44:33.337 61647 DEBUG oslo_service.service [-] resource_finder_cache.caching = True log_opt_values /usr/lib/python3/dist-packages/oslo_config/cfg.py:2609
2025-05-19 01:44:33.337 61647 DEBUG oslo_service.service [-] resource_finder_cache.expiration_time = 3600 log_opt_values /usr/lib/python3/dist-packages/oslo_config/cfg.py:2609
2025-05-19 01:44:33.337 61647 DEBUG oslo_service.service [-] yaql.limit_iterators = 200 log_opt_values /usr/lib/python3/dist-packages/oslo_config/cfg.py:2609
2025-05-19 01:44:33.337 61647 DEBUG oslo_service.service [-] yaql.memory_quota = 10000 log_opt_values /usr/lib/python3/dist-packages/oslo_config/cfg.py:2609
2025-05-19 01:44:33.337 61647 DEBUG oslo_service.service [-] ******************************************************************************** log_opt_values /usr/lib/python3/dist-packages/oslo_config/cfg.py:2613
2025-05-19 01:44:33.368 61870 DEBUG oslo_db.sqlalchemy.engines [req-ba8095a3-2022-4d6d-890d-5c48d51c5243 - - - - -] MySQL server mode set to STRICT_TRANS_TABLES,STRICT_ALL_TABLES,NO_ZERO_IN_DATE,NO_ZERO_DATE,ERROR_FOR_DIVISION_BY_ZERO,TRADITIONAL,NO_ENGINE_SUBSTITUTION _check_effective_sql_mode /usr/lib/python3/dist-packages/oslo_db/sqlalchemy/engines.py:314
2025-05-19 01:44:33.385 61872 DEBUG oslo_db.sqlalchemy.engines [req-8068519d-4d48-4c7b-a8c1-40ed22c5aa8a - - - - -] MySQL server mode set to STRICT_TRANS_TABLES,STRICT_ALL_TABLES,NO_ZERO_IN_DATE,NO_ZERO_DATE,ERROR_FOR_DIVISION_BY_ZERO,TRADITIONAL,NO_ENGINE_SUBSTITUTION _check_effective_sql_mode /usr/lib/python3/dist-packages/oslo_db/sqlalchemy/engines.py:314
2025-05-19 01:44:33.389 61871 DEBUG oslo_db.sqlalchemy.engines [req-c0d3e151-5d80-415d-b5cb-6d5b78612296 - - - - -] MySQL server mode set to STRICT_TRANS_TABLES,STRICT_ALL_TABLES,NO_ZERO_IN_DATE,NO_ZERO_DATE,ERROR_FOR_DIVISION_BY_ZERO,TRADITIONAL,NO_ENGINE_SUBSTITUTION _check_effective_sql_mode /usr/lib/python3/dist-packages/oslo_db/sqlalchemy/engines.py:314
2025-05-19 01:44:33.405 61873 DEBUG oslo_db.sqlalchemy.engines [req-90fad58a-063e-4236-b182-f6aa128a53db - - - - -] MySQL server mode set to STRICT_TRANS_TABLES,STRICT_ALL_TABLES,NO_ZERO_IN_DATE,NO_ZERO_DATE,ERROR_FOR_DIVISION_BY_ZERO,TRADITIONAL,NO_ENGINE_SUBSTITUTION _check_effective_sql_mode /usr/lib/python3/dist-packages/oslo_db/sqlalchemy/engines.py:314
2025-05-19 01:44:33.412 61870 DEBUG heat.engine.service [req-ba8095a3-2022-4d6d-890d-5c48d51c5243 - - - - -] Service 18ff9a6d-ecd6-4e99-9e6f-6f262135f803 was aborted service_manage_cleanup /usr/lib/python3/dist-packages/heat/engine/service.py:2391
2025-05-19 01:44:33.428 61870 DEBUG heat.engine.service [req-ba8095a3-2022-4d6d-890d-5c48d51c5243 - - - - -] Service 1924e8ba-6d97-4975-9219-8464c95a8678 was aborted service_manage_cleanup /usr/lib/python3/dist-packages/heat/engine/service.py:2391
2025-05-19 01:44:33.430 61872 DEBUG heat.engine.service [req-8068519d-4d48-4c7b-a8c1-40ed22c5aa8a - - - - -] Service 18ff9a6d-ecd6-4e99-9e6f-6f262135f803 was aborted service_manage_cleanup /usr/lib/python3/dist-packages/heat/engine/service.py:2391
2025-05-19 01:44:33.437 61871 DEBUG heat.engine.service [req-c0d3e151-5d80-415d-b5cb-6d5b78612296 - - - - -] Service 1924e8ba-6d97-4975-9219-8464c95a8678 was aborted service_manage_cleanup /usr/lib/python3/dist-packages/heat/engine/service.py:2391
2025-05-19 01:44:33.440 61872 DEBUG heat.engine.service [req-8068519d-4d48-4c7b-a8c1-40ed22c5aa8a - - - - -] Service 1924e8ba-6d97-4975-9219-8464c95a8678 was aborted service_manage_cleanup /usr/lib/python3/dist-packages/heat/engine/service.py:2391
2025-05-19 01:44:33.441 61870 DEBUG heat.engine.service [req-ba8095a3-2022-4d6d-890d-5c48d51c5243 - - - - -] Service 26ce438e-5809-4e00-bd7b-b0e44936dc08 was aborted service_manage_cleanup /usr/lib/python3/dist-packages/heat/engine/service.py:2391
2025-05-19 01:44:33.444 61872 DEBUG heat.engine.service [req-8068519d-4d48-4c7b-a8c1-40ed22c5aa8a - - - - -] Service 26ce438e-5809-4e00-bd7b-b0e44936dc08 was aborted service_manage_cleanup /usr/lib/python3/dist-packages/heat/engine/service.py:2391
2025-05-19 01:44:33.445 61871 DEBUG heat.engine.service [req-c0d3e151-5d80-415d-b5cb-6d5b78612296 - - - - -] Service 26ce438e-5809-4e00-bd7b-b0e44936dc08 was aborted service_manage_cleanup /usr/lib/python3/dist-packages/heat/engine/service.py:2391
2025-05-19 01:44:33.454 61870 DEBUG heat.engine.service [req-ba8095a3-2022-4d6d-890d-5c48d51c5243 - - - - -] Service 3662235a-33b6-4162-ad32-a4156d5663cd was aborted service_manage_cleanup /usr/lib/python3/dist-packages/heat/engine/service.py:2391
2025-05-19 01:44:33.454 61872 DEBUG heat.engine.service [req-8068519d-4d48-4c7b-a8c1-40ed22c5aa8a - - - - -] Service 3662235a-33b6-4162-ad32-a4156d5663cd was aborted service_manage_cleanup /usr/lib/python3/dist-packages/heat/engine/service.py:2391
2025-05-19 01:44:33.455 61873 DEBUG heat.engine.service [req-90fad58a-063e-4236-b182-f6aa128a53db - - - - -] Service 26ce438e-5809-4e00-bd7b-b0e44936dc08 was aborted service_manage_cleanup /usr/lib/python3/dist-packages/heat/engine/service.py:2391
2025-05-19 01:44:33.461 61871 DEBUG heat.engine.service [req-c0d3e151-5d80-415d-b5cb-6d5b78612296 - - - - -] Service 3662235a-33b6-4162-ad32-a4156d5663cd was aborted service_manage_cleanup /usr/lib/python3/dist-packages/heat/engine/service.py:2391
2025-05-19 01:44:33.467 61873 DEBUG heat.engine.service [req-90fad58a-063e-4236-b182-f6aa128a53db - - - - -] Service 3662235a-33b6-4162-ad32-a4156d5663cd was aborted service_manage_cleanup /usr/lib/python3/dist-packages/heat/engine/service.py:2391
2025-05-19 01:44:33.467 61872 DEBUG heat.engine.service [req-8068519d-4d48-4c7b-a8c1-40ed22c5aa8a - - - - -] Service 3bc8b069-7e2c-4b63-9214-c936a6fe9ac5 was aborted service_manage_cleanup /usr/lib/python3/dist-packages/heat/engine/service.py:2391
2025-05-19 01:44:33.468 61870 DEBUG heat.engine.service [req-ba8095a3-2022-4d6d-890d-5c48d51c5243 - - - - -] Service 3bc8b069-7e2c-4b63-9214-c936a6fe9ac5 was aborted service_manage_cleanup /usr/lib/python3/dist-packages/heat/engine/service.py:2391
2025-05-19 01:44:33.468 61871 DEBUG heat.engine.service [req-c0d3e151-5d80-415d-b5cb-6d5b78612296 - - - - -] Service 3bc8b069-7e2c-4b63-9214-c936a6fe9ac5 was aborted service_manage_cleanup /usr/lib/python3/dist-packages/heat/engine/service.py:2391
2025-05-19 01:44:33.473 61873 DEBUG heat.engine.service [req-90fad58a-063e-4236-b182-f6aa128a53db - - - - -] Service 3bc8b069-7e2c-4b63-9214-c936a6fe9ac5 was aborted service_manage_cleanup /usr/lib/python3/dist-packages/heat/engine/service.py:2391
2025-05-19 01:44:33.479 61872 DEBUG heat.engine.service [req-8068519d-4d48-4c7b-a8c1-40ed22c5aa8a - - - - -] Service 5bfee970-49f9-4f3c-a771-b1bf38880ec0 was aborted service_manage_cleanup /usr/lib/python3/dist-packages/heat/engine/service.py:2391
2025-05-19 01:44:33.480 61870 DEBUG heat.engine.service [req-ba8095a3-2022-4d6d-890d-5c48d51c5243 - - - - -] Service 5bfee970-49f9-4f3c-a771-b1bf38880ec0 was aborted service_manage_cleanup /usr/lib/python3/dist-packages/heat/engine/service.py:2391
2025-05-19 01:44:33.481 61871 DEBUG heat.engine.service [req-c0d3e151-5d80-415d-b5cb-6d5b78612296 - - - - -] Service 5bfee970-49f9-4f3c-a771-b1bf38880ec0 was aborted service_manage_cleanup /usr/lib/python3/dist-packages/heat/engine/service.py:2391
2025-05-19 01:44:33.482 61873 DEBUG heat.engine.service [req-90fad58a-063e-4236-b182-f6aa128a53db - - - - -] Service 5bfee970-49f9-4f3c-a771-b1bf38880ec0 was aborted service_manage_cleanup /usr/lib/python3/dist-packages/heat/engine/service.py:2391
2025-05-19 01:44:33.491 61872 DEBUG heat.engine.service [req-8068519d-4d48-4c7b-a8c1-40ed22c5aa8a - - - - -] Service 6534fbdc-e0d9-49ec-aa3a-0a7555b5065a was aborted service_manage_cleanup /usr/lib/python3/dist-packages/heat/engine/service.py:2391
2025-05-19 01:44:33.491 61870 DEBUG heat.engine.service [req-ba8095a3-2022-4d6d-890d-5c48d51c5243 - - - - -] Service 6534fbdc-e0d9-49ec-aa3a-0a7555b5065a was aborted service_manage_cleanup /usr/lib/python3/dist-packages/heat/engine/service.py:2391
2025-05-19 01:44:33.493 61871 DEBUG heat.engine.service [req-c0d3e151-5d80-415d-b5cb-6d5b78612296 - - - - -] Service 6534fbdc-e0d9-49ec-aa3a-0a7555b5065a was aborted service_manage_cleanup /usr/lib/python3/dist-packages/heat/engine/service.py:2391
2025-05-19 01:44:33.493 61873 DEBUG heat.engine.service [req-90fad58a-063e-4236-b182-f6aa128a53db - - - - -] Service 6534fbdc-e0d9-49ec-aa3a-0a7555b5065a was aborted service_manage_cleanup /usr/lib/python3/dist-packages/heat/engine/service.py:2391
2025-05-19 01:44:33.502 61870 DEBUG heat.engine.service [req-ba8095a3-2022-4d6d-890d-5c48d51c5243 - - - - -] Service caccca32-8cab-4ae1-a774-569144dda44b was aborted service_manage_cleanup /usr/lib/python3/dist-packages/heat/engine/service.py:2391
2025-05-19 01:44:33.503 61872 DEBUG heat.engine.service [req-8068519d-4d48-4c7b-a8c1-40ed22c5aa8a - - - - -] Service caccca32-8cab-4ae1-a774-569144dda44b was aborted service_manage_cleanup /usr/lib/python3/dist-packages/heat/engine/service.py:2391
2025-05-19 01:44:33.504 61873 DEBUG heat.engine.service [req-90fad58a-063e-4236-b182-f6aa128a53db - - - - -] Service caccca32-8cab-4ae1-a774-569144dda44b was aborted service_manage_cleanup /usr/lib/python3/dist-packages/heat/engine/service.py:2391
2025-05-19 01:44:33.504 61871 DEBUG heat.engine.service [req-c0d3e151-5d80-415d-b5cb-6d5b78612296 - - - - -] Service caccca32-8cab-4ae1-a774-569144dda44b was aborted service_manage_cleanup /usr/lib/python3/dist-packages/heat/engine/service.py:2391
2025-05-19 01:44:33.514 61870 DEBUG heat.engine.service [req-ba8095a3-2022-4d6d-890d-5c48d51c5243 - - - - -] Service ce7d5e94-d4ed-4a31-9878-c500fccde748 was aborted service_manage_cleanup /usr/lib/python3/dist-packages/heat/engine/service.py:2391
2025-05-19 01:44:33.515 61872 DEBUG heat.engine.service [req-8068519d-4d48-4c7b-a8c1-40ed22c5aa8a - - - - -] Service ce7d5e94-d4ed-4a31-9878-c500fccde748 was aborted service_manage_cleanup /usr/lib/python3/dist-packages/heat/engine/service.py:2391
2025-05-19 01:44:33.515 61871 DEBUG heat.engine.service [req-c0d3e151-5d80-415d-b5cb-6d5b78612296 - - - - -] Service ce7d5e94-d4ed-4a31-9878-c500fccde748 was aborted service_manage_cleanup /usr/lib/python3/dist-packages/heat/engine/service.py:2391
2025-05-19 01:44:33.516 61873 DEBUG heat.engine.service [req-90fad58a-063e-4236-b182-f6aa128a53db - - - - -] Service ce7d5e94-d4ed-4a31-9878-c500fccde748 was aborted service_manage_cleanup /usr/lib/python3/dist-packages/heat/engine/service.py:2391
2025-05-19 01:44:33.526 61870 DEBUG heat.engine.service [req-ba8095a3-2022-4d6d-890d-5c48d51c5243 - - - - -] Service d4daef17-1385-44b4-86ae-c9db7682f64e was aborted service_manage_cleanup /usr/lib/python3/dist-packages/heat/engine/service.py:2391
2025-05-19 01:44:33.528 61871 DEBUG heat.engine.service [req-c0d3e151-5d80-415d-b5cb-6d5b78612296 - - - - -] Service d4daef17-1385-44b4-86ae-c9db7682f64e was aborted service_manage_cleanup /usr/lib/python3/dist-packages/heat/engine/service.py:2391
2025-05-19 01:44:33.528 61872 DEBUG heat.engine.service [req-8068519d-4d48-4c7b-a8c1-40ed22c5aa8a - - - - -] Service d4daef17-1385-44b4-86ae-c9db7682f64e was aborted service_manage_cleanup /usr/lib/python3/dist-packages/heat/engine/service.py:2391
2025-05-19 01:44:33.529 61873 DEBUG heat.engine.service [req-90fad58a-063e-4236-b182-f6aa128a53db - - - - -] Service d4daef17-1385-44b4-86ae-c9db7682f64e was aborted service_manage_cleanup /usr/lib/python3/dist-packages/heat/engine/service.py:2391
2025-05-19 01:44:33.537 61870 DEBUG heat.engine.service [req-ba8095a3-2022-4d6d-890d-5c48d51c5243 - - - - -] Service da63c313-c0b1-4ca5-888c-f3a219f986ca was aborted service_manage_cleanup /usr/lib/python3/dist-packages/heat/engine/service.py:2391
2025-05-19 01:44:33.539 61872 DEBUG heat.engine.service [req-8068519d-4d48-4c7b-a8c1-40ed22c5aa8a - - - - -] Service da63c313-c0b1-4ca5-888c-f3a219f986ca was aborted service_manage_cleanup /usr/lib/python3/dist-packages/heat/engine/service.py:2391
2025-05-19 01:44:33.540 61873 DEBUG heat.engine.service [req-90fad58a-063e-4236-b182-f6aa128a53db - - - - -] Service da63c313-c0b1-4ca5-888c-f3a219f986ca was aborted service_manage_cleanup /usr/lib/python3/dist-packages/heat/engine/service.py:2391
2025-05-19 01:44:33.539 61871 DEBUG heat.engine.service [req-c0d3e151-5d80-415d-b5cb-6d5b78612296 - - - - -] Service da63c313-c0b1-4ca5-888c-f3a219f986ca was aborted service_manage_cleanup /usr/lib/python3/dist-packages/heat/engine/service.py:2391
2025-05-19 01:44:33.549 61870 DEBUG heat.engine.service [req-ba8095a3-2022-4d6d-890d-5c48d51c5243 - - - - -] Service ecaea098-6197-456a-b991-546049c82b97 was aborted service_manage_cleanup /usr/lib/python3/dist-packages/heat/engine/service.py:2391
2025-05-19 01:44:33.550 61873 DEBUG heat.engine.service [req-90fad58a-063e-4236-b182-f6aa128a53db - - - - -] Service ecaea098-6197-456a-b991-546049c82b97 was aborted service_manage_cleanup /usr/lib/python3/dist-packages/heat/engine/service.py:2391
2025-05-19 01:44:33.552 61872 DEBUG heat.engine.service [req-8068519d-4d48-4c7b-a8c1-40ed22c5aa8a - - - - -] Service ecaea098-6197-456a-b991-546049c82b97 was aborted service_manage_cleanup /usr/lib/python3/dist-packages/heat/engine/service.py:2391
2025-05-19 01:44:33.552 61871 DEBUG heat.engine.service [req-c0d3e151-5d80-415d-b5cb-6d5b78612296 - - - - -] Service ecaea098-6197-456a-b991-546049c82b97 was aborted service_manage_cleanup /usr/lib/python3/dist-packages/heat/engine/service.py:2391
2025-05-19 01:44:33.576 61871 DEBUG heat.engine.service [req-77ff5bc8-e999-49a0-bccb-c5ff2f618dfb - - - - -] Service a92afd10-37b6-46bd-ab68-a43acc282401 is started service_manage_report /usr/lib/python3/dist-packages/heat/engine/service.py:2363
2025-05-19 01:44:33.581 61873 DEBUG heat.engine.service [req-f036e403-3617-45f2-96c2-0af55d9e1548 - - - - -] Service c793db2a-071a-44d8-818b-59125ac9fec5 is started service_manage_report /usr/lib/python3/dist-packages/heat/engine/service.py:2363
2025-05-19 01:44:33.584 61872 DEBUG heat.engine.service [req-bbb60467-af95-418f-856d-583cc8c977b4 - - - - -] Service be0850e4-8f84-4fe4-ba18-f00ffb5fb4c0 is started service_manage_report /usr/lib/python3/dist-packages/heat/engine/service.py:2363
2025-05-19 01:44:33.586 61870 DEBUG heat.engine.service [req-ea8e9522-34f3-4498-81ba-461e83feea52 - - - - -] Service cf8ff9ad-1173-46b4-a3f9-4c088961dc2f is started service_manage_report /usr/lib/python3/dist-packages/heat/engine/service.py:2363
2025-05-19 01:44:33.595 61873 DEBUG heat.engine.service [req-f036e403-3617-45f2-96c2-0af55d9e1548 - - - - -] Service c793db2a-071a-44d8-818b-59125ac9fec5 is updated service_manage_report /usr/lib/python3/dist-packages/heat/engine/service.py:2370
2025-05-19 01:44:33.598 61872 DEBUG heat.engine.service [req-bbb60467-af95-418f-856d-583cc8c977b4 - - - - -] Service be0850e4-8f84-4fe4-ba18-f00ffb5fb4c0 is updated service_manage_report /usr/lib/python3/dist-packages/heat/engine/service.py:2370
2025-05-19 01:44:33.602 61870 DEBUG heat.engine.service [req-ea8e9522-34f3-4498-81ba-461e83feea52 - - - - -] Service cf8ff9ad-1173-46b4-a3f9-4c088961dc2f is updated service_manage_report /usr/lib/python3/dist-packages/heat/engine/service.py:2370
2025-05-19 01:44:33.604 61871 DEBUG heat.engine.service [req-77ff5bc8-e999-49a0-bccb-c5ff2f618dfb - - - - -] Service a92afd10-37b6-46bd-ab68-a43acc282401 is updated service_manage_report /usr/lib/python3/dist-packages/heat/engine/service.py:2370
2025-05-19 01:45:33.576 61872 DEBUG heat.engine.service [req-afad2fbc-11a5-421e-89bf-f4b5423606ae - - - - -] Service be0850e4-8f84-4fe4-ba18-f00ffb5fb4c0 is updated service_manage_report /usr/lib/python3/dist-packages/heat/engine/service.py:2370
2025-05-19 01:45:33.585 61870 DEBUG heat.engine.service [req-2c0f0edf-9aaf-4f1c-a5f5-dc54079e6f8a - - - - -] Service cf8ff9ad-1173-46b4-a3f9-4c088961dc2f is updated service_manage_report /usr/lib/python3/dist-packages/heat/engine/service.py:2370
2025-05-19 01:45:33.589 61871 DEBUG heat.engine.service [req-b6460934-b49f-4969-90b7-0d3e485e4d8f - - - - -] Service a92afd10-37b6-46bd-ab68-a43acc282401 is updated service_manage_report /usr/lib/python3/dist-packages/heat/engine/service.py:2370
2025-05-19 01:45:33.589 61873 DEBUG heat.engine.service [req-56dea5dd-5cac-4db8-adee-06b559a2a7d8 - - - - -] Service c793db2a-071a-44d8-818b-59125ac9fec5 is updated service_manage_report /usr/lib/python3/dist-packages/heat/engine/service.py:2370
2025-05-19 01:46:02.083 61870 DEBUG heat.engine.service [-] Attempting to stop engine service... _stop_rpc_server /usr/lib/python3/dist-packages/heat/engine/service.py:437
2025-05-19 01:46:02.083 61872 DEBUG heat.engine.service [-] Attempting to stop engine service... _stop_rpc_server /usr/lib/python3/dist-packages/heat/engine/service.py:437
2025-05-19 01:46:02.084 61873 DEBUG heat.engine.service [-] Attempting to stop engine service... _stop_rpc_server /usr/lib/python3/dist-packages/heat/engine/service.py:437
2025-05-19 01:46:02.084 61871 DEBUG heat.engine.service [-] Attempting to stop engine service... _stop_rpc_server /usr/lib/python3/dist-packages/heat/engine/service.py:437
2025-05-19 01:46:02.087 61647 INFO oslo_service.service [-] Caught SIGTERM, stopping children
2025-05-19 01:46:02.087 61647 DEBUG oslo_concurrency.lockutils [-] Acquired lock "singleton_lock" lock /usr/lib/python3/dist-packages/oslo_concurrency/lockutils.py:294
2025-05-19 01:46:02.088 61647 DEBUG oslo_concurrency.lockutils [-] Releasing lock "singleton_lock" lock /usr/lib/python3/dist-packages/oslo_concurrency/lockutils.py:312
2025-05-19 01:46:02.088 61647 DEBUG oslo_service.service [-] Stop services. stop /usr/lib/python3/dist-packages/oslo_service/service.py:695
2025-05-19 01:46:02.088 61647 INFO heat.engine.service [-] All threads were gone, terminating engine
2025-05-19 01:46:02.088 61647 DEBUG oslo_service.service [-] Killing children. stop /usr/lib/python3/dist-packages/oslo_service/service.py:700
2025-05-19 01:46:02.112 61647 INFO oslo_service.service [-] Waiting on 4 children to exit
2025-05-19 01:46:02.113 61647 INFO oslo_service.service [-] Child 61870 killed by signal 15
2025-05-19 01:46:02.114 61647 INFO oslo_service.service [-] Child 61871 killed by signal 15
2025-05-19 01:46:02.114 61647 INFO oslo_service.service [-] Child 61872 killed by signal 15
2025-05-19 01:46:02.114 61647 INFO oslo_service.service [-] Child 61873 killed by signal 15
2025-05-19 01:46:04.040 64526 DEBUG oslo_concurrency.lockutils [-] Lock "context-manager" acquired by "neutron_lib.db.api._create_context_manager" :: waited 0.000s inner /usr/lib/python3/dist-packages/oslo_concurrency/lockutils.py:386
2025-05-19 01:46:04.040 64526 DEBUG oslo_concurrency.lockutils [-] Lock "context-manager" "released" by "neutron_lib.db.api._create_context_manager" :: held 0.001s inner /usr/lib/python3/dist-packages/oslo_concurrency/lockutils.py:400
2025-05-19 01:46:06.465 64526 WARNING heat.engine.environment [-] OS::Aodh::Alarm is DEPRECATED. Theshold alarm relies on ceilometer-api and has been deprecated in aodh since Ocata. Use OS::Aodh::GnocchiAggregationByResourcesAlarm instead.
2025-05-19 01:46:06.466 64526 WARNING heat.engine.environment [-] OS::Aodh::CombinationAlarm is HIDDEN. OS::Aodh::CombinationAlarm is deprecated and has been removed from Aodh, use OS::Aodh::CompositeAlarm instead.
2025-05-19 01:46:06.466 64526 WARNING heat.engine.environment [-] OS::Designate::Domain is HIDDEN. This resource has been removed, use OS::Designate::Zone instead.
2025-05-19 01:46:06.466 64526 WARNING heat.engine.environment [-] OS::Designate::Record is HIDDEN. This resource has been removed, use OS::Designate::RecordSet instead.
2025-05-19 01:46:06.466 64526 WARNING heat.engine.environment [-] OS::Glance::Image is DEPRECATED. Creating a Glance Image based on an existing URL location requires the Glance v1 API, which is deprecated.
2025-05-19 01:46:06.467 64526 WARNING heat.engine.environment [-] OS::Heat::HARestarter is HIDDEN. The HARestarter resource type has been removed. Existing stacks containing HARestarter resources can still be used, but the HARestarter resource will be a placeholder that does nothing.
2025-05-19 01:46:06.467 64526 WARNING heat.engine.environment [-] OS::Heat::SoftwareDeployments is HIDDEN. Please use OS::Heat::SoftwareDeploymentGroup instead.
2025-05-19 01:46:06.467 64526 WARNING heat.engine.environment [-] OS::Heat::StructuredDeployments is HIDDEN. Please use OS::Heat::StructuredDeploymentGroup instead.
2025-05-19 01:46:06.467 64526 WARNING heat.engine.environment [-] OS::Magnum::Bay is HIDDEN. Please use OS::Magnum::Cluster instead.
2025-05-19 01:46:06.468 64526 WARNING heat.engine.environment [-] OS::Magnum::BayModel is HIDDEN. Please use OS::Magnum::ClusterTemplate instead.
2025-05-19 01:46:06.468 64526 WARNING heat.engine.environment [-] OS::Neutron::ExtraRoute is UNSUPPORTED. Use this resource at your own risk.
2025-05-19 01:46:06.468 64526 WARNING heat.engine.environment [-] OS::Neutron::HealthMonitor is HIDDEN. Use LBaaS V2 instead.
2025-05-19 01:46:06.468 64526 WARNING heat.engine.environment [-] OS::Neutron::Pool is HIDDEN. Use LBaaS V2 instead.
2025-05-19 01:46:06.468 64526 WARNING heat.engine.environment [-] OS::Neutron::PoolMember is HIDDEN. Use LBaaS V2 instead.
2025-05-19 01:46:06.468 64526 WARNING heat.engine.environment [-] OS::Neutron::LoadBalancer is HIDDEN. Use LBaaS V2 instead.
2025-05-19 01:46:06.469 64526 WARNING heat.engine.environment [-] OS::Neutron::RouterGateway is HIDDEN. Use the `external_gateway_info` property in the router resource to set up the gateway.
2025-05-19 01:46:06.471 64526 WARNING heat.engine.environment [-] OS::Nova::FloatingIP is HIDDEN. Please use OS::Neutron::FloatingIP instead.
2025-05-19 01:46:06.471 64526 WARNING heat.engine.environment [-] OS::Nova::FloatingIPAssociation is HIDDEN. Please use OS::Neutron::FloatingIPAssociation instead.
2025-05-19 01:46:06.474 64526 INFO heat.engine.environment [-] Loading /etc/heat/environment.d/default.yaml
2025-05-19 01:46:06.475 64526 INFO heat.engine.environment [-] Registered: [Plugin](User:False) AWS::AutoScaling::AutoScalingGroup ->
2025-05-19 01:46:06.475 64526 INFO heat.engine.environment [-] Registered: [Plugin](User:False) AWS::AutoScaling::LaunchConfiguration ->
2025-05-19 01:46:06.476 64526 INFO heat.engine.environment [-] Registered: [Plugin](User:False) AWS::AutoScaling::ScalingPolicy ->
2025-05-19 01:46:06.476 64526 INFO heat.engine.environment [-] Registered: [Plugin](User:False) AWS::CloudFormation::Stack ->
2025-05-19 01:46:06.476 64526 INFO heat.engine.environment [-] Registered: [Plugin](User:False) AWS::CloudFormation::WaitCondition ->
2025-05-19 01:46:06.476 64526 INFO heat.engine.environment [-] Registered: [Plugin](User:False) AWS::CloudFormation::WaitConditionHandle ->
2025-05-19 01:46:06.476 64526 INFO heat.engine.environment [-] Registered: [Plugin](User:False) AWS::EC2::EIP ->
2025-05-19 01:46:06.476 64526 INFO heat.engine.environment [-] Registered: [Plugin](User:False) AWS::EC2::EIPAssociation ->
2025-05-19 01:46:06.477 64526 INFO heat.engine.environment [-] Registered: [Plugin](User:False) AWS::EC2::Instance ->
2025-05-19 01:46:06.477 64526 INFO heat.engine.environment [-] Registered: [Plugin](User:False) AWS::EC2::InternetGateway ->
2025-05-19 01:46:06.477 64526 INFO heat.engine.environment [-] Registered: [Plugin](User:False) AWS::EC2::VPCGatewayAttachment ->
2025-05-19 01:46:06.477 64526 INFO heat.engine.environment [-] Registered: [Plugin](User:False) AWS::EC2::NetworkInterface ->
2025-05-19 01:46:06.477 64526 INFO heat.engine.environment [-] Registered: [Plugin](User:False) AWS::EC2::RouteTable ->
2025-05-19 01:46:06.477 64526 INFO heat.engine.environment [-] Registered: [Plugin](User:False) AWS::EC2::SubnetRouteTableAssociation ->
2025-05-19 01:46:06.477 64526 INFO heat.engine.environment [-] Registered: [Plugin](User:False) AWS::EC2::SecurityGroup ->
2025-05-19 01:46:06.477 64526 INFO heat.engine.environment [-] Registered: [Plugin](User:False) AWS::EC2::Subnet ->
2025-05-19 01:46:06.477 64526 INFO heat.engine.environment [-] Registered: [Plugin](User:False) AWS::EC2::Volume ->
2025-05-19 01:46:06.477 64526 INFO heat.engine.environment [-] Registered: [Plugin](User:False) AWS::EC2::VolumeAttachment ->
2025-05-19 01:46:06.478 64526 INFO heat.engine.environment [-] Registered: [Plugin](User:False) AWS::EC2::VPC ->
2025-05-19 01:46:06.478 64526 INFO heat.engine.environment [-] Registered: [Plugin](User:False) AWS::IAM::User ->
2025-05-19 01:46:06.478 64526 INFO heat.engine.environment [-] Registered: [Plugin](User:False) AWS::IAM::AccessKey ->
2025-05-19 01:46:06.478 64526 INFO heat.engine.environment [-] Registered: [Plugin](User:False) AWS::ElasticLoadBalancing::LoadBalancer ->
2025-05-19 01:46:06.478 64526 INFO heat.engine.environment [-] Registered: [Plugin](User:False) AWS::S3::Bucket ->
2025-05-19 01:46:06.478 64526 INFO heat.engine.environment [-] Registered: [Plugin](User:False) OS::Aodh::Alarm ->
2025-05-19 01:46:06.478 64526 INFO heat.engine.environment [-] Registered: [Plugin](User:False) OS::Aodh::CombinationAlarm ->
2025-05-19 01:46:06.478 64526 INFO heat.engine.environment [-] Registered: [Plugin](User:False) OS::Aodh::EventAlarm ->
2025-05-19 01:46:06.478 64526 INFO heat.engine.environment [-] Registered: [Plugin](User:False) OS::Aodh::LBMemberHealthAlarm ->
2025-05-19 01:46:06.478 64526 INFO heat.engine.environment [-] Registered: [Plugin](User:False) OS::Aodh::CompositeAlarm ->
2025-05-19 01:46:06.479 64526 INFO heat.engine.environment [-] Registered: [Plugin](User:False) OS::Aodh::GnocchiResourcesAlarm ->
2025-05-19 01:46:06.479 64526 INFO heat.engine.environment [-] Registered: [Plugin](User:False) OS::Aodh::GnocchiAggregationByMetricsAlarm ->
2025-05-19 01:46:06.479 64526 INFO heat.engine.environment [-] Registered: [Plugin](User:False) OS::Aodh::GnocchiAggregationByResourcesAlarm ->
2025-05-19 01:46:06.479 64526 INFO heat.engine.environment [-] Registered: [Plugin](User:False) OS::Barbican::GenericContainer ->
2025-05-19 01:46:06.479 64526 INFO heat.engine.environment [-] Registered: [Plugin](User:False) OS::Barbican::CertificateContainer ->
2025-05-19 01:46:06.479 64526 INFO heat.engine.environment [-] Registered: [Plugin](User:False) OS::Barbican::RSAContainer ->
2025-05-19 01:46:06.479 64526 INFO heat.engine.environment [-] Registered: [Plugin](User:False) OS::Barbican::Order ->
2025-05-19 01:46:06.479 64526 INFO heat.engine.environment [-] Registered: [Plugin](User:False) OS::Barbican::Secret ->
2025-05-19 01:46:06.479 64526 INFO heat.engine.environment [-] Registered: [Plugin](User:False) OS::Blazar::Host ->
2025-05-19 01:46:06.479 64526 INFO heat.engine.environment [-] Registered: [Plugin](User:False) OS::Blazar::Lease ->
2025-05-19 01:46:06.479 64526 INFO heat.engine.environment [-] Registered: [Plugin](User:False) OS::Cinder::EncryptedVolumeType ->
2025-05-19 01:46:06.480 64526 INFO heat.engine.environment [-] Registered: [Plugin](User:False) OS::Cinder::QoSSpecs ->
2025-05-19 01:46:06.480 64526 INFO heat.engine.environment [-] Registered: [Plugin](User:False) OS::Cinder::QoSAssociation ->
2025-05-19 01:46:06.480 64526 INFO heat.engine.environment [-] Registered: [Plugin](User:False) OS::Cinder::Quota ->
2025-05-19 01:46:06.480 64526 INFO heat.engine.environment [-] Registered: [Plugin](User:False) OS::Cinder::Volume ->
2025-05-19 01:46:06.480 64526 INFO heat.engine.environment [-] Registered: [Plugin](User:False) OS::Cinder::VolumeAttachment ->
2025-05-19 01:46:06.480 64526 INFO heat.engine.environment [-] Registered: [Plugin](User:False) OS::Cinder::VolumeType ->
2025-05-19 01:46:06.480 64526 INFO heat.engine.environment [-] Registered: [Plugin](User:False) OS::Designate::Domain ->
2025-05-19 01:46:06.480 64526 INFO heat.engine.environment [-] Registered: [Plugin](User:False) OS::Designate::Record ->
2025-05-19 01:46:06.480 64526 INFO heat.engine.environment [-] Registered: [Plugin](User:False) OS::Designate::RecordSet ->
2025-05-19 01:46:06.480 64526 INFO heat.engine.environment [-] Registered: [Plugin](User:False) OS::Designate::Zone ->
2025-05-19 01:46:06.481 64526 INFO heat.engine.environment [-] Registered: [Plugin](User:False) OS::Glance::Image ->
2025-05-19 01:46:06.481 64526 INFO heat.engine.environment [-] Registered: [Plugin](User:False) OS::Glance::WebImage ->
2025-05-19 01:46:06.481 64526 INFO heat.engine.environment [-] Registered: [Plugin](User:False) OS::Heat::AccessPolicy ->
2025-05-19 01:46:06.481 64526 INFO heat.engine.environment [-] Registered: [Plugin](User:False) OS::Heat::AutoScalingGroup ->
2025-05-19 01:46:06.481 64526 INFO heat.engine.environment [-] Registered: [Plugin](User:False) OS::Heat::CloudConfig ->
2025-05-19 01:46:06.481 64526 INFO heat.engine.environment [-] Registered: [Plugin](User:False) OS::Heat::Delay ->
2025-05-19 01:46:06.481 64526 INFO heat.engine.environment [-] Registered: [Plugin](User:False) OS::Heat::DeployedServer ->
2025-05-19 01:46:06.481 64526 INFO heat.engine.environment [-] Registered: [Plugin](User:False) OS::Heat::HARestarter ->
2025-05-19 01:46:06.481 64526 INFO heat.engine.environment [-] Registered: [Plugin](User:False) OS::Heat::InstanceGroup ->
2025-05-19 01:46:06.481 64526 INFO heat.engine.environment [-] Registered: [Plugin](User:False) OS::Heat::MultipartMime ->
2025-05-19 01:46:06.482 64526 INFO heat.engine.environment [-] Registered: [Plugin](User:False) OS::Heat::None ->
2025-05-19 01:46:06.482 64526 INFO heat.engine.environment [-] Registered: [Plugin](User:False) OS::Heat::RandomString ->
2025-05-19 01:46:06.482 64526 INFO heat.engine.environment [-] Registered: [Plugin](User:False) OS::Heat::Stack ->
2025-05-19 01:46:06.482 64526 INFO heat.engine.environment [-] Registered: [Plugin](User:False) OS::Heat::ResourceChain ->
2025-05-19 01:46:06.482 64526 INFO heat.engine.environment [-] Registered: [Plugin](User:False) OS::Heat::ResourceGroup ->
2025-05-19 01:46:06.482 64526 INFO heat.engine.environment [-] Registered: [Plugin](User:False) OS::Heat::ScalingPolicy ->
2025-05-19 01:46:06.482 64526 INFO heat.engine.environment [-] Registered: [Plugin](User:False) OS::Heat::SoftwareComponent ->
2025-05-19 01:46:06.482 64526 INFO heat.engine.environment [-] Registered: [Plugin](User:False) OS::Heat::SoftwareConfig ->
2025-05-19 01:46:06.482 64526 INFO heat.engine.environment [-] Registered: [Plugin](User:False) OS::Heat::SoftwareDeployment ->
2025-05-19 01:46:06.483 64526 INFO heat.engine.environment [-] Registered: [Plugin](User:False) OS::Heat::SoftwareDeploymentGroup ->
2025-05-19 01:46:06.483 64526 INFO heat.engine.environment [-] Registered: [Plugin](User:False) OS::Heat::SoftwareDeployments ->
2025-05-19 01:46:06.483 64526 INFO heat.engine.environment [-] Registered: [Plugin](User:False) OS::Heat::StructuredConfig ->
2025-05-19 01:46:06.483 64526 INFO heat.engine.environment [-] Registered: [Plugin](User:False) OS::Heat::StructuredDeployment ->
2025-05-19 01:46:06.483 64526 INFO heat.engine.environment [-] Registered: [Plugin](User:False) OS::Heat::StructuredDeploymentGroup ->
2025-05-19 01:46:06.483 64526 INFO heat.engine.environment [-] Registered: [Plugin](User:False) OS::Heat::StructuredDeployments ->
2025-05-19 01:46:06.483 64526 INFO heat.engine.environment [-] Registered: [Plugin](User:False) OS::Heat::SwiftSignal ->
2025-05-19 01:46:06.483 64526 INFO heat.engine.environment [-] Registered: [Plugin](User:False) OS::Heat::SwiftSignalHandle ->
2025-05-19 01:46:06.483 64526 INFO heat.engine.environment [-] Registered: [Plugin](User:False) OS::Heat::TestResource ->
2025-05-19 01:46:06.483 64526 INFO heat.engine.environment [-] Registered: [Plugin](User:False) OS::Heat::Value ->
2025-05-19 01:46:06.484 64526 INFO heat.engine.environment [-] Registered: [Plugin](User:False) OS::Heat::WaitCondition ->
2025-05-19 01:46:06.484 64526 INFO heat.engine.environment [-] Registered: [Plugin](User:False) OS::Heat::WaitConditionHandle ->
2025-05-19 01:46:06.484 64526 INFO heat.engine.environment [-] Registered: [Plugin](User:False) OS::Heat::UpdateWaitConditionHandle ->
2025-05-19 01:46:06.484 64526 INFO heat.engine.environment [-] Registered: [Plugin](User:False) OS::Ironic::Port ->
2025-05-19 01:46:06.484 64526 INFO heat.engine.environment [-] Registered: [Plugin](User:False) OS::Keystone::Domain ->
2025-05-19 01:46:06.484 64526 INFO heat.engine.environment [-] Registered: [Plugin](User:False) OS::Keystone::Endpoint ->
2025-05-19 01:46:06.484 64526 INFO heat.engine.environment [-] Registered: [Plugin](User:False) OS::Keystone::Group ->
2025-05-19 01:46:06.484 64526 INFO heat.engine.environment [-] Registered: [Plugin](User:False) OS::Keystone::Project ->
2025-05-19 01:46:06.484 64526 INFO heat.engine.environment [-] Registered: [Plugin](User:False) OS::Keystone::Region ->
2025-05-19 01:46:06.484 64526 INFO heat.engine.environment [-] Registered: [Plugin](User:False) OS::Keystone::Role ->
2025-05-19 01:46:06.484 64526 INFO heat.engine.environment [-] Registered: [Plugin](User:False) OS::Keystone::UserRoleAssignment ->
2025-05-19 01:46:06.485 64526 INFO heat.engine.environment [-] Registered: [Plugin](User:False) OS::Keystone::GroupRoleAssignment ->
2025-05-19 01:46:06.485 64526 INFO heat.engine.environment [-] Registered: [Plugin](User:False) OS::Keystone::Service ->
2025-05-19 01:46:06.485 64526 INFO heat.engine.environment [-] Registered: [Plugin](User:False) OS::Keystone::User ->
2025-05-19 01:46:06.485 64526 INFO heat.engine.environment [-] Registered: [Plugin](User:False) OS::Magnum::Bay ->
2025-05-19 01:46:06.485 64526 INFO heat.engine.environment [-] Registered: [Plugin](User:False) OS::Magnum::BayModel ->
2025-05-19 01:46:06.485 64526 INFO heat.engine.environment [-] Registered: [Plugin](User:False) OS::Magnum::Cluster ->
2025-05-19 01:46:06.485 64526 INFO heat.engine.environment [-] Registered: [Plugin](User:False) OS::Magnum::ClusterTemplate ->
2025-05-19 01:46:06.485 64526 INFO heat.engine.environment [-] Registered: [Plugin](User:False) OS::Manila::SecurityService ->
2025-05-19 01:46:06.485 64526 INFO heat.engine.environment [-] Registered: [Plugin](User:False) OS::Manila::Share ->
2025-05-19 01:46:06.485 64526 INFO heat.engine.environment [-] Registered: [Plugin](User:False) OS::Manila::ShareNetwork ->
2025-05-19 01:46:06.486 64526 INFO heat.engine.environment [-] Registered: [Plugin](User:False) OS::Manila::ShareType ->
2025-05-19 01:46:06.487 64526 INFO heat.engine.environment [-] Registered: [Plugin](User:False) OS::Mistral::CronTrigger ->
2025-05-19 01:46:06.487 64526 INFO heat.engine.environment [-] Registered: [Plugin](User:False) OS::Mistral::ExternalResource ->
2025-05-19 01:46:06.487 64526 INFO heat.engine.environment [-] Registered: [Plugin](User:False) OS::Mistral::Workflow ->
2025-05-19 01:46:06.487 64526 INFO heat.engine.environment [-] Registered: [Plugin](User:False) OS::Monasca::AlarmDefinition ->
2025-05-19 01:46:06.487 64526 INFO heat.engine.environment [-] Registered: [Plugin](User:False) OS::Monasca::Notification ->
2025-05-19 01:46:06.487 64526 INFO heat.engine.environment [-] Registered: [Plugin](User:False) OS::Neutron::AddressScope ->
2025-05-19 01:46:06.487 64526 INFO heat.engine.environment [-] Registered: [Plugin](User:False) OS::Neutron::ExtraRoute ->
2025-05-19 01:46:06.487 64526 INFO heat.engine.environment [-] Registered: [Plugin](User:False) OS::Neutron::ExtraRouteSet ->
2025-05-19 01:46:06.488 64526 INFO heat.engine.environment [-] Registered: [Plugin](User:False) OS::Neutron::Firewall ->
2025-05-19 01:46:06.488 64526 INFO heat.engine.environment [-] Registered: [Plugin](User:False) OS::Neutron::FirewallPolicy ->
2025-05-19 01:46:06.488 64526 INFO heat.engine.environment [-] Registered: [Plugin](User:False) OS::Neutron::FirewallRule ->
2025-05-19 01:46:06.488 64526 INFO heat.engine.environment [-] Registered: [Plugin](User:False) OS::Neutron::FloatingIP ->
2025-05-19 01:46:06.488 64526 INFO heat.engine.environment [-] Registered: [Plugin](User:False) OS::Neutron::FloatingIPAssociation ->
2025-05-19 01:46:06.488 64526 INFO heat.engine.environment [-] Registered: [Plugin](User:False) OS::Neutron::L2Gateway ->
2025-05-19 01:46:06.488 64526 INFO heat.engine.environment [-] Registered: [Plugin](User:False) OS::Neutron::L2GatewayConnection ->
2025-05-19 01:46:06.488 64526 INFO heat.engine.environment [-] Registered: [Plugin](User:False) OS::Neutron::LBaaS::HealthMonitor ->
2025-05-19 01:46:06.488 64526 INFO heat.engine.environment [-] Registered: [Plugin](User:False) OS::Neutron::LBaaS::L7Policy ->
2025-05-19 01:46:06.488 64526 INFO heat.engine.environment [-] Registered: [Plugin](User:False) OS::Neutron::LBaaS::L7Rule ->
2025-05-19 01:46:06.488 64526 INFO heat.engine.environment [-] Registered: [Plugin](User:False) OS::Neutron::LBaaS::Listener ->
2025-05-19 01:46:06.489 64526 INFO heat.engine.environment [-] Registered: [Plugin](User:False) OS::Neutron::LBaaS::LoadBalancer ->
2025-05-19 01:46:06.489 64526 INFO heat.engine.environment [-] Registered: [Plugin](User:False) OS::Neutron::LBaaS::Pool ->
2025-05-19 01:46:06.489 64526 INFO heat.engine.environment [-] Registered: [Plugin](User:False) OS::Neutron::LBaaS::PoolMember ->
2025-05-19 01:46:06.489 64526 INFO heat.engine.environment [-] Registered: [Plugin](User:False) OS::Neutron::HealthMonitor ->
2025-05-19 01:46:06.489 64526 INFO heat.engine.environment [-] Registered: [Plugin](User:False) OS::Neutron::Pool ->
2025-05-19 01:46:06.489 64526 INFO heat.engine.environment [-] Registered: [Plugin](User:False) OS::Neutron::PoolMember ->
2025-05-19 01:46:06.489 64526 INFO heat.engine.environment [-] Registered: [Plugin](User:False) OS::Neutron::LoadBalancer ->
2025-05-19 01:46:06.489 64526 INFO heat.engine.environment [-] Registered: [Plugin](User:False) OS::Neutron::MeteringLabel ->
2025-05-19 01:46:06.489 64526 INFO heat.engine.environment [-] Registered: [Plugin](User:False) OS::Neutron::MeteringRule ->
2025-05-19 01:46:06.489 64526 INFO heat.engine.environment [-] Registered: [Plugin](User:False) OS::Neutron::Net ->
2025-05-19 01:46:06.489 64526 INFO heat.engine.environment [-] Registered: [Plugin](User:False) OS::Neutron::NetworkGateway ->
2025-05-19 01:46:06.489 64526 INFO heat.engine.environment [-] Registered: [Plugin](User:False) OS::Neutron::Port ->
2025-05-19 01:46:06.489 64526 INFO heat.engine.environment [-] Registered: [Plugin](User:False) OS::Neutron::ProviderNet ->
2025-05-19 01:46:06.490 64526 INFO heat.engine.environment [-] Registered: [Plugin](User:False) OS::Neutron::QoSPolicy ->
2025-05-19 01:46:06.490 64526 INFO heat.engine.environment [-] Registered: [Plugin](User:False) OS::Neutron::QoSBandwidthLimitRule ->
2025-05-19 01:46:06.490 64526 INFO heat.engine.environment [-] Registered: [Plugin](User:False) OS::Neutron::QoSDscpMarkingRule ->
2025-05-19 01:46:06.490 64526 INFO heat.engine.environment [-] Registered: [Plugin](User:False) OS::Neutron::QoSMinimumBandwidthRule ->
2025-05-19 01:46:06.490 64526 INFO heat.engine.environment [-] Registered: [Plugin](User:False) OS::Neutron::Quota ->
2025-05-19 01:46:06.490 64526 INFO heat.engine.environment [-] Registered: [Plugin](User:False) OS::Neutron::RBACPolicy ->
2025-05-19 01:46:06.490 64526 INFO heat.engine.environment [-] Registered: [Plugin](User:False) OS::Neutron::Router ->
2025-05-19 01:46:06.490 64526 INFO heat.engine.environment [-] Registered: [Plugin](User:False) OS::Neutron::RouterInterface ->
2025-05-19 01:46:06.490 64526 INFO heat.engine.environment [-] Registered: [Plugin](User:False) OS::Neutron::RouterGateway ->
2025-05-19 01:46:06.490 64526 INFO heat.engine.environment [-] Registered: [Plugin](User:False) OS::Neutron::SecurityGroup ->
2025-05-19 01:46:06.490 64526 INFO heat.engine.environment [-] Registered: [Plugin](User:False) OS::Neutron::SecurityGroupRule ->
2025-05-19 01:46:06.491 64526 INFO heat.engine.environment [-] Registered: [Plugin](User:False) OS::Neutron::Segment ->
2025-05-19 01:46:06.491 64526 INFO heat.engine.environment [-] Registered: [Plugin](User:False) OS::Neutron::FlowClassifier ->
2025-05-19 01:46:06.491 64526 INFO heat.engine.environment [-] Registered: [Plugin](User:False) OS::Neutron::PortChain ->
2025-05-19 01:46:06.491 64526 INFO heat.engine.environment [-] Registered: [Plugin](User:False) OS::Neutron::PortPair ->
2025-05-19 01:46:06.491 64526 INFO heat.engine.environment [-] Registered: [Plugin](User:False) OS::Neutron::PortPairGroup ->
2025-05-19 01:46:06.491 64526 INFO heat.engine.environment [-] Registered: [Plugin](User:False) OS::Neutron::Subnet ->
2025-05-19 01:46:06.491 64526 INFO heat.engine.environment [-] Registered: [Plugin](User:False) OS::Neutron::SubnetPool ->
2025-05-19 01:46:06.491 64526 INFO heat.engine.environment [-] Registered: [Plugin](User:False) OS::Neutron::TaaS::TapFlow ->
2025-05-19 01:46:06.491 64526 INFO heat.engine.environment [-] Registered: [Plugin](User:False) OS::Neutron::TaaS::TapService ->
2025-05-19 01:46:06.491 64526 INFO heat.engine.environment [-] Registered: [Plugin](User:False) OS::Neutron::Trunk ->
2025-05-19 01:46:06.491 64526 INFO heat.engine.environment [-] Registered: [Plugin](User:False) OS::Neutron::VPNService ->
2025-05-19 01:46:06.492 64526 INFO heat.engine.environment [-] Registered: [Plugin](User:False) OS::Neutron::IPsecSiteConnection ->
2025-05-19 01:46:06.492 64526 INFO heat.engine.environment [-] Registered: [Plugin](User:False) OS::Neutron::IKEPolicy ->
2025-05-19 01:46:06.492 64526 INFO heat.engine.environment [-] Registered: [Plugin](User:False) OS::Neutron::IPsecPolicy ->
2025-05-19 01:46:06.492 64526 INFO heat.engine.environment [-] Registered: [Plugin](User:False) OS::Nova::Flavor ->
2025-05-19 01:46:06.492 64526 INFO heat.engine.environment [-] Registered: [Plugin](User:False) OS::Nova::FloatingIP ->
2025-05-19 01:46:06.492 64526 INFO heat.engine.environment [-] Registered: [Plugin](User:False) OS::Nova::FloatingIPAssociation ->
2025-05-19 01:46:06.492 64526 INFO heat.engine.environment [-] Registered: [Plugin](User:False) OS::Nova::HostAggregate ->
2025-05-19 01:46:06.492 64526 INFO heat.engine.environment [-] Registered: [Plugin](User:False) OS::Nova::KeyPair ->
2025-05-19 01:46:06.492 64526 INFO heat.engine.environment [-] Registered: [Plugin](User:False) OS::Nova::Quota ->
2025-05-19 01:46:06.492 64526 INFO heat.engine.environment [-] Registered: [Plugin](User:False) OS::Nova::Server ->
2025-05-19 01:46:06.492 64526 INFO heat.engine.environment [-] Registered: [Plugin](User:False) OS::Nova::ServerGroup ->
2025-05-19 01:46:06.493 64526 INFO heat.engine.environment [-] Registered: [Plugin](User:False) OS::Octavia::Flavor ->
2025-05-19 01:46:06.493 64526 INFO heat.engine.environment [-] Registered: [Plugin](User:False) OS::Octavia::FlavorProfile ->
2025-05-19 01:46:06.493 64526 INFO heat.engine.environment [-] Registered: [Plugin](User:False) OS::Octavia::HealthMonitor ->
2025-05-19 01:46:06.493 64526 INFO heat.engine.environment [-] Registered: [Plugin](User:False) OS::Octavia::L7Policy ->
2025-05-19 01:46:06.493 64526 INFO heat.engine.environment [-] Registered: [Plugin](User:False) OS::Octavia::L7Rule ->
2025-05-19 01:46:06.493 64526 INFO heat.engine.environment [-] Registered: [Plugin](User:False) OS::Octavia::Listener ->
2025-05-19 01:46:06.493 64526 INFO heat.engine.environment [-] Registered: [Plugin](User:False) OS::Octavia::LoadBalancer ->
2025-05-19 01:46:06.493 64526 INFO heat.engine.environment [-] Registered: [Plugin](User:False) OS::Octavia::Pool ->
2025-05-19 01:46:06.493 64526 INFO heat.engine.environment [-] Registered: [Plugin](User:False) OS::Octavia::PoolMember ->
2025-05-19 01:46:06.493 64526 INFO heat.engine.environment [-] Registered: [Plugin](User:False) OS::Octavia::Quota ->
2025-05-19 01:46:06.493 64526 INFO heat.engine.environment [-] Registered: [Plugin](User:False) OS::Sahara::Cluster ->
2025-05-19 01:46:06.493 64526 INFO heat.engine.environment [-] Registered: [Plugin](User:False) OS::Sahara::DataSource ->
2025-05-19 01:46:06.494 64526 INFO heat.engine.environment [-] Registered: [Plugin](User:False) OS::Sahara::ImageRegistry ->
2025-05-19 01:46:06.494 64526 INFO heat.engine.environment [-] Registered: [Plugin](User:False) OS::Sahara::Job ->
2025-05-19 01:46:06.494 64526 INFO heat.engine.environment [-] Registered: [Plugin](User:False) OS::Sahara::JobBinary ->
2025-05-19 01:46:06.494 64526 INFO heat.engine.environment [-] Registered: [Plugin](User:False) OS::Sahara::NodeGroupTemplate ->
2025-05-19 01:46:06.494 64526 INFO heat.engine.environment [-] Registered: [Plugin](User:False) OS::Sahara::ClusterTemplate ->
2025-05-19 01:46:06.494 64526 INFO heat.engine.environment [-] Registered: [Plugin](User:False) OS::Senlin::Cluster ->
2025-05-19 01:46:06.494 64526 INFO heat.engine.environment [-] Registered: [Plugin](User:False) OS::Senlin::Node ->
2025-05-19 01:46:06.494 64526 INFO heat.engine.environment [-] Registered: [Plugin](User:False) OS::Senlin::Policy ->
2025-05-19 01:46:06.494 64526 INFO heat.engine.environment [-] Registered: [Plugin](User:False) OS::Senlin::Profile ->
2025-05-19 01:46:06.494 64526 INFO heat.engine.environment [-] Registered: [Plugin](User:False) OS::Senlin::Receiver ->
2025-05-19 01:46:06.494 64526 INFO heat.engine.environment [-] Registered: [Plugin](User:False) OS::Swift::Container ->
2025-05-19 01:46:06.495 64526 INFO heat.engine.environment [-] Registered: [Plugin](User:False) OS::Trove::Cluster ->
2025-05-19 01:46:06.495 64526 INFO heat.engine.environment [-] Registered: [Plugin](User:False) OS::Trove::Instance ->
2025-05-19 01:46:06.495 64526 INFO heat.engine.environment [-] Registered: [Plugin](User:False) OS::Vitrage::Template ->
2025-05-19 01:46:06.495 64526 INFO heat.engine.environment [-] Registered: [Plugin](User:False) OS::Zaqar::Queue ->
2025-05-19 01:46:06.495 64526 INFO heat.engine.environment [-] Registered: [Plugin](User:False) OS::Zaqar::SignedQueueURL ->
2025-05-19 01:46:06.495 64526 INFO heat.engine.environment [-] Registered: [Plugin](User:False) OS::Zaqar::Subscription ->
2025-05-19 01:46:06.495 64526 INFO heat.engine.environment [-] Registered: [Plugin](User:False) OS::Zaqar::MistralTrigger ->
2025-05-19 01:46:06.495 64526 INFO heat.engine.environment [-] Registered: [Plugin](User:False) OS::ContrailV2::AccessControlList ->
2025-05-19 01:46:06.495 64526 INFO heat.engine.environment [-] Registered: [Plugin](User:False) OS::ContrailV2::AddressGroup ->
2025-05-19 01:46:06.495 64526 INFO heat.engine.environment [-] Registered: [Plugin](User:False) OS::ContrailV2::Alarm ->
2025-05-19 01:46:06.495 64526 INFO heat.engine.environment [-] Registered: [Plugin](User:False) OS::ContrailV2::AliasIp ->
2025-05-19 01:46:06.496 64526 INFO heat.engine.environment [-] Registered: [Plugin](User:False) OS::ContrailV2::AliasIpPool ->
2025-05-19 01:46:06.496 64526 INFO heat.engine.environment [-] Registered: [Plugin](User:False) OS::ContrailV2::AnalyticsAlarmNode ->
2025-05-19 01:46:06.496 64526 INFO heat.engine.environment [-] Registered: [Plugin](User:False) OS::ContrailV2::AnalyticsNode ->
2025-05-19 01:46:06.496 64526 INFO heat.engine.environment [-] Registered: [Plugin](User:False) OS::ContrailV2::AnalyticsSnmpNode ->
2025-05-19 01:46:06.496 64526 INFO heat.engine.environment [-] Registered: [Plugin](User:False) OS::ContrailV2::ApiAccessList ->
2025-05-19 01:46:06.496 64526 INFO heat.engine.environment [-] Registered: [Plugin](User:False) OS::ContrailV2::ApplicationPolicySet ->
2025-05-19 01:46:06.496 64526 INFO heat.engine.environment [-] Registered: [Plugin](User:False) OS::ContrailV2::BgpAsAService ->
2025-05-19 01:46:06.496 64526 INFO heat.engine.environment [-] Registered: [Plugin](User:False) OS::ContrailV2::BgpRouter ->
2025-05-19 01:46:06.496 64526 INFO heat.engine.environment [-] Registered: [Plugin](User:False) OS::ContrailV2::Bgpvpn ->
2025-05-19 01:46:06.496 64526 INFO heat.engine.environment [-] Registered: [Plugin](User:False) OS::ContrailV2::BridgeDomain ->
2025-05-19 01:46:06.497 64526 INFO heat.engine.environment [-] Registered: [Plugin](User:False) OS::ContrailV2::Card ->
2025-05-19 01:46:06.497 64526 INFO heat.engine.environment [-] Registered: [Plugin](User:False) OS::ContrailV2::CliConfig ->
2025-05-19 01:46:06.498 64526 INFO heat.engine.environment [-] Registered: [Plugin](User:False) OS::ContrailV2::ConfigDatabaseNode ->
2025-05-19 01:46:06.498 64526 INFO heat.engine.environment [-] Registered: [Plugin](User:False) OS::ContrailV2::ConfigNode ->
2025-05-19 01:46:06.498 64526 INFO heat.engine.environment [-] Registered: [Plugin](User:False) OS::ContrailV2::ConfigProperties ->
2025-05-19 01:46:06.498 64526 INFO heat.engine.environment [-] Registered: [Plugin](User:False) OS::ContrailV2::ConfigRoot ->
2025-05-19 01:46:06.498 64526 INFO heat.engine.environment [-] Registered: [Plugin](User:False) OS::ContrailV2::ControlNodeZone ->
2025-05-19 01:46:06.498 64526 INFO heat.engine.environment [-] Registered: [Plugin](User:False) OS::ContrailV2::CustomerAttachment ->
2025-05-19 01:46:06.498 64526 INFO heat.engine.environment [-] Registered: [Plugin](User:False) OS::ContrailV2::DataCenterInterconnect ->
2025-05-19 01:46:06.498 64526 INFO heat.engine.environment [-] Registered: [Plugin](User:False) OS::ContrailV2::DatabaseNode ->
