2025-05-19 01:58:09.097 7 DEBUG oslo_service.service [-] ml2_type_gre.tunnel_id_ranges = [] log_opt_values /var/lib/kolla/venv/lib/python3.6/site-packages/oslo_config/cfg.py:2611
2025-05-19 01:58:09.097 7 DEBUG oslo_service.service [-] ml2_type_vlan.network_vlan_ranges = [] log_opt_values /var/lib/kolla/venv/lib/python3.6/site-packages/oslo_config/cfg.py:2611
2025-05-19 01:58:09.097 7 DEBUG oslo_service.service [-] ml2_type_vxlan.vni_ranges = [] log_opt_values /var/lib/kolla/venv/lib/python3.6/site-packages/oslo_config/cfg.py:2611
2025-05-19 01:58:09.097 7 DEBUG oslo_service.service [-] ml2_type_vxlan.vxlan_group = None log_opt_values /var/lib/kolla/venv/lib/python3.6/site-packages/oslo_config/cfg.py:2611
2025-05-19 01:58:09.097 7 DEBUG oslo_service.service [-] database.backend = sqlalchemy log_opt_values /var/lib/kolla/venv/lib/python3.6/site-packages/oslo_config/cfg.py:2611
2025-05-19 01:58:09.097 7 DEBUG oslo_service.service [-] database.connection = **** log_opt_values /var/lib/kolla/venv/lib/python3.6/site-packages/oslo_config/cfg.py:2611
2025-05-19 01:58:09.097 7 DEBUG oslo_service.service [-] database.connection_debug = 0 log_opt_values /var/lib/kolla/venv/lib/python3.6/site-packages/oslo_config/cfg.py:2611
2025-05-19 01:58:09.097 7 DEBUG oslo_service.service [-] database.connection_parameters = log_opt_values /var/lib/kolla/venv/lib/python3.6/site-packages/oslo_config/cfg.py:2611
2025-05-19 01:58:09.097 7 DEBUG oslo_service.service [-] database.connection_recycle_time = 10 log_opt_values /var/lib/kolla/venv/lib/python3.6/site-packages/oslo_config/cfg.py:2611
2025-05-19 01:58:09.097 7 DEBUG oslo_service.service [-] database.connection_trace = False log_opt_values /var/lib/kolla/venv/lib/python3.6/site-packages/oslo_config/cfg.py:2611
2025-05-19 01:58:09.097 7 DEBUG oslo_service.service [-] database.db_inc_retry_interval = True log_opt_values /var/lib/kolla/venv/lib/python3.6/site-packages/oslo_config/cfg.py:2611
2025-05-19 01:58:09.097 7 DEBUG oslo_service.service [-] database.db_max_retries = 20 log_opt_values /var/lib/kolla/venv/lib/python3.6/site-packages/oslo_config/cfg.py:2611
2025-05-19 01:58:09.098 7 DEBUG oslo_service.service [-] database.db_max_retry_interval = 10 log_opt_values /var/lib/kolla/venv/lib/python3.6/site-packages/oslo_config/cfg.py:2611
2025-05-19 01:58:09.098 7 DEBUG oslo_service.service [-] database.db_retry_interval = 1 log_opt_values /var/lib/kolla/venv/lib/python3.6/site-packages/oslo_config/cfg.py:2611
2025-05-19 01:58:09.098 7 DEBUG oslo_service.service [-] database.max_overflow = 50 log_opt_values /var/lib/kolla/venv/lib/python3.6/site-packages/oslo_config/cfg.py:2611
2025-05-19 01:58:09.098 7 DEBUG oslo_service.service [-] database.max_pool_size = 1 log_opt_values /var/lib/kolla/venv/lib/python3.6/site-packages/oslo_config/cfg.py:2611
2025-05-19 01:58:09.098 7 DEBUG oslo_service.service [-] database.max_retries = -1 log_opt_values /var/lib/kolla/venv/lib/python3.6/site-packages/oslo_config/cfg.py:2611
2025-05-19 01:58:09.098 7 DEBUG oslo_service.service [-] database.mysql_enable_ndb = False log_opt_values /var/lib/kolla/venv/lib/python3.6/site-packages/oslo_config/cfg.py:2611
2025-05-19 01:58:09.098 7 DEBUG oslo_service.service [-] database.mysql_sql_mode = TRADITIONAL log_opt_values /var/lib/kolla/venv/lib/python3.6/site-packages/oslo_config/cfg.py:2611
2025-05-19 01:58:09.098 7 DEBUG oslo_service.service [-] database.pool_timeout = None log_opt_values /var/lib/kolla/venv/lib/python3.6/site-packages/oslo_config/cfg.py:2611
2025-05-19 01:58:09.098 7 DEBUG oslo_service.service [-] database.retry_interval = 10 log_opt_values /var/lib/kolla/venv/lib/python3.6/site-packages/oslo_config/cfg.py:2611
2025-05-19 01:58:09.098 7 DEBUG oslo_service.service [-] database.slave_connection = **** log_opt_values /var/lib/kolla/venv/lib/python3.6/site-packages/oslo_config/cfg.py:2611
2025-05-19 01:58:09.098 7 DEBUG oslo_service.service [-] database.sqlite_synchronous = True log_opt_values /var/lib/kolla/venv/lib/python3.6/site-packages/oslo_config/cfg.py:2611
2025-05-19 01:58:09.098 7 DEBUG oslo_service.service [-] database.use_db_reconnect = False log_opt_values /var/lib/kolla/venv/lib/python3.6/site-packages/oslo_config/cfg.py:2611
2025-05-19 01:58:09.098 7 DEBUG oslo_service.service [-] ******************************************************************************** log_opt_values /var/lib/kolla/venv/lib/python3.6/site-packages/oslo_config/cfg.py:2613
2025-05-19 01:58:10.660 22 DEBUG neutron.wsgi [-] (22) accepted ('10.0.0.254', 47276) server /var/lib/kolla/venv/lib/python3.6/site-packages/eventlet/wsgi.py:1004
2025-05-19 01:58:10.668 22 INFO neutron.wsgi [-] 10.0.0.254 "GET / HTTP/1.1" status: 200 len: 228 time: 0.0056434
2025-05-19 01:58:13.131 23 DEBUG neutron.api.rpc.handlers.dhcp_rpc [req-3aee963f-b32a-4ff5-9386-2ab96d26cf17 - - - - -] get_active_networks_info from cn-jenkins-deploy-platform-ansible-os-3326-1 get_active_networks_info /var/lib/kolla/venv/lib/python3.6/site-packages/neutron/api/rpc/handlers/dhcp_rpc.py:159
2025-05-19 01:58:13.153 27 DEBUG neutron_lib.callbacks.manager [req-65256df6-b434-4ad1-a542-528f3c1447e4 - - - - -] Publish callbacks ['neutron.services.segments.db._update_segment_host_mapping_for_agent-8769258475840', 'neutron.services.l3_router.l3_router_plugin.DVRResourceOperationHandler.create_fip_agent_gw_ports-633277'] for agent (45635bcb-1dae-4b32-b61a-d714bd629402), after_create _notify_loop /var/lib/kolla/venv/lib/python3.6/site-packages/neutron_lib/callbacks/manager.py:177
2025-05-19 01:58:13.170 23 DEBUG neutron.scheduler.dhcp_agent_scheduler [req-3aee963f-b32a-4ff5-9386-2ab96d26cf17 - - - - -] No non-hosted networks auto_schedule_networks /var/lib/kolla/venv/lib/python3.6/site-packages/neutron/scheduler/dhcp_agent_scheduler.py:60
2025-05-19 01:58:32.484 28 DEBUG neutron_lib.callbacks.manager [req-3462d2a7-9423-432b-96c9-5932df93e551 - - - - -] Publish callbacks ['neutron.services.segments.db._update_segment_host_mapping_for_agent-8769258475840', 'neutron.services.l3_router.l3_router_plugin.DVRResourceOperationHandler.create_fip_agent_gw_ports-633277'] for agent (a7e1085f-5a2d-4081-869a-0354da64c872), after_create _notify_loop /var/lib/kolla/venv/lib/python3.6/site-packages/neutron_lib/callbacks/manager.py:177
2025-05-19 01:58:40.712 22 DEBUG neutron.wsgi [-] (22) accepted ('10.0.0.254', 59808) server /var/lib/kolla/venv/lib/python3.6/site-packages/eventlet/wsgi.py:1004
2025-05-19 01:58:40.715 22 INFO neutron.wsgi [-] 10.0.0.254 "GET / HTTP/1.1" status: 200 len: 228 time: 0.0032237
2025-05-19 01:58:43.140 26 DEBUG neutron_lib.callbacks.manager [req-778584f6-9b70-4fab-9614-0ef09bef2d86 - - - - -] Publish callbacks ['neutron.services.segments.db._update_segment_host_mapping_for_agent-8769258475840', 'neutron.plugins.ml2.plugin.Ml2Plugin._retry_binding_revived_agents-1374418'] for agent (45635bcb-1dae-4b32-b61a-d714bd629402), after_update _notify_loop /var/lib/kolla/venv/lib/python3.6/site-packages/neutron_lib/callbacks/manager.py:177
2025-05-19 01:59:02.438 23 DEBUG neutron_lib.callbacks.manager [req-3462d2a7-9423-432b-96c9-5932df93e551 - - - - -] Publish callbacks ['neutron.services.segments.db._update_segment_host_mapping_for_agent-8769258475840', 'neutron.plugins.ml2.plugin.Ml2Plugin._retry_binding_revived_agents-1374418'] for agent (a7e1085f-5a2d-4081-869a-0354da64c872), after_update _notify_loop /var/lib/kolla/venv/lib/python3.6/site-packages/neutron_lib/callbacks/manager.py:177
2025-05-19 01:59:10.763 22 DEBUG neutron.wsgi [-] (22) accepted ('10.0.0.254', 43900) server /var/lib/kolla/venv/lib/python3.6/site-packages/eventlet/wsgi.py:1004
2025-05-19 01:59:10.768 22 INFO neutron.wsgi [-] 10.0.0.254 "GET / HTTP/1.1" status: 200 len: 228 time: 0.0040867
2025-05-19 01:59:11.047 29 DEBUG neutron.db.agents_db [req-31639229-17c6-49c5-a40f-9935635cb14f - - - - -] Agent healthcheck: found 2 active agents agent_health_check /var/lib/kolla/venv/lib/python3.6/site-packages/neutron/db/agents_db.py:318
2025-05-19 01:59:13.137 25 DEBUG neutron_lib.callbacks.manager [req-5a1aeae2-0896-4ab7-a057-7f5b2a852ded - - - - -] Publish callbacks ['neutron.services.segments.db._update_segment_host_mapping_for_agent-8769258475840', 'neutron.plugins.ml2.plugin.Ml2Plugin._retry_binding_revived_agents-1374418'] for agent (45635bcb-1dae-4b32-b61a-d714bd629402), after_update _notify_loop /var/lib/kolla/venv/lib/python3.6/site-packages/neutron_lib/callbacks/manager.py:177
2025-05-19 01:59:32.446 24 DEBUG neutron_lib.callbacks.manager [req-3462d2a7-9423-432b-96c9-5932df93e551 - - - - -] Publish callbacks ['neutron.services.segments.db._update_segment_host_mapping_for_agent-8769258475840', 'neutron.plugins.ml2.plugin.Ml2Plugin._retry_binding_revived_agents-1374418'] for agent (a7e1085f-5a2d-4081-869a-0354da64c872), after_update _notify_loop /var/lib/kolla/venv/lib/python3.6/site-packages/neutron_lib/callbacks/manager.py:177
2025-05-19 01:59:40.812 22 DEBUG neutron.wsgi [-] (22) accepted ('10.0.0.254', 43444) server /var/lib/kolla/venv/lib/python3.6/site-packages/eventlet/wsgi.py:1004
2025-05-19 01:59:40.815 22 INFO neutron.wsgi [-] 10.0.0.254 "GET / HTTP/1.1" status: 200 len: 228 time: 0.0027368
2025-05-19 01:59:43.120 27 DEBUG neutron_lib.callbacks.manager [req-eb1bfcf1-2390-482f-87a9-a83f2c2a75b5 - - - - -] Publish callbacks ['neutron.services.segments.db._update_segment_host_mapping_for_agent-8769258475840', 'neutron.plugins.ml2.plugin.Ml2Plugin._retry_binding_revived_agents-1374418'] for agent (45635bcb-1dae-4b32-b61a-d714bd629402), after_update _notify_loop /var/lib/kolla/venv/lib/python3.6/site-packages/neutron_lib/callbacks/manager.py:177
2025-05-19 01:59:48.037 29 DEBUG neutron.db.agents_db [req-31639229-17c6-49c5-a40f-9935635cb14f - - - - -] Agent healthcheck: found 2 active agents agent_health_check /var/lib/kolla/venv/lib/python3.6/site-packages/neutron/db/agents_db.py:318
2025-05-19 02:00:02.441 28 DEBUG neutron_lib.callbacks.manager [req-3462d2a7-9423-432b-96c9-5932df93e551 - - - - -] Publish callbacks ['neutron.services.segments.db._update_segment_host_mapping_for_agent-8769258475840', 'neutron.plugins.ml2.plugin.Ml2Plugin._retry_binding_revived_agents-1374418'] for agent (a7e1085f-5a2d-4081-869a-0354da64c872), after_update _notify_loop /var/lib/kolla/venv/lib/python3.6/site-packages/neutron_lib/callbacks/manager.py:177
2025-05-19 02:00:10.861 22 DEBUG neutron.wsgi [-] (22) accepted ('10.0.0.254', 48866) server /var/lib/kolla/venv/lib/python3.6/site-packages/eventlet/wsgi.py:1004
2025-05-19 02:00:10.865 22 INFO neutron.wsgi [-] 10.0.0.254 "GET / HTTP/1.1" status: 200 len: 228 time: 0.0029051
2025-05-19 02:00:13.115 26 DEBUG neutron_lib.callbacks.manager [req-1e757ecf-c2a7-4b87-86ee-c491f5ac506b - - - - -] Publish callbacks ['neutron.services.segments.db._update_segment_host_mapping_for_agent-8769258475840', 'neutron.plugins.ml2.plugin.Ml2Plugin._retry_binding_revived_agents-1374418'] for agent (45635bcb-1dae-4b32-b61a-d714bd629402), after_update _notify_loop /var/lib/kolla/venv/lib/python3.6/site-packages/neutron_lib/callbacks/manager.py:177
2025-05-19 02:00:25.044 29 DEBUG neutron.db.agents_db [req-31639229-17c6-49c5-a40f-9935635cb14f - - - - -] Agent healthcheck: found 2 active agents agent_health_check /var/lib/kolla/venv/lib/python3.6/site-packages/neutron/db/agents_db.py:318
2025-05-19 02:00:32.436 23 DEBUG neutron_lib.callbacks.manager [req-3462d2a7-9423-432b-96c9-5932df93e551 - - - - -] Publish callbacks ['neutron.services.segments.db._update_segment_host_mapping_for_agent-8769258475840', 'neutron.plugins.ml2.plugin.Ml2Plugin._retry_binding_revived_agents-1374418'] for agent (a7e1085f-5a2d-4081-869a-0354da64c872), after_update _notify_loop /var/lib/kolla/venv/lib/python3.6/site-packages/neutron_lib/callbacks/manager.py:177
2025-05-19 02:00:40.912 22 DEBUG neutron.wsgi [-] (22) accepted ('10.0.0.254', 33280) server /var/lib/kolla/venv/lib/python3.6/site-packages/eventlet/wsgi.py:1004
2025-05-19 02:00:40.917 22 INFO neutron.wsgi [-] 10.0.0.254 "GET / HTTP/1.1" status: 200 len: 228 time: 0.0046625
2025-05-19 02:00:43.110 25 DEBUG neutron_lib.callbacks.manager [req-baea7e91-cdcc-450d-88f5-2bc62d3aef56 - - - - -] Publish callbacks ['neutron.services.segments.db._update_segment_host_mapping_for_agent-8769258475840', 'neutron.plugins.ml2.plugin.Ml2Plugin._retry_binding_revived_agents-1374418'] for agent (45635bcb-1dae-4b32-b61a-d714bd629402), after_update _notify_loop /var/lib/kolla/venv/lib/python3.6/site-packages/neutron_lib/callbacks/manager.py:177
2025-05-19 02:01:02.041 29 DEBUG neutron.db.agents_db [req-31639229-17c6-49c5-a40f-9935635cb14f - - - - -] Agent healthcheck: found 2 active agents agent_health_check /var/lib/kolla/venv/lib/python3.6/site-packages/neutron/db/agents_db.py:318
2025-05-19 02:01:02.439 24 DEBUG neutron_lib.callbacks.manager [req-3462d2a7-9423-432b-96c9-5932df93e551 - - - - -] Publish callbacks ['neutron.services.segments.db._update_segment_host_mapping_for_agent-8769258475840', 'neutron.plugins.ml2.plugin.Ml2Plugin._retry_binding_revived_agents-1374418'] for agent (a7e1085f-5a2d-4081-869a-0354da64c872), after_update _notify_loop /var/lib/kolla/venv/lib/python3.6/site-packages/neutron_lib/callbacks/manager.py:177
2025-05-19 02:01:10.962 22 DEBUG neutron.wsgi [-] (22) accepted ('10.0.0.254', 38414) server /var/lib/kolla/venv/lib/python3.6/site-packages/eventlet/wsgi.py:1004
2025-05-19 02:01:10.965 22 INFO neutron.wsgi [-] 10.0.0.254 "GET / HTTP/1.1" status: 200 len: 228 time: 0.0028908
2025-05-19 02:01:13.116 27 DEBUG neutron_lib.callbacks.manager [req-07c8ee1a-ff16-42f6-ab0e-8b02b48970b8 - - - - -] Publish callbacks ['neutron.services.segments.db._update_segment_host_mapping_for_agent-8769258475840', 'neutron.plugins.ml2.plugin.Ml2Plugin._retry_binding_revived_agents-1374418'] for agent (45635bcb-1dae-4b32-b61a-d714bd629402), after_update _notify_loop /var/lib/kolla/venv/lib/python3.6/site-packages/neutron_lib/callbacks/manager.py:177
2025-05-19 02:01:32.441 28 DEBUG neutron_lib.callbacks.manager [req-3462d2a7-9423-432b-96c9-5932df93e551 - - - - -] Publish callbacks ['neutron.services.segments.db._update_segment_host_mapping_for_agent-8769258475840', 'neutron.plugins.ml2.plugin.Ml2Plugin._retry_binding_revived_agents-1374418'] for agent (a7e1085f-5a2d-4081-869a-0354da64c872), after_update _notify_loop /var/lib/kolla/venv/lib/python3.6/site-packages/neutron_lib/callbacks/manager.py:177
2025-05-19 02:01:39.042 29 DEBUG neutron.db.agents_db [req-31639229-17c6-49c5-a40f-9935635cb14f - - - - -] Agent healthcheck: found 2 active agents agent_health_check /var/lib/kolla/venv/lib/python3.6/site-packages/neutron/db/agents_db.py:318
2025-05-19 02:01:41.010 22 DEBUG neutron.wsgi [-] (22) accepted ('10.0.0.254', 46998) server /var/lib/kolla/venv/lib/python3.6/site-packages/eventlet/wsgi.py:1004
2025-05-19 02:01:41.014 22 INFO neutron.wsgi [-] 10.0.0.254 "GET / HTTP/1.1" status: 200 len: 228 time: 0.0030751
2025-05-19 02:01:43.121 26 DEBUG neutron_lib.callbacks.manager [req-56358c26-4402-421b-9c9c-9ed8cb4fd697 - - - - -] Publish callbacks ['neutron.services.segments.db._update_segment_host_mapping_for_agent-8769258475840', 'neutron.plugins.ml2.plugin.Ml2Plugin._retry_binding_revived_agents-1374418'] for agent (45635bcb-1dae-4b32-b61a-d714bd629402), after_update _notify_loop /var/lib/kolla/venv/lib/python3.6/site-packages/neutron_lib/callbacks/manager.py:177
2025-05-19 02:02:02.446 23 DEBUG neutron_lib.callbacks.manager [req-3462d2a7-9423-432b-96c9-5932df93e551 - - - - -] Publish callbacks ['neutron.services.segments.db._update_segment_host_mapping_for_agent-8769258475840', 'neutron.plugins.ml2.plugin.Ml2Plugin._retry_binding_revived_agents-1374418'] for agent (a7e1085f-5a2d-4081-869a-0354da64c872), after_update _notify_loop /var/lib/kolla/venv/lib/python3.6/site-packages/neutron_lib/callbacks/manager.py:177
2025-05-19 02:02:11.058 22 DEBUG neutron.wsgi [-] (22) accepted ('10.0.0.254', 57650) server /var/lib/kolla/venv/lib/python3.6/site-packages/eventlet/wsgi.py:1004
2025-05-19 02:02:11.063 22 INFO neutron.wsgi [-] 10.0.0.254 "GET / HTTP/1.1" status: 200 len: 228 time: 0.0036190
2025-05-19 02:02:13.127 25 DEBUG neutron_lib.callbacks.manager [req-a63e8bba-4ba9-485e-8210-d1701442146c - - - - -] Publish callbacks ['neutron.services.segments.db._update_segment_host_mapping_for_agent-8769258475840', 'neutron.plugins.ml2.plugin.Ml2Plugin._retry_binding_revived_agents-1374418'] for agent (45635bcb-1dae-4b32-b61a-d714bd629402), after_update _notify_loop /var/lib/kolla/venv/lib/python3.6/site-packages/neutron_lib/callbacks/manager.py:177
2025-05-19 02:02:16.037 29 DEBUG neutron.db.agents_db [req-31639229-17c6-49c5-a40f-9935635cb14f - - - - -] Agent healthcheck: found 2 active agents agent_health_check /var/lib/kolla/venv/lib/python3.6/site-packages/neutron/db/agents_db.py:318
2025-05-19 02:02:32.448 24 DEBUG neutron_lib.callbacks.manager [req-3462d2a7-9423-432b-96c9-5932df93e551 - - - - -] Publish callbacks ['neutron.services.segments.db._update_segment_host_mapping_for_agent-8769258475840', 'neutron.plugins.ml2.plugin.Ml2Plugin._retry_binding_revived_agents-1374418'] for agent (a7e1085f-5a2d-4081-869a-0354da64c872), after_update _notify_loop /var/lib/kolla/venv/lib/python3.6/site-packages/neutron_lib/callbacks/manager.py:177
2025-05-19 02:02:41.108 22 DEBUG neutron.wsgi [-] (22) accepted ('10.0.0.254', 33396) server /var/lib/kolla/venv/lib/python3.6/site-packages/eventlet/wsgi.py:1004
2025-05-19 02:02:41.112 22 INFO neutron.wsgi [-] 10.0.0.254 "GET / HTTP/1.1" status: 200 len: 228 time: 0.0028634
2025-05-19 02:02:43.161 27 DEBUG neutron_lib.callbacks.manager [req-bdc2d779-e74d-41e2-80ce-2fc3c16411ad - - - - -] Publish callbacks ['neutron.services.segments.db._update_segment_host_mapping_for_agent-8769258475840', 'neutron.plugins.ml2.plugin.Ml2Plugin._retry_binding_revived_agents-1374418'] for agent (45635bcb-1dae-4b32-b61a-d714bd629402), after_update _notify_loop /var/lib/kolla/venv/lib/python3.6/site-packages/neutron_lib/callbacks/manager.py:177
2025-05-19 02:02:53.045 29 DEBUG neutron.db.agents_db [req-31639229-17c6-49c5-a40f-9935635cb14f - - - - -] Agent healthcheck: found 2 active agents agent_health_check /var/lib/kolla/venv/lib/python3.6/site-packages/neutron/db/agents_db.py:318
2025-05-19 02:03:02.448 28 DEBUG neutron_lib.callbacks.manager [req-3462d2a7-9423-432b-96c9-5932df93e551 - - - - -] Publish callbacks ['neutron.services.segments.db._update_segment_host_mapping_for_agent-8769258475840', 'neutron.plugins.ml2.plugin.Ml2Plugin._retry_binding_revived_agents-1374418'] for agent (a7e1085f-5a2d-4081-869a-0354da64c872), after_update _notify_loop /var/lib/kolla/venv/lib/python3.6/site-packages/neutron_lib/callbacks/manager.py:177
2025-05-19 02:03:11.159 22 DEBUG neutron.wsgi [-] (22) accepted ('10.0.0.254', 55134) server /var/lib/kolla/venv/lib/python3.6/site-packages/eventlet/wsgi.py:1004
2025-05-19 02:03:11.163 22 INFO neutron.wsgi [-] 10.0.0.254 "GET / HTTP/1.1" status: 200 len: 228 time: 0.0033417
2025-05-19 02:03:13.129 26 DEBUG neutron_lib.callbacks.manager [req-046d3c83-1b8c-4be4-bd4c-af43bc62162b - - - - -] Publish callbacks ['neutron.services.segments.db._update_segment_host_mapping_for_agent-8769258475840', 'neutron.plugins.ml2.plugin.Ml2Plugin._retry_binding_revived_agents-1374418'] for agent (45635bcb-1dae-4b32-b61a-d714bd629402), after_update _notify_loop /var/lib/kolla/venv/lib/python3.6/site-packages/neutron_lib/callbacks/manager.py:177
2025-05-19 02:03:30.052 29 DEBUG neutron.db.agents_db [req-31639229-17c6-49c5-a40f-9935635cb14f - - - - -] Agent healthcheck: found 2 active agents agent_health_check /var/lib/kolla/venv/lib/python3.6/site-packages/neutron/db/agents_db.py:318
2025-05-19 02:03:32.451 23 DEBUG neutron_lib.callbacks.manager [req-3462d2a7-9423-432b-96c9-5932df93e551 - - - - -] Publish callbacks ['neutron.services.segments.db._update_segment_host_mapping_for_agent-8769258475840', 'neutron.plugins.ml2.plugin.Ml2Plugin._retry_binding_revived_agents-1374418'] for agent (a7e1085f-5a2d-4081-869a-0354da64c872), after_update _notify_loop /var/lib/kolla/venv/lib/python3.6/site-packages/neutron_lib/callbacks/manager.py:177
2025-05-19 02:03:41.210 22 DEBUG neutron.wsgi [-] (22) accepted ('10.0.0.254', 52290) server /var/lib/kolla/venv/lib/python3.6/site-packages/eventlet/wsgi.py:1004
2025-05-19 02:03:41.213 22 INFO neutron.wsgi [-] 10.0.0.254 "GET / HTTP/1.1" status: 200 len: 228 time: 0.0026407
2025-05-19 02:03:43.127 25 DEBUG neutron_lib.callbacks.manager [req-d28f4170-d0ff-4f29-bada-8ab18ea69797 - - - - -] Publish callbacks ['neutron.services.segments.db._update_segment_host_mapping_for_agent-8769258475840', 'neutron.plugins.ml2.plugin.Ml2Plugin._retry_binding_revived_agents-1374418'] for agent (45635bcb-1dae-4b32-b61a-d714bd629402), after_update _notify_loop /var/lib/kolla/venv/lib/python3.6/site-packages/neutron_lib/callbacks/manager.py:177
2025-05-19 02:04:02.453 24 DEBUG neutron_lib.callbacks.manager [req-3462d2a7-9423-432b-96c9-5932df93e551 - - - - -] Publish callbacks ['neutron.services.segments.db._update_segment_host_mapping_for_agent-8769258475840', 'neutron.plugins.ml2.plugin.Ml2Plugin._retry_binding_revived_agents-1374418'] for agent (a7e1085f-5a2d-4081-869a-0354da64c872), after_update _notify_loop /var/lib/kolla/venv/lib/python3.6/site-packages/neutron_lib/callbacks/manager.py:177
2025-05-19 02:04:07.051 29 DEBUG neutron.db.agents_db [req-31639229-17c6-49c5-a40f-9935635cb14f - - - - -] Agent healthcheck: found 2 active agents agent_health_check /var/lib/kolla/venv/lib/python3.6/site-packages/neutron/db/agents_db.py:318
2025-05-19 02:04:11.257 22 DEBUG neutron.wsgi [-] (22) accepted ('10.0.0.254', 49666) server /var/lib/kolla/venv/lib/python3.6/site-packages/eventlet/wsgi.py:1004
2025-05-19 02:04:11.261 22 INFO neutron.wsgi [-] 10.0.0.254 "GET / HTTP/1.1" status: 200 len: 228 time: 0.0027554
2025-05-19 02:04:13.122 27 DEBUG neutron_lib.callbacks.manager [req-68233523-9ac0-4e59-aaa7-68598c0d22e2 - - - - -] Publish callbacks ['neutron.services.segments.db._update_segment_host_mapping_for_agent-8769258475840', 'neutron.plugins.ml2.plugin.Ml2Plugin._retry_binding_revived_agents-1374418'] for agent (45635bcb-1dae-4b32-b61a-d714bd629402), after_update _notify_loop /var/lib/kolla/venv/lib/python3.6/site-packages/neutron_lib/callbacks/manager.py:177
2025-05-19 02:04:32.456 28 DEBUG neutron_lib.callbacks.manager [req-3462d2a7-9423-432b-96c9-5932df93e551 - - - - -] Publish callbacks ['neutron.services.segments.db._update_segment_host_mapping_for_agent-8769258475840', 'neutron.plugins.ml2.plugin.Ml2Plugin._retry_binding_revived_agents-1374418'] for agent (a7e1085f-5a2d-4081-869a-0354da64c872), after_update _notify_loop /var/lib/kolla/venv/lib/python3.6/site-packages/neutron_lib/callbacks/manager.py:177
2025-05-19 02:04:41.310 22 DEBUG neutron.wsgi [-] (22) accepted ('10.0.0.254', 38180) server /var/lib/kolla/venv/lib/python3.6/site-packages/eventlet/wsgi.py:1004
2025-05-19 02:04:41.314 22 INFO neutron.wsgi [-] 10.0.0.254 "GET / HTTP/1.1" status: 200 len: 228 time: 0.0030625
2025-05-19 02:04:43.127 26 DEBUG neutron_lib.callbacks.manager [req-f28945f2-d91b-4035-b84e-add176b56986 - - - - -] Publish callbacks ['neutron.services.segments.db._update_segment_host_mapping_for_agent-8769258475840', 'neutron.plugins.ml2.plugin.Ml2Plugin._retry_binding_revived_agents-1374418'] for agent (45635bcb-1dae-4b32-b61a-d714bd629402), after_update _notify_loop /var/lib/kolla/venv/lib/python3.6/site-packages/neutron_lib/callbacks/manager.py:177
2025-05-19 02:04:44.050 29 DEBUG neutron.db.agents_db [req-31639229-17c6-49c5-a40f-9935635cb14f - - - - -] Agent healthcheck: found 2 active agents agent_health_check /var/lib/kolla/venv/lib/python3.6/site-packages/neutron/db/agents_db.py:318
2025-05-19 02:05:02.459 23 DEBUG neutron_lib.callbacks.manager [req-3462d2a7-9423-432b-96c9-5932df93e551 - - - - -] Publish callbacks ['neutron.services.segments.db._update_segment_host_mapping_for_agent-8769258475840', 'neutron.plugins.ml2.plugin.Ml2Plugin._retry_binding_revived_agents-1374418'] for agent (a7e1085f-5a2d-4081-869a-0354da64c872), after_update _notify_loop /var/lib/kolla/venv/lib/python3.6/site-packages/neutron_lib/callbacks/manager.py:177
2025-05-19 02:05:11.359 22 DEBUG neutron.wsgi [-] (22) accepted ('10.0.0.254', 52938) server /var/lib/kolla/venv/lib/python3.6/site-packages/eventlet/wsgi.py:1004
2025-05-19 02:05:11.363 22 INFO neutron.wsgi [-] 10.0.0.254 "GET / HTTP/1.1" status: 200 len: 228 time: 0.0028014
2025-05-19 02:05:13.122 25 DEBUG neutron_lib.callbacks.manager [req-9b03f6e8-d8b6-4769-84c7-aace18ac694d - - - - -] Publish callbacks ['neutron.services.segments.db._update_segment_host_mapping_for_agent-8769258475840', 'neutron.plugins.ml2.plugin.Ml2Plugin._retry_binding_revived_agents-1374418'] for agent (45635bcb-1dae-4b32-b61a-d714bd629402), after_update _notify_loop /var/lib/kolla/venv/lib/python3.6/site-packages/neutron_lib/callbacks/manager.py:177
2025-05-19 02:05:21.048 29 DEBUG neutron.db.agents_db [req-31639229-17c6-49c5-a40f-9935635cb14f - - - - -] Agent healthcheck: found 2 active agents agent_health_check /var/lib/kolla/venv/lib/python3.6/site-packages/neutron/db/agents_db.py:318
2025-05-19 02:05:32.465 24 DEBUG neutron_lib.callbacks.manager [req-3462d2a7-9423-432b-96c9-5932df93e551 - - - - -] Publish callbacks ['neutron.services.segments.db._update_segment_host_mapping_for_agent-8769258475840', 'neutron.plugins.ml2.plugin.Ml2Plugin._retry_binding_revived_agents-1374418'] for agent (a7e1085f-5a2d-4081-869a-0354da64c872), after_update _notify_loop /var/lib/kolla/venv/lib/python3.6/site-packages/neutron_lib/callbacks/manager.py:177
2025-05-19 02:05:41.408 22 DEBUG neutron.wsgi [-] (22) accepted ('10.0.0.254', 40962) server /var/lib/kolla/venv/lib/python3.6/site-packages/eventlet/wsgi.py:1004
2025-05-19 02:05:41.413 22 INFO neutron.wsgi [-] 10.0.0.254 "GET / HTTP/1.1" status: 200 len: 228 time: 0.0040629
2025-05-19 02:05:43.130 27 DEBUG neutron_lib.callbacks.manager [req-a7584bd6-4099-444e-94c0-9c37a0e291a0 - - - - -] Publish callbacks ['neutron.services.segments.db._update_segment_host_mapping_for_agent-8769258475840', 'neutron.plugins.ml2.plugin.Ml2Plugin._retry_binding_revived_agents-1374418'] for agent (45635bcb-1dae-4b32-b61a-d714bd629402), after_update _notify_loop /var/lib/kolla/venv/lib/python3.6/site-packages/neutron_lib/callbacks/manager.py:177
2025-05-19 02:05:58.048 29 DEBUG neutron.db.agents_db [req-31639229-17c6-49c5-a40f-9935635cb14f - - - - -] Agent healthcheck: found 2 active agents agent_health_check /var/lib/kolla/venv/lib/python3.6/site-packages/neutron/db/agents_db.py:318
2025-05-19 02:06:02.463 28 DEBUG neutron_lib.callbacks.manager [req-3462d2a7-9423-432b-96c9-5932df93e551 - - - - -] Publish callbacks ['neutron.services.segments.db._update_segment_host_mapping_for_agent-8769258475840', 'neutron.plugins.ml2.plugin.Ml2Plugin._retry_binding_revived_agents-1374418'] for agent (a7e1085f-5a2d-4081-869a-0354da64c872), after_update _notify_loop /var/lib/kolla/venv/lib/python3.6/site-packages/neutron_lib/callbacks/manager.py:177
2025-05-19 02:06:11.468 22 DEBUG neutron.wsgi [-] (22) accepted ('10.0.0.254', 53676) server /var/lib/kolla/venv/lib/python3.6/site-packages/eventlet/wsgi.py:1004
2025-05-19 02:06:11.471 22 INFO neutron.wsgi [-] 10.0.0.254 "GET / HTTP/1.1" status: 200 len: 228 time: 0.0026920
2025-05-19 02:06:13.126 26 DEBUG neutron_lib.callbacks.manager [req-e634641d-8a7b-44a0-be7c-04281db6ae51 - - - - -] Publish callbacks ['neutron.services.segments.db._update_segment_host_mapping_for_agent-8769258475840', 'neutron.plugins.ml2.plugin.Ml2Plugin._retry_binding_revived_agents-1374418'] for agent (45635bcb-1dae-4b32-b61a-d714bd629402), after_update _notify_loop /var/lib/kolla/venv/lib/python3.6/site-packages/neutron_lib/callbacks/manager.py:177
2025-05-19 02:06:32.464 23 DEBUG neutron_lib.callbacks.manager [req-3462d2a7-9423-432b-96c9-5932df93e551 - - - - -] Publish callbacks ['neutron.services.segments.db._update_segment_host_mapping_for_agent-8769258475840', 'neutron.plugins.ml2.plugin.Ml2Plugin._retry_binding_revived_agents-1374418'] for agent (a7e1085f-5a2d-4081-869a-0354da64c872), after_update _notify_loop /var/lib/kolla/venv/lib/python3.6/site-packages/neutron_lib/callbacks/manager.py:177
2025-05-19 02:06:35.045 29 DEBUG neutron.db.agents_db [req-31639229-17c6-49c5-a40f-9935635cb14f - - - - -] Agent healthcheck: found 2 active agents agent_health_check /var/lib/kolla/venv/lib/python3.6/site-packages/neutron/db/agents_db.py:318
2025-05-19 02:06:41.525 22 DEBUG neutron.wsgi [-] (22) accepted ('10.0.0.254', 37552) server /var/lib/kolla/venv/lib/python3.6/site-packages/eventlet/wsgi.py:1004
2025-05-19 02:06:41.529 22 INFO neutron.wsgi [-] 10.0.0.254 "GET / HTTP/1.1" status: 200 len: 228 time: 0.0027170
2025-05-19 02:06:43.122 25 DEBUG neutron_lib.callbacks.manager [req-7b4ab70e-1deb-43fe-98d5-78cd4e689c66 - - - - -] Publish callbacks ['neutron.services.segments.db._update_segment_host_mapping_for_agent-8769258475840', 'neutron.plugins.ml2.plugin.Ml2Plugin._retry_binding_revived_agents-1374418'] for agent (45635bcb-1dae-4b32-b61a-d714bd629402), after_update _notify_loop /var/lib/kolla/venv/lib/python3.6/site-packages/neutron_lib/callbacks/manager.py:177
2025-05-19 02:06:45.300 7 INFO oslo_service.service [-] Caught SIGTERM, stopping children
2025-05-19 02:06:45.301 7 DEBUG oslo_concurrency.lockutils [-] Acquired lock "singleton_lock" lock /var/lib/kolla/venv/lib/python3.6/site-packages/oslo_concurrency/lockutils.py:294
2025-05-19 02:06:45.301 7 DEBUG oslo_concurrency.lockutils [-] Releasing lock "singleton_lock" lock /var/lib/kolla/venv/lib/python3.6/site-packages/oslo_concurrency/lockutils.py:312
2025-05-19 02:06:45.301 7 DEBUG oslo_service.service [-] Stop services. stop /var/lib/kolla/venv/lib/python3.6/site-packages/oslo_service/service.py:695
2025-05-19 02:06:45.301 7 DEBUG neutron.service [-] calling RpcWorker stop() stop /var/lib/kolla/venv/lib/python3.6/site-packages/neutron/service.py:138
2025-05-19 02:06:45.301 7 DEBUG neutron.service [-] calling RpcWorker stop() stop /var/lib/kolla/venv/lib/python3.6/site-packages/neutron/service.py:138
2025-05-19 02:06:45.301 7 DEBUG oslo_service.service [-] Killing children. stop /var/lib/kolla/venv/lib/python3.6/site-packages/oslo_service/service.py:700
2025-05-19 02:06:45.302 7 INFO oslo_service.service [-] Waiting on 8 children to exit
2025-05-19 02:06:45.302 22 INFO neutron.wsgi [-] (22) wsgi exited, is_accepting=True
2025-05-19 02:06:45.302 24 DEBUG neutron.service [-] calling RpcWorker stop() stop /var/lib/kolla/venv/lib/python3.6/site-packages/neutron/service.py:138
2025-05-19 02:06:45.303 22 DEBUG oslo_concurrency.lockutils [req-e28107ae-eb20-4370-8257-5a13480d905d - - - - -] Acquired lock "singleton_lock" lock /var/lib/kolla/venv/lib/python3.6/site-packages/oslo_concurrency/lockutils.py:294
2025-05-19 02:06:45.303 22 DEBUG oslo_concurrency.lockutils [req-e28107ae-eb20-4370-8257-5a13480d905d - - - - -] Releasing lock "singleton_lock" lock /var/lib/kolla/venv/lib/python3.6/site-packages/oslo_concurrency/lockutils.py:312
2025-05-19 02:06:45.302 24 DEBUG neutron.service [-] calling stop on stop /var/lib/kolla/venv/lib/python3.6/site-packages/neutron/service.py:141
2025-05-19 02:06:45.305 26 DEBUG neutron.service [-] calling RpcWorker stop() stop /var/lib/kolla/venv/lib/python3.6/site-packages/neutron/service.py:138
2025-05-19 02:06:45.305 23 DEBUG neutron.service [-] calling RpcWorker stop() stop /var/lib/kolla/venv/lib/python3.6/site-packages/neutron/service.py:138
2025-05-19 02:06:45.306 23 DEBUG neutron.service [-] calling stop on stop /var/lib/kolla/venv/lib/python3.6/site-packages/neutron/service.py:141
2025-05-19 02:06:45.305 26 DEBUG neutron.service [-] calling stop on stop /var/lib/kolla/venv/lib/python3.6/site-packages/neutron/service.py:141
2025-05-19 02:06:45.308 7 INFO oslo_service.service [-] Child 22 exited with status 0
2025-05-19 02:06:45.313 25 DEBUG neutron.service [-] calling RpcWorker stop() stop /var/lib/kolla/venv/lib/python3.6/site-packages/neutron/service.py:138
2025-05-19 02:06:45.313 29 DEBUG neutron.service [-] calling RpcWorker stop() stop /var/lib/kolla/venv/lib/python3.6/site-packages/neutron/service.py:138
2025-05-19 02:06:45.313 27 DEBUG neutron.service [-] calling RpcWorker stop() stop /var/lib/kolla/venv/lib/python3.6/site-packages/neutron/service.py:138
2025-05-19 02:06:45.313 29 DEBUG neutron.service [-] calling stop on stop /var/lib/kolla/venv/lib/python3.6/site-packages/neutron/service.py:141
2025-05-19 02:06:45.315 28 DEBUG neutron.service [-] calling RpcWorker stop() stop /var/lib/kolla/venv/lib/python3.6/site-packages/neutron/service.py:138
2025-05-19 02:06:45.313 25 DEBUG neutron.service [-] calling stop on stop /var/lib/kolla/venv/lib/python3.6/site-packages/neutron/service.py:141
2025-05-19 02:06:45.314 27 DEBUG neutron.service [-] calling stop on stop /var/lib/kolla/venv/lib/python3.6/site-packages/neutron/service.py:141
2025-05-19 02:06:45.315 28 DEBUG neutron.service [-] calling stop on stop /var/lib/kolla/venv/lib/python3.6/site-packages/neutron/service.py:141
2025-05-19 02:06:46.324 26 DEBUG oslo_concurrency.lockutils [req-e28107ae-eb20-4370-8257-5a13480d905d - - - - -] Acquired lock "singleton_lock" lock /var/lib/kolla/venv/lib/python3.6/site-packages/oslo_concurrency/lockutils.py:294
2025-05-19 02:06:46.324 26 DEBUG oslo_concurrency.lockutils [req-e28107ae-eb20-4370-8257-5a13480d905d - - - - -] Releasing lock "singleton_lock" lock /var/lib/kolla/venv/lib/python3.6/site-packages/oslo_concurrency/lockutils.py:312
2025-05-19 02:06:46.324 26 DEBUG neutron.service [req-e28107ae-eb20-4370-8257-5a13480d905d - - - - -] calling RpcWorker wait() _wait /var/lib/kolla/venv/lib/python3.6/site-packages/neutron/service.py:128
2025-05-19 02:06:46.324 26 DEBUG neutron.service [req-e28107ae-eb20-4370-8257-5a13480d905d - - - - -] calling wait on _wait /var/lib/kolla/venv/lib/python3.6/site-packages/neutron/service.py:131
2025-05-19 02:06:46.332 26 WARNING amqp [req-e28107ae-eb20-4370-8257-5a13480d905d - - - - -] Received method (60, 30) during closing channel 1. This method will be ignored
2025-05-19 02:06:46.333 26 DEBUG neutron.service [req-e28107ae-eb20-4370-8257-5a13480d905d - - - - -] returning from RpcWorker wait() _wait /var/lib/kolla/venv/lib/python3.6/site-packages/neutron/service.py:135
2025-05-19 02:06:46.337 7 INFO oslo_service.service [-] Child 26 exited with status 0
2025-05-19 02:06:49.025 23 DEBUG neutron.service [-] calling stop on stop /var/lib/kolla/venv/lib/python3.6/site-packages/neutron/service.py:141
2025-05-19 02:06:49.041 25 DEBUG neutron.service [-] calling stop on stop /var/lib/kolla/venv/lib/python3.6/site-packages/neutron/service.py:141
2025-05-19 02:06:49.042 27 DEBUG oslo_concurrency.lockutils [req-e28107ae-eb20-4370-8257-5a13480d905d - - - - -] Acquired lock "singleton_lock" lock /var/lib/kolla/venv/lib/python3.6/site-packages/oslo_concurrency/lockutils.py:294
2025-05-19 02:06:49.042 27 DEBUG oslo_concurrency.lockutils [req-e28107ae-eb20-4370-8257-5a13480d905d - - - - -] Releasing lock "singleton_lock" lock /var/lib/kolla/venv/lib/python3.6/site-packages/oslo_concurrency/lockutils.py:312
2025-05-19 02:06:49.042 27 DEBUG neutron.service [req-e28107ae-eb20-4370-8257-5a13480d905d - - - - -] calling RpcWorker wait() _wait /var/lib/kolla/venv/lib/python3.6/site-packages/neutron/service.py:128
2025-05-19 02:06:49.042 27 DEBUG neutron.service [req-e28107ae-eb20-4370-8257-5a13480d905d - - - - -] calling wait on _wait /var/lib/kolla/venv/lib/python3.6/site-packages/neutron/service.py:131
2025-05-19 02:06:49.042 23 DEBUG neutron.service [-] calling stop on stop /var/lib/kolla/venv/lib/python3.6/site-packages/neutron/service.py:141
2025-05-19 02:06:49.045 28 DEBUG oslo_concurrency.lockutils [req-e28107ae-eb20-4370-8257-5a13480d905d - - - - -] Acquired lock "singleton_lock" lock /var/lib/kolla/venv/lib/python3.6/site-packages/oslo_concurrency/lockutils.py:294
2025-05-19 02:06:49.045 28 DEBUG oslo_concurrency.lockutils [req-e28107ae-eb20-4370-8257-5a13480d905d - - - - -] Releasing lock "singleton_lock" lock /var/lib/kolla/venv/lib/python3.6/site-packages/oslo_concurrency/lockutils.py:312
2025-05-19 02:06:49.045 28 DEBUG neutron.service [req-e28107ae-eb20-4370-8257-5a13480d905d - - - - -] calling RpcWorker wait() _wait /var/lib/kolla/venv/lib/python3.6/site-packages/neutron/service.py:128
2025-05-19 02:06:49.045 28 DEBUG neutron.service [req-e28107ae-eb20-4370-8257-5a13480d905d - - - - -] calling wait on _wait /var/lib/kolla/venv/lib/python3.6/site-packages/neutron/service.py:131
2025-05-19 02:06:49.046 25 DEBUG neutron.service [-] calling stop on stop /var/lib/kolla/venv/lib/python3.6/site-packages/neutron/service.py:141
2025-05-19 02:06:49.050 27 WARNING amqp [req-e28107ae-eb20-4370-8257-5a13480d905d - - - - -] Received method (60, 30) during closing channel 1. This method will be ignored
2025-05-19 02:06:49.051 27 DEBUG neutron.service [req-e28107ae-eb20-4370-8257-5a13480d905d - - - - -] returning from RpcWorker wait() _wait /var/lib/kolla/venv/lib/python3.6/site-packages/neutron/service.py:135
2025-05-19 02:06:49.051 24 DEBUG neutron.service [-] calling stop on stop /var/lib/kolla/venv/lib/python3.6/site-packages/neutron/service.py:141
2025-05-19 02:06:49.057 29 DEBUG oslo_concurrency.lockutils [req-e28107ae-eb20-4370-8257-5a13480d905d - - - - -] Acquired lock "singleton_lock" lock /var/lib/kolla/venv/lib/python3.6/site-packages/oslo_concurrency/lockutils.py:294
2025-05-19 02:06:49.058 7 INFO oslo_service.service [-] Child 27 exited with status 0
2025-05-19 02:06:49.058 24 DEBUG neutron.service [-] calling stop on stop /var/lib/kolla/venv/lib/python3.6/site-packages/neutron/service.py:141
2025-05-19 02:06:49.059 29 DEBUG oslo_concurrency.lockutils [req-e28107ae-eb20-4370-8257-5a13480d905d - - - - -] Releasing lock "singleton_lock" lock /var/lib/kolla/venv/lib/python3.6/site-packages/oslo_concurrency/lockutils.py:312
2025-05-19 02:06:49.059 29 DEBUG neutron.service [req-e28107ae-eb20-4370-8257-5a13480d905d - - - - -] calling RpcWorker wait() _wait /var/lib/kolla/venv/lib/python3.6/site-packages/neutron/service.py:128
2025-05-19 02:06:49.060 29 DEBUG neutron.service [req-e28107ae-eb20-4370-8257-5a13480d905d - - - - -] calling wait on _wait /var/lib/kolla/venv/lib/python3.6/site-packages/neutron/service.py:131
2025-05-19 02:06:49.061 28 WARNING amqp [req-e28107ae-eb20-4370-8257-5a13480d905d - - - - -] Received method (60, 30) during closing channel 1. This method will be ignored
2025-05-19 02:06:49.062 28 DEBUG neutron.service [req-e28107ae-eb20-4370-8257-5a13480d905d - - - - -] returning from RpcWorker wait() _wait /var/lib/kolla/venv/lib/python3.6/site-packages/neutron/service.py:135
2025-05-19 02:06:49.066 29 WARNING amqp [req-e28107ae-eb20-4370-8257-5a13480d905d - - - - -] Received method (60, 30) during closing channel 1. This method will be ignored
2025-05-19 02:06:49.067 7 INFO oslo_service.service [-] Child 28 exited with status 0
2025-05-19 02:06:49.068 29 DEBUG neutron.service [req-e28107ae-eb20-4370-8257-5a13480d905d - - - - -] returning from RpcWorker wait() _wait /var/lib/kolla/venv/lib/python3.6/site-packages/neutron/service.py:135
2025-05-19 02:06:49.073 24 DEBUG neutron.service [-] calling stop on stop /var/lib/kolla/venv/lib/python3.6/site-packages/neutron/service.py:141
2025-05-19 02:06:49.075 7 INFO oslo_service.service [-] Child 29 exited with status 0
2025-05-19 02:06:49.085 24 DEBUG oslo_concurrency.lockutils [req-e28107ae-eb20-4370-8257-5a13480d905d - - - - -] Acquired lock "singleton_lock" lock /var/lib/kolla/venv/lib/python3.6/site-packages/oslo_concurrency/lockutils.py:294
2025-05-19 02:06:49.085 24 DEBUG oslo_concurrency.lockutils [req-e28107ae-eb20-4370-8257-5a13480d905d - - - - -] Releasing lock "singleton_lock" lock /var/lib/kolla/venv/lib/python3.6/site-packages/oslo_concurrency/lockutils.py:312
2025-05-19 02:06:49.085 24 DEBUG neutron.service [req-e28107ae-eb20-4370-8257-5a13480d905d - - - - -] calling RpcWorker wait() _wait /var/lib/kolla/venv/lib/python3.6/site-packages/neutron/service.py:128
2025-05-19 02:06:49.085 24 DEBUG neutron.service [req-e28107ae-eb20-4370-8257-5a13480d905d - - - - -] calling wait on _wait /var/lib/kolla/venv/lib/python3.6/site-packages/neutron/service.py:131
2025-05-19 02:06:49.091 24 WARNING amqp [req-e28107ae-eb20-4370-8257-5a13480d905d - - - - -] Received method (60, 30) during closing channel 1. This method will be ignored
2025-05-19 02:06:49.091 24 DEBUG neutron.service [req-e28107ae-eb20-4370-8257-5a13480d905d - - - - -] calling wait on _wait /var/lib/kolla/venv/lib/python3.6/site-packages/neutron/service.py:131
2025-05-19 02:06:49.096 24 WARNING amqp [req-e28107ae-eb20-4370-8257-5a13480d905d - - - - -] Received method (60, 30) during closing channel 1. This method will be ignored
2025-05-19 02:06:49.097 24 DEBUG neutron.service [req-e28107ae-eb20-4370-8257-5a13480d905d - - - - -] calling wait on _wait /var/lib/kolla/venv/lib/python3.6/site-packages/neutron/service.py:131
2025-05-19 02:06:49.101 24 WARNING amqp [req-e28107ae-eb20-4370-8257-5a13480d905d - - - - -] Received method (60, 30) during closing channel 1. This method will be ignored
2025-05-19 02:06:49.102 24 DEBUG neutron.service [req-e28107ae-eb20-4370-8257-5a13480d905d - - - - -] calling wait on _wait /var/lib/kolla/venv/lib/python3.6/site-packages/neutron/service.py:131
2025-05-19 02:06:49.106 24 WARNING amqp [req-e28107ae-eb20-4370-8257-5a13480d905d - - - - -] Received method (60, 30) during closing channel 1. This method will be ignored
2025-05-19 02:06:49.107 24 DEBUG neutron.service [req-e28107ae-eb20-4370-8257-5a13480d905d - - - - -] returning from RpcWorker wait() _wait /var/lib/kolla/venv/lib/python3.6/site-packages/neutron/service.py:135
2025-05-19 02:06:49.112 7 INFO oslo_service.service [-] Child 24 exited with status 0
2025-05-19 02:06:50.661 23 DEBUG neutron.service [-] calling stop on stop /var/lib/kolla/venv/lib/python3.6/site-packages/neutron/service.py:141
2025-05-19 02:06:51.314 25 DEBUG neutron.service [-] calling stop on stop /var/lib/kolla/venv/lib/python3.6/site-packages/neutron/service.py:141
2025-05-19 02:06:54.081 25 DEBUG oslo_concurrency.lockutils [req-e28107ae-eb20-4370-8257-5a13480d905d - - - - -] Acquired lock "singleton_lock" lock /var/lib/kolla/venv/lib/python3.6/site-packages/oslo_concurrency/lockutils.py:294
2025-05-19 02:06:54.081 23 DEBUG oslo_concurrency.lockutils [req-e28107ae-eb20-4370-8257-5a13480d905d - - - - -] Acquired lock "singleton_lock" lock /var/lib/kolla/venv/lib/python3.6/site-packages/oslo_concurrency/lockutils.py:294
2025-05-19 02:06:54.081 25 DEBUG oslo_concurrency.lockutils [req-e28107ae-eb20-4370-8257-5a13480d905d - - - - -] Releasing lock "singleton_lock" lock /var/lib/kolla/venv/lib/python3.6/site-packages/oslo_concurrency/lockutils.py:312
2025-05-19 02:06:54.081 23 DEBUG oslo_concurrency.lockutils [req-e28107ae-eb20-4370-8257-5a13480d905d - - - - -] Releasing lock "singleton_lock" lock /var/lib/kolla/venv/lib/python3.6/site-packages/oslo_concurrency/lockutils.py:312
2025-05-19 02:06:54.081 25 DEBUG neutron.service [req-e28107ae-eb20-4370-8257-5a13480d905d - - - - -] calling RpcWorker wait() _wait /var/lib/kolla/venv/lib/python3.6/site-packages/neutron/service.py:128
2025-05-19 02:06:54.081 25 DEBUG neutron.service [req-e28107ae-eb20-4370-8257-5a13480d905d - - - - -] calling wait on _wait /var/lib/kolla/venv/lib/python3.6/site-packages/neutron/service.py:131
2025-05-19 02:06:54.081 23 DEBUG neutron.service [req-e28107ae-eb20-4370-8257-5a13480d905d - - - - -] calling RpcWorker wait() _wait /var/lib/kolla/venv/lib/python3.6/site-packages/neutron/service.py:128
2025-05-19 02:06:54.082 23 DEBUG neutron.service [req-e28107ae-eb20-4370-8257-5a13480d905d - - - - -] calling wait on _wait /var/lib/kolla/venv/lib/python3.6/site-packages/neutron/service.py:131
2025-05-19 02:06:54.091 25 WARNING amqp [req-e28107ae-eb20-4370-8257-5a13480d905d - - - - -] Received method (60, 30) during closing channel 1. This method will be ignored
2025-05-19 02:06:54.092 25 DEBUG neutron.service [req-e28107ae-eb20-4370-8257-5a13480d905d - - - - -] calling wait on _wait /var/lib/kolla/venv/lib/python3.6/site-packages/neutron/service.py:131
2025-05-19 02:06:54.094 23 WARNING amqp [req-e28107ae-eb20-4370-8257-5a13480d905d - - - - -] Received method (60, 30) during closing channel 1. This method will be ignored
2025-05-19 02:06:54.095 23 DEBUG neutron.service [req-e28107ae-eb20-4370-8257-5a13480d905d - - - - -] calling wait on _wait /var/lib/kolla/venv/lib/python3.6/site-packages/neutron/service.py:131
2025-05-19 02:06:54.097 25 WARNING amqp [req-e28107ae-eb20-4370-8257-5a13480d905d - - - - -] Received method (60, 30) during closing channel 1. This method will be ignored
2025-05-19 02:06:54.098 25 DEBUG neutron.service [req-e28107ae-eb20-4370-8257-5a13480d905d - - - - -] calling wait on _wait /var/lib/kolla/venv/lib/python3.6/site-packages/neutron/service.py:131
2025-05-19 02:06:54.099 23 WARNING amqp [req-e28107ae-eb20-4370-8257-5a13480d905d - - - - -] Received method (60, 30) during closing channel 1. This method will be ignored
2025-05-19 02:06:54.100 23 DEBUG neutron.service [req-e28107ae-eb20-4370-8257-5a13480d905d - - - - -] calling wait on _wait /var/lib/kolla/venv/lib/python3.6/site-packages/neutron/service.py:131
2025-05-19 02:06:54.102 25 WARNING amqp [req-e28107ae-eb20-4370-8257-5a13480d905d - - - - -] Received method (60, 30) during closing channel 1. This method will be ignored
2025-05-19 02:06:54.103 25 DEBUG neutron.service [req-e28107ae-eb20-4370-8257-5a13480d905d - - - - -] calling wait on _wait /var/lib/kolla/venv/lib/python3.6/site-packages/neutron/service.py:131
2025-05-19 02:06:54.105 23 WARNING amqp [req-e28107ae-eb20-4370-8257-5a13480d905d - - - - -] Received method (60, 30) during closing channel 1. This method will be ignored
2025-05-19 02:06:54.105 23 DEBUG neutron.service [req-e28107ae-eb20-4370-8257-5a13480d905d - - - - -] calling wait on _wait /var/lib/kolla/venv/lib/python3.6/site-packages/neutron/service.py:131
2025-05-19 02:06:54.108 25 WARNING amqp [req-e28107ae-eb20-4370-8257-5a13480d905d - - - - -] Received method (60, 30) during closing channel 1. This method will be ignored
2025-05-19 02:06:54.108 25 DEBUG neutron.service [req-e28107ae-eb20-4370-8257-5a13480d905d - - - - -] returning from RpcWorker wait() _wait /var/lib/kolla/venv/lib/python3.6/site-packages/neutron/service.py:135
2025-05-19 02:06:54.110 23 WARNING amqp [req-e28107ae-eb20-4370-8257-5a13480d905d - - - - -] Received method (60, 30) during closing channel 1. This method will be ignored
2025-05-19 02:06:54.111 23 DEBUG neutron.service [req-e28107ae-eb20-4370-8257-5a13480d905d - - - - -] returning from RpcWorker wait() _wait /var/lib/kolla/venv/lib/python3.6/site-packages/neutron/service.py:135
2025-05-19 02:06:54.114 7 INFO oslo_service.service [-] Child 25 exited with status 0
2025-05-19 02:06:54.118 7 INFO oslo_service.service [-] Child 23 exited with status 0
2025-05-19 02:06:54.118 7 INFO oslo_service.service [-] Wait called after thread killed. Cleaning up.
2025-05-19 02:06:54.118 7 DEBUG oslo_service.service [-] Stop services. stop /var/lib/kolla/venv/lib/python3.6/site-packages/oslo_service/service.py:695
2025-05-19 02:06:54.118 7 DEBUG oslo_service.service [-] Killing children. stop /var/lib/kolla/venv/lib/python3.6/site-packages/oslo_service/service.py:700
2025-05-19 02:06:56.794 7 INFO neutron.common.config [-] Logging enabled!
2025-05-19 02:06:56.794 7 INFO neutron.common.config [-] /var/lib/kolla/venv/bin/neutron-server version 20.5.1.dev23
2025-05-19 02:06:56.795 7 DEBUG neutron.common.config [-] command line: /var/lib/kolla/venv/bin/neutron-server --config-file /etc/neutron/neutron.conf --config-file /etc/neutron/ContrailPlugin.ini --config-file /etc/neutron/api-paste.ini setup_logging /var/lib/kolla/venv/lib/python3.6/site-packages/neutron/common/config.py:115
2025-05-19 02:06:56.799 7 INFO neutron.common.config [-] Logging enabled!
2025-05-19 02:06:56.799 7 INFO neutron.common.config [-] /var/lib/kolla/venv/bin/neutron-server version 20.5.1.dev23
2025-05-19 02:06:56.800 7 DEBUG neutron.common.config [-] command line: /var/lib/kolla/venv/bin/neutron-server --config-file /etc/neutron/neutron.conf --config-file /etc/neutron/ContrailPlugin.ini --config-file /etc/neutron/api-paste.ini setup_logging /var/lib/kolla/venv/lib/python3.6/site-packages/neutron/common/config.py:115
2025-05-19 02:06:56.800 7 DEBUG neutron.common.config [-] ******************************************************************************** log_opt_values /var/lib/kolla/venv/lib/python3.6/site-packages/oslo_config/cfg.py:2589
2025-05-19 02:06:56.800 7 DEBUG neutron.common.config [-] Configuration options gathered from: log_opt_values /var/lib/kolla/venv/lib/python3.6/site-packages/oslo_config/cfg.py:2590
2025-05-19 02:06:56.800 7 DEBUG neutron.common.config [-] command line args: ['--config-file', '/etc/neutron/neutron.conf', '--config-file', '/etc/neutron/ContrailPlugin.ini', '--config-file', '/etc/neutron/api-paste.ini'] log_opt_values /var/lib/kolla/venv/lib/python3.6/site-packages/oslo_config/cfg.py:2591
2025-05-19 02:06:56.801 7 DEBUG neutron.common.config [-] config files: ['/etc/neutron/neutron.conf', '/etc/neutron/ContrailPlugin.ini', '/etc/neutron/api-paste.ini'] log_opt_values /var/lib/kolla/venv/lib/python3.6/site-packages/oslo_config/cfg.py:2593
2025-05-19 02:06:56.801 7 DEBUG neutron.common.config [-] ================================================================================ log_opt_values /var/lib/kolla/venv/lib/python3.6/site-packages/oslo_config/cfg.py:2594
2025-05-19 02:06:56.802 7 DEBUG neutron.common.config [-] allow_bulk = True log_opt_values /var/lib/kolla/venv/lib/python3.6/site-packages/oslo_config/cfg.py:2603
