2025-05-15 00:39:54.023 138720 DEBUG oslo_db.sqlalchemy.engines [req-d020ce5c-c2f2-409b-8311-ebba53047277 - - - - -] MySQL server mode set to STRICT_TRANS_TABLES,STRICT_ALL_TABLES,NO_ZERO_IN_DATE,NO_ZERO_DATE,ERROR_FOR_DIVISION_BY_ZERO,TRADITIONAL,NO_ENGINE_SUBSTITUTION _check_effective_sql_mode /usr/lib/python3/dist-packages/oslo_db/sqlalchemy/engines.py:314
2025-05-15 00:39:54.042 138720 DEBUG oslo_concurrency.lockutils [req-d020ce5c-c2f2-409b-8311-ebba53047277 - - - - -] Acquired lock "singleton_lock" lock /usr/lib/python3/dist-packages/oslo_concurrency/lockutils.py:294
2025-05-15 00:39:54.043 138720 DEBUG oslo_concurrency.lockutils [req-d020ce5c-c2f2-409b-8311-ebba53047277 - - - - -] Releasing lock "singleton_lock" lock /usr/lib/python3/dist-packages/oslo_concurrency/lockutils.py:312
2025-05-15 00:39:54.043 138720 INFO oslo_service.service [req-d020ce5c-c2f2-409b-8311-ebba53047277 - - - - -] Starting 4 workers
2025-05-15 00:39:54.047 138720 DEBUG oslo_service.service [req-d020ce5c-c2f2-409b-8311-ebba53047277 - - - - -] Started child 139021 _start_child /usr/lib/python3/dist-packages/oslo_service/service.py:575
2025-05-15 00:39:54.052 139021 INFO nova.service [-] Starting scheduler node (version 25.2.1)
2025-05-15 00:39:54.052 138720 DEBUG oslo_service.service [req-d020ce5c-c2f2-409b-8311-ebba53047277 - - - - -] Started child 139022 _start_child /usr/lib/python3/dist-packages/oslo_service/service.py:575
2025-05-15 00:39:54.056 138720 DEBUG oslo_service.service [req-d020ce5c-c2f2-409b-8311-ebba53047277 - - - - -] Started child 139023 _start_child /usr/lib/python3/dist-packages/oslo_service/service.py:575
2025-05-15 00:39:54.056 139022 INFO nova.service [-] Starting scheduler node (version 25.2.1)
2025-05-15 00:39:54.059 138720 DEBUG oslo_service.service [req-d020ce5c-c2f2-409b-8311-ebba53047277 - - - - -] Started child 139024 _start_child /usr/lib/python3/dist-packages/oslo_service/service.py:575
2025-05-15 00:39:54.061 138720 DEBUG oslo_service.service [req-d020ce5c-c2f2-409b-8311-ebba53047277 - - - - -] Full set of CONF: wait /usr/lib/python3/dist-packages/oslo_service/service.py:649
2025-05-15 00:39:54.061 139023 INFO nova.service [-] Starting scheduler node (version 25.2.1)
2025-05-15 00:39:54.061 138720 DEBUG oslo_service.service [req-d020ce5c-c2f2-409b-8311-ebba53047277 - - - - -] ******************************************************************************** log_opt_values /usr/lib/python3/dist-packages/oslo_config/cfg.py:2589
2025-05-15 00:39:54.061 138720 DEBUG oslo_service.service [req-d020ce5c-c2f2-409b-8311-ebba53047277 - - - - -] Configuration options gathered from: log_opt_values /usr/lib/python3/dist-packages/oslo_config/cfg.py:2590
2025-05-15 00:39:54.061 138720 DEBUG oslo_service.service [req-d020ce5c-c2f2-409b-8311-ebba53047277 - - - - -] command line args: ['--config-file=/etc/nova/nova.conf', '--log-file=/var/log/nova/nova-scheduler.log'] log_opt_values /usr/lib/python3/dist-packages/oslo_config/cfg.py:2591
2025-05-15 00:39:54.062 138720 DEBUG oslo_service.service [req-d020ce5c-c2f2-409b-8311-ebba53047277 - - - - -] config files: ['/etc/nova/nova.conf'] log_opt_values /usr/lib/python3/dist-packages/oslo_config/cfg.py:2592
2025-05-15 00:39:54.062 138720 DEBUG oslo_service.service [req-d020ce5c-c2f2-409b-8311-ebba53047277 - - - - -] ================================================================================ log_opt_values /usr/lib/python3/dist-packages/oslo_config/cfg.py:2594
2025-05-15 00:39:54.062 138720 DEBUG oslo_service.service [req-d020ce5c-c2f2-409b-8311-ebba53047277 - - - - -] allow_resize_to_same_host = False log_opt_values /usr/lib/python3/dist-packages/oslo_config/cfg.py:2602
2025-05-15 00:39:54.063 138720 DEBUG oslo_service.service [req-d020ce5c-c2f2-409b-8311-ebba53047277 - - - - -] arq_binding_timeout = 300 log_opt_values /usr/lib/python3/dist-packages/oslo_config/cfg.py:2602
2025-05-15 00:39:54.063 138720 DEBUG oslo_service.service [req-d020ce5c-c2f2-409b-8311-ebba53047277 - - - - -] block_device_allocate_retries = 60 log_opt_values /usr/lib/python3/dist-packages/oslo_config/cfg.py:2602
2025-05-15 00:39:54.063 138720 DEBUG oslo_service.service [req-d020ce5c-c2f2-409b-8311-ebba53047277 - - - - -] block_device_allocate_retries_interval = 3 log_opt_values /usr/lib/python3/dist-packages/oslo_config/cfg.py:2602
2025-05-15 00:39:54.063 138720 DEBUG oslo_service.service [req-d020ce5c-c2f2-409b-8311-ebba53047277 - - - - -] cert = self.pem log_opt_values /usr/lib/python3/dist-packages/oslo_config/cfg.py:2602
2025-05-15 00:39:54.063 138720 DEBUG oslo_service.service [req-d020ce5c-c2f2-409b-8311-ebba53047277 - - - - -] compute_driver = libvirt.LibvirtDriver log_opt_values /usr/lib/python3/dist-packages/oslo_config/cfg.py:2602
2025-05-15 00:39:54.063 139021 DEBUG oslo_db.sqlalchemy.engines [req-432fbaf0-38c2-4a33-b1a7-89e770ce21a7 - - - - -] MySQL server mode set to STRICT_TRANS_TABLES,STRICT_ALL_TABLES,NO_ZERO_IN_DATE,NO_ZERO_DATE,ERROR_FOR_DIVISION_BY_ZERO,TRADITIONAL,NO_ENGINE_SUBSTITUTION _check_effective_sql_mode /usr/lib/python3/dist-packages/oslo_db/sqlalchemy/engines.py:314
2025-05-15 00:39:54.064 138720 DEBUG oslo_service.service [req-d020ce5c-c2f2-409b-8311-ebba53047277 - - - - -] compute_monitors = [] log_opt_values /usr/lib/python3/dist-packages/oslo_config/cfg.py:2602
2025-05-15 00:39:54.063 139024 INFO nova.service [-] Starting scheduler node (version 25.2.1)
2025-05-15 00:39:54.064 138720 DEBUG oslo_service.service [req-d020ce5c-c2f2-409b-8311-ebba53047277 - - - - -] config_dir = [] log_opt_values /usr/lib/python3/dist-packages/oslo_config/cfg.py:2602
2025-05-15 00:39:54.064 138720 DEBUG oslo_service.service [req-d020ce5c-c2f2-409b-8311-ebba53047277 - - - - -] config_drive_format = iso9660 log_opt_values /usr/lib/python3/dist-packages/oslo_config/cfg.py:2602
2025-05-15 00:39:54.064 138720 DEBUG oslo_service.service [req-d020ce5c-c2f2-409b-8311-ebba53047277 - - - - -] config_file = ['/etc/nova/nova.conf'] log_opt_values /usr/lib/python3/dist-packages/oslo_config/cfg.py:2602
2025-05-15 00:39:54.065 138720 DEBUG oslo_service.service [req-d020ce5c-c2f2-409b-8311-ebba53047277 - - - - -] config_source = [] log_opt_values /usr/lib/python3/dist-packages/oslo_config/cfg.py:2602
2025-05-15 00:39:54.065 138720 DEBUG oslo_service.service [req-d020ce5c-c2f2-409b-8311-ebba53047277 - - - - -] console_host = juju-be92da-0-lxd-7 log_opt_values /usr/lib/python3/dist-packages/oslo_config/cfg.py:2602
2025-05-15 00:39:54.065 138720 DEBUG oslo_service.service [req-d020ce5c-c2f2-409b-8311-ebba53047277 - - - - -] control_exchange = nova log_opt_values /usr/lib/python3/dist-packages/oslo_config/cfg.py:2602
2025-05-15 00:39:54.065 138720 DEBUG oslo_service.service [req-d020ce5c-c2f2-409b-8311-ebba53047277 - - - - -] cpu_allocation_ratio = 2.0 log_opt_values /usr/lib/python3/dist-packages/oslo_config/cfg.py:2602
2025-05-15 00:39:54.066 138720 DEBUG oslo_service.service [req-d020ce5c-c2f2-409b-8311-ebba53047277 - - - - -] daemon = False log_opt_values /usr/lib/python3/dist-packages/oslo_config/cfg.py:2602
2025-05-15 00:39:54.066 138720 DEBUG oslo_service.service [req-d020ce5c-c2f2-409b-8311-ebba53047277 - - - - -] debug = True log_opt_values /usr/lib/python3/dist-packages/oslo_config/cfg.py:2602
2025-05-15 00:39:54.066 138720 DEBUG oslo_service.service [req-d020ce5c-c2f2-409b-8311-ebba53047277 - - - - -] default_access_ip_network_name = None log_opt_values /usr/lib/python3/dist-packages/oslo_config/cfg.py:2602
2025-05-15 00:39:54.066 138720 DEBUG oslo_service.service [req-d020ce5c-c2f2-409b-8311-ebba53047277 - - - - -] default_availability_zone = nova log_opt_values /usr/lib/python3/dist-packages/oslo_config/cfg.py:2602
2025-05-15 00:39:54.066 138720 DEBUG oslo_service.service [req-d020ce5c-c2f2-409b-8311-ebba53047277 - - - - -] default_ephemeral_format = None log_opt_values /usr/lib/python3/dist-packages/oslo_config/cfg.py:2602
2025-05-15 00:39:54.067 138720 DEBUG oslo_service.service [req-d020ce5c-c2f2-409b-8311-ebba53047277 - - - - -] default_log_levels = ['amqp=WARN', 'amqplib=WARN', 'boto=WARN', 'qpid=WARN', 'sqlalchemy=WARN', 'suds=INFO', 'oslo.messaging=INFO', 'oslo_messaging=DEBUG', 'iso8601=WARN', 'requests.packages.urllib3.connectionpool=WARN', 'urllib3.connectionpool=WARN', 'websocket=WARN', 'requests.packages.urllib3.util.retry=WARN', 'urllib3.util.retry=WARN', 'keystonemiddleware=WARN', 'routes.middleware=WARN', 'stevedore=WARN', 'taskflow=WARN', 'keystoneauth=WARN', 'oslo.cache=INFO', 'dogpile.core.dogpile=INFO', 'glanceclient=WARN', 'oslo.privsep.daemon=INFO'] log_opt_values /usr/lib/python3/dist-packages/oslo_config/cfg.py:2602
2025-05-15 00:39:54.067 138720 DEBUG oslo_service.service [req-d020ce5c-c2f2-409b-8311-ebba53047277 - - - - -] default_schedule_zone = None log_opt_values /usr/lib/python3/dist-packages/oslo_config/cfg.py:2602
2025-05-15 00:39:54.067 138720 DEBUG oslo_service.service [req-d020ce5c-c2f2-409b-8311-ebba53047277 - - - - -] disk_allocation_ratio = 1.0 log_opt_values /usr/lib/python3/dist-packages/oslo_config/cfg.py:2602
2025-05-15 00:39:54.067 138720 DEBUG oslo_service.service [req-d020ce5c-c2f2-409b-8311-ebba53047277 - - - - -] enable_new_services = True log_opt_values /usr/lib/python3/dist-packages/oslo_config/cfg.py:2602
2025-05-15 00:39:54.068 138720 DEBUG oslo_service.service [req-d020ce5c-c2f2-409b-8311-ebba53047277 - - - - -] enabled_apis = ['osapi_compute', 'metadata'] log_opt_values /usr/lib/python3/dist-packages/oslo_config/cfg.py:2602
2025-05-15 00:39:54.068 138720 DEBUG oslo_service.service [req-d020ce5c-c2f2-409b-8311-ebba53047277 - - - - -] enabled_ssl_apis = [] log_opt_values /usr/lib/python3/dist-packages/oslo_config/cfg.py:2602
2025-05-15 00:39:54.068 138720 DEBUG oslo_service.service [req-d020ce5c-c2f2-409b-8311-ebba53047277 - - - - -] fatal_deprecations = False log_opt_values /usr/lib/python3/dist-packages/oslo_config/cfg.py:2602
2025-05-15 00:39:54.068 138720 DEBUG oslo_service.service [req-d020ce5c-c2f2-409b-8311-ebba53047277 - - - - -] flat_injected = False log_opt_values /usr/lib/python3/dist-packages/oslo_config/cfg.py:2602
2025-05-15 00:39:54.068 138720 DEBUG oslo_service.service [req-d020ce5c-c2f2-409b-8311-ebba53047277 - - - - -] force_config_drive = False log_opt_values /usr/lib/python3/dist-packages/oslo_config/cfg.py:2602
2025-05-15 00:39:54.069 138720 DEBUG oslo_service.service [req-d020ce5c-c2f2-409b-8311-ebba53047277 - - - - -] force_raw_images = True log_opt_values /usr/lib/python3/dist-packages/oslo_config/cfg.py:2602
2025-05-15 00:39:54.069 138720 DEBUG oslo_service.service [req-d020ce5c-c2f2-409b-8311-ebba53047277 - - - - -] graceful_shutdown_timeout = 60 log_opt_values /usr/lib/python3/dist-packages/oslo_config/cfg.py:2602
2025-05-15 00:39:54.069 138720 DEBUG oslo_service.service [req-d020ce5c-c2f2-409b-8311-ebba53047277 - - - - -] heal_instance_info_cache_interval = 60 log_opt_values /usr/lib/python3/dist-packages/oslo_config/cfg.py:2602
2025-05-15 00:39:54.069 138720 DEBUG oslo_service.service [req-d020ce5c-c2f2-409b-8311-ebba53047277 - - - - -] host = juju-be92da-0-lxd-7 log_opt_values /usr/lib/python3/dist-packages/oslo_config/cfg.py:2602
2025-05-15 00:39:54.070 138720 DEBUG oslo_service.service [req-d020ce5c-c2f2-409b-8311-ebba53047277 - - - - -] initial_cpu_allocation_ratio = 16.0 log_opt_values /usr/lib/python3/dist-packages/oslo_config/cfg.py:2602
2025-05-15 00:39:54.070 138720 DEBUG oslo_service.service [req-d020ce5c-c2f2-409b-8311-ebba53047277 - - - - -] initial_disk_allocation_ratio = 1.0 log_opt_values /usr/lib/python3/dist-packages/oslo_config/cfg.py:2602
2025-05-15 00:39:54.070 138720 DEBUG oslo_service.service [req-d020ce5c-c2f2-409b-8311-ebba53047277 - - - - -] initial_ram_allocation_ratio = 1.5 log_opt_values /usr/lib/python3/dist-packages/oslo_config/cfg.py:2602
2025-05-15 00:39:54.070 138720 DEBUG oslo_service.service [req-d020ce5c-c2f2-409b-8311-ebba53047277 - - - - -] injected_network_template = /usr/lib/python3/dist-packages/nova/virt/interfaces.template log_opt_values /usr/lib/python3/dist-packages/oslo_config/cfg.py:2602
2025-05-15 00:39:54.070 138720 DEBUG oslo_service.service [req-d020ce5c-c2f2-409b-8311-ebba53047277 - - - - -] instance_build_timeout = 0 log_opt_values /usr/lib/python3/dist-packages/oslo_config/cfg.py:2602
2025-05-15 00:39:54.071 138720 DEBUG oslo_service.service [req-d020ce5c-c2f2-409b-8311-ebba53047277 - - - - -] instance_delete_interval = 300 log_opt_values /usr/lib/python3/dist-packages/oslo_config/cfg.py:2602
2025-05-15 00:39:54.071 138720 DEBUG oslo_service.service [req-d020ce5c-c2f2-409b-8311-ebba53047277 - - - - -] instance_format = [instance: %(uuid)s] log_opt_values /usr/lib/python3/dist-packages/oslo_config/cfg.py:2602
2025-05-15 00:39:54.071 138720 DEBUG oslo_service.service [req-d020ce5c-c2f2-409b-8311-ebba53047277 - - - - -] instance_name_template = instance-%08x log_opt_values /usr/lib/python3/dist-packages/oslo_config/cfg.py:2602
2025-05-15 00:39:54.071 138720 DEBUG oslo_service.service [req-d020ce5c-c2f2-409b-8311-ebba53047277 - - - - -] instance_usage_audit = False log_opt_values /usr/lib/python3/dist-packages/oslo_config/cfg.py:2602
2025-05-15 00:39:54.072 138720 DEBUG oslo_service.service [req-d020ce5c-c2f2-409b-8311-ebba53047277 - - - - -] instance_usage_audit_period = month log_opt_values /usr/lib/python3/dist-packages/oslo_config/cfg.py:2602
2025-05-15 00:39:54.072 138720 DEBUG oslo_service.service [req-d020ce5c-c2f2-409b-8311-ebba53047277 - - - - -] instance_uuid_format = [instance: %(uuid)s] log_opt_values /usr/lib/python3/dist-packages/oslo_config/cfg.py:2602
2025-05-15 00:39:54.072 138720 DEBUG oslo_service.service [req-d020ce5c-c2f2-409b-8311-ebba53047277 - - - - -] instances_path = /var/lib/nova/instances log_opt_values /usr/lib/python3/dist-packages/oslo_config/cfg.py:2602
2025-05-15 00:39:54.072 138720 DEBUG oslo_service.service [req-d020ce5c-c2f2-409b-8311-ebba53047277 - - - - -] internal_service_availability_zone = internal log_opt_values /usr/lib/python3/dist-packages/oslo_config/cfg.py:2602
2025-05-15 00:39:54.072 139023 DEBUG oslo_db.sqlalchemy.engines [req-fa732c74-4b03-41d8-b37b-b7cb941860a1 - - - - -] MySQL server mode set to STRICT_TRANS_TABLES,STRICT_ALL_TABLES,NO_ZERO_IN_DATE,NO_ZERO_DATE,ERROR_FOR_DIVISION_BY_ZERO,TRADITIONAL,NO_ENGINE_SUBSTITUTION _check_effective_sql_mode /usr/lib/python3/dist-packages/oslo_db/sqlalchemy/engines.py:314
2025-05-15 00:39:54.072 138720 DEBUG oslo_service.service [req-d020ce5c-c2f2-409b-8311-ebba53047277 - - - - -] key = None log_opt_values /usr/lib/python3/dist-packages/oslo_config/cfg.py:2602
2025-05-15 00:39:54.073 138720 DEBUG oslo_service.service [req-d020ce5c-c2f2-409b-8311-ebba53047277 - - - - -] live_migration_retry_count = 30 log_opt_values /usr/lib/python3/dist-packages/oslo_config/cfg.py:2602
2025-05-15 00:39:54.073 138720 DEBUG oslo_service.service [req-d020ce5c-c2f2-409b-8311-ebba53047277 - - - - -] log_config_append = None log_opt_values /usr/lib/python3/dist-packages/oslo_config/cfg.py:2602
2025-05-15 00:39:54.073 138720 DEBUG oslo_service.service [req-d020ce5c-c2f2-409b-8311-ebba53047277 - - - - -] log_date_format = %Y-%m-%d %H:%M:%S log_opt_values /usr/lib/python3/dist-packages/oslo_config/cfg.py:2602
2025-05-15 00:39:54.073 138720 DEBUG oslo_service.service [req-d020ce5c-c2f2-409b-8311-ebba53047277 - - - - -] log_dir = /var/log/nova log_opt_values /usr/lib/python3/dist-packages/oslo_config/cfg.py:2602
2025-05-15 00:39:54.074 138720 DEBUG oslo_service.service [req-d020ce5c-c2f2-409b-8311-ebba53047277 - - - - -] log_file = /var/log/nova/nova-scheduler.log log_opt_values /usr/lib/python3/dist-packages/oslo_config/cfg.py:2602
2025-05-15 00:39:54.074 138720 DEBUG oslo_service.service [req-d020ce5c-c2f2-409b-8311-ebba53047277 - - - - -] log_options = True log_opt_values /usr/lib/python3/dist-packages/oslo_config/cfg.py:2602
2025-05-15 00:39:54.074 138720 DEBUG oslo_service.service [req-d020ce5c-c2f2-409b-8311-ebba53047277 - - - - -] log_rotate_interval = 1 log_opt_values /usr/lib/python3/dist-packages/oslo_config/cfg.py:2602
2025-05-15 00:39:54.074 138720 DEBUG oslo_service.service [req-d020ce5c-c2f2-409b-8311-ebba53047277 - - - - -] log_rotate_interval_type = days log_opt_values /usr/lib/python3/dist-packages/oslo_config/cfg.py:2602
2025-05-15 00:39:54.074 139024 DEBUG oslo_db.sqlalchemy.engines [req-74427ca8-3e95-4230-8d57-423389bd00a6 - - - - -] MySQL server mode set to STRICT_TRANS_TABLES,STRICT_ALL_TABLES,NO_ZERO_IN_DATE,NO_ZERO_DATE,ERROR_FOR_DIVISION_BY_ZERO,TRADITIONAL,NO_ENGINE_SUBSTITUTION _check_effective_sql_mode /usr/lib/python3/dist-packages/oslo_db/sqlalchemy/engines.py:314
2025-05-15 00:39:54.074 138720 DEBUG oslo_service.service [req-d020ce5c-c2f2-409b-8311-ebba53047277 - - - - -] log_rotation_type = none log_opt_values /usr/lib/python3/dist-packages/oslo_config/cfg.py:2602
2025-05-15 00:39:54.074 138720 DEBUG oslo_service.service [req-d020ce5c-c2f2-409b-8311-ebba53047277 - - - - -] logging_context_format_string = %(asctime)s.%(msecs)03d %(process)d %(levelname)s %(name)s [%(request_id)s %(user_identity)s] %(instance)s%(message)s log_opt_values /usr/lib/python3/dist-packages/oslo_config/cfg.py:2602
2025-05-15 00:39:54.075 138720 DEBUG oslo_service.service [req-d020ce5c-c2f2-409b-8311-ebba53047277 - - - - -] logging_debug_format_suffix = %(funcName)s %(pathname)s:%(lineno)d log_opt_values /usr/lib/python3/dist-packages/oslo_config/cfg.py:2602
2025-05-15 00:39:54.075 138720 DEBUG oslo_service.service [req-d020ce5c-c2f2-409b-8311-ebba53047277 - - - - -] logging_default_format_string = %(asctime)s.%(msecs)03d %(process)d %(levelname)s %(name)s [-] %(instance)s%(message)s log_opt_values /usr/lib/python3/dist-packages/oslo_config/cfg.py:2602
2025-05-15 00:39:54.075 138720 DEBUG oslo_service.service [req-d020ce5c-c2f2-409b-8311-ebba53047277 - - - - -] logging_exception_prefix = %(asctime)s.%(msecs)03d %(process)d ERROR %(name)s %(instance)s log_opt_values /usr/lib/python3/dist-packages/oslo_config/cfg.py:2602
2025-05-15 00:39:54.075 138720 DEBUG oslo_service.service [req-d020ce5c-c2f2-409b-8311-ebba53047277 - - - - -] logging_user_identity_format = %(user)s %(project)s %(domain)s %(user_domain)s %(project_domain)s log_opt_values /usr/lib/python3/dist-packages/oslo_config/cfg.py:2602
2025-05-15 00:39:54.075 138720 DEBUG oslo_service.service [req-d020ce5c-c2f2-409b-8311-ebba53047277 - - - - -] long_rpc_timeout = 1800 log_opt_values /usr/lib/python3/dist-packages/oslo_config/cfg.py:2602
2025-05-15 00:39:54.076 138720 DEBUG oslo_service.service [req-d020ce5c-c2f2-409b-8311-ebba53047277 - - - - -] max_concurrent_builds = 10 log_opt_values /usr/lib/python3/dist-packages/oslo_config/cfg.py:2602
2025-05-15 00:39:54.076 138720 DEBUG oslo_service.service [req-d020ce5c-c2f2-409b-8311-ebba53047277 - - - - -] max_concurrent_live_migrations = 1 log_opt_values /usr/lib/python3/dist-packages/oslo_config/cfg.py:2602
2025-05-15 00:39:54.076 138720 DEBUG oslo_service.service [req-d020ce5c-c2f2-409b-8311-ebba53047277 - - - - -] max_concurrent_snapshots = 5 log_opt_values /usr/lib/python3/dist-packages/oslo_config/cfg.py:2602
2025-05-15 00:39:54.076 138720 DEBUG oslo_service.service [req-d020ce5c-c2f2-409b-8311-ebba53047277 - - - - -] max_local_block_devices = 3 log_opt_values /usr/lib/python3/dist-packages/oslo_config/cfg.py:2602
2025-05-15 00:39:54.076 138720 DEBUG oslo_service.service [req-d020ce5c-c2f2-409b-8311-ebba53047277 - - - - -] max_logfile_count = 30 log_opt_values /usr/lib/python3/dist-packages/oslo_config/cfg.py:2602
2025-05-15 00:39:54.076 138720 DEBUG oslo_service.service [req-d020ce5c-c2f2-409b-8311-ebba53047277 - - - - -] max_logfile_size_mb = 200 log_opt_values /usr/lib/python3/dist-packages/oslo_config/cfg.py:2602
2025-05-15 00:39:54.077 138720 DEBUG oslo_service.service [req-d020ce5c-c2f2-409b-8311-ebba53047277 - - - - -] maximum_instance_delete_attempts = 5 log_opt_values /usr/lib/python3/dist-packages/oslo_config/cfg.py:2602
2025-05-15 00:39:54.077 138720 DEBUG oslo_service.service [req-d020ce5c-c2f2-409b-8311-ebba53047277 - - - - -] metadata_listen = 0.0.0.0 log_opt_values /usr/lib/python3/dist-packages/oslo_config/cfg.py:2602
2025-05-15 00:39:54.077 138720 DEBUG oslo_service.service [req-d020ce5c-c2f2-409b-8311-ebba53047277 - - - - -] metadata_listen_port = 8765 log_opt_values /usr/lib/python3/dist-packages/oslo_config/cfg.py:2602
2025-05-15 00:39:54.079 138720 DEBUG oslo_service.service [req-d020ce5c-c2f2-409b-8311-ebba53047277 - - - - -] metadata_workers = None log_opt_values /usr/lib/python3/dist-packages/oslo_config/cfg.py:2602
2025-05-15 00:39:54.079 138720 DEBUG oslo_service.service [req-d020ce5c-c2f2-409b-8311-ebba53047277 - - - - -] migrate_max_retries = -1 log_opt_values /usr/lib/python3/dist-packages/oslo_config/cfg.py:2602
2025-05-15 00:39:54.079 138720 DEBUG oslo_service.service [req-d020ce5c-c2f2-409b-8311-ebba53047277 - - - - -] mkisofs_cmd = genisoimage log_opt_values /usr/lib/python3/dist-packages/oslo_config/cfg.py:2602
2025-05-15 00:39:54.079 138720 DEBUG oslo_service.service [req-d020ce5c-c2f2-409b-8311-ebba53047277 - - - - -] my_block_storage_ip = 252.41.219.188 log_opt_values /usr/lib/python3/dist-packages/oslo_config/cfg.py:2602
2025-05-15 00:39:54.079 139021 DEBUG nova.service [req-432fbaf0-38c2-4a33-b1a7-89e770ce21a7 - - - - -] Creating RPC server for service scheduler start /usr/lib/python3/dist-packages/nova/service.py:182
2025-05-15 00:39:54.079 138720 DEBUG oslo_service.service [req-d020ce5c-c2f2-409b-8311-ebba53047277 - - - - -] my_ip = 252.41.219.188 log_opt_values /usr/lib/python3/dist-packages/oslo_config/cfg.py:2602
2025-05-15 00:39:54.080 138720 DEBUG oslo_service.service [req-d020ce5c-c2f2-409b-8311-ebba53047277 - - - - -] network_allocate_retries = 0 log_opt_values /usr/lib/python3/dist-packages/oslo_config/cfg.py:2602
2025-05-15 00:39:54.080 138720 DEBUG oslo_service.service [req-d020ce5c-c2f2-409b-8311-ebba53047277 - - - - -] non_inheritable_image_properties = ['cache_in_nova', 'bittorrent'] log_opt_values /usr/lib/python3/dist-packages/oslo_config/cfg.py:2602
2025-05-15 00:39:54.080 138720 DEBUG oslo_service.service [req-d020ce5c-c2f2-409b-8311-ebba53047277 - - - - -] osapi_compute_listen = 0.0.0.0 log_opt_values /usr/lib/python3/dist-packages/oslo_config/cfg.py:2602
2025-05-15 00:39:54.080 138720 DEBUG oslo_service.service [req-d020ce5c-c2f2-409b-8311-ebba53047277 - - - - -] osapi_compute_listen_port = 8764 log_opt_values /usr/lib/python3/dist-packages/oslo_config/cfg.py:2602
2025-05-15 00:39:54.080 138720 DEBUG oslo_service.service [req-d020ce5c-c2f2-409b-8311-ebba53047277 - - - - -] osapi_compute_unique_server_name_scope = log_opt_values /usr/lib/python3/dist-packages/oslo_config/cfg.py:2602
2025-05-15 00:39:54.081 138720 DEBUG oslo_service.service [req-d020ce5c-c2f2-409b-8311-ebba53047277 - - - - -] osapi_compute_workers = 4 log_opt_values /usr/lib/python3/dist-packages/oslo_config/cfg.py:2602
2025-05-15 00:39:54.082 138720 DEBUG oslo_service.service [req-d020ce5c-c2f2-409b-8311-ebba53047277 - - - - -] password_length = 12 log_opt_values /usr/lib/python3/dist-packages/oslo_config/cfg.py:2602
2025-05-15 00:39:54.082 138720 DEBUG oslo_service.service [req-d020ce5c-c2f2-409b-8311-ebba53047277 - - - - -] periodic_enable = True log_opt_values /usr/lib/python3/dist-packages/oslo_config/cfg.py:2602
2025-05-15 00:39:54.082 138720 DEBUG oslo_service.service [req-d020ce5c-c2f2-409b-8311-ebba53047277 - - - - -] periodic_fuzzy_delay = 60 log_opt_values /usr/lib/python3/dist-packages/oslo_config/cfg.py:2602
2025-05-15 00:39:54.083 138720 DEBUG oslo_service.service [req-d020ce5c-c2f2-409b-8311-ebba53047277 - - - - -] pointer_model = usbtablet log_opt_values /usr/lib/python3/dist-packages/oslo_config/cfg.py:2602
2025-05-15 00:39:54.083 138720 DEBUG oslo_service.service [req-d020ce5c-c2f2-409b-8311-ebba53047277 - - - - -] preallocate_images = none log_opt_values /usr/lib/python3/dist-packages/oslo_config/cfg.py:2602
2025-05-15 00:39:54.084 138720 DEBUG oslo_service.service [req-d020ce5c-c2f2-409b-8311-ebba53047277 - - - - -] publish_errors = False log_opt_values /usr/lib/python3/dist-packages/oslo_config/cfg.py:2602
2025-05-15 00:39:54.084 138720 DEBUG oslo_service.service [req-d020ce5c-c2f2-409b-8311-ebba53047277 - - - - -] pybasedir = /usr/lib/python3/dist-packages log_opt_values /usr/lib/python3/dist-packages/oslo_config/cfg.py:2602
2025-05-15 00:39:54.084 138720 DEBUG oslo_service.service [req-d020ce5c-c2f2-409b-8311-ebba53047277 - - - - -] ram_allocation_ratio = 0.98 log_opt_values /usr/lib/python3/dist-packages/oslo_config/cfg.py:2602
2025-05-15 00:39:54.084 138720 DEBUG oslo_service.service [req-d020ce5c-c2f2-409b-8311-ebba53047277 - - - - -] rate_limit_burst = 0 log_opt_values /usr/lib/python3/dist-packages/oslo_config/cfg.py:2602
2025-05-15 00:39:54.085 138720 DEBUG oslo_service.service [req-d020ce5c-c2f2-409b-8311-ebba53047277 - - - - -] rate_limit_except_level = CRITICAL log_opt_values /usr/lib/python3/dist-packages/oslo_config/cfg.py:2602
2025-05-15 00:39:54.086 138720 DEBUG oslo_service.service [req-d020ce5c-c2f2-409b-8311-ebba53047277 - - - - -] rate_limit_interval = 0 log_opt_values /usr/lib/python3/dist-packages/oslo_config/cfg.py:2602
2025-05-15 00:39:54.086 138720 DEBUG oslo_service.service [req-d020ce5c-c2f2-409b-8311-ebba53047277 - - - - -] reboot_timeout = 0 log_opt_values /usr/lib/python3/dist-packages/oslo_config/cfg.py:2602
2025-05-15 00:39:54.086 138720 DEBUG oslo_service.service [req-d020ce5c-c2f2-409b-8311-ebba53047277 - - - - -] reclaim_instance_interval = 0 log_opt_values /usr/lib/python3/dist-packages/oslo_config/cfg.py:2602
2025-05-15 00:39:54.087 138720 DEBUG oslo_service.service [req-d020ce5c-c2f2-409b-8311-ebba53047277 - - - - -] record = None log_opt_values /usr/lib/python3/dist-packages/oslo_config/cfg.py:2602
2025-05-15 00:39:54.087 138720 DEBUG oslo_service.service [req-d020ce5c-c2f2-409b-8311-ebba53047277 - - - - -] report_interval = 10 log_opt_values /usr/lib/python3/dist-packages/oslo_config/cfg.py:2602
2025-05-15 00:39:54.087 138720 DEBUG oslo_service.service [req-d020ce5c-c2f2-409b-8311-ebba53047277 - - - - -] rescue_timeout = 0 log_opt_values /usr/lib/python3/dist-packages/oslo_config/cfg.py:2602
2025-05-15 00:39:54.087 138720 DEBUG oslo_service.service [req-d020ce5c-c2f2-409b-8311-ebba53047277 - - - - -] reserved_host_cpus = 0 log_opt_values /usr/lib/python3/dist-packages/oslo_config/cfg.py:2602
2025-05-15 00:39:54.088 138720 DEBUG oslo_service.service [req-d020ce5c-c2f2-409b-8311-ebba53047277 - - - - -] reserved_host_disk_mb = 0 log_opt_values /usr/lib/python3/dist-packages/oslo_config/cfg.py:2602
2025-05-15 00:39:54.088 138720 DEBUG oslo_service.service [req-d020ce5c-c2f2-409b-8311-ebba53047277 - - - - -] reserved_host_memory_mb = 512 log_opt_values /usr/lib/python3/dist-packages/oslo_config/cfg.py:2602
2025-05-15 00:39:54.088 139022 DEBUG oslo_db.sqlalchemy.engines [req-340f60e4-4640-4d18-bda9-45bf9bd55b9c - - - - -] MySQL server mode set to STRICT_TRANS_TABLES,STRICT_ALL_TABLES,NO_ZERO_IN_DATE,NO_ZERO_DATE,ERROR_FOR_DIVISION_BY_ZERO,TRADITIONAL,NO_ENGINE_SUBSTITUTION _check_effective_sql_mode /usr/lib/python3/dist-packages/oslo_db/sqlalchemy/engines.py:314
2025-05-15 00:39:54.088 138720 DEBUG oslo_service.service [req-d020ce5c-c2f2-409b-8311-ebba53047277 - - - - -] reserved_huge_pages = None log_opt_values /usr/lib/python3/dist-packages/oslo_config/cfg.py:2602
2025-05-15 00:39:54.089 139023 DEBUG nova.service [req-fa732c74-4b03-41d8-b37b-b7cb941860a1 - - - - -] Creating RPC server for service scheduler start /usr/lib/python3/dist-packages/nova/service.py:182
2025-05-15 00:39:54.089 138720 DEBUG oslo_service.service [req-d020ce5c-c2f2-409b-8311-ebba53047277 - - - - -] resize_confirm_window = 0 log_opt_values /usr/lib/python3/dist-packages/oslo_config/cfg.py:2602
2025-05-15 00:39:54.090 138720 DEBUG oslo_service.service [req-d020ce5c-c2f2-409b-8311-ebba53047277 - - - - -] resize_fs_using_block_device = False log_opt_values /usr/lib/python3/dist-packages/oslo_config/cfg.py:2602
2025-05-15 00:39:54.090 138720 DEBUG oslo_service.service [req-d020ce5c-c2f2-409b-8311-ebba53047277 - - - - -] resume_guests_state_on_host_boot = False log_opt_values /usr/lib/python3/dist-packages/oslo_config/cfg.py:2602
2025-05-15 00:39:54.091 138720 DEBUG oslo_service.service [req-d020ce5c-c2f2-409b-8311-ebba53047277 - - - - -] rootwrap_config = /etc/nova/rootwrap.conf log_opt_values /usr/lib/python3/dist-packages/oslo_config/cfg.py:2602
2025-05-15 00:39:54.091 138720 DEBUG oslo_service.service [req-d020ce5c-c2f2-409b-8311-ebba53047277 - - - - -] run_external_periodic_tasks = True log_opt_values /usr/lib/python3/dist-packages/oslo_config/cfg.py:2602
2025-05-15 00:39:54.091 138720 DEBUG oslo_service.service [req-d020ce5c-c2f2-409b-8311-ebba53047277 - - - - -] running_deleted_instance_action = reap log_opt_values /usr/lib/python3/dist-packages/oslo_config/cfg.py:2602
2025-05-15 00:39:54.092 138720 DEBUG oslo_service.service [req-d020ce5c-c2f2-409b-8311-ebba53047277 - - - - -] running_deleted_instance_poll_interval = 1800 log_opt_values /usr/lib/python3/dist-packages/oslo_config/cfg.py:2602
2025-05-15 00:39:54.092 138720 DEBUG oslo_service.service [req-d020ce5c-c2f2-409b-8311-ebba53047277 - - - - -] running_deleted_instance_timeout = 0 log_opt_values /usr/lib/python3/dist-packages/oslo_config/cfg.py:2602
2025-05-15 00:39:54.092 138720 DEBUG oslo_service.service [req-d020ce5c-c2f2-409b-8311-ebba53047277 - - - - -] scheduler_instance_sync_interval = 120 log_opt_values /usr/lib/python3/dist-packages/oslo_config/cfg.py:2602
2025-05-15 00:39:54.093 138720 DEBUG oslo_service.service [req-d020ce5c-c2f2-409b-8311-ebba53047277 - - - - -] service_down_time = 60 log_opt_values /usr/lib/python3/dist-packages/oslo_config/cfg.py:2602
2025-05-15 00:39:54.093 138720 DEBUG oslo_service.service [req-d020ce5c-c2f2-409b-8311-ebba53047277 - - - - -] servicegroup_driver = db log_opt_values /usr/lib/python3/dist-packages/oslo_config/cfg.py:2602
2025-05-15 00:39:54.094 138720 DEBUG oslo_service.service [req-d020ce5c-c2f2-409b-8311-ebba53047277 - - - - -] shelved_offload_time = 0 log_opt_values /usr/lib/python3/dist-packages/oslo_config/cfg.py:2602
2025-05-15 00:39:54.094 138720 DEBUG oslo_service.service [req-d020ce5c-c2f2-409b-8311-ebba53047277 - - - - -] shelved_poll_interval = 3600 log_opt_values /usr/lib/python3/dist-packages/oslo_config/cfg.py:2602
2025-05-15 00:39:54.095 138720 DEBUG oslo_service.service [req-d020ce5c-c2f2-409b-8311-ebba53047277 - - - - -] shutdown_timeout = 60 log_opt_values /usr/lib/python3/dist-packages/oslo_config/cfg.py:2602
2025-05-15 00:39:54.096 138720 DEBUG oslo_service.service [req-d020ce5c-c2f2-409b-8311-ebba53047277 - - - - -] source_is_ipv6 = False log_opt_values /usr/lib/python3/dist-packages/oslo_config/cfg.py:2602
2025-05-15 00:39:54.096 138720 DEBUG oslo_service.service [req-d020ce5c-c2f2-409b-8311-ebba53047277 - - - - -] ssl_only = False log_opt_values /usr/lib/python3/dist-packages/oslo_config/cfg.py:2602
2025-05-15 00:39:54.097 138720 DEBUG oslo_service.service [req-d020ce5c-c2f2-409b-8311-ebba53047277 - - - - -] state_path = /var/lib/nova log_opt_values /usr/lib/python3/dist-packages/oslo_config/cfg.py:2602
2025-05-15 00:39:54.097 138720 DEBUG oslo_service.service [req-d020ce5c-c2f2-409b-8311-ebba53047277 - - - - -] sync_power_state_interval = 600 log_opt_values /usr/lib/python3/dist-packages/oslo_config/cfg.py:2602
2025-05-15 00:39:54.097 138720 DEBUG oslo_service.service [req-d020ce5c-c2f2-409b-8311-ebba53047277 - - - - -] sync_power_state_pool_size = 1000 log_opt_values /usr/lib/python3/dist-packages/oslo_config/cfg.py:2602
2025-05-15 00:39:54.097 138720 DEBUG oslo_service.service [req-d020ce5c-c2f2-409b-8311-ebba53047277 - - - - -] syslog_log_facility = LOG_USER log_opt_values /usr/lib/python3/dist-packages/oslo_config/cfg.py:2602
2025-05-15 00:39:54.098 138720 DEBUG oslo_service.service [req-d020ce5c-c2f2-409b-8311-ebba53047277 - - - - -] tempdir = None log_opt_values /usr/lib/python3/dist-packages/oslo_config/cfg.py:2602
2025-05-15 00:39:54.098 138720 DEBUG oslo_service.service [req-d020ce5c-c2f2-409b-8311-ebba53047277 - - - - -] timeout_nbd = 10 log_opt_values /usr/lib/python3/dist-packages/oslo_config/cfg.py:2602
2025-05-15 00:39:54.098 138720 DEBUG oslo_service.service [req-d020ce5c-c2f2-409b-8311-ebba53047277 - - - - -] transport_url = **** log_opt_values /usr/lib/python3/dist-packages/oslo_config/cfg.py:2602
2025-05-15 00:39:54.098 138720 DEBUG oslo_service.service [req-d020ce5c-c2f2-409b-8311-ebba53047277 - - - - -] update_resources_interval = 0 log_opt_values /usr/lib/python3/dist-packages/oslo_config/cfg.py:2602
2025-05-15 00:39:54.098 138720 DEBUG oslo_service.service [req-d020ce5c-c2f2-409b-8311-ebba53047277 - - - - -] use_cow_images = True log_opt_values /usr/lib/python3/dist-packages/oslo_config/cfg.py:2602
2025-05-15 00:39:54.099 138720 DEBUG oslo_service.service [req-d020ce5c-c2f2-409b-8311-ebba53047277 - - - - -] use_eventlog = False log_opt_values /usr/lib/python3/dist-packages/oslo_config/cfg.py:2602
2025-05-15 00:39:54.100 138720 DEBUG oslo_service.service [req-d020ce5c-c2f2-409b-8311-ebba53047277 - - - - -] use_journal = False log_opt_values /usr/lib/python3/dist-packages/oslo_config/cfg.py:2602
2025-05-15 00:39:54.100 138720 DEBUG oslo_service.service [req-d020ce5c-c2f2-409b-8311-ebba53047277 - - - - -] use_json = False log_opt_values /usr/lib/python3/dist-packages/oslo_config/cfg.py:2602
2025-05-15 00:39:54.104 138720 DEBUG oslo_service.service [req-d020ce5c-c2f2-409b-8311-ebba53047277 - - - - -] use_rootwrap_daemon = False log_opt_values /usr/lib/python3/dist-packages/oslo_config/cfg.py:2602
2025-05-15 00:39:54.105 139024 DEBUG nova.service [req-74427ca8-3e95-4230-8d57-423389bd00a6 - - - - -] Creating RPC server for service scheduler start /usr/lib/python3/dist-packages/nova/service.py:182
2025-05-15 00:39:54.105 138720 DEBUG oslo_service.service [req-d020ce5c-c2f2-409b-8311-ebba53047277 - - - - -] use_stderr = False log_opt_values /usr/lib/python3/dist-packages/oslo_config/cfg.py:2602
2025-05-15 00:39:54.105 138720 DEBUG oslo_service.service [req-d020ce5c-c2f2-409b-8311-ebba53047277 - - - - -] use_syslog = False log_opt_values /usr/lib/python3/dist-packages/oslo_config/cfg.py:2602
2025-05-15 00:39:54.106 138720 DEBUG oslo_service.service [req-d020ce5c-c2f2-409b-8311-ebba53047277 - - - - -] vcpu_pin_set = None log_opt_values /usr/lib/python3/dist-packages/oslo_config/cfg.py:2602
2025-05-15 00:39:54.106 138720 DEBUG oslo_service.service [req-d020ce5c-c2f2-409b-8311-ebba53047277 - - - - -] vif_plugging_is_fatal = True log_opt_values /usr/lib/python3/dist-packages/oslo_config/cfg.py:2602
2025-05-15 00:39:54.106 139021 DEBUG oslo_messaging._drivers.amqpdriver [-] Listener is running poll /usr/lib/python3/dist-packages/oslo_messaging/_drivers/amqpdriver.py:343
2025-05-15 00:39:54.107 138720 DEBUG oslo_service.service [req-d020ce5c-c2f2-409b-8311-ebba53047277 - - - - -] vif_plugging_timeout = 300 log_opt_values /usr/lib/python3/dist-packages/oslo_config/cfg.py:2602
2025-05-15 00:39:54.107 139021 DEBUG oslo_messaging._drivers.amqpdriver [-] AMQPListener connection consume poll /usr/lib/python3/dist-packages/oslo_messaging/_drivers/amqpdriver.py:357
2025-05-15 00:39:54.108 138720 DEBUG oslo_service.service [req-d020ce5c-c2f2-409b-8311-ebba53047277 - - - - -] virt_mkfs = [] log_opt_values /usr/lib/python3/dist-packages/oslo_config/cfg.py:2602
2025-05-15 00:39:54.108 138720 DEBUG oslo_service.service [req-d020ce5c-c2f2-409b-8311-ebba53047277 - - - - -] volume_usage_poll_interval = 0 log_opt_values /usr/lib/python3/dist-packages/oslo_config/cfg.py:2602
2025-05-15 00:39:54.108 138720 DEBUG oslo_service.service [req-d020ce5c-c2f2-409b-8311-ebba53047277 - - - - -] watch_log_file = False log_opt_values /usr/lib/python3/dist-packages/oslo_config/cfg.py:2602
2025-05-15 00:39:54.108 139022 DEBUG nova.service [req-340f60e4-4640-4d18-bda9-45bf9bd55b9c - - - - -] Creating RPC server for service scheduler start /usr/lib/python3/dist-packages/nova/service.py:182
2025-05-15 00:39:54.109 138720 DEBUG oslo_service.service [req-d020ce5c-c2f2-409b-8311-ebba53047277 - - - - -] web = /usr/share/spice-html5 log_opt_values /usr/lib/python3/dist-packages/oslo_config/cfg.py:2602
2025-05-15 00:39:54.109 138720 DEBUG oslo_service.service [req-d020ce5c-c2f2-409b-8311-ebba53047277 - - - - -] oslo_concurrency.disable_process_locking = False log_opt_values /usr/lib/python3/dist-packages/oslo_config/cfg.py:2609
2025-05-15 00:39:54.110 138720 DEBUG oslo_service.service [req-d020ce5c-c2f2-409b-8311-ebba53047277 - - - - -] oslo_concurrency.lock_path = /var/lock/nova log_opt_values /usr/lib/python3/dist-packages/oslo_config/cfg.py:2609
2025-05-15 00:39:54.112 138720 WARNING oslo_config.cfg [req-d020ce5c-c2f2-409b-8311-ebba53047277 - - - - -] Deprecated: Option "auth_strategy" from group "api" is deprecated for removal ( The only non-default choice, ``noauth2``, is for internal development and testing purposes only and should not be used in deployments. This option and its middleware, NoAuthMiddleware[V2_18], will be removed in a future release. ). Its value may be silently ignored in the future.
2025-05-15 00:39:54.112 138720 DEBUG oslo_service.service [req-d020ce5c-c2f2-409b-8311-ebba53047277 - - - - -] api.auth_strategy = keystone log_opt_values /usr/lib/python3/dist-packages/oslo_config/cfg.py:2609
2025-05-15 00:39:54.112 139021 DEBUG nova.service [req-432fbaf0-38c2-4a33-b1a7-89e770ce21a7 - - - - -] Join ServiceGroup membership for this service scheduler start /usr/lib/python3/dist-packages/nova/service.py:199
2025-05-15 00:39:54.112 138720 DEBUG oslo_service.service [req-d020ce5c-c2f2-409b-8311-ebba53047277 - - - - -] api.compute_link_prefix = None log_opt_values /usr/lib/python3/dist-packages/oslo_config/cfg.py:2609
2025-05-15 00:39:54.113 139023 DEBUG oslo_messaging._drivers.amqpdriver [-] Listener is running poll /usr/lib/python3/dist-packages/oslo_messaging/_drivers/amqpdriver.py:343
2025-05-15 00:39:54.113 138720 DEBUG oslo_service.service [req-d020ce5c-c2f2-409b-8311-ebba53047277 - - - - -] api.config_drive_skip_versions = 1.0 2007-01-19 2007-03-01 2007-08-29 2007-10-10 2007-12-15 2008-02-01 2008-09-01 log_opt_values /usr/lib/python3/dist-packages/oslo_config/cfg.py:2609
2025-05-15 00:39:54.113 139021 DEBUG nova.servicegroup.drivers.db [req-432fbaf0-38c2-4a33-b1a7-89e770ce21a7 - - - - -] DB_Driver: join new ServiceGroup member juju-be92da-0-lxd-7 to the scheduler group, service = join /usr/lib/python3/dist-packages/nova/servicegroup/drivers/db.py:44
2025-05-15 00:39:54.113 139023 DEBUG oslo_messaging._drivers.amqpdriver [-] AMQPListener connection consume poll /usr/lib/python3/dist-packages/oslo_messaging/_drivers/amqpdriver.py:357
2025-05-15 00:39:54.113 138720 DEBUG oslo_service.service [req-d020ce5c-c2f2-409b-8311-ebba53047277 - - - - -] api.dhcp_domain = novalocal log_opt_values /usr/lib/python3/dist-packages/oslo_config/cfg.py:2609
2025-05-15 00:39:54.113 138720 DEBUG oslo_service.service [req-d020ce5c-c2f2-409b-8311-ebba53047277 - - - - -] api.enable_instance_password = True log_opt_values /usr/lib/python3/dist-packages/oslo_config/cfg.py:2609
2025-05-15 00:39:54.113 138720 DEBUG oslo_service.service [req-d020ce5c-c2f2-409b-8311-ebba53047277 - - - - -] api.glance_link_prefix = None log_opt_values /usr/lib/python3/dist-packages/oslo_config/cfg.py:2609
2025-05-15 00:39:54.114 138720 DEBUG oslo_service.service [req-d020ce5c-c2f2-409b-8311-ebba53047277 - - - - -] api.instance_list_cells_batch_fixed_size = 100 log_opt_values /usr/lib/python3/dist-packages/oslo_config/cfg.py:2609
2025-05-15 00:39:54.113 139023 DEBUG nova.service [req-fa732c74-4b03-41d8-b37b-b7cb941860a1 - - - - -] Join ServiceGroup membership for this service scheduler start /usr/lib/python3/dist-packages/nova/service.py:199
2025-05-15 00:39:54.114 138720 DEBUG oslo_service.service [req-d020ce5c-c2f2-409b-8311-ebba53047277 - - - - -] api.instance_list_cells_batch_strategy = distributed log_opt_values /usr/lib/python3/dist-packages/oslo_config/cfg.py:2609
2025-05-15 00:39:54.114 139023 DEBUG nova.servicegroup.drivers.db [req-fa732c74-4b03-41d8-b37b-b7cb941860a1 - - - - -] DB_Driver: join new ServiceGroup member juju-be92da-0-lxd-7 to the scheduler group, service = join /usr/lib/python3/dist-packages/nova/servicegroup/drivers/db.py:44
2025-05-15 00:39:54.114 138720 DEBUG oslo_service.service [req-d020ce5c-c2f2-409b-8311-ebba53047277 - - - - -] api.instance_list_per_project_cells = False log_opt_values /usr/lib/python3/dist-packages/oslo_config/cfg.py:2609
2025-05-15 00:39:54.114 138720 DEBUG oslo_service.service [req-d020ce5c-c2f2-409b-8311-ebba53047277 - - - - -] api.list_records_by_skipping_down_cells = True log_opt_values /usr/lib/python3/dist-packages/oslo_config/cfg.py:2609
2025-05-15 00:39:54.114 138720 DEBUG oslo_service.service [req-d020ce5c-c2f2-409b-8311-ebba53047277 - - - - -] api.local_metadata_per_cell = False log_opt_values /usr/lib/python3/dist-packages/oslo_config/cfg.py:2609
2025-05-15 00:39:54.115 139021 DEBUG oslo_messaging._drivers.amqpdriver [-] AMQPListener connection timeout poll /usr/lib/python3/dist-packages/oslo_messaging/_drivers/amqpdriver.py:360
2025-05-15 00:39:54.115 139021 DEBUG oslo_messaging._drivers.amqpdriver [-] Listener is running poll /usr/lib/python3/dist-packages/oslo_messaging/_drivers/amqpdriver.py:343
2025-05-15 00:39:54.115 139021 DEBUG oslo_messaging._drivers.amqpdriver [-] AMQPListener connection consume poll /usr/lib/python3/dist-packages/oslo_messaging/_drivers/amqpdriver.py:357
2025-05-15 00:39:54.117 139023 DEBUG oslo_messaging._drivers.amqpdriver [-] AMQPListener connection timeout poll /usr/lib/python3/dist-packages/oslo_messaging/_drivers/amqpdriver.py:360
2025-05-15 00:39:54.117 139023 DEBUG oslo_messaging._drivers.amqpdriver [-] Listener is running poll /usr/lib/python3/dist-packages/oslo_messaging/_drivers/amqpdriver.py:343
2025-05-15 00:39:54.117 139023 DEBUG oslo_messaging._drivers.amqpdriver [-] AMQPListener connection consume poll /usr/lib/python3/dist-packages/oslo_messaging/_drivers/amqpdriver.py:357
2025-05-15 00:39:54.118 138720 DEBUG oslo_service.service [req-d020ce5c-c2f2-409b-8311-ebba53047277 - - - - -] api.max_limit = 1000 log_opt_values /usr/lib/python3/dist-packages/oslo_config/cfg.py:2609
2025-05-15 00:39:54.118 138720 DEBUG oslo_service.service [req-d020ce5c-c2f2-409b-8311-ebba53047277 - - - - -] api.metadata_cache_expiration = 15 log_opt_values /usr/lib/python3/dist-packages/oslo_config/cfg.py:2609
2025-05-15 00:39:54.118 138720 DEBUG oslo_service.service [req-d020ce5c-c2f2-409b-8311-ebba53047277 - - - - -] api.neutron_default_tenant_id = default log_opt_values /usr/lib/python3/dist-packages/oslo_config/cfg.py:2609
2025-05-15 00:39:54.118 138720 DEBUG oslo_service.service [req-d020ce5c-c2f2-409b-8311-ebba53047277 - - - - -] api.use_forwarded_for = False log_opt_values /usr/lib/python3/dist-packages/oslo_config/cfg.py:2609
2025-05-15 00:39:54.123 138720 DEBUG oslo_service.service [req-d020ce5c-c2f2-409b-8311-ebba53047277 - - - - -] api.use_neutron_default_nets = False log_opt_values /usr/lib/python3/dist-packages/oslo_config/cfg.py:2609
2025-05-15 00:39:54.123 138720 DEBUG oslo_service.service [req-d020ce5c-c2f2-409b-8311-ebba53047277 - - - - -] api.vendordata_dynamic_connect_timeout = 5 log_opt_values /usr/lib/python3/dist-packages/oslo_config/cfg.py:2609
2025-05-15 00:39:54.123 138720 DEBUG oslo_service.service [req-d020ce5c-c2f2-409b-8311-ebba53047277 - - - - -] api.vendordata_dynamic_failure_fatal = False log_opt_values /usr/lib/python3/dist-packages/oslo_config/cfg.py:2609
2025-05-15 00:39:54.124 138720 DEBUG oslo_service.service [req-d020ce5c-c2f2-409b-8311-ebba53047277 - - - - -] api.vendordata_dynamic_read_timeout = 5 log_opt_values /usr/lib/python3/dist-packages/oslo_config/cfg.py:2609
2025-05-15 00:39:54.124 138720 DEBUG oslo_service.service [req-d020ce5c-c2f2-409b-8311-ebba53047277 - - - - -] api.vendordata_dynamic_ssl_certfile = log_opt_values /usr/lib/python3/dist-packages/oslo_config/cfg.py:2609
2025-05-15 00:39:54.124 138720 DEBUG oslo_service.service [req-d020ce5c-c2f2-409b-8311-ebba53047277 - - - - -] api.vendordata_dynamic_targets = [] log_opt_values /usr/lib/python3/dist-packages/oslo_config/cfg.py:2609
2025-05-15 00:39:54.124 138720 DEBUG oslo_service.service [req-d020ce5c-c2f2-409b-8311-ebba53047277 - - - - -] api.vendordata_jsonfile_path = None log_opt_values /usr/lib/python3/dist-packages/oslo_config/cfg.py:2609
2025-05-15 00:39:54.125 138720 DEBUG oslo_service.service [req-d020ce5c-c2f2-409b-8311-ebba53047277 - - - - -] api.vendordata_providers = ['StaticJSON'] log_opt_values /usr/lib/python3/dist-packages/oslo_config/cfg.py:2609
2025-05-15 00:39:54.125 138720 DEBUG oslo_service.service [req-d020ce5c-c2f2-409b-8311-ebba53047277 - - - - -] cache.backend = dogpile.cache.null log_opt_values /usr/lib/python3/dist-packages/oslo_config/cfg.py:2609
2025-05-15 00:39:54.125 138720 DEBUG oslo_service.service [req-d020ce5c-c2f2-409b-8311-ebba53047277 - - - - -] cache.backend_argument = **** log_opt_values /usr/lib/python3/dist-packages/oslo_config/cfg.py:2609
2025-05-15 00:39:54.125 138720 DEBUG oslo_service.service [req-d020ce5c-c2f2-409b-8311-ebba53047277 - - - - -] cache.config_prefix = cache.oslo log_opt_values /usr/lib/python3/dist-packages/oslo_config/cfg.py:2609
2025-05-15 00:39:54.125 138720 DEBUG oslo_service.service [req-d020ce5c-c2f2-409b-8311-ebba53047277 - - - - -] cache.debug_cache_backend = False log_opt_values /usr/lib/python3/dist-packages/oslo_config/cfg.py:2609
2025-05-15 00:39:54.126 138720 DEBUG oslo_service.service [req-d020ce5c-c2f2-409b-8311-ebba53047277 - - - - -] cache.enabled = False log_opt_values /usr/lib/python3/dist-packages/oslo_config/cfg.py:2609
2025-05-15 00:39:54.126 138720 DEBUG oslo_service.service [req-d020ce5c-c2f2-409b-8311-ebba53047277 - - - - -] cache.expiration_time = 600 log_opt_values /usr/lib/python3/dist-packages/oslo_config/cfg.py:2609
2025-05-15 00:39:54.126 138720 DEBUG oslo_service.service [req-d020ce5c-c2f2-409b-8311-ebba53047277 - - - - -] cache.memcache_dead_retry = 300 log_opt_values /usr/lib/python3/dist-packages/oslo_config/cfg.py:2609
2025-05-15 00:39:54.126 138720 DEBUG oslo_service.service [req-d020ce5c-c2f2-409b-8311-ebba53047277 - - - - -] cache.memcache_pool_connection_get_timeout = 10 log_opt_values /usr/lib/python3/dist-packages/oslo_config/cfg.py:2609
2025-05-15 00:39:54.126 138720 DEBUG oslo_service.service [req-d020ce5c-c2f2-409b-8311-ebba53047277 - - - - -] cache.memcache_pool_flush_on_reconnect = False log_opt_values /usr/lib/python3/dist-packages/oslo_config/cfg.py:2609
2025-05-15 00:39:54.126 138720 DEBUG oslo_service.service [req-d020ce5c-c2f2-409b-8311-ebba53047277 - - - - -] cache.memcache_pool_maxsize = 10 log_opt_values /usr/lib/python3/dist-packages/oslo_config/cfg.py:2609
2025-05-15 00:39:54.127 138720 DEBUG oslo_service.service [req-d020ce5c-c2f2-409b-8311-ebba53047277 - - - - -] cache.memcache_pool_unused_timeout = 60 log_opt_values /usr/lib/python3/dist-packages/oslo_config/cfg.py:2609
2025-05-15 00:39:54.127 138720 DEBUG oslo_service.service [req-d020ce5c-c2f2-409b-8311-ebba53047277 - - - - -] cache.memcache_servers = ['localhost:11211'] log_opt_values /usr/lib/python3/dist-packages/oslo_config/cfg.py:2609
2025-05-15 00:39:54.127 138720 DEBUG oslo_service.service [req-d020ce5c-c2f2-409b-8311-ebba53047277 - - - - -] cache.memcache_socket_timeout = 1.0 log_opt_values /usr/lib/python3/dist-packages/oslo_config/cfg.py:2609
2025-05-15 00:39:54.127 138720 DEBUG oslo_service.service [req-d020ce5c-c2f2-409b-8311-ebba53047277 - - - - -] cache.proxies = [] log_opt_values /usr/lib/python3/dist-packages/oslo_config/cfg.py:2609
2025-05-15 00:39:54.127 138720 DEBUG oslo_service.service [req-d020ce5c-c2f2-409b-8311-ebba53047277 - - - - -] cache.tls_allowed_ciphers = None log_opt_values /usr/lib/python3/dist-packages/oslo_config/cfg.py:2609
2025-05-15 00:39:54.128 138720 DEBUG oslo_service.service [req-d020ce5c-c2f2-409b-8311-ebba53047277 - - - - -] cache.tls_cafile = None log_opt_values /usr/lib/python3/dist-packages/oslo_config/cfg.py:2609
2025-05-15 00:39:54.128 138720 DEBUG oslo_service.service [req-d020ce5c-c2f2-409b-8311-ebba53047277 - - - - -] cache.tls_certfile = None log_opt_values /usr/lib/python3/dist-packages/oslo_config/cfg.py:2609
2025-05-15 00:39:54.128 138720 DEBUG oslo_service.service [req-d020ce5c-c2f2-409b-8311-ebba53047277 - - - - -] cache.tls_enabled = False log_opt_values /usr/lib/python3/dist-packages/oslo_config/cfg.py:2609
2025-05-15 00:39:54.128 138720 DEBUG oslo_service.service [req-d020ce5c-c2f2-409b-8311-ebba53047277 - - - - -] cache.tls_keyfile = None log_opt_values /usr/lib/python3/dist-packages/oslo_config/cfg.py:2609
2025-05-15 00:39:54.129 138720 DEBUG oslo_service.service [req-d020ce5c-c2f2-409b-8311-ebba53047277 - - - - -] cinder.auth_section = None log_opt_values /usr/lib/python3/dist-packages/oslo_config/cfg.py:2609
2025-05-15 00:39:54.129 138720 DEBUG oslo_service.service [req-d020ce5c-c2f2-409b-8311-ebba53047277 - - - - -] cinder.auth_type = None log_opt_values /usr/lib/python3/dist-packages/oslo_config/cfg.py:2609
2025-05-15 00:39:54.129 138720 DEBUG oslo_service.service [req-d020ce5c-c2f2-409b-8311-ebba53047277 - - - - -] cinder.cafile = None log_opt_values /usr/lib/python3/dist-packages/oslo_config/cfg.py:2609
2025-05-15 00:39:54.129 138720 DEBUG oslo_service.service [req-d020ce5c-c2f2-409b-8311-ebba53047277 - - - - -] cinder.catalog_info = volumev3::publicURL log_opt_values /usr/lib/python3/dist-packages/oslo_config/cfg.py:2609
2025-05-15 00:39:54.129 138720 DEBUG oslo_service.service [req-d020ce5c-c2f2-409b-8311-ebba53047277 - - - - -] cinder.certfile = None log_opt_values /usr/lib/python3/dist-packages/oslo_config/cfg.py:2609
