2025-05-15 00:39:27.211 132807 DEBUG oslo_service.service [req-4c901b04-39c8-44fa-afc5-356c614fb1d9 - - - - -] devices.enabled_mdev_types = [] log_opt_values /usr/lib/python3/dist-packages/oslo_config/cfg.py:2609
2025-05-15 00:39:27.212 132807 DEBUG oslo_service.service [req-4c901b04-39c8-44fa-afc5-356c614fb1d9 - - - - -] ephemeral_storage_encryption.cipher = aes-xts-plain64 log_opt_values /usr/lib/python3/dist-packages/oslo_config/cfg.py:2609
2025-05-15 00:39:27.212 132807 DEBUG oslo_service.service [req-4c901b04-39c8-44fa-afc5-356c614fb1d9 - - - - -] ephemeral_storage_encryption.enabled = False log_opt_values /usr/lib/python3/dist-packages/oslo_config/cfg.py:2609
2025-05-15 00:39:27.212 132807 DEBUG oslo_service.service [req-4c901b04-39c8-44fa-afc5-356c614fb1d9 - - - - -] ephemeral_storage_encryption.key_size = 512 log_opt_values /usr/lib/python3/dist-packages/oslo_config/cfg.py:2609
2025-05-15 00:39:27.212 132807 WARNING oslo_config.cfg [req-4c901b04-39c8-44fa-afc5-356c614fb1d9 - - - - -] Deprecated: Option "api_servers" from group "glance" is deprecated for removal ( Support for image service configuration via standard keystoneauth1 Adapter options was added in the 17.0.0 Queens release. The api_servers option was retained temporarily to allow consumers time to cut over to a real load balancing solution. ). Its value may be silently ignored in the future.
2025-05-15 00:39:27.213 132807 DEBUG oslo_service.service [req-4c901b04-39c8-44fa-afc5-356c614fb1d9 - - - - -] glance.api_servers = ['http://252.41.77.108:9292'] log_opt_values /usr/lib/python3/dist-packages/oslo_config/cfg.py:2609
2025-05-15 00:39:27.213 132807 DEBUG oslo_service.service [req-4c901b04-39c8-44fa-afc5-356c614fb1d9 - - - - -] glance.cafile = None log_opt_values /usr/lib/python3/dist-packages/oslo_config/cfg.py:2609
2025-05-15 00:39:27.213 132807 DEBUG oslo_service.service [req-4c901b04-39c8-44fa-afc5-356c614fb1d9 - - - - -] glance.certfile = None log_opt_values /usr/lib/python3/dist-packages/oslo_config/cfg.py:2609
2025-05-15 00:39:27.213 132807 DEBUG oslo_service.service [req-4c901b04-39c8-44fa-afc5-356c614fb1d9 - - - - -] glance.collect_timing = False log_opt_values /usr/lib/python3/dist-packages/oslo_config/cfg.py:2609
2025-05-15 00:39:27.214 132807 DEBUG oslo_service.service [req-4c901b04-39c8-44fa-afc5-356c614fb1d9 - - - - -] glance.connect_retries = None log_opt_values /usr/lib/python3/dist-packages/oslo_config/cfg.py:2609
2025-05-15 00:39:27.214 132807 DEBUG oslo_service.service [req-4c901b04-39c8-44fa-afc5-356c614fb1d9 - - - - -] glance.connect_retry_delay = None log_opt_values /usr/lib/python3/dist-packages/oslo_config/cfg.py:2609
2025-05-15 00:39:27.214 132807 DEBUG oslo_service.service [req-4c901b04-39c8-44fa-afc5-356c614fb1d9 - - - - -] glance.debug = False log_opt_values /usr/lib/python3/dist-packages/oslo_config/cfg.py:2609
2025-05-15 00:39:27.214 132807 DEBUG oslo_service.service [req-4c901b04-39c8-44fa-afc5-356c614fb1d9 - - - - -] glance.default_trusted_certificate_ids = [] log_opt_values /usr/lib/python3/dist-packages/oslo_config/cfg.py:2609
2025-05-15 00:39:27.214 132807 DEBUG oslo_service.service [req-4c901b04-39c8-44fa-afc5-356c614fb1d9 - - - - -] glance.enable_certificate_validation = False log_opt_values /usr/lib/python3/dist-packages/oslo_config/cfg.py:2609
2025-05-15 00:39:27.215 132807 DEBUG oslo_service.service [req-4c901b04-39c8-44fa-afc5-356c614fb1d9 - - - - -] glance.enable_rbd_download = False log_opt_values /usr/lib/python3/dist-packages/oslo_config/cfg.py:2609
2025-05-15 00:39:27.215 132807 DEBUG oslo_service.service [req-4c901b04-39c8-44fa-afc5-356c614fb1d9 - - - - -] glance.endpoint_override = None log_opt_values /usr/lib/python3/dist-packages/oslo_config/cfg.py:2609
2025-05-15 00:39:27.215 132807 DEBUG oslo_service.service [req-4c901b04-39c8-44fa-afc5-356c614fb1d9 - - - - -] glance.insecure = False log_opt_values /usr/lib/python3/dist-packages/oslo_config/cfg.py:2609
2025-05-15 00:39:27.215 132807 DEBUG oslo_service.service [req-4c901b04-39c8-44fa-afc5-356c614fb1d9 - - - - -] glance.keyfile = None log_opt_values /usr/lib/python3/dist-packages/oslo_config/cfg.py:2609
2025-05-15 00:39:27.215 132807 DEBUG oslo_service.service [req-4c901b04-39c8-44fa-afc5-356c614fb1d9 - - - - -] glance.max_version = None log_opt_values /usr/lib/python3/dist-packages/oslo_config/cfg.py:2609
2025-05-15 00:39:27.215 132807 DEBUG oslo_service.service [req-4c901b04-39c8-44fa-afc5-356c614fb1d9 - - - - -] glance.min_version = None log_opt_values /usr/lib/python3/dist-packages/oslo_config/cfg.py:2609
2025-05-15 00:39:27.216 132807 DEBUG oslo_service.service [req-4c901b04-39c8-44fa-afc5-356c614fb1d9 - - - - -] glance.num_retries = 3 log_opt_values /usr/lib/python3/dist-packages/oslo_config/cfg.py:2609
2025-05-15 00:39:27.216 132807 DEBUG oslo_service.service [req-4c901b04-39c8-44fa-afc5-356c614fb1d9 - - - - -] glance.rbd_ceph_conf = log_opt_values /usr/lib/python3/dist-packages/oslo_config/cfg.py:2609
2025-05-15 00:39:27.216 132807 DEBUG oslo_service.service [req-4c901b04-39c8-44fa-afc5-356c614fb1d9 - - - - -] glance.rbd_connect_timeout = 5 log_opt_values /usr/lib/python3/dist-packages/oslo_config/cfg.py:2609
2025-05-15 00:39:27.216 132807 DEBUG oslo_service.service [req-4c901b04-39c8-44fa-afc5-356c614fb1d9 - - - - -] glance.rbd_pool = log_opt_values /usr/lib/python3/dist-packages/oslo_config/cfg.py:2609
2025-05-15 00:39:27.216 132807 DEBUG oslo_service.service [req-4c901b04-39c8-44fa-afc5-356c614fb1d9 - - - - -] glance.rbd_user = log_opt_values /usr/lib/python3/dist-packages/oslo_config/cfg.py:2609
2025-05-15 00:39:27.217 132807 DEBUG oslo_service.service [req-4c901b04-39c8-44fa-afc5-356c614fb1d9 - - - - -] glance.region_name = None log_opt_values /usr/lib/python3/dist-packages/oslo_config/cfg.py:2609
2025-05-15 00:39:27.217 132807 DEBUG oslo_service.service [req-4c901b04-39c8-44fa-afc5-356c614fb1d9 - - - - -] glance.service_name = None log_opt_values /usr/lib/python3/dist-packages/oslo_config/cfg.py:2609
2025-05-15 00:39:27.217 132807 DEBUG oslo_service.service [req-4c901b04-39c8-44fa-afc5-356c614fb1d9 - - - - -] glance.service_type = image log_opt_values /usr/lib/python3/dist-packages/oslo_config/cfg.py:2609
2025-05-15 00:39:27.217 132807 DEBUG oslo_service.service [req-4c901b04-39c8-44fa-afc5-356c614fb1d9 - - - - -] glance.split_loggers = False log_opt_values /usr/lib/python3/dist-packages/oslo_config/cfg.py:2609
2025-05-15 00:39:27.217 132807 DEBUG oslo_service.service [req-4c901b04-39c8-44fa-afc5-356c614fb1d9 - - - - -] glance.status_code_retries = None log_opt_values /usr/lib/python3/dist-packages/oslo_config/cfg.py:2609
2025-05-15 00:39:27.217 132807 DEBUG oslo_service.service [req-4c901b04-39c8-44fa-afc5-356c614fb1d9 - - - - -] glance.status_code_retry_delay = None log_opt_values /usr/lib/python3/dist-packages/oslo_config/cfg.py:2609
2025-05-15 00:39:27.218 132807 DEBUG oslo_service.service [req-4c901b04-39c8-44fa-afc5-356c614fb1d9 - - - - -] glance.timeout = None log_opt_values /usr/lib/python3/dist-packages/oslo_config/cfg.py:2609
2025-05-15 00:39:27.218 132807 DEBUG oslo_service.service [req-4c901b04-39c8-44fa-afc5-356c614fb1d9 - - - - -] glance.valid_interfaces = ['internal', 'public'] log_opt_values /usr/lib/python3/dist-packages/oslo_config/cfg.py:2609
2025-05-15 00:39:27.218 132807 DEBUG oslo_service.service [req-4c901b04-39c8-44fa-afc5-356c614fb1d9 - - - - -] glance.verify_glance_signatures = False log_opt_values /usr/lib/python3/dist-packages/oslo_config/cfg.py:2609
2025-05-15 00:39:27.218 132807 DEBUG oslo_service.service [req-4c901b04-39c8-44fa-afc5-356c614fb1d9 - - - - -] glance.version = None log_opt_values /usr/lib/python3/dist-packages/oslo_config/cfg.py:2609
2025-05-15 00:39:27.218 132807 DEBUG oslo_service.service [req-4c901b04-39c8-44fa-afc5-356c614fb1d9 - - - - -] guestfs.debug = False log_opt_values /usr/lib/python3/dist-packages/oslo_config/cfg.py:2609
2025-05-15 00:39:27.219 132807 DEBUG oslo_service.service [req-4c901b04-39c8-44fa-afc5-356c614fb1d9 - - - - -] hyperv.config_drive_cdrom = False log_opt_values /usr/lib/python3/dist-packages/oslo_config/cfg.py:2609
2025-05-15 00:39:27.219 132807 DEBUG oslo_service.service [req-4c901b04-39c8-44fa-afc5-356c614fb1d9 - - - - -] hyperv.config_drive_inject_password = False log_opt_values /usr/lib/python3/dist-packages/oslo_config/cfg.py:2609
2025-05-15 00:39:27.219 132807 DEBUG oslo_service.service [req-4c901b04-39c8-44fa-afc5-356c614fb1d9 - - - - -] hyperv.dynamic_memory_ratio = 1.0 log_opt_values /usr/lib/python3/dist-packages/oslo_config/cfg.py:2609
2025-05-15 00:39:27.219 132807 DEBUG oslo_service.service [req-4c901b04-39c8-44fa-afc5-356c614fb1d9 - - - - -] hyperv.enable_instance_metrics_collection = False log_opt_values /usr/lib/python3/dist-packages/oslo_config/cfg.py:2609
2025-05-15 00:39:27.219 132807 DEBUG oslo_service.service [req-4c901b04-39c8-44fa-afc5-356c614fb1d9 - - - - -] hyperv.enable_remotefx = False log_opt_values /usr/lib/python3/dist-packages/oslo_config/cfg.py:2609
2025-05-15 00:39:27.219 132807 DEBUG oslo_service.service [req-4c901b04-39c8-44fa-afc5-356c614fb1d9 - - - - -] hyperv.instances_path_share = log_opt_values /usr/lib/python3/dist-packages/oslo_config/cfg.py:2609
2025-05-15 00:39:27.220 132807 DEBUG oslo_service.service [req-4c901b04-39c8-44fa-afc5-356c614fb1d9 - - - - -] hyperv.iscsi_initiator_list = [] log_opt_values /usr/lib/python3/dist-packages/oslo_config/cfg.py:2609
2025-05-15 00:39:27.221 132807 DEBUG oslo_service.service [req-4c901b04-39c8-44fa-afc5-356c614fb1d9 - - - - -] hyperv.limit_cpu_features = False log_opt_values /usr/lib/python3/dist-packages/oslo_config/cfg.py:2609
2025-05-15 00:39:27.221 132807 DEBUG oslo_service.service [req-4c901b04-39c8-44fa-afc5-356c614fb1d9 - - - - -] hyperv.mounted_disk_query_retry_count = 10 log_opt_values /usr/lib/python3/dist-packages/oslo_config/cfg.py:2609
2025-05-15 00:39:27.221 132807 DEBUG oslo_service.service [req-4c901b04-39c8-44fa-afc5-356c614fb1d9 - - - - -] hyperv.mounted_disk_query_retry_interval = 5 log_opt_values /usr/lib/python3/dist-packages/oslo_config/cfg.py:2609
2025-05-15 00:39:27.221 132807 DEBUG oslo_service.service [req-4c901b04-39c8-44fa-afc5-356c614fb1d9 - - - - -] hyperv.power_state_check_timeframe = 60 log_opt_values /usr/lib/python3/dist-packages/oslo_config/cfg.py:2609
2025-05-15 00:39:27.221 132807 DEBUG oslo_service.service [req-4c901b04-39c8-44fa-afc5-356c614fb1d9 - - - - -] hyperv.power_state_event_polling_interval = 2 log_opt_values /usr/lib/python3/dist-packages/oslo_config/cfg.py:2609
2025-05-15 00:39:27.222 132807 DEBUG oslo_service.service [req-4c901b04-39c8-44fa-afc5-356c614fb1d9 - - - - -] hyperv.qemu_img_cmd = qemu-img.exe log_opt_values /usr/lib/python3/dist-packages/oslo_config/cfg.py:2609
2025-05-15 00:39:27.222 132807 DEBUG oslo_service.service [req-4c901b04-39c8-44fa-afc5-356c614fb1d9 - - - - -] hyperv.use_multipath_io = False log_opt_values /usr/lib/python3/dist-packages/oslo_config/cfg.py:2609
2025-05-15 00:39:27.222 132807 DEBUG oslo_service.service [req-4c901b04-39c8-44fa-afc5-356c614fb1d9 - - - - -] hyperv.volume_attach_retry_count = 10 log_opt_values /usr/lib/python3/dist-packages/oslo_config/cfg.py:2609
2025-05-15 00:39:27.222 132807 DEBUG oslo_service.service [req-4c901b04-39c8-44fa-afc5-356c614fb1d9 - - - - -] hyperv.volume_attach_retry_interval = 5 log_opt_values /usr/lib/python3/dist-packages/oslo_config/cfg.py:2609
2025-05-15 00:39:27.222 132807 DEBUG oslo_service.service [req-4c901b04-39c8-44fa-afc5-356c614fb1d9 - - - - -] hyperv.vswitch_name = None log_opt_values /usr/lib/python3/dist-packages/oslo_config/cfg.py:2609
2025-05-15 00:39:27.222 132807 DEBUG oslo_service.service [req-4c901b04-39c8-44fa-afc5-356c614fb1d9 - - - - -] hyperv.wait_soft_reboot_seconds = 60 log_opt_values /usr/lib/python3/dist-packages/oslo_config/cfg.py:2609
2025-05-15 00:39:27.223 132807 DEBUG oslo_service.service [req-4c901b04-39c8-44fa-afc5-356c614fb1d9 - - - - -] mks.enabled = False log_opt_values /usr/lib/python3/dist-packages/oslo_config/cfg.py:2609
2025-05-15 00:39:27.223 132807 DEBUG oslo_service.service [req-4c901b04-39c8-44fa-afc5-356c614fb1d9 - - - - -] mks.mksproxy_base_url = http://127.0.0.1:6090/ log_opt_values /usr/lib/python3/dist-packages/oslo_config/cfg.py:2609
2025-05-15 00:39:27.225 132807 DEBUG oslo_service.service [req-4c901b04-39c8-44fa-afc5-356c614fb1d9 - - - - -] image_cache.manager_interval = 2400 log_opt_values /usr/lib/python3/dist-packages/oslo_config/cfg.py:2609
2025-05-15 00:39:27.225 132807 DEBUG oslo_service.service [req-4c901b04-39c8-44fa-afc5-356c614fb1d9 - - - - -] image_cache.precache_concurrency = 1 log_opt_values /usr/lib/python3/dist-packages/oslo_config/cfg.py:2609
2025-05-15 00:39:27.225 132807 DEBUG oslo_service.service [req-4c901b04-39c8-44fa-afc5-356c614fb1d9 - - - - -] image_cache.remove_unused_base_images = True log_opt_values /usr/lib/python3/dist-packages/oslo_config/cfg.py:2609
2025-05-15 00:39:27.225 132807 DEBUG oslo_service.service [req-4c901b04-39c8-44fa-afc5-356c614fb1d9 - - - - -] image_cache.remove_unused_original_minimum_age_seconds = 86400 log_opt_values /usr/lib/python3/dist-packages/oslo_config/cfg.py:2609
2025-05-15 00:39:27.225 132807 DEBUG oslo_service.service [req-4c901b04-39c8-44fa-afc5-356c614fb1d9 - - - - -] image_cache.remove_unused_resized_minimum_age_seconds = 3600 log_opt_values /usr/lib/python3/dist-packages/oslo_config/cfg.py:2609
2025-05-15 00:39:27.226 132807 DEBUG oslo_service.service [req-4c901b04-39c8-44fa-afc5-356c614fb1d9 - - - - -] image_cache.subdirectory_name = _base log_opt_values /usr/lib/python3/dist-packages/oslo_config/cfg.py:2609
2025-05-15 00:39:27.226 132807 DEBUG oslo_service.service [req-4c901b04-39c8-44fa-afc5-356c614fb1d9 - - - - -] ironic.api_max_retries = 60 log_opt_values /usr/lib/python3/dist-packages/oslo_config/cfg.py:2609
2025-05-15 00:39:27.226 132807 DEBUG oslo_service.service [req-4c901b04-39c8-44fa-afc5-356c614fb1d9 - - - - -] ironic.api_retry_interval = 2 log_opt_values /usr/lib/python3/dist-packages/oslo_config/cfg.py:2609
2025-05-15 00:39:27.226 132807 DEBUG oslo_service.service [req-4c901b04-39c8-44fa-afc5-356c614fb1d9 - - - - -] ironic.auth_section = None log_opt_values /usr/lib/python3/dist-packages/oslo_config/cfg.py:2609
2025-05-15 00:39:27.227 132807 DEBUG oslo_service.service [req-4c901b04-39c8-44fa-afc5-356c614fb1d9 - - - - -] ironic.auth_type = None log_opt_values /usr/lib/python3/dist-packages/oslo_config/cfg.py:2609
2025-05-15 00:39:27.227 132807 DEBUG oslo_service.service [req-4c901b04-39c8-44fa-afc5-356c614fb1d9 - - - - -] ironic.cafile = None log_opt_values /usr/lib/python3/dist-packages/oslo_config/cfg.py:2609
2025-05-15 00:39:27.228 132807 DEBUG oslo_service.service [req-4c901b04-39c8-44fa-afc5-356c614fb1d9 - - - - -] ironic.certfile = None log_opt_values /usr/lib/python3/dist-packages/oslo_config/cfg.py:2609
2025-05-15 00:39:27.228 132807 DEBUG oslo_service.service [req-4c901b04-39c8-44fa-afc5-356c614fb1d9 - - - - -] ironic.collect_timing = False log_opt_values /usr/lib/python3/dist-packages/oslo_config/cfg.py:2609
2025-05-15 00:39:27.228 132807 DEBUG oslo_service.service [req-4c901b04-39c8-44fa-afc5-356c614fb1d9 - - - - -] ironic.connect_retries = None log_opt_values /usr/lib/python3/dist-packages/oslo_config/cfg.py:2609
2025-05-15 00:39:27.228 132807 DEBUG oslo_service.service [req-4c901b04-39c8-44fa-afc5-356c614fb1d9 - - - - -] ironic.connect_retry_delay = None log_opt_values /usr/lib/python3/dist-packages/oslo_config/cfg.py:2609
2025-05-15 00:39:27.228 132807 DEBUG oslo_service.service [req-4c901b04-39c8-44fa-afc5-356c614fb1d9 - - - - -] ironic.endpoint_override = None log_opt_values /usr/lib/python3/dist-packages/oslo_config/cfg.py:2609
2025-05-15 00:39:27.229 132807 DEBUG oslo_service.service [req-4c901b04-39c8-44fa-afc5-356c614fb1d9 - - - - -] ironic.insecure = False log_opt_values /usr/lib/python3/dist-packages/oslo_config/cfg.py:2609
2025-05-15 00:39:27.229 132807 DEBUG oslo_service.service [req-4c901b04-39c8-44fa-afc5-356c614fb1d9 - - - - -] ironic.keyfile = None log_opt_values /usr/lib/python3/dist-packages/oslo_config/cfg.py:2609
2025-05-15 00:39:27.229 132807 DEBUG oslo_service.service [req-4c901b04-39c8-44fa-afc5-356c614fb1d9 - - - - -] ironic.max_version = None log_opt_values /usr/lib/python3/dist-packages/oslo_config/cfg.py:2609
2025-05-15 00:39:27.229 132807 DEBUG oslo_service.service [req-4c901b04-39c8-44fa-afc5-356c614fb1d9 - - - - -] ironic.min_version = None log_opt_values /usr/lib/python3/dist-packages/oslo_config/cfg.py:2609
2025-05-15 00:39:27.229 132807 DEBUG oslo_service.service [req-4c901b04-39c8-44fa-afc5-356c614fb1d9 - - - - -] ironic.partition_key = None log_opt_values /usr/lib/python3/dist-packages/oslo_config/cfg.py:2609
2025-05-15 00:39:27.229 132807 DEBUG oslo_service.service [req-4c901b04-39c8-44fa-afc5-356c614fb1d9 - - - - -] ironic.peer_list = [] log_opt_values /usr/lib/python3/dist-packages/oslo_config/cfg.py:2609
2025-05-15 00:39:27.230 132807 DEBUG oslo_service.service [req-4c901b04-39c8-44fa-afc5-356c614fb1d9 - - - - -] ironic.region_name = None log_opt_values /usr/lib/python3/dist-packages/oslo_config/cfg.py:2609
2025-05-15 00:39:27.230 132807 DEBUG oslo_service.service [req-4c901b04-39c8-44fa-afc5-356c614fb1d9 - - - - -] ironic.serial_console_state_timeout = 10 log_opt_values /usr/lib/python3/dist-packages/oslo_config/cfg.py:2609
2025-05-15 00:39:27.230 132807 DEBUG oslo_service.service [req-4c901b04-39c8-44fa-afc5-356c614fb1d9 - - - - -] ironic.service_name = None log_opt_values /usr/lib/python3/dist-packages/oslo_config/cfg.py:2609
2025-05-15 00:39:27.230 132807 DEBUG oslo_service.service [req-4c901b04-39c8-44fa-afc5-356c614fb1d9 - - - - -] ironic.service_type = baremetal log_opt_values /usr/lib/python3/dist-packages/oslo_config/cfg.py:2609
2025-05-15 00:39:27.230 132807 DEBUG oslo_service.service [req-4c901b04-39c8-44fa-afc5-356c614fb1d9 - - - - -] ironic.split_loggers = False log_opt_values /usr/lib/python3/dist-packages/oslo_config/cfg.py:2609
2025-05-15 00:39:27.231 132807 DEBUG oslo_service.service [req-4c901b04-39c8-44fa-afc5-356c614fb1d9 - - - - -] ironic.status_code_retries = None log_opt_values /usr/lib/python3/dist-packages/oslo_config/cfg.py:2609
2025-05-15 00:39:27.231 132807 DEBUG oslo_service.service [req-4c901b04-39c8-44fa-afc5-356c614fb1d9 - - - - -] ironic.status_code_retry_delay = None log_opt_values /usr/lib/python3/dist-packages/oslo_config/cfg.py:2609
2025-05-15 00:39:27.231 132807 DEBUG oslo_service.service [req-4c901b04-39c8-44fa-afc5-356c614fb1d9 - - - - -] ironic.timeout = None log_opt_values /usr/lib/python3/dist-packages/oslo_config/cfg.py:2609
2025-05-15 00:39:27.231 132807 DEBUG oslo_service.service [req-4c901b04-39c8-44fa-afc5-356c614fb1d9 - - - - -] ironic.valid_interfaces = ['internal', 'public'] log_opt_values /usr/lib/python3/dist-packages/oslo_config/cfg.py:2609
2025-05-15 00:39:27.231 132807 DEBUG oslo_service.service [req-4c901b04-39c8-44fa-afc5-356c614fb1d9 - - - - -] ironic.version = None log_opt_values /usr/lib/python3/dist-packages/oslo_config/cfg.py:2609
2025-05-15 00:39:27.231 132807 DEBUG oslo_service.service [req-4c901b04-39c8-44fa-afc5-356c614fb1d9 - - - - -] key_manager.backend = barbican log_opt_values /usr/lib/python3/dist-packages/oslo_config/cfg.py:2609
2025-05-15 00:39:27.232 132807 DEBUG oslo_service.service [req-4c901b04-39c8-44fa-afc5-356c614fb1d9 - - - - -] key_manager.fixed_key = **** log_opt_values /usr/lib/python3/dist-packages/oslo_config/cfg.py:2609
2025-05-15 00:39:27.232 132807 DEBUG oslo_service.service [req-4c901b04-39c8-44fa-afc5-356c614fb1d9 - - - - -] barbican.auth_endpoint = http://localhost/identity/v3 log_opt_values /usr/lib/python3/dist-packages/oslo_config/cfg.py:2609
2025-05-15 00:39:27.232 132807 DEBUG oslo_service.service [req-4c901b04-39c8-44fa-afc5-356c614fb1d9 - - - - -] barbican.barbican_api_version = None log_opt_values /usr/lib/python3/dist-packages/oslo_config/cfg.py:2609
2025-05-15 00:39:27.232 132807 DEBUG oslo_service.service [req-4c901b04-39c8-44fa-afc5-356c614fb1d9 - - - - -] barbican.barbican_endpoint = None log_opt_values /usr/lib/python3/dist-packages/oslo_config/cfg.py:2609
2025-05-15 00:39:27.232 133417 DEBUG oslo_messaging._drivers.amqpdriver [-] Listener is running poll /usr/lib/python3/dist-packages/oslo_messaging/_drivers/amqpdriver.py:343
2025-05-15 00:39:27.232 132807 DEBUG oslo_service.service [req-4c901b04-39c8-44fa-afc5-356c614fb1d9 - - - - -] barbican.barbican_endpoint_type = public log_opt_values /usr/lib/python3/dist-packages/oslo_config/cfg.py:2609
2025-05-15 00:39:27.233 133417 DEBUG oslo_messaging._drivers.amqpdriver [-] AMQPListener connection consume poll /usr/lib/python3/dist-packages/oslo_messaging/_drivers/amqpdriver.py:357
2025-05-15 00:39:27.233 132807 DEBUG oslo_service.service [req-4c901b04-39c8-44fa-afc5-356c614fb1d9 - - - - -] barbican.barbican_region_name = None log_opt_values /usr/lib/python3/dist-packages/oslo_config/cfg.py:2609
2025-05-15 00:39:27.233 132807 DEBUG oslo_service.service [req-4c901b04-39c8-44fa-afc5-356c614fb1d9 - - - - -] barbican.cafile = None log_opt_values /usr/lib/python3/dist-packages/oslo_config/cfg.py:2609
2025-05-15 00:39:27.233 132807 DEBUG oslo_service.service [req-4c901b04-39c8-44fa-afc5-356c614fb1d9 - - - - -] barbican.certfile = None log_opt_values /usr/lib/python3/dist-packages/oslo_config/cfg.py:2609
2025-05-15 00:39:27.233 132807 DEBUG oslo_service.service [req-4c901b04-39c8-44fa-afc5-356c614fb1d9 - - - - -] barbican.collect_timing = False log_opt_values /usr/lib/python3/dist-packages/oslo_config/cfg.py:2609
2025-05-15 00:39:27.233 132807 DEBUG oslo_service.service [req-4c901b04-39c8-44fa-afc5-356c614fb1d9 - - - - -] barbican.insecure = False log_opt_values /usr/lib/python3/dist-packages/oslo_config/cfg.py:2609
2025-05-15 00:39:27.233 133417 DEBUG nova.service [req-39345af2-1bdf-488d-a881-b32adac218ad - - - - -] Join ServiceGroup membership for this service scheduler start /usr/lib/python3/dist-packages/nova/service.py:199
2025-05-15 00:39:27.234 132807 DEBUG oslo_service.service [req-4c901b04-39c8-44fa-afc5-356c614fb1d9 - - - - -] barbican.keyfile = None log_opt_values /usr/lib/python3/dist-packages/oslo_config/cfg.py:2609
2025-05-15 00:39:27.234 132807 DEBUG oslo_service.service [req-4c901b04-39c8-44fa-afc5-356c614fb1d9 - - - - -] barbican.number_of_retries = 60 log_opt_values /usr/lib/python3/dist-packages/oslo_config/cfg.py:2609
2025-05-15 00:39:27.234 133417 DEBUG nova.servicegroup.drivers.db [req-39345af2-1bdf-488d-a881-b32adac218ad - - - - -] DB_Driver: join new ServiceGroup member juju-be92da-0-lxd-7 to the scheduler group, service = join /usr/lib/python3/dist-packages/nova/servicegroup/drivers/db.py:44
2025-05-15 00:39:27.234 132807 DEBUG oslo_service.service [req-4c901b04-39c8-44fa-afc5-356c614fb1d9 - - - - -] barbican.retry_delay = 1 log_opt_values /usr/lib/python3/dist-packages/oslo_config/cfg.py:2609
2025-05-15 00:39:27.234 132807 DEBUG oslo_service.service [req-4c901b04-39c8-44fa-afc5-356c614fb1d9 - - - - -] barbican.send_service_user_token = False log_opt_values /usr/lib/python3/dist-packages/oslo_config/cfg.py:2609
2025-05-15 00:39:27.234 132807 DEBUG oslo_service.service [req-4c901b04-39c8-44fa-afc5-356c614fb1d9 - - - - -] barbican.split_loggers = False log_opt_values /usr/lib/python3/dist-packages/oslo_config/cfg.py:2609
2025-05-15 00:39:27.234 132807 DEBUG oslo_service.service [req-4c901b04-39c8-44fa-afc5-356c614fb1d9 - - - - -] barbican.timeout = None log_opt_values /usr/lib/python3/dist-packages/oslo_config/cfg.py:2609
2025-05-15 00:39:27.235 132807 DEBUG oslo_service.service [req-4c901b04-39c8-44fa-afc5-356c614fb1d9 - - - - -] barbican.verify_ssl = True log_opt_values /usr/lib/python3/dist-packages/oslo_config/cfg.py:2609
2025-05-15 00:39:27.235 132807 DEBUG oslo_service.service [req-4c901b04-39c8-44fa-afc5-356c614fb1d9 - - - - -] barbican.verify_ssl_path = None log_opt_values /usr/lib/python3/dist-packages/oslo_config/cfg.py:2609
2025-05-15 00:39:27.235 132807 DEBUG oslo_service.service [req-4c901b04-39c8-44fa-afc5-356c614fb1d9 - - - - -] barbican_service_user.auth_section = None log_opt_values /usr/lib/python3/dist-packages/oslo_config/cfg.py:2609
2025-05-15 00:39:27.235 132807 DEBUG oslo_service.service [req-4c901b04-39c8-44fa-afc5-356c614fb1d9 - - - - -] barbican_service_user.auth_type = None log_opt_values /usr/lib/python3/dist-packages/oslo_config/cfg.py:2609
2025-05-15 00:39:27.235 133420 DEBUG oslo_messaging._drivers.amqpdriver [-] Listener is running poll /usr/lib/python3/dist-packages/oslo_messaging/_drivers/amqpdriver.py:343
2025-05-15 00:39:27.235 132807 DEBUG oslo_service.service [req-4c901b04-39c8-44fa-afc5-356c614fb1d9 - - - - -] barbican_service_user.cafile = None log_opt_values /usr/lib/python3/dist-packages/oslo_config/cfg.py:2609
2025-05-15 00:39:27.235 133420 DEBUG oslo_messaging._drivers.amqpdriver [-] AMQPListener connection consume poll /usr/lib/python3/dist-packages/oslo_messaging/_drivers/amqpdriver.py:357
2025-05-15 00:39:27.235 132807 DEBUG oslo_service.service [req-4c901b04-39c8-44fa-afc5-356c614fb1d9 - - - - -] barbican_service_user.certfile = None log_opt_values /usr/lib/python3/dist-packages/oslo_config/cfg.py:2609
2025-05-15 00:39:27.236 132807 DEBUG oslo_service.service [req-4c901b04-39c8-44fa-afc5-356c614fb1d9 - - - - -] barbican_service_user.collect_timing = False log_opt_values /usr/lib/python3/dist-packages/oslo_config/cfg.py:2609
2025-05-15 00:39:27.236 132807 DEBUG oslo_service.service [req-4c901b04-39c8-44fa-afc5-356c614fb1d9 - - - - -] barbican_service_user.insecure = False log_opt_values /usr/lib/python3/dist-packages/oslo_config/cfg.py:2609
2025-05-15 00:39:27.236 132807 DEBUG oslo_service.service [req-4c901b04-39c8-44fa-afc5-356c614fb1d9 - - - - -] barbican_service_user.keyfile = None log_opt_values /usr/lib/python3/dist-packages/oslo_config/cfg.py:2609
2025-05-15 00:39:27.236 132807 DEBUG oslo_service.service [req-4c901b04-39c8-44fa-afc5-356c614fb1d9 - - - - -] barbican_service_user.split_loggers = False log_opt_values /usr/lib/python3/dist-packages/oslo_config/cfg.py:2609
2025-05-15 00:39:27.236 133420 DEBUG nova.service [req-4db65c06-d993-498a-885d-f703bf2fa232 - - - - -] Join ServiceGroup membership for this service scheduler start /usr/lib/python3/dist-packages/nova/service.py:199
2025-05-15 00:39:27.236 133417 DEBUG oslo_messaging._drivers.amqpdriver [-] AMQPListener connection timeout poll /usr/lib/python3/dist-packages/oslo_messaging/_drivers/amqpdriver.py:360
2025-05-15 00:39:27.236 132807 DEBUG oslo_service.service [req-4c901b04-39c8-44fa-afc5-356c614fb1d9 - - - - -] barbican_service_user.timeout = None log_opt_values /usr/lib/python3/dist-packages/oslo_config/cfg.py:2609
2025-05-15 00:39:27.237 133420 DEBUG nova.servicegroup.drivers.db [req-4db65c06-d993-498a-885d-f703bf2fa232 - - - - -] DB_Driver: join new ServiceGroup member juju-be92da-0-lxd-7 to the scheduler group, service = join /usr/lib/python3/dist-packages/nova/servicegroup/drivers/db.py:44
2025-05-15 00:39:27.237 133417 DEBUG oslo_messaging._drivers.amqpdriver [-] Listener is running poll /usr/lib/python3/dist-packages/oslo_messaging/_drivers/amqpdriver.py:343
2025-05-15 00:39:27.237 132807 DEBUG oslo_service.service [req-4c901b04-39c8-44fa-afc5-356c614fb1d9 - - - - -] vault.approle_role_id = None log_opt_values /usr/lib/python3/dist-packages/oslo_config/cfg.py:2609
2025-05-15 00:39:27.237 133417 DEBUG oslo_messaging._drivers.amqpdriver [-] AMQPListener connection consume poll /usr/lib/python3/dist-packages/oslo_messaging/_drivers/amqpdriver.py:357
2025-05-15 00:39:27.237 132807 DEBUG oslo_service.service [req-4c901b04-39c8-44fa-afc5-356c614fb1d9 - - - - -] vault.approle_secret_id = None log_opt_values /usr/lib/python3/dist-packages/oslo_config/cfg.py:2609
2025-05-15 00:39:27.237 132807 DEBUG oslo_service.service [req-4c901b04-39c8-44fa-afc5-356c614fb1d9 - - - - -] vault.cafile = None log_opt_values /usr/lib/python3/dist-packages/oslo_config/cfg.py:2609
2025-05-15 00:39:27.237 132807 DEBUG oslo_service.service [req-4c901b04-39c8-44fa-afc5-356c614fb1d9 - - - - -] vault.certfile = None log_opt_values /usr/lib/python3/dist-packages/oslo_config/cfg.py:2609
2025-05-15 00:39:27.237 132807 DEBUG oslo_service.service [req-4c901b04-39c8-44fa-afc5-356c614fb1d9 - - - - -] vault.collect_timing = False log_opt_values /usr/lib/python3/dist-packages/oslo_config/cfg.py:2609
2025-05-15 00:39:27.238 132807 DEBUG oslo_service.service [req-4c901b04-39c8-44fa-afc5-356c614fb1d9 - - - - -] vault.insecure = False log_opt_values /usr/lib/python3/dist-packages/oslo_config/cfg.py:2609
2025-05-15 00:39:27.238 132807 DEBUG oslo_service.service [req-4c901b04-39c8-44fa-afc5-356c614fb1d9 - - - - -] vault.keyfile = None log_opt_values /usr/lib/python3/dist-packages/oslo_config/cfg.py:2609
2025-05-15 00:39:27.238 132807 DEBUG oslo_service.service [req-4c901b04-39c8-44fa-afc5-356c614fb1d9 - - - - -] vault.kv_mountpoint = secret log_opt_values /usr/lib/python3/dist-packages/oslo_config/cfg.py:2609
2025-05-15 00:39:27.238 132807 DEBUG oslo_service.service [req-4c901b04-39c8-44fa-afc5-356c614fb1d9 - - - - -] vault.kv_version = 2 log_opt_values /usr/lib/python3/dist-packages/oslo_config/cfg.py:2609
2025-05-15 00:39:27.238 132807 DEBUG oslo_service.service [req-4c901b04-39c8-44fa-afc5-356c614fb1d9 - - - - -] vault.namespace = None log_opt_values /usr/lib/python3/dist-packages/oslo_config/cfg.py:2609
2025-05-15 00:39:27.238 132807 DEBUG oslo_service.service [req-4c901b04-39c8-44fa-afc5-356c614fb1d9 - - - - -] vault.root_token_id = None log_opt_values /usr/lib/python3/dist-packages/oslo_config/cfg.py:2609
2025-05-15 00:39:27.239 132807 DEBUG oslo_service.service [req-4c901b04-39c8-44fa-afc5-356c614fb1d9 - - - - -] vault.split_loggers = False log_opt_values /usr/lib/python3/dist-packages/oslo_config/cfg.py:2609
2025-05-15 00:39:27.239 132807 DEBUG oslo_service.service [req-4c901b04-39c8-44fa-afc5-356c614fb1d9 - - - - -] vault.ssl_ca_crt_file = None log_opt_values /usr/lib/python3/dist-packages/oslo_config/cfg.py:2609
2025-05-15 00:39:27.239 133420 DEBUG oslo_messaging._drivers.amqpdriver [-] AMQPListener connection timeout poll /usr/lib/python3/dist-packages/oslo_messaging/_drivers/amqpdriver.py:360
2025-05-15 00:39:27.239 132807 DEBUG oslo_service.service [req-4c901b04-39c8-44fa-afc5-356c614fb1d9 - - - - -] vault.timeout = None log_opt_values /usr/lib/python3/dist-packages/oslo_config/cfg.py:2609
2025-05-15 00:39:27.239 133420 DEBUG oslo_messaging._drivers.amqpdriver [-] Listener is running poll /usr/lib/python3/dist-packages/oslo_messaging/_drivers/amqpdriver.py:343
2025-05-15 00:39:27.239 133420 DEBUG oslo_messaging._drivers.amqpdriver [-] AMQPListener connection consume poll /usr/lib/python3/dist-packages/oslo_messaging/_drivers/amqpdriver.py:357
2025-05-15 00:39:27.239 132807 DEBUG oslo_service.service [req-4c901b04-39c8-44fa-afc5-356c614fb1d9 - - - - -] vault.use_ssl = False log_opt_values /usr/lib/python3/dist-packages/oslo_config/cfg.py:2609
2025-05-15 00:39:27.239 133418 DEBUG oslo_messaging._drivers.amqpdriver [-] Listener is running poll /usr/lib/python3/dist-packages/oslo_messaging/_drivers/amqpdriver.py:343
2025-05-15 00:39:27.239 132807 DEBUG oslo_service.service [req-4c901b04-39c8-44fa-afc5-356c614fb1d9 - - - - -] vault.vault_url = http://127.0.0.1:8200 log_opt_values /usr/lib/python3/dist-packages/oslo_config/cfg.py:2609
2025-05-15 00:39:27.239 133418 DEBUG oslo_messaging._drivers.amqpdriver [-] AMQPListener connection consume poll /usr/lib/python3/dist-packages/oslo_messaging/_drivers/amqpdriver.py:357
2025-05-15 00:39:27.240 132807 DEBUG oslo_service.service [req-4c901b04-39c8-44fa-afc5-356c614fb1d9 - - - - -] keystone.cafile = None log_opt_values /usr/lib/python3/dist-packages/oslo_config/cfg.py:2609
2025-05-15 00:39:27.240 132807 DEBUG oslo_service.service [req-4c901b04-39c8-44fa-afc5-356c614fb1d9 - - - - -] keystone.certfile = None log_opt_values /usr/lib/python3/dist-packages/oslo_config/cfg.py:2609
2025-05-15 00:39:27.240 132807 DEBUG oslo_service.service [req-4c901b04-39c8-44fa-afc5-356c614fb1d9 - - - - -] keystone.collect_timing = False log_opt_values /usr/lib/python3/dist-packages/oslo_config/cfg.py:2609
2025-05-15 00:39:27.240 133419 DEBUG oslo_messaging._drivers.amqpdriver [-] Listener is running poll /usr/lib/python3/dist-packages/oslo_messaging/_drivers/amqpdriver.py:343
2025-05-15 00:39:27.240 132807 DEBUG oslo_service.service [req-4c901b04-39c8-44fa-afc5-356c614fb1d9 - - - - -] keystone.connect_retries = None log_opt_values /usr/lib/python3/dist-packages/oslo_config/cfg.py:2609
2025-05-15 00:39:27.240 132807 DEBUG oslo_service.service [req-4c901b04-39c8-44fa-afc5-356c614fb1d9 - - - - -] keystone.connect_retry_delay = None log_opt_values /usr/lib/python3/dist-packages/oslo_config/cfg.py:2609
2025-05-15 00:39:27.240 132807 DEBUG oslo_service.service [req-4c901b04-39c8-44fa-afc5-356c614fb1d9 - - - - -] keystone.endpoint_override = None log_opt_values /usr/lib/python3/dist-packages/oslo_config/cfg.py:2609
2025-05-15 00:39:27.240 133419 DEBUG oslo_messaging._drivers.amqpdriver [-] AMQPListener connection consume poll /usr/lib/python3/dist-packages/oslo_messaging/_drivers/amqpdriver.py:357
2025-05-15 00:39:27.240 133418 DEBUG nova.service [req-8dfc2c3e-a6c6-421d-805e-2937e0f4b778 - - - - -] Join ServiceGroup membership for this service scheduler start /usr/lib/python3/dist-packages/nova/service.py:199
2025-05-15 00:39:27.241 132807 DEBUG oslo_service.service [req-4c901b04-39c8-44fa-afc5-356c614fb1d9 - - - - -] keystone.insecure = False log_opt_values /usr/lib/python3/dist-packages/oslo_config/cfg.py:2609
2025-05-15 00:39:27.241 132807 DEBUG oslo_service.service [req-4c901b04-39c8-44fa-afc5-356c614fb1d9 - - - - -] keystone.keyfile = None log_opt_values /usr/lib/python3/dist-packages/oslo_config/cfg.py:2609
2025-05-15 00:39:27.241 133418 DEBUG nova.servicegroup.drivers.db [req-8dfc2c3e-a6c6-421d-805e-2937e0f4b778 - - - - -] DB_Driver: join new ServiceGroup member juju-be92da-0-lxd-7 to the scheduler group, service = join /usr/lib/python3/dist-packages/nova/servicegroup/drivers/db.py:44
2025-05-15 00:39:27.241 132807 DEBUG oslo_service.service [req-4c901b04-39c8-44fa-afc5-356c614fb1d9 - - - - -] keystone.max_version = None log_opt_values /usr/lib/python3/dist-packages/oslo_config/cfg.py:2609
2025-05-15 00:39:27.241 132807 DEBUG oslo_service.service [req-4c901b04-39c8-44fa-afc5-356c614fb1d9 - - - - -] keystone.min_version = None log_opt_values /usr/lib/python3/dist-packages/oslo_config/cfg.py:2609
2025-05-15 00:39:27.241 132807 DEBUG oslo_service.service [req-4c901b04-39c8-44fa-afc5-356c614fb1d9 - - - - -] keystone.region_name = None log_opt_values /usr/lib/python3/dist-packages/oslo_config/cfg.py:2609
2025-05-15 00:39:27.241 133419 DEBUG nova.service [req-d37f17b4-74b4-4ed2-ad16-cfb65885c5db - - - - -] Join ServiceGroup membership for this service scheduler start /usr/lib/python3/dist-packages/nova/service.py:199
2025-05-15 00:39:27.241 132807 DEBUG oslo_service.service [req-4c901b04-39c8-44fa-afc5-356c614fb1d9 - - - - -] keystone.service_name = None log_opt_values /usr/lib/python3/dist-packages/oslo_config/cfg.py:2609
2025-05-15 00:39:27.242 132807 DEBUG oslo_service.service [req-4c901b04-39c8-44fa-afc5-356c614fb1d9 - - - - -] keystone.service_type = identity log_opt_values /usr/lib/python3/dist-packages/oslo_config/cfg.py:2609
2025-05-15 00:39:27.242 132807 DEBUG oslo_service.service [req-4c901b04-39c8-44fa-afc5-356c614fb1d9 - - - - -] keystone.split_loggers = False log_opt_values /usr/lib/python3/dist-packages/oslo_config/cfg.py:2609
2025-05-15 00:39:27.242 133419 DEBUG nova.servicegroup.drivers.db [req-d37f17b4-74b4-4ed2-ad16-cfb65885c5db - - - - -] DB_Driver: join new ServiceGroup member juju-be92da-0-lxd-7 to the scheduler group, service = join /usr/lib/python3/dist-packages/nova/servicegroup/drivers/db.py:44
2025-05-15 00:39:27.242 132807 DEBUG oslo_service.service [req-4c901b04-39c8-44fa-afc5-356c614fb1d9 - - - - -] keystone.status_code_retries = None log_opt_values /usr/lib/python3/dist-packages/oslo_config/cfg.py:2609
2025-05-15 00:39:27.242 132807 DEBUG oslo_service.service [req-4c901b04-39c8-44fa-afc5-356c614fb1d9 - - - - -] keystone.status_code_retry_delay = None log_opt_values /usr/lib/python3/dist-packages/oslo_config/cfg.py:2609
2025-05-15 00:39:27.242 132807 DEBUG oslo_service.service [req-4c901b04-39c8-44fa-afc5-356c614fb1d9 - - - - -] keystone.timeout = None log_opt_values /usr/lib/python3/dist-packages/oslo_config/cfg.py:2609
2025-05-15 00:39:27.243 132807 DEBUG oslo_service.service [req-4c901b04-39c8-44fa-afc5-356c614fb1d9 - - - - -] keystone.valid_interfaces = ['internal', 'public'] log_opt_values /usr/lib/python3/dist-packages/oslo_config/cfg.py:2609
2025-05-15 00:39:27.243 132807 DEBUG oslo_service.service [req-4c901b04-39c8-44fa-afc5-356c614fb1d9 - - - - -] keystone.version = None log_opt_values /usr/lib/python3/dist-packages/oslo_config/cfg.py:2609
2025-05-15 00:39:27.243 132807 DEBUG oslo_service.service [req-4c901b04-39c8-44fa-afc5-356c614fb1d9 - - - - -] libvirt.connection_uri = log_opt_values /usr/lib/python3/dist-packages/oslo_config/cfg.py:2609
2025-05-15 00:39:27.243 133418 DEBUG oslo_messaging._drivers.amqpdriver [-] AMQPListener connection timeout poll /usr/lib/python3/dist-packages/oslo_messaging/_drivers/amqpdriver.py:360
2025-05-15 00:39:27.243 132807 DEBUG oslo_service.service [req-4c901b04-39c8-44fa-afc5-356c614fb1d9 - - - - -] libvirt.cpu_mode = None log_opt_values /usr/lib/python3/dist-packages/oslo_config/cfg.py:2609
2025-05-15 00:39:27.243 133418 DEBUG oslo_messaging._drivers.amqpdriver [-] Listener is running poll /usr/lib/python3/dist-packages/oslo_messaging/_drivers/amqpdriver.py:343
2025-05-15 00:39:27.243 132807 DEBUG oslo_service.service [req-4c901b04-39c8-44fa-afc5-356c614fb1d9 - - - - -] libvirt.cpu_model_extra_flags = [] log_opt_values /usr/lib/python3/dist-packages/oslo_config/cfg.py:2609
2025-05-15 00:39:27.243 133418 DEBUG oslo_messaging._drivers.amqpdriver [-] AMQPListener connection consume poll /usr/lib/python3/dist-packages/oslo_messaging/_drivers/amqpdriver.py:357
2025-05-15 00:39:27.244 132807 DEBUG oslo_service.service [req-4c901b04-39c8-44fa-afc5-356c614fb1d9 - - - - -] libvirt.cpu_models = [] log_opt_values /usr/lib/python3/dist-packages/oslo_config/cfg.py:2609
2025-05-15 00:39:27.244 132807 DEBUG oslo_service.service [req-4c901b04-39c8-44fa-afc5-356c614fb1d9 - - - - -] libvirt.device_detach_attempts = 8 log_opt_values /usr/lib/python3/dist-packages/oslo_config/cfg.py:2609
2025-05-15 00:39:27.244 132807 DEBUG oslo_service.service [req-4c901b04-39c8-44fa-afc5-356c614fb1d9 - - - - -] libvirt.device_detach_timeout = 20 log_opt_values /usr/lib/python3/dist-packages/oslo_config/cfg.py:2609
2025-05-15 00:39:27.244 132807 DEBUG oslo_service.service [req-4c901b04-39c8-44fa-afc5-356c614fb1d9 - - - - -] libvirt.disk_cachemodes = [] log_opt_values /usr/lib/python3/dist-packages/oslo_config/cfg.py:2609
2025-05-15 00:39:27.244 132807 DEBUG oslo_service.service [req-4c901b04-39c8-44fa-afc5-356c614fb1d9 - - - - -] libvirt.disk_prefix = None log_opt_values /usr/lib/python3/dist-packages/oslo_config/cfg.py:2609
2025-05-15 00:39:27.244 132807 DEBUG oslo_service.service [req-4c901b04-39c8-44fa-afc5-356c614fb1d9 - - - - -] libvirt.enabled_perf_events = [] log_opt_values /usr/lib/python3/dist-packages/oslo_config/cfg.py:2609
2025-05-15 00:39:27.244 133419 DEBUG oslo_messaging._drivers.amqpdriver [-] AMQPListener connection timeout poll /usr/lib/python3/dist-packages/oslo_messaging/_drivers/amqpdriver.py:360
2025-05-15 00:39:27.245 133419 DEBUG oslo_messaging._drivers.amqpdriver [-] Listener is running poll /usr/lib/python3/dist-packages/oslo_messaging/_drivers/amqpdriver.py:343
2025-05-15 00:39:27.245 132807 DEBUG oslo_service.service [req-4c901b04-39c8-44fa-afc5-356c614fb1d9 - - - - -] libvirt.file_backed_memory = 0 log_opt_values /usr/lib/python3/dist-packages/oslo_config/cfg.py:2609
2025-05-15 00:39:27.245 133419 DEBUG oslo_messaging._drivers.amqpdriver [-] AMQPListener connection consume poll /usr/lib/python3/dist-packages/oslo_messaging/_drivers/amqpdriver.py:357
2025-05-15 00:39:27.245 132807 DEBUG oslo_service.service [req-4c901b04-39c8-44fa-afc5-356c614fb1d9 - - - - -] libvirt.gid_maps = [] log_opt_values /usr/lib/python3/dist-packages/oslo_config/cfg.py:2609
2025-05-15 00:39:27.245 132807 DEBUG oslo_service.service [req-4c901b04-39c8-44fa-afc5-356c614fb1d9 - - - - -] libvirt.hw_disk_discard = None log_opt_values /usr/lib/python3/dist-packages/oslo_config/cfg.py:2609
2025-05-15 00:39:27.245 132807 DEBUG oslo_service.service [req-4c901b04-39c8-44fa-afc5-356c614fb1d9 - - - - -] libvirt.hw_machine_type = None log_opt_values /usr/lib/python3/dist-packages/oslo_config/cfg.py:2609
2025-05-15 00:39:27.245 132807 DEBUG oslo_service.service [req-4c901b04-39c8-44fa-afc5-356c614fb1d9 - - - - -] libvirt.images_rbd_ceph_conf = log_opt_values /usr/lib/python3/dist-packages/oslo_config/cfg.py:2609
2025-05-15 00:39:27.246 132807 DEBUG oslo_service.service [req-4c901b04-39c8-44fa-afc5-356c614fb1d9 - - - - -] libvirt.images_rbd_glance_copy_poll_interval = 15 log_opt_values /usr/lib/python3/dist-packages/oslo_config/cfg.py:2609
2025-05-15 00:39:27.246 132807 DEBUG oslo_service.service [req-4c901b04-39c8-44fa-afc5-356c614fb1d9 - - - - -] libvirt.images_rbd_glance_copy_timeout = 600 log_opt_values /usr/lib/python3/dist-packages/oslo_config/cfg.py:2609
2025-05-15 00:39:27.246 132807 DEBUG oslo_service.service [req-4c901b04-39c8-44fa-afc5-356c614fb1d9 - - - - -] libvirt.images_rbd_glance_store_name = log_opt_values /usr/lib/python3/dist-packages/oslo_config/cfg.py:2609
2025-05-15 00:39:27.246 132807 DEBUG oslo_service.service [req-4c901b04-39c8-44fa-afc5-356c614fb1d9 - - - - -] libvirt.images_rbd_pool = rbd log_opt_values /usr/lib/python3/dist-packages/oslo_config/cfg.py:2609
2025-05-15 00:39:27.246 132807 DEBUG oslo_service.service [req-4c901b04-39c8-44fa-afc5-356c614fb1d9 - - - - -] libvirt.images_type = default log_opt_values /usr/lib/python3/dist-packages/oslo_config/cfg.py:2609
2025-05-15 00:39:27.247 132807 DEBUG oslo_service.service [req-4c901b04-39c8-44fa-afc5-356c614fb1d9 - - - - -] libvirt.images_volume_group = None log_opt_values /usr/lib/python3/dist-packages/oslo_config/cfg.py:2609
2025-05-15 00:39:27.247 132807 DEBUG oslo_service.service [req-4c901b04-39c8-44fa-afc5-356c614fb1d9 - - - - -] libvirt.inject_key = False log_opt_values /usr/lib/python3/dist-packages/oslo_config/cfg.py:2609
2025-05-15 00:39:27.247 132807 DEBUG oslo_service.service [req-4c901b04-39c8-44fa-afc5-356c614fb1d9 - - - - -] libvirt.inject_partition = -2 log_opt_values /usr/lib/python3/dist-packages/oslo_config/cfg.py:2609
2025-05-15 00:39:27.247 132807 DEBUG oslo_service.service [req-4c901b04-39c8-44fa-afc5-356c614fb1d9 - - - - -] libvirt.inject_password = False log_opt_values /usr/lib/python3/dist-packages/oslo_config/cfg.py:2609
2025-05-15 00:39:27.247 132807 DEBUG oslo_service.service [req-4c901b04-39c8-44fa-afc5-356c614fb1d9 - - - - -] libvirt.iscsi_iface = None log_opt_values /usr/lib/python3/dist-packages/oslo_config/cfg.py:2609
2025-05-15 00:39:27.247 132807 DEBUG oslo_service.service [req-4c901b04-39c8-44fa-afc5-356c614fb1d9 - - - - -] libvirt.iser_use_multipath = False log_opt_values /usr/lib/python3/dist-packages/oslo_config/cfg.py:2609
2025-05-15 00:39:27.248 132807 DEBUG oslo_service.service [req-4c901b04-39c8-44fa-afc5-356c614fb1d9 - - - - -] libvirt.live_migration_bandwidth = 0 log_opt_values /usr/lib/python3/dist-packages/oslo_config/cfg.py:2609
2025-05-15 00:39:27.248 132807 DEBUG oslo_service.service [req-4c901b04-39c8-44fa-afc5-356c614fb1d9 - - - - -] libvirt.live_migration_completion_timeout = 800 log_opt_values /usr/lib/python3/dist-packages/oslo_config/cfg.py:2609
2025-05-15 00:39:27.248 132807 DEBUG oslo_service.service [req-4c901b04-39c8-44fa-afc5-356c614fb1d9 - - - - -] libvirt.live_migration_downtime = 500 log_opt_values /usr/lib/python3/dist-packages/oslo_config/cfg.py:2609
2025-05-15 00:39:27.248 132807 DEBUG oslo_service.service [req-4c901b04-39c8-44fa-afc5-356c614fb1d9 - - - - -] libvirt.live_migration_downtime_delay = 75 log_opt_values /usr/lib/python3/dist-packages/oslo_config/cfg.py:2609
2025-05-15 00:39:27.248 132807 DEBUG oslo_service.service [req-4c901b04-39c8-44fa-afc5-356c614fb1d9 - - - - -] libvirt.live_migration_downtime_steps = 10 log_opt_values /usr/lib/python3/dist-packages/oslo_config/cfg.py:2609
2025-05-15 00:39:27.249 132807 DEBUG oslo_service.service [req-4c901b04-39c8-44fa-afc5-356c614fb1d9 - - - - -] libvirt.live_migration_inbound_addr = None log_opt_values /usr/lib/python3/dist-packages/oslo_config/cfg.py:2609
2025-05-15 00:39:27.249 132807 DEBUG oslo_service.service [req-4c901b04-39c8-44fa-afc5-356c614fb1d9 - - - - -] libvirt.live_migration_permit_auto_converge = False log_opt_values /usr/lib/python3/dist-packages/oslo_config/cfg.py:2609
2025-05-15 00:39:27.249 132807 DEBUG oslo_service.service [req-4c901b04-39c8-44fa-afc5-356c614fb1d9 - - - - -] libvirt.live_migration_permit_post_copy = False log_opt_values /usr/lib/python3/dist-packages/oslo_config/cfg.py:2609
2025-05-15 00:39:27.249 132807 DEBUG oslo_service.service [req-4c901b04-39c8-44fa-afc5-356c614fb1d9 - - - - -] libvirt.live_migration_scheme = None log_opt_values /usr/lib/python3/dist-packages/oslo_config/cfg.py:2609
2025-05-15 00:39:27.249 132807 DEBUG oslo_service.service [req-4c901b04-39c8-44fa-afc5-356c614fb1d9 - - - - -] libvirt.live_migration_timeout_action = abort log_opt_values /usr/lib/python3/dist-packages/oslo_config/cfg.py:2609
2025-05-15 00:39:27.249 132807 DEBUG oslo_service.service [req-4c901b04-39c8-44fa-afc5-356c614fb1d9 - - - - -] libvirt.live_migration_tunnelled = False log_opt_values /usr/lib/python3/dist-packages/oslo_config/cfg.py:2609
2025-05-15 00:39:27.250 132807 DEBUG oslo_service.service [req-4c901b04-39c8-44fa-afc5-356c614fb1d9 - - - - -] libvirt.live_migration_uri = None log_opt_values /usr/lib/python3/dist-packages/oslo_config/cfg.py:2609
2025-05-15 00:39:27.250 132807 DEBUG oslo_service.service [req-4c901b04-39c8-44fa-afc5-356c614fb1d9 - - - - -] libvirt.live_migration_with_native_tls = False log_opt_values /usr/lib/python3/dist-packages/oslo_config/cfg.py:2609
2025-05-15 00:39:27.250 132807 DEBUG oslo_service.service [req-4c901b04-39c8-44fa-afc5-356c614fb1d9 - - - - -] libvirt.max_queues = None log_opt_values /usr/lib/python3/dist-packages/oslo_config/cfg.py:2609
2025-05-15 00:39:27.250 132807 DEBUG oslo_service.service [req-4c901b04-39c8-44fa-afc5-356c614fb1d9 - - - - -] libvirt.mem_stats_period_seconds = 10 log_opt_values /usr/lib/python3/dist-packages/oslo_config/cfg.py:2609
2025-05-15 00:39:27.250 132807 DEBUG oslo_service.service [req-4c901b04-39c8-44fa-afc5-356c614fb1d9 - - - - -] libvirt.nfs_mount_options = None log_opt_values /usr/lib/python3/dist-packages/oslo_config/cfg.py:2609
2025-05-15 00:39:27.251 132807 DEBUG oslo_service.service [req-4c901b04-39c8-44fa-afc5-356c614fb1d9 - - - - -] libvirt.nfs_mount_point_base = /var/lib/nova/mnt log_opt_values /usr/lib/python3/dist-packages/oslo_config/cfg.py:2609
2025-05-15 00:39:27.251 132807 DEBUG oslo_service.service [req-4c901b04-39c8-44fa-afc5-356c614fb1d9 - - - - -] libvirt.num_aoe_discover_tries = 3 log_opt_values /usr/lib/python3/dist-packages/oslo_config/cfg.py:2609
2025-05-15 00:39:27.251 132807 DEBUG oslo_service.service [req-4c901b04-39c8-44fa-afc5-356c614fb1d9 - - - - -] libvirt.num_iser_scan_tries = 5 log_opt_values /usr/lib/python3/dist-packages/oslo_config/cfg.py:2609
2025-05-15 00:39:27.251 132807 DEBUG oslo_service.service [req-4c901b04-39c8-44fa-afc5-356c614fb1d9 - - - - -] libvirt.num_memory_encrypted_guests = None log_opt_values /usr/lib/python3/dist-packages/oslo_config/cfg.py:2609
2025-05-15 00:39:27.251 132807 DEBUG oslo_service.service [req-4c901b04-39c8-44fa-afc5-356c614fb1d9 - - - - -] libvirt.num_nvme_discover_tries = 5 log_opt_values /usr/lib/python3/dist-packages/oslo_config/cfg.py:2609
2025-05-15 00:39:27.251 132807 DEBUG oslo_service.service [req-4c901b04-39c8-44fa-afc5-356c614fb1d9 - - - - -] libvirt.num_pcie_ports = 0 log_opt_values /usr/lib/python3/dist-packages/oslo_config/cfg.py:2609
2025-05-15 00:39:27.252 132807 DEBUG oslo_service.service [req-4c901b04-39c8-44fa-afc5-356c614fb1d9 - - - - -] libvirt.num_volume_scan_tries = 5 log_opt_values /usr/lib/python3/dist-packages/oslo_config/cfg.py:2609
2025-05-15 00:39:27.252 132807 DEBUG oslo_service.service [req-4c901b04-39c8-44fa-afc5-356c614fb1d9 - - - - -] libvirt.pmem_namespaces = [] log_opt_values /usr/lib/python3/dist-packages/oslo_config/cfg.py:2609
2025-05-15 00:39:27.252 132807 DEBUG oslo_service.service [req-4c901b04-39c8-44fa-afc5-356c614fb1d9 - - - - -] libvirt.quobyte_client_cfg = None log_opt_values /usr/lib/python3/dist-packages/oslo_config/cfg.py:2609
2025-05-15 00:39:27.252 132807 DEBUG oslo_service.service [req-4c901b04-39c8-44fa-afc5-356c614fb1d9 - - - - -] libvirt.quobyte_mount_point_base = /var/lib/nova/mnt log_opt_values /usr/lib/python3/dist-packages/oslo_config/cfg.py:2609
2025-05-15 00:39:27.252 132807 DEBUG oslo_service.service [req-4c901b04-39c8-44fa-afc5-356c614fb1d9 - - - - -] libvirt.rbd_connect_timeout = 5 log_opt_values /usr/lib/python3/dist-packages/oslo_config/cfg.py:2609
2025-05-15 00:39:27.253 132807 DEBUG oslo_service.service [req-4c901b04-39c8-44fa-afc5-356c614fb1d9 - - - - -] libvirt.rbd_destroy_volume_retries = 12 log_opt_values /usr/lib/python3/dist-packages/oslo_config/cfg.py:2609
2025-05-15 00:39:27.253 132807 DEBUG oslo_service.service [req-4c901b04-39c8-44fa-afc5-356c614fb1d9 - - - - -] libvirt.rbd_destroy_volume_retry_interval = 5 log_opt_values /usr/lib/python3/dist-packages/oslo_config/cfg.py:2609
2025-05-15 00:39:27.253 132807 DEBUG oslo_service.service [req-4c901b04-39c8-44fa-afc5-356c614fb1d9 - - - - -] libvirt.rbd_secret_uuid = None log_opt_values /usr/lib/python3/dist-packages/oslo_config/cfg.py:2609
