2025-05-15 00:39:53.843 138607 DEBUG oslo_service.service [req-ebe8c340-ee54-4ac7-b5fc-16cfd695bc98 - - - - -] running_deleted_instance_action = reap log_opt_values /usr/lib/python3/dist-packages/oslo_config/cfg.py:2602
2025-05-15 00:39:53.843 138607 DEBUG oslo_service.service [req-ebe8c340-ee54-4ac7-b5fc-16cfd695bc98 - - - - -] running_deleted_instance_poll_interval = 1800 log_opt_values /usr/lib/python3/dist-packages/oslo_config/cfg.py:2602
2025-05-15 00:39:53.843 138607 DEBUG oslo_service.service [req-ebe8c340-ee54-4ac7-b5fc-16cfd695bc98 - - - - -] running_deleted_instance_timeout = 0 log_opt_values /usr/lib/python3/dist-packages/oslo_config/cfg.py:2602
2025-05-15 00:39:53.843 138607 DEBUG oslo_service.service [req-ebe8c340-ee54-4ac7-b5fc-16cfd695bc98 - - - - -] scheduler_instance_sync_interval = 120 log_opt_values /usr/lib/python3/dist-packages/oslo_config/cfg.py:2602
2025-05-15 00:39:53.843 138607 DEBUG oslo_service.service [req-ebe8c340-ee54-4ac7-b5fc-16cfd695bc98 - - - - -] service_down_time = 60 log_opt_values /usr/lib/python3/dist-packages/oslo_config/cfg.py:2602
2025-05-15 00:39:53.844 138607 DEBUG oslo_service.service [req-ebe8c340-ee54-4ac7-b5fc-16cfd695bc98 - - - - -] servicegroup_driver = db log_opt_values /usr/lib/python3/dist-packages/oslo_config/cfg.py:2602
2025-05-15 00:39:53.847 138607 DEBUG oslo_service.service [req-ebe8c340-ee54-4ac7-b5fc-16cfd695bc98 - - - - -] shelved_offload_time = 0 log_opt_values /usr/lib/python3/dist-packages/oslo_config/cfg.py:2602
2025-05-15 00:39:53.849 139019 DEBUG nova.service [req-58389b8a-2b06-4829-a832-fe6fd8589dd9 - - - - -] Creating RPC server for service conductor start /usr/lib/python3/dist-packages/nova/service.py:182
2025-05-15 00:39:53.848 138607 DEBUG oslo_service.service [req-ebe8c340-ee54-4ac7-b5fc-16cfd695bc98 - - - - -] shelved_poll_interval = 3600 log_opt_values /usr/lib/python3/dist-packages/oslo_config/cfg.py:2602
2025-05-15 00:39:53.850 139020 DEBUG oslo_db.sqlalchemy.engines [req-1a26fb71-e977-4f0c-9f26-1ddbe23734c3 - - - - -] MySQL server mode set to STRICT_TRANS_TABLES,STRICT_ALL_TABLES,NO_ZERO_IN_DATE,NO_ZERO_DATE,ERROR_FOR_DIVISION_BY_ZERO,TRADITIONAL,NO_ENGINE_SUBSTITUTION _check_effective_sql_mode /usr/lib/python3/dist-packages/oslo_db/sqlalchemy/engines.py:314
2025-05-15 00:39:53.850 138607 DEBUG oslo_service.service [req-ebe8c340-ee54-4ac7-b5fc-16cfd695bc98 - - - - -] shutdown_timeout = 60 log_opt_values /usr/lib/python3/dist-packages/oslo_config/cfg.py:2602
2025-05-15 00:39:53.851 138607 DEBUG oslo_service.service [req-ebe8c340-ee54-4ac7-b5fc-16cfd695bc98 - - - - -] source_is_ipv6 = False log_opt_values /usr/lib/python3/dist-packages/oslo_config/cfg.py:2602
2025-05-15 00:39:53.854 138607 DEBUG oslo_service.service [req-ebe8c340-ee54-4ac7-b5fc-16cfd695bc98 - - - - -] ssl_only = False log_opt_values /usr/lib/python3/dist-packages/oslo_config/cfg.py:2602
2025-05-15 00:39:53.855 138607 DEBUG oslo_service.service [req-ebe8c340-ee54-4ac7-b5fc-16cfd695bc98 - - - - -] state_path = /var/lib/nova log_opt_values /usr/lib/python3/dist-packages/oslo_config/cfg.py:2602
2025-05-15 00:39:53.855 138607 DEBUG oslo_service.service [req-ebe8c340-ee54-4ac7-b5fc-16cfd695bc98 - - - - -] sync_power_state_interval = 600 log_opt_values /usr/lib/python3/dist-packages/oslo_config/cfg.py:2602
2025-05-15 00:39:53.857 139017 DEBUG oslo_messaging._drivers.amqpdriver [-] Listener is running poll /usr/lib/python3/dist-packages/oslo_messaging/_drivers/amqpdriver.py:343
2025-05-15 00:39:53.857 138607 DEBUG oslo_service.service [req-ebe8c340-ee54-4ac7-b5fc-16cfd695bc98 - - - - -] sync_power_state_pool_size = 1000 log_opt_values /usr/lib/python3/dist-packages/oslo_config/cfg.py:2602
2025-05-15 00:39:53.857 139017 DEBUG oslo_messaging._drivers.amqpdriver [-] AMQPListener connection consume poll /usr/lib/python3/dist-packages/oslo_messaging/_drivers/amqpdriver.py:357
2025-05-15 00:39:53.857 138607 DEBUG oslo_service.service [req-ebe8c340-ee54-4ac7-b5fc-16cfd695bc98 - - - - -] syslog_log_facility = LOG_USER log_opt_values /usr/lib/python3/dist-packages/oslo_config/cfg.py:2602
2025-05-15 00:39:53.858 139017 DEBUG nova.service [req-f6409dba-4164-468a-830b-c49f3d57f3cb - - - - -] Join ServiceGroup membership for this service conductor start /usr/lib/python3/dist-packages/nova/service.py:199
2025-05-15 00:39:53.858 138607 DEBUG oslo_service.service [req-ebe8c340-ee54-4ac7-b5fc-16cfd695bc98 - - - - -] tempdir = None log_opt_values /usr/lib/python3/dist-packages/oslo_config/cfg.py:2602
2025-05-15 00:39:53.858 139017 DEBUG nova.servicegroup.drivers.db [req-f6409dba-4164-468a-830b-c49f3d57f3cb - - - - -] DB_Driver: join new ServiceGroup member juju-be92da-0-lxd-7 to the conductor group, service = join /usr/lib/python3/dist-packages/nova/servicegroup/drivers/db.py:44
2025-05-15 00:39:53.858 138607 DEBUG oslo_service.service [req-ebe8c340-ee54-4ac7-b5fc-16cfd695bc98 - - - - -] timeout_nbd = 10 log_opt_values /usr/lib/python3/dist-packages/oslo_config/cfg.py:2602
2025-05-15 00:39:53.859 138607 DEBUG oslo_service.service [req-ebe8c340-ee54-4ac7-b5fc-16cfd695bc98 - - - - -] transport_url = **** log_opt_values /usr/lib/python3/dist-packages/oslo_config/cfg.py:2602
2025-05-15 00:39:53.858 139018 DEBUG oslo_messaging._drivers.amqpdriver [-] Listener is running poll /usr/lib/python3/dist-packages/oslo_messaging/_drivers/amqpdriver.py:343
2025-05-15 00:39:53.859 138607 DEBUG oslo_service.service [req-ebe8c340-ee54-4ac7-b5fc-16cfd695bc98 - - - - -] update_resources_interval = 0 log_opt_values /usr/lib/python3/dist-packages/oslo_config/cfg.py:2602
2025-05-15 00:39:53.859 138607 DEBUG oslo_service.service [req-ebe8c340-ee54-4ac7-b5fc-16cfd695bc98 - - - - -] use_cow_images = True log_opt_values /usr/lib/python3/dist-packages/oslo_config/cfg.py:2602
2025-05-15 00:39:53.859 139018 DEBUG oslo_messaging._drivers.amqpdriver [-] AMQPListener connection consume poll /usr/lib/python3/dist-packages/oslo_messaging/_drivers/amqpdriver.py:357
2025-05-15 00:39:53.859 138607 DEBUG oslo_service.service [req-ebe8c340-ee54-4ac7-b5fc-16cfd695bc98 - - - - -] use_eventlog = False log_opt_values /usr/lib/python3/dist-packages/oslo_config/cfg.py:2602
2025-05-15 00:39:53.859 138607 DEBUG oslo_service.service [req-ebe8c340-ee54-4ac7-b5fc-16cfd695bc98 - - - - -] use_journal = False log_opt_values /usr/lib/python3/dist-packages/oslo_config/cfg.py:2602
2025-05-15 00:39:53.860 138607 DEBUG oslo_service.service [req-ebe8c340-ee54-4ac7-b5fc-16cfd695bc98 - - - - -] use_json = False log_opt_values /usr/lib/python3/dist-packages/oslo_config/cfg.py:2602
2025-05-15 00:39:53.860 139018 DEBUG nova.service [req-efed6743-a2bf-43f6-aef5-5c5751e28b88 - - - - -] Join ServiceGroup membership for this service conductor start /usr/lib/python3/dist-packages/nova/service.py:199
2025-05-15 00:39:53.860 138607 DEBUG oslo_service.service [req-ebe8c340-ee54-4ac7-b5fc-16cfd695bc98 - - - - -] use_rootwrap_daemon = False log_opt_values /usr/lib/python3/dist-packages/oslo_config/cfg.py:2602
2025-05-15 00:39:53.860 138607 DEBUG oslo_service.service [req-ebe8c340-ee54-4ac7-b5fc-16cfd695bc98 - - - - -] use_stderr = False log_opt_values /usr/lib/python3/dist-packages/oslo_config/cfg.py:2602
2025-05-15 00:39:53.860 139018 DEBUG nova.servicegroup.drivers.db [req-efed6743-a2bf-43f6-aef5-5c5751e28b88 - - - - -] DB_Driver: join new ServiceGroup member juju-be92da-0-lxd-7 to the conductor group, service = join /usr/lib/python3/dist-packages/nova/servicegroup/drivers/db.py:44
2025-05-15 00:39:53.860 138607 DEBUG oslo_service.service [req-ebe8c340-ee54-4ac7-b5fc-16cfd695bc98 - - - - -] use_syslog = False log_opt_values /usr/lib/python3/dist-packages/oslo_config/cfg.py:2602
2025-05-15 00:39:53.861 138607 DEBUG oslo_service.service [req-ebe8c340-ee54-4ac7-b5fc-16cfd695bc98 - - - - -] vcpu_pin_set = None log_opt_values /usr/lib/python3/dist-packages/oslo_config/cfg.py:2602
2025-05-15 00:39:53.861 139017 DEBUG oslo_messaging._drivers.amqpdriver [-] AMQPListener connection timeout poll /usr/lib/python3/dist-packages/oslo_messaging/_drivers/amqpdriver.py:360
2025-05-15 00:39:53.861 139017 DEBUG oslo_messaging._drivers.amqpdriver [-] Listener is running poll /usr/lib/python3/dist-packages/oslo_messaging/_drivers/amqpdriver.py:343
2025-05-15 00:39:53.861 139017 DEBUG oslo_messaging._drivers.amqpdriver [-] AMQPListener connection consume poll /usr/lib/python3/dist-packages/oslo_messaging/_drivers/amqpdriver.py:357
2025-05-15 00:39:53.861 138607 DEBUG oslo_service.service [req-ebe8c340-ee54-4ac7-b5fc-16cfd695bc98 - - - - -] vif_plugging_is_fatal = True log_opt_values /usr/lib/python3/dist-packages/oslo_config/cfg.py:2602
2025-05-15 00:39:53.861 138607 DEBUG oslo_service.service [req-ebe8c340-ee54-4ac7-b5fc-16cfd695bc98 - - - - -] vif_plugging_timeout = 300 log_opt_values /usr/lib/python3/dist-packages/oslo_config/cfg.py:2602
2025-05-15 00:39:53.862 138607 DEBUG oslo_service.service [req-ebe8c340-ee54-4ac7-b5fc-16cfd695bc98 - - - - -] virt_mkfs = [] log_opt_values /usr/lib/python3/dist-packages/oslo_config/cfg.py:2602
2025-05-15 00:39:53.862 138607 DEBUG oslo_service.service [req-ebe8c340-ee54-4ac7-b5fc-16cfd695bc98 - - - - -] volume_usage_poll_interval = 0 log_opt_values /usr/lib/python3/dist-packages/oslo_config/cfg.py:2602
2025-05-15 00:39:53.862 138607 DEBUG oslo_service.service [req-ebe8c340-ee54-4ac7-b5fc-16cfd695bc98 - - - - -] watch_log_file = False log_opt_values /usr/lib/python3/dist-packages/oslo_config/cfg.py:2602
2025-05-15 00:39:53.862 138607 DEBUG oslo_service.service [req-ebe8c340-ee54-4ac7-b5fc-16cfd695bc98 - - - - -] web = /usr/share/spice-html5 log_opt_values /usr/lib/python3/dist-packages/oslo_config/cfg.py:2602
2025-05-15 00:39:53.863 139018 DEBUG oslo_messaging._drivers.amqpdriver [-] AMQPListener connection timeout poll /usr/lib/python3/dist-packages/oslo_messaging/_drivers/amqpdriver.py:360
2025-05-15 00:39:53.863 138607 DEBUG oslo_service.service [req-ebe8c340-ee54-4ac7-b5fc-16cfd695bc98 - - - - -] oslo_concurrency.disable_process_locking = False log_opt_values /usr/lib/python3/dist-packages/oslo_config/cfg.py:2609
2025-05-15 00:39:53.863 139018 DEBUG oslo_messaging._drivers.amqpdriver [-] Listener is running poll /usr/lib/python3/dist-packages/oslo_messaging/_drivers/amqpdriver.py:343
2025-05-15 00:39:53.863 138607 DEBUG oslo_service.service [req-ebe8c340-ee54-4ac7-b5fc-16cfd695bc98 - - - - -] oslo_concurrency.lock_path = /var/lock/nova log_opt_values /usr/lib/python3/dist-packages/oslo_config/cfg.py:2609
2025-05-15 00:39:53.863 139018 DEBUG oslo_messaging._drivers.amqpdriver [-] AMQPListener connection consume poll /usr/lib/python3/dist-packages/oslo_messaging/_drivers/amqpdriver.py:357
2025-05-15 00:39:53.863 138607 DEBUG oslo_service.service [req-ebe8c340-ee54-4ac7-b5fc-16cfd695bc98 - - - - -] oslo_messaging_metrics.metrics_buffer_size = 1000 log_opt_values /usr/lib/python3/dist-packages/oslo_config/cfg.py:2609
2025-05-15 00:39:53.863 138607 DEBUG oslo_service.service [req-ebe8c340-ee54-4ac7-b5fc-16cfd695bc98 - - - - -] oslo_messaging_metrics.metrics_enabled = False log_opt_values /usr/lib/python3/dist-packages/oslo_config/cfg.py:2609
2025-05-15 00:39:53.864 138607 DEBUG oslo_service.service [req-ebe8c340-ee54-4ac7-b5fc-16cfd695bc98 - - - - -] oslo_messaging_metrics.metrics_process_name = log_opt_values /usr/lib/python3/dist-packages/oslo_config/cfg.py:2609
2025-05-15 00:39:53.865 138607 DEBUG oslo_service.service [req-ebe8c340-ee54-4ac7-b5fc-16cfd695bc98 - - - - -] oslo_messaging_metrics.metrics_socket_file = /var/tmp/metrics_collector.sock log_opt_values /usr/lib/python3/dist-packages/oslo_config/cfg.py:2609
2025-05-15 00:39:53.865 138607 DEBUG oslo_service.service [req-ebe8c340-ee54-4ac7-b5fc-16cfd695bc98 - - - - -] oslo_messaging_metrics.metrics_thread_stop_timeout = 10 log_opt_values /usr/lib/python3/dist-packages/oslo_config/cfg.py:2609
2025-05-15 00:39:53.865 138607 WARNING oslo_config.cfg [req-ebe8c340-ee54-4ac7-b5fc-16cfd695bc98 - - - - -] Deprecated: Option "auth_strategy" from group "api" is deprecated for removal ( The only non-default choice, ``noauth2``, is for internal development and testing purposes only and should not be used in deployments. This option and its middleware, NoAuthMiddleware[V2_18], will be removed in a future release. ). Its value may be silently ignored in the future.
2025-05-15 00:39:53.866 138607 DEBUG oslo_service.service [req-ebe8c340-ee54-4ac7-b5fc-16cfd695bc98 - - - - -] api.auth_strategy = keystone log_opt_values /usr/lib/python3/dist-packages/oslo_config/cfg.py:2609
2025-05-15 00:39:53.866 138607 DEBUG oslo_service.service [req-ebe8c340-ee54-4ac7-b5fc-16cfd695bc98 - - - - -] api.compute_link_prefix = None log_opt_values /usr/lib/python3/dist-packages/oslo_config/cfg.py:2609
2025-05-15 00:39:53.866 138607 DEBUG oslo_service.service [req-ebe8c340-ee54-4ac7-b5fc-16cfd695bc98 - - - - -] api.config_drive_skip_versions = 1.0 2007-01-19 2007-03-01 2007-08-29 2007-10-10 2007-12-15 2008-02-01 2008-09-01 log_opt_values /usr/lib/python3/dist-packages/oslo_config/cfg.py:2609
2025-05-15 00:39:53.867 138607 DEBUG oslo_service.service [req-ebe8c340-ee54-4ac7-b5fc-16cfd695bc98 - - - - -] api.dhcp_domain = novalocal log_opt_values /usr/lib/python3/dist-packages/oslo_config/cfg.py:2609
2025-05-15 00:39:53.867 138607 DEBUG oslo_service.service [req-ebe8c340-ee54-4ac7-b5fc-16cfd695bc98 - - - - -] api.enable_instance_password = True log_opt_values /usr/lib/python3/dist-packages/oslo_config/cfg.py:2609
2025-05-15 00:39:53.867 138607 DEBUG oslo_service.service [req-ebe8c340-ee54-4ac7-b5fc-16cfd695bc98 - - - - -] api.glance_link_prefix = None log_opt_values /usr/lib/python3/dist-packages/oslo_config/cfg.py:2609
2025-05-15 00:39:53.867 138607 DEBUG oslo_service.service [req-ebe8c340-ee54-4ac7-b5fc-16cfd695bc98 - - - - -] api.instance_list_cells_batch_fixed_size = 100 log_opt_values /usr/lib/python3/dist-packages/oslo_config/cfg.py:2609
2025-05-15 00:39:53.867 138607 DEBUG oslo_service.service [req-ebe8c340-ee54-4ac7-b5fc-16cfd695bc98 - - - - -] api.instance_list_cells_batch_strategy = distributed log_opt_values /usr/lib/python3/dist-packages/oslo_config/cfg.py:2609
2025-05-15 00:39:53.868 138607 DEBUG oslo_service.service [req-ebe8c340-ee54-4ac7-b5fc-16cfd695bc98 - - - - -] api.instance_list_per_project_cells = False log_opt_values /usr/lib/python3/dist-packages/oslo_config/cfg.py:2609
2025-05-15 00:39:53.868 138607 DEBUG oslo_service.service [req-ebe8c340-ee54-4ac7-b5fc-16cfd695bc98 - - - - -] api.list_records_by_skipping_down_cells = True log_opt_values /usr/lib/python3/dist-packages/oslo_config/cfg.py:2609
2025-05-15 00:39:53.868 138607 DEBUG oslo_service.service [req-ebe8c340-ee54-4ac7-b5fc-16cfd695bc98 - - - - -] api.local_metadata_per_cell = False log_opt_values /usr/lib/python3/dist-packages/oslo_config/cfg.py:2609
2025-05-15 00:39:53.869 138607 DEBUG oslo_service.service [req-ebe8c340-ee54-4ac7-b5fc-16cfd695bc98 - - - - -] api.max_limit = 1000 log_opt_values /usr/lib/python3/dist-packages/oslo_config/cfg.py:2609
2025-05-15 00:39:53.869 138607 DEBUG oslo_service.service [req-ebe8c340-ee54-4ac7-b5fc-16cfd695bc98 - - - - -] api.metadata_cache_expiration = 15 log_opt_values /usr/lib/python3/dist-packages/oslo_config/cfg.py:2609
2025-05-15 00:39:53.869 138607 DEBUG oslo_service.service [req-ebe8c340-ee54-4ac7-b5fc-16cfd695bc98 - - - - -] api.neutron_default_tenant_id = default log_opt_values /usr/lib/python3/dist-packages/oslo_config/cfg.py:2609
2025-05-15 00:39:53.869 138607 DEBUG oslo_service.service [req-ebe8c340-ee54-4ac7-b5fc-16cfd695bc98 - - - - -] api.use_forwarded_for = False log_opt_values /usr/lib/python3/dist-packages/oslo_config/cfg.py:2609
2025-05-15 00:39:53.869 138607 DEBUG oslo_service.service [req-ebe8c340-ee54-4ac7-b5fc-16cfd695bc98 - - - - -] api.use_neutron_default_nets = False log_opt_values /usr/lib/python3/dist-packages/oslo_config/cfg.py:2609
2025-05-15 00:39:53.870 138607 DEBUG oslo_service.service [req-ebe8c340-ee54-4ac7-b5fc-16cfd695bc98 - - - - -] api.vendordata_dynamic_connect_timeout = 5 log_opt_values /usr/lib/python3/dist-packages/oslo_config/cfg.py:2609
2025-05-15 00:39:53.870 138607 DEBUG oslo_service.service [req-ebe8c340-ee54-4ac7-b5fc-16cfd695bc98 - - - - -] api.vendordata_dynamic_failure_fatal = False log_opt_values /usr/lib/python3/dist-packages/oslo_config/cfg.py:2609
2025-05-15 00:39:53.870 138607 DEBUG oslo_service.service [req-ebe8c340-ee54-4ac7-b5fc-16cfd695bc98 - - - - -] api.vendordata_dynamic_read_timeout = 5 log_opt_values /usr/lib/python3/dist-packages/oslo_config/cfg.py:2609
2025-05-15 00:39:53.870 138607 DEBUG oslo_service.service [req-ebe8c340-ee54-4ac7-b5fc-16cfd695bc98 - - - - -] api.vendordata_dynamic_ssl_certfile = log_opt_values /usr/lib/python3/dist-packages/oslo_config/cfg.py:2609
2025-05-15 00:39:53.871 138607 DEBUG oslo_service.service [req-ebe8c340-ee54-4ac7-b5fc-16cfd695bc98 - - - - -] api.vendordata_dynamic_targets = [] log_opt_values /usr/lib/python3/dist-packages/oslo_config/cfg.py:2609
2025-05-15 00:39:53.871 138607 DEBUG oslo_service.service [req-ebe8c340-ee54-4ac7-b5fc-16cfd695bc98 - - - - -] api.vendordata_jsonfile_path = None log_opt_values /usr/lib/python3/dist-packages/oslo_config/cfg.py:2609
2025-05-15 00:39:53.871 138607 DEBUG oslo_service.service [req-ebe8c340-ee54-4ac7-b5fc-16cfd695bc98 - - - - -] api.vendordata_providers = ['StaticJSON'] log_opt_values /usr/lib/python3/dist-packages/oslo_config/cfg.py:2609
2025-05-15 00:39:53.873 138607 DEBUG oslo_service.service [req-ebe8c340-ee54-4ac7-b5fc-16cfd695bc98 - - - - -] cache.backend = dogpile.cache.null log_opt_values /usr/lib/python3/dist-packages/oslo_config/cfg.py:2609
2025-05-15 00:39:53.873 138607 DEBUG oslo_service.service [req-ebe8c340-ee54-4ac7-b5fc-16cfd695bc98 - - - - -] cache.backend_argument = **** log_opt_values /usr/lib/python3/dist-packages/oslo_config/cfg.py:2609
2025-05-15 00:39:53.874 138607 DEBUG oslo_service.service [req-ebe8c340-ee54-4ac7-b5fc-16cfd695bc98 - - - - -] cache.config_prefix = cache.oslo log_opt_values /usr/lib/python3/dist-packages/oslo_config/cfg.py:2609
2025-05-15 00:39:53.874 138607 DEBUG oslo_service.service [req-ebe8c340-ee54-4ac7-b5fc-16cfd695bc98 - - - - -] cache.debug_cache_backend = False log_opt_values /usr/lib/python3/dist-packages/oslo_config/cfg.py:2609
2025-05-15 00:39:53.875 138607 DEBUG oslo_service.service [req-ebe8c340-ee54-4ac7-b5fc-16cfd695bc98 - - - - -] cache.enabled = False log_opt_values /usr/lib/python3/dist-packages/oslo_config/cfg.py:2609
2025-05-15 00:39:53.875 139019 DEBUG oslo_messaging._drivers.amqpdriver [-] Listener is running poll /usr/lib/python3/dist-packages/oslo_messaging/_drivers/amqpdriver.py:343
2025-05-15 00:39:53.875 139019 DEBUG oslo_messaging._drivers.amqpdriver [-] AMQPListener connection consume poll /usr/lib/python3/dist-packages/oslo_messaging/_drivers/amqpdriver.py:357
2025-05-15 00:39:53.875 138607 DEBUG oslo_service.service [req-ebe8c340-ee54-4ac7-b5fc-16cfd695bc98 - - - - -] cache.expiration_time = 600 log_opt_values /usr/lib/python3/dist-packages/oslo_config/cfg.py:2609
2025-05-15 00:39:53.875 138607 DEBUG oslo_service.service [req-ebe8c340-ee54-4ac7-b5fc-16cfd695bc98 - - - - -] cache.memcache_dead_retry = 300 log_opt_values /usr/lib/python3/dist-packages/oslo_config/cfg.py:2609
2025-05-15 00:39:53.876 138607 DEBUG oslo_service.service [req-ebe8c340-ee54-4ac7-b5fc-16cfd695bc98 - - - - -] cache.memcache_pool_connection_get_timeout = 10 log_opt_values /usr/lib/python3/dist-packages/oslo_config/cfg.py:2609
2025-05-15 00:39:53.875 139019 DEBUG nova.service [req-58389b8a-2b06-4829-a832-fe6fd8589dd9 - - - - -] Join ServiceGroup membership for this service conductor start /usr/lib/python3/dist-packages/nova/service.py:199
2025-05-15 00:39:53.876 138607 DEBUG oslo_service.service [req-ebe8c340-ee54-4ac7-b5fc-16cfd695bc98 - - - - -] cache.memcache_pool_flush_on_reconnect = False log_opt_values /usr/lib/python3/dist-packages/oslo_config/cfg.py:2609
2025-05-15 00:39:53.876 139020 DEBUG nova.service [req-1a26fb71-e977-4f0c-9f26-1ddbe23734c3 - - - - -] Creating RPC server for service conductor start /usr/lib/python3/dist-packages/nova/service.py:182
2025-05-15 00:39:53.876 139019 DEBUG nova.servicegroup.drivers.db [req-58389b8a-2b06-4829-a832-fe6fd8589dd9 - - - - -] DB_Driver: join new ServiceGroup member juju-be92da-0-lxd-7 to the conductor group, service = join /usr/lib/python3/dist-packages/nova/servicegroup/drivers/db.py:44
2025-05-15 00:39:53.876 138607 DEBUG oslo_service.service [req-ebe8c340-ee54-4ac7-b5fc-16cfd695bc98 - - - - -] cache.memcache_pool_maxsize = 10 log_opt_values /usr/lib/python3/dist-packages/oslo_config/cfg.py:2609
2025-05-15 00:39:53.876 138607 DEBUG oslo_service.service [req-ebe8c340-ee54-4ac7-b5fc-16cfd695bc98 - - - - -] cache.memcache_pool_unused_timeout = 60 log_opt_values /usr/lib/python3/dist-packages/oslo_config/cfg.py:2609
2025-05-15 00:39:53.876 138607 DEBUG oslo_service.service [req-ebe8c340-ee54-4ac7-b5fc-16cfd695bc98 - - - - -] cache.memcache_servers = ['localhost:11211'] log_opt_values /usr/lib/python3/dist-packages/oslo_config/cfg.py:2609
2025-05-15 00:39:53.877 138607 DEBUG oslo_service.service [req-ebe8c340-ee54-4ac7-b5fc-16cfd695bc98 - - - - -] cache.memcache_socket_timeout = 1.0 log_opt_values /usr/lib/python3/dist-packages/oslo_config/cfg.py:2609
2025-05-15 00:39:53.877 138607 DEBUG oslo_service.service [req-ebe8c340-ee54-4ac7-b5fc-16cfd695bc98 - - - - -] cache.proxies = [] log_opt_values /usr/lib/python3/dist-packages/oslo_config/cfg.py:2609
2025-05-15 00:39:53.877 138607 DEBUG oslo_service.service [req-ebe8c340-ee54-4ac7-b5fc-16cfd695bc98 - - - - -] cache.tls_allowed_ciphers = None log_opt_values /usr/lib/python3/dist-packages/oslo_config/cfg.py:2609
2025-05-15 00:39:53.877 138607 DEBUG oslo_service.service [req-ebe8c340-ee54-4ac7-b5fc-16cfd695bc98 - - - - -] cache.tls_cafile = None log_opt_values /usr/lib/python3/dist-packages/oslo_config/cfg.py:2609
2025-05-15 00:39:53.878 138607 DEBUG oslo_service.service [req-ebe8c340-ee54-4ac7-b5fc-16cfd695bc98 - - - - -] cache.tls_certfile = None log_opt_values /usr/lib/python3/dist-packages/oslo_config/cfg.py:2609
2025-05-15 00:39:53.878 138607 DEBUG oslo_service.service [req-ebe8c340-ee54-4ac7-b5fc-16cfd695bc98 - - - - -] cache.tls_enabled = False log_opt_values /usr/lib/python3/dist-packages/oslo_config/cfg.py:2609
2025-05-15 00:39:53.878 138607 DEBUG oslo_service.service [req-ebe8c340-ee54-4ac7-b5fc-16cfd695bc98 - - - - -] cache.tls_keyfile = None log_opt_values /usr/lib/python3/dist-packages/oslo_config/cfg.py:2609
2025-05-15 00:39:53.878 139019 DEBUG oslo_messaging._drivers.amqpdriver [-] AMQPListener connection timeout poll /usr/lib/python3/dist-packages/oslo_messaging/_drivers/amqpdriver.py:360
2025-05-15 00:39:53.878 138607 DEBUG oslo_service.service [req-ebe8c340-ee54-4ac7-b5fc-16cfd695bc98 - - - - -] cinder.auth_section = None log_opt_values /usr/lib/python3/dist-packages/oslo_config/cfg.py:2609
2025-05-15 00:39:53.878 139019 DEBUG oslo_messaging._drivers.amqpdriver [-] Listener is running poll /usr/lib/python3/dist-packages/oslo_messaging/_drivers/amqpdriver.py:343
2025-05-15 00:39:53.879 138607 DEBUG oslo_service.service [req-ebe8c340-ee54-4ac7-b5fc-16cfd695bc98 - - - - -] cinder.auth_type = None log_opt_values /usr/lib/python3/dist-packages/oslo_config/cfg.py:2609
2025-05-15 00:39:53.879 139019 DEBUG oslo_messaging._drivers.amqpdriver [-] AMQPListener connection consume poll /usr/lib/python3/dist-packages/oslo_messaging/_drivers/amqpdriver.py:357
2025-05-15 00:39:53.879 138607 DEBUG oslo_service.service [req-ebe8c340-ee54-4ac7-b5fc-16cfd695bc98 - - - - -] cinder.cafile = None log_opt_values /usr/lib/python3/dist-packages/oslo_config/cfg.py:2609
2025-05-15 00:39:53.879 138607 DEBUG oslo_service.service [req-ebe8c340-ee54-4ac7-b5fc-16cfd695bc98 - - - - -] cinder.catalog_info = volumev3::publicURL log_opt_values /usr/lib/python3/dist-packages/oslo_config/cfg.py:2609
2025-05-15 00:39:53.879 138607 DEBUG oslo_service.service [req-ebe8c340-ee54-4ac7-b5fc-16cfd695bc98 - - - - -] cinder.certfile = None log_opt_values /usr/lib/python3/dist-packages/oslo_config/cfg.py:2609
2025-05-15 00:39:53.879 138607 DEBUG oslo_service.service [req-ebe8c340-ee54-4ac7-b5fc-16cfd695bc98 - - - - -] cinder.collect_timing = False log_opt_values /usr/lib/python3/dist-packages/oslo_config/cfg.py:2609
2025-05-15 00:39:53.880 138607 DEBUG oslo_service.service [req-ebe8c340-ee54-4ac7-b5fc-16cfd695bc98 - - - - -] cinder.cross_az_attach = True log_opt_values /usr/lib/python3/dist-packages/oslo_config/cfg.py:2609
2025-05-15 00:39:53.880 138607 DEBUG oslo_service.service [req-ebe8c340-ee54-4ac7-b5fc-16cfd695bc98 - - - - -] cinder.debug = False log_opt_values /usr/lib/python3/dist-packages/oslo_config/cfg.py:2609
2025-05-15 00:39:53.880 138607 DEBUG oslo_service.service [req-ebe8c340-ee54-4ac7-b5fc-16cfd695bc98 - - - - -] cinder.endpoint_template = None log_opt_values /usr/lib/python3/dist-packages/oslo_config/cfg.py:2609
2025-05-15 00:39:53.880 138607 DEBUG oslo_service.service [req-ebe8c340-ee54-4ac7-b5fc-16cfd695bc98 - - - - -] cinder.http_retries = 3 log_opt_values /usr/lib/python3/dist-packages/oslo_config/cfg.py:2609
2025-05-15 00:39:53.880 138607 DEBUG oslo_service.service [req-ebe8c340-ee54-4ac7-b5fc-16cfd695bc98 - - - - -] cinder.insecure = False log_opt_values /usr/lib/python3/dist-packages/oslo_config/cfg.py:2609
2025-05-15 00:39:53.880 138607 DEBUG oslo_service.service [req-ebe8c340-ee54-4ac7-b5fc-16cfd695bc98 - - - - -] cinder.keyfile = None log_opt_values /usr/lib/python3/dist-packages/oslo_config/cfg.py:2609
2025-05-15 00:39:53.881 138607 DEBUG oslo_service.service [req-ebe8c340-ee54-4ac7-b5fc-16cfd695bc98 - - - - -] cinder.os_region_name = None log_opt_values /usr/lib/python3/dist-packages/oslo_config/cfg.py:2609
2025-05-15 00:39:53.881 138607 DEBUG oslo_service.service [req-ebe8c340-ee54-4ac7-b5fc-16cfd695bc98 - - - - -] cinder.split_loggers = False log_opt_values /usr/lib/python3/dist-packages/oslo_config/cfg.py:2609
2025-05-15 00:39:53.881 138607 DEBUG oslo_service.service [req-ebe8c340-ee54-4ac7-b5fc-16cfd695bc98 - - - - -] cinder.timeout = None log_opt_values /usr/lib/python3/dist-packages/oslo_config/cfg.py:2609
2025-05-15 00:39:53.881 138607 DEBUG oslo_service.service [req-ebe8c340-ee54-4ac7-b5fc-16cfd695bc98 - - - - -] compute.consecutive_build_service_disable_threshold = 10 log_opt_values /usr/lib/python3/dist-packages/oslo_config/cfg.py:2609
2025-05-15 00:39:53.881 138607 DEBUG oslo_service.service [req-ebe8c340-ee54-4ac7-b5fc-16cfd695bc98 - - - - -] compute.cpu_dedicated_set = None log_opt_values /usr/lib/python3/dist-packages/oslo_config/cfg.py:2609
2025-05-15 00:39:53.882 138607 DEBUG oslo_service.service [req-ebe8c340-ee54-4ac7-b5fc-16cfd695bc98 - - - - -] compute.cpu_shared_set = None log_opt_values /usr/lib/python3/dist-packages/oslo_config/cfg.py:2609
2025-05-15 00:39:53.882 138607 DEBUG oslo_service.service [req-ebe8c340-ee54-4ac7-b5fc-16cfd695bc98 - - - - -] compute.image_type_exclude_list = [] log_opt_values /usr/lib/python3/dist-packages/oslo_config/cfg.py:2609
2025-05-15 00:39:53.882 138607 DEBUG oslo_service.service [req-ebe8c340-ee54-4ac7-b5fc-16cfd695bc98 - - - - -] compute.live_migration_wait_for_vif_plug = True log_opt_values /usr/lib/python3/dist-packages/oslo_config/cfg.py:2609
2025-05-15 00:39:53.882 138607 DEBUG oslo_service.service [req-ebe8c340-ee54-4ac7-b5fc-16cfd695bc98 - - - - -] compute.max_concurrent_disk_ops = 0 log_opt_values /usr/lib/python3/dist-packages/oslo_config/cfg.py:2609
2025-05-15 00:39:53.883 138607 DEBUG oslo_service.service [req-ebe8c340-ee54-4ac7-b5fc-16cfd695bc98 - - - - -] compute.max_disk_devices_to_attach = -1 log_opt_values /usr/lib/python3/dist-packages/oslo_config/cfg.py:2609
2025-05-15 00:39:53.883 138607 DEBUG oslo_service.service [req-ebe8c340-ee54-4ac7-b5fc-16cfd695bc98 - - - - -] compute.packing_host_numa_cells_allocation_strategy = True log_opt_values /usr/lib/python3/dist-packages/oslo_config/cfg.py:2609
2025-05-15 00:39:53.883 138607 DEBUG oslo_service.service [req-ebe8c340-ee54-4ac7-b5fc-16cfd695bc98 - - - - -] compute.provider_config_location = /etc/nova/provider_config/ log_opt_values /usr/lib/python3/dist-packages/oslo_config/cfg.py:2609
2025-05-15 00:39:53.883 138607 DEBUG oslo_service.service [req-ebe8c340-ee54-4ac7-b5fc-16cfd695bc98 - - - - -] compute.resource_provider_association_refresh = 300 log_opt_values /usr/lib/python3/dist-packages/oslo_config/cfg.py:2609
2025-05-15 00:39:53.883 138607 DEBUG oslo_service.service [req-ebe8c340-ee54-4ac7-b5fc-16cfd695bc98 - - - - -] compute.shutdown_retry_interval = 10 log_opt_values /usr/lib/python3/dist-packages/oslo_config/cfg.py:2609
2025-05-15 00:39:53.884 138607 DEBUG oslo_service.service [req-ebe8c340-ee54-4ac7-b5fc-16cfd695bc98 - - - - -] compute.vmdk_allowed_types = ['streamOptimized', 'monolithicSparse'] log_opt_values /usr/lib/python3/dist-packages/oslo_config/cfg.py:2609
2025-05-15 00:39:53.884 138607 DEBUG oslo_service.service [req-ebe8c340-ee54-4ac7-b5fc-16cfd695bc98 - - - - -] conductor.workers = 4 log_opt_values /usr/lib/python3/dist-packages/oslo_config/cfg.py:2609
2025-05-15 00:39:53.884 138607 DEBUG oslo_service.service [req-ebe8c340-ee54-4ac7-b5fc-16cfd695bc98 - - - - -] console.allowed_origins = [] log_opt_values /usr/lib/python3/dist-packages/oslo_config/cfg.py:2609
2025-05-15 00:39:53.884 138607 DEBUG oslo_service.service [req-ebe8c340-ee54-4ac7-b5fc-16cfd695bc98 - - - - -] console.ssl_ciphers = None log_opt_values /usr/lib/python3/dist-packages/oslo_config/cfg.py:2609
2025-05-15 00:39:53.884 138607 DEBUG oslo_service.service [req-ebe8c340-ee54-4ac7-b5fc-16cfd695bc98 - - - - -] console.ssl_minimum_version = default log_opt_values /usr/lib/python3/dist-packages/oslo_config/cfg.py:2609
2025-05-15 00:39:53.885 138607 DEBUG oslo_service.service [req-ebe8c340-ee54-4ac7-b5fc-16cfd695bc98 - - - - -] consoleauth.token_ttl = 600 log_opt_values /usr/lib/python3/dist-packages/oslo_config/cfg.py:2609
2025-05-15 00:39:53.885 138607 DEBUG oslo_service.service [req-ebe8c340-ee54-4ac7-b5fc-16cfd695bc98 - - - - -] cyborg.cafile = None log_opt_values /usr/lib/python3/dist-packages/oslo_config/cfg.py:2609
2025-05-15 00:39:53.885 138607 DEBUG oslo_service.service [req-ebe8c340-ee54-4ac7-b5fc-16cfd695bc98 - - - - -] cyborg.certfile = None log_opt_values /usr/lib/python3/dist-packages/oslo_config/cfg.py:2609
2025-05-15 00:39:53.885 138607 DEBUG oslo_service.service [req-ebe8c340-ee54-4ac7-b5fc-16cfd695bc98 - - - - -] cyborg.collect_timing = False log_opt_values /usr/lib/python3/dist-packages/oslo_config/cfg.py:2609
2025-05-15 00:39:53.886 138607 DEBUG oslo_service.service [req-ebe8c340-ee54-4ac7-b5fc-16cfd695bc98 - - - - -] cyborg.connect_retries = None log_opt_values /usr/lib/python3/dist-packages/oslo_config/cfg.py:2609
2025-05-15 00:39:53.886 138607 DEBUG oslo_service.service [req-ebe8c340-ee54-4ac7-b5fc-16cfd695bc98 - - - - -] cyborg.connect_retry_delay = None log_opt_values /usr/lib/python3/dist-packages/oslo_config/cfg.py:2609
2025-05-15 00:39:53.886 138607 DEBUG oslo_service.service [req-ebe8c340-ee54-4ac7-b5fc-16cfd695bc98 - - - - -] cyborg.endpoint_override = None log_opt_values /usr/lib/python3/dist-packages/oslo_config/cfg.py:2609
2025-05-15 00:39:53.886 138607 DEBUG oslo_service.service [req-ebe8c340-ee54-4ac7-b5fc-16cfd695bc98 - - - - -] cyborg.insecure = False log_opt_values /usr/lib/python3/dist-packages/oslo_config/cfg.py:2609
2025-05-15 00:39:53.886 138607 DEBUG oslo_service.service [req-ebe8c340-ee54-4ac7-b5fc-16cfd695bc98 - - - - -] cyborg.keyfile = None log_opt_values /usr/lib/python3/dist-packages/oslo_config/cfg.py:2609
2025-05-15 00:39:53.887 138607 DEBUG oslo_service.service [req-ebe8c340-ee54-4ac7-b5fc-16cfd695bc98 - - - - -] cyborg.max_version = None log_opt_values /usr/lib/python3/dist-packages/oslo_config/cfg.py:2609
2025-05-15 00:39:53.887 138607 DEBUG oslo_service.service [req-ebe8c340-ee54-4ac7-b5fc-16cfd695bc98 - - - - -] cyborg.min_version = None log_opt_values /usr/lib/python3/dist-packages/oslo_config/cfg.py:2609
2025-05-15 00:39:53.887 138607 DEBUG oslo_service.service [req-ebe8c340-ee54-4ac7-b5fc-16cfd695bc98 - - - - -] cyborg.region_name = None log_opt_values /usr/lib/python3/dist-packages/oslo_config/cfg.py:2609
2025-05-15 00:39:53.887 138607 DEBUG oslo_service.service [req-ebe8c340-ee54-4ac7-b5fc-16cfd695bc98 - - - - -] cyborg.service_name = None log_opt_values /usr/lib/python3/dist-packages/oslo_config/cfg.py:2609
2025-05-15 00:39:53.887 138607 DEBUG oslo_service.service [req-ebe8c340-ee54-4ac7-b5fc-16cfd695bc98 - - - - -] cyborg.service_type = accelerator log_opt_values /usr/lib/python3/dist-packages/oslo_config/cfg.py:2609
2025-05-15 00:39:53.889 138607 DEBUG oslo_service.service [req-ebe8c340-ee54-4ac7-b5fc-16cfd695bc98 - - - - -] cyborg.split_loggers = False log_opt_values /usr/lib/python3/dist-packages/oslo_config/cfg.py:2609
2025-05-15 00:39:53.889 138607 DEBUG oslo_service.service [req-ebe8c340-ee54-4ac7-b5fc-16cfd695bc98 - - - - -] cyborg.status_code_retries = None log_opt_values /usr/lib/python3/dist-packages/oslo_config/cfg.py:2609
2025-05-15 00:39:53.889 138607 DEBUG oslo_service.service [req-ebe8c340-ee54-4ac7-b5fc-16cfd695bc98 - - - - -] cyborg.status_code_retry_delay = None log_opt_values /usr/lib/python3/dist-packages/oslo_config/cfg.py:2609
2025-05-15 00:39:53.890 138607 DEBUG oslo_service.service [req-ebe8c340-ee54-4ac7-b5fc-16cfd695bc98 - - - - -] cyborg.timeout = None log_opt_values /usr/lib/python3/dist-packages/oslo_config/cfg.py:2609
2025-05-15 00:39:53.891 138607 DEBUG oslo_service.service [req-ebe8c340-ee54-4ac7-b5fc-16cfd695bc98 - - - - -] cyborg.valid_interfaces = ['internal', 'public'] log_opt_values /usr/lib/python3/dist-packages/oslo_config/cfg.py:2609
2025-05-15 00:39:53.891 138607 DEBUG oslo_service.service [req-ebe8c340-ee54-4ac7-b5fc-16cfd695bc98 - - - - -] cyborg.version = None log_opt_values /usr/lib/python3/dist-packages/oslo_config/cfg.py:2609
2025-05-15 00:39:53.891 138607 DEBUG oslo_service.service [req-ebe8c340-ee54-4ac7-b5fc-16cfd695bc98 - - - - -] database.backend = sqlalchemy log_opt_values /usr/lib/python3/dist-packages/oslo_config/cfg.py:2609
2025-05-15 00:39:53.892 138607 DEBUG oslo_service.service [req-ebe8c340-ee54-4ac7-b5fc-16cfd695bc98 - - - - -] database.connection = **** log_opt_values /usr/lib/python3/dist-packages/oslo_config/cfg.py:2609
2025-05-15 00:39:53.893 138607 DEBUG oslo_service.service [req-ebe8c340-ee54-4ac7-b5fc-16cfd695bc98 - - - - -] database.connection_debug = 0 log_opt_values /usr/lib/python3/dist-packages/oslo_config/cfg.py:2609
2025-05-15 00:39:53.893 138607 DEBUG oslo_service.service [req-ebe8c340-ee54-4ac7-b5fc-16cfd695bc98 - - - - -] database.connection_parameters = log_opt_values /usr/lib/python3/dist-packages/oslo_config/cfg.py:2609
2025-05-15 00:39:53.894 138607 DEBUG oslo_service.service [req-ebe8c340-ee54-4ac7-b5fc-16cfd695bc98 - - - - -] database.connection_recycle_time = 3600 log_opt_values /usr/lib/python3/dist-packages/oslo_config/cfg.py:2609
2025-05-15 00:39:53.895 138607 DEBUG oslo_service.service [req-ebe8c340-ee54-4ac7-b5fc-16cfd695bc98 - - - - -] database.connection_trace = False log_opt_values /usr/lib/python3/dist-packages/oslo_config/cfg.py:2609
2025-05-15 00:39:53.896 138607 DEBUG oslo_service.service [req-ebe8c340-ee54-4ac7-b5fc-16cfd695bc98 - - - - -] database.db_inc_retry_interval = True log_opt_values /usr/lib/python3/dist-packages/oslo_config/cfg.py:2609
2025-05-15 00:39:53.896 138607 DEBUG oslo_service.service [req-ebe8c340-ee54-4ac7-b5fc-16cfd695bc98 - - - - -] database.db_max_retries = 20 log_opt_values /usr/lib/python3/dist-packages/oslo_config/cfg.py:2609
2025-05-15 00:39:53.896 138607 DEBUG oslo_service.service [req-ebe8c340-ee54-4ac7-b5fc-16cfd695bc98 - - - - -] database.db_max_retry_interval = 10 log_opt_values /usr/lib/python3/dist-packages/oslo_config/cfg.py:2609
2025-05-15 00:39:53.896 138607 DEBUG oslo_service.service [req-ebe8c340-ee54-4ac7-b5fc-16cfd695bc98 - - - - -] database.db_retry_interval = 1 log_opt_values /usr/lib/python3/dist-packages/oslo_config/cfg.py:2609
2025-05-15 00:39:53.897 138607 DEBUG oslo_service.service [req-ebe8c340-ee54-4ac7-b5fc-16cfd695bc98 - - - - -] database.max_overflow = 50 log_opt_values /usr/lib/python3/dist-packages/oslo_config/cfg.py:2609
2025-05-15 00:39:53.897 138607 DEBUG oslo_service.service [req-ebe8c340-ee54-4ac7-b5fc-16cfd695bc98 - - - - -] database.max_pool_size = 4 log_opt_values /usr/lib/python3/dist-packages/oslo_config/cfg.py:2609
2025-05-15 00:39:53.897 138607 DEBUG oslo_service.service [req-ebe8c340-ee54-4ac7-b5fc-16cfd695bc98 - - - - -] database.max_retries = 10 log_opt_values /usr/lib/python3/dist-packages/oslo_config/cfg.py:2609
2025-05-15 00:39:53.897 138607 DEBUG oslo_service.service [req-ebe8c340-ee54-4ac7-b5fc-16cfd695bc98 - - - - -] database.mysql_enable_ndb = False log_opt_values /usr/lib/python3/dist-packages/oslo_config/cfg.py:2609
2025-05-15 00:39:53.898 138607 DEBUG oslo_service.service [req-ebe8c340-ee54-4ac7-b5fc-16cfd695bc98 - - - - -] database.mysql_sql_mode = TRADITIONAL log_opt_values /usr/lib/python3/dist-packages/oslo_config/cfg.py:2609
2025-05-15 00:39:53.898 138607 DEBUG oslo_service.service [req-ebe8c340-ee54-4ac7-b5fc-16cfd695bc98 - - - - -] database.pool_timeout = None log_opt_values /usr/lib/python3/dist-packages/oslo_config/cfg.py:2609
2025-05-15 00:39:53.898 138607 DEBUG oslo_service.service [req-ebe8c340-ee54-4ac7-b5fc-16cfd695bc98 - - - - -] database.retry_interval = 10 log_opt_values /usr/lib/python3/dist-packages/oslo_config/cfg.py:2609
2025-05-15 00:39:53.898 138607 DEBUG oslo_service.service [req-ebe8c340-ee54-4ac7-b5fc-16cfd695bc98 - - - - -] database.slave_connection = **** log_opt_values /usr/lib/python3/dist-packages/oslo_config/cfg.py:2609
2025-05-15 00:39:53.898 138607 DEBUG oslo_service.service [req-ebe8c340-ee54-4ac7-b5fc-16cfd695bc98 - - - - -] database.sqlite_synchronous = True log_opt_values /usr/lib/python3/dist-packages/oslo_config/cfg.py:2609
2025-05-15 00:39:53.898 138607 DEBUG oslo_service.service [req-ebe8c340-ee54-4ac7-b5fc-16cfd695bc98 - - - - -] database.use_db_reconnect = False log_opt_values /usr/lib/python3/dist-packages/oslo_config/cfg.py:2609
2025-05-15 00:39:53.899 138607 DEBUG oslo_service.service [req-ebe8c340-ee54-4ac7-b5fc-16cfd695bc98 - - - - -] api_database.backend = sqlalchemy log_opt_values /usr/lib/python3/dist-packages/oslo_config/cfg.py:2609
2025-05-15 00:39:53.899 138607 DEBUG oslo_service.service [req-ebe8c340-ee54-4ac7-b5fc-16cfd695bc98 - - - - -] api_database.connection = **** log_opt_values /usr/lib/python3/dist-packages/oslo_config/cfg.py:2609
2025-05-15 00:39:53.899 138607 DEBUG oslo_service.service [req-ebe8c340-ee54-4ac7-b5fc-16cfd695bc98 - - - - -] api_database.connection_debug = 0 log_opt_values /usr/lib/python3/dist-packages/oslo_config/cfg.py:2609
2025-05-15 00:39:53.899 139020 DEBUG oslo_messaging._drivers.amqpdriver [-] Listener is running poll /usr/lib/python3/dist-packages/oslo_messaging/_drivers/amqpdriver.py:343
2025-05-15 00:39:53.899 138607 DEBUG oslo_service.service [req-ebe8c340-ee54-4ac7-b5fc-16cfd695bc98 - - - - -] api_database.connection_parameters = log_opt_values /usr/lib/python3/dist-packages/oslo_config/cfg.py:2609
2025-05-15 00:39:53.900 139020 DEBUG oslo_messaging._drivers.amqpdriver [-] AMQPListener connection consume poll /usr/lib/python3/dist-packages/oslo_messaging/_drivers/amqpdriver.py:357
2025-05-15 00:39:53.900 138607 DEBUG oslo_service.service [req-ebe8c340-ee54-4ac7-b5fc-16cfd695bc98 - - - - -] api_database.connection_recycle_time = 3600 log_opt_values /usr/lib/python3/dist-packages/oslo_config/cfg.py:2609
2025-05-15 00:39:53.900 138607 DEBUG oslo_service.service [req-ebe8c340-ee54-4ac7-b5fc-16cfd695bc98 - - - - -] api_database.connection_trace = False log_opt_values /usr/lib/python3/dist-packages/oslo_config/cfg.py:2609
2025-05-15 00:39:53.900 138607 DEBUG oslo_service.service [req-ebe8c340-ee54-4ac7-b5fc-16cfd695bc98 - - - - -] api_database.db_inc_retry_interval = True log_opt_values /usr/lib/python3/dist-packages/oslo_config/cfg.py:2609
2025-05-15 00:39:53.900 138607 DEBUG oslo_service.service [req-ebe8c340-ee54-4ac7-b5fc-16cfd695bc98 - - - - -] api_database.db_max_retries = 20 log_opt_values /usr/lib/python3/dist-packages/oslo_config/cfg.py:2609
2025-05-15 00:39:53.900 139020 DEBUG nova.service [req-1a26fb71-e977-4f0c-9f26-1ddbe23734c3 - - - - -] Join ServiceGroup membership for this service conductor start /usr/lib/python3/dist-packages/nova/service.py:199
2025-05-15 00:39:53.900 138607 DEBUG oslo_service.service [req-ebe8c340-ee54-4ac7-b5fc-16cfd695bc98 - - - - -] api_database.db_max_retry_interval = 10 log_opt_values /usr/lib/python3/dist-packages/oslo_config/cfg.py:2609
2025-05-15 00:39:53.901 139020 DEBUG nova.servicegroup.drivers.db [req-1a26fb71-e977-4f0c-9f26-1ddbe23734c3 - - - - -] DB_Driver: join new ServiceGroup member juju-be92da-0-lxd-7 to the conductor group, service = join /usr/lib/python3/dist-packages/nova/servicegroup/drivers/db.py:44
2025-05-15 00:39:53.901 138607 DEBUG oslo_service.service [req-ebe8c340-ee54-4ac7-b5fc-16cfd695bc98 - - - - -] api_database.db_retry_interval = 1 log_opt_values /usr/lib/python3/dist-packages/oslo_config/cfg.py:2609
2025-05-15 00:39:53.901 138607 DEBUG oslo_service.service [req-ebe8c340-ee54-4ac7-b5fc-16cfd695bc98 - - - - -] api_database.max_overflow = 50 log_opt_values /usr/lib/python3/dist-packages/oslo_config/cfg.py:2609
2025-05-15 00:39:53.901 138607 DEBUG oslo_service.service [req-ebe8c340-ee54-4ac7-b5fc-16cfd695bc98 - - - - -] api_database.max_pool_size = 4 log_opt_values /usr/lib/python3/dist-packages/oslo_config/cfg.py:2609
2025-05-15 00:39:53.901 138607 DEBUG oslo_service.service [req-ebe8c340-ee54-4ac7-b5fc-16cfd695bc98 - - - - -] api_database.max_retries = 10 log_opt_values /usr/lib/python3/dist-packages/oslo_config/cfg.py:2609
2025-05-15 00:39:53.901 138607 DEBUG oslo_service.service [req-ebe8c340-ee54-4ac7-b5fc-16cfd695bc98 - - - - -] api_database.mysql_enable_ndb = False log_opt_values /usr/lib/python3/dist-packages/oslo_config/cfg.py:2609
2025-05-15 00:39:53.902 138607 DEBUG oslo_service.service [req-ebe8c340-ee54-4ac7-b5fc-16cfd695bc98 - - - - -] api_database.mysql_sql_mode = TRADITIONAL log_opt_values /usr/lib/python3/dist-packages/oslo_config/cfg.py:2609
2025-05-15 00:39:53.902 138607 DEBUG oslo_service.service [req-ebe8c340-ee54-4ac7-b5fc-16cfd695bc98 - - - - -] api_database.pool_timeout = None log_opt_values /usr/lib/python3/dist-packages/oslo_config/cfg.py:2609
2025-05-15 00:39:53.902 138607 DEBUG oslo_service.service [req-ebe8c340-ee54-4ac7-b5fc-16cfd695bc98 - - - - -] api_database.retry_interval = 10 log_opt_values /usr/lib/python3/dist-packages/oslo_config/cfg.py:2609
2025-05-15 00:39:53.902 138607 DEBUG oslo_service.service [req-ebe8c340-ee54-4ac7-b5fc-16cfd695bc98 - - - - -] api_database.slave_connection = **** log_opt_values /usr/lib/python3/dist-packages/oslo_config/cfg.py:2609
2025-05-15 00:39:53.902 138607 DEBUG oslo_service.service [req-ebe8c340-ee54-4ac7-b5fc-16cfd695bc98 - - - - -] api_database.sqlite_synchronous = True log_opt_values /usr/lib/python3/dist-packages/oslo_config/cfg.py:2609
2025-05-15 00:39:53.903 138607 DEBUG oslo_service.service [req-ebe8c340-ee54-4ac7-b5fc-16cfd695bc98 - - - - -] devices.enabled_mdev_types = [] log_opt_values /usr/lib/python3/dist-packages/oslo_config/cfg.py:2609
2025-05-15 00:39:53.903 138607 DEBUG oslo_service.service [req-ebe8c340-ee54-4ac7-b5fc-16cfd695bc98 - - - - -] ephemeral_storage_encryption.cipher = aes-xts-plain64 log_opt_values /usr/lib/python3/dist-packages/oslo_config/cfg.py:2609
2025-05-15 00:39:53.903 139020 DEBUG oslo_messaging._drivers.amqpdriver [-] AMQPListener connection timeout poll /usr/lib/python3/dist-packages/oslo_messaging/_drivers/amqpdriver.py:360
2025-05-15 00:39:53.903 139020 DEBUG oslo_messaging._drivers.amqpdriver [-] Listener is running poll /usr/lib/python3/dist-packages/oslo_messaging/_drivers/amqpdriver.py:343
2025-05-15 00:39:53.903 138607 DEBUG oslo_service.service [req-ebe8c340-ee54-4ac7-b5fc-16cfd695bc98 - - - - -] ephemeral_storage_encryption.enabled = False log_opt_values /usr/lib/python3/dist-packages/oslo_config/cfg.py:2609
2025-05-15 00:39:53.903 139020 DEBUG oslo_messaging._drivers.amqpdriver [-] AMQPListener connection consume poll /usr/lib/python3/dist-packages/oslo_messaging/_drivers/amqpdriver.py:357
2025-05-15 00:39:53.903 138607 DEBUG oslo_service.service [req-ebe8c340-ee54-4ac7-b5fc-16cfd695bc98 - - - - -] ephemeral_storage_encryption.key_size = 512 log_opt_values /usr/lib/python3/dist-packages/oslo_config/cfg.py:2609
2025-05-15 00:39:53.904 138607 WARNING oslo_config.cfg [req-ebe8c340-ee54-4ac7-b5fc-16cfd695bc98 - - - - -] Deprecated: Option "api_servers" from group "glance" is deprecated for removal ( Support for image service configuration via standard keystoneauth1 Adapter options was added in the 17.0.0 Queens release. The api_servers option was retained temporarily to allow consumers time to cut over to a real load balancing solution. ). Its value may be silently ignored in the future.
2025-05-15 00:39:53.904 138607 DEBUG oslo_service.service [req-ebe8c340-ee54-4ac7-b5fc-16cfd695bc98 - - - - -] glance.api_servers = ['http://252.41.77.108:9292'] log_opt_values /usr/lib/python3/dist-packages/oslo_config/cfg.py:2609
2025-05-15 00:39:53.904 138607 DEBUG oslo_service.service [req-ebe8c340-ee54-4ac7-b5fc-16cfd695bc98 - - - - -] glance.cafile = None log_opt_values /usr/lib/python3/dist-packages/oslo_config/cfg.py:2609
2025-05-15 00:39:53.904 138607 DEBUG oslo_service.service [req-ebe8c340-ee54-4ac7-b5fc-16cfd695bc98 - - - - -] glance.certfile = None log_opt_values /usr/lib/python3/dist-packages/oslo_config/cfg.py:2609
2025-05-15 00:39:53.906 138607 DEBUG oslo_service.service [req-ebe8c340-ee54-4ac7-b5fc-16cfd695bc98 - - - - -] glance.collect_timing = False log_opt_values /usr/lib/python3/dist-packages/oslo_config/cfg.py:2609
2025-05-15 00:39:53.906 138607 DEBUG oslo_service.service [req-ebe8c340-ee54-4ac7-b5fc-16cfd695bc98 - - - - -] glance.connect_retries = None log_opt_values /usr/lib/python3/dist-packages/oslo_config/cfg.py:2609
2025-05-15 00:39:53.906 138607 DEBUG oslo_service.service [req-ebe8c340-ee54-4ac7-b5fc-16cfd695bc98 - - - - -] glance.connect_retry_delay = None log_opt_values /usr/lib/python3/dist-packages/oslo_config/cfg.py:2609
2025-05-15 00:39:53.906 138607 DEBUG oslo_service.service [req-ebe8c340-ee54-4ac7-b5fc-16cfd695bc98 - - - - -] glance.debug = False log_opt_values /usr/lib/python3/dist-packages/oslo_config/cfg.py:2609
2025-05-15 00:39:53.907 138607 DEBUG oslo_service.service [req-ebe8c340-ee54-4ac7-b5fc-16cfd695bc98 - - - - -] glance.default_trusted_certificate_ids = [] log_opt_values /usr/lib/python3/dist-packages/oslo_config/cfg.py:2609
2025-05-15 00:39:53.907 138607 DEBUG oslo_service.service [req-ebe8c340-ee54-4ac7-b5fc-16cfd695bc98 - - - - -] glance.enable_certificate_validation = False log_opt_values /usr/lib/python3/dist-packages/oslo_config/cfg.py:2609
2025-05-15 00:39:53.907 138607 DEBUG oslo_service.service [req-ebe8c340-ee54-4ac7-b5fc-16cfd695bc98 - - - - -] glance.enable_rbd_download = False log_opt_values /usr/lib/python3/dist-packages/oslo_config/cfg.py:2609
2025-05-15 00:39:53.907 138607 DEBUG oslo_service.service [req-ebe8c340-ee54-4ac7-b5fc-16cfd695bc98 - - - - -] glance.endpoint_override = None log_opt_values /usr/lib/python3/dist-packages/oslo_config/cfg.py:2609
2025-05-15 00:39:53.907 138607 DEBUG oslo_service.service [req-ebe8c340-ee54-4ac7-b5fc-16cfd695bc98 - - - - -] glance.insecure = False log_opt_values /usr/lib/python3/dist-packages/oslo_config/cfg.py:2609
2025-05-15 00:39:53.908 138607 DEBUG oslo_service.service [req-ebe8c340-ee54-4ac7-b5fc-16cfd695bc98 - - - - -] glance.keyfile = None log_opt_values /usr/lib/python3/dist-packages/oslo_config/cfg.py:2609
2025-05-15 00:39:53.908 138607 DEBUG oslo_service.service [req-ebe8c340-ee54-4ac7-b5fc-16cfd695bc98 - - - - -] glance.max_version = None log_opt_values /usr/lib/python3/dist-packages/oslo_config/cfg.py:2609
2025-05-15 00:39:53.908 138607 DEBUG oslo_service.service [req-ebe8c340-ee54-4ac7-b5fc-16cfd695bc98 - - - - -] glance.min_version = None log_opt_values /usr/lib/python3/dist-packages/oslo_config/cfg.py:2609
2025-05-15 00:39:53.908 138607 DEBUG oslo_service.service [req-ebe8c340-ee54-4ac7-b5fc-16cfd695bc98 - - - - -] glance.num_retries = 3 log_opt_values /usr/lib/python3/dist-packages/oslo_config/cfg.py:2609
2025-05-15 00:39:53.908 138607 DEBUG oslo_service.service [req-ebe8c340-ee54-4ac7-b5fc-16cfd695bc98 - - - - -] glance.rbd_ceph_conf = log_opt_values /usr/lib/python3/dist-packages/oslo_config/cfg.py:2609
2025-05-15 00:39:53.909 138607 DEBUG oslo_service.service [req-ebe8c340-ee54-4ac7-b5fc-16cfd695bc98 - - - - -] glance.rbd_connect_timeout = 5 log_opt_values /usr/lib/python3/dist-packages/oslo_config/cfg.py:2609
2025-05-15 00:39:53.909 138607 DEBUG oslo_service.service [req-ebe8c340-ee54-4ac7-b5fc-16cfd695bc98 - - - - -] glance.rbd_pool = log_opt_values /usr/lib/python3/dist-packages/oslo_config/cfg.py:2609
2025-05-15 00:39:53.909 138607 DEBUG oslo_service.service [req-ebe8c340-ee54-4ac7-b5fc-16cfd695bc98 - - - - -] glance.rbd_user = log_opt_values /usr/lib/python3/dist-packages/oslo_config/cfg.py:2609
2025-05-15 00:39:53.909 138607 DEBUG oslo_service.service [req-ebe8c340-ee54-4ac7-b5fc-16cfd695bc98 - - - - -] glance.region_name = None log_opt_values /usr/lib/python3/dist-packages/oslo_config/cfg.py:2609
2025-05-15 00:39:53.909 138607 DEBUG oslo_service.service [req-ebe8c340-ee54-4ac7-b5fc-16cfd695bc98 - - - - -] glance.service_name = None log_opt_values /usr/lib/python3/dist-packages/oslo_config/cfg.py:2609
2025-05-15 00:39:53.909 138607 DEBUG oslo_service.service [req-ebe8c340-ee54-4ac7-b5fc-16cfd695bc98 - - - - -] glance.service_type = image log_opt_values /usr/lib/python3/dist-packages/oslo_config/cfg.py:2609
