2025-05-01 00:37:51.724 121055 DEBUG oslo_service.service [req-6cdf909f-7730-40ea-bfc9-9313291d1a37 - - - - -] oslo_middleware.http_basic_auth_user_file = /etc/htpasswd log_opt_values /usr/lib/python3/dist-packages/oslo_config/cfg.py:2609
2025-05-01 00:37:51.724 121055 DEBUG oslo_service.service [req-6cdf909f-7730-40ea-bfc9-9313291d1a37 - - - - -] profiler.connection_string = messaging:// log_opt_values /usr/lib/python3/dist-packages/oslo_config/cfg.py:2609
2025-05-01 00:37:51.725 121055 DEBUG oslo_service.service [req-6cdf909f-7730-40ea-bfc9-9313291d1a37 - - - - -] profiler.enabled = False log_opt_values /usr/lib/python3/dist-packages/oslo_config/cfg.py:2609
2025-05-01 00:37:51.725 121055 DEBUG oslo_service.service [req-6cdf909f-7730-40ea-bfc9-9313291d1a37 - - - - -] profiler.es_doc_type = notification log_opt_values /usr/lib/python3/dist-packages/oslo_config/cfg.py:2609
2025-05-01 00:37:51.725 121055 DEBUG oslo_service.service [req-6cdf909f-7730-40ea-bfc9-9313291d1a37 - - - - -] profiler.es_scroll_size = 10000 log_opt_values /usr/lib/python3/dist-packages/oslo_config/cfg.py:2609
2025-05-01 00:37:51.725 121055 DEBUG oslo_service.service [req-6cdf909f-7730-40ea-bfc9-9313291d1a37 - - - - -] profiler.es_scroll_time = 2m log_opt_values /usr/lib/python3/dist-packages/oslo_config/cfg.py:2609
2025-05-01 00:37:51.725 121055 DEBUG oslo_service.service [req-6cdf909f-7730-40ea-bfc9-9313291d1a37 - - - - -] profiler.filter_error_trace = False log_opt_values /usr/lib/python3/dist-packages/oslo_config/cfg.py:2609
2025-05-01 00:37:51.725 121055 DEBUG oslo_service.service [req-6cdf909f-7730-40ea-bfc9-9313291d1a37 - - - - -] profiler.hmac_keys = SECRET_KEY log_opt_values /usr/lib/python3/dist-packages/oslo_config/cfg.py:2609
2025-05-01 00:37:51.725 121055 DEBUG oslo_service.service [req-6cdf909f-7730-40ea-bfc9-9313291d1a37 - - - - -] profiler.sentinel_service_name = mymaster log_opt_values /usr/lib/python3/dist-packages/oslo_config/cfg.py:2609
2025-05-01 00:37:51.726 121055 DEBUG oslo_service.service [req-6cdf909f-7730-40ea-bfc9-9313291d1a37 - - - - -] profiler.socket_timeout = 0.1 log_opt_values /usr/lib/python3/dist-packages/oslo_config/cfg.py:2609
2025-05-01 00:37:51.726 121055 DEBUG oslo_service.service [req-6cdf909f-7730-40ea-bfc9-9313291d1a37 - - - - -] profiler.trace_sqlalchemy = False log_opt_values /usr/lib/python3/dist-packages/oslo_config/cfg.py:2609
2025-05-01 00:37:51.726 121055 DEBUG oslo_service.service [req-6cdf909f-7730-40ea-bfc9-9313291d1a37 - - - - -] remote_debug.host = None log_opt_values /usr/lib/python3/dist-packages/oslo_config/cfg.py:2609
2025-05-01 00:37:51.726 121055 DEBUG oslo_service.service [req-6cdf909f-7730-40ea-bfc9-9313291d1a37 - - - - -] remote_debug.port = None log_opt_values /usr/lib/python3/dist-packages/oslo_config/cfg.py:2609
2025-05-01 00:37:51.726 121055 DEBUG oslo_service.service [req-6cdf909f-7730-40ea-bfc9-9313291d1a37 - - - - -] oslo_messaging_rabbit.amqp_auto_delete = False log_opt_values /usr/lib/python3/dist-packages/oslo_config/cfg.py:2609
2025-05-01 00:37:51.726 121055 DEBUG oslo_service.service [req-6cdf909f-7730-40ea-bfc9-9313291d1a37 - - - - -] oslo_messaging_rabbit.amqp_durable_queues = False log_opt_values /usr/lib/python3/dist-packages/oslo_config/cfg.py:2609
2025-05-01 00:37:51.727 121055 DEBUG oslo_service.service [req-6cdf909f-7730-40ea-bfc9-9313291d1a37 - - - - -] oslo_messaging_rabbit.conn_pool_min_size = 2 log_opt_values /usr/lib/python3/dist-packages/oslo_config/cfg.py:2609
2025-05-01 00:37:51.727 121055 DEBUG oslo_service.service [req-6cdf909f-7730-40ea-bfc9-9313291d1a37 - - - - -] oslo_messaging_rabbit.conn_pool_ttl = 1200 log_opt_values /usr/lib/python3/dist-packages/oslo_config/cfg.py:2609
2025-05-01 00:37:51.727 121055 DEBUG oslo_service.service [req-6cdf909f-7730-40ea-bfc9-9313291d1a37 - - - - -] oslo_messaging_rabbit.direct_mandatory_flag = True log_opt_values /usr/lib/python3/dist-packages/oslo_config/cfg.py:2609
2025-05-01 00:37:51.727 121055 DEBUG oslo_service.service [req-6cdf909f-7730-40ea-bfc9-9313291d1a37 - - - - -] oslo_messaging_rabbit.enable_cancel_on_failover = False log_opt_values /usr/lib/python3/dist-packages/oslo_config/cfg.py:2609
2025-05-01 00:37:51.727 121055 DEBUG oslo_service.service [req-6cdf909f-7730-40ea-bfc9-9313291d1a37 - - - - -] oslo_messaging_rabbit.heartbeat_in_pthread = False log_opt_values /usr/lib/python3/dist-packages/oslo_config/cfg.py:2609
2025-05-01 00:37:51.727 121055 DEBUG oslo_service.service [req-6cdf909f-7730-40ea-bfc9-9313291d1a37 - - - - -] oslo_messaging_rabbit.heartbeat_rate = 2 log_opt_values /usr/lib/python3/dist-packages/oslo_config/cfg.py:2609
2025-05-01 00:37:51.728 121055 DEBUG oslo_service.service [req-6cdf909f-7730-40ea-bfc9-9313291d1a37 - - - - -] oslo_messaging_rabbit.heartbeat_timeout_threshold = 60 log_opt_values /usr/lib/python3/dist-packages/oslo_config/cfg.py:2609
2025-05-01 00:37:51.728 121055 DEBUG oslo_service.service [req-6cdf909f-7730-40ea-bfc9-9313291d1a37 - - - - -] oslo_messaging_rabbit.kombu_compression = None log_opt_values /usr/lib/python3/dist-packages/oslo_config/cfg.py:2609
2025-05-01 00:37:51.728 121055 DEBUG oslo_service.service [req-6cdf909f-7730-40ea-bfc9-9313291d1a37 - - - - -] oslo_messaging_rabbit.kombu_failover_strategy = round-robin log_opt_values /usr/lib/python3/dist-packages/oslo_config/cfg.py:2609
2025-05-01 00:37:51.728 121055 DEBUG oslo_service.service [req-6cdf909f-7730-40ea-bfc9-9313291d1a37 - - - - -] oslo_messaging_rabbit.kombu_missing_consumer_retry_timeout = 60 log_opt_values /usr/lib/python3/dist-packages/oslo_config/cfg.py:2609
2025-05-01 00:37:51.728 121055 DEBUG oslo_service.service [req-6cdf909f-7730-40ea-bfc9-9313291d1a37 - - - - -] oslo_messaging_rabbit.kombu_reconnect_delay = 1.0 log_opt_values /usr/lib/python3/dist-packages/oslo_config/cfg.py:2609
2025-05-01 00:37:51.728 121055 DEBUG oslo_service.service [req-6cdf909f-7730-40ea-bfc9-9313291d1a37 - - - - -] oslo_messaging_rabbit.rabbit_ha_queues = False log_opt_values /usr/lib/python3/dist-packages/oslo_config/cfg.py:2609
2025-05-01 00:37:51.728 121055 DEBUG oslo_service.service [req-6cdf909f-7730-40ea-bfc9-9313291d1a37 - - - - -] oslo_messaging_rabbit.rabbit_interval_max = 30 log_opt_values /usr/lib/python3/dist-packages/oslo_config/cfg.py:2609
2025-05-01 00:37:51.729 121055 DEBUG oslo_service.service [req-6cdf909f-7730-40ea-bfc9-9313291d1a37 - - - - -] oslo_messaging_rabbit.rabbit_login_method = AMQPLAIN log_opt_values /usr/lib/python3/dist-packages/oslo_config/cfg.py:2609
2025-05-01 00:37:51.729 121055 DEBUG oslo_service.service [req-6cdf909f-7730-40ea-bfc9-9313291d1a37 - - - - -] oslo_messaging_rabbit.rabbit_qos_prefetch_count = 0 log_opt_values /usr/lib/python3/dist-packages/oslo_config/cfg.py:2609
2025-05-01 00:37:51.729 121055 DEBUG oslo_service.service [req-6cdf909f-7730-40ea-bfc9-9313291d1a37 - - - - -] oslo_messaging_rabbit.rabbit_quorum_queue = False log_opt_values /usr/lib/python3/dist-packages/oslo_config/cfg.py:2609
2025-05-01 00:37:51.729 121055 DEBUG oslo_service.service [req-6cdf909f-7730-40ea-bfc9-9313291d1a37 - - - - -] oslo_messaging_rabbit.rabbit_retry_backoff = 2 log_opt_values /usr/lib/python3/dist-packages/oslo_config/cfg.py:2609
2025-05-01 00:37:51.729 121055 DEBUG oslo_service.service [req-6cdf909f-7730-40ea-bfc9-9313291d1a37 - - - - -] oslo_messaging_rabbit.rabbit_retry_interval = 1 log_opt_values /usr/lib/python3/dist-packages/oslo_config/cfg.py:2609
2025-05-01 00:37:51.729 121055 DEBUG oslo_service.service [req-6cdf909f-7730-40ea-bfc9-9313291d1a37 - - - - -] oslo_messaging_rabbit.rabbit_transient_queues_ttl = 1800 log_opt_values /usr/lib/python3/dist-packages/oslo_config/cfg.py:2609
2025-05-01 00:37:51.729 121055 DEBUG oslo_service.service [req-6cdf909f-7730-40ea-bfc9-9313291d1a37 - - - - -] oslo_messaging_rabbit.rpc_conn_pool_size = 30 log_opt_values /usr/lib/python3/dist-packages/oslo_config/cfg.py:2609
2025-05-01 00:37:51.730 121055 DEBUG oslo_service.service [req-6cdf909f-7730-40ea-bfc9-9313291d1a37 - - - - -] oslo_messaging_rabbit.ssl = False log_opt_values /usr/lib/python3/dist-packages/oslo_config/cfg.py:2609
2025-05-01 00:37:51.730 121055 DEBUG oslo_service.service [req-6cdf909f-7730-40ea-bfc9-9313291d1a37 - - - - -] oslo_messaging_rabbit.ssl_ca_file = log_opt_values /usr/lib/python3/dist-packages/oslo_config/cfg.py:2609
2025-05-01 00:37:51.730 121055 DEBUG oslo_service.service [req-6cdf909f-7730-40ea-bfc9-9313291d1a37 - - - - -] oslo_messaging_rabbit.ssl_cert_file = log_opt_values /usr/lib/python3/dist-packages/oslo_config/cfg.py:2609
2025-05-01 00:37:51.730 121055 DEBUG oslo_service.service [req-6cdf909f-7730-40ea-bfc9-9313291d1a37 - - - - -] oslo_messaging_rabbit.ssl_key_file = log_opt_values /usr/lib/python3/dist-packages/oslo_config/cfg.py:2609
2025-05-01 00:37:51.730 121055 DEBUG oslo_service.service [req-6cdf909f-7730-40ea-bfc9-9313291d1a37 - - - - -] oslo_messaging_rabbit.ssl_version = log_opt_values /usr/lib/python3/dist-packages/oslo_config/cfg.py:2609
2025-05-01 00:37:51.730 121055 DEBUG oslo_service.service [req-6cdf909f-7730-40ea-bfc9-9313291d1a37 - - - - -] oslo_messaging_notifications.driver = ['messagingv2'] log_opt_values /usr/lib/python3/dist-packages/oslo_config/cfg.py:2609
2025-05-01 00:37:51.731 121055 DEBUG oslo_service.service [req-6cdf909f-7730-40ea-bfc9-9313291d1a37 - - - - -] oslo_messaging_notifications.retry = -1 log_opt_values /usr/lib/python3/dist-packages/oslo_config/cfg.py:2609
2025-05-01 00:37:51.731 121055 DEBUG oslo_service.service [req-6cdf909f-7730-40ea-bfc9-9313291d1a37 - - - - -] oslo_messaging_notifications.topics = ['notifications'] log_opt_values /usr/lib/python3/dist-packages/oslo_config/cfg.py:2609
2025-05-01 00:37:51.731 121055 DEBUG oslo_service.service [req-6cdf909f-7730-40ea-bfc9-9313291d1a37 - - - - -] oslo_messaging_notifications.transport_url = **** log_opt_values /usr/lib/python3/dist-packages/oslo_config/cfg.py:2609
2025-05-01 00:37:51.731 121055 DEBUG oslo_service.service [req-6cdf909f-7730-40ea-bfc9-9313291d1a37 - - - - -] oslo_limit.auth_section = None log_opt_values /usr/lib/python3/dist-packages/oslo_config/cfg.py:2609
2025-05-01 00:37:51.731 121055 DEBUG oslo_service.service [req-6cdf909f-7730-40ea-bfc9-9313291d1a37 - - - - -] oslo_limit.auth_type = None log_opt_values /usr/lib/python3/dist-packages/oslo_config/cfg.py:2609
2025-05-01 00:37:51.731 121055 DEBUG oslo_service.service [req-6cdf909f-7730-40ea-bfc9-9313291d1a37 - - - - -] oslo_limit.cafile = None log_opt_values /usr/lib/python3/dist-packages/oslo_config/cfg.py:2609
2025-05-01 00:37:51.731 121055 DEBUG oslo_service.service [req-6cdf909f-7730-40ea-bfc9-9313291d1a37 - - - - -] oslo_limit.certfile = None log_opt_values /usr/lib/python3/dist-packages/oslo_config/cfg.py:2609
2025-05-01 00:37:51.732 121055 DEBUG oslo_service.service [req-6cdf909f-7730-40ea-bfc9-9313291d1a37 - - - - -] oslo_limit.collect_timing = False log_opt_values /usr/lib/python3/dist-packages/oslo_config/cfg.py:2609
2025-05-01 00:37:51.732 121055 DEBUG oslo_service.service [req-6cdf909f-7730-40ea-bfc9-9313291d1a37 - - - - -] oslo_limit.connect_retries = None log_opt_values /usr/lib/python3/dist-packages/oslo_config/cfg.py:2609
2025-05-01 00:37:51.732 121055 DEBUG oslo_service.service [req-6cdf909f-7730-40ea-bfc9-9313291d1a37 - - - - -] oslo_limit.connect_retry_delay = None log_opt_values /usr/lib/python3/dist-packages/oslo_config/cfg.py:2609
2025-05-01 00:37:51.732 121055 DEBUG oslo_service.service [req-6cdf909f-7730-40ea-bfc9-9313291d1a37 - - - - -] oslo_limit.endpoint_id = None log_opt_values /usr/lib/python3/dist-packages/oslo_config/cfg.py:2609
2025-05-01 00:37:51.732 121055 DEBUG oslo_service.service [req-6cdf909f-7730-40ea-bfc9-9313291d1a37 - - - - -] oslo_limit.endpoint_override = None log_opt_values /usr/lib/python3/dist-packages/oslo_config/cfg.py:2609
2025-05-01 00:37:51.732 121055 DEBUG oslo_service.service [req-6cdf909f-7730-40ea-bfc9-9313291d1a37 - - - - -] oslo_limit.insecure = False log_opt_values /usr/lib/python3/dist-packages/oslo_config/cfg.py:2609
2025-05-01 00:37:51.733 121055 DEBUG oslo_service.service [req-6cdf909f-7730-40ea-bfc9-9313291d1a37 - - - - -] oslo_limit.keyfile = None log_opt_values /usr/lib/python3/dist-packages/oslo_config/cfg.py:2609
2025-05-01 00:37:51.733 121055 DEBUG oslo_service.service [req-6cdf909f-7730-40ea-bfc9-9313291d1a37 - - - - -] oslo_limit.max_version = None log_opt_values /usr/lib/python3/dist-packages/oslo_config/cfg.py:2609
2025-05-01 00:37:51.733 121055 DEBUG oslo_service.service [req-6cdf909f-7730-40ea-bfc9-9313291d1a37 - - - - -] oslo_limit.min_version = None log_opt_values /usr/lib/python3/dist-packages/oslo_config/cfg.py:2609
2025-05-01 00:37:51.733 121055 DEBUG oslo_service.service [req-6cdf909f-7730-40ea-bfc9-9313291d1a37 - - - - -] oslo_limit.region_name = None log_opt_values /usr/lib/python3/dist-packages/oslo_config/cfg.py:2609
2025-05-01 00:37:51.733 121055 DEBUG oslo_service.service [req-6cdf909f-7730-40ea-bfc9-9313291d1a37 - - - - -] oslo_limit.service_name = None log_opt_values /usr/lib/python3/dist-packages/oslo_config/cfg.py:2609
2025-05-01 00:37:51.733 121055 DEBUG oslo_service.service [req-6cdf909f-7730-40ea-bfc9-9313291d1a37 - - - - -] oslo_limit.service_type = None log_opt_values /usr/lib/python3/dist-packages/oslo_config/cfg.py:2609
2025-05-01 00:37:51.734 121055 DEBUG oslo_service.service [req-6cdf909f-7730-40ea-bfc9-9313291d1a37 - - - - -] oslo_limit.split_loggers = False log_opt_values /usr/lib/python3/dist-packages/oslo_config/cfg.py:2609
2025-05-01 00:37:51.734 121055 DEBUG oslo_service.service [req-6cdf909f-7730-40ea-bfc9-9313291d1a37 - - - - -] oslo_limit.status_code_retries = None log_opt_values /usr/lib/python3/dist-packages/oslo_config/cfg.py:2609
2025-05-01 00:37:51.734 121055 DEBUG oslo_service.service [req-6cdf909f-7730-40ea-bfc9-9313291d1a37 - - - - -] oslo_limit.status_code_retry_delay = None log_opt_values /usr/lib/python3/dist-packages/oslo_config/cfg.py:2609
2025-05-01 00:37:51.734 121055 DEBUG oslo_service.service [req-6cdf909f-7730-40ea-bfc9-9313291d1a37 - - - - -] oslo_limit.timeout = None log_opt_values /usr/lib/python3/dist-packages/oslo_config/cfg.py:2609
2025-05-01 00:37:51.734 121055 DEBUG oslo_service.service [req-6cdf909f-7730-40ea-bfc9-9313291d1a37 - - - - -] oslo_limit.valid_interfaces = None log_opt_values /usr/lib/python3/dist-packages/oslo_config/cfg.py:2609
2025-05-01 00:37:51.734 121055 DEBUG oslo_service.service [req-6cdf909f-7730-40ea-bfc9-9313291d1a37 - - - - -] oslo_limit.version = None log_opt_values /usr/lib/python3/dist-packages/oslo_config/cfg.py:2609
2025-05-01 00:37:51.736 121055 DEBUG oslo_service.service [req-6cdf909f-7730-40ea-bfc9-9313291d1a37 - - - - -] oslo_reports.file_event_handler = None log_opt_values /usr/lib/python3/dist-packages/oslo_config/cfg.py:2609
2025-05-01 00:37:51.736 121055 DEBUG oslo_service.service [req-6cdf909f-7730-40ea-bfc9-9313291d1a37 - - - - -] oslo_reports.file_event_handler_interval = 1 log_opt_values /usr/lib/python3/dist-packages/oslo_config/cfg.py:2609
2025-05-01 00:37:51.736 121055 DEBUG oslo_service.service [req-6cdf909f-7730-40ea-bfc9-9313291d1a37 - - - - -] oslo_reports.log_dir = None log_opt_values /usr/lib/python3/dist-packages/oslo_config/cfg.py:2609
2025-05-01 00:37:51.736 121055 DEBUG oslo_service.service [req-6cdf909f-7730-40ea-bfc9-9313291d1a37 - - - - -] ******************************************************************************** log_opt_values /usr/lib/python3/dist-packages/oslo_config/cfg.py:2613
2025-05-01 00:37:52.623 122580 DEBUG oslo_messaging._drivers.amqpdriver [-] AMQPListener connection timeout poll /usr/lib/python3/dist-packages/oslo_messaging/_drivers/amqpdriver.py:360
2025-05-01 00:37:52.623 122593 DEBUG oslo_messaging._drivers.amqpdriver [-] AMQPListener connection timeout poll /usr/lib/python3/dist-packages/oslo_messaging/_drivers/amqpdriver.py:360
2025-05-01 00:37:52.623 122580 DEBUG oslo_messaging._drivers.amqpdriver [-] Listener is running poll /usr/lib/python3/dist-packages/oslo_messaging/_drivers/amqpdriver.py:343
2025-05-01 00:37:52.623 122593 DEBUG oslo_messaging._drivers.amqpdriver [-] Listener is running poll /usr/lib/python3/dist-packages/oslo_messaging/_drivers/amqpdriver.py:343
2025-05-01 00:37:52.623 122580 DEBUG oslo_messaging._drivers.amqpdriver [-] AMQPListener connection consume poll /usr/lib/python3/dist-packages/oslo_messaging/_drivers/amqpdriver.py:357
2025-05-01 00:37:52.623 122593 DEBUG oslo_messaging._drivers.amqpdriver [-] AMQPListener connection consume poll /usr/lib/python3/dist-packages/oslo_messaging/_drivers/amqpdriver.py:357
2025-05-01 00:37:52.628 122579 DEBUG oslo_messaging._drivers.amqpdriver [-] AMQPListener connection timeout poll /usr/lib/python3/dist-packages/oslo_messaging/_drivers/amqpdriver.py:360
2025-05-01 00:37:52.628 122579 DEBUG oslo_messaging._drivers.amqpdriver [-] Listener is running poll /usr/lib/python3/dist-packages/oslo_messaging/_drivers/amqpdriver.py:343
2025-05-01 00:37:52.628 122579 DEBUG oslo_messaging._drivers.amqpdriver [-] AMQPListener connection consume poll /usr/lib/python3/dist-packages/oslo_messaging/_drivers/amqpdriver.py:357
2025-05-01 00:37:52.647 122586 DEBUG oslo_messaging._drivers.amqpdriver [-] AMQPListener connection timeout poll /usr/lib/python3/dist-packages/oslo_messaging/_drivers/amqpdriver.py:360
2025-05-01 00:37:52.648 122586 DEBUG oslo_messaging._drivers.amqpdriver [-] Listener is running poll /usr/lib/python3/dist-packages/oslo_messaging/_drivers/amqpdriver.py:343
2025-05-01 00:37:52.648 122586 DEBUG oslo_messaging._drivers.amqpdriver [-] AMQPListener connection consume poll /usr/lib/python3/dist-packages/oslo_messaging/_drivers/amqpdriver.py:357
2025-05-01 00:37:54.625 122580 DEBUG oslo_messaging._drivers.amqpdriver [-] AMQPListener connection timeout poll /usr/lib/python3/dist-packages/oslo_messaging/_drivers/amqpdriver.py:360
2025-05-01 00:37:54.625 122580 DEBUG oslo_messaging._drivers.amqpdriver [-] Listener is running poll /usr/lib/python3/dist-packages/oslo_messaging/_drivers/amqpdriver.py:343
2025-05-01 00:37:54.625 122580 DEBUG oslo_messaging._drivers.amqpdriver [-] AMQPListener connection consume poll /usr/lib/python3/dist-packages/oslo_messaging/_drivers/amqpdriver.py:357
2025-05-01 00:37:54.626 122593 DEBUG oslo_messaging._drivers.amqpdriver [-] AMQPListener connection timeout poll /usr/lib/python3/dist-packages/oslo_messaging/_drivers/amqpdriver.py:360
2025-05-01 00:37:54.626 122593 DEBUG oslo_messaging._drivers.amqpdriver [-] Listener is running poll /usr/lib/python3/dist-packages/oslo_messaging/_drivers/amqpdriver.py:343
2025-05-01 00:37:54.626 122593 DEBUG oslo_messaging._drivers.amqpdriver [-] AMQPListener connection consume poll /usr/lib/python3/dist-packages/oslo_messaging/_drivers/amqpdriver.py:357
2025-05-01 00:37:54.630 122579 DEBUG oslo_messaging._drivers.amqpdriver [-] AMQPListener connection timeout poll /usr/lib/python3/dist-packages/oslo_messaging/_drivers/amqpdriver.py:360
2025-05-01 00:37:54.630 122579 DEBUG oslo_messaging._drivers.amqpdriver [-] Listener is running poll /usr/lib/python3/dist-packages/oslo_messaging/_drivers/amqpdriver.py:343
2025-05-01 00:37:54.630 122579 DEBUG oslo_messaging._drivers.amqpdriver [-] AMQPListener connection consume poll /usr/lib/python3/dist-packages/oslo_messaging/_drivers/amqpdriver.py:357
2025-05-01 00:37:54.650 122586 DEBUG oslo_messaging._drivers.amqpdriver [-] AMQPListener connection timeout poll /usr/lib/python3/dist-packages/oslo_messaging/_drivers/amqpdriver.py:360
2025-05-01 00:37:54.650 122586 DEBUG oslo_messaging._drivers.amqpdriver [-] Listener is running poll /usr/lib/python3/dist-packages/oslo_messaging/_drivers/amqpdriver.py:343
2025-05-01 00:37:54.650 122586 DEBUG oslo_messaging._drivers.amqpdriver [-] AMQPListener connection consume poll /usr/lib/python3/dist-packages/oslo_messaging/_drivers/amqpdriver.py:357
2025-05-01 00:37:58.627 122580 DEBUG oslo_messaging._drivers.amqpdriver [-] AMQPListener connection timeout poll /usr/lib/python3/dist-packages/oslo_messaging/_drivers/amqpdriver.py:360
2025-05-01 00:37:58.628 122580 DEBUG oslo_messaging._drivers.amqpdriver [-] Listener is running poll /usr/lib/python3/dist-packages/oslo_messaging/_drivers/amqpdriver.py:343
2025-05-01 00:37:58.628 122580 DEBUG oslo_messaging._drivers.amqpdriver [-] AMQPListener connection consume poll /usr/lib/python3/dist-packages/oslo_messaging/_drivers/amqpdriver.py:357
2025-05-01 00:37:58.630 122593 DEBUG oslo_messaging._drivers.amqpdriver [-] AMQPListener connection timeout poll /usr/lib/python3/dist-packages/oslo_messaging/_drivers/amqpdriver.py:360
2025-05-01 00:37:58.630 122593 DEBUG oslo_messaging._drivers.amqpdriver [-] Listener is running poll /usr/lib/python3/dist-packages/oslo_messaging/_drivers/amqpdriver.py:343
2025-05-01 00:37:58.630 122593 DEBUG oslo_messaging._drivers.amqpdriver [-] AMQPListener connection consume poll /usr/lib/python3/dist-packages/oslo_messaging/_drivers/amqpdriver.py:357
2025-05-01 00:37:58.633 122579 DEBUG oslo_messaging._drivers.amqpdriver [-] AMQPListener connection timeout poll /usr/lib/python3/dist-packages/oslo_messaging/_drivers/amqpdriver.py:360
2025-05-01 00:37:58.634 122579 DEBUG oslo_messaging._drivers.amqpdriver [-] Listener is running poll /usr/lib/python3/dist-packages/oslo_messaging/_drivers/amqpdriver.py:343
2025-05-01 00:37:58.634 122579 DEBUG oslo_messaging._drivers.amqpdriver [-] AMQPListener connection consume poll /usr/lib/python3/dist-packages/oslo_messaging/_drivers/amqpdriver.py:357
2025-05-01 00:37:58.654 122586 DEBUG oslo_messaging._drivers.amqpdriver [-] AMQPListener connection timeout poll /usr/lib/python3/dist-packages/oslo_messaging/_drivers/amqpdriver.py:360
2025-05-01 00:37:58.654 122586 DEBUG oslo_messaging._drivers.amqpdriver [-] Listener is running poll /usr/lib/python3/dist-packages/oslo_messaging/_drivers/amqpdriver.py:343
2025-05-01 00:37:58.654 122586 DEBUG oslo_messaging._drivers.amqpdriver [-] AMQPListener connection consume poll /usr/lib/python3/dist-packages/oslo_messaging/_drivers/amqpdriver.py:357
2025-05-01 00:38:06.624 122593 DEBUG oslo_service.periodic_task [req-4eee018d-a79e-424c-9d40-f22b7d518329 - - - - -] Running periodic task SchedulerManager._discover_hosts_in_cells run_periodic_tasks /usr/lib/python3/dist-packages/oslo_service/periodic_task.py:210
2025-05-01 00:38:06.625 122593 DEBUG oslo_db.sqlalchemy.engines [req-4eee018d-a79e-424c-9d40-f22b7d518329 - - - - -] Parent process 121055 forked (122593) with an open database connection, which is being discarded and recreated. checkout /usr/lib/python3/dist-packages/oslo_db/sqlalchemy/engines.py:413
2025-05-01 00:38:06.629 122580 DEBUG oslo_messaging._drivers.amqpdriver [-] AMQPListener connection timeout poll /usr/lib/python3/dist-packages/oslo_messaging/_drivers/amqpdriver.py:360
2025-05-01 00:38:06.629 122580 DEBUG oslo_messaging._drivers.amqpdriver [-] Listener is running poll /usr/lib/python3/dist-packages/oslo_messaging/_drivers/amqpdriver.py:343
2025-05-01 00:38:06.629 122580 DEBUG oslo_messaging._drivers.amqpdriver [-] AMQPListener connection consume poll /usr/lib/python3/dist-packages/oslo_messaging/_drivers/amqpdriver.py:357
2025-05-01 00:38:06.631 122593 DEBUG oslo_messaging._drivers.amqpdriver [-] AMQPListener connection timeout poll /usr/lib/python3/dist-packages/oslo_messaging/_drivers/amqpdriver.py:360
2025-05-01 00:38:06.632 122593 DEBUG oslo_messaging._drivers.amqpdriver [-] Listener is running poll /usr/lib/python3/dist-packages/oslo_messaging/_drivers/amqpdriver.py:343
2025-05-01 00:38:06.632 122593 DEBUG oslo_messaging._drivers.amqpdriver [-] AMQPListener connection consume poll /usr/lib/python3/dist-packages/oslo_messaging/_drivers/amqpdriver.py:357
2025-05-01 00:38:06.636 122593 DEBUG oslo_concurrency.lockutils [req-4eee018d-a79e-424c-9d40-f22b7d518329 - - - - -] Lock "8c2ebfc8-4df8-474c-8859-71993a5d8878" acquired by "nova.context.set_target_cell..get_or_set_cached_cell_and_set_connections" :: waited 0.000s inner /usr/lib/python3/dist-packages/oslo_concurrency/lockutils.py:386
2025-05-01 00:38:06.636 122579 DEBUG oslo_messaging._drivers.amqpdriver [-] AMQPListener connection timeout poll /usr/lib/python3/dist-packages/oslo_messaging/_drivers/amqpdriver.py:360
2025-05-01 00:38:06.636 122579 DEBUG oslo_messaging._drivers.amqpdriver [-] Listener is running poll /usr/lib/python3/dist-packages/oslo_messaging/_drivers/amqpdriver.py:343
2025-05-01 00:38:06.636 122579 DEBUG oslo_messaging._drivers.amqpdriver [-] AMQPListener connection consume poll /usr/lib/python3/dist-packages/oslo_messaging/_drivers/amqpdriver.py:357
2025-05-01 00:38:06.637 122593 DEBUG oslo_concurrency.lockutils [req-4eee018d-a79e-424c-9d40-f22b7d518329 - - - - -] Lock "8c2ebfc8-4df8-474c-8859-71993a5d8878" "released" by "nova.context.set_target_cell..get_or_set_cached_cell_and_set_connections" :: held 0.002s inner /usr/lib/python3/dist-packages/oslo_concurrency/lockutils.py:400
2025-05-01 00:38:06.643 122593 DEBUG oslo_db.sqlalchemy.engines [req-4eee018d-a79e-424c-9d40-f22b7d518329 - - - - -] MySQL server mode set to STRICT_TRANS_TABLES,STRICT_ALL_TABLES,NO_ZERO_IN_DATE,NO_ZERO_DATE,ERROR_FOR_DIVISION_BY_ZERO,TRADITIONAL,NO_ENGINE_SUBSTITUTION _check_effective_sql_mode /usr/lib/python3/dist-packages/oslo_db/sqlalchemy/engines.py:314
2025-05-01 00:38:06.655 122586 DEBUG oslo_messaging._drivers.amqpdriver [-] AMQPListener connection timeout poll /usr/lib/python3/dist-packages/oslo_messaging/_drivers/amqpdriver.py:360
2025-05-01 00:38:06.656 122586 DEBUG oslo_messaging._drivers.amqpdriver [-] Listener is running poll /usr/lib/python3/dist-packages/oslo_messaging/_drivers/amqpdriver.py:343
2025-05-01 00:38:06.656 122586 DEBUG oslo_messaging._drivers.amqpdriver [-] AMQPListener connection consume poll /usr/lib/python3/dist-packages/oslo_messaging/_drivers/amqpdriver.py:357
2025-05-01 00:38:07.626 122579 DEBUG oslo_service.periodic_task [req-802ffeca-1387-4703-bac0-fe63ebb0dfc5 - - - - -] Running periodic task SchedulerManager._discover_hosts_in_cells run_periodic_tasks /usr/lib/python3/dist-packages/oslo_service/periodic_task.py:210
2025-05-01 00:38:07.627 122579 DEBUG oslo_db.sqlalchemy.engines [req-802ffeca-1387-4703-bac0-fe63ebb0dfc5 - - - - -] Parent process 121055 forked (122579) with an open database connection, which is being discarded and recreated. checkout /usr/lib/python3/dist-packages/oslo_db/sqlalchemy/engines.py:413
2025-05-01 00:38:07.633 122579 DEBUG oslo_concurrency.lockutils [req-802ffeca-1387-4703-bac0-fe63ebb0dfc5 - - - - -] Lock "8c2ebfc8-4df8-474c-8859-71993a5d8878" acquired by "nova.context.set_target_cell..get_or_set_cached_cell_and_set_connections" :: waited 0.000s inner /usr/lib/python3/dist-packages/oslo_concurrency/lockutils.py:386
2025-05-01 00:38:07.635 122579 DEBUG oslo_concurrency.lockutils [req-802ffeca-1387-4703-bac0-fe63ebb0dfc5 - - - - -] Lock "8c2ebfc8-4df8-474c-8859-71993a5d8878" "released" by "nova.context.set_target_cell..get_or_set_cached_cell_and_set_connections" :: held 0.002s inner /usr/lib/python3/dist-packages/oslo_concurrency/lockutils.py:400
2025-05-01 00:38:07.641 122579 DEBUG oslo_db.sqlalchemy.engines [req-802ffeca-1387-4703-bac0-fe63ebb0dfc5 - - - - -] MySQL server mode set to STRICT_TRANS_TABLES,STRICT_ALL_TABLES,NO_ZERO_IN_DATE,NO_ZERO_DATE,ERROR_FOR_DIVISION_BY_ZERO,TRADITIONAL,NO_ENGINE_SUBSTITUTION _check_effective_sql_mode /usr/lib/python3/dist-packages/oslo_db/sqlalchemy/engines.py:314
2025-05-01 00:38:16.632 122580 DEBUG oslo_service.periodic_task [req-dba9ce2f-6280-4545-9b24-4eefef603ebd - - - - -] Running periodic task SchedulerManager._discover_hosts_in_cells run_periodic_tasks /usr/lib/python3/dist-packages/oslo_service/periodic_task.py:210
2025-05-01 00:38:16.633 122580 DEBUG oslo_db.sqlalchemy.engines [req-dba9ce2f-6280-4545-9b24-4eefef603ebd - - - - -] Parent process 121055 forked (122580) with an open database connection, which is being discarded and recreated. checkout /usr/lib/python3/dist-packages/oslo_db/sqlalchemy/engines.py:413
2025-05-01 00:38:16.642 122580 DEBUG oslo_concurrency.lockutils [req-dba9ce2f-6280-4545-9b24-4eefef603ebd - - - - -] Lock "8c2ebfc8-4df8-474c-8859-71993a5d8878" acquired by "nova.context.set_target_cell..get_or_set_cached_cell_and_set_connections" :: waited 0.000s inner /usr/lib/python3/dist-packages/oslo_concurrency/lockutils.py:386
2025-05-01 00:38:16.643 122580 DEBUG oslo_concurrency.lockutils [req-dba9ce2f-6280-4545-9b24-4eefef603ebd - - - - -] Lock "8c2ebfc8-4df8-474c-8859-71993a5d8878" "released" by "nova.context.set_target_cell..get_or_set_cached_cell_and_set_connections" :: held 0.002s inner /usr/lib/python3/dist-packages/oslo_concurrency/lockutils.py:400
2025-05-01 00:38:16.649 122580 DEBUG oslo_db.sqlalchemy.engines [req-dba9ce2f-6280-4545-9b24-4eefef603ebd - - - - -] MySQL server mode set to STRICT_TRANS_TABLES,STRICT_ALL_TABLES,NO_ZERO_IN_DATE,NO_ZERO_DATE,ERROR_FOR_DIVISION_BY_ZERO,TRADITIONAL,NO_ENGINE_SUBSTITUTION _check_effective_sql_mode /usr/lib/python3/dist-packages/oslo_db/sqlalchemy/engines.py:314
2025-05-01 00:38:16.654 122586 DEBUG oslo_service.periodic_task [req-a9e29a21-9d6e-4294-b08a-a6e95b792ff5 - - - - -] Running periodic task SchedulerManager._discover_hosts_in_cells run_periodic_tasks /usr/lib/python3/dist-packages/oslo_service/periodic_task.py:210
2025-05-01 00:38:16.655 122586 DEBUG oslo_db.sqlalchemy.engines [req-a9e29a21-9d6e-4294-b08a-a6e95b792ff5 - - - - -] Parent process 121055 forked (122586) with an open database connection, which is being discarded and recreated. checkout /usr/lib/python3/dist-packages/oslo_db/sqlalchemy/engines.py:413
2025-05-01 00:38:16.665 122586 DEBUG oslo_concurrency.lockutils [req-a9e29a21-9d6e-4294-b08a-a6e95b792ff5 - - - - -] Lock "8c2ebfc8-4df8-474c-8859-71993a5d8878" acquired by "nova.context.set_target_cell..get_or_set_cached_cell_and_set_connections" :: waited 0.000s inner /usr/lib/python3/dist-packages/oslo_concurrency/lockutils.py:386
2025-05-01 00:38:16.667 122586 DEBUG oslo_concurrency.lockutils [req-a9e29a21-9d6e-4294-b08a-a6e95b792ff5 - - - - -] Lock "8c2ebfc8-4df8-474c-8859-71993a5d8878" "released" by "nova.context.set_target_cell..get_or_set_cached_cell_and_set_connections" :: held 0.002s inner /usr/lib/python3/dist-packages/oslo_concurrency/lockutils.py:400
2025-05-01 00:38:16.675 122586 DEBUG oslo_db.sqlalchemy.engines [req-a9e29a21-9d6e-4294-b08a-a6e95b792ff5 - - - - -] MySQL server mode set to STRICT_TRANS_TABLES,STRICT_ALL_TABLES,NO_ZERO_IN_DATE,NO_ZERO_DATE,ERROR_FOR_DIVISION_BY_ZERO,TRADITIONAL,NO_ENGINE_SUBSTITUTION _check_effective_sql_mode /usr/lib/python3/dist-packages/oslo_db/sqlalchemy/engines.py:314
2025-05-01 00:38:36.604 122593 DEBUG oslo_messaging._drivers.amqpdriver [-] AMQPListener connection timeout poll /usr/lib/python3/dist-packages/oslo_messaging/_drivers/amqpdriver.py:360
2025-05-01 00:38:36.604 122593 DEBUG oslo_messaging._drivers.amqpdriver [-] Listener is running poll /usr/lib/python3/dist-packages/oslo_messaging/_drivers/amqpdriver.py:343
2025-05-01 00:38:36.604 122593 DEBUG oslo_messaging._drivers.amqpdriver [-] AMQPListener connection consume poll /usr/lib/python3/dist-packages/oslo_messaging/_drivers/amqpdriver.py:357
2025-05-01 00:38:36.605 122580 DEBUG oslo_messaging._drivers.amqpdriver [-] AMQPListener connection timeout poll /usr/lib/python3/dist-packages/oslo_messaging/_drivers/amqpdriver.py:360
2025-05-01 00:38:36.605 122580 DEBUG oslo_messaging._drivers.amqpdriver [-] Listener is running poll /usr/lib/python3/dist-packages/oslo_messaging/_drivers/amqpdriver.py:343
2025-05-01 00:38:36.606 122580 DEBUG oslo_messaging._drivers.amqpdriver [-] AMQPListener connection consume poll /usr/lib/python3/dist-packages/oslo_messaging/_drivers/amqpdriver.py:357
2025-05-01 00:38:36.618 122579 DEBUG oslo_messaging._drivers.amqpdriver [-] AMQPListener connection timeout poll /usr/lib/python3/dist-packages/oslo_messaging/_drivers/amqpdriver.py:360
2025-05-01 00:38:36.619 122579 DEBUG oslo_messaging._drivers.amqpdriver [-] Listener is running poll /usr/lib/python3/dist-packages/oslo_messaging/_drivers/amqpdriver.py:343
2025-05-01 00:38:36.619 122579 DEBUG oslo_messaging._drivers.amqpdriver [-] AMQPListener connection consume poll /usr/lib/python3/dist-packages/oslo_messaging/_drivers/amqpdriver.py:357
2025-05-01 00:38:36.643 122586 DEBUG oslo_messaging._drivers.amqpdriver [-] AMQPListener connection timeout poll /usr/lib/python3/dist-packages/oslo_messaging/_drivers/amqpdriver.py:360
2025-05-01 00:38:36.643 122586 DEBUG oslo_messaging._drivers.amqpdriver [-] Listener is running poll /usr/lib/python3/dist-packages/oslo_messaging/_drivers/amqpdriver.py:343
2025-05-01 00:38:36.643 122586 DEBUG oslo_messaging._drivers.amqpdriver [-] AMQPListener connection consume poll /usr/lib/python3/dist-packages/oslo_messaging/_drivers/amqpdriver.py:357
2025-05-01 00:38:36.654 122593 DEBUG oslo_service.periodic_task [req-4eee018d-a79e-424c-9d40-f22b7d518329 - - - - -] Running periodic task SchedulerManager._discover_hosts_in_cells run_periodic_tasks /usr/lib/python3/dist-packages/oslo_service/periodic_task.py:210
2025-05-01 00:38:36.659 122593 DEBUG oslo_concurrency.lockutils [req-fcef67ad-51df-4225-984a-742051643753 - - - - -] Lock "8c2ebfc8-4df8-474c-8859-71993a5d8878" acquired by "nova.context.set_target_cell..get_or_set_cached_cell_and_set_connections" :: waited 0.000s inner /usr/lib/python3/dist-packages/oslo_concurrency/lockutils.py:386
2025-05-01 00:38:36.659 122593 DEBUG oslo_concurrency.lockutils [req-fcef67ad-51df-4225-984a-742051643753 - - - - -] Lock "8c2ebfc8-4df8-474c-8859-71993a5d8878" "released" by "nova.context.set_target_cell..get_or_set_cached_cell_and_set_connections" :: held 0.000s inner /usr/lib/python3/dist-packages/oslo_concurrency/lockutils.py:400
2025-05-01 00:38:37.653 122579 DEBUG oslo_service.periodic_task [req-802ffeca-1387-4703-bac0-fe63ebb0dfc5 - - - - -] Running periodic task SchedulerManager._discover_hosts_in_cells run_periodic_tasks /usr/lib/python3/dist-packages/oslo_service/periodic_task.py:210
2025-05-01 00:38:37.657 122579 DEBUG oslo_concurrency.lockutils [req-6a5c36f0-c649-4b87-9f33-31eb4d455e9f - - - - -] Lock "8c2ebfc8-4df8-474c-8859-71993a5d8878" acquired by "nova.context.set_target_cell..get_or_set_cached_cell_and_set_connections" :: waited 0.000s inner /usr/lib/python3/dist-packages/oslo_concurrency/lockutils.py:386
2025-05-01 00:38:37.657 122579 DEBUG oslo_concurrency.lockutils [req-6a5c36f0-c649-4b87-9f33-31eb4d455e9f - - - - -] Lock "8c2ebfc8-4df8-474c-8859-71993a5d8878" "released" by "nova.context.set_target_cell..get_or_set_cached_cell_and_set_connections" :: held 0.000s inner /usr/lib/python3/dist-packages/oslo_concurrency/lockutils.py:400
2025-05-01 00:38:46.661 122580 DEBUG oslo_service.periodic_task [req-dba9ce2f-6280-4545-9b24-4eefef603ebd - - - - -] Running periodic task SchedulerManager._discover_hosts_in_cells run_periodic_tasks /usr/lib/python3/dist-packages/oslo_service/periodic_task.py:210
2025-05-01 00:38:46.666 122580 DEBUG oslo_concurrency.lockutils [req-eb81b2c7-2d87-49b5-ac4a-31372d51bba2 - - - - -] Lock "8c2ebfc8-4df8-474c-8859-71993a5d8878" acquired by "nova.context.set_target_cell..get_or_set_cached_cell_and_set_connections" :: waited 0.000s inner /usr/lib/python3/dist-packages/oslo_concurrency/lockutils.py:386
2025-05-01 00:38:46.667 122580 DEBUG oslo_concurrency.lockutils [req-eb81b2c7-2d87-49b5-ac4a-31372d51bba2 - - - - -] Lock "8c2ebfc8-4df8-474c-8859-71993a5d8878" "released" by "nova.context.set_target_cell..get_or_set_cached_cell_and_set_connections" :: held 0.000s inner /usr/lib/python3/dist-packages/oslo_concurrency/lockutils.py:400
2025-05-01 00:38:46.687 122586 DEBUG oslo_service.periodic_task [req-a9e29a21-9d6e-4294-b08a-a6e95b792ff5 - - - - -] Running periodic task SchedulerManager._discover_hosts_in_cells run_periodic_tasks /usr/lib/python3/dist-packages/oslo_service/periodic_task.py:210
2025-05-01 00:38:46.692 122586 DEBUG oslo_concurrency.lockutils [req-b4f785f4-8c95-4617-8371-2432ae7f7a8c - - - - -] Lock "8c2ebfc8-4df8-474c-8859-71993a5d8878" acquired by "nova.context.set_target_cell..get_or_set_cached_cell_and_set_connections" :: waited 0.000s inner /usr/lib/python3/dist-packages/oslo_concurrency/lockutils.py:386
2025-05-01 00:38:46.692 122586 DEBUG oslo_concurrency.lockutils [req-b4f785f4-8c95-4617-8371-2432ae7f7a8c - - - - -] Lock "8c2ebfc8-4df8-474c-8859-71993a5d8878" "released" by "nova.context.set_target_cell..get_or_set_cached_cell_and_set_connections" :: held 0.000s inner /usr/lib/python3/dist-packages/oslo_concurrency/lockutils.py:400
2025-05-01 00:39:01.267 121055 INFO oslo_service.service [req-6cdf909f-7730-40ea-bfc9-9313291d1a37 - - - - -] Caught SIGTERM, stopping children
2025-05-01 00:39:01.268 121055 DEBUG oslo_concurrency.lockutils [req-6cdf909f-7730-40ea-bfc9-9313291d1a37 - - - - -] Acquired lock "singleton_lock" lock /usr/lib/python3/dist-packages/oslo_concurrency/lockutils.py:294
2025-05-01 00:39:01.268 121055 DEBUG oslo_concurrency.lockutils [req-6cdf909f-7730-40ea-bfc9-9313291d1a37 - - - - -] Releasing lock "singleton_lock" lock /usr/lib/python3/dist-packages/oslo_concurrency/lockutils.py:312
2025-05-01 00:39:01.269 121055 DEBUG oslo_service.service [req-6cdf909f-7730-40ea-bfc9-9313291d1a37 - - - - -] Stop services. stop /usr/lib/python3/dist-packages/oslo_service/service.py:695
2025-05-01 00:39:01.269 121055 DEBUG oslo_service.service [req-6cdf909f-7730-40ea-bfc9-9313291d1a37 - - - - -] Killing children. stop /usr/lib/python3/dist-packages/oslo_service/service.py:700
2025-05-01 00:39:01.269 121055 INFO oslo_service.service [req-6cdf909f-7730-40ea-bfc9-9313291d1a37 - - - - -] Waiting on 4 children to exit
2025-05-01 00:39:01.276 121055 INFO oslo_service.service [req-6cdf909f-7730-40ea-bfc9-9313291d1a37 - - - - -] Child 122580 killed by signal 15
2025-05-01 00:39:01.280 121055 INFO oslo_service.service [req-6cdf909f-7730-40ea-bfc9-9313291d1a37 - - - - -] Child 122586 killed by signal 15
2025-05-01 00:39:01.281 121055 INFO oslo_service.service [req-6cdf909f-7730-40ea-bfc9-9313291d1a37 - - - - -] Child 122593 killed by signal 15
2025-05-01 00:39:01.283 121055 INFO oslo_service.service [req-6cdf909f-7730-40ea-bfc9-9313291d1a37 - - - - -] Child 122579 killed by signal 15
2025-05-01 00:39:03.549 126904 DEBUG oslo_db.sqlalchemy.engines [req-785a47e6-668d-44dc-b15e-3a297437d7c2 - - - - -] MySQL server mode set to STRICT_TRANS_TABLES,STRICT_ALL_TABLES,NO_ZERO_IN_DATE,NO_ZERO_DATE,ERROR_FOR_DIVISION_BY_ZERO,TRADITIONAL,NO_ENGINE_SUBSTITUTION _check_effective_sql_mode /usr/lib/python3/dist-packages/oslo_db/sqlalchemy/engines.py:314
2025-05-01 00:39:03.581 126904 DEBUG nova.scheduler.host_manager [req-785a47e6-668d-44dc-b15e-3a297437d7c2 - - - - -] Found 1 cells: 8c2ebfc8-4df8-474c-8859-71993a5d8878 refresh_cells_caches /usr/lib/python3/dist-packages/nova/scheduler/host_manager.py:730
2025-05-01 00:39:03.582 126904 DEBUG nova.scheduler.host_manager [req-785a47e6-668d-44dc-b15e-3a297437d7c2 - - - - -] Found 0 disabled cells: refresh_cells_caches /usr/lib/python3/dist-packages/nova/scheduler/host_manager.py:742
2025-05-01 00:39:03.587 126904 WARNING nova.scheduler.filters.availability_zone_filter [req-785a47e6-668d-44dc-b15e-3a297437d7c2 - - - - -] The 'AvailabilityZoneFilter' is deprecated since the 24.0.0 (Xena) release. Since the 18.0.0 (Rocky) release, nova has supported mapping AZs to placement aggregates. The feature is enabled by the 'query_placement_for_availability_zone' config option and is now enabled by default. As such, the 'AvailabilityZoneFilter' is no longer required. Nova is currently configured to use both placement and the AvailabilityZoneFilter for AZ enforcement.
2025-05-01 00:39:03.679 126904 DEBUG nova.scheduler.host_manager [req-785a47e6-668d-44dc-b15e-3a297437d7c2 - - - - -] START:_async_init_instance_info _async_init_instance_info /usr/lib/python3/dist-packages/nova/scheduler/host_manager.py:411
2025-05-01 00:39:03.681 126904 DEBUG oslo_concurrency.lockutils [req-6aef45ef-3d4c-48f3-9218-0218a8dde1dd - - - - -] Lock "8c2ebfc8-4df8-474c-8859-71993a5d8878" acquired by "nova.context.set_target_cell..get_or_set_cached_cell_and_set_connections" :: waited 0.000s inner /usr/lib/python3/dist-packages/oslo_concurrency/lockutils.py:386
2025-05-01 00:39:03.683 126904 DEBUG oslo_concurrency.lockutils [req-6aef45ef-3d4c-48f3-9218-0218a8dde1dd - - - - -] Lock "8c2ebfc8-4df8-474c-8859-71993a5d8878" "released" by "nova.context.set_target_cell..get_or_set_cached_cell_and_set_connections" :: held 0.002s inner /usr/lib/python3/dist-packages/oslo_concurrency/lockutils.py:400
2025-05-01 00:39:03.689 126904 DEBUG oslo_db.sqlalchemy.engines [req-6aef45ef-3d4c-48f3-9218-0218a8dde1dd - - - - -] MySQL server mode set to STRICT_TRANS_TABLES,STRICT_ALL_TABLES,NO_ZERO_IN_DATE,NO_ZERO_DATE,ERROR_FOR_DIVISION_BY_ZERO,TRADITIONAL,NO_ENGINE_SUBSTITUTION _check_effective_sql_mode /usr/lib/python3/dist-packages/oslo_db/sqlalchemy/engines.py:314
2025-05-01 00:39:03.701 126904 DEBUG nova.scheduler.host_manager [req-6aef45ef-3d4c-48f3-9218-0218a8dde1dd - - - - -] Total number of compute nodes: 0 _async_init_instance_info /usr/lib/python3/dist-packages/nova/scheduler/host_manager.py:424
2025-05-01 00:39:03.702 126904 DEBUG oslo_concurrency.lockutils [req-6aef45ef-3d4c-48f3-9218-0218a8dde1dd - - - - -] Lock "8c2ebfc8-4df8-474c-8859-71993a5d8878" acquired by "nova.context.set_target_cell..get_or_set_cached_cell_and_set_connections" :: waited 0.000s inner /usr/lib/python3/dist-packages/oslo_concurrency/lockutils.py:386
2025-05-01 00:39:03.702 126904 DEBUG oslo_concurrency.lockutils [req-6aef45ef-3d4c-48f3-9218-0218a8dde1dd - - - - -] Lock "8c2ebfc8-4df8-474c-8859-71993a5d8878" "released" by "nova.context.set_target_cell..get_or_set_cached_cell_and_set_connections" :: held 0.000s inner /usr/lib/python3/dist-packages/oslo_concurrency/lockutils.py:400
2025-05-01 00:39:03.755 126904 DEBUG nova.scheduler.host_manager [req-6aef45ef-3d4c-48f3-9218-0218a8dde1dd - - - - -] Adding 0 instances for hosts 10-20 _async_init_instance_info /usr/lib/python3/dist-packages/nova/scheduler/host_manager.py:443
2025-05-01 00:39:03.755 126904 DEBUG nova.scheduler.host_manager [req-6aef45ef-3d4c-48f3-9218-0218a8dde1dd - - - - -] END:_async_init_instance_info _async_init_instance_info /usr/lib/python3/dist-packages/nova/scheduler/host_manager.py:454
2025-05-01 00:39:05.428 126904 DEBUG nova.context [req-785a47e6-668d-44dc-b15e-3a297437d7c2 - - - - -] Found 2 cells: 00000000-0000-0000-0000-000000000000(cell0),8c2ebfc8-4df8-474c-8859-71993a5d8878(cell1) load_cells /usr/lib/python3/dist-packages/nova/context.py:464
2025-05-01 00:39:05.429 126904 DEBUG oslo_concurrency.lockutils [req-c6637204-6c85-4e9e-abe8-973c9aa1ce34 - - - - -] Lock "00000000-0000-0000-0000-000000000000" acquired by "nova.context.set_target_cell..get_or_set_cached_cell_and_set_connections" :: waited 0.000s inner /usr/lib/python3/dist-packages/oslo_concurrency/lockutils.py:386
2025-05-01 00:39:05.430 126904 DEBUG oslo_concurrency.lockutils [req-c6637204-6c85-4e9e-abe8-973c9aa1ce34 - - - - -] Lock "00000000-0000-0000-0000-000000000000" "released" by "nova.context.set_target_cell..get_or_set_cached_cell_and_set_connections" :: held 0.001s inner /usr/lib/python3/dist-packages/oslo_concurrency/lockutils.py:400
2025-05-01 00:39:05.431 126904 DEBUG oslo_concurrency.lockutils [req-c6637204-6c85-4e9e-abe8-973c9aa1ce34 - - - - -] Lock "8c2ebfc8-4df8-474c-8859-71993a5d8878" acquired by "nova.context.set_target_cell..get_or_set_cached_cell_and_set_connections" :: waited 0.000s inner /usr/lib/python3/dist-packages/oslo_concurrency/lockutils.py:386
2025-05-01 00:39:05.431 126904 DEBUG oslo_concurrency.lockutils [req-c6637204-6c85-4e9e-abe8-973c9aa1ce34 - - - - -] Lock "8c2ebfc8-4df8-474c-8859-71993a5d8878" "released" by "nova.context.set_target_cell..get_or_set_cached_cell_and_set_connections" :: held 0.000s inner /usr/lib/python3/dist-packages/oslo_concurrency/lockutils.py:400
2025-05-01 00:39:05.440 126904 DEBUG oslo_db.sqlalchemy.engines [req-c6637204-6c85-4e9e-abe8-973c9aa1ce34 - - - - -] MySQL server mode set to STRICT_TRANS_TABLES,STRICT_ALL_TABLES,NO_ZERO_IN_DATE,NO_ZERO_DATE,ERROR_FOR_DIVISION_BY_ZERO,TRADITIONAL,NO_ENGINE_SUBSTITUTION _check_effective_sql_mode /usr/lib/python3/dist-packages/oslo_db/sqlalchemy/engines.py:314
2025-05-01 00:39:05.449 126904 DEBUG oslo_concurrency.lockutils [req-c6637204-6c85-4e9e-abe8-973c9aa1ce34 - - - - -] Acquired lock "singleton_lock" lock /usr/lib/python3/dist-packages/oslo_concurrency/lockutils.py:294
2025-05-01 00:39:05.450 126904 DEBUG oslo_concurrency.lockutils [req-c6637204-6c85-4e9e-abe8-973c9aa1ce34 - - - - -] Releasing lock "singleton_lock" lock /usr/lib/python3/dist-packages/oslo_concurrency/lockutils.py:312
2025-05-01 00:39:05.451 126904 INFO oslo_service.service [req-c6637204-6c85-4e9e-abe8-973c9aa1ce34 - - - - -] Starting 4 workers
2025-05-01 00:39:05.455 126904 DEBUG oslo_service.service [req-c6637204-6c85-4e9e-abe8-973c9aa1ce34 - - - - -] Started child 127645 _start_child /usr/lib/python3/dist-packages/oslo_service/service.py:575
2025-05-01 00:39:05.460 127645 INFO nova.service [-] Starting scheduler node (version 25.2.1)
2025-05-01 00:39:05.461 126904 DEBUG oslo_service.service [req-c6637204-6c85-4e9e-abe8-973c9aa1ce34 - - - - -] Started child 127651 _start_child /usr/lib/python3/dist-packages/oslo_service/service.py:575
2025-05-01 00:39:05.466 127651 INFO nova.service [-] Starting scheduler node (version 25.2.1)
2025-05-01 00:39:05.466 126904 DEBUG oslo_service.service [req-c6637204-6c85-4e9e-abe8-973c9aa1ce34 - - - - -] Started child 127652 _start_child /usr/lib/python3/dist-packages/oslo_service/service.py:575
2025-05-01 00:39:05.472 127652 INFO nova.service [-] Starting scheduler node (version 25.2.1)
2025-05-01 00:39:05.473 127645 DEBUG oslo_db.sqlalchemy.engines [req-556fb253-bd07-44c9-9b59-bd51b6d5c24c - - - - -] MySQL server mode set to STRICT_TRANS_TABLES,STRICT_ALL_TABLES,NO_ZERO_IN_DATE,NO_ZERO_DATE,ERROR_FOR_DIVISION_BY_ZERO,TRADITIONAL,NO_ENGINE_SUBSTITUTION _check_effective_sql_mode /usr/lib/python3/dist-packages/oslo_db/sqlalchemy/engines.py:314
2025-05-01 00:39:05.472 126904 DEBUG oslo_service.service [req-c6637204-6c85-4e9e-abe8-973c9aa1ce34 - - - - -] Started child 127653 _start_child /usr/lib/python3/dist-packages/oslo_service/service.py:575
2025-05-01 00:39:05.474 126904 DEBUG oslo_service.service [req-c6637204-6c85-4e9e-abe8-973c9aa1ce34 - - - - -] Full set of CONF: wait /usr/lib/python3/dist-packages/oslo_service/service.py:649
2025-05-01 00:39:05.475 126904 DEBUG oslo_service.service [req-c6637204-6c85-4e9e-abe8-973c9aa1ce34 - - - - -] ******************************************************************************** log_opt_values /usr/lib/python3/dist-packages/oslo_config/cfg.py:2589
2025-05-01 00:39:05.475 126904 DEBUG oslo_service.service [req-c6637204-6c85-4e9e-abe8-973c9aa1ce34 - - - - -] Configuration options gathered from: log_opt_values /usr/lib/python3/dist-packages/oslo_config/cfg.py:2590
2025-05-01 00:39:05.475 126904 DEBUG oslo_service.service [req-c6637204-6c85-4e9e-abe8-973c9aa1ce34 - - - - -] command line args: ['--config-file=/etc/nova/nova.conf', '--log-file=/var/log/nova/nova-scheduler.log'] log_opt_values /usr/lib/python3/dist-packages/oslo_config/cfg.py:2591
2025-05-01 00:39:05.476 126904 DEBUG oslo_service.service [req-c6637204-6c85-4e9e-abe8-973c9aa1ce34 - - - - -] config files: ['/etc/nova/nova.conf'] log_opt_values /usr/lib/python3/dist-packages/oslo_config/cfg.py:2592
2025-05-01 00:39:05.476 126904 DEBUG oslo_service.service [req-c6637204-6c85-4e9e-abe8-973c9aa1ce34 - - - - -] ================================================================================ log_opt_values /usr/lib/python3/dist-packages/oslo_config/cfg.py:2594
2025-05-01 00:39:05.477 127653 INFO nova.service [-] Starting scheduler node (version 25.2.1)
2025-05-01 00:39:05.479 127651 DEBUG oslo_db.sqlalchemy.engines [req-849f3ad2-f56b-4db0-9dbf-62a8696a3f4e - - - - -] MySQL server mode set to STRICT_TRANS_TABLES,STRICT_ALL_TABLES,NO_ZERO_IN_DATE,NO_ZERO_DATE,ERROR_FOR_DIVISION_BY_ZERO,TRADITIONAL,NO_ENGINE_SUBSTITUTION _check_effective_sql_mode /usr/lib/python3/dist-packages/oslo_db/sqlalchemy/engines.py:314
2025-05-01 00:39:05.478 126904 DEBUG oslo_service.service [req-c6637204-6c85-4e9e-abe8-973c9aa1ce34 - - - - -] allow_resize_to_same_host = False log_opt_values /usr/lib/python3/dist-packages/oslo_config/cfg.py:2602
2025-05-01 00:39:05.483 126904 DEBUG oslo_service.service [req-c6637204-6c85-4e9e-abe8-973c9aa1ce34 - - - - -] arq_binding_timeout = 300 log_opt_values /usr/lib/python3/dist-packages/oslo_config/cfg.py:2602
2025-05-01 00:39:05.483 126904 DEBUG oslo_service.service [req-c6637204-6c85-4e9e-abe8-973c9aa1ce34 - - - - -] block_device_allocate_retries = 60 log_opt_values /usr/lib/python3/dist-packages/oslo_config/cfg.py:2602
2025-05-01 00:39:05.483 126904 DEBUG oslo_service.service [req-c6637204-6c85-4e9e-abe8-973c9aa1ce34 - - - - -] block_device_allocate_retries_interval = 3 log_opt_values /usr/lib/python3/dist-packages/oslo_config/cfg.py:2602
2025-05-01 00:39:05.484 126904 DEBUG oslo_service.service [req-c6637204-6c85-4e9e-abe8-973c9aa1ce34 - - - - -] cert = self.pem log_opt_values /usr/lib/python3/dist-packages/oslo_config/cfg.py:2602
2025-05-01 00:39:05.484 126904 DEBUG oslo_service.service [req-c6637204-6c85-4e9e-abe8-973c9aa1ce34 - - - - -] compute_driver = libvirt.LibvirtDriver log_opt_values /usr/lib/python3/dist-packages/oslo_config/cfg.py:2602
2025-05-01 00:39:05.484 126904 DEBUG oslo_service.service [req-c6637204-6c85-4e9e-abe8-973c9aa1ce34 - - - - -] compute_monitors = [] log_opt_values /usr/lib/python3/dist-packages/oslo_config/cfg.py:2602
2025-05-01 00:39:05.484 126904 DEBUG oslo_service.service [req-c6637204-6c85-4e9e-abe8-973c9aa1ce34 - - - - -] config_dir = [] log_opt_values /usr/lib/python3/dist-packages/oslo_config/cfg.py:2602
