2025-05-01 00:37:51.551 121055 DEBUG oslo_service.service [req-6cdf909f-7730-40ea-bfc9-9313291d1a37 - - - - -] rootwrap_config = /etc/nova/rootwrap.conf log_opt_values /usr/lib/python3/dist-packages/oslo_config/cfg.py:2602
2025-05-01 00:37:51.554 121055 DEBUG oslo_service.service [req-6cdf909f-7730-40ea-bfc9-9313291d1a37 - - - - -] run_external_periodic_tasks = True log_opt_values /usr/lib/python3/dist-packages/oslo_config/cfg.py:2602
2025-05-01 00:37:51.555 122586 DEBUG oslo_db.sqlalchemy.engines [req-49c96fd0-c07b-4d36-a2b9-d2b44bc6b864 - - - - -] MySQL server mode set to STRICT_TRANS_TABLES,STRICT_ALL_TABLES,NO_ZERO_IN_DATE,NO_ZERO_DATE,ERROR_FOR_DIVISION_BY_ZERO,TRADITIONAL,NO_ENGINE_SUBSTITUTION _check_effective_sql_mode /usr/lib/python3/dist-packages/oslo_db/sqlalchemy/engines.py:314
2025-05-01 00:37:51.556 121055 DEBUG oslo_service.service [req-6cdf909f-7730-40ea-bfc9-9313291d1a37 - - - - -] running_deleted_instance_action = reap log_opt_values /usr/lib/python3/dist-packages/oslo_config/cfg.py:2602
2025-05-01 00:37:51.557 121055 DEBUG oslo_service.service [req-6cdf909f-7730-40ea-bfc9-9313291d1a37 - - - - -] running_deleted_instance_poll_interval = 1800 log_opt_values /usr/lib/python3/dist-packages/oslo_config/cfg.py:2602
2025-05-01 00:37:51.557 121055 DEBUG oslo_service.service [req-6cdf909f-7730-40ea-bfc9-9313291d1a37 - - - - -] running_deleted_instance_timeout = 0 log_opt_values /usr/lib/python3/dist-packages/oslo_config/cfg.py:2602
2025-05-01 00:37:51.557 121055 DEBUG oslo_service.service [req-6cdf909f-7730-40ea-bfc9-9313291d1a37 - - - - -] scheduler_instance_sync_interval = 120 log_opt_values /usr/lib/python3/dist-packages/oslo_config/cfg.py:2602
2025-05-01 00:37:51.557 121055 DEBUG oslo_service.service [req-6cdf909f-7730-40ea-bfc9-9313291d1a37 - - - - -] service_down_time = 60 log_opt_values /usr/lib/python3/dist-packages/oslo_config/cfg.py:2602
2025-05-01 00:37:51.557 121055 DEBUG oslo_service.service [req-6cdf909f-7730-40ea-bfc9-9313291d1a37 - - - - -] servicegroup_driver = db log_opt_values /usr/lib/python3/dist-packages/oslo_config/cfg.py:2602
2025-05-01 00:37:51.559 121055 DEBUG oslo_service.service [req-6cdf909f-7730-40ea-bfc9-9313291d1a37 - - - - -] shelved_offload_time = 0 log_opt_values /usr/lib/python3/dist-packages/oslo_config/cfg.py:2602
2025-05-01 00:37:51.559 121055 DEBUG oslo_service.service [req-6cdf909f-7730-40ea-bfc9-9313291d1a37 - - - - -] shelved_poll_interval = 3600 log_opt_values /usr/lib/python3/dist-packages/oslo_config/cfg.py:2602
2025-05-01 00:37:51.567 122579 DEBUG nova.service [req-61229993-87e1-4596-ab9b-41b1135b58cb - - - - -] Creating RPC server for service scheduler start /usr/lib/python3/dist-packages/nova/service.py:182
2025-05-01 00:37:51.570 121055 DEBUG oslo_service.service [req-6cdf909f-7730-40ea-bfc9-9313291d1a37 - - - - -] shutdown_timeout = 60 log_opt_values /usr/lib/python3/dist-packages/oslo_config/cfg.py:2602
2025-05-01 00:37:51.573 122593 DEBUG nova.service [req-85736d31-4cf2-402a-8441-8b87015ac97e - - - - -] Creating RPC server for service scheduler start /usr/lib/python3/dist-packages/nova/service.py:182
2025-05-01 00:37:51.574 121055 DEBUG oslo_service.service [req-6cdf909f-7730-40ea-bfc9-9313291d1a37 - - - - -] source_is_ipv6 = False log_opt_values /usr/lib/python3/dist-packages/oslo_config/cfg.py:2602
2025-05-01 00:37:51.575 121055 DEBUG oslo_service.service [req-6cdf909f-7730-40ea-bfc9-9313291d1a37 - - - - -] ssl_only = False log_opt_values /usr/lib/python3/dist-packages/oslo_config/cfg.py:2602
2025-05-01 00:37:51.575 121055 DEBUG oslo_service.service [req-6cdf909f-7730-40ea-bfc9-9313291d1a37 - - - - -] state_path = /var/lib/nova log_opt_values /usr/lib/python3/dist-packages/oslo_config/cfg.py:2602
2025-05-01 00:37:51.576 121055 DEBUG oslo_service.service [req-6cdf909f-7730-40ea-bfc9-9313291d1a37 - - - - -] sync_power_state_interval = 600 log_opt_values /usr/lib/python3/dist-packages/oslo_config/cfg.py:2602
2025-05-01 00:37:51.576 121055 DEBUG oslo_service.service [req-6cdf909f-7730-40ea-bfc9-9313291d1a37 - - - - -] sync_power_state_pool_size = 1000 log_opt_values /usr/lib/python3/dist-packages/oslo_config/cfg.py:2602
2025-05-01 00:37:51.578 121055 DEBUG oslo_service.service [req-6cdf909f-7730-40ea-bfc9-9313291d1a37 - - - - -] syslog_log_facility = LOG_USER log_opt_values /usr/lib/python3/dist-packages/oslo_config/cfg.py:2602
2025-05-01 00:37:51.579 122580 DEBUG nova.service [req-ecd72cfc-a694-410c-bafb-6101f56914d9 - - - - -] Creating RPC server for service scheduler start /usr/lib/python3/dist-packages/nova/service.py:182
2025-05-01 00:37:51.580 121055 DEBUG oslo_service.service [req-6cdf909f-7730-40ea-bfc9-9313291d1a37 - - - - -] tempdir = None log_opt_values /usr/lib/python3/dist-packages/oslo_config/cfg.py:2602
2025-05-01 00:37:51.581 121055 DEBUG oslo_service.service [req-6cdf909f-7730-40ea-bfc9-9313291d1a37 - - - - -] timeout_nbd = 10 log_opt_values /usr/lib/python3/dist-packages/oslo_config/cfg.py:2602
2025-05-01 00:37:51.581 121055 DEBUG oslo_service.service [req-6cdf909f-7730-40ea-bfc9-9313291d1a37 - - - - -] transport_url = **** log_opt_values /usr/lib/python3/dist-packages/oslo_config/cfg.py:2602
2025-05-01 00:37:51.584 121055 DEBUG oslo_service.service [req-6cdf909f-7730-40ea-bfc9-9313291d1a37 - - - - -] update_resources_interval = 0 log_opt_values /usr/lib/python3/dist-packages/oslo_config/cfg.py:2602
2025-05-01 00:37:51.585 121055 DEBUG oslo_service.service [req-6cdf909f-7730-40ea-bfc9-9313291d1a37 - - - - -] use_cow_images = True log_opt_values /usr/lib/python3/dist-packages/oslo_config/cfg.py:2602
2025-05-01 00:37:51.587 121055 DEBUG oslo_service.service [req-6cdf909f-7730-40ea-bfc9-9313291d1a37 - - - - -] use_eventlog = False log_opt_values /usr/lib/python3/dist-packages/oslo_config/cfg.py:2602
2025-05-01 00:37:51.587 121055 DEBUG oslo_service.service [req-6cdf909f-7730-40ea-bfc9-9313291d1a37 - - - - -] use_journal = False log_opt_values /usr/lib/python3/dist-packages/oslo_config/cfg.py:2602
2025-05-01 00:37:51.589 121055 DEBUG oslo_service.service [req-6cdf909f-7730-40ea-bfc9-9313291d1a37 - - - - -] use_json = False log_opt_values /usr/lib/python3/dist-packages/oslo_config/cfg.py:2602
2025-05-01 00:37:51.589 121055 DEBUG oslo_service.service [req-6cdf909f-7730-40ea-bfc9-9313291d1a37 - - - - -] use_rootwrap_daemon = False log_opt_values /usr/lib/python3/dist-packages/oslo_config/cfg.py:2602
2025-05-01 00:37:51.589 121055 DEBUG oslo_service.service [req-6cdf909f-7730-40ea-bfc9-9313291d1a37 - - - - -] use_stderr = False log_opt_values /usr/lib/python3/dist-packages/oslo_config/cfg.py:2602
2025-05-01 00:37:51.589 121055 DEBUG oslo_service.service [req-6cdf909f-7730-40ea-bfc9-9313291d1a37 - - - - -] use_syslog = False log_opt_values /usr/lib/python3/dist-packages/oslo_config/cfg.py:2602
2025-05-01 00:37:51.590 121055 DEBUG oslo_service.service [req-6cdf909f-7730-40ea-bfc9-9313291d1a37 - - - - -] vcpu_pin_set = None log_opt_values /usr/lib/python3/dist-packages/oslo_config/cfg.py:2602
2025-05-01 00:37:51.590 121055 DEBUG oslo_service.service [req-6cdf909f-7730-40ea-bfc9-9313291d1a37 - - - - -] vif_plugging_is_fatal = True log_opt_values /usr/lib/python3/dist-packages/oslo_config/cfg.py:2602
2025-05-01 00:37:51.591 121055 DEBUG oslo_service.service [req-6cdf909f-7730-40ea-bfc9-9313291d1a37 - - - - -] vif_plugging_timeout = 300 log_opt_values /usr/lib/python3/dist-packages/oslo_config/cfg.py:2602
2025-05-01 00:37:51.591 121055 DEBUG oslo_service.service [req-6cdf909f-7730-40ea-bfc9-9313291d1a37 - - - - -] virt_mkfs = [] log_opt_values /usr/lib/python3/dist-packages/oslo_config/cfg.py:2602
2025-05-01 00:37:51.592 121055 DEBUG oslo_service.service [req-6cdf909f-7730-40ea-bfc9-9313291d1a37 - - - - -] volume_usage_poll_interval = 0 log_opt_values /usr/lib/python3/dist-packages/oslo_config/cfg.py:2602
2025-05-01 00:37:51.592 121055 DEBUG oslo_service.service [req-6cdf909f-7730-40ea-bfc9-9313291d1a37 - - - - -] watch_log_file = False log_opt_values /usr/lib/python3/dist-packages/oslo_config/cfg.py:2602
2025-05-01 00:37:51.592 121055 DEBUG oslo_service.service [req-6cdf909f-7730-40ea-bfc9-9313291d1a37 - - - - -] web = /usr/share/spice-html5 log_opt_values /usr/lib/python3/dist-packages/oslo_config/cfg.py:2602
2025-05-01 00:37:51.592 121055 DEBUG oslo_service.service [req-6cdf909f-7730-40ea-bfc9-9313291d1a37 - - - - -] oslo_concurrency.disable_process_locking = False log_opt_values /usr/lib/python3/dist-packages/oslo_config/cfg.py:2609
2025-05-01 00:37:51.593 121055 DEBUG oslo_service.service [req-6cdf909f-7730-40ea-bfc9-9313291d1a37 - - - - -] oslo_concurrency.lock_path = /var/lock/nova log_opt_values /usr/lib/python3/dist-packages/oslo_config/cfg.py:2609
2025-05-01 00:37:51.593 121055 WARNING oslo_config.cfg [req-6cdf909f-7730-40ea-bfc9-9313291d1a37 - - - - -] Deprecated: Option "auth_strategy" from group "api" is deprecated for removal ( The only non-default choice, ``noauth2``, is for internal development and testing purposes only and should not be used in deployments. This option and its middleware, NoAuthMiddleware[V2_18], will be removed in a future release. ). Its value may be silently ignored in the future.
2025-05-01 00:37:51.594 121055 DEBUG oslo_service.service [req-6cdf909f-7730-40ea-bfc9-9313291d1a37 - - - - -] api.auth_strategy = keystone log_opt_values /usr/lib/python3/dist-packages/oslo_config/cfg.py:2609
2025-05-01 00:37:51.594 121055 DEBUG oslo_service.service [req-6cdf909f-7730-40ea-bfc9-9313291d1a37 - - - - -] api.compute_link_prefix = None log_opt_values /usr/lib/python3/dist-packages/oslo_config/cfg.py:2609
2025-05-01 00:37:51.594 121055 DEBUG oslo_service.service [req-6cdf909f-7730-40ea-bfc9-9313291d1a37 - - - - -] api.config_drive_skip_versions = 1.0 2007-01-19 2007-03-01 2007-08-29 2007-10-10 2007-12-15 2008-02-01 2008-09-01 log_opt_values /usr/lib/python3/dist-packages/oslo_config/cfg.py:2609
2025-05-01 00:37:51.595 121055 DEBUG oslo_service.service [req-6cdf909f-7730-40ea-bfc9-9313291d1a37 - - - - -] api.dhcp_domain = novalocal log_opt_values /usr/lib/python3/dist-packages/oslo_config/cfg.py:2609
2025-05-01 00:37:51.595 121055 DEBUG oslo_service.service [req-6cdf909f-7730-40ea-bfc9-9313291d1a37 - - - - -] api.enable_instance_password = True log_opt_values /usr/lib/python3/dist-packages/oslo_config/cfg.py:2609
2025-05-01 00:37:51.595 121055 DEBUG oslo_service.service [req-6cdf909f-7730-40ea-bfc9-9313291d1a37 - - - - -] api.glance_link_prefix = None log_opt_values /usr/lib/python3/dist-packages/oslo_config/cfg.py:2609
2025-05-01 00:37:51.595 121055 DEBUG oslo_service.service [req-6cdf909f-7730-40ea-bfc9-9313291d1a37 - - - - -] api.instance_list_cells_batch_fixed_size = 100 log_opt_values /usr/lib/python3/dist-packages/oslo_config/cfg.py:2609
2025-05-01 00:37:51.596 121055 DEBUG oslo_service.service [req-6cdf909f-7730-40ea-bfc9-9313291d1a37 - - - - -] api.instance_list_cells_batch_strategy = distributed log_opt_values /usr/lib/python3/dist-packages/oslo_config/cfg.py:2609
2025-05-01 00:37:51.597 121055 DEBUG oslo_service.service [req-6cdf909f-7730-40ea-bfc9-9313291d1a37 - - - - -] api.instance_list_per_project_cells = False log_opt_values /usr/lib/python3/dist-packages/oslo_config/cfg.py:2609
2025-05-01 00:37:51.597 121055 DEBUG oslo_service.service [req-6cdf909f-7730-40ea-bfc9-9313291d1a37 - - - - -] api.list_records_by_skipping_down_cells = True log_opt_values /usr/lib/python3/dist-packages/oslo_config/cfg.py:2609
2025-05-01 00:37:51.597 121055 DEBUG oslo_service.service [req-6cdf909f-7730-40ea-bfc9-9313291d1a37 - - - - -] api.local_metadata_per_cell = False log_opt_values /usr/lib/python3/dist-packages/oslo_config/cfg.py:2609
2025-05-01 00:37:51.597 121055 DEBUG oslo_service.service [req-6cdf909f-7730-40ea-bfc9-9313291d1a37 - - - - -] api.max_limit = 1000 log_opt_values /usr/lib/python3/dist-packages/oslo_config/cfg.py:2609
2025-05-01 00:37:51.598 121055 DEBUG oslo_service.service [req-6cdf909f-7730-40ea-bfc9-9313291d1a37 - - - - -] api.metadata_cache_expiration = 15 log_opt_values /usr/lib/python3/dist-packages/oslo_config/cfg.py:2609
2025-05-01 00:37:51.598 121055 DEBUG oslo_service.service [req-6cdf909f-7730-40ea-bfc9-9313291d1a37 - - - - -] api.neutron_default_tenant_id = default log_opt_values /usr/lib/python3/dist-packages/oslo_config/cfg.py:2609
2025-05-01 00:37:51.598 121055 DEBUG oslo_service.service [req-6cdf909f-7730-40ea-bfc9-9313291d1a37 - - - - -] api.use_forwarded_for = False log_opt_values /usr/lib/python3/dist-packages/oslo_config/cfg.py:2609
2025-05-01 00:37:51.598 121055 DEBUG oslo_service.service [req-6cdf909f-7730-40ea-bfc9-9313291d1a37 - - - - -] api.use_neutron_default_nets = False log_opt_values /usr/lib/python3/dist-packages/oslo_config/cfg.py:2609
2025-05-01 00:37:51.599 121055 DEBUG oslo_service.service [req-6cdf909f-7730-40ea-bfc9-9313291d1a37 - - - - -] api.vendordata_dynamic_connect_timeout = 5 log_opt_values /usr/lib/python3/dist-packages/oslo_config/cfg.py:2609
2025-05-01 00:37:51.599 121055 DEBUG oslo_service.service [req-6cdf909f-7730-40ea-bfc9-9313291d1a37 - - - - -] api.vendordata_dynamic_failure_fatal = False log_opt_values /usr/lib/python3/dist-packages/oslo_config/cfg.py:2609
2025-05-01 00:37:51.599 121055 DEBUG oslo_service.service [req-6cdf909f-7730-40ea-bfc9-9313291d1a37 - - - - -] api.vendordata_dynamic_read_timeout = 5 log_opt_values /usr/lib/python3/dist-packages/oslo_config/cfg.py:2609
2025-05-01 00:37:51.600 121055 DEBUG oslo_service.service [req-6cdf909f-7730-40ea-bfc9-9313291d1a37 - - - - -] api.vendordata_dynamic_ssl_certfile = log_opt_values /usr/lib/python3/dist-packages/oslo_config/cfg.py:2609
2025-05-01 00:37:51.600 121055 DEBUG oslo_service.service [req-6cdf909f-7730-40ea-bfc9-9313291d1a37 - - - - -] api.vendordata_dynamic_targets = [] log_opt_values /usr/lib/python3/dist-packages/oslo_config/cfg.py:2609
2025-05-01 00:37:51.600 121055 DEBUG oslo_service.service [req-6cdf909f-7730-40ea-bfc9-9313291d1a37 - - - - -] api.vendordata_jsonfile_path = None log_opt_values /usr/lib/python3/dist-packages/oslo_config/cfg.py:2609
2025-05-01 00:37:51.601 121055 DEBUG oslo_service.service [req-6cdf909f-7730-40ea-bfc9-9313291d1a37 - - - - -] api.vendordata_providers = ['StaticJSON'] log_opt_values /usr/lib/python3/dist-packages/oslo_config/cfg.py:2609
2025-05-01 00:37:51.601 121055 DEBUG oslo_service.service [req-6cdf909f-7730-40ea-bfc9-9313291d1a37 - - - - -] cache.backend = dogpile.cache.null log_opt_values /usr/lib/python3/dist-packages/oslo_config/cfg.py:2609
2025-05-01 00:37:51.601 121055 DEBUG oslo_service.service [req-6cdf909f-7730-40ea-bfc9-9313291d1a37 - - - - -] cache.backend_argument = **** log_opt_values /usr/lib/python3/dist-packages/oslo_config/cfg.py:2609
2025-05-01 00:37:51.601 121055 DEBUG oslo_service.service [req-6cdf909f-7730-40ea-bfc9-9313291d1a37 - - - - -] cache.config_prefix = cache.oslo log_opt_values /usr/lib/python3/dist-packages/oslo_config/cfg.py:2609
2025-05-01 00:37:51.602 121055 DEBUG oslo_service.service [req-6cdf909f-7730-40ea-bfc9-9313291d1a37 - - - - -] cache.debug_cache_backend = False log_opt_values /usr/lib/python3/dist-packages/oslo_config/cfg.py:2609
2025-05-01 00:37:51.602 121055 DEBUG oslo_service.service [req-6cdf909f-7730-40ea-bfc9-9313291d1a37 - - - - -] cache.enabled = False log_opt_values /usr/lib/python3/dist-packages/oslo_config/cfg.py:2609
2025-05-01 00:37:51.602 121055 DEBUG oslo_service.service [req-6cdf909f-7730-40ea-bfc9-9313291d1a37 - - - - -] cache.expiration_time = 600 log_opt_values /usr/lib/python3/dist-packages/oslo_config/cfg.py:2609
2025-05-01 00:37:51.602 121055 DEBUG oslo_service.service [req-6cdf909f-7730-40ea-bfc9-9313291d1a37 - - - - -] cache.memcache_dead_retry = 300 log_opt_values /usr/lib/python3/dist-packages/oslo_config/cfg.py:2609
2025-05-01 00:37:51.602 121055 DEBUG oslo_service.service [req-6cdf909f-7730-40ea-bfc9-9313291d1a37 - - - - -] cache.memcache_pool_connection_get_timeout = 10 log_opt_values /usr/lib/python3/dist-packages/oslo_config/cfg.py:2609
2025-05-01 00:37:51.603 121055 DEBUG oslo_service.service [req-6cdf909f-7730-40ea-bfc9-9313291d1a37 - - - - -] cache.memcache_pool_flush_on_reconnect = False log_opt_values /usr/lib/python3/dist-packages/oslo_config/cfg.py:2609
2025-05-01 00:37:51.603 121055 DEBUG oslo_service.service [req-6cdf909f-7730-40ea-bfc9-9313291d1a37 - - - - -] cache.memcache_pool_maxsize = 10 log_opt_values /usr/lib/python3/dist-packages/oslo_config/cfg.py:2609
2025-05-01 00:37:51.603 122586 DEBUG nova.service [req-49c96fd0-c07b-4d36-a2b9-d2b44bc6b864 - - - - -] Creating RPC server for service scheduler start /usr/lib/python3/dist-packages/nova/service.py:182
2025-05-01 00:37:51.603 121055 DEBUG oslo_service.service [req-6cdf909f-7730-40ea-bfc9-9313291d1a37 - - - - -] cache.memcache_pool_unused_timeout = 60 log_opt_values /usr/lib/python3/dist-packages/oslo_config/cfg.py:2609
2025-05-01 00:37:51.604 121055 DEBUG oslo_service.service [req-6cdf909f-7730-40ea-bfc9-9313291d1a37 - - - - -] cache.memcache_servers = ['localhost:11211'] log_opt_values /usr/lib/python3/dist-packages/oslo_config/cfg.py:2609
2025-05-01 00:37:51.604 121055 DEBUG oslo_service.service [req-6cdf909f-7730-40ea-bfc9-9313291d1a37 - - - - -] cache.memcache_socket_timeout = 1.0 log_opt_values /usr/lib/python3/dist-packages/oslo_config/cfg.py:2609
2025-05-01 00:37:51.604 121055 DEBUG oslo_service.service [req-6cdf909f-7730-40ea-bfc9-9313291d1a37 - - - - -] cache.proxies = [] log_opt_values /usr/lib/python3/dist-packages/oslo_config/cfg.py:2609
2025-05-01 00:37:51.605 121055 DEBUG oslo_service.service [req-6cdf909f-7730-40ea-bfc9-9313291d1a37 - - - - -] cache.tls_allowed_ciphers = None log_opt_values /usr/lib/python3/dist-packages/oslo_config/cfg.py:2609
2025-05-01 00:37:51.605 121055 DEBUG oslo_service.service [req-6cdf909f-7730-40ea-bfc9-9313291d1a37 - - - - -] cache.tls_cafile = None log_opt_values /usr/lib/python3/dist-packages/oslo_config/cfg.py:2609
2025-05-01 00:37:51.605 121055 DEBUG oslo_service.service [req-6cdf909f-7730-40ea-bfc9-9313291d1a37 - - - - -] cache.tls_certfile = None log_opt_values /usr/lib/python3/dist-packages/oslo_config/cfg.py:2609
2025-05-01 00:37:51.605 121055 DEBUG oslo_service.service [req-6cdf909f-7730-40ea-bfc9-9313291d1a37 - - - - -] cache.tls_enabled = False log_opt_values /usr/lib/python3/dist-packages/oslo_config/cfg.py:2609
2025-05-01 00:37:51.605 121055 DEBUG oslo_service.service [req-6cdf909f-7730-40ea-bfc9-9313291d1a37 - - - - -] cache.tls_keyfile = None log_opt_values /usr/lib/python3/dist-packages/oslo_config/cfg.py:2609
2025-05-01 00:37:51.605 121055 DEBUG oslo_service.service [req-6cdf909f-7730-40ea-bfc9-9313291d1a37 - - - - -] cinder.auth_section = None log_opt_values /usr/lib/python3/dist-packages/oslo_config/cfg.py:2609
2025-05-01 00:37:51.606 121055 DEBUG oslo_service.service [req-6cdf909f-7730-40ea-bfc9-9313291d1a37 - - - - -] cinder.auth_type = None log_opt_values /usr/lib/python3/dist-packages/oslo_config/cfg.py:2609
2025-05-01 00:37:51.606 121055 DEBUG oslo_service.service [req-6cdf909f-7730-40ea-bfc9-9313291d1a37 - - - - -] cinder.cafile = None log_opt_values /usr/lib/python3/dist-packages/oslo_config/cfg.py:2609
2025-05-01 00:37:51.607 121055 DEBUG oslo_service.service [req-6cdf909f-7730-40ea-bfc9-9313291d1a37 - - - - -] cinder.catalog_info = volumev3::publicURL log_opt_values /usr/lib/python3/dist-packages/oslo_config/cfg.py:2609
2025-05-01 00:37:51.607 121055 DEBUG oslo_service.service [req-6cdf909f-7730-40ea-bfc9-9313291d1a37 - - - - -] cinder.certfile = None log_opt_values /usr/lib/python3/dist-packages/oslo_config/cfg.py:2609
2025-05-01 00:37:51.607 121055 DEBUG oslo_service.service [req-6cdf909f-7730-40ea-bfc9-9313291d1a37 - - - - -] cinder.collect_timing = False log_opt_values /usr/lib/python3/dist-packages/oslo_config/cfg.py:2609
2025-05-01 00:37:51.608 121055 DEBUG oslo_service.service [req-6cdf909f-7730-40ea-bfc9-9313291d1a37 - - - - -] cinder.cross_az_attach = True log_opt_values /usr/lib/python3/dist-packages/oslo_config/cfg.py:2609
2025-05-01 00:37:51.608 121055 DEBUG oslo_service.service [req-6cdf909f-7730-40ea-bfc9-9313291d1a37 - - - - -] cinder.debug = False log_opt_values /usr/lib/python3/dist-packages/oslo_config/cfg.py:2609
2025-05-01 00:37:51.608 121055 DEBUG oslo_service.service [req-6cdf909f-7730-40ea-bfc9-9313291d1a37 - - - - -] cinder.endpoint_template = None log_opt_values /usr/lib/python3/dist-packages/oslo_config/cfg.py:2609
2025-05-01 00:37:51.608 121055 DEBUG oslo_service.service [req-6cdf909f-7730-40ea-bfc9-9313291d1a37 - - - - -] cinder.http_retries = 3 log_opt_values /usr/lib/python3/dist-packages/oslo_config/cfg.py:2609
2025-05-01 00:37:51.609 121055 DEBUG oslo_service.service [req-6cdf909f-7730-40ea-bfc9-9313291d1a37 - - - - -] cinder.insecure = False log_opt_values /usr/lib/python3/dist-packages/oslo_config/cfg.py:2609
2025-05-01 00:37:51.609 121055 DEBUG oslo_service.service [req-6cdf909f-7730-40ea-bfc9-9313291d1a37 - - - - -] cinder.keyfile = None log_opt_values /usr/lib/python3/dist-packages/oslo_config/cfg.py:2609
2025-05-01 00:37:51.609 121055 DEBUG oslo_service.service [req-6cdf909f-7730-40ea-bfc9-9313291d1a37 - - - - -] cinder.os_region_name = None log_opt_values /usr/lib/python3/dist-packages/oslo_config/cfg.py:2609
2025-05-01 00:37:51.609 121055 DEBUG oslo_service.service [req-6cdf909f-7730-40ea-bfc9-9313291d1a37 - - - - -] cinder.split_loggers = False log_opt_values /usr/lib/python3/dist-packages/oslo_config/cfg.py:2609
2025-05-01 00:37:51.610 121055 DEBUG oslo_service.service [req-6cdf909f-7730-40ea-bfc9-9313291d1a37 - - - - -] cinder.timeout = None log_opt_values /usr/lib/python3/dist-packages/oslo_config/cfg.py:2609
2025-05-01 00:37:51.610 121055 DEBUG oslo_service.service [req-6cdf909f-7730-40ea-bfc9-9313291d1a37 - - - - -] compute.consecutive_build_service_disable_threshold = 10 log_opt_values /usr/lib/python3/dist-packages/oslo_config/cfg.py:2609
2025-05-01 00:37:51.610 121055 DEBUG oslo_service.service [req-6cdf909f-7730-40ea-bfc9-9313291d1a37 - - - - -] compute.cpu_dedicated_set = None log_opt_values /usr/lib/python3/dist-packages/oslo_config/cfg.py:2609
2025-05-01 00:37:51.610 121055 DEBUG oslo_service.service [req-6cdf909f-7730-40ea-bfc9-9313291d1a37 - - - - -] compute.cpu_shared_set = None log_opt_values /usr/lib/python3/dist-packages/oslo_config/cfg.py:2609
2025-05-01 00:37:51.611 121055 DEBUG oslo_service.service [req-6cdf909f-7730-40ea-bfc9-9313291d1a37 - - - - -] compute.image_type_exclude_list = [] log_opt_values /usr/lib/python3/dist-packages/oslo_config/cfg.py:2609
2025-05-01 00:37:51.611 122593 DEBUG oslo_messaging._drivers.amqpdriver [-] Listener is running poll /usr/lib/python3/dist-packages/oslo_messaging/_drivers/amqpdriver.py:343
2025-05-01 00:37:51.612 121055 DEBUG oslo_service.service [req-6cdf909f-7730-40ea-bfc9-9313291d1a37 - - - - -] compute.live_migration_wait_for_vif_plug = True log_opt_values /usr/lib/python3/dist-packages/oslo_config/cfg.py:2609
2025-05-01 00:37:51.612 122593 DEBUG oslo_messaging._drivers.amqpdriver [-] AMQPListener connection consume poll /usr/lib/python3/dist-packages/oslo_messaging/_drivers/amqpdriver.py:357
2025-05-01 00:37:51.612 121055 DEBUG oslo_service.service [req-6cdf909f-7730-40ea-bfc9-9313291d1a37 - - - - -] compute.max_concurrent_disk_ops = 0 log_opt_values /usr/lib/python3/dist-packages/oslo_config/cfg.py:2609
2025-05-01 00:37:51.612 121055 DEBUG oslo_service.service [req-6cdf909f-7730-40ea-bfc9-9313291d1a37 - - - - -] compute.max_disk_devices_to_attach = -1 log_opt_values /usr/lib/python3/dist-packages/oslo_config/cfg.py:2609
2025-05-01 00:37:51.613 121055 DEBUG oslo_service.service [req-6cdf909f-7730-40ea-bfc9-9313291d1a37 - - - - -] compute.packing_host_numa_cells_allocation_strategy = True log_opt_values /usr/lib/python3/dist-packages/oslo_config/cfg.py:2609
2025-05-01 00:37:51.613 121055 DEBUG oslo_service.service [req-6cdf909f-7730-40ea-bfc9-9313291d1a37 - - - - -] compute.provider_config_location = /etc/nova/provider_config/ log_opt_values /usr/lib/python3/dist-packages/oslo_config/cfg.py:2609
2025-05-01 00:37:51.613 121055 DEBUG oslo_service.service [req-6cdf909f-7730-40ea-bfc9-9313291d1a37 - - - - -] compute.resource_provider_association_refresh = 300 log_opt_values /usr/lib/python3/dist-packages/oslo_config/cfg.py:2609
2025-05-01 00:37:51.613 121055 DEBUG oslo_service.service [req-6cdf909f-7730-40ea-bfc9-9313291d1a37 - - - - -] compute.shutdown_retry_interval = 10 log_opt_values /usr/lib/python3/dist-packages/oslo_config/cfg.py:2609
2025-05-01 00:37:51.614 121055 DEBUG oslo_service.service [req-6cdf909f-7730-40ea-bfc9-9313291d1a37 - - - - -] compute.vmdk_allowed_types = ['streamOptimized', 'monolithicSparse'] log_opt_values /usr/lib/python3/dist-packages/oslo_config/cfg.py:2609
2025-05-01 00:37:51.614 121055 DEBUG oslo_service.service [req-6cdf909f-7730-40ea-bfc9-9313291d1a37 - - - - -] conductor.workers = 4 log_opt_values /usr/lib/python3/dist-packages/oslo_config/cfg.py:2609
2025-05-01 00:37:51.614 121055 DEBUG oslo_service.service [req-6cdf909f-7730-40ea-bfc9-9313291d1a37 - - - - -] console.allowed_origins = [] log_opt_values /usr/lib/python3/dist-packages/oslo_config/cfg.py:2609
2025-05-01 00:37:51.614 121055 DEBUG oslo_service.service [req-6cdf909f-7730-40ea-bfc9-9313291d1a37 - - - - -] console.ssl_ciphers = None log_opt_values /usr/lib/python3/dist-packages/oslo_config/cfg.py:2609
2025-05-01 00:37:51.614 121055 DEBUG oslo_service.service [req-6cdf909f-7730-40ea-bfc9-9313291d1a37 - - - - -] console.ssl_minimum_version = default log_opt_values /usr/lib/python3/dist-packages/oslo_config/cfg.py:2609
2025-05-01 00:37:51.615 121055 DEBUG oslo_service.service [req-6cdf909f-7730-40ea-bfc9-9313291d1a37 - - - - -] consoleauth.token_ttl = 600 log_opt_values /usr/lib/python3/dist-packages/oslo_config/cfg.py:2609
2025-05-01 00:37:51.615 121055 DEBUG oslo_service.service [req-6cdf909f-7730-40ea-bfc9-9313291d1a37 - - - - -] cyborg.cafile = None log_opt_values /usr/lib/python3/dist-packages/oslo_config/cfg.py:2609
2025-05-01 00:37:51.615 121055 DEBUG oslo_service.service [req-6cdf909f-7730-40ea-bfc9-9313291d1a37 - - - - -] cyborg.certfile = None log_opt_values /usr/lib/python3/dist-packages/oslo_config/cfg.py:2609
2025-05-01 00:37:51.615 121055 DEBUG oslo_service.service [req-6cdf909f-7730-40ea-bfc9-9313291d1a37 - - - - -] cyborg.collect_timing = False log_opt_values /usr/lib/python3/dist-packages/oslo_config/cfg.py:2609
2025-05-01 00:37:51.615 122593 DEBUG nova.service [req-85736d31-4cf2-402a-8441-8b87015ac97e - - - - -] Join ServiceGroup membership for this service scheduler start /usr/lib/python3/dist-packages/nova/service.py:199
2025-05-01 00:37:51.615 121055 DEBUG oslo_service.service [req-6cdf909f-7730-40ea-bfc9-9313291d1a37 - - - - -] cyborg.connect_retries = None log_opt_values /usr/lib/python3/dist-packages/oslo_config/cfg.py:2609
2025-05-01 00:37:51.615 122580 DEBUG oslo_messaging._drivers.amqpdriver [-] Listener is running poll /usr/lib/python3/dist-packages/oslo_messaging/_drivers/amqpdriver.py:343
2025-05-01 00:37:51.616 122580 DEBUG oslo_messaging._drivers.amqpdriver [-] AMQPListener connection consume poll /usr/lib/python3/dist-packages/oslo_messaging/_drivers/amqpdriver.py:357
2025-05-01 00:37:51.616 121055 DEBUG oslo_service.service [req-6cdf909f-7730-40ea-bfc9-9313291d1a37 - - - - -] cyborg.connect_retry_delay = None log_opt_values /usr/lib/python3/dist-packages/oslo_config/cfg.py:2609
2025-05-01 00:37:51.616 122593 DEBUG nova.servicegroup.drivers.db [req-85736d31-4cf2-402a-8441-8b87015ac97e - - - - -] DB_Driver: join new ServiceGroup member juju-03bea6-0-lxd-7 to the scheduler group, service = join /usr/lib/python3/dist-packages/nova/servicegroup/drivers/db.py:44
2025-05-01 00:37:51.616 121055 DEBUG oslo_service.service [req-6cdf909f-7730-40ea-bfc9-9313291d1a37 - - - - -] cyborg.endpoint_override = None log_opt_values /usr/lib/python3/dist-packages/oslo_config/cfg.py:2609
2025-05-01 00:37:51.616 121055 DEBUG oslo_service.service [req-6cdf909f-7730-40ea-bfc9-9313291d1a37 - - - - -] cyborg.insecure = False log_opt_values /usr/lib/python3/dist-packages/oslo_config/cfg.py:2609
2025-05-01 00:37:51.616 121055 DEBUG oslo_service.service [req-6cdf909f-7730-40ea-bfc9-9313291d1a37 - - - - -] cyborg.keyfile = None log_opt_values /usr/lib/python3/dist-packages/oslo_config/cfg.py:2609
2025-05-01 00:37:51.616 121055 DEBUG oslo_service.service [req-6cdf909f-7730-40ea-bfc9-9313291d1a37 - - - - -] cyborg.max_version = None log_opt_values /usr/lib/python3/dist-packages/oslo_config/cfg.py:2609
2025-05-01 00:37:51.617 121055 DEBUG oslo_service.service [req-6cdf909f-7730-40ea-bfc9-9313291d1a37 - - - - -] cyborg.min_version = None log_opt_values /usr/lib/python3/dist-packages/oslo_config/cfg.py:2609
2025-05-01 00:37:51.617 121055 DEBUG oslo_service.service [req-6cdf909f-7730-40ea-bfc9-9313291d1a37 - - - - -] cyborg.region_name = None log_opt_values /usr/lib/python3/dist-packages/oslo_config/cfg.py:2609
2025-05-01 00:37:51.617 121055 DEBUG oslo_service.service [req-6cdf909f-7730-40ea-bfc9-9313291d1a37 - - - - -] cyborg.service_name = None log_opt_values /usr/lib/python3/dist-packages/oslo_config/cfg.py:2609
2025-05-01 00:37:51.617 121055 DEBUG oslo_service.service [req-6cdf909f-7730-40ea-bfc9-9313291d1a37 - - - - -] cyborg.service_type = accelerator log_opt_values /usr/lib/python3/dist-packages/oslo_config/cfg.py:2609
2025-05-01 00:37:51.617 121055 DEBUG oslo_service.service [req-6cdf909f-7730-40ea-bfc9-9313291d1a37 - - - - -] cyborg.split_loggers = False log_opt_values /usr/lib/python3/dist-packages/oslo_config/cfg.py:2609
2025-05-01 00:37:51.617 121055 DEBUG oslo_service.service [req-6cdf909f-7730-40ea-bfc9-9313291d1a37 - - - - -] cyborg.status_code_retries = None log_opt_values /usr/lib/python3/dist-packages/oslo_config/cfg.py:2609
2025-05-01 00:37:51.618 121055 DEBUG oslo_service.service [req-6cdf909f-7730-40ea-bfc9-9313291d1a37 - - - - -] cyborg.status_code_retry_delay = None log_opt_values /usr/lib/python3/dist-packages/oslo_config/cfg.py:2609
2025-05-01 00:37:51.618 121055 DEBUG oslo_service.service [req-6cdf909f-7730-40ea-bfc9-9313291d1a37 - - - - -] cyborg.timeout = None log_opt_values /usr/lib/python3/dist-packages/oslo_config/cfg.py:2609
2025-05-01 00:37:51.618 121055 DEBUG oslo_service.service [req-6cdf909f-7730-40ea-bfc9-9313291d1a37 - - - - -] cyborg.valid_interfaces = ['internal', 'public'] log_opt_values /usr/lib/python3/dist-packages/oslo_config/cfg.py:2609
2025-05-01 00:37:51.618 121055 DEBUG oslo_service.service [req-6cdf909f-7730-40ea-bfc9-9313291d1a37 - - - - -] cyborg.version = None log_opt_values /usr/lib/python3/dist-packages/oslo_config/cfg.py:2609
2025-05-01 00:37:51.619 121055 DEBUG oslo_service.service [req-6cdf909f-7730-40ea-bfc9-9313291d1a37 - - - - -] database.backend = sqlalchemy log_opt_values /usr/lib/python3/dist-packages/oslo_config/cfg.py:2609
2025-05-01 00:37:51.619 121055 DEBUG oslo_service.service [req-6cdf909f-7730-40ea-bfc9-9313291d1a37 - - - - -] database.connection = **** log_opt_values /usr/lib/python3/dist-packages/oslo_config/cfg.py:2609
2025-05-01 00:37:51.619 121055 DEBUG oslo_service.service [req-6cdf909f-7730-40ea-bfc9-9313291d1a37 - - - - -] database.connection_debug = 0 log_opt_values /usr/lib/python3/dist-packages/oslo_config/cfg.py:2609
2025-05-01 00:37:51.619 121055 DEBUG oslo_service.service [req-6cdf909f-7730-40ea-bfc9-9313291d1a37 - - - - -] database.connection_parameters = log_opt_values /usr/lib/python3/dist-packages/oslo_config/cfg.py:2609
2025-05-01 00:37:51.618 122580 DEBUG nova.service [req-ecd72cfc-a694-410c-bafb-6101f56914d9 - - - - -] Join ServiceGroup membership for this service scheduler start /usr/lib/python3/dist-packages/nova/service.py:199
2025-05-01 00:37:51.620 121055 DEBUG oslo_service.service [req-6cdf909f-7730-40ea-bfc9-9313291d1a37 - - - - -] database.connection_recycle_time = 3600 log_opt_values /usr/lib/python3/dist-packages/oslo_config/cfg.py:2609
2025-05-01 00:37:51.620 121055 DEBUG oslo_service.service [req-6cdf909f-7730-40ea-bfc9-9313291d1a37 - - - - -] database.connection_trace = False log_opt_values /usr/lib/python3/dist-packages/oslo_config/cfg.py:2609
2025-05-01 00:37:51.620 122580 DEBUG nova.servicegroup.drivers.db [req-ecd72cfc-a694-410c-bafb-6101f56914d9 - - - - -] DB_Driver: join new ServiceGroup member juju-03bea6-0-lxd-7 to the scheduler group, service = join /usr/lib/python3/dist-packages/nova/servicegroup/drivers/db.py:44
2025-05-01 00:37:51.620 121055 DEBUG oslo_service.service [req-6cdf909f-7730-40ea-bfc9-9313291d1a37 - - - - -] database.db_inc_retry_interval = True log_opt_values /usr/lib/python3/dist-packages/oslo_config/cfg.py:2609
2025-05-01 00:37:51.620 121055 DEBUG oslo_service.service [req-6cdf909f-7730-40ea-bfc9-9313291d1a37 - - - - -] database.db_max_retries = 20 log_opt_values /usr/lib/python3/dist-packages/oslo_config/cfg.py:2609
2025-05-01 00:37:51.620 121055 DEBUG oslo_service.service [req-6cdf909f-7730-40ea-bfc9-9313291d1a37 - - - - -] database.db_max_retry_interval = 10 log_opt_values /usr/lib/python3/dist-packages/oslo_config/cfg.py:2609
2025-05-01 00:37:51.620 121055 DEBUG oslo_service.service [req-6cdf909f-7730-40ea-bfc9-9313291d1a37 - - - - -] database.db_retry_interval = 1 log_opt_values /usr/lib/python3/dist-packages/oslo_config/cfg.py:2609
2025-05-01 00:37:51.619 122593 DEBUG oslo_messaging._drivers.amqpdriver [-] AMQPListener connection timeout poll /usr/lib/python3/dist-packages/oslo_messaging/_drivers/amqpdriver.py:360
2025-05-01 00:37:51.621 121055 DEBUG oslo_service.service [req-6cdf909f-7730-40ea-bfc9-9313291d1a37 - - - - -] database.max_overflow = 50 log_opt_values /usr/lib/python3/dist-packages/oslo_config/cfg.py:2609
2025-05-01 00:37:51.621 122580 DEBUG oslo_messaging._drivers.amqpdriver [-] AMQPListener connection timeout poll /usr/lib/python3/dist-packages/oslo_messaging/_drivers/amqpdriver.py:360
2025-05-01 00:37:51.621 121055 DEBUG oslo_service.service [req-6cdf909f-7730-40ea-bfc9-9313291d1a37 - - - - -] database.max_pool_size = 4 log_opt_values /usr/lib/python3/dist-packages/oslo_config/cfg.py:2609
2025-05-01 00:37:51.621 122580 DEBUG oslo_messaging._drivers.amqpdriver [-] Listener is running poll /usr/lib/python3/dist-packages/oslo_messaging/_drivers/amqpdriver.py:343
2025-05-01 00:37:51.621 122580 DEBUG oslo_messaging._drivers.amqpdriver [-] AMQPListener connection consume poll /usr/lib/python3/dist-packages/oslo_messaging/_drivers/amqpdriver.py:357
2025-05-01 00:37:51.621 122593 DEBUG oslo_messaging._drivers.amqpdriver [-] Listener is running poll /usr/lib/python3/dist-packages/oslo_messaging/_drivers/amqpdriver.py:343
2025-05-01 00:37:51.621 121055 DEBUG oslo_service.service [req-6cdf909f-7730-40ea-bfc9-9313291d1a37 - - - - -] database.max_retries = 10 log_opt_values /usr/lib/python3/dist-packages/oslo_config/cfg.py:2609
2025-05-01 00:37:51.621 122593 DEBUG oslo_messaging._drivers.amqpdriver [-] AMQPListener connection consume poll /usr/lib/python3/dist-packages/oslo_messaging/_drivers/amqpdriver.py:357
2025-05-01 00:37:51.621 121055 DEBUG oslo_service.service [req-6cdf909f-7730-40ea-bfc9-9313291d1a37 - - - - -] database.mysql_enable_ndb = False log_opt_values /usr/lib/python3/dist-packages/oslo_config/cfg.py:2609
2025-05-01 00:37:51.621 121055 DEBUG oslo_service.service [req-6cdf909f-7730-40ea-bfc9-9313291d1a37 - - - - -] database.mysql_sql_mode = TRADITIONAL log_opt_values /usr/lib/python3/dist-packages/oslo_config/cfg.py:2609
2025-05-01 00:37:51.622 121055 DEBUG oslo_service.service [req-6cdf909f-7730-40ea-bfc9-9313291d1a37 - - - - -] database.pool_timeout = None log_opt_values /usr/lib/python3/dist-packages/oslo_config/cfg.py:2609
2025-05-01 00:37:51.622 121055 DEBUG oslo_service.service [req-6cdf909f-7730-40ea-bfc9-9313291d1a37 - - - - -] database.retry_interval = 10 log_opt_values /usr/lib/python3/dist-packages/oslo_config/cfg.py:2609
2025-05-01 00:37:51.622 121055 DEBUG oslo_service.service [req-6cdf909f-7730-40ea-bfc9-9313291d1a37 - - - - -] database.slave_connection = **** log_opt_values /usr/lib/python3/dist-packages/oslo_config/cfg.py:2609
2025-05-01 00:37:51.622 121055 DEBUG oslo_service.service [req-6cdf909f-7730-40ea-bfc9-9313291d1a37 - - - - -] database.sqlite_synchronous = True log_opt_values /usr/lib/python3/dist-packages/oslo_config/cfg.py:2609
2025-05-01 00:37:51.622 121055 DEBUG oslo_service.service [req-6cdf909f-7730-40ea-bfc9-9313291d1a37 - - - - -] database.use_db_reconnect = False log_opt_values /usr/lib/python3/dist-packages/oslo_config/cfg.py:2609
2025-05-01 00:37:51.622 122579 DEBUG oslo_messaging._drivers.amqpdriver [-] Listener is running poll /usr/lib/python3/dist-packages/oslo_messaging/_drivers/amqpdriver.py:343
2025-05-01 00:37:51.622 121055 DEBUG oslo_service.service [req-6cdf909f-7730-40ea-bfc9-9313291d1a37 - - - - -] api_database.backend = sqlalchemy log_opt_values /usr/lib/python3/dist-packages/oslo_config/cfg.py:2609
2025-05-01 00:37:51.623 122579 DEBUG oslo_messaging._drivers.amqpdriver [-] AMQPListener connection consume poll /usr/lib/python3/dist-packages/oslo_messaging/_drivers/amqpdriver.py:357
2025-05-01 00:37:51.623 121055 DEBUG oslo_service.service [req-6cdf909f-7730-40ea-bfc9-9313291d1a37 - - - - -] api_database.connection = **** log_opt_values /usr/lib/python3/dist-packages/oslo_config/cfg.py:2609
2025-05-01 00:37:51.623 121055 DEBUG oslo_service.service [req-6cdf909f-7730-40ea-bfc9-9313291d1a37 - - - - -] api_database.connection_debug = 0 log_opt_values /usr/lib/python3/dist-packages/oslo_config/cfg.py:2609
2025-05-01 00:37:51.623 121055 DEBUG oslo_service.service [req-6cdf909f-7730-40ea-bfc9-9313291d1a37 - - - - -] api_database.connection_parameters = log_opt_values /usr/lib/python3/dist-packages/oslo_config/cfg.py:2609
2025-05-01 00:37:51.623 121055 DEBUG oslo_service.service [req-6cdf909f-7730-40ea-bfc9-9313291d1a37 - - - - -] api_database.connection_recycle_time = 3600 log_opt_values /usr/lib/python3/dist-packages/oslo_config/cfg.py:2609
2025-05-01 00:37:51.623 122579 DEBUG nova.service [req-61229993-87e1-4596-ab9b-41b1135b58cb - - - - -] Join ServiceGroup membership for this service scheduler start /usr/lib/python3/dist-packages/nova/service.py:199
2025-05-01 00:37:51.623 122579 DEBUG nova.servicegroup.drivers.db [req-61229993-87e1-4596-ab9b-41b1135b58cb - - - - -] DB_Driver: join new ServiceGroup member juju-03bea6-0-lxd-7 to the scheduler group, service = join /usr/lib/python3/dist-packages/nova/servicegroup/drivers/db.py:44
2025-05-01 00:37:51.623 121055 DEBUG oslo_service.service [req-6cdf909f-7730-40ea-bfc9-9313291d1a37 - - - - -] api_database.connection_trace = False log_opt_values /usr/lib/python3/dist-packages/oslo_config/cfg.py:2609
2025-05-01 00:37:51.624 121055 DEBUG oslo_service.service [req-6cdf909f-7730-40ea-bfc9-9313291d1a37 - - - - -] api_database.db_inc_retry_interval = True log_opt_values /usr/lib/python3/dist-packages/oslo_config/cfg.py:2609
2025-05-01 00:37:51.624 121055 DEBUG oslo_service.service [req-6cdf909f-7730-40ea-bfc9-9313291d1a37 - - - - -] api_database.db_max_retries = 20 log_opt_values /usr/lib/python3/dist-packages/oslo_config/cfg.py:2609
2025-05-01 00:37:51.624 121055 DEBUG oslo_service.service [req-6cdf909f-7730-40ea-bfc9-9313291d1a37 - - - - -] api_database.db_max_retry_interval = 10 log_opt_values /usr/lib/python3/dist-packages/oslo_config/cfg.py:2609
2025-05-01 00:37:51.624 121055 DEBUG oslo_service.service [req-6cdf909f-7730-40ea-bfc9-9313291d1a37 - - - - -] api_database.db_retry_interval = 1 log_opt_values /usr/lib/python3/dist-packages/oslo_config/cfg.py:2609
2025-05-01 00:37:51.624 121055 DEBUG oslo_service.service [req-6cdf909f-7730-40ea-bfc9-9313291d1a37 - - - - -] api_database.max_overflow = 50 log_opt_values /usr/lib/python3/dist-packages/oslo_config/cfg.py:2609
2025-05-01 00:37:51.625 121055 DEBUG oslo_service.service [req-6cdf909f-7730-40ea-bfc9-9313291d1a37 - - - - -] api_database.max_pool_size = 4 log_opt_values /usr/lib/python3/dist-packages/oslo_config/cfg.py:2609
2025-05-01 00:37:51.625 121055 DEBUG oslo_service.service [req-6cdf909f-7730-40ea-bfc9-9313291d1a37 - - - - -] api_database.max_retries = 10 log_opt_values /usr/lib/python3/dist-packages/oslo_config/cfg.py:2609
2025-05-01 00:37:51.625 121055 DEBUG oslo_service.service [req-6cdf909f-7730-40ea-bfc9-9313291d1a37 - - - - -] api_database.mysql_enable_ndb = False log_opt_values /usr/lib/python3/dist-packages/oslo_config/cfg.py:2609
2025-05-01 00:37:51.625 121055 DEBUG oslo_service.service [req-6cdf909f-7730-40ea-bfc9-9313291d1a37 - - - - -] api_database.mysql_sql_mode = TRADITIONAL log_opt_values /usr/lib/python3/dist-packages/oslo_config/cfg.py:2609
2025-05-01 00:37:51.625 121055 DEBUG oslo_service.service [req-6cdf909f-7730-40ea-bfc9-9313291d1a37 - - - - -] api_database.pool_timeout = None log_opt_values /usr/lib/python3/dist-packages/oslo_config/cfg.py:2609
2025-05-01 00:37:51.626 121055 DEBUG oslo_service.service [req-6cdf909f-7730-40ea-bfc9-9313291d1a37 - - - - -] api_database.retry_interval = 10 log_opt_values /usr/lib/python3/dist-packages/oslo_config/cfg.py:2609
2025-05-01 00:37:51.626 121055 DEBUG oslo_service.service [req-6cdf909f-7730-40ea-bfc9-9313291d1a37 - - - - -] api_database.slave_connection = **** log_opt_values /usr/lib/python3/dist-packages/oslo_config/cfg.py:2609
2025-05-01 00:37:51.626 121055 DEBUG oslo_service.service [req-6cdf909f-7730-40ea-bfc9-9313291d1a37 - - - - -] api_database.sqlite_synchronous = True log_opt_values /usr/lib/python3/dist-packages/oslo_config/cfg.py:2609
2025-05-01 00:37:51.626 122579 DEBUG oslo_messaging._drivers.amqpdriver [-] AMQPListener connection timeout poll /usr/lib/python3/dist-packages/oslo_messaging/_drivers/amqpdriver.py:360
2025-05-01 00:37:51.626 121055 DEBUG oslo_service.service [req-6cdf909f-7730-40ea-bfc9-9313291d1a37 - - - - -] devices.enabled_mdev_types = [] log_opt_values /usr/lib/python3/dist-packages/oslo_config/cfg.py:2609
2025-05-01 00:37:51.626 122579 DEBUG oslo_messaging._drivers.amqpdriver [-] Listener is running poll /usr/lib/python3/dist-packages/oslo_messaging/_drivers/amqpdriver.py:343
2025-05-01 00:37:51.626 122579 DEBUG oslo_messaging._drivers.amqpdriver [-] AMQPListener connection consume poll /usr/lib/python3/dist-packages/oslo_messaging/_drivers/amqpdriver.py:357
2025-05-01 00:37:51.626 121055 DEBUG oslo_service.service [req-6cdf909f-7730-40ea-bfc9-9313291d1a37 - - - - -] ephemeral_storage_encryption.cipher = aes-xts-plain64 log_opt_values /usr/lib/python3/dist-packages/oslo_config/cfg.py:2609
2025-05-01 00:37:51.626 121055 DEBUG oslo_service.service [req-6cdf909f-7730-40ea-bfc9-9313291d1a37 - - - - -] ephemeral_storage_encryption.enabled = False log_opt_values /usr/lib/python3/dist-packages/oslo_config/cfg.py:2609
2025-05-01 00:37:51.627 121055 DEBUG oslo_service.service [req-6cdf909f-7730-40ea-bfc9-9313291d1a37 - - - - -] ephemeral_storage_encryption.key_size = 512 log_opt_values /usr/lib/python3/dist-packages/oslo_config/cfg.py:2609
2025-05-01 00:37:51.627 121055 WARNING oslo_config.cfg [req-6cdf909f-7730-40ea-bfc9-9313291d1a37 - - - - -] Deprecated: Option "api_servers" from group "glance" is deprecated for removal ( Support for image service configuration via standard keystoneauth1 Adapter options was added in the 17.0.0 Queens release. The api_servers option was retained temporarily to allow consumers time to cut over to a real load balancing solution. ). Its value may be silently ignored in the future.
2025-05-01 00:37:51.627 121055 DEBUG oslo_service.service [req-6cdf909f-7730-40ea-bfc9-9313291d1a37 - - - - -] glance.api_servers = ['http://252.242.40.29:9292'] log_opt_values /usr/lib/python3/dist-packages/oslo_config/cfg.py:2609
2025-05-01 00:37:51.628 121055 DEBUG oslo_service.service [req-6cdf909f-7730-40ea-bfc9-9313291d1a37 - - - - -] glance.cafile = None log_opt_values /usr/lib/python3/dist-packages/oslo_config/cfg.py:2609
2025-05-01 00:37:51.628 121055 DEBUG oslo_service.service [req-6cdf909f-7730-40ea-bfc9-9313291d1a37 - - - - -] glance.certfile = None log_opt_values /usr/lib/python3/dist-packages/oslo_config/cfg.py:2609
2025-05-01 00:37:51.628 121055 DEBUG oslo_service.service [req-6cdf909f-7730-40ea-bfc9-9313291d1a37 - - - - -] glance.collect_timing = False log_opt_values /usr/lib/python3/dist-packages/oslo_config/cfg.py:2609
2025-05-01 00:37:51.628 121055 DEBUG oslo_service.service [req-6cdf909f-7730-40ea-bfc9-9313291d1a37 - - - - -] glance.connect_retries = None log_opt_values /usr/lib/python3/dist-packages/oslo_config/cfg.py:2609
2025-05-01 00:37:51.628 121055 DEBUG oslo_service.service [req-6cdf909f-7730-40ea-bfc9-9313291d1a37 - - - - -] glance.connect_retry_delay = None log_opt_values /usr/lib/python3/dist-packages/oslo_config/cfg.py:2609
2025-05-01 00:37:51.629 121055 DEBUG oslo_service.service [req-6cdf909f-7730-40ea-bfc9-9313291d1a37 - - - - -] glance.debug = False log_opt_values /usr/lib/python3/dist-packages/oslo_config/cfg.py:2609
2025-05-01 00:37:51.629 121055 DEBUG oslo_service.service [req-6cdf909f-7730-40ea-bfc9-9313291d1a37 - - - - -] glance.default_trusted_certificate_ids = [] log_opt_values /usr/lib/python3/dist-packages/oslo_config/cfg.py:2609
2025-05-01 00:37:51.629 121055 DEBUG oslo_service.service [req-6cdf909f-7730-40ea-bfc9-9313291d1a37 - - - - -] glance.enable_certificate_validation = False log_opt_values /usr/lib/python3/dist-packages/oslo_config/cfg.py:2609
2025-05-01 00:37:51.629 121055 DEBUG oslo_service.service [req-6cdf909f-7730-40ea-bfc9-9313291d1a37 - - - - -] glance.enable_rbd_download = False log_opt_values /usr/lib/python3/dist-packages/oslo_config/cfg.py:2609
2025-05-01 00:37:51.629 121055 DEBUG oslo_service.service [req-6cdf909f-7730-40ea-bfc9-9313291d1a37 - - - - -] glance.endpoint_override = None log_opt_values /usr/lib/python3/dist-packages/oslo_config/cfg.py:2609
2025-05-01 00:37:51.629 121055 DEBUG oslo_service.service [req-6cdf909f-7730-40ea-bfc9-9313291d1a37 - - - - -] glance.insecure = False log_opt_values /usr/lib/python3/dist-packages/oslo_config/cfg.py:2609
2025-05-01 00:37:51.630 121055 DEBUG oslo_service.service [req-6cdf909f-7730-40ea-bfc9-9313291d1a37 - - - - -] glance.keyfile = None log_opt_values /usr/lib/python3/dist-packages/oslo_config/cfg.py:2609
2025-05-01 00:37:51.630 121055 DEBUG oslo_service.service [req-6cdf909f-7730-40ea-bfc9-9313291d1a37 - - - - -] glance.max_version = None log_opt_values /usr/lib/python3/dist-packages/oslo_config/cfg.py:2609
2025-05-01 00:37:51.630 121055 DEBUG oslo_service.service [req-6cdf909f-7730-40ea-bfc9-9313291d1a37 - - - - -] glance.min_version = None log_opt_values /usr/lib/python3/dist-packages/oslo_config/cfg.py:2609
2025-05-01 00:37:51.630 121055 DEBUG oslo_service.service [req-6cdf909f-7730-40ea-bfc9-9313291d1a37 - - - - -] glance.num_retries = 3 log_opt_values /usr/lib/python3/dist-packages/oslo_config/cfg.py:2609
2025-05-01 00:37:51.630 121055 DEBUG oslo_service.service [req-6cdf909f-7730-40ea-bfc9-9313291d1a37 - - - - -] glance.rbd_ceph_conf = log_opt_values /usr/lib/python3/dist-packages/oslo_config/cfg.py:2609
2025-05-01 00:37:51.631 121055 DEBUG oslo_service.service [req-6cdf909f-7730-40ea-bfc9-9313291d1a37 - - - - -] glance.rbd_connect_timeout = 5 log_opt_values /usr/lib/python3/dist-packages/oslo_config/cfg.py:2609
2025-05-01 00:37:51.631 121055 DEBUG oslo_service.service [req-6cdf909f-7730-40ea-bfc9-9313291d1a37 - - - - -] glance.rbd_pool = log_opt_values /usr/lib/python3/dist-packages/oslo_config/cfg.py:2609
2025-05-01 00:37:51.631 121055 DEBUG oslo_service.service [req-6cdf909f-7730-40ea-bfc9-9313291d1a37 - - - - -] glance.rbd_user = log_opt_values /usr/lib/python3/dist-packages/oslo_config/cfg.py:2609
2025-05-01 00:37:51.631 121055 DEBUG oslo_service.service [req-6cdf909f-7730-40ea-bfc9-9313291d1a37 - - - - -] glance.region_name = None log_opt_values /usr/lib/python3/dist-packages/oslo_config/cfg.py:2609
2025-05-01 00:37:51.631 121055 DEBUG oslo_service.service [req-6cdf909f-7730-40ea-bfc9-9313291d1a37 - - - - -] glance.service_name = None log_opt_values /usr/lib/python3/dist-packages/oslo_config/cfg.py:2609
2025-05-01 00:37:51.632 121055 DEBUG oslo_service.service [req-6cdf909f-7730-40ea-bfc9-9313291d1a37 - - - - -] glance.service_type = image log_opt_values /usr/lib/python3/dist-packages/oslo_config/cfg.py:2609
2025-05-01 00:37:51.632 121055 DEBUG oslo_service.service [req-6cdf909f-7730-40ea-bfc9-9313291d1a37 - - - - -] glance.split_loggers = False log_opt_values /usr/lib/python3/dist-packages/oslo_config/cfg.py:2609
2025-05-01 00:37:51.632 121055 DEBUG oslo_service.service [req-6cdf909f-7730-40ea-bfc9-9313291d1a37 - - - - -] glance.status_code_retries = None log_opt_values /usr/lib/python3/dist-packages/oslo_config/cfg.py:2609
2025-05-01 00:37:51.632 121055 DEBUG oslo_service.service [req-6cdf909f-7730-40ea-bfc9-9313291d1a37 - - - - -] glance.status_code_retry_delay = None log_opt_values /usr/lib/python3/dist-packages/oslo_config/cfg.py:2609
2025-05-01 00:37:51.632 121055 DEBUG oslo_service.service [req-6cdf909f-7730-40ea-bfc9-9313291d1a37 - - - - -] glance.timeout = None log_opt_values /usr/lib/python3/dist-packages/oslo_config/cfg.py:2609
2025-05-01 00:37:51.632 121055 DEBUG oslo_service.service [req-6cdf909f-7730-40ea-bfc9-9313291d1a37 - - - - -] glance.valid_interfaces = ['internal', 'public'] log_opt_values /usr/lib/python3/dist-packages/oslo_config/cfg.py:2609
2025-05-01 00:37:51.633 121055 DEBUG oslo_service.service [req-6cdf909f-7730-40ea-bfc9-9313291d1a37 - - - - -] glance.verify_glance_signatures = False log_opt_values /usr/lib/python3/dist-packages/oslo_config/cfg.py:2609
2025-05-01 00:37:51.633 121055 DEBUG oslo_service.service [req-6cdf909f-7730-40ea-bfc9-9313291d1a37 - - - - -] glance.version = None log_opt_values /usr/lib/python3/dist-packages/oslo_config/cfg.py:2609
2025-05-01 00:37:51.633 121055 DEBUG oslo_service.service [req-6cdf909f-7730-40ea-bfc9-9313291d1a37 - - - - -] guestfs.debug = False log_opt_values /usr/lib/python3/dist-packages/oslo_config/cfg.py:2609
