2025-04-28 00:39:28.699 145992 DEBUG oslo_service.service [req-f3199d88-2c93-4d78-b3e9-f1954b05028b - - - - -] zvm.cloud_connector_url = None log_opt_values /usr/lib/python3/dist-packages/oslo_config/cfg.py:2609
2025-04-28 00:39:28.699 145992 DEBUG oslo_service.service [req-f3199d88-2c93-4d78-b3e9-f1954b05028b - - - - -] zvm.image_tmp_path = /var/lib/nova/images log_opt_values /usr/lib/python3/dist-packages/oslo_config/cfg.py:2609
2025-04-28 00:39:28.700 145992 DEBUG oslo_service.service [req-f3199d88-2c93-4d78-b3e9-f1954b05028b - - - - -] zvm.reachable_timeout = 300 log_opt_values /usr/lib/python3/dist-packages/oslo_config/cfg.py:2609
2025-04-28 00:39:28.700 145992 DEBUG oslo_service.service [req-f3199d88-2c93-4d78-b3e9-f1954b05028b - - - - -] oslo_messaging_metrics.metrics_buffer_size = 1000 log_opt_values /usr/lib/python3/dist-packages/oslo_config/cfg.py:2609
2025-04-28 00:39:28.700 145992 DEBUG oslo_service.service [req-f3199d88-2c93-4d78-b3e9-f1954b05028b - - - - -] oslo_messaging_metrics.metrics_enabled = False log_opt_values /usr/lib/python3/dist-packages/oslo_config/cfg.py:2609
2025-04-28 00:39:28.700 145992 DEBUG oslo_service.service [req-f3199d88-2c93-4d78-b3e9-f1954b05028b - - - - -] oslo_messaging_metrics.metrics_process_name = log_opt_values /usr/lib/python3/dist-packages/oslo_config/cfg.py:2609
2025-04-28 00:39:28.700 145992 DEBUG oslo_service.service [req-f3199d88-2c93-4d78-b3e9-f1954b05028b - - - - -] oslo_messaging_metrics.metrics_socket_file = /var/tmp/metrics_collector.sock log_opt_values /usr/lib/python3/dist-packages/oslo_config/cfg.py:2609
2025-04-28 00:39:28.700 145992 DEBUG oslo_service.service [req-f3199d88-2c93-4d78-b3e9-f1954b05028b - - - - -] oslo_messaging_metrics.metrics_thread_stop_timeout = 10 log_opt_values /usr/lib/python3/dist-packages/oslo_config/cfg.py:2609
2025-04-28 00:39:28.701 145992 DEBUG oslo_service.service [req-f3199d88-2c93-4d78-b3e9-f1954b05028b - - - - -] oslo_policy.enforce_new_defaults = False log_opt_values /usr/lib/python3/dist-packages/oslo_config/cfg.py:2609
2025-04-28 00:39:28.701 145992 DEBUG oslo_service.service [req-f3199d88-2c93-4d78-b3e9-f1954b05028b - - - - -] oslo_policy.enforce_scope = False log_opt_values /usr/lib/python3/dist-packages/oslo_config/cfg.py:2609
2025-04-28 00:39:28.701 145992 DEBUG oslo_service.service [req-f3199d88-2c93-4d78-b3e9-f1954b05028b - - - - -] oslo_policy.policy_default_rule = default log_opt_values /usr/lib/python3/dist-packages/oslo_config/cfg.py:2609
2025-04-28 00:39:28.701 145992 DEBUG oslo_service.service [req-f3199d88-2c93-4d78-b3e9-f1954b05028b - - - - -] oslo_policy.policy_dirs = ['policy.d'] log_opt_values /usr/lib/python3/dist-packages/oslo_config/cfg.py:2609
2025-04-28 00:39:28.701 145992 DEBUG oslo_service.service [req-f3199d88-2c93-4d78-b3e9-f1954b05028b - - - - -] oslo_policy.policy_file = policy.yaml log_opt_values /usr/lib/python3/dist-packages/oslo_config/cfg.py:2609
2025-04-28 00:39:28.702 145992 DEBUG oslo_service.service [req-f3199d88-2c93-4d78-b3e9-f1954b05028b - - - - -] oslo_policy.remote_content_type = application/x-www-form-urlencoded log_opt_values /usr/lib/python3/dist-packages/oslo_config/cfg.py:2609
2025-04-28 00:39:28.702 145992 DEBUG oslo_service.service [req-f3199d88-2c93-4d78-b3e9-f1954b05028b - - - - -] oslo_policy.remote_ssl_ca_crt_file = None log_opt_values /usr/lib/python3/dist-packages/oslo_config/cfg.py:2609
2025-04-28 00:39:28.702 145992 DEBUG oslo_service.service [req-f3199d88-2c93-4d78-b3e9-f1954b05028b - - - - -] oslo_policy.remote_ssl_client_crt_file = None log_opt_values /usr/lib/python3/dist-packages/oslo_config/cfg.py:2609
2025-04-28 00:39:28.702 145992 DEBUG oslo_service.service [req-f3199d88-2c93-4d78-b3e9-f1954b05028b - - - - -] oslo_policy.remote_ssl_client_key_file = None log_opt_values /usr/lib/python3/dist-packages/oslo_config/cfg.py:2609
2025-04-28 00:39:28.702 145992 DEBUG oslo_service.service [req-f3199d88-2c93-4d78-b3e9-f1954b05028b - - - - -] oslo_policy.remote_ssl_verify_server_crt = False log_opt_values /usr/lib/python3/dist-packages/oslo_config/cfg.py:2609
2025-04-28 00:39:28.702 145992 DEBUG oslo_service.service [req-f3199d88-2c93-4d78-b3e9-f1954b05028b - - - - -] oslo_versionedobjects.fatal_exception_format_errors = False log_opt_values /usr/lib/python3/dist-packages/oslo_config/cfg.py:2609
2025-04-28 00:39:28.703 145992 DEBUG oslo_service.service [req-f3199d88-2c93-4d78-b3e9-f1954b05028b - - - - -] oslo_middleware.http_basic_auth_user_file = /etc/htpasswd log_opt_values /usr/lib/python3/dist-packages/oslo_config/cfg.py:2609
2025-04-28 00:39:28.703 145992 DEBUG oslo_service.service [req-f3199d88-2c93-4d78-b3e9-f1954b05028b - - - - -] profiler.connection_string = messaging:// log_opt_values /usr/lib/python3/dist-packages/oslo_config/cfg.py:2609
2025-04-28 00:39:28.703 145992 DEBUG oslo_service.service [req-f3199d88-2c93-4d78-b3e9-f1954b05028b - - - - -] profiler.enabled = False log_opt_values /usr/lib/python3/dist-packages/oslo_config/cfg.py:2609
2025-04-28 00:39:28.703 145992 DEBUG oslo_service.service [req-f3199d88-2c93-4d78-b3e9-f1954b05028b - - - - -] profiler.es_doc_type = notification log_opt_values /usr/lib/python3/dist-packages/oslo_config/cfg.py:2609
2025-04-28 00:39:28.704 145992 DEBUG oslo_service.service [req-f3199d88-2c93-4d78-b3e9-f1954b05028b - - - - -] profiler.es_scroll_size = 10000 log_opt_values /usr/lib/python3/dist-packages/oslo_config/cfg.py:2609
2025-04-28 00:39:28.704 145992 DEBUG oslo_service.service [req-f3199d88-2c93-4d78-b3e9-f1954b05028b - - - - -] profiler.es_scroll_time = 2m log_opt_values /usr/lib/python3/dist-packages/oslo_config/cfg.py:2609
2025-04-28 00:39:28.704 145992 DEBUG oslo_service.service [req-f3199d88-2c93-4d78-b3e9-f1954b05028b - - - - -] profiler.filter_error_trace = False log_opt_values /usr/lib/python3/dist-packages/oslo_config/cfg.py:2609
2025-04-28 00:39:28.704 145992 DEBUG oslo_service.service [req-f3199d88-2c93-4d78-b3e9-f1954b05028b - - - - -] profiler.hmac_keys = SECRET_KEY log_opt_values /usr/lib/python3/dist-packages/oslo_config/cfg.py:2609
2025-04-28 00:39:28.704 145992 DEBUG oslo_service.service [req-f3199d88-2c93-4d78-b3e9-f1954b05028b - - - - -] profiler.sentinel_service_name = mymaster log_opt_values /usr/lib/python3/dist-packages/oslo_config/cfg.py:2609
2025-04-28 00:39:28.704 145992 DEBUG oslo_service.service [req-f3199d88-2c93-4d78-b3e9-f1954b05028b - - - - -] profiler.socket_timeout = 0.1 log_opt_values /usr/lib/python3/dist-packages/oslo_config/cfg.py:2609
2025-04-28 00:39:28.705 145992 DEBUG oslo_service.service [req-f3199d88-2c93-4d78-b3e9-f1954b05028b - - - - -] profiler.trace_sqlalchemy = False log_opt_values /usr/lib/python3/dist-packages/oslo_config/cfg.py:2609
2025-04-28 00:39:28.705 145992 DEBUG oslo_service.service [req-f3199d88-2c93-4d78-b3e9-f1954b05028b - - - - -] remote_debug.host = None log_opt_values /usr/lib/python3/dist-packages/oslo_config/cfg.py:2609
2025-04-28 00:39:28.705 145992 DEBUG oslo_service.service [req-f3199d88-2c93-4d78-b3e9-f1954b05028b - - - - -] remote_debug.port = None log_opt_values /usr/lib/python3/dist-packages/oslo_config/cfg.py:2609
2025-04-28 00:39:28.705 145992 DEBUG oslo_service.service [req-f3199d88-2c93-4d78-b3e9-f1954b05028b - - - - -] oslo_messaging_rabbit.amqp_auto_delete = False log_opt_values /usr/lib/python3/dist-packages/oslo_config/cfg.py:2609
2025-04-28 00:39:28.705 145992 DEBUG oslo_service.service [req-f3199d88-2c93-4d78-b3e9-f1954b05028b - - - - -] oslo_messaging_rabbit.amqp_durable_queues = False log_opt_values /usr/lib/python3/dist-packages/oslo_config/cfg.py:2609
2025-04-28 00:39:28.706 145992 DEBUG oslo_service.service [req-f3199d88-2c93-4d78-b3e9-f1954b05028b - - - - -] oslo_messaging_rabbit.conn_pool_min_size = 2 log_opt_values /usr/lib/python3/dist-packages/oslo_config/cfg.py:2609
2025-04-28 00:39:28.706 145992 DEBUG oslo_service.service [req-f3199d88-2c93-4d78-b3e9-f1954b05028b - - - - -] oslo_messaging_rabbit.conn_pool_ttl = 1200 log_opt_values /usr/lib/python3/dist-packages/oslo_config/cfg.py:2609
2025-04-28 00:39:28.706 145992 DEBUG oslo_service.service [req-f3199d88-2c93-4d78-b3e9-f1954b05028b - - - - -] oslo_messaging_rabbit.direct_mandatory_flag = True log_opt_values /usr/lib/python3/dist-packages/oslo_config/cfg.py:2609
2025-04-28 00:39:28.706 145992 DEBUG oslo_service.service [req-f3199d88-2c93-4d78-b3e9-f1954b05028b - - - - -] oslo_messaging_rabbit.enable_cancel_on_failover = False log_opt_values /usr/lib/python3/dist-packages/oslo_config/cfg.py:2609
2025-04-28 00:39:28.706 145992 DEBUG oslo_service.service [req-f3199d88-2c93-4d78-b3e9-f1954b05028b - - - - -] oslo_messaging_rabbit.heartbeat_in_pthread = False log_opt_values /usr/lib/python3/dist-packages/oslo_config/cfg.py:2609
2025-04-28 00:39:28.706 145992 DEBUG oslo_service.service [req-f3199d88-2c93-4d78-b3e9-f1954b05028b - - - - -] oslo_messaging_rabbit.heartbeat_rate = 2 log_opt_values /usr/lib/python3/dist-packages/oslo_config/cfg.py:2609
2025-04-28 00:39:28.707 145992 DEBUG oslo_service.service [req-f3199d88-2c93-4d78-b3e9-f1954b05028b - - - - -] oslo_messaging_rabbit.heartbeat_timeout_threshold = 60 log_opt_values /usr/lib/python3/dist-packages/oslo_config/cfg.py:2609
2025-04-28 00:39:28.707 145992 DEBUG oslo_service.service [req-f3199d88-2c93-4d78-b3e9-f1954b05028b - - - - -] oslo_messaging_rabbit.kombu_compression = None log_opt_values /usr/lib/python3/dist-packages/oslo_config/cfg.py:2609
2025-04-28 00:39:28.707 145992 DEBUG oslo_service.service [req-f3199d88-2c93-4d78-b3e9-f1954b05028b - - - - -] oslo_messaging_rabbit.kombu_failover_strategy = round-robin log_opt_values /usr/lib/python3/dist-packages/oslo_config/cfg.py:2609
2025-04-28 00:39:28.707 145992 DEBUG oslo_service.service [req-f3199d88-2c93-4d78-b3e9-f1954b05028b - - - - -] oslo_messaging_rabbit.kombu_missing_consumer_retry_timeout = 60 log_opt_values /usr/lib/python3/dist-packages/oslo_config/cfg.py:2609
2025-04-28 00:39:28.707 145992 DEBUG oslo_service.service [req-f3199d88-2c93-4d78-b3e9-f1954b05028b - - - - -] oslo_messaging_rabbit.kombu_reconnect_delay = 1.0 log_opt_values /usr/lib/python3/dist-packages/oslo_config/cfg.py:2609
2025-04-28 00:39:28.707 145992 DEBUG oslo_service.service [req-f3199d88-2c93-4d78-b3e9-f1954b05028b - - - - -] oslo_messaging_rabbit.rabbit_ha_queues = False log_opt_values /usr/lib/python3/dist-packages/oslo_config/cfg.py:2609
2025-04-28 00:39:28.708 145992 DEBUG oslo_service.service [req-f3199d88-2c93-4d78-b3e9-f1954b05028b - - - - -] oslo_messaging_rabbit.rabbit_interval_max = 30 log_opt_values /usr/lib/python3/dist-packages/oslo_config/cfg.py:2609
2025-04-28 00:39:28.708 145992 DEBUG oslo_service.service [req-f3199d88-2c93-4d78-b3e9-f1954b05028b - - - - -] oslo_messaging_rabbit.rabbit_login_method = AMQPLAIN log_opt_values /usr/lib/python3/dist-packages/oslo_config/cfg.py:2609
2025-04-28 00:39:28.708 145992 DEBUG oslo_service.service [req-f3199d88-2c93-4d78-b3e9-f1954b05028b - - - - -] oslo_messaging_rabbit.rabbit_qos_prefetch_count = 0 log_opt_values /usr/lib/python3/dist-packages/oslo_config/cfg.py:2609
2025-04-28 00:39:28.708 145992 DEBUG oslo_service.service [req-f3199d88-2c93-4d78-b3e9-f1954b05028b - - - - -] oslo_messaging_rabbit.rabbit_quorum_queue = False log_opt_values /usr/lib/python3/dist-packages/oslo_config/cfg.py:2609
2025-04-28 00:39:28.708 145992 DEBUG oslo_service.service [req-f3199d88-2c93-4d78-b3e9-f1954b05028b - - - - -] oslo_messaging_rabbit.rabbit_retry_backoff = 2 log_opt_values /usr/lib/python3/dist-packages/oslo_config/cfg.py:2609
2025-04-28 00:39:28.709 145992 DEBUG oslo_service.service [req-f3199d88-2c93-4d78-b3e9-f1954b05028b - - - - -] oslo_messaging_rabbit.rabbit_retry_interval = 1 log_opt_values /usr/lib/python3/dist-packages/oslo_config/cfg.py:2609
2025-04-28 00:39:28.709 145992 DEBUG oslo_service.service [req-f3199d88-2c93-4d78-b3e9-f1954b05028b - - - - -] oslo_messaging_rabbit.rabbit_transient_queues_ttl = 1800 log_opt_values /usr/lib/python3/dist-packages/oslo_config/cfg.py:2609
2025-04-28 00:39:28.709 145992 DEBUG oslo_service.service [req-f3199d88-2c93-4d78-b3e9-f1954b05028b - - - - -] oslo_messaging_rabbit.rpc_conn_pool_size = 30 log_opt_values /usr/lib/python3/dist-packages/oslo_config/cfg.py:2609
2025-04-28 00:39:28.709 145992 DEBUG oslo_service.service [req-f3199d88-2c93-4d78-b3e9-f1954b05028b - - - - -] oslo_messaging_rabbit.ssl = False log_opt_values /usr/lib/python3/dist-packages/oslo_config/cfg.py:2609
2025-04-28 00:39:28.709 145992 DEBUG oslo_service.service [req-f3199d88-2c93-4d78-b3e9-f1954b05028b - - - - -] oslo_messaging_rabbit.ssl_ca_file = log_opt_values /usr/lib/python3/dist-packages/oslo_config/cfg.py:2609
2025-04-28 00:39:28.709 145992 DEBUG oslo_service.service [req-f3199d88-2c93-4d78-b3e9-f1954b05028b - - - - -] oslo_messaging_rabbit.ssl_cert_file = log_opt_values /usr/lib/python3/dist-packages/oslo_config/cfg.py:2609
2025-04-28 00:39:28.710 145992 DEBUG oslo_service.service [req-f3199d88-2c93-4d78-b3e9-f1954b05028b - - - - -] oslo_messaging_rabbit.ssl_key_file = log_opt_values /usr/lib/python3/dist-packages/oslo_config/cfg.py:2609
2025-04-28 00:39:28.710 145992 DEBUG oslo_service.service [req-f3199d88-2c93-4d78-b3e9-f1954b05028b - - - - -] oslo_messaging_rabbit.ssl_version = log_opt_values /usr/lib/python3/dist-packages/oslo_config/cfg.py:2609
2025-04-28 00:39:28.710 145992 DEBUG oslo_service.service [req-f3199d88-2c93-4d78-b3e9-f1954b05028b - - - - -] oslo_messaging_notifications.driver = ['messagingv2'] log_opt_values /usr/lib/python3/dist-packages/oslo_config/cfg.py:2609
2025-04-28 00:39:28.710 145992 DEBUG oslo_service.service [req-f3199d88-2c93-4d78-b3e9-f1954b05028b - - - - -] oslo_messaging_notifications.retry = -1 log_opt_values /usr/lib/python3/dist-packages/oslo_config/cfg.py:2609
2025-04-28 00:39:28.710 145992 DEBUG oslo_service.service [req-f3199d88-2c93-4d78-b3e9-f1954b05028b - - - - -] oslo_messaging_notifications.topics = ['notifications'] log_opt_values /usr/lib/python3/dist-packages/oslo_config/cfg.py:2609
2025-04-28 00:39:28.711 145992 DEBUG oslo_service.service [req-f3199d88-2c93-4d78-b3e9-f1954b05028b - - - - -] oslo_messaging_notifications.transport_url = **** log_opt_values /usr/lib/python3/dist-packages/oslo_config/cfg.py:2609
2025-04-28 00:39:28.711 145992 DEBUG oslo_service.service [req-f3199d88-2c93-4d78-b3e9-f1954b05028b - - - - -] oslo_limit.auth_section = None log_opt_values /usr/lib/python3/dist-packages/oslo_config/cfg.py:2609
2025-04-28 00:39:28.711 145992 DEBUG oslo_service.service [req-f3199d88-2c93-4d78-b3e9-f1954b05028b - - - - -] oslo_limit.auth_type = None log_opt_values /usr/lib/python3/dist-packages/oslo_config/cfg.py:2609
2025-04-28 00:39:28.711 145992 DEBUG oslo_service.service [req-f3199d88-2c93-4d78-b3e9-f1954b05028b - - - - -] oslo_limit.cafile = None log_opt_values /usr/lib/python3/dist-packages/oslo_config/cfg.py:2609
2025-04-28 00:39:28.711 145992 DEBUG oslo_service.service [req-f3199d88-2c93-4d78-b3e9-f1954b05028b - - - - -] oslo_limit.certfile = None log_opt_values /usr/lib/python3/dist-packages/oslo_config/cfg.py:2609
2025-04-28 00:39:28.712 145992 DEBUG oslo_service.service [req-f3199d88-2c93-4d78-b3e9-f1954b05028b - - - - -] oslo_limit.collect_timing = False log_opt_values /usr/lib/python3/dist-packages/oslo_config/cfg.py:2609
2025-04-28 00:39:28.712 145992 DEBUG oslo_service.service [req-f3199d88-2c93-4d78-b3e9-f1954b05028b - - - - -] oslo_limit.connect_retries = None log_opt_values /usr/lib/python3/dist-packages/oslo_config/cfg.py:2609
2025-04-28 00:39:28.712 145992 DEBUG oslo_service.service [req-f3199d88-2c93-4d78-b3e9-f1954b05028b - - - - -] oslo_limit.connect_retry_delay = None log_opt_values /usr/lib/python3/dist-packages/oslo_config/cfg.py:2609
2025-04-28 00:39:28.712 145992 DEBUG oslo_service.service [req-f3199d88-2c93-4d78-b3e9-f1954b05028b - - - - -] oslo_limit.endpoint_id = None log_opt_values /usr/lib/python3/dist-packages/oslo_config/cfg.py:2609
2025-04-28 00:39:28.712 145992 DEBUG oslo_service.service [req-f3199d88-2c93-4d78-b3e9-f1954b05028b - - - - -] oslo_limit.endpoint_override = None log_opt_values /usr/lib/python3/dist-packages/oslo_config/cfg.py:2609
2025-04-28 00:39:28.712 145992 DEBUG oslo_service.service [req-f3199d88-2c93-4d78-b3e9-f1954b05028b - - - - -] oslo_limit.insecure = False log_opt_values /usr/lib/python3/dist-packages/oslo_config/cfg.py:2609
2025-04-28 00:39:28.713 145992 DEBUG oslo_service.service [req-f3199d88-2c93-4d78-b3e9-f1954b05028b - - - - -] oslo_limit.keyfile = None log_opt_values /usr/lib/python3/dist-packages/oslo_config/cfg.py:2609
2025-04-28 00:39:28.713 145992 DEBUG oslo_service.service [req-f3199d88-2c93-4d78-b3e9-f1954b05028b - - - - -] oslo_limit.max_version = None log_opt_values /usr/lib/python3/dist-packages/oslo_config/cfg.py:2609
2025-04-28 00:39:28.713 145992 DEBUG oslo_service.service [req-f3199d88-2c93-4d78-b3e9-f1954b05028b - - - - -] oslo_limit.min_version = None log_opt_values /usr/lib/python3/dist-packages/oslo_config/cfg.py:2609
2025-04-28 00:39:28.713 145992 DEBUG oslo_service.service [req-f3199d88-2c93-4d78-b3e9-f1954b05028b - - - - -] oslo_limit.region_name = None log_opt_values /usr/lib/python3/dist-packages/oslo_config/cfg.py:2609
2025-04-28 00:39:28.713 145992 DEBUG oslo_service.service [req-f3199d88-2c93-4d78-b3e9-f1954b05028b - - - - -] oslo_limit.service_name = None log_opt_values /usr/lib/python3/dist-packages/oslo_config/cfg.py:2609
2025-04-28 00:39:28.714 145992 DEBUG oslo_service.service [req-f3199d88-2c93-4d78-b3e9-f1954b05028b - - - - -] oslo_limit.service_type = None log_opt_values /usr/lib/python3/dist-packages/oslo_config/cfg.py:2609
2025-04-28 00:39:28.714 145992 DEBUG oslo_service.service [req-f3199d88-2c93-4d78-b3e9-f1954b05028b - - - - -] oslo_limit.split_loggers = False log_opt_values /usr/lib/python3/dist-packages/oslo_config/cfg.py:2609
2025-04-28 00:39:28.714 145992 DEBUG oslo_service.service [req-f3199d88-2c93-4d78-b3e9-f1954b05028b - - - - -] oslo_limit.status_code_retries = None log_opt_values /usr/lib/python3/dist-packages/oslo_config/cfg.py:2609
2025-04-28 00:39:28.714 145992 DEBUG oslo_service.service [req-f3199d88-2c93-4d78-b3e9-f1954b05028b - - - - -] oslo_limit.status_code_retry_delay = None log_opt_values /usr/lib/python3/dist-packages/oslo_config/cfg.py:2609
2025-04-28 00:39:28.714 145992 DEBUG oslo_service.service [req-f3199d88-2c93-4d78-b3e9-f1954b05028b - - - - -] oslo_limit.timeout = None log_opt_values /usr/lib/python3/dist-packages/oslo_config/cfg.py:2609
2025-04-28 00:39:28.715 145992 DEBUG oslo_service.service [req-f3199d88-2c93-4d78-b3e9-f1954b05028b - - - - -] oslo_limit.valid_interfaces = None log_opt_values /usr/lib/python3/dist-packages/oslo_config/cfg.py:2609
2025-04-28 00:39:28.715 145992 DEBUG oslo_service.service [req-f3199d88-2c93-4d78-b3e9-f1954b05028b - - - - -] oslo_limit.version = None log_opt_values /usr/lib/python3/dist-packages/oslo_config/cfg.py:2609
2025-04-28 00:39:28.716 145992 DEBUG oslo_service.service [req-f3199d88-2c93-4d78-b3e9-f1954b05028b - - - - -] oslo_reports.file_event_handler = None log_opt_values /usr/lib/python3/dist-packages/oslo_config/cfg.py:2609
2025-04-28 00:39:28.716 145992 DEBUG oslo_service.service [req-f3199d88-2c93-4d78-b3e9-f1954b05028b - - - - -] oslo_reports.file_event_handler_interval = 1 log_opt_values /usr/lib/python3/dist-packages/oslo_config/cfg.py:2609
2025-04-28 00:39:28.716 145992 DEBUG oslo_service.service [req-f3199d88-2c93-4d78-b3e9-f1954b05028b - - - - -] oslo_reports.log_dir = None log_opt_values /usr/lib/python3/dist-packages/oslo_config/cfg.py:2609
2025-04-28 00:39:28.716 145992 DEBUG oslo_service.service [req-f3199d88-2c93-4d78-b3e9-f1954b05028b - - - - -] ******************************************************************************** log_opt_values /usr/lib/python3/dist-packages/oslo_config/cfg.py:2613
2025-04-28 00:39:29.591 146435 DEBUG oslo_messaging._drivers.amqpdriver [-] AMQPListener connection timeout poll /usr/lib/python3/dist-packages/oslo_messaging/_drivers/amqpdriver.py:360
2025-04-28 00:39:29.592 146435 DEBUG oslo_messaging._drivers.amqpdriver [-] Listener is running poll /usr/lib/python3/dist-packages/oslo_messaging/_drivers/amqpdriver.py:343
2025-04-28 00:39:29.592 146435 DEBUG oslo_messaging._drivers.amqpdriver [-] AMQPListener connection consume poll /usr/lib/python3/dist-packages/oslo_messaging/_drivers/amqpdriver.py:357
2025-04-28 00:39:29.592 146433 DEBUG oslo_messaging._drivers.amqpdriver [-] AMQPListener connection timeout poll /usr/lib/python3/dist-packages/oslo_messaging/_drivers/amqpdriver.py:360
2025-04-28 00:39:29.593 146433 DEBUG oslo_messaging._drivers.amqpdriver [-] Listener is running poll /usr/lib/python3/dist-packages/oslo_messaging/_drivers/amqpdriver.py:343
2025-04-28 00:39:29.593 146433 DEBUG oslo_messaging._drivers.amqpdriver [-] AMQPListener connection consume poll /usr/lib/python3/dist-packages/oslo_messaging/_drivers/amqpdriver.py:357
2025-04-28 00:39:29.596 146434 DEBUG oslo_messaging._drivers.amqpdriver [-] AMQPListener connection timeout poll /usr/lib/python3/dist-packages/oslo_messaging/_drivers/amqpdriver.py:360
2025-04-28 00:39:29.596 146434 DEBUG oslo_messaging._drivers.amqpdriver [-] Listener is running poll /usr/lib/python3/dist-packages/oslo_messaging/_drivers/amqpdriver.py:343
2025-04-28 00:39:29.597 146434 DEBUG oslo_messaging._drivers.amqpdriver [-] AMQPListener connection consume poll /usr/lib/python3/dist-packages/oslo_messaging/_drivers/amqpdriver.py:357
2025-04-28 00:39:29.627 146432 DEBUG oslo_messaging._drivers.amqpdriver [-] AMQPListener connection timeout poll /usr/lib/python3/dist-packages/oslo_messaging/_drivers/amqpdriver.py:360
2025-04-28 00:39:29.627 146432 DEBUG oslo_messaging._drivers.amqpdriver [-] Listener is running poll /usr/lib/python3/dist-packages/oslo_messaging/_drivers/amqpdriver.py:343
2025-04-28 00:39:29.627 146432 DEBUG oslo_messaging._drivers.amqpdriver [-] AMQPListener connection consume poll /usr/lib/python3/dist-packages/oslo_messaging/_drivers/amqpdriver.py:357
2025-04-28 00:39:30.589 146435 DEBUG oslo_service.periodic_task [req-0fed5cc2-6712-4250-9b6b-da913da01918 - - - - -] Running periodic task SchedulerManager._discover_hosts_in_cells run_periodic_tasks /usr/lib/python3/dist-packages/oslo_service/periodic_task.py:210
2025-04-28 00:39:30.590 146435 DEBUG oslo_db.sqlalchemy.engines [req-0fed5cc2-6712-4250-9b6b-da913da01918 - - - - -] Parent process 145992 forked (146435) with an open database connection, which is being discarded and recreated. checkout /usr/lib/python3/dist-packages/oslo_db/sqlalchemy/engines.py:413
2025-04-28 00:39:30.597 146435 DEBUG oslo_concurrency.lockutils [req-0fed5cc2-6712-4250-9b6b-da913da01918 - - - - -] Lock "6d2f807c-99e1-41af-ab06-28cbd4a86370" acquired by "nova.context.set_target_cell..get_or_set_cached_cell_and_set_connections" :: waited 0.000s inner /usr/lib/python3/dist-packages/oslo_concurrency/lockutils.py:386
2025-04-28 00:39:30.598 146435 DEBUG oslo_concurrency.lockutils [req-0fed5cc2-6712-4250-9b6b-da913da01918 - - - - -] Lock "6d2f807c-99e1-41af-ab06-28cbd4a86370" "released" by "nova.context.set_target_cell..get_or_set_cached_cell_and_set_connections" :: held 0.002s inner /usr/lib/python3/dist-packages/oslo_concurrency/lockutils.py:400
2025-04-28 00:39:30.604 146435 DEBUG oslo_db.sqlalchemy.engines [req-0fed5cc2-6712-4250-9b6b-da913da01918 - - - - -] MySQL server mode set to STRICT_TRANS_TABLES,STRICT_ALL_TABLES,NO_ZERO_IN_DATE,NO_ZERO_DATE,ERROR_FOR_DIVISION_BY_ZERO,TRADITIONAL,NO_ENGINE_SUBSTITUTION _check_effective_sql_mode /usr/lib/python3/dist-packages/oslo_db/sqlalchemy/engines.py:314
2025-04-28 00:39:31.594 146435 DEBUG oslo_messaging._drivers.amqpdriver [-] AMQPListener connection timeout poll /usr/lib/python3/dist-packages/oslo_messaging/_drivers/amqpdriver.py:360
2025-04-28 00:39:31.594 146435 DEBUG oslo_messaging._drivers.amqpdriver [-] Listener is running poll /usr/lib/python3/dist-packages/oslo_messaging/_drivers/amqpdriver.py:343
2025-04-28 00:39:31.594 146435 DEBUG oslo_messaging._drivers.amqpdriver [-] AMQPListener connection consume poll /usr/lib/python3/dist-packages/oslo_messaging/_drivers/amqpdriver.py:357
2025-04-28 00:39:31.595 146433 DEBUG oslo_messaging._drivers.amqpdriver [-] AMQPListener connection timeout poll /usr/lib/python3/dist-packages/oslo_messaging/_drivers/amqpdriver.py:360
2025-04-28 00:39:31.595 146433 DEBUG oslo_messaging._drivers.amqpdriver [-] Listener is running poll /usr/lib/python3/dist-packages/oslo_messaging/_drivers/amqpdriver.py:343
2025-04-28 00:39:31.595 146433 DEBUG oslo_messaging._drivers.amqpdriver [-] AMQPListener connection consume poll /usr/lib/python3/dist-packages/oslo_messaging/_drivers/amqpdriver.py:357
2025-04-28 00:39:31.599 146434 DEBUG oslo_messaging._drivers.amqpdriver [-] AMQPListener connection timeout poll /usr/lib/python3/dist-packages/oslo_messaging/_drivers/amqpdriver.py:360
2025-04-28 00:39:31.599 146434 DEBUG oslo_messaging._drivers.amqpdriver [-] Listener is running poll /usr/lib/python3/dist-packages/oslo_messaging/_drivers/amqpdriver.py:343
2025-04-28 00:39:31.599 146434 DEBUG oslo_messaging._drivers.amqpdriver [-] AMQPListener connection consume poll /usr/lib/python3/dist-packages/oslo_messaging/_drivers/amqpdriver.py:357
2025-04-28 00:39:31.630 146432 DEBUG oslo_messaging._drivers.amqpdriver [-] AMQPListener connection timeout poll /usr/lib/python3/dist-packages/oslo_messaging/_drivers/amqpdriver.py:360
2025-04-28 00:39:31.630 146432 DEBUG oslo_messaging._drivers.amqpdriver [-] Listener is running poll /usr/lib/python3/dist-packages/oslo_messaging/_drivers/amqpdriver.py:343
2025-04-28 00:39:31.630 146432 DEBUG oslo_messaging._drivers.amqpdriver [-] AMQPListener connection consume poll /usr/lib/python3/dist-packages/oslo_messaging/_drivers/amqpdriver.py:357
2025-04-28 00:39:35.596 146435 DEBUG oslo_messaging._drivers.amqpdriver [-] AMQPListener connection timeout poll /usr/lib/python3/dist-packages/oslo_messaging/_drivers/amqpdriver.py:360
2025-04-28 00:39:35.596 146435 DEBUG oslo_messaging._drivers.amqpdriver [-] Listener is running poll /usr/lib/python3/dist-packages/oslo_messaging/_drivers/amqpdriver.py:343
2025-04-28 00:39:35.597 146435 DEBUG oslo_messaging._drivers.amqpdriver [-] AMQPListener connection consume poll /usr/lib/python3/dist-packages/oslo_messaging/_drivers/amqpdriver.py:357
2025-04-28 00:39:35.597 146433 DEBUG oslo_messaging._drivers.amqpdriver [-] AMQPListener connection timeout poll /usr/lib/python3/dist-packages/oslo_messaging/_drivers/amqpdriver.py:360
2025-04-28 00:39:35.598 146433 DEBUG oslo_messaging._drivers.amqpdriver [-] Listener is running poll /usr/lib/python3/dist-packages/oslo_messaging/_drivers/amqpdriver.py:343
2025-04-28 00:39:35.598 146433 DEBUG oslo_messaging._drivers.amqpdriver [-] AMQPListener connection consume poll /usr/lib/python3/dist-packages/oslo_messaging/_drivers/amqpdriver.py:357
2025-04-28 00:39:35.602 146434 DEBUG oslo_messaging._drivers.amqpdriver [-] AMQPListener connection timeout poll /usr/lib/python3/dist-packages/oslo_messaging/_drivers/amqpdriver.py:360
2025-04-28 00:39:35.602 146434 DEBUG oslo_messaging._drivers.amqpdriver [-] Listener is running poll /usr/lib/python3/dist-packages/oslo_messaging/_drivers/amqpdriver.py:343
2025-04-28 00:39:35.602 146434 DEBUG oslo_messaging._drivers.amqpdriver [-] AMQPListener connection consume poll /usr/lib/python3/dist-packages/oslo_messaging/_drivers/amqpdriver.py:357
2025-04-28 00:39:35.633 146432 DEBUG oslo_messaging._drivers.amqpdriver [-] AMQPListener connection timeout poll /usr/lib/python3/dist-packages/oslo_messaging/_drivers/amqpdriver.py:360
2025-04-28 00:39:35.633 146432 DEBUG oslo_messaging._drivers.amqpdriver [-] Listener is running poll /usr/lib/python3/dist-packages/oslo_messaging/_drivers/amqpdriver.py:343
2025-04-28 00:39:35.634 146432 DEBUG oslo_messaging._drivers.amqpdriver [-] AMQPListener connection consume poll /usr/lib/python3/dist-packages/oslo_messaging/_drivers/amqpdriver.py:357
2025-04-28 00:39:43.598 146435 DEBUG oslo_messaging._drivers.amqpdriver [-] AMQPListener connection timeout poll /usr/lib/python3/dist-packages/oslo_messaging/_drivers/amqpdriver.py:360
2025-04-28 00:39:43.598 146435 DEBUG oslo_messaging._drivers.amqpdriver [-] Listener is running poll /usr/lib/python3/dist-packages/oslo_messaging/_drivers/amqpdriver.py:343
2025-04-28 00:39:43.599 146435 DEBUG oslo_messaging._drivers.amqpdriver [-] AMQPListener connection consume poll /usr/lib/python3/dist-packages/oslo_messaging/_drivers/amqpdriver.py:357
2025-04-28 00:39:43.601 146433 DEBUG oslo_messaging._drivers.amqpdriver [-] AMQPListener connection timeout poll /usr/lib/python3/dist-packages/oslo_messaging/_drivers/amqpdriver.py:360
2025-04-28 00:39:43.601 146433 DEBUG oslo_messaging._drivers.amqpdriver [-] Listener is running poll /usr/lib/python3/dist-packages/oslo_messaging/_drivers/amqpdriver.py:343
2025-04-28 00:39:43.601 146433 DEBUG oslo_messaging._drivers.amqpdriver [-] AMQPListener connection consume poll /usr/lib/python3/dist-packages/oslo_messaging/_drivers/amqpdriver.py:357
2025-04-28 00:39:43.604 146434 DEBUG oslo_messaging._drivers.amqpdriver [-] AMQPListener connection timeout poll /usr/lib/python3/dist-packages/oslo_messaging/_drivers/amqpdriver.py:360
2025-04-28 00:39:43.604 146434 DEBUG oslo_messaging._drivers.amqpdriver [-] Listener is running poll /usr/lib/python3/dist-packages/oslo_messaging/_drivers/amqpdriver.py:343
2025-04-28 00:39:43.604 146434 DEBUG oslo_messaging._drivers.amqpdriver [-] AMQPListener connection consume poll /usr/lib/python3/dist-packages/oslo_messaging/_drivers/amqpdriver.py:357
2025-04-28 00:39:43.635 146432 DEBUG oslo_messaging._drivers.amqpdriver [-] AMQPListener connection timeout poll /usr/lib/python3/dist-packages/oslo_messaging/_drivers/amqpdriver.py:360
2025-04-28 00:39:43.635 146432 DEBUG oslo_messaging._drivers.amqpdriver [-] Listener is running poll /usr/lib/python3/dist-packages/oslo_messaging/_drivers/amqpdriver.py:343
2025-04-28 00:39:43.635 146432 DEBUG oslo_messaging._drivers.amqpdriver [-] AMQPListener connection consume poll /usr/lib/python3/dist-packages/oslo_messaging/_drivers/amqpdriver.py:357
2025-04-28 00:39:47.597 146434 DEBUG oslo_service.periodic_task [req-7892a28b-cba9-48be-a39f-bfa67311b1c2 - - - - -] Running periodic task SchedulerManager._discover_hosts_in_cells run_periodic_tasks /usr/lib/python3/dist-packages/oslo_service/periodic_task.py:210
2025-04-28 00:39:47.598 146434 DEBUG oslo_db.sqlalchemy.engines [req-7892a28b-cba9-48be-a39f-bfa67311b1c2 - - - - -] Parent process 145992 forked (146434) with an open database connection, which is being discarded and recreated. checkout /usr/lib/python3/dist-packages/oslo_db/sqlalchemy/engines.py:413
2025-04-28 00:39:47.604 146434 DEBUG oslo_concurrency.lockutils [req-7892a28b-cba9-48be-a39f-bfa67311b1c2 - - - - -] Lock "6d2f807c-99e1-41af-ab06-28cbd4a86370" acquired by "nova.context.set_target_cell..get_or_set_cached_cell_and_set_connections" :: waited 0.000s inner /usr/lib/python3/dist-packages/oslo_concurrency/lockutils.py:386
2025-04-28 00:39:47.606 146434 DEBUG oslo_concurrency.lockutils [req-7892a28b-cba9-48be-a39f-bfa67311b1c2 - - - - -] Lock "6d2f807c-99e1-41af-ab06-28cbd4a86370" "released" by "nova.context.set_target_cell..get_or_set_cached_cell_and_set_connections" :: held 0.002s inner /usr/lib/python3/dist-packages/oslo_concurrency/lockutils.py:400
2025-04-28 00:39:47.611 146434 DEBUG oslo_db.sqlalchemy.engines [req-7892a28b-cba9-48be-a39f-bfa67311b1c2 - - - - -] MySQL server mode set to STRICT_TRANS_TABLES,STRICT_ALL_TABLES,NO_ZERO_IN_DATE,NO_ZERO_DATE,ERROR_FOR_DIVISION_BY_ZERO,TRADITIONAL,NO_ENGINE_SUBSTITUTION _check_effective_sql_mode /usr/lib/python3/dist-packages/oslo_db/sqlalchemy/engines.py:314
2025-04-28 00:40:00.618 146435 DEBUG oslo_service.periodic_task [req-0fed5cc2-6712-4250-9b6b-da913da01918 - - - - -] Running periodic task SchedulerManager._discover_hosts_in_cells run_periodic_tasks /usr/lib/python3/dist-packages/oslo_service/periodic_task.py:210
2025-04-28 00:40:00.622 146435 DEBUG oslo_concurrency.lockutils [req-4c0bb359-ed46-4043-a291-304b7e4130b3 - - - - -] Lock "6d2f807c-99e1-41af-ab06-28cbd4a86370" acquired by "nova.context.set_target_cell..get_or_set_cached_cell_and_set_connections" :: waited 0.000s inner /usr/lib/python3/dist-packages/oslo_concurrency/lockutils.py:386
2025-04-28 00:40:00.622 146435 DEBUG oslo_concurrency.lockutils [req-4c0bb359-ed46-4043-a291-304b7e4130b3 - - - - -] Lock "6d2f807c-99e1-41af-ab06-28cbd4a86370" "released" by "nova.context.set_target_cell..get_or_set_cached_cell_and_set_connections" :: held 0.000s inner /usr/lib/python3/dist-packages/oslo_concurrency/lockutils.py:400
2025-04-28 00:40:07.593 146433 DEBUG oslo_service.periodic_task [req-8f9f9710-6427-4a36-9d5d-30c5870240ad - - - - -] Running periodic task SchedulerManager._discover_hosts_in_cells run_periodic_tasks /usr/lib/python3/dist-packages/oslo_service/periodic_task.py:210
2025-04-28 00:40:07.594 146433 DEBUG oslo_db.sqlalchemy.engines [req-8f9f9710-6427-4a36-9d5d-30c5870240ad - - - - -] Parent process 145992 forked (146433) with an open database connection, which is being discarded and recreated. checkout /usr/lib/python3/dist-packages/oslo_db/sqlalchemy/engines.py:413
2025-04-28 00:40:07.600 146433 DEBUG oslo_concurrency.lockutils [req-8f9f9710-6427-4a36-9d5d-30c5870240ad - - - - -] Lock "6d2f807c-99e1-41af-ab06-28cbd4a86370" acquired by "nova.context.set_target_cell..get_or_set_cached_cell_and_set_connections" :: waited 0.000s inner /usr/lib/python3/dist-packages/oslo_concurrency/lockutils.py:386
2025-04-28 00:40:07.602 146433 DEBUG oslo_concurrency.lockutils [req-8f9f9710-6427-4a36-9d5d-30c5870240ad - - - - -] Lock "6d2f807c-99e1-41af-ab06-28cbd4a86370" "released" by "nova.context.set_target_cell..get_or_set_cached_cell_and_set_connections" :: held 0.002s inner /usr/lib/python3/dist-packages/oslo_concurrency/lockutils.py:400
2025-04-28 00:40:07.607 146433 DEBUG oslo_db.sqlalchemy.engines [req-8f9f9710-6427-4a36-9d5d-30c5870240ad - - - - -] MySQL server mode set to STRICT_TRANS_TABLES,STRICT_ALL_TABLES,NO_ZERO_IN_DATE,NO_ZERO_DATE,ERROR_FOR_DIVISION_BY_ZERO,TRADITIONAL,NO_ENGINE_SUBSTITUTION _check_effective_sql_mode /usr/lib/python3/dist-packages/oslo_db/sqlalchemy/engines.py:314
2025-04-28 00:40:13.584 146433 DEBUG oslo_messaging._drivers.amqpdriver [-] AMQPListener connection timeout poll /usr/lib/python3/dist-packages/oslo_messaging/_drivers/amqpdriver.py:360
2025-04-28 00:40:13.585 146433 DEBUG oslo_messaging._drivers.amqpdriver [-] Listener is running poll /usr/lib/python3/dist-packages/oslo_messaging/_drivers/amqpdriver.py:343
2025-04-28 00:40:13.585 146433 DEBUG oslo_messaging._drivers.amqpdriver [-] AMQPListener connection consume poll /usr/lib/python3/dist-packages/oslo_messaging/_drivers/amqpdriver.py:357
2025-04-28 00:40:13.588 146435 DEBUG oslo_messaging._drivers.amqpdriver [-] AMQPListener connection timeout poll /usr/lib/python3/dist-packages/oslo_messaging/_drivers/amqpdriver.py:360
2025-04-28 00:40:13.588 146434 DEBUG oslo_messaging._drivers.amqpdriver [-] AMQPListener connection timeout poll /usr/lib/python3/dist-packages/oslo_messaging/_drivers/amqpdriver.py:360
2025-04-28 00:40:13.588 146435 DEBUG oslo_messaging._drivers.amqpdriver [-] Listener is running poll /usr/lib/python3/dist-packages/oslo_messaging/_drivers/amqpdriver.py:343
2025-04-28 00:40:13.589 146434 DEBUG oslo_messaging._drivers.amqpdriver [-] Listener is running poll /usr/lib/python3/dist-packages/oslo_messaging/_drivers/amqpdriver.py:343
2025-04-28 00:40:13.589 146435 DEBUG oslo_messaging._drivers.amqpdriver [-] AMQPListener connection consume poll /usr/lib/python3/dist-packages/oslo_messaging/_drivers/amqpdriver.py:357
2025-04-28 00:40:13.589 146434 DEBUG oslo_messaging._drivers.amqpdriver [-] AMQPListener connection consume poll /usr/lib/python3/dist-packages/oslo_messaging/_drivers/amqpdriver.py:357
2025-04-28 00:40:13.624 146432 DEBUG oslo_messaging._drivers.amqpdriver [-] AMQPListener connection timeout poll /usr/lib/python3/dist-packages/oslo_messaging/_drivers/amqpdriver.py:360
2025-04-28 00:40:13.624 146432 DEBUG oslo_messaging._drivers.amqpdriver [-] Listener is running poll /usr/lib/python3/dist-packages/oslo_messaging/_drivers/amqpdriver.py:343
2025-04-28 00:40:13.624 146432 DEBUG oslo_messaging._drivers.amqpdriver [-] AMQPListener connection consume poll /usr/lib/python3/dist-packages/oslo_messaging/_drivers/amqpdriver.py:357
2025-04-28 00:40:17.625 146434 DEBUG oslo_service.periodic_task [req-7892a28b-cba9-48be-a39f-bfa67311b1c2 - - - - -] Running periodic task SchedulerManager._discover_hosts_in_cells run_periodic_tasks /usr/lib/python3/dist-packages/oslo_service/periodic_task.py:210
2025-04-28 00:40:17.629 146434 DEBUG oslo_concurrency.lockutils [req-e7a94b30-5339-45f9-a609-02301279f592 - - - - -] Lock "6d2f807c-99e1-41af-ab06-28cbd4a86370" acquired by "nova.context.set_target_cell..get_or_set_cached_cell_and_set_connections" :: waited 0.000s inner /usr/lib/python3/dist-packages/oslo_concurrency/lockutils.py:386
2025-04-28 00:40:17.629 146434 DEBUG oslo_concurrency.lockutils [req-e7a94b30-5339-45f9-a609-02301279f592 - - - - -] Lock "6d2f807c-99e1-41af-ab06-28cbd4a86370" "released" by "nova.context.set_target_cell..get_or_set_cached_cell_and_set_connections" :: held 0.000s inner /usr/lib/python3/dist-packages/oslo_concurrency/lockutils.py:400
2025-04-28 00:40:19.626 146432 DEBUG oslo_service.periodic_task [req-3e760cdd-fa0b-4824-8d31-75c12075bc38 - - - - -] Running periodic task SchedulerManager._discover_hosts_in_cells run_periodic_tasks /usr/lib/python3/dist-packages/oslo_service/periodic_task.py:210
2025-04-28 00:40:19.627 146432 DEBUG oslo_db.sqlalchemy.engines [req-3e760cdd-fa0b-4824-8d31-75c12075bc38 - - - - -] Parent process 145992 forked (146432) with an open database connection, which is being discarded and recreated. checkout /usr/lib/python3/dist-packages/oslo_db/sqlalchemy/engines.py:413
2025-04-28 00:40:19.633 146432 DEBUG oslo_concurrency.lockutils [req-3e760cdd-fa0b-4824-8d31-75c12075bc38 - - - - -] Lock "6d2f807c-99e1-41af-ab06-28cbd4a86370" acquired by "nova.context.set_target_cell..get_or_set_cached_cell_and_set_connections" :: waited 0.000s inner /usr/lib/python3/dist-packages/oslo_concurrency/lockutils.py:386
2025-04-28 00:40:19.635 146432 DEBUG oslo_concurrency.lockutils [req-3e760cdd-fa0b-4824-8d31-75c12075bc38 - - - - -] Lock "6d2f807c-99e1-41af-ab06-28cbd4a86370" "released" by "nova.context.set_target_cell..get_or_set_cached_cell_and_set_connections" :: held 0.002s inner /usr/lib/python3/dist-packages/oslo_concurrency/lockutils.py:400
2025-04-28 00:40:19.639 146432 DEBUG oslo_db.sqlalchemy.engines [req-3e760cdd-fa0b-4824-8d31-75c12075bc38 - - - - -] MySQL server mode set to STRICT_TRANS_TABLES,STRICT_ALL_TABLES,NO_ZERO_IN_DATE,NO_ZERO_DATE,ERROR_FOR_DIVISION_BY_ZERO,TRADITIONAL,NO_ENGINE_SUBSTITUTION _check_effective_sql_mode /usr/lib/python3/dist-packages/oslo_db/sqlalchemy/engines.py:314
2025-04-28 00:40:30.629 146435 DEBUG oslo_service.periodic_task [req-4c0bb359-ed46-4043-a291-304b7e4130b3 - - - - -] Running periodic task SchedulerManager._discover_hosts_in_cells run_periodic_tasks /usr/lib/python3/dist-packages/oslo_service/periodic_task.py:210
2025-04-28 00:40:30.634 146435 DEBUG oslo_concurrency.lockutils [req-a990cb60-7b29-4c50-a862-acd6ff67d234 - - - - -] Lock "6d2f807c-99e1-41af-ab06-28cbd4a86370" acquired by "nova.context.set_target_cell..get_or_set_cached_cell_and_set_connections" :: waited 0.000s inner /usr/lib/python3/dist-packages/oslo_concurrency/lockutils.py:386
2025-04-28 00:40:30.634 146435 DEBUG oslo_concurrency.lockutils [req-a990cb60-7b29-4c50-a862-acd6ff67d234 - - - - -] Lock "6d2f807c-99e1-41af-ab06-28cbd4a86370" "released" by "nova.context.set_target_cell..get_or_set_cached_cell_and_set_connections" :: held 0.000s inner /usr/lib/python3/dist-packages/oslo_concurrency/lockutils.py:400
2025-04-28 00:40:37.622 146433 DEBUG oslo_service.periodic_task [req-8f9f9710-6427-4a36-9d5d-30c5870240ad - - - - -] Running periodic task SchedulerManager._discover_hosts_in_cells run_periodic_tasks /usr/lib/python3/dist-packages/oslo_service/periodic_task.py:210
2025-04-28 00:40:37.626 146433 DEBUG oslo_concurrency.lockutils [req-22ea45c2-b150-4b83-8abe-004b714826cd - - - - -] Lock "6d2f807c-99e1-41af-ab06-28cbd4a86370" acquired by "nova.context.set_target_cell..get_or_set_cached_cell_and_set_connections" :: waited 0.000s inner /usr/lib/python3/dist-packages/oslo_concurrency/lockutils.py:386
2025-04-28 00:40:37.626 146433 DEBUG oslo_concurrency.lockutils [req-22ea45c2-b150-4b83-8abe-004b714826cd - - - - -] Lock "6d2f807c-99e1-41af-ab06-28cbd4a86370" "released" by "nova.context.set_target_cell..get_or_set_cached_cell_and_set_connections" :: held 0.000s inner /usr/lib/python3/dist-packages/oslo_concurrency/lockutils.py:400
2025-04-28 00:40:45.587 146433 DEBUG oslo_messaging._drivers.amqpdriver [-] AMQPListener connection timeout poll /usr/lib/python3/dist-packages/oslo_messaging/_drivers/amqpdriver.py:360
2025-04-28 00:40:45.587 146433 DEBUG oslo_messaging._drivers.amqpdriver [-] Listener is running poll /usr/lib/python3/dist-packages/oslo_messaging/_drivers/amqpdriver.py:343
2025-04-28 00:40:45.587 146433 DEBUG oslo_messaging._drivers.amqpdriver [-] AMQPListener connection consume poll /usr/lib/python3/dist-packages/oslo_messaging/_drivers/amqpdriver.py:357
2025-04-28 00:40:45.591 146435 DEBUG oslo_messaging._drivers.amqpdriver [-] AMQPListener connection timeout poll /usr/lib/python3/dist-packages/oslo_messaging/_drivers/amqpdriver.py:360
2025-04-28 00:40:45.592 146435 DEBUG oslo_messaging._drivers.amqpdriver [-] Listener is running poll /usr/lib/python3/dist-packages/oslo_messaging/_drivers/amqpdriver.py:343
2025-04-28 00:40:45.592 146435 DEBUG oslo_messaging._drivers.amqpdriver [-] AMQPListener connection consume poll /usr/lib/python3/dist-packages/oslo_messaging/_drivers/amqpdriver.py:357
2025-04-28 00:40:45.592 146434 DEBUG oslo_messaging._drivers.amqpdriver [-] AMQPListener connection timeout poll /usr/lib/python3/dist-packages/oslo_messaging/_drivers/amqpdriver.py:360
2025-04-28 00:40:45.592 146434 DEBUG oslo_messaging._drivers.amqpdriver [-] Listener is running poll /usr/lib/python3/dist-packages/oslo_messaging/_drivers/amqpdriver.py:343
2025-04-28 00:40:45.592 146434 DEBUG oslo_messaging._drivers.amqpdriver [-] AMQPListener connection consume poll /usr/lib/python3/dist-packages/oslo_messaging/_drivers/amqpdriver.py:357
2025-04-28 00:40:45.627 146432 DEBUG oslo_messaging._drivers.amqpdriver [-] AMQPListener connection timeout poll /usr/lib/python3/dist-packages/oslo_messaging/_drivers/amqpdriver.py:360
2025-04-28 00:40:45.627 146432 DEBUG oslo_messaging._drivers.amqpdriver [-] Listener is running poll /usr/lib/python3/dist-packages/oslo_messaging/_drivers/amqpdriver.py:343
2025-04-28 00:40:45.627 146432 DEBUG oslo_messaging._drivers.amqpdriver [-] AMQPListener connection consume poll /usr/lib/python3/dist-packages/oslo_messaging/_drivers/amqpdriver.py:357
2025-04-28 00:40:47.635 146434 DEBUG oslo_service.periodic_task [req-e7a94b30-5339-45f9-a609-02301279f592 - - - - -] Running periodic task SchedulerManager._discover_hosts_in_cells run_periodic_tasks /usr/lib/python3/dist-packages/oslo_service/periodic_task.py:210
2025-04-28 00:40:47.639 146434 DEBUG oslo_concurrency.lockutils [req-d845fa83-7a58-4e6c-8fc4-875cbc6840c2 - - - - -] Lock "6d2f807c-99e1-41af-ab06-28cbd4a86370" acquired by "nova.context.set_target_cell..get_or_set_cached_cell_and_set_connections" :: waited 0.000s inner /usr/lib/python3/dist-packages/oslo_concurrency/lockutils.py:386
2025-04-28 00:40:47.640 146434 DEBUG oslo_concurrency.lockutils [req-d845fa83-7a58-4e6c-8fc4-875cbc6840c2 - - - - -] Lock "6d2f807c-99e1-41af-ab06-28cbd4a86370" "released" by "nova.context.set_target_cell..get_or_set_cached_cell_and_set_connections" :: held 0.000s inner /usr/lib/python3/dist-packages/oslo_concurrency/lockutils.py:400
2025-04-28 00:40:49.651 146432 DEBUG oslo_service.periodic_task [req-3e760cdd-fa0b-4824-8d31-75c12075bc38 - - - - -] Running periodic task SchedulerManager._discover_hosts_in_cells run_periodic_tasks /usr/lib/python3/dist-packages/oslo_service/periodic_task.py:210
2025-04-28 00:40:49.655 146432 DEBUG oslo_concurrency.lockutils [req-45e4434e-337a-43ea-ab3a-3e07d72ddd67 - - - - -] Lock "6d2f807c-99e1-41af-ab06-28cbd4a86370" acquired by "nova.context.set_target_cell..get_or_set_cached_cell_and_set_connections" :: waited 0.000s inner /usr/lib/python3/dist-packages/oslo_concurrency/lockutils.py:386
2025-04-28 00:40:49.656 146432 DEBUG oslo_concurrency.lockutils [req-45e4434e-337a-43ea-ab3a-3e07d72ddd67 - - - - -] Lock "6d2f807c-99e1-41af-ab06-28cbd4a86370" "released" by "nova.context.set_target_cell..get_or_set_cached_cell_and_set_connections" :: held 0.000s inner /usr/lib/python3/dist-packages/oslo_concurrency/lockutils.py:400
2025-04-28 00:41:00.639 146435 DEBUG oslo_service.periodic_task [req-a990cb60-7b29-4c50-a862-acd6ff67d234 - - - - -] Running periodic task SchedulerManager._discover_hosts_in_cells run_periodic_tasks /usr/lib/python3/dist-packages/oslo_service/periodic_task.py:210
2025-04-28 00:41:00.643 146435 DEBUG oslo_concurrency.lockutils [req-d40049e1-224e-4634-a2c0-bcf3a55fdfcb - - - - -] Lock "6d2f807c-99e1-41af-ab06-28cbd4a86370" acquired by "nova.context.set_target_cell..get_or_set_cached_cell_and_set_connections" :: waited 0.000s inner /usr/lib/python3/dist-packages/oslo_concurrency/lockutils.py:386
2025-04-28 00:41:00.644 146435 DEBUG oslo_concurrency.lockutils [req-d40049e1-224e-4634-a2c0-bcf3a55fdfcb - - - - -] Lock "6d2f807c-99e1-41af-ab06-28cbd4a86370" "released" by "nova.context.set_target_cell..get_or_set_cached_cell_and_set_connections" :: held 0.000s inner /usr/lib/python3/dist-packages/oslo_concurrency/lockutils.py:400
2025-04-28 00:41:08.594 146433 DEBUG oslo_service.periodic_task [req-22ea45c2-b150-4b83-8abe-004b714826cd - - - - -] Running periodic task SchedulerManager._discover_hosts_in_cells run_periodic_tasks /usr/lib/python3/dist-packages/oslo_service/periodic_task.py:210
2025-04-28 00:41:08.598 146433 DEBUG oslo_concurrency.lockutils [req-48a0d6bd-4d88-4e4a-bcfb-cb6578f67234 - - - - -] Lock "6d2f807c-99e1-41af-ab06-28cbd4a86370" acquired by "nova.context.set_target_cell..get_or_set_cached_cell_and_set_connections" :: waited 0.000s inner /usr/lib/python3/dist-packages/oslo_concurrency/lockutils.py:386
2025-04-28 00:41:08.599 146433 DEBUG oslo_concurrency.lockutils [req-48a0d6bd-4d88-4e4a-bcfb-cb6578f67234 - - - - -] Lock "6d2f807c-99e1-41af-ab06-28cbd4a86370" "released" by "nova.context.set_target_cell..get_or_set_cached_cell_and_set_connections" :: held 0.000s inner /usr/lib/python3/dist-packages/oslo_concurrency/lockutils.py:400
2025-04-28 00:41:18.599 146434 DEBUG oslo_service.periodic_task [req-d845fa83-7a58-4e6c-8fc4-875cbc6840c2 - - - - -] Running periodic task SchedulerManager._discover_hosts_in_cells run_periodic_tasks /usr/lib/python3/dist-packages/oslo_service/periodic_task.py:210
2025-04-28 00:41:18.603 146434 DEBUG oslo_concurrency.lockutils [req-9b4e19a9-c580-4ba9-aa2a-e2e7ad3527c6 - - - - -] Lock "6d2f807c-99e1-41af-ab06-28cbd4a86370" acquired by "nova.context.set_target_cell..get_or_set_cached_cell_and_set_connections" :: waited 0.000s inner /usr/lib/python3/dist-packages/oslo_concurrency/lockutils.py:386
2025-04-28 00:41:18.603 146434 DEBUG oslo_concurrency.lockutils [req-9b4e19a9-c580-4ba9-aa2a-e2e7ad3527c6 - - - - -] Lock "6d2f807c-99e1-41af-ab06-28cbd4a86370" "released" by "nova.context.set_target_cell..get_or_set_cached_cell_and_set_connections" :: held 0.000s inner /usr/lib/python3/dist-packages/oslo_concurrency/lockutils.py:400
2025-04-28 00:41:19.665 146432 DEBUG oslo_service.periodic_task [req-45e4434e-337a-43ea-ab3a-3e07d72ddd67 - - - - -] Running periodic task SchedulerManager._discover_hosts_in_cells run_periodic_tasks /usr/lib/python3/dist-packages/oslo_service/periodic_task.py:210
2025-04-28 00:41:19.669 146432 DEBUG oslo_concurrency.lockutils [req-c6bf8bf1-4b47-4570-93f4-730b2c3a1504 - - - - -] Lock "6d2f807c-99e1-41af-ab06-28cbd4a86370" acquired by "nova.context.set_target_cell..get_or_set_cached_cell_and_set_connections" :: waited 0.000s inner /usr/lib/python3/dist-packages/oslo_concurrency/lockutils.py:386
2025-04-28 00:41:19.669 146432 DEBUG oslo_concurrency.lockutils [req-c6bf8bf1-4b47-4570-93f4-730b2c3a1504 - - - - -] Lock "6d2f807c-99e1-41af-ab06-28cbd4a86370" "released" by "nova.context.set_target_cell..get_or_set_cached_cell_and_set_connections" :: held 0.000s inner /usr/lib/python3/dist-packages/oslo_concurrency/lockutils.py:400
2025-04-28 00:41:31.591 146435 DEBUG oslo_service.periodic_task [req-d40049e1-224e-4634-a2c0-bcf3a55fdfcb - - - - -] Running periodic task SchedulerManager._discover_hosts_in_cells run_periodic_tasks /usr/lib/python3/dist-packages/oslo_service/periodic_task.py:210
2025-04-28 00:41:31.595 146435 DEBUG oslo_concurrency.lockutils [req-a07dccb5-f059-4001-9f9a-63940a56cc1d - - - - -] Lock "6d2f807c-99e1-41af-ab06-28cbd4a86370" acquired by "nova.context.set_target_cell..get_or_set_cached_cell_and_set_connections" :: waited 0.000s inner /usr/lib/python3/dist-packages/oslo_concurrency/lockutils.py:386
2025-04-28 00:41:31.595 146435 DEBUG oslo_concurrency.lockutils [req-a07dccb5-f059-4001-9f9a-63940a56cc1d - - - - -] Lock "6d2f807c-99e1-41af-ab06-28cbd4a86370" "released" by "nova.context.set_target_cell..get_or_set_cached_cell_and_set_connections" :: held 0.000s inner /usr/lib/python3/dist-packages/oslo_concurrency/lockutils.py:400
2025-04-28 00:41:39.595 146433 DEBUG oslo_service.periodic_task [req-48a0d6bd-4d88-4e4a-bcfb-cb6578f67234 - - - - -] Running periodic task SchedulerManager._discover_hosts_in_cells run_periodic_tasks /usr/lib/python3/dist-packages/oslo_service/periodic_task.py:210
