2025-04-28 00:39:28.552 145992 DEBUG oslo_service.service [req-f3199d88-2c93-4d78-b3e9-f1954b05028b - - - - -] periodic_fuzzy_delay = 60 log_opt_values /usr/lib/python3/dist-packages/oslo_config/cfg.py:2602
2025-04-28 00:39:28.553 145992 DEBUG oslo_service.service [req-f3199d88-2c93-4d78-b3e9-f1954b05028b - - - - -] pointer_model = usbtablet log_opt_values /usr/lib/python3/dist-packages/oslo_config/cfg.py:2602
2025-04-28 00:39:28.553 145992 DEBUG oslo_service.service [req-f3199d88-2c93-4d78-b3e9-f1954b05028b - - - - -] preallocate_images = none log_opt_values /usr/lib/python3/dist-packages/oslo_config/cfg.py:2602
2025-04-28 00:39:28.554 145992 DEBUG oslo_service.service [req-f3199d88-2c93-4d78-b3e9-f1954b05028b - - - - -] publish_errors = False log_opt_values /usr/lib/python3/dist-packages/oslo_config/cfg.py:2602
2025-04-28 00:39:28.554 145992 DEBUG oslo_service.service [req-f3199d88-2c93-4d78-b3e9-f1954b05028b - - - - -] pybasedir = /usr/lib/python3/dist-packages log_opt_values /usr/lib/python3/dist-packages/oslo_config/cfg.py:2602
2025-04-28 00:39:28.554 145992 DEBUG oslo_service.service [req-f3199d88-2c93-4d78-b3e9-f1954b05028b - - - - -] ram_allocation_ratio = 0.98 log_opt_values /usr/lib/python3/dist-packages/oslo_config/cfg.py:2602
2025-04-28 00:39:28.554 145992 DEBUG oslo_service.service [req-f3199d88-2c93-4d78-b3e9-f1954b05028b - - - - -] rate_limit_burst = 0 log_opt_values /usr/lib/python3/dist-packages/oslo_config/cfg.py:2602
2025-04-28 00:39:28.555 145992 DEBUG oslo_service.service [req-f3199d88-2c93-4d78-b3e9-f1954b05028b - - - - -] rate_limit_except_level = CRITICAL log_opt_values /usr/lib/python3/dist-packages/oslo_config/cfg.py:2602
2025-04-28 00:39:28.555 145992 DEBUG oslo_service.service [req-f3199d88-2c93-4d78-b3e9-f1954b05028b - - - - -] rate_limit_interval = 0 log_opt_values /usr/lib/python3/dist-packages/oslo_config/cfg.py:2602
2025-04-28 00:39:28.555 145992 DEBUG oslo_service.service [req-f3199d88-2c93-4d78-b3e9-f1954b05028b - - - - -] reboot_timeout = 0 log_opt_values /usr/lib/python3/dist-packages/oslo_config/cfg.py:2602
2025-04-28 00:39:28.555 145992 DEBUG oslo_service.service [req-f3199d88-2c93-4d78-b3e9-f1954b05028b - - - - -] reclaim_instance_interval = 0 log_opt_values /usr/lib/python3/dist-packages/oslo_config/cfg.py:2602
2025-04-28 00:39:28.555 145992 DEBUG oslo_service.service [req-f3199d88-2c93-4d78-b3e9-f1954b05028b - - - - -] record = None log_opt_values /usr/lib/python3/dist-packages/oslo_config/cfg.py:2602
2025-04-28 00:39:28.556 145992 DEBUG oslo_service.service [req-f3199d88-2c93-4d78-b3e9-f1954b05028b - - - - -] report_interval = 10 log_opt_values /usr/lib/python3/dist-packages/oslo_config/cfg.py:2602
2025-04-28 00:39:28.556 145992 DEBUG oslo_service.service [req-f3199d88-2c93-4d78-b3e9-f1954b05028b - - - - -] rescue_timeout = 0 log_opt_values /usr/lib/python3/dist-packages/oslo_config/cfg.py:2602
2025-04-28 00:39:28.556 145992 DEBUG oslo_service.service [req-f3199d88-2c93-4d78-b3e9-f1954b05028b - - - - -] reserved_host_cpus = 0 log_opt_values /usr/lib/python3/dist-packages/oslo_config/cfg.py:2602
2025-04-28 00:39:28.556 145992 DEBUG oslo_service.service [req-f3199d88-2c93-4d78-b3e9-f1954b05028b - - - - -] reserved_host_disk_mb = 0 log_opt_values /usr/lib/python3/dist-packages/oslo_config/cfg.py:2602
2025-04-28 00:39:28.556 145992 DEBUG oslo_service.service [req-f3199d88-2c93-4d78-b3e9-f1954b05028b - - - - -] reserved_host_memory_mb = 512 log_opt_values /usr/lib/python3/dist-packages/oslo_config/cfg.py:2602
2025-04-28 00:39:28.557 145992 DEBUG oslo_service.service [req-f3199d88-2c93-4d78-b3e9-f1954b05028b - - - - -] reserved_huge_pages = None log_opt_values /usr/lib/python3/dist-packages/oslo_config/cfg.py:2602
2025-04-28 00:39:28.557 145992 DEBUG oslo_service.service [req-f3199d88-2c93-4d78-b3e9-f1954b05028b - - - - -] resize_confirm_window = 0 log_opt_values /usr/lib/python3/dist-packages/oslo_config/cfg.py:2602
2025-04-28 00:39:28.557 145992 DEBUG oslo_service.service [req-f3199d88-2c93-4d78-b3e9-f1954b05028b - - - - -] resize_fs_using_block_device = False log_opt_values /usr/lib/python3/dist-packages/oslo_config/cfg.py:2602
2025-04-28 00:39:28.557 145992 DEBUG oslo_service.service [req-f3199d88-2c93-4d78-b3e9-f1954b05028b - - - - -] resume_guests_state_on_host_boot = False log_opt_values /usr/lib/python3/dist-packages/oslo_config/cfg.py:2602
2025-04-28 00:39:28.557 145992 DEBUG oslo_service.service [req-f3199d88-2c93-4d78-b3e9-f1954b05028b - - - - -] rootwrap_config = /etc/nova/rootwrap.conf log_opt_values /usr/lib/python3/dist-packages/oslo_config/cfg.py:2602
2025-04-28 00:39:28.558 145992 DEBUG oslo_service.service [req-f3199d88-2c93-4d78-b3e9-f1954b05028b - - - - -] run_external_periodic_tasks = True log_opt_values /usr/lib/python3/dist-packages/oslo_config/cfg.py:2602
2025-04-28 00:39:28.558 145992 DEBUG oslo_service.service [req-f3199d88-2c93-4d78-b3e9-f1954b05028b - - - - -] running_deleted_instance_action = reap log_opt_values /usr/lib/python3/dist-packages/oslo_config/cfg.py:2602
2025-04-28 00:39:28.558 145992 DEBUG oslo_service.service [req-f3199d88-2c93-4d78-b3e9-f1954b05028b - - - - -] running_deleted_instance_poll_interval = 1800 log_opt_values /usr/lib/python3/dist-packages/oslo_config/cfg.py:2602
2025-04-28 00:39:28.558 145992 DEBUG oslo_service.service [req-f3199d88-2c93-4d78-b3e9-f1954b05028b - - - - -] running_deleted_instance_timeout = 0 log_opt_values /usr/lib/python3/dist-packages/oslo_config/cfg.py:2602
2025-04-28 00:39:28.558 145992 DEBUG oslo_service.service [req-f3199d88-2c93-4d78-b3e9-f1954b05028b - - - - -] scheduler_instance_sync_interval = 120 log_opt_values /usr/lib/python3/dist-packages/oslo_config/cfg.py:2602
2025-04-28 00:39:28.559 145992 DEBUG oslo_service.service [req-f3199d88-2c93-4d78-b3e9-f1954b05028b - - - - -] service_down_time = 60 log_opt_values /usr/lib/python3/dist-packages/oslo_config/cfg.py:2602
2025-04-28 00:39:28.559 145992 DEBUG oslo_service.service [req-f3199d88-2c93-4d78-b3e9-f1954b05028b - - - - -] servicegroup_driver = db log_opt_values /usr/lib/python3/dist-packages/oslo_config/cfg.py:2602
2025-04-28 00:39:28.559 145992 DEBUG oslo_service.service [req-f3199d88-2c93-4d78-b3e9-f1954b05028b - - - - -] shelved_offload_time = 0 log_opt_values /usr/lib/python3/dist-packages/oslo_config/cfg.py:2602
2025-04-28 00:39:28.559 146434 DEBUG nova.service [req-3d788689-257d-4ae0-976e-93bdabaca214 - - - - -] Creating RPC server for service scheduler start /usr/lib/python3/dist-packages/nova/service.py:182
2025-04-28 00:39:28.559 145992 DEBUG oslo_service.service [req-f3199d88-2c93-4d78-b3e9-f1954b05028b - - - - -] shelved_poll_interval = 3600 log_opt_values /usr/lib/python3/dist-packages/oslo_config/cfg.py:2602
2025-04-28 00:39:28.559 145992 DEBUG oslo_service.service [req-f3199d88-2c93-4d78-b3e9-f1954b05028b - - - - -] shutdown_timeout = 60 log_opt_values /usr/lib/python3/dist-packages/oslo_config/cfg.py:2602
2025-04-28 00:39:28.560 145992 DEBUG oslo_service.service [req-f3199d88-2c93-4d78-b3e9-f1954b05028b - - - - -] source_is_ipv6 = False log_opt_values /usr/lib/python3/dist-packages/oslo_config/cfg.py:2602
2025-04-28 00:39:28.560 145992 DEBUG oslo_service.service [req-f3199d88-2c93-4d78-b3e9-f1954b05028b - - - - -] ssl_only = False log_opt_values /usr/lib/python3/dist-packages/oslo_config/cfg.py:2602
2025-04-28 00:39:28.560 145992 DEBUG oslo_service.service [req-f3199d88-2c93-4d78-b3e9-f1954b05028b - - - - -] state_path = /var/lib/nova log_opt_values /usr/lib/python3/dist-packages/oslo_config/cfg.py:2602
2025-04-28 00:39:28.560 145992 DEBUG oslo_service.service [req-f3199d88-2c93-4d78-b3e9-f1954b05028b - - - - -] sync_power_state_interval = 600 log_opt_values /usr/lib/python3/dist-packages/oslo_config/cfg.py:2602
2025-04-28 00:39:28.560 146435 DEBUG nova.service [req-46436e7e-917d-4d72-b909-4519707e266c - - - - -] Creating RPC server for service scheduler start /usr/lib/python3/dist-packages/nova/service.py:182
2025-04-28 00:39:28.560 145992 DEBUG oslo_service.service [req-f3199d88-2c93-4d78-b3e9-f1954b05028b - - - - -] sync_power_state_pool_size = 1000 log_opt_values /usr/lib/python3/dist-packages/oslo_config/cfg.py:2602
2025-04-28 00:39:28.561 145992 DEBUG oslo_service.service [req-f3199d88-2c93-4d78-b3e9-f1954b05028b - - - - -] syslog_log_facility = LOG_USER log_opt_values /usr/lib/python3/dist-packages/oslo_config/cfg.py:2602
2025-04-28 00:39:28.561 145992 DEBUG oslo_service.service [req-f3199d88-2c93-4d78-b3e9-f1954b05028b - - - - -] tempdir = None log_opt_values /usr/lib/python3/dist-packages/oslo_config/cfg.py:2602
2025-04-28 00:39:28.561 145992 DEBUG oslo_service.service [req-f3199d88-2c93-4d78-b3e9-f1954b05028b - - - - -] timeout_nbd = 10 log_opt_values /usr/lib/python3/dist-packages/oslo_config/cfg.py:2602
2025-04-28 00:39:28.561 145992 DEBUG oslo_service.service [req-f3199d88-2c93-4d78-b3e9-f1954b05028b - - - - -] transport_url = **** log_opt_values /usr/lib/python3/dist-packages/oslo_config/cfg.py:2602
2025-04-28 00:39:28.561 145992 DEBUG oslo_service.service [req-f3199d88-2c93-4d78-b3e9-f1954b05028b - - - - -] update_resources_interval = 0 log_opt_values /usr/lib/python3/dist-packages/oslo_config/cfg.py:2602
2025-04-28 00:39:28.562 145992 DEBUG oslo_service.service [req-f3199d88-2c93-4d78-b3e9-f1954b05028b - - - - -] use_cow_images = True log_opt_values /usr/lib/python3/dist-packages/oslo_config/cfg.py:2602
2025-04-28 00:39:28.562 145992 DEBUG oslo_service.service [req-f3199d88-2c93-4d78-b3e9-f1954b05028b - - - - -] use_eventlog = False log_opt_values /usr/lib/python3/dist-packages/oslo_config/cfg.py:2602
2025-04-28 00:39:28.562 145992 DEBUG oslo_service.service [req-f3199d88-2c93-4d78-b3e9-f1954b05028b - - - - -] use_journal = False log_opt_values /usr/lib/python3/dist-packages/oslo_config/cfg.py:2602
2025-04-28 00:39:28.562 146433 DEBUG nova.service [req-f43da040-eae8-4521-8dd0-24b696da16f3 - - - - -] Creating RPC server for service scheduler start /usr/lib/python3/dist-packages/nova/service.py:182
2025-04-28 00:39:28.562 145992 DEBUG oslo_service.service [req-f3199d88-2c93-4d78-b3e9-f1954b05028b - - - - -] use_json = False log_opt_values /usr/lib/python3/dist-packages/oslo_config/cfg.py:2602
2025-04-28 00:39:28.562 145992 DEBUG oslo_service.service [req-f3199d88-2c93-4d78-b3e9-f1954b05028b - - - - -] use_rootwrap_daemon = False log_opt_values /usr/lib/python3/dist-packages/oslo_config/cfg.py:2602
2025-04-28 00:39:28.562 145992 DEBUG oslo_service.service [req-f3199d88-2c93-4d78-b3e9-f1954b05028b - - - - -] use_stderr = False log_opt_values /usr/lib/python3/dist-packages/oslo_config/cfg.py:2602
2025-04-28 00:39:28.563 145992 DEBUG oslo_service.service [req-f3199d88-2c93-4d78-b3e9-f1954b05028b - - - - -] use_syslog = False log_opt_values /usr/lib/python3/dist-packages/oslo_config/cfg.py:2602
2025-04-28 00:39:28.563 145992 DEBUG oslo_service.service [req-f3199d88-2c93-4d78-b3e9-f1954b05028b - - - - -] vcpu_pin_set = None log_opt_values /usr/lib/python3/dist-packages/oslo_config/cfg.py:2602
2025-04-28 00:39:28.563 145992 DEBUG oslo_service.service [req-f3199d88-2c93-4d78-b3e9-f1954b05028b - - - - -] vif_plugging_is_fatal = True log_opt_values /usr/lib/python3/dist-packages/oslo_config/cfg.py:2602
2025-04-28 00:39:28.563 145992 DEBUG oslo_service.service [req-f3199d88-2c93-4d78-b3e9-f1954b05028b - - - - -] vif_plugging_timeout = 300 log_opt_values /usr/lib/python3/dist-packages/oslo_config/cfg.py:2602
2025-04-28 00:39:28.563 145992 DEBUG oslo_service.service [req-f3199d88-2c93-4d78-b3e9-f1954b05028b - - - - -] virt_mkfs = [] log_opt_values /usr/lib/python3/dist-packages/oslo_config/cfg.py:2602
2025-04-28 00:39:28.564 145992 DEBUG oslo_service.service [req-f3199d88-2c93-4d78-b3e9-f1954b05028b - - - - -] volume_usage_poll_interval = 0 log_opt_values /usr/lib/python3/dist-packages/oslo_config/cfg.py:2602
2025-04-28 00:39:28.564 145992 DEBUG oslo_service.service [req-f3199d88-2c93-4d78-b3e9-f1954b05028b - - - - -] watch_log_file = False log_opt_values /usr/lib/python3/dist-packages/oslo_config/cfg.py:2602
2025-04-28 00:39:28.564 145992 DEBUG oslo_service.service [req-f3199d88-2c93-4d78-b3e9-f1954b05028b - - - - -] web = /usr/share/spice-html5 log_opt_values /usr/lib/python3/dist-packages/oslo_config/cfg.py:2602
2025-04-28 00:39:28.564 145992 DEBUG oslo_service.service [req-f3199d88-2c93-4d78-b3e9-f1954b05028b - - - - -] oslo_concurrency.disable_process_locking = False log_opt_values /usr/lib/python3/dist-packages/oslo_config/cfg.py:2609
2025-04-28 00:39:28.565 145992 DEBUG oslo_service.service [req-f3199d88-2c93-4d78-b3e9-f1954b05028b - - - - -] oslo_concurrency.lock_path = /var/lock/nova log_opt_values /usr/lib/python3/dist-packages/oslo_config/cfg.py:2609
2025-04-28 00:39:28.565 145992 WARNING oslo_config.cfg [req-f3199d88-2c93-4d78-b3e9-f1954b05028b - - - - -] Deprecated: Option "auth_strategy" from group "api" is deprecated for removal ( The only non-default choice, ``noauth2``, is for internal development and testing purposes only and should not be used in deployments. This option and its middleware, NoAuthMiddleware[V2_18], will be removed in a future release. ). Its value may be silently ignored in the future.
2025-04-28 00:39:28.565 145992 DEBUG oslo_service.service [req-f3199d88-2c93-4d78-b3e9-f1954b05028b - - - - -] api.auth_strategy = keystone log_opt_values /usr/lib/python3/dist-packages/oslo_config/cfg.py:2609
2025-04-28 00:39:28.566 145992 DEBUG oslo_service.service [req-f3199d88-2c93-4d78-b3e9-f1954b05028b - - - - -] api.compute_link_prefix = None log_opt_values /usr/lib/python3/dist-packages/oslo_config/cfg.py:2609
2025-04-28 00:39:28.566 145992 DEBUG oslo_service.service [req-f3199d88-2c93-4d78-b3e9-f1954b05028b - - - - -] api.config_drive_skip_versions = 1.0 2007-01-19 2007-03-01 2007-08-29 2007-10-10 2007-12-15 2008-02-01 2008-09-01 log_opt_values /usr/lib/python3/dist-packages/oslo_config/cfg.py:2609
2025-04-28 00:39:28.566 145992 DEBUG oslo_service.service [req-f3199d88-2c93-4d78-b3e9-f1954b05028b - - - - -] api.dhcp_domain = novalocal log_opt_values /usr/lib/python3/dist-packages/oslo_config/cfg.py:2609
2025-04-28 00:39:28.566 145992 DEBUG oslo_service.service [req-f3199d88-2c93-4d78-b3e9-f1954b05028b - - - - -] api.enable_instance_password = True log_opt_values /usr/lib/python3/dist-packages/oslo_config/cfg.py:2609
2025-04-28 00:39:28.566 145992 DEBUG oslo_service.service [req-f3199d88-2c93-4d78-b3e9-f1954b05028b - - - - -] api.glance_link_prefix = None log_opt_values /usr/lib/python3/dist-packages/oslo_config/cfg.py:2609
2025-04-28 00:39:28.567 145992 DEBUG oslo_service.service [req-f3199d88-2c93-4d78-b3e9-f1954b05028b - - - - -] api.instance_list_cells_batch_fixed_size = 100 log_opt_values /usr/lib/python3/dist-packages/oslo_config/cfg.py:2609
2025-04-28 00:39:28.567 145992 DEBUG oslo_service.service [req-f3199d88-2c93-4d78-b3e9-f1954b05028b - - - - -] api.instance_list_cells_batch_strategy = distributed log_opt_values /usr/lib/python3/dist-packages/oslo_config/cfg.py:2609
2025-04-28 00:39:28.567 145992 DEBUG oslo_service.service [req-f3199d88-2c93-4d78-b3e9-f1954b05028b - - - - -] api.instance_list_per_project_cells = False log_opt_values /usr/lib/python3/dist-packages/oslo_config/cfg.py:2609
2025-04-28 00:39:28.567 145992 DEBUG oslo_service.service [req-f3199d88-2c93-4d78-b3e9-f1954b05028b - - - - -] api.list_records_by_skipping_down_cells = True log_opt_values /usr/lib/python3/dist-packages/oslo_config/cfg.py:2609
2025-04-28 00:39:28.567 145992 DEBUG oslo_service.service [req-f3199d88-2c93-4d78-b3e9-f1954b05028b - - - - -] api.local_metadata_per_cell = False log_opt_values /usr/lib/python3/dist-packages/oslo_config/cfg.py:2609
2025-04-28 00:39:28.568 145992 DEBUG oslo_service.service [req-f3199d88-2c93-4d78-b3e9-f1954b05028b - - - - -] api.max_limit = 1000 log_opt_values /usr/lib/python3/dist-packages/oslo_config/cfg.py:2609
2025-04-28 00:39:28.568 145992 DEBUG oslo_service.service [req-f3199d88-2c93-4d78-b3e9-f1954b05028b - - - - -] api.metadata_cache_expiration = 15 log_opt_values /usr/lib/python3/dist-packages/oslo_config/cfg.py:2609
2025-04-28 00:39:28.568 145992 DEBUG oslo_service.service [req-f3199d88-2c93-4d78-b3e9-f1954b05028b - - - - -] api.neutron_default_tenant_id = default log_opt_values /usr/lib/python3/dist-packages/oslo_config/cfg.py:2609
2025-04-28 00:39:28.568 145992 DEBUG oslo_service.service [req-f3199d88-2c93-4d78-b3e9-f1954b05028b - - - - -] api.use_forwarded_for = False log_opt_values /usr/lib/python3/dist-packages/oslo_config/cfg.py:2609
2025-04-28 00:39:28.568 145992 DEBUG oslo_service.service [req-f3199d88-2c93-4d78-b3e9-f1954b05028b - - - - -] api.use_neutron_default_nets = False log_opt_values /usr/lib/python3/dist-packages/oslo_config/cfg.py:2609
2025-04-28 00:39:28.569 145992 DEBUG oslo_service.service [req-f3199d88-2c93-4d78-b3e9-f1954b05028b - - - - -] api.vendordata_dynamic_connect_timeout = 5 log_opt_values /usr/lib/python3/dist-packages/oslo_config/cfg.py:2609
2025-04-28 00:39:28.569 145992 DEBUG oslo_service.service [req-f3199d88-2c93-4d78-b3e9-f1954b05028b - - - - -] api.vendordata_dynamic_failure_fatal = False log_opt_values /usr/lib/python3/dist-packages/oslo_config/cfg.py:2609
2025-04-28 00:39:28.569 145992 DEBUG oslo_service.service [req-f3199d88-2c93-4d78-b3e9-f1954b05028b - - - - -] api.vendordata_dynamic_read_timeout = 5 log_opt_values /usr/lib/python3/dist-packages/oslo_config/cfg.py:2609
2025-04-28 00:39:28.569 145992 DEBUG oslo_service.service [req-f3199d88-2c93-4d78-b3e9-f1954b05028b - - - - -] api.vendordata_dynamic_ssl_certfile = log_opt_values /usr/lib/python3/dist-packages/oslo_config/cfg.py:2609
2025-04-28 00:39:28.569 145992 DEBUG oslo_service.service [req-f3199d88-2c93-4d78-b3e9-f1954b05028b - - - - -] api.vendordata_dynamic_targets = [] log_opt_values /usr/lib/python3/dist-packages/oslo_config/cfg.py:2609
2025-04-28 00:39:28.570 145992 DEBUG oslo_service.service [req-f3199d88-2c93-4d78-b3e9-f1954b05028b - - - - -] api.vendordata_jsonfile_path = None log_opt_values /usr/lib/python3/dist-packages/oslo_config/cfg.py:2609
2025-04-28 00:39:28.570 145992 DEBUG oslo_service.service [req-f3199d88-2c93-4d78-b3e9-f1954b05028b - - - - -] api.vendordata_providers = ['StaticJSON'] log_opt_values /usr/lib/python3/dist-packages/oslo_config/cfg.py:2609
2025-04-28 00:39:28.570 145992 DEBUG oslo_service.service [req-f3199d88-2c93-4d78-b3e9-f1954b05028b - - - - -] cache.backend = dogpile.cache.null log_opt_values /usr/lib/python3/dist-packages/oslo_config/cfg.py:2609
2025-04-28 00:39:28.571 145992 DEBUG oslo_service.service [req-f3199d88-2c93-4d78-b3e9-f1954b05028b - - - - -] cache.backend_argument = **** log_opt_values /usr/lib/python3/dist-packages/oslo_config/cfg.py:2609
2025-04-28 00:39:28.571 145992 DEBUG oslo_service.service [req-f3199d88-2c93-4d78-b3e9-f1954b05028b - - - - -] cache.config_prefix = cache.oslo log_opt_values /usr/lib/python3/dist-packages/oslo_config/cfg.py:2609
2025-04-28 00:39:28.571 145992 DEBUG oslo_service.service [req-f3199d88-2c93-4d78-b3e9-f1954b05028b - - - - -] cache.debug_cache_backend = False log_opt_values /usr/lib/python3/dist-packages/oslo_config/cfg.py:2609
2025-04-28 00:39:28.571 145992 DEBUG oslo_service.service [req-f3199d88-2c93-4d78-b3e9-f1954b05028b - - - - -] cache.enabled = False log_opt_values /usr/lib/python3/dist-packages/oslo_config/cfg.py:2609
2025-04-28 00:39:28.571 145992 DEBUG oslo_service.service [req-f3199d88-2c93-4d78-b3e9-f1954b05028b - - - - -] cache.expiration_time = 600 log_opt_values /usr/lib/python3/dist-packages/oslo_config/cfg.py:2609
2025-04-28 00:39:28.572 145992 DEBUG oslo_service.service [req-f3199d88-2c93-4d78-b3e9-f1954b05028b - - - - -] cache.memcache_dead_retry = 300 log_opt_values /usr/lib/python3/dist-packages/oslo_config/cfg.py:2609
2025-04-28 00:39:28.572 145992 DEBUG oslo_service.service [req-f3199d88-2c93-4d78-b3e9-f1954b05028b - - - - -] cache.memcache_pool_connection_get_timeout = 10 log_opt_values /usr/lib/python3/dist-packages/oslo_config/cfg.py:2609
2025-04-28 00:39:28.572 145992 DEBUG oslo_service.service [req-f3199d88-2c93-4d78-b3e9-f1954b05028b - - - - -] cache.memcache_pool_flush_on_reconnect = False log_opt_values /usr/lib/python3/dist-packages/oslo_config/cfg.py:2609
2025-04-28 00:39:28.572 145992 DEBUG oslo_service.service [req-f3199d88-2c93-4d78-b3e9-f1954b05028b - - - - -] cache.memcache_pool_maxsize = 10 log_opt_values /usr/lib/python3/dist-packages/oslo_config/cfg.py:2609
2025-04-28 00:39:28.572 145992 DEBUG oslo_service.service [req-f3199d88-2c93-4d78-b3e9-f1954b05028b - - - - -] cache.memcache_pool_unused_timeout = 60 log_opt_values /usr/lib/python3/dist-packages/oslo_config/cfg.py:2609
2025-04-28 00:39:28.572 145992 DEBUG oslo_service.service [req-f3199d88-2c93-4d78-b3e9-f1954b05028b - - - - -] cache.memcache_servers = ['localhost:11211'] log_opt_values /usr/lib/python3/dist-packages/oslo_config/cfg.py:2609
2025-04-28 00:39:28.573 145992 DEBUG oslo_service.service [req-f3199d88-2c93-4d78-b3e9-f1954b05028b - - - - -] cache.memcache_socket_timeout = 1.0 log_opt_values /usr/lib/python3/dist-packages/oslo_config/cfg.py:2609
2025-04-28 00:39:28.573 145992 DEBUG oslo_service.service [req-f3199d88-2c93-4d78-b3e9-f1954b05028b - - - - -] cache.proxies = [] log_opt_values /usr/lib/python3/dist-packages/oslo_config/cfg.py:2609
2025-04-28 00:39:28.573 145992 DEBUG oslo_service.service [req-f3199d88-2c93-4d78-b3e9-f1954b05028b - - - - -] cache.tls_allowed_ciphers = None log_opt_values /usr/lib/python3/dist-packages/oslo_config/cfg.py:2609
2025-04-28 00:39:28.573 145992 DEBUG oslo_service.service [req-f3199d88-2c93-4d78-b3e9-f1954b05028b - - - - -] cache.tls_cafile = None log_opt_values /usr/lib/python3/dist-packages/oslo_config/cfg.py:2609
2025-04-28 00:39:28.573 145992 DEBUG oslo_service.service [req-f3199d88-2c93-4d78-b3e9-f1954b05028b - - - - -] cache.tls_certfile = None log_opt_values /usr/lib/python3/dist-packages/oslo_config/cfg.py:2609
2025-04-28 00:39:28.574 145992 DEBUG oslo_service.service [req-f3199d88-2c93-4d78-b3e9-f1954b05028b - - - - -] cache.tls_enabled = False log_opt_values /usr/lib/python3/dist-packages/oslo_config/cfg.py:2609
2025-04-28 00:39:28.574 146432 DEBUG oslo_db.sqlalchemy.engines [req-001eb29e-0048-4e19-97f9-9ebd467d7e91 - - - - -] MySQL server mode set to STRICT_TRANS_TABLES,STRICT_ALL_TABLES,NO_ZERO_IN_DATE,NO_ZERO_DATE,ERROR_FOR_DIVISION_BY_ZERO,TRADITIONAL,NO_ENGINE_SUBSTITUTION _check_effective_sql_mode /usr/lib/python3/dist-packages/oslo_db/sqlalchemy/engines.py:314
2025-04-28 00:39:28.574 145992 DEBUG oslo_service.service [req-f3199d88-2c93-4d78-b3e9-f1954b05028b - - - - -] cache.tls_keyfile = None log_opt_values /usr/lib/python3/dist-packages/oslo_config/cfg.py:2609
2025-04-28 00:39:28.575 145992 DEBUG oslo_service.service [req-f3199d88-2c93-4d78-b3e9-f1954b05028b - - - - -] cinder.auth_section = None log_opt_values /usr/lib/python3/dist-packages/oslo_config/cfg.py:2609
2025-04-28 00:39:28.578 145992 DEBUG oslo_service.service [req-f3199d88-2c93-4d78-b3e9-f1954b05028b - - - - -] cinder.auth_type = None log_opt_values /usr/lib/python3/dist-packages/oslo_config/cfg.py:2609
2025-04-28 00:39:28.578 145992 DEBUG oslo_service.service [req-f3199d88-2c93-4d78-b3e9-f1954b05028b - - - - -] cinder.cafile = None log_opt_values /usr/lib/python3/dist-packages/oslo_config/cfg.py:2609
2025-04-28 00:39:28.578 145992 DEBUG oslo_service.service [req-f3199d88-2c93-4d78-b3e9-f1954b05028b - - - - -] cinder.catalog_info = volumev3::publicURL log_opt_values /usr/lib/python3/dist-packages/oslo_config/cfg.py:2609
2025-04-28 00:39:28.578 145992 DEBUG oslo_service.service [req-f3199d88-2c93-4d78-b3e9-f1954b05028b - - - - -] cinder.certfile = None log_opt_values /usr/lib/python3/dist-packages/oslo_config/cfg.py:2609
2025-04-28 00:39:28.579 145992 DEBUG oslo_service.service [req-f3199d88-2c93-4d78-b3e9-f1954b05028b - - - - -] cinder.collect_timing = False log_opt_values /usr/lib/python3/dist-packages/oslo_config/cfg.py:2609
2025-04-28 00:39:28.580 145992 DEBUG oslo_service.service [req-f3199d88-2c93-4d78-b3e9-f1954b05028b - - - - -] cinder.cross_az_attach = True log_opt_values /usr/lib/python3/dist-packages/oslo_config/cfg.py:2609
2025-04-28 00:39:28.581 145992 DEBUG oslo_service.service [req-f3199d88-2c93-4d78-b3e9-f1954b05028b - - - - -] cinder.debug = False log_opt_values /usr/lib/python3/dist-packages/oslo_config/cfg.py:2609
2025-04-28 00:39:28.581 145992 DEBUG oslo_service.service [req-f3199d88-2c93-4d78-b3e9-f1954b05028b - - - - -] cinder.endpoint_template = None log_opt_values /usr/lib/python3/dist-packages/oslo_config/cfg.py:2609
2025-04-28 00:39:28.584 145992 DEBUG oslo_service.service [req-f3199d88-2c93-4d78-b3e9-f1954b05028b - - - - -] cinder.http_retries = 3 log_opt_values /usr/lib/python3/dist-packages/oslo_config/cfg.py:2609
2025-04-28 00:39:28.585 145992 DEBUG oslo_service.service [req-f3199d88-2c93-4d78-b3e9-f1954b05028b - - - - -] cinder.insecure = False log_opt_values /usr/lib/python3/dist-packages/oslo_config/cfg.py:2609
2025-04-28 00:39:28.586 146435 DEBUG oslo_messaging._drivers.amqpdriver [-] Listener is running poll /usr/lib/python3/dist-packages/oslo_messaging/_drivers/amqpdriver.py:343
2025-04-28 00:39:28.586 146435 DEBUG oslo_messaging._drivers.amqpdriver [-] AMQPListener connection consume poll /usr/lib/python3/dist-packages/oslo_messaging/_drivers/amqpdriver.py:357
2025-04-28 00:39:28.586 145992 DEBUG oslo_service.service [req-f3199d88-2c93-4d78-b3e9-f1954b05028b - - - - -] cinder.keyfile = None log_opt_values /usr/lib/python3/dist-packages/oslo_config/cfg.py:2609
2025-04-28 00:39:28.586 146433 DEBUG oslo_messaging._drivers.amqpdriver [-] Listener is running poll /usr/lib/python3/dist-packages/oslo_messaging/_drivers/amqpdriver.py:343
2025-04-28 00:39:28.586 145992 DEBUG oslo_service.service [req-f3199d88-2c93-4d78-b3e9-f1954b05028b - - - - -] cinder.os_region_name = None log_opt_values /usr/lib/python3/dist-packages/oslo_config/cfg.py:2609
2025-04-28 00:39:28.587 146433 DEBUG oslo_messaging._drivers.amqpdriver [-] AMQPListener connection consume poll /usr/lib/python3/dist-packages/oslo_messaging/_drivers/amqpdriver.py:357
2025-04-28 00:39:28.587 146435 DEBUG nova.service [req-46436e7e-917d-4d72-b909-4519707e266c - - - - -] Join ServiceGroup membership for this service scheduler start /usr/lib/python3/dist-packages/nova/service.py:199
2025-04-28 00:39:28.587 146435 DEBUG nova.servicegroup.drivers.db [req-46436e7e-917d-4d72-b909-4519707e266c - - - - -] DB_Driver: join new ServiceGroup member juju-f12b36-0-lxd-7 to the scheduler group, service = join /usr/lib/python3/dist-packages/nova/servicegroup/drivers/db.py:44
2025-04-28 00:39:28.587 145992 DEBUG oslo_service.service [req-f3199d88-2c93-4d78-b3e9-f1954b05028b - - - - -] cinder.split_loggers = False log_opt_values /usr/lib/python3/dist-packages/oslo_config/cfg.py:2609
2025-04-28 00:39:28.587 146433 DEBUG nova.service [req-f43da040-eae8-4521-8dd0-24b696da16f3 - - - - -] Join ServiceGroup membership for this service scheduler start /usr/lib/python3/dist-packages/nova/service.py:199
2025-04-28 00:39:28.588 146433 DEBUG nova.servicegroup.drivers.db [req-f43da040-eae8-4521-8dd0-24b696da16f3 - - - - -] DB_Driver: join new ServiceGroup member juju-f12b36-0-lxd-7 to the scheduler group, service = join /usr/lib/python3/dist-packages/nova/servicegroup/drivers/db.py:44
2025-04-28 00:39:28.588 145992 DEBUG oslo_service.service [req-f3199d88-2c93-4d78-b3e9-f1954b05028b - - - - -] cinder.timeout = None log_opt_values /usr/lib/python3/dist-packages/oslo_config/cfg.py:2609
2025-04-28 00:39:28.589 145992 DEBUG oslo_service.service [req-f3199d88-2c93-4d78-b3e9-f1954b05028b - - - - -] compute.consecutive_build_service_disable_threshold = 10 log_opt_values /usr/lib/python3/dist-packages/oslo_config/cfg.py:2609
2025-04-28 00:39:28.590 145992 DEBUG oslo_service.service [req-f3199d88-2c93-4d78-b3e9-f1954b05028b - - - - -] compute.cpu_dedicated_set = None log_opt_values /usr/lib/python3/dist-packages/oslo_config/cfg.py:2609
2025-04-28 00:39:28.590 146435 DEBUG oslo_messaging._drivers.amqpdriver [-] AMQPListener connection timeout poll /usr/lib/python3/dist-packages/oslo_messaging/_drivers/amqpdriver.py:360
2025-04-28 00:39:28.590 145992 DEBUG oslo_service.service [req-f3199d88-2c93-4d78-b3e9-f1954b05028b - - - - -] compute.cpu_shared_set = None log_opt_values /usr/lib/python3/dist-packages/oslo_config/cfg.py:2609
2025-04-28 00:39:28.590 146435 DEBUG oslo_messaging._drivers.amqpdriver [-] Listener is running poll /usr/lib/python3/dist-packages/oslo_messaging/_drivers/amqpdriver.py:343
2025-04-28 00:39:28.590 146435 DEBUG oslo_messaging._drivers.amqpdriver [-] AMQPListener connection consume poll /usr/lib/python3/dist-packages/oslo_messaging/_drivers/amqpdriver.py:357
2025-04-28 00:39:28.590 145992 DEBUG oslo_service.service [req-f3199d88-2c93-4d78-b3e9-f1954b05028b - - - - -] compute.image_type_exclude_list = [] log_opt_values /usr/lib/python3/dist-packages/oslo_config/cfg.py:2609
2025-04-28 00:39:28.590 146434 DEBUG oslo_messaging._drivers.amqpdriver [-] Listener is running poll /usr/lib/python3/dist-packages/oslo_messaging/_drivers/amqpdriver.py:343
2025-04-28 00:39:28.590 146433 DEBUG oslo_messaging._drivers.amqpdriver [-] AMQPListener connection timeout poll /usr/lib/python3/dist-packages/oslo_messaging/_drivers/amqpdriver.py:360
2025-04-28 00:39:28.590 146434 DEBUG oslo_messaging._drivers.amqpdriver [-] AMQPListener connection consume poll /usr/lib/python3/dist-packages/oslo_messaging/_drivers/amqpdriver.py:357
2025-04-28 00:39:28.590 145992 DEBUG oslo_service.service [req-f3199d88-2c93-4d78-b3e9-f1954b05028b - - - - -] compute.live_migration_wait_for_vif_plug = True log_opt_values /usr/lib/python3/dist-packages/oslo_config/cfg.py:2609
2025-04-28 00:39:28.591 146433 DEBUG oslo_messaging._drivers.amqpdriver [-] Listener is running poll /usr/lib/python3/dist-packages/oslo_messaging/_drivers/amqpdriver.py:343
2025-04-28 00:39:28.591 145992 DEBUG oslo_service.service [req-f3199d88-2c93-4d78-b3e9-f1954b05028b - - - - -] compute.max_concurrent_disk_ops = 0 log_opt_values /usr/lib/python3/dist-packages/oslo_config/cfg.py:2609
2025-04-28 00:39:28.591 146433 DEBUG oslo_messaging._drivers.amqpdriver [-] AMQPListener connection consume poll /usr/lib/python3/dist-packages/oslo_messaging/_drivers/amqpdriver.py:357
2025-04-28 00:39:28.591 145992 DEBUG oslo_service.service [req-f3199d88-2c93-4d78-b3e9-f1954b05028b - - - - -] compute.max_disk_devices_to_attach = -1 log_opt_values /usr/lib/python3/dist-packages/oslo_config/cfg.py:2609
2025-04-28 00:39:28.591 145992 DEBUG oslo_service.service [req-f3199d88-2c93-4d78-b3e9-f1954b05028b - - - - -] compute.packing_host_numa_cells_allocation_strategy = True log_opt_values /usr/lib/python3/dist-packages/oslo_config/cfg.py:2609
2025-04-28 00:39:28.591 145992 DEBUG oslo_service.service [req-f3199d88-2c93-4d78-b3e9-f1954b05028b - - - - -] compute.provider_config_location = /etc/nova/provider_config/ log_opt_values /usr/lib/python3/dist-packages/oslo_config/cfg.py:2609
2025-04-28 00:39:28.591 146434 DEBUG nova.service [req-3d788689-257d-4ae0-976e-93bdabaca214 - - - - -] Join ServiceGroup membership for this service scheduler start /usr/lib/python3/dist-packages/nova/service.py:199
2025-04-28 00:39:28.592 145992 DEBUG oslo_service.service [req-f3199d88-2c93-4d78-b3e9-f1954b05028b - - - - -] compute.resource_provider_association_refresh = 300 log_opt_values /usr/lib/python3/dist-packages/oslo_config/cfg.py:2609
2025-04-28 00:39:28.592 146434 DEBUG nova.servicegroup.drivers.db [req-3d788689-257d-4ae0-976e-93bdabaca214 - - - - -] DB_Driver: join new ServiceGroup member juju-f12b36-0-lxd-7 to the scheduler group, service = join /usr/lib/python3/dist-packages/nova/servicegroup/drivers/db.py:44
2025-04-28 00:39:28.592 145992 DEBUG oslo_service.service [req-f3199d88-2c93-4d78-b3e9-f1954b05028b - - - - -] compute.shutdown_retry_interval = 10 log_opt_values /usr/lib/python3/dist-packages/oslo_config/cfg.py:2609
2025-04-28 00:39:28.592 145992 DEBUG oslo_service.service [req-f3199d88-2c93-4d78-b3e9-f1954b05028b - - - - -] compute.vmdk_allowed_types = ['streamOptimized', 'monolithicSparse'] log_opt_values /usr/lib/python3/dist-packages/oslo_config/cfg.py:2609
2025-04-28 00:39:28.592 145992 DEBUG oslo_service.service [req-f3199d88-2c93-4d78-b3e9-f1954b05028b - - - - -] conductor.workers = 4 log_opt_values /usr/lib/python3/dist-packages/oslo_config/cfg.py:2609
2025-04-28 00:39:28.593 145992 DEBUG oslo_service.service [req-f3199d88-2c93-4d78-b3e9-f1954b05028b - - - - -] console.allowed_origins = [] log_opt_values /usr/lib/python3/dist-packages/oslo_config/cfg.py:2609
2025-04-28 00:39:28.593 145992 DEBUG oslo_service.service [req-f3199d88-2c93-4d78-b3e9-f1954b05028b - - - - -] console.ssl_ciphers = None log_opt_values /usr/lib/python3/dist-packages/oslo_config/cfg.py:2609
2025-04-28 00:39:28.593 145992 DEBUG oslo_service.service [req-f3199d88-2c93-4d78-b3e9-f1954b05028b - - - - -] console.ssl_minimum_version = default log_opt_values /usr/lib/python3/dist-packages/oslo_config/cfg.py:2609
2025-04-28 00:39:28.593 145992 DEBUG oslo_service.service [req-f3199d88-2c93-4d78-b3e9-f1954b05028b - - - - -] consoleauth.token_ttl = 600 log_opt_values /usr/lib/python3/dist-packages/oslo_config/cfg.py:2609
2025-04-28 00:39:28.594 145992 DEBUG oslo_service.service [req-f3199d88-2c93-4d78-b3e9-f1954b05028b - - - - -] cyborg.cafile = None log_opt_values /usr/lib/python3/dist-packages/oslo_config/cfg.py:2609
2025-04-28 00:39:28.594 145992 DEBUG oslo_service.service [req-f3199d88-2c93-4d78-b3e9-f1954b05028b - - - - -] cyborg.certfile = None log_opt_values /usr/lib/python3/dist-packages/oslo_config/cfg.py:2609
2025-04-28 00:39:28.594 145992 DEBUG oslo_service.service [req-f3199d88-2c93-4d78-b3e9-f1954b05028b - - - - -] cyborg.collect_timing = False log_opt_values /usr/lib/python3/dist-packages/oslo_config/cfg.py:2609
2025-04-28 00:39:28.594 145992 DEBUG oslo_service.service [req-f3199d88-2c93-4d78-b3e9-f1954b05028b - - - - -] cyborg.connect_retries = None log_opt_values /usr/lib/python3/dist-packages/oslo_config/cfg.py:2609
2025-04-28 00:39:28.594 146434 DEBUG oslo_messaging._drivers.amqpdriver [-] AMQPListener connection timeout poll /usr/lib/python3/dist-packages/oslo_messaging/_drivers/amqpdriver.py:360
2025-04-28 00:39:28.594 146434 DEBUG oslo_messaging._drivers.amqpdriver [-] Listener is running poll /usr/lib/python3/dist-packages/oslo_messaging/_drivers/amqpdriver.py:343
2025-04-28 00:39:28.594 145992 DEBUG oslo_service.service [req-f3199d88-2c93-4d78-b3e9-f1954b05028b - - - - -] cyborg.connect_retry_delay = None log_opt_values /usr/lib/python3/dist-packages/oslo_config/cfg.py:2609
2025-04-28 00:39:28.594 146434 DEBUG oslo_messaging._drivers.amqpdriver [-] AMQPListener connection consume poll /usr/lib/python3/dist-packages/oslo_messaging/_drivers/amqpdriver.py:357
2025-04-28 00:39:28.595 145992 DEBUG oslo_service.service [req-f3199d88-2c93-4d78-b3e9-f1954b05028b - - - - -] cyborg.endpoint_override = None log_opt_values /usr/lib/python3/dist-packages/oslo_config/cfg.py:2609
2025-04-28 00:39:28.595 145992 DEBUG oslo_service.service [req-f3199d88-2c93-4d78-b3e9-f1954b05028b - - - - -] cyborg.insecure = False log_opt_values /usr/lib/python3/dist-packages/oslo_config/cfg.py:2609
2025-04-28 00:39:28.595 145992 DEBUG oslo_service.service [req-f3199d88-2c93-4d78-b3e9-f1954b05028b - - - - -] cyborg.keyfile = None log_opt_values /usr/lib/python3/dist-packages/oslo_config/cfg.py:2609
2025-04-28 00:39:28.595 145992 DEBUG oslo_service.service [req-f3199d88-2c93-4d78-b3e9-f1954b05028b - - - - -] cyborg.max_version = None log_opt_values /usr/lib/python3/dist-packages/oslo_config/cfg.py:2609
2025-04-28 00:39:28.595 145992 DEBUG oslo_service.service [req-f3199d88-2c93-4d78-b3e9-f1954b05028b - - - - -] cyborg.min_version = None log_opt_values /usr/lib/python3/dist-packages/oslo_config/cfg.py:2609
2025-04-28 00:39:28.595 145992 DEBUG oslo_service.service [req-f3199d88-2c93-4d78-b3e9-f1954b05028b - - - - -] cyborg.region_name = None log_opt_values /usr/lib/python3/dist-packages/oslo_config/cfg.py:2609
2025-04-28 00:39:28.596 145992 DEBUG oslo_service.service [req-f3199d88-2c93-4d78-b3e9-f1954b05028b - - - - -] cyborg.service_name = None log_opt_values /usr/lib/python3/dist-packages/oslo_config/cfg.py:2609
2025-04-28 00:39:28.596 145992 DEBUG oslo_service.service [req-f3199d88-2c93-4d78-b3e9-f1954b05028b - - - - -] cyborg.service_type = accelerator log_opt_values /usr/lib/python3/dist-packages/oslo_config/cfg.py:2609
2025-04-28 00:39:28.596 145992 DEBUG oslo_service.service [req-f3199d88-2c93-4d78-b3e9-f1954b05028b - - - - -] cyborg.split_loggers = False log_opt_values /usr/lib/python3/dist-packages/oslo_config/cfg.py:2609
2025-04-28 00:39:28.596 145992 DEBUG oslo_service.service [req-f3199d88-2c93-4d78-b3e9-f1954b05028b - - - - -] cyborg.status_code_retries = None log_opt_values /usr/lib/python3/dist-packages/oslo_config/cfg.py:2609
2025-04-28 00:39:28.596 145992 DEBUG oslo_service.service [req-f3199d88-2c93-4d78-b3e9-f1954b05028b - - - - -] cyborg.status_code_retry_delay = None log_opt_values /usr/lib/python3/dist-packages/oslo_config/cfg.py:2609
2025-04-28 00:39:28.597 145992 DEBUG oslo_service.service [req-f3199d88-2c93-4d78-b3e9-f1954b05028b - - - - -] cyborg.timeout = None log_opt_values /usr/lib/python3/dist-packages/oslo_config/cfg.py:2609
2025-04-28 00:39:28.597 145992 DEBUG oslo_service.service [req-f3199d88-2c93-4d78-b3e9-f1954b05028b - - - - -] cyborg.valid_interfaces = ['internal', 'public'] log_opt_values /usr/lib/python3/dist-packages/oslo_config/cfg.py:2609
2025-04-28 00:39:28.597 145992 DEBUG oslo_service.service [req-f3199d88-2c93-4d78-b3e9-f1954b05028b - - - - -] cyborg.version = None log_opt_values /usr/lib/python3/dist-packages/oslo_config/cfg.py:2609
2025-04-28 00:39:28.597 145992 DEBUG oslo_service.service [req-f3199d88-2c93-4d78-b3e9-f1954b05028b - - - - -] database.backend = sqlalchemy log_opt_values /usr/lib/python3/dist-packages/oslo_config/cfg.py:2609
2025-04-28 00:39:28.597 145992 DEBUG oslo_service.service [req-f3199d88-2c93-4d78-b3e9-f1954b05028b - - - - -] database.connection = **** log_opt_values /usr/lib/python3/dist-packages/oslo_config/cfg.py:2609
2025-04-28 00:39:28.598 145992 DEBUG oslo_service.service [req-f3199d88-2c93-4d78-b3e9-f1954b05028b - - - - -] database.connection_debug = 0 log_opt_values /usr/lib/python3/dist-packages/oslo_config/cfg.py:2609
2025-04-28 00:39:28.598 145992 DEBUG oslo_service.service [req-f3199d88-2c93-4d78-b3e9-f1954b05028b - - - - -] database.connection_parameters = log_opt_values /usr/lib/python3/dist-packages/oslo_config/cfg.py:2609
2025-04-28 00:39:28.598 145992 DEBUG oslo_service.service [req-f3199d88-2c93-4d78-b3e9-f1954b05028b - - - - -] database.connection_recycle_time = 3600 log_opt_values /usr/lib/python3/dist-packages/oslo_config/cfg.py:2609
2025-04-28 00:39:28.598 146432 DEBUG nova.service [req-001eb29e-0048-4e19-97f9-9ebd467d7e91 - - - - -] Creating RPC server for service scheduler start /usr/lib/python3/dist-packages/nova/service.py:182
2025-04-28 00:39:28.598 145992 DEBUG oslo_service.service [req-f3199d88-2c93-4d78-b3e9-f1954b05028b - - - - -] database.connection_trace = False log_opt_values /usr/lib/python3/dist-packages/oslo_config/cfg.py:2609
2025-04-28 00:39:28.598 145992 DEBUG oslo_service.service [req-f3199d88-2c93-4d78-b3e9-f1954b05028b - - - - -] database.db_inc_retry_interval = True log_opt_values /usr/lib/python3/dist-packages/oslo_config/cfg.py:2609
2025-04-28 00:39:28.598 145992 DEBUG oslo_service.service [req-f3199d88-2c93-4d78-b3e9-f1954b05028b - - - - -] database.db_max_retries = 20 log_opt_values /usr/lib/python3/dist-packages/oslo_config/cfg.py:2609
2025-04-28 00:39:28.599 145992 DEBUG oslo_service.service [req-f3199d88-2c93-4d78-b3e9-f1954b05028b - - - - -] database.db_max_retry_interval = 10 log_opt_values /usr/lib/python3/dist-packages/oslo_config/cfg.py:2609
2025-04-28 00:39:28.599 145992 DEBUG oslo_service.service [req-f3199d88-2c93-4d78-b3e9-f1954b05028b - - - - -] database.db_retry_interval = 1 log_opt_values /usr/lib/python3/dist-packages/oslo_config/cfg.py:2609
2025-04-28 00:39:28.599 145992 DEBUG oslo_service.service [req-f3199d88-2c93-4d78-b3e9-f1954b05028b - - - - -] database.max_overflow = 50 log_opt_values /usr/lib/python3/dist-packages/oslo_config/cfg.py:2609
2025-04-28 00:39:28.599 145992 DEBUG oslo_service.service [req-f3199d88-2c93-4d78-b3e9-f1954b05028b - - - - -] database.max_pool_size = 4 log_opt_values /usr/lib/python3/dist-packages/oslo_config/cfg.py:2609
2025-04-28 00:39:28.599 145992 DEBUG oslo_service.service [req-f3199d88-2c93-4d78-b3e9-f1954b05028b - - - - -] database.max_retries = 10 log_opt_values /usr/lib/python3/dist-packages/oslo_config/cfg.py:2609
2025-04-28 00:39:28.600 145992 DEBUG oslo_service.service [req-f3199d88-2c93-4d78-b3e9-f1954b05028b - - - - -] database.mysql_enable_ndb = False log_opt_values /usr/lib/python3/dist-packages/oslo_config/cfg.py:2609
2025-04-28 00:39:28.600 145992 DEBUG oslo_service.service [req-f3199d88-2c93-4d78-b3e9-f1954b05028b - - - - -] database.mysql_sql_mode = TRADITIONAL log_opt_values /usr/lib/python3/dist-packages/oslo_config/cfg.py:2609
2025-04-28 00:39:28.600 145992 DEBUG oslo_service.service [req-f3199d88-2c93-4d78-b3e9-f1954b05028b - - - - -] database.pool_timeout = None log_opt_values /usr/lib/python3/dist-packages/oslo_config/cfg.py:2609
2025-04-28 00:39:28.600 145992 DEBUG oslo_service.service [req-f3199d88-2c93-4d78-b3e9-f1954b05028b - - - - -] database.retry_interval = 10 log_opt_values /usr/lib/python3/dist-packages/oslo_config/cfg.py:2609
2025-04-28 00:39:28.600 145992 DEBUG oslo_service.service [req-f3199d88-2c93-4d78-b3e9-f1954b05028b - - - - -] database.slave_connection = **** log_opt_values /usr/lib/python3/dist-packages/oslo_config/cfg.py:2609
2025-04-28 00:39:28.601 145992 DEBUG oslo_service.service [req-f3199d88-2c93-4d78-b3e9-f1954b05028b - - - - -] database.sqlite_synchronous = True log_opt_values /usr/lib/python3/dist-packages/oslo_config/cfg.py:2609
2025-04-28 00:39:28.601 145992 DEBUG oslo_service.service [req-f3199d88-2c93-4d78-b3e9-f1954b05028b - - - - -] database.use_db_reconnect = False log_opt_values /usr/lib/python3/dist-packages/oslo_config/cfg.py:2609
2025-04-28 00:39:28.601 145992 DEBUG oslo_service.service [req-f3199d88-2c93-4d78-b3e9-f1954b05028b - - - - -] api_database.backend = sqlalchemy log_opt_values /usr/lib/python3/dist-packages/oslo_config/cfg.py:2609
2025-04-28 00:39:28.601 145992 DEBUG oslo_service.service [req-f3199d88-2c93-4d78-b3e9-f1954b05028b - - - - -] api_database.connection = **** log_opt_values /usr/lib/python3/dist-packages/oslo_config/cfg.py:2609
2025-04-28 00:39:28.601 145992 DEBUG oslo_service.service [req-f3199d88-2c93-4d78-b3e9-f1954b05028b - - - - -] api_database.connection_debug = 0 log_opt_values /usr/lib/python3/dist-packages/oslo_config/cfg.py:2609
2025-04-28 00:39:28.602 145992 DEBUG oslo_service.service [req-f3199d88-2c93-4d78-b3e9-f1954b05028b - - - - -] api_database.connection_parameters = log_opt_values /usr/lib/python3/dist-packages/oslo_config/cfg.py:2609
2025-04-28 00:39:28.602 145992 DEBUG oslo_service.service [req-f3199d88-2c93-4d78-b3e9-f1954b05028b - - - - -] api_database.connection_recycle_time = 3600 log_opt_values /usr/lib/python3/dist-packages/oslo_config/cfg.py:2609
2025-04-28 00:39:28.602 145992 DEBUG oslo_service.service [req-f3199d88-2c93-4d78-b3e9-f1954b05028b - - - - -] api_database.connection_trace = False log_opt_values /usr/lib/python3/dist-packages/oslo_config/cfg.py:2609
2025-04-28 00:39:28.602 145992 DEBUG oslo_service.service [req-f3199d88-2c93-4d78-b3e9-f1954b05028b - - - - -] api_database.db_inc_retry_interval = True log_opt_values /usr/lib/python3/dist-packages/oslo_config/cfg.py:2609
2025-04-28 00:39:28.602 145992 DEBUG oslo_service.service [req-f3199d88-2c93-4d78-b3e9-f1954b05028b - - - - -] api_database.db_max_retries = 20 log_opt_values /usr/lib/python3/dist-packages/oslo_config/cfg.py:2609
2025-04-28 00:39:28.603 145992 DEBUG oslo_service.service [req-f3199d88-2c93-4d78-b3e9-f1954b05028b - - - - -] api_database.db_max_retry_interval = 10 log_opt_values /usr/lib/python3/dist-packages/oslo_config/cfg.py:2609
2025-04-28 00:39:28.603 145992 DEBUG oslo_service.service [req-f3199d88-2c93-4d78-b3e9-f1954b05028b - - - - -] api_database.db_retry_interval = 1 log_opt_values /usr/lib/python3/dist-packages/oslo_config/cfg.py:2609
2025-04-28 00:39:28.603 145992 DEBUG oslo_service.service [req-f3199d88-2c93-4d78-b3e9-f1954b05028b - - - - -] api_database.max_overflow = 50 log_opt_values /usr/lib/python3/dist-packages/oslo_config/cfg.py:2609
2025-04-28 00:39:28.603 145992 DEBUG oslo_service.service [req-f3199d88-2c93-4d78-b3e9-f1954b05028b - - - - -] api_database.max_pool_size = 4 log_opt_values /usr/lib/python3/dist-packages/oslo_config/cfg.py:2609
2025-04-28 00:39:28.603 145992 DEBUG oslo_service.service [req-f3199d88-2c93-4d78-b3e9-f1954b05028b - - - - -] api_database.max_retries = 10 log_opt_values /usr/lib/python3/dist-packages/oslo_config/cfg.py:2609
2025-04-28 00:39:28.603 145992 DEBUG oslo_service.service [req-f3199d88-2c93-4d78-b3e9-f1954b05028b - - - - -] api_database.mysql_enable_ndb = False log_opt_values /usr/lib/python3/dist-packages/oslo_config/cfg.py:2609
2025-04-28 00:39:28.604 145992 DEBUG oslo_service.service [req-f3199d88-2c93-4d78-b3e9-f1954b05028b - - - - -] api_database.mysql_sql_mode = TRADITIONAL log_opt_values /usr/lib/python3/dist-packages/oslo_config/cfg.py:2609
2025-04-28 00:39:28.604 145992 DEBUG oslo_service.service [req-f3199d88-2c93-4d78-b3e9-f1954b05028b - - - - -] api_database.pool_timeout = None log_opt_values /usr/lib/python3/dist-packages/oslo_config/cfg.py:2609
2025-04-28 00:39:28.604 145992 DEBUG oslo_service.service [req-f3199d88-2c93-4d78-b3e9-f1954b05028b - - - - -] api_database.retry_interval = 10 log_opt_values /usr/lib/python3/dist-packages/oslo_config/cfg.py:2609
2025-04-28 00:39:28.604 145992 DEBUG oslo_service.service [req-f3199d88-2c93-4d78-b3e9-f1954b05028b - - - - -] api_database.slave_connection = **** log_opt_values /usr/lib/python3/dist-packages/oslo_config/cfg.py:2609
2025-04-28 00:39:28.604 145992 DEBUG oslo_service.service [req-f3199d88-2c93-4d78-b3e9-f1954b05028b - - - - -] api_database.sqlite_synchronous = True log_opt_values /usr/lib/python3/dist-packages/oslo_config/cfg.py:2609
2025-04-28 00:39:28.605 145992 DEBUG oslo_service.service [req-f3199d88-2c93-4d78-b3e9-f1954b05028b - - - - -] devices.enabled_mdev_types = [] log_opt_values /usr/lib/python3/dist-packages/oslo_config/cfg.py:2609
2025-04-28 00:39:28.605 145992 DEBUG oslo_service.service [req-f3199d88-2c93-4d78-b3e9-f1954b05028b - - - - -] ephemeral_storage_encryption.cipher = aes-xts-plain64 log_opt_values /usr/lib/python3/dist-packages/oslo_config/cfg.py:2609
2025-04-28 00:39:28.605 145992 DEBUG oslo_service.service [req-f3199d88-2c93-4d78-b3e9-f1954b05028b - - - - -] ephemeral_storage_encryption.enabled = False log_opt_values /usr/lib/python3/dist-packages/oslo_config/cfg.py:2609
2025-04-28 00:39:28.605 145992 DEBUG oslo_service.service [req-f3199d88-2c93-4d78-b3e9-f1954b05028b - - - - -] ephemeral_storage_encryption.key_size = 512 log_opt_values /usr/lib/python3/dist-packages/oslo_config/cfg.py:2609
2025-04-28 00:39:28.605 145992 WARNING oslo_config.cfg [req-f3199d88-2c93-4d78-b3e9-f1954b05028b - - - - -] Deprecated: Option "api_servers" from group "glance" is deprecated for removal ( Support for image service configuration via standard keystoneauth1 Adapter options was added in the 17.0.0 Queens release. The api_servers option was retained temporarily to allow consumers time to cut over to a real load balancing solution. ). Its value may be silently ignored in the future.
2025-04-28 00:39:28.606 145992 DEBUG oslo_service.service [req-f3199d88-2c93-4d78-b3e9-f1954b05028b - - - - -] glance.api_servers = ['http://252.241.176.151:9292'] log_opt_values /usr/lib/python3/dist-packages/oslo_config/cfg.py:2609
2025-04-28 00:39:28.606 145992 DEBUG oslo_service.service [req-f3199d88-2c93-4d78-b3e9-f1954b05028b - - - - -] glance.cafile = None log_opt_values /usr/lib/python3/dist-packages/oslo_config/cfg.py:2609
2025-04-28 00:39:28.606 145992 DEBUG oslo_service.service [req-f3199d88-2c93-4d78-b3e9-f1954b05028b - - - - -] glance.certfile = None log_opt_values /usr/lib/python3/dist-packages/oslo_config/cfg.py:2609
2025-04-28 00:39:28.606 145992 DEBUG oslo_service.service [req-f3199d88-2c93-4d78-b3e9-f1954b05028b - - - - -] glance.collect_timing = False log_opt_values /usr/lib/python3/dist-packages/oslo_config/cfg.py:2609
2025-04-28 00:39:28.607 145992 DEBUG oslo_service.service [req-f3199d88-2c93-4d78-b3e9-f1954b05028b - - - - -] glance.connect_retries = None log_opt_values /usr/lib/python3/dist-packages/oslo_config/cfg.py:2609
2025-04-28 00:39:28.607 145992 DEBUG oslo_service.service [req-f3199d88-2c93-4d78-b3e9-f1954b05028b - - - - -] glance.connect_retry_delay = None log_opt_values /usr/lib/python3/dist-packages/oslo_config/cfg.py:2609
2025-04-28 00:39:28.607 145992 DEBUG oslo_service.service [req-f3199d88-2c93-4d78-b3e9-f1954b05028b - - - - -] glance.debug = False log_opt_values /usr/lib/python3/dist-packages/oslo_config/cfg.py:2609
2025-04-28 00:39:28.607 145992 DEBUG oslo_service.service [req-f3199d88-2c93-4d78-b3e9-f1954b05028b - - - - -] glance.default_trusted_certificate_ids = [] log_opt_values /usr/lib/python3/dist-packages/oslo_config/cfg.py:2609
2025-04-28 00:39:28.607 145992 DEBUG oslo_service.service [req-f3199d88-2c93-4d78-b3e9-f1954b05028b - - - - -] glance.enable_certificate_validation = False log_opt_values /usr/lib/python3/dist-packages/oslo_config/cfg.py:2609
2025-04-28 00:39:28.607 145992 DEBUG oslo_service.service [req-f3199d88-2c93-4d78-b3e9-f1954b05028b - - - - -] glance.enable_rbd_download = False log_opt_values /usr/lib/python3/dist-packages/oslo_config/cfg.py:2609
