2025-04-28 00:38:59.544 134916 DEBUG oslo_service.service [req-962a6c62-c019-4aa9-97db-bbd733073700 - - - - -] barbican_service_user.certfile = None log_opt_values /usr/lib/python3/dist-packages/oslo_config/cfg.py:2609
2025-04-28 00:38:59.544 134916 DEBUG oslo_service.service [req-962a6c62-c019-4aa9-97db-bbd733073700 - - - - -] barbican_service_user.collect_timing = False log_opt_values /usr/lib/python3/dist-packages/oslo_config/cfg.py:2609
2025-04-28 00:38:59.544 134916 DEBUG oslo_service.service [req-962a6c62-c019-4aa9-97db-bbd733073700 - - - - -] barbican_service_user.insecure = False log_opt_values /usr/lib/python3/dist-packages/oslo_config/cfg.py:2609
2025-04-28 00:38:59.544 134916 DEBUG oslo_service.service [req-962a6c62-c019-4aa9-97db-bbd733073700 - - - - -] barbican_service_user.keyfile = None log_opt_values /usr/lib/python3/dist-packages/oslo_config/cfg.py:2609
2025-04-28 00:38:59.544 134916 DEBUG oslo_service.service [req-962a6c62-c019-4aa9-97db-bbd733073700 - - - - -] barbican_service_user.split_loggers = False log_opt_values /usr/lib/python3/dist-packages/oslo_config/cfg.py:2609
2025-04-28 00:38:59.544 134916 DEBUG oslo_service.service [req-962a6c62-c019-4aa9-97db-bbd733073700 - - - - -] barbican_service_user.timeout = None log_opt_values /usr/lib/python3/dist-packages/oslo_config/cfg.py:2609
2025-04-28 00:38:59.545 134916 DEBUG oslo_service.service [req-962a6c62-c019-4aa9-97db-bbd733073700 - - - - -] vault.approle_role_id = None log_opt_values /usr/lib/python3/dist-packages/oslo_config/cfg.py:2609
2025-04-28 00:38:59.545 134916 DEBUG oslo_service.service [req-962a6c62-c019-4aa9-97db-bbd733073700 - - - - -] vault.approle_secret_id = None log_opt_values /usr/lib/python3/dist-packages/oslo_config/cfg.py:2609
2025-04-28 00:38:59.545 134916 DEBUG oslo_service.service [req-962a6c62-c019-4aa9-97db-bbd733073700 - - - - -] vault.cafile = None log_opt_values /usr/lib/python3/dist-packages/oslo_config/cfg.py:2609
2025-04-28 00:38:59.545 134916 DEBUG oslo_service.service [req-962a6c62-c019-4aa9-97db-bbd733073700 - - - - -] vault.certfile = None log_opt_values /usr/lib/python3/dist-packages/oslo_config/cfg.py:2609
2025-04-28 00:38:59.546 134916 DEBUG oslo_service.service [req-962a6c62-c019-4aa9-97db-bbd733073700 - - - - -] vault.collect_timing = False log_opt_values /usr/lib/python3/dist-packages/oslo_config/cfg.py:2609
2025-04-28 00:38:59.547 134916 DEBUG oslo_service.service [req-962a6c62-c019-4aa9-97db-bbd733073700 - - - - -] vault.insecure = False log_opt_values /usr/lib/python3/dist-packages/oslo_config/cfg.py:2609
2025-04-28 00:38:59.547 134916 DEBUG oslo_service.service [req-962a6c62-c019-4aa9-97db-bbd733073700 - - - - -] vault.keyfile = None log_opt_values /usr/lib/python3/dist-packages/oslo_config/cfg.py:2609
2025-04-28 00:38:59.547 134916 DEBUG oslo_service.service [req-962a6c62-c019-4aa9-97db-bbd733073700 - - - - -] vault.kv_mountpoint = secret log_opt_values /usr/lib/python3/dist-packages/oslo_config/cfg.py:2609
2025-04-28 00:38:59.547 134916 DEBUG oslo_service.service [req-962a6c62-c019-4aa9-97db-bbd733073700 - - - - -] vault.kv_version = 2 log_opt_values /usr/lib/python3/dist-packages/oslo_config/cfg.py:2609
2025-04-28 00:38:59.549 134916 DEBUG oslo_service.service [req-962a6c62-c019-4aa9-97db-bbd733073700 - - - - -] vault.namespace = None log_opt_values /usr/lib/python3/dist-packages/oslo_config/cfg.py:2609
2025-04-28 00:38:59.550 134916 DEBUG oslo_service.service [req-962a6c62-c019-4aa9-97db-bbd733073700 - - - - -] vault.root_token_id = None log_opt_values /usr/lib/python3/dist-packages/oslo_config/cfg.py:2609
2025-04-28 00:38:59.550 134916 DEBUG oslo_service.service [req-962a6c62-c019-4aa9-97db-bbd733073700 - - - - -] vault.split_loggers = False log_opt_values /usr/lib/python3/dist-packages/oslo_config/cfg.py:2609
2025-04-28 00:38:59.551 134916 DEBUG oslo_service.service [req-962a6c62-c019-4aa9-97db-bbd733073700 - - - - -] vault.ssl_ca_crt_file = None log_opt_values /usr/lib/python3/dist-packages/oslo_config/cfg.py:2609
2025-04-28 00:38:59.551 134916 DEBUG oslo_service.service [req-962a6c62-c019-4aa9-97db-bbd733073700 - - - - -] vault.timeout = None log_opt_values /usr/lib/python3/dist-packages/oslo_config/cfg.py:2609
2025-04-28 00:38:59.551 134916 DEBUG oslo_service.service [req-962a6c62-c019-4aa9-97db-bbd733073700 - - - - -] vault.use_ssl = False log_opt_values /usr/lib/python3/dist-packages/oslo_config/cfg.py:2609
2025-04-28 00:38:59.554 134916 DEBUG oslo_service.service [req-962a6c62-c019-4aa9-97db-bbd733073700 - - - - -] vault.vault_url = http://127.0.0.1:8200 log_opt_values /usr/lib/python3/dist-packages/oslo_config/cfg.py:2609
2025-04-28 00:38:59.554 134916 DEBUG oslo_service.service [req-962a6c62-c019-4aa9-97db-bbd733073700 - - - - -] keystone.cafile = None log_opt_values /usr/lib/python3/dist-packages/oslo_config/cfg.py:2609
2025-04-28 00:38:59.555 134916 DEBUG oslo_service.service [req-962a6c62-c019-4aa9-97db-bbd733073700 - - - - -] keystone.certfile = None log_opt_values /usr/lib/python3/dist-packages/oslo_config/cfg.py:2609
2025-04-28 00:38:59.555 135639 DEBUG oslo_messaging._drivers.amqpdriver [-] Listener is running poll /usr/lib/python3/dist-packages/oslo_messaging/_drivers/amqpdriver.py:343
2025-04-28 00:38:59.555 134916 DEBUG oslo_service.service [req-962a6c62-c019-4aa9-97db-bbd733073700 - - - - -] keystone.collect_timing = False log_opt_values /usr/lib/python3/dist-packages/oslo_config/cfg.py:2609
2025-04-28 00:38:59.555 134916 DEBUG oslo_service.service [req-962a6c62-c019-4aa9-97db-bbd733073700 - - - - -] keystone.connect_retries = None log_opt_values /usr/lib/python3/dist-packages/oslo_config/cfg.py:2609
2025-04-28 00:38:59.555 135639 DEBUG oslo_messaging._drivers.amqpdriver [-] AMQPListener connection consume poll /usr/lib/python3/dist-packages/oslo_messaging/_drivers/amqpdriver.py:357
2025-04-28 00:38:59.555 134916 DEBUG oslo_service.service [req-962a6c62-c019-4aa9-97db-bbd733073700 - - - - -] keystone.connect_retry_delay = None log_opt_values /usr/lib/python3/dist-packages/oslo_config/cfg.py:2609
2025-04-28 00:38:59.556 134916 DEBUG oslo_service.service [req-962a6c62-c019-4aa9-97db-bbd733073700 - - - - -] keystone.endpoint_override = None log_opt_values /usr/lib/python3/dist-packages/oslo_config/cfg.py:2609
2025-04-28 00:38:59.556 134916 DEBUG oslo_service.service [req-962a6c62-c019-4aa9-97db-bbd733073700 - - - - -] keystone.insecure = False log_opt_values /usr/lib/python3/dist-packages/oslo_config/cfg.py:2609
2025-04-28 00:38:59.556 134916 DEBUG oslo_service.service [req-962a6c62-c019-4aa9-97db-bbd733073700 - - - - -] keystone.keyfile = None log_opt_values /usr/lib/python3/dist-packages/oslo_config/cfg.py:2609
2025-04-28 00:38:59.557 134916 DEBUG oslo_service.service [req-962a6c62-c019-4aa9-97db-bbd733073700 - - - - -] keystone.max_version = None log_opt_values /usr/lib/python3/dist-packages/oslo_config/cfg.py:2609
2025-04-28 00:38:59.557 134916 DEBUG oslo_service.service [req-962a6c62-c019-4aa9-97db-bbd733073700 - - - - -] keystone.min_version = None log_opt_values /usr/lib/python3/dist-packages/oslo_config/cfg.py:2609
2025-04-28 00:38:59.557 134916 DEBUG oslo_service.service [req-962a6c62-c019-4aa9-97db-bbd733073700 - - - - -] keystone.region_name = None log_opt_values /usr/lib/python3/dist-packages/oslo_config/cfg.py:2609
2025-04-28 00:38:59.556 135639 DEBUG nova.service [req-5a6e5007-5aa0-4ccd-9b67-715ef32a11a5 - - - - -] Join ServiceGroup membership for this service scheduler start /usr/lib/python3/dist-packages/nova/service.py:199
2025-04-28 00:38:59.557 134916 DEBUG oslo_service.service [req-962a6c62-c019-4aa9-97db-bbd733073700 - - - - -] keystone.service_name = None log_opt_values /usr/lib/python3/dist-packages/oslo_config/cfg.py:2609
2025-04-28 00:38:59.557 134916 DEBUG oslo_service.service [req-962a6c62-c019-4aa9-97db-bbd733073700 - - - - -] keystone.service_type = identity log_opt_values /usr/lib/python3/dist-packages/oslo_config/cfg.py:2609
2025-04-28 00:38:59.557 135639 DEBUG nova.servicegroup.drivers.db [req-5a6e5007-5aa0-4ccd-9b67-715ef32a11a5 - - - - -] DB_Driver: join new ServiceGroup member juju-f12b36-0-lxd-7 to the scheduler group, service = join /usr/lib/python3/dist-packages/nova/servicegroup/drivers/db.py:44
2025-04-28 00:38:59.557 134916 DEBUG oslo_service.service [req-962a6c62-c019-4aa9-97db-bbd733073700 - - - - -] keystone.split_loggers = False log_opt_values /usr/lib/python3/dist-packages/oslo_config/cfg.py:2609
2025-04-28 00:38:59.558 134916 DEBUG oslo_service.service [req-962a6c62-c019-4aa9-97db-bbd733073700 - - - - -] keystone.status_code_retries = None log_opt_values /usr/lib/python3/dist-packages/oslo_config/cfg.py:2609
2025-04-28 00:38:59.558 134916 DEBUG oslo_service.service [req-962a6c62-c019-4aa9-97db-bbd733073700 - - - - -] keystone.status_code_retry_delay = None log_opt_values /usr/lib/python3/dist-packages/oslo_config/cfg.py:2609
2025-04-28 00:38:59.558 134916 DEBUG oslo_service.service [req-962a6c62-c019-4aa9-97db-bbd733073700 - - - - -] keystone.timeout = None log_opt_values /usr/lib/python3/dist-packages/oslo_config/cfg.py:2609
2025-04-28 00:38:59.558 134916 DEBUG oslo_service.service [req-962a6c62-c019-4aa9-97db-bbd733073700 - - - - -] keystone.valid_interfaces = ['internal', 'public'] log_opt_values /usr/lib/python3/dist-packages/oslo_config/cfg.py:2609
2025-04-28 00:38:59.559 134916 DEBUG oslo_service.service [req-962a6c62-c019-4aa9-97db-bbd733073700 - - - - -] keystone.version = None log_opt_values /usr/lib/python3/dist-packages/oslo_config/cfg.py:2609
2025-04-28 00:38:59.559 134916 DEBUG oslo_service.service [req-962a6c62-c019-4aa9-97db-bbd733073700 - - - - -] libvirt.connection_uri = log_opt_values /usr/lib/python3/dist-packages/oslo_config/cfg.py:2609
2025-04-28 00:38:59.560 134916 DEBUG oslo_service.service [req-962a6c62-c019-4aa9-97db-bbd733073700 - - - - -] libvirt.cpu_mode = None log_opt_values /usr/lib/python3/dist-packages/oslo_config/cfg.py:2609
2025-04-28 00:38:59.561 134916 DEBUG oslo_service.service [req-962a6c62-c019-4aa9-97db-bbd733073700 - - - - -] libvirt.cpu_model_extra_flags = [] log_opt_values /usr/lib/python3/dist-packages/oslo_config/cfg.py:2609
2025-04-28 00:38:59.561 134916 DEBUG oslo_service.service [req-962a6c62-c019-4aa9-97db-bbd733073700 - - - - -] libvirt.cpu_models = [] log_opt_values /usr/lib/python3/dist-packages/oslo_config/cfg.py:2609
2025-04-28 00:38:59.561 134916 DEBUG oslo_service.service [req-962a6c62-c019-4aa9-97db-bbd733073700 - - - - -] libvirt.device_detach_attempts = 8 log_opt_values /usr/lib/python3/dist-packages/oslo_config/cfg.py:2609
2025-04-28 00:38:59.561 134916 DEBUG oslo_service.service [req-962a6c62-c019-4aa9-97db-bbd733073700 - - - - -] libvirt.device_detach_timeout = 20 log_opt_values /usr/lib/python3/dist-packages/oslo_config/cfg.py:2609
2025-04-28 00:38:59.561 134916 DEBUG oslo_service.service [req-962a6c62-c019-4aa9-97db-bbd733073700 - - - - -] libvirt.disk_cachemodes = [] log_opt_values /usr/lib/python3/dist-packages/oslo_config/cfg.py:2609
2025-04-28 00:38:59.562 134916 DEBUG oslo_service.service [req-962a6c62-c019-4aa9-97db-bbd733073700 - - - - -] libvirt.disk_prefix = None log_opt_values /usr/lib/python3/dist-packages/oslo_config/cfg.py:2609
2025-04-28 00:38:59.562 134916 DEBUG oslo_service.service [req-962a6c62-c019-4aa9-97db-bbd733073700 - - - - -] libvirt.enabled_perf_events = [] log_opt_values /usr/lib/python3/dist-packages/oslo_config/cfg.py:2609
2025-04-28 00:38:59.562 134916 DEBUG oslo_service.service [req-962a6c62-c019-4aa9-97db-bbd733073700 - - - - -] libvirt.file_backed_memory = 0 log_opt_values /usr/lib/python3/dist-packages/oslo_config/cfg.py:2609
2025-04-28 00:38:59.562 134916 DEBUG oslo_service.service [req-962a6c62-c019-4aa9-97db-bbd733073700 - - - - -] libvirt.gid_maps = [] log_opt_values /usr/lib/python3/dist-packages/oslo_config/cfg.py:2609
2025-04-28 00:38:59.562 135641 DEBUG oslo_messaging._drivers.amqpdriver [-] Listener is running poll /usr/lib/python3/dist-packages/oslo_messaging/_drivers/amqpdriver.py:343
2025-04-28 00:38:59.562 135640 DEBUG oslo_messaging._drivers.amqpdriver [-] Listener is running poll /usr/lib/python3/dist-packages/oslo_messaging/_drivers/amqpdriver.py:343
2025-04-28 00:38:59.562 135641 DEBUG oslo_messaging._drivers.amqpdriver [-] AMQPListener connection consume poll /usr/lib/python3/dist-packages/oslo_messaging/_drivers/amqpdriver.py:357
2025-04-28 00:38:59.562 134916 DEBUG oslo_service.service [req-962a6c62-c019-4aa9-97db-bbd733073700 - - - - -] libvirt.hw_disk_discard = None log_opt_values /usr/lib/python3/dist-packages/oslo_config/cfg.py:2609
2025-04-28 00:38:59.563 135640 DEBUG oslo_messaging._drivers.amqpdriver [-] AMQPListener connection consume poll /usr/lib/python3/dist-packages/oslo_messaging/_drivers/amqpdriver.py:357
2025-04-28 00:38:59.563 134916 DEBUG oslo_service.service [req-962a6c62-c019-4aa9-97db-bbd733073700 - - - - -] libvirt.hw_machine_type = None log_opt_values /usr/lib/python3/dist-packages/oslo_config/cfg.py:2609
2025-04-28 00:38:59.563 134916 DEBUG oslo_service.service [req-962a6c62-c019-4aa9-97db-bbd733073700 - - - - -] libvirt.images_rbd_ceph_conf = log_opt_values /usr/lib/python3/dist-packages/oslo_config/cfg.py:2609
2025-04-28 00:38:59.562 135639 DEBUG oslo_messaging._drivers.amqpdriver [-] AMQPListener connection timeout poll /usr/lib/python3/dist-packages/oslo_messaging/_drivers/amqpdriver.py:360
2025-04-28 00:38:59.563 134916 DEBUG oslo_service.service [req-962a6c62-c019-4aa9-97db-bbd733073700 - - - - -] libvirt.images_rbd_glance_copy_poll_interval = 15 log_opt_values /usr/lib/python3/dist-packages/oslo_config/cfg.py:2609
2025-04-28 00:38:59.563 135639 DEBUG oslo_messaging._drivers.amqpdriver [-] Listener is running poll /usr/lib/python3/dist-packages/oslo_messaging/_drivers/amqpdriver.py:343
2025-04-28 00:38:59.563 134916 DEBUG oslo_service.service [req-962a6c62-c019-4aa9-97db-bbd733073700 - - - - -] libvirt.images_rbd_glance_copy_timeout = 600 log_opt_values /usr/lib/python3/dist-packages/oslo_config/cfg.py:2609
2025-04-28 00:38:59.563 135639 DEBUG oslo_messaging._drivers.amqpdriver [-] AMQPListener connection consume poll /usr/lib/python3/dist-packages/oslo_messaging/_drivers/amqpdriver.py:357
2025-04-28 00:38:59.563 135638 DEBUG nova.service [req-361f52cd-9e3d-4cee-ac46-7332284367f2 - - - - -] Creating RPC server for service scheduler start /usr/lib/python3/dist-packages/nova/service.py:182
2025-04-28 00:38:59.564 134916 DEBUG oslo_service.service [req-962a6c62-c019-4aa9-97db-bbd733073700 - - - - -] libvirt.images_rbd_glance_store_name = log_opt_values /usr/lib/python3/dist-packages/oslo_config/cfg.py:2609
2025-04-28 00:38:59.564 134916 DEBUG oslo_service.service [req-962a6c62-c019-4aa9-97db-bbd733073700 - - - - -] libvirt.images_rbd_pool = rbd log_opt_values /usr/lib/python3/dist-packages/oslo_config/cfg.py:2609
2025-04-28 00:38:59.564 134916 DEBUG oslo_service.service [req-962a6c62-c019-4aa9-97db-bbd733073700 - - - - -] libvirt.images_type = default log_opt_values /usr/lib/python3/dist-packages/oslo_config/cfg.py:2609
2025-04-28 00:38:59.564 134916 DEBUG oslo_service.service [req-962a6c62-c019-4aa9-97db-bbd733073700 - - - - -] libvirt.images_volume_group = None log_opt_values /usr/lib/python3/dist-packages/oslo_config/cfg.py:2609
2025-04-28 00:38:59.564 134916 DEBUG oslo_service.service [req-962a6c62-c019-4aa9-97db-bbd733073700 - - - - -] libvirt.inject_key = False log_opt_values /usr/lib/python3/dist-packages/oslo_config/cfg.py:2609
2025-04-28 00:38:59.565 134916 DEBUG oslo_service.service [req-962a6c62-c019-4aa9-97db-bbd733073700 - - - - -] libvirt.inject_partition = -2 log_opt_values /usr/lib/python3/dist-packages/oslo_config/cfg.py:2609
2025-04-28 00:38:59.565 134916 DEBUG oslo_service.service [req-962a6c62-c019-4aa9-97db-bbd733073700 - - - - -] libvirt.inject_password = False log_opt_values /usr/lib/python3/dist-packages/oslo_config/cfg.py:2609
2025-04-28 00:38:59.564 135641 DEBUG nova.service [req-f410042b-d604-4f0e-bb49-7a73d5076d53 - - - - -] Join ServiceGroup membership for this service scheduler start /usr/lib/python3/dist-packages/nova/service.py:199
2025-04-28 00:38:59.565 134916 DEBUG oslo_service.service [req-962a6c62-c019-4aa9-97db-bbd733073700 - - - - -] libvirt.iscsi_iface = None log_opt_values /usr/lib/python3/dist-packages/oslo_config/cfg.py:2609
2025-04-28 00:38:59.565 134916 DEBUG oslo_service.service [req-962a6c62-c019-4aa9-97db-bbd733073700 - - - - -] libvirt.iser_use_multipath = False log_opt_values /usr/lib/python3/dist-packages/oslo_config/cfg.py:2609
2025-04-28 00:38:59.565 135641 DEBUG nova.servicegroup.drivers.db [req-f410042b-d604-4f0e-bb49-7a73d5076d53 - - - - -] DB_Driver: join new ServiceGroup member juju-f12b36-0-lxd-7 to the scheduler group, service = join /usr/lib/python3/dist-packages/nova/servicegroup/drivers/db.py:44
2025-04-28 00:38:59.565 135640 DEBUG nova.service [req-90554df3-cf6d-442f-b707-4aa7d328b5eb - - - - -] Join ServiceGroup membership for this service scheduler start /usr/lib/python3/dist-packages/nova/service.py:199
2025-04-28 00:38:59.565 134916 DEBUG oslo_service.service [req-962a6c62-c019-4aa9-97db-bbd733073700 - - - - -] libvirt.live_migration_bandwidth = 0 log_opt_values /usr/lib/python3/dist-packages/oslo_config/cfg.py:2609
2025-04-28 00:38:59.565 135640 DEBUG nova.servicegroup.drivers.db [req-90554df3-cf6d-442f-b707-4aa7d328b5eb - - - - -] DB_Driver: join new ServiceGroup member juju-f12b36-0-lxd-7 to the scheduler group, service = join /usr/lib/python3/dist-packages/nova/servicegroup/drivers/db.py:44
2025-04-28 00:38:59.565 134916 DEBUG oslo_service.service [req-962a6c62-c019-4aa9-97db-bbd733073700 - - - - -] libvirt.live_migration_completion_timeout = 800 log_opt_values /usr/lib/python3/dist-packages/oslo_config/cfg.py:2609
2025-04-28 00:38:59.566 134916 DEBUG oslo_service.service [req-962a6c62-c019-4aa9-97db-bbd733073700 - - - - -] libvirt.live_migration_downtime = 500 log_opt_values /usr/lib/python3/dist-packages/oslo_config/cfg.py:2609
2025-04-28 00:38:59.566 134916 DEBUG oslo_service.service [req-962a6c62-c019-4aa9-97db-bbd733073700 - - - - -] libvirt.live_migration_downtime_delay = 75 log_opt_values /usr/lib/python3/dist-packages/oslo_config/cfg.py:2609
2025-04-28 00:38:59.566 135641 DEBUG oslo_messaging._drivers.amqpdriver [-] AMQPListener connection timeout poll /usr/lib/python3/dist-packages/oslo_messaging/_drivers/amqpdriver.py:360
2025-04-28 00:38:59.566 134916 DEBUG oslo_service.service [req-962a6c62-c019-4aa9-97db-bbd733073700 - - - - -] libvirt.live_migration_downtime_steps = 10 log_opt_values /usr/lib/python3/dist-packages/oslo_config/cfg.py:2609
2025-04-28 00:38:59.566 135641 DEBUG oslo_messaging._drivers.amqpdriver [-] Listener is running poll /usr/lib/python3/dist-packages/oslo_messaging/_drivers/amqpdriver.py:343
2025-04-28 00:38:59.566 135641 DEBUG oslo_messaging._drivers.amqpdriver [-] AMQPListener connection consume poll /usr/lib/python3/dist-packages/oslo_messaging/_drivers/amqpdriver.py:357
2025-04-28 00:38:59.566 134916 DEBUG oslo_service.service [req-962a6c62-c019-4aa9-97db-bbd733073700 - - - - -] libvirt.live_migration_inbound_addr = None log_opt_values /usr/lib/python3/dist-packages/oslo_config/cfg.py:2609
2025-04-28 00:38:59.566 134916 DEBUG oslo_service.service [req-962a6c62-c019-4aa9-97db-bbd733073700 - - - - -] libvirt.live_migration_permit_auto_converge = False log_opt_values /usr/lib/python3/dist-packages/oslo_config/cfg.py:2609
2025-04-28 00:38:59.567 134916 DEBUG oslo_service.service [req-962a6c62-c019-4aa9-97db-bbd733073700 - - - - -] libvirt.live_migration_permit_post_copy = False log_opt_values /usr/lib/python3/dist-packages/oslo_config/cfg.py:2609
2025-04-28 00:38:59.567 134916 DEBUG oslo_service.service [req-962a6c62-c019-4aa9-97db-bbd733073700 - - - - -] libvirt.live_migration_scheme = None log_opt_values /usr/lib/python3/dist-packages/oslo_config/cfg.py:2609
2025-04-28 00:38:59.567 134916 DEBUG oslo_service.service [req-962a6c62-c019-4aa9-97db-bbd733073700 - - - - -] libvirt.live_migration_timeout_action = abort log_opt_values /usr/lib/python3/dist-packages/oslo_config/cfg.py:2609
2025-04-28 00:38:59.567 134916 DEBUG oslo_service.service [req-962a6c62-c019-4aa9-97db-bbd733073700 - - - - -] libvirt.live_migration_tunnelled = False log_opt_values /usr/lib/python3/dist-packages/oslo_config/cfg.py:2609
2025-04-28 00:38:59.567 135640 DEBUG oslo_messaging._drivers.amqpdriver [-] AMQPListener connection timeout poll /usr/lib/python3/dist-packages/oslo_messaging/_drivers/amqpdriver.py:360
2025-04-28 00:38:59.567 134916 DEBUG oslo_service.service [req-962a6c62-c019-4aa9-97db-bbd733073700 - - - - -] libvirt.live_migration_uri = None log_opt_values /usr/lib/python3/dist-packages/oslo_config/cfg.py:2609
2025-04-28 00:38:59.567 135640 DEBUG oslo_messaging._drivers.amqpdriver [-] Listener is running poll /usr/lib/python3/dist-packages/oslo_messaging/_drivers/amqpdriver.py:343
2025-04-28 00:38:59.567 135640 DEBUG oslo_messaging._drivers.amqpdriver [-] AMQPListener connection consume poll /usr/lib/python3/dist-packages/oslo_messaging/_drivers/amqpdriver.py:357
2025-04-28 00:38:59.567 134916 DEBUG oslo_service.service [req-962a6c62-c019-4aa9-97db-bbd733073700 - - - - -] libvirt.live_migration_with_native_tls = False log_opt_values /usr/lib/python3/dist-packages/oslo_config/cfg.py:2609
2025-04-28 00:38:59.568 134916 DEBUG oslo_service.service [req-962a6c62-c019-4aa9-97db-bbd733073700 - - - - -] libvirt.max_queues = None log_opt_values /usr/lib/python3/dist-packages/oslo_config/cfg.py:2609
2025-04-28 00:38:59.568 134916 DEBUG oslo_service.service [req-962a6c62-c019-4aa9-97db-bbd733073700 - - - - -] libvirt.mem_stats_period_seconds = 10 log_opt_values /usr/lib/python3/dist-packages/oslo_config/cfg.py:2609
2025-04-28 00:38:59.568 134916 DEBUG oslo_service.service [req-962a6c62-c019-4aa9-97db-bbd733073700 - - - - -] libvirt.nfs_mount_options = None log_opt_values /usr/lib/python3/dist-packages/oslo_config/cfg.py:2609
2025-04-28 00:38:59.568 134916 DEBUG oslo_service.service [req-962a6c62-c019-4aa9-97db-bbd733073700 - - - - -] libvirt.nfs_mount_point_base = /var/lib/nova/mnt log_opt_values /usr/lib/python3/dist-packages/oslo_config/cfg.py:2609
2025-04-28 00:38:59.568 134916 DEBUG oslo_service.service [req-962a6c62-c019-4aa9-97db-bbd733073700 - - - - -] libvirt.num_aoe_discover_tries = 3 log_opt_values /usr/lib/python3/dist-packages/oslo_config/cfg.py:2609
2025-04-28 00:38:59.569 134916 DEBUG oslo_service.service [req-962a6c62-c019-4aa9-97db-bbd733073700 - - - - -] libvirt.num_iser_scan_tries = 5 log_opt_values /usr/lib/python3/dist-packages/oslo_config/cfg.py:2609
2025-04-28 00:38:59.569 134916 DEBUG oslo_service.service [req-962a6c62-c019-4aa9-97db-bbd733073700 - - - - -] libvirt.num_memory_encrypted_guests = None log_opt_values /usr/lib/python3/dist-packages/oslo_config/cfg.py:2609
2025-04-28 00:38:59.569 134916 DEBUG oslo_service.service [req-962a6c62-c019-4aa9-97db-bbd733073700 - - - - -] libvirt.num_nvme_discover_tries = 5 log_opt_values /usr/lib/python3/dist-packages/oslo_config/cfg.py:2609
2025-04-28 00:38:59.569 134916 DEBUG oslo_service.service [req-962a6c62-c019-4aa9-97db-bbd733073700 - - - - -] libvirt.num_pcie_ports = 0 log_opt_values /usr/lib/python3/dist-packages/oslo_config/cfg.py:2609
2025-04-28 00:38:59.569 134916 DEBUG oslo_service.service [req-962a6c62-c019-4aa9-97db-bbd733073700 - - - - -] libvirt.num_volume_scan_tries = 5 log_opt_values /usr/lib/python3/dist-packages/oslo_config/cfg.py:2609
2025-04-28 00:38:59.570 134916 DEBUG oslo_service.service [req-962a6c62-c019-4aa9-97db-bbd733073700 - - - - -] libvirt.pmem_namespaces = [] log_opt_values /usr/lib/python3/dist-packages/oslo_config/cfg.py:2609
2025-04-28 00:38:59.570 134916 DEBUG oslo_service.service [req-962a6c62-c019-4aa9-97db-bbd733073700 - - - - -] libvirt.quobyte_client_cfg = None log_opt_values /usr/lib/python3/dist-packages/oslo_config/cfg.py:2609
2025-04-28 00:38:59.570 134916 DEBUG oslo_service.service [req-962a6c62-c019-4aa9-97db-bbd733073700 - - - - -] libvirt.quobyte_mount_point_base = /var/lib/nova/mnt log_opt_values /usr/lib/python3/dist-packages/oslo_config/cfg.py:2609
2025-04-28 00:38:59.570 134916 DEBUG oslo_service.service [req-962a6c62-c019-4aa9-97db-bbd733073700 - - - - -] libvirt.rbd_connect_timeout = 5 log_opt_values /usr/lib/python3/dist-packages/oslo_config/cfg.py:2609
2025-04-28 00:38:59.570 134916 DEBUG oslo_service.service [req-962a6c62-c019-4aa9-97db-bbd733073700 - - - - -] libvirt.rbd_destroy_volume_retries = 12 log_opt_values /usr/lib/python3/dist-packages/oslo_config/cfg.py:2609
2025-04-28 00:38:59.570 134916 DEBUG oslo_service.service [req-962a6c62-c019-4aa9-97db-bbd733073700 - - - - -] libvirt.rbd_destroy_volume_retry_interval = 5 log_opt_values /usr/lib/python3/dist-packages/oslo_config/cfg.py:2609
2025-04-28 00:38:59.571 134916 DEBUG oslo_service.service [req-962a6c62-c019-4aa9-97db-bbd733073700 - - - - -] libvirt.rbd_secret_uuid = None log_opt_values /usr/lib/python3/dist-packages/oslo_config/cfg.py:2609
2025-04-28 00:38:59.571 134916 DEBUG oslo_service.service [req-962a6c62-c019-4aa9-97db-bbd733073700 - - - - -] libvirt.rbd_user = None log_opt_values /usr/lib/python3/dist-packages/oslo_config/cfg.py:2609
2025-04-28 00:38:59.571 134916 DEBUG oslo_service.service [req-962a6c62-c019-4aa9-97db-bbd733073700 - - - - -] libvirt.realtime_scheduler_priority = 1 log_opt_values /usr/lib/python3/dist-packages/oslo_config/cfg.py:2609
2025-04-28 00:38:59.571 134916 DEBUG oslo_service.service [req-962a6c62-c019-4aa9-97db-bbd733073700 - - - - -] libvirt.remote_filesystem_transport = ssh log_opt_values /usr/lib/python3/dist-packages/oslo_config/cfg.py:2609
2025-04-28 00:38:59.571 134916 DEBUG oslo_service.service [req-962a6c62-c019-4aa9-97db-bbd733073700 - - - - -] libvirt.rescue_image_id = None log_opt_values /usr/lib/python3/dist-packages/oslo_config/cfg.py:2609
2025-04-28 00:38:59.572 134916 DEBUG oslo_service.service [req-962a6c62-c019-4aa9-97db-bbd733073700 - - - - -] libvirt.rescue_kernel_id = None log_opt_values /usr/lib/python3/dist-packages/oslo_config/cfg.py:2609
2025-04-28 00:38:59.572 134916 DEBUG oslo_service.service [req-962a6c62-c019-4aa9-97db-bbd733073700 - - - - -] libvirt.rescue_ramdisk_id = None log_opt_values /usr/lib/python3/dist-packages/oslo_config/cfg.py:2609
2025-04-28 00:38:59.572 134916 DEBUG oslo_service.service [req-962a6c62-c019-4aa9-97db-bbd733073700 - - - - -] libvirt.rng_dev_path = /dev/urandom log_opt_values /usr/lib/python3/dist-packages/oslo_config/cfg.py:2609
2025-04-28 00:38:59.572 134916 DEBUG oslo_service.service [req-962a6c62-c019-4aa9-97db-bbd733073700 - - - - -] libvirt.rx_queue_size = None log_opt_values /usr/lib/python3/dist-packages/oslo_config/cfg.py:2609
2025-04-28 00:38:59.572 134916 DEBUG oslo_service.service [req-962a6c62-c019-4aa9-97db-bbd733073700 - - - - -] libvirt.smbfs_mount_options = log_opt_values /usr/lib/python3/dist-packages/oslo_config/cfg.py:2609
2025-04-28 00:38:59.573 134916 DEBUG oslo_service.service [req-962a6c62-c019-4aa9-97db-bbd733073700 - - - - -] libvirt.smbfs_mount_point_base = /var/lib/nova/mnt log_opt_values /usr/lib/python3/dist-packages/oslo_config/cfg.py:2609
2025-04-28 00:38:59.573 134916 DEBUG oslo_service.service [req-962a6c62-c019-4aa9-97db-bbd733073700 - - - - -] libvirt.snapshot_compression = False log_opt_values /usr/lib/python3/dist-packages/oslo_config/cfg.py:2609
2025-04-28 00:38:59.573 134916 DEBUG oslo_service.service [req-962a6c62-c019-4aa9-97db-bbd733073700 - - - - -] libvirt.snapshot_image_format = None log_opt_values /usr/lib/python3/dist-packages/oslo_config/cfg.py:2609
2025-04-28 00:38:59.573 134916 DEBUG oslo_service.service [req-962a6c62-c019-4aa9-97db-bbd733073700 - - - - -] libvirt.snapshots_directory = /var/lib/nova/instances/snapshots log_opt_values /usr/lib/python3/dist-packages/oslo_config/cfg.py:2609
2025-04-28 00:38:59.573 134916 DEBUG oslo_service.service [req-962a6c62-c019-4aa9-97db-bbd733073700 - - - - -] libvirt.sparse_logical_volumes = False log_opt_values /usr/lib/python3/dist-packages/oslo_config/cfg.py:2609
2025-04-28 00:38:59.574 134916 DEBUG oslo_service.service [req-962a6c62-c019-4aa9-97db-bbd733073700 - - - - -] libvirt.swtpm_enabled = False log_opt_values /usr/lib/python3/dist-packages/oslo_config/cfg.py:2609
2025-04-28 00:38:59.574 134916 DEBUG oslo_service.service [req-962a6c62-c019-4aa9-97db-bbd733073700 - - - - -] libvirt.swtpm_group = tss log_opt_values /usr/lib/python3/dist-packages/oslo_config/cfg.py:2609
2025-04-28 00:38:59.574 134916 DEBUG oslo_service.service [req-962a6c62-c019-4aa9-97db-bbd733073700 - - - - -] libvirt.swtpm_user = tss log_opt_values /usr/lib/python3/dist-packages/oslo_config/cfg.py:2609
2025-04-28 00:38:59.574 134916 DEBUG oslo_service.service [req-962a6c62-c019-4aa9-97db-bbd733073700 - - - - -] libvirt.sysinfo_serial = unique log_opt_values /usr/lib/python3/dist-packages/oslo_config/cfg.py:2609
2025-04-28 00:38:59.574 134916 DEBUG oslo_service.service [req-962a6c62-c019-4aa9-97db-bbd733073700 - - - - -] libvirt.tx_queue_size = None log_opt_values /usr/lib/python3/dist-packages/oslo_config/cfg.py:2609
2025-04-28 00:38:59.574 134916 DEBUG oslo_service.service [req-962a6c62-c019-4aa9-97db-bbd733073700 - - - - -] libvirt.uid_maps = [] log_opt_values /usr/lib/python3/dist-packages/oslo_config/cfg.py:2609
2025-04-28 00:38:59.575 134916 DEBUG oslo_service.service [req-962a6c62-c019-4aa9-97db-bbd733073700 - - - - -] libvirt.use_virtio_for_bridges = True log_opt_values /usr/lib/python3/dist-packages/oslo_config/cfg.py:2609
2025-04-28 00:38:59.575 134916 DEBUG oslo_service.service [req-962a6c62-c019-4aa9-97db-bbd733073700 - - - - -] libvirt.virt_type = kvm log_opt_values /usr/lib/python3/dist-packages/oslo_config/cfg.py:2609
2025-04-28 00:38:59.575 134916 DEBUG oslo_service.service [req-962a6c62-c019-4aa9-97db-bbd733073700 - - - - -] libvirt.volume_clear = zero log_opt_values /usr/lib/python3/dist-packages/oslo_config/cfg.py:2609
2025-04-28 00:38:59.575 134916 DEBUG oslo_service.service [req-962a6c62-c019-4aa9-97db-bbd733073700 - - - - -] libvirt.volume_clear_size = 0 log_opt_values /usr/lib/python3/dist-packages/oslo_config/cfg.py:2609
2025-04-28 00:38:59.575 134916 DEBUG oslo_service.service [req-962a6c62-c019-4aa9-97db-bbd733073700 - - - - -] libvirt.volume_use_multipath = False log_opt_values /usr/lib/python3/dist-packages/oslo_config/cfg.py:2609
2025-04-28 00:38:59.576 134916 DEBUG oslo_service.service [req-962a6c62-c019-4aa9-97db-bbd733073700 - - - - -] libvirt.vzstorage_cache_path = None log_opt_values /usr/lib/python3/dist-packages/oslo_config/cfg.py:2609
2025-04-28 00:38:59.576 134916 DEBUG oslo_service.service [req-962a6c62-c019-4aa9-97db-bbd733073700 - - - - -] libvirt.vzstorage_log_path = /var/log/vstorage/%(cluster_name)s/nova.log.gz log_opt_values /usr/lib/python3/dist-packages/oslo_config/cfg.py:2609
2025-04-28 00:38:59.576 134916 DEBUG oslo_service.service [req-962a6c62-c019-4aa9-97db-bbd733073700 - - - - -] libvirt.vzstorage_mount_group = qemu log_opt_values /usr/lib/python3/dist-packages/oslo_config/cfg.py:2609
2025-04-28 00:38:59.576 134916 DEBUG oslo_service.service [req-962a6c62-c019-4aa9-97db-bbd733073700 - - - - -] libvirt.vzstorage_mount_opts = [] log_opt_values /usr/lib/python3/dist-packages/oslo_config/cfg.py:2609
2025-04-28 00:38:59.576 134916 DEBUG oslo_service.service [req-962a6c62-c019-4aa9-97db-bbd733073700 - - - - -] libvirt.vzstorage_mount_perms = 0770 log_opt_values /usr/lib/python3/dist-packages/oslo_config/cfg.py:2609
2025-04-28 00:38:59.577 134916 DEBUG oslo_service.service [req-962a6c62-c019-4aa9-97db-bbd733073700 - - - - -] libvirt.vzstorage_mount_point_base = /var/lib/nova/mnt log_opt_values /usr/lib/python3/dist-packages/oslo_config/cfg.py:2609
2025-04-28 00:38:59.577 134916 DEBUG oslo_service.service [req-962a6c62-c019-4aa9-97db-bbd733073700 - - - - -] libvirt.vzstorage_mount_user = stack log_opt_values /usr/lib/python3/dist-packages/oslo_config/cfg.py:2609
2025-04-28 00:38:59.577 134916 DEBUG oslo_service.service [req-962a6c62-c019-4aa9-97db-bbd733073700 - - - - -] libvirt.wait_soft_reboot_seconds = 120 log_opt_values /usr/lib/python3/dist-packages/oslo_config/cfg.py:2609
2025-04-28 00:38:59.578 134916 DEBUG oslo_service.service [req-962a6c62-c019-4aa9-97db-bbd733073700 - - - - -] neutron.auth_section = None log_opt_values /usr/lib/python3/dist-packages/oslo_config/cfg.py:2609
2025-04-28 00:38:59.578 134916 DEBUG oslo_service.service [req-962a6c62-c019-4aa9-97db-bbd733073700 - - - - -] neutron.auth_type = password log_opt_values /usr/lib/python3/dist-packages/oslo_config/cfg.py:2609
2025-04-28 00:38:59.578 134916 DEBUG oslo_service.service [req-962a6c62-c019-4aa9-97db-bbd733073700 - - - - -] neutron.cafile = None log_opt_values /usr/lib/python3/dist-packages/oslo_config/cfg.py:2609
2025-04-28 00:38:59.578 134916 DEBUG oslo_service.service [req-962a6c62-c019-4aa9-97db-bbd733073700 - - - - -] neutron.certfile = None log_opt_values /usr/lib/python3/dist-packages/oslo_config/cfg.py:2609
2025-04-28 00:38:59.579 134916 DEBUG oslo_service.service [req-962a6c62-c019-4aa9-97db-bbd733073700 - - - - -] neutron.collect_timing = False log_opt_values /usr/lib/python3/dist-packages/oslo_config/cfg.py:2609
2025-04-28 00:38:59.579 134916 DEBUG oslo_service.service [req-962a6c62-c019-4aa9-97db-bbd733073700 - - - - -] neutron.connect_retries = None log_opt_values /usr/lib/python3/dist-packages/oslo_config/cfg.py:2609
2025-04-28 00:38:59.579 134916 DEBUG oslo_service.service [req-962a6c62-c019-4aa9-97db-bbd733073700 - - - - -] neutron.connect_retry_delay = None log_opt_values /usr/lib/python3/dist-packages/oslo_config/cfg.py:2609
2025-04-28 00:38:59.579 134916 DEBUG oslo_service.service [req-962a6c62-c019-4aa9-97db-bbd733073700 - - - - -] neutron.default_floating_pool = nova log_opt_values /usr/lib/python3/dist-packages/oslo_config/cfg.py:2609
2025-04-28 00:38:59.580 134916 DEBUG oslo_service.service [req-962a6c62-c019-4aa9-97db-bbd733073700 - - - - -] neutron.endpoint_override = None log_opt_values /usr/lib/python3/dist-packages/oslo_config/cfg.py:2609
2025-04-28 00:38:59.580 134916 DEBUG oslo_service.service [req-962a6c62-c019-4aa9-97db-bbd733073700 - - - - -] neutron.extension_sync_interval = 600 log_opt_values /usr/lib/python3/dist-packages/oslo_config/cfg.py:2609
2025-04-28 00:38:59.580 134916 DEBUG oslo_service.service [req-962a6c62-c019-4aa9-97db-bbd733073700 - - - - -] neutron.http_retries = 3 log_opt_values /usr/lib/python3/dist-packages/oslo_config/cfg.py:2609
2025-04-28 00:38:59.580 134916 DEBUG oslo_service.service [req-962a6c62-c019-4aa9-97db-bbd733073700 - - - - -] neutron.insecure = False log_opt_values /usr/lib/python3/dist-packages/oslo_config/cfg.py:2609
2025-04-28 00:38:59.580 134916 DEBUG oslo_service.service [req-962a6c62-c019-4aa9-97db-bbd733073700 - - - - -] neutron.keyfile = None log_opt_values /usr/lib/python3/dist-packages/oslo_config/cfg.py:2609
2025-04-28 00:38:59.581 134916 DEBUG oslo_service.service [req-962a6c62-c019-4aa9-97db-bbd733073700 - - - - -] neutron.max_version = None log_opt_values /usr/lib/python3/dist-packages/oslo_config/cfg.py:2609
2025-04-28 00:38:59.581 134916 DEBUG oslo_service.service [req-962a6c62-c019-4aa9-97db-bbd733073700 - - - - -] neutron.metadata_proxy_shared_secret = **** log_opt_values /usr/lib/python3/dist-packages/oslo_config/cfg.py:2609
2025-04-28 00:38:59.581 134916 DEBUG oslo_service.service [req-962a6c62-c019-4aa9-97db-bbd733073700 - - - - -] neutron.min_version = None log_opt_values /usr/lib/python3/dist-packages/oslo_config/cfg.py:2609
2025-04-28 00:38:59.581 134916 DEBUG oslo_service.service [req-962a6c62-c019-4aa9-97db-bbd733073700 - - - - -] neutron.ovs_bridge = br-int log_opt_values /usr/lib/python3/dist-packages/oslo_config/cfg.py:2609
2025-04-28 00:38:59.581 134916 DEBUG oslo_service.service [req-962a6c62-c019-4aa9-97db-bbd733073700 - - - - -] neutron.physnets = [] log_opt_values /usr/lib/python3/dist-packages/oslo_config/cfg.py:2609
2025-04-28 00:38:59.582 134916 DEBUG oslo_service.service [req-962a6c62-c019-4aa9-97db-bbd733073700 - - - - -] neutron.region_name = RegionOne log_opt_values /usr/lib/python3/dist-packages/oslo_config/cfg.py:2609
2025-04-28 00:38:59.582 134916 DEBUG oslo_service.service [req-962a6c62-c019-4aa9-97db-bbd733073700 - - - - -] neutron.service_metadata_proxy = True log_opt_values /usr/lib/python3/dist-packages/oslo_config/cfg.py:2609
2025-04-28 00:38:59.582 134916 DEBUG oslo_service.service [req-962a6c62-c019-4aa9-97db-bbd733073700 - - - - -] neutron.service_name = None log_opt_values /usr/lib/python3/dist-packages/oslo_config/cfg.py:2609
2025-04-28 00:38:59.582 134916 DEBUG oslo_service.service [req-962a6c62-c019-4aa9-97db-bbd733073700 - - - - -] neutron.service_type = network log_opt_values /usr/lib/python3/dist-packages/oslo_config/cfg.py:2609
2025-04-28 00:38:59.582 134916 DEBUG oslo_service.service [req-962a6c62-c019-4aa9-97db-bbd733073700 - - - - -] neutron.split_loggers = False log_opt_values /usr/lib/python3/dist-packages/oslo_config/cfg.py:2609
2025-04-28 00:38:59.583 134916 DEBUG oslo_service.service [req-962a6c62-c019-4aa9-97db-bbd733073700 - - - - -] neutron.status_code_retries = None log_opt_values /usr/lib/python3/dist-packages/oslo_config/cfg.py:2609
2025-04-28 00:38:59.583 134916 DEBUG oslo_service.service [req-962a6c62-c019-4aa9-97db-bbd733073700 - - - - -] neutron.status_code_retry_delay = None log_opt_values /usr/lib/python3/dist-packages/oslo_config/cfg.py:2609
2025-04-28 00:38:59.583 134916 DEBUG oslo_service.service [req-962a6c62-c019-4aa9-97db-bbd733073700 - - - - -] neutron.timeout = None log_opt_values /usr/lib/python3/dist-packages/oslo_config/cfg.py:2609
2025-04-28 00:38:59.583 134916 DEBUG oslo_service.service [req-962a6c62-c019-4aa9-97db-bbd733073700 - - - - -] neutron.valid_interfaces = ['internal', 'public'] log_opt_values /usr/lib/python3/dist-packages/oslo_config/cfg.py:2609
2025-04-28 00:38:59.584 134916 DEBUG oslo_service.service [req-962a6c62-c019-4aa9-97db-bbd733073700 - - - - -] neutron.version = None log_opt_values /usr/lib/python3/dist-packages/oslo_config/cfg.py:2609
2025-04-28 00:38:59.584 134916 DEBUG oslo_service.service [req-962a6c62-c019-4aa9-97db-bbd733073700 - - - - -] notifications.bdms_in_notifications = False log_opt_values /usr/lib/python3/dist-packages/oslo_config/cfg.py:2609
2025-04-28 00:38:59.584 134916 DEBUG oslo_service.service [req-962a6c62-c019-4aa9-97db-bbd733073700 - - - - -] notifications.default_level = INFO log_opt_values /usr/lib/python3/dist-packages/oslo_config/cfg.py:2609
2025-04-28 00:38:59.584 134916 DEBUG oslo_service.service [req-962a6c62-c019-4aa9-97db-bbd733073700 - - - - -] notifications.notification_format = unversioned log_opt_values /usr/lib/python3/dist-packages/oslo_config/cfg.py:2609
2025-04-28 00:38:59.585 134916 DEBUG oslo_service.service [req-962a6c62-c019-4aa9-97db-bbd733073700 - - - - -] notifications.notify_on_state_change = None log_opt_values /usr/lib/python3/dist-packages/oslo_config/cfg.py:2609
2025-04-28 00:38:59.585 134916 DEBUG oslo_service.service [req-962a6c62-c019-4aa9-97db-bbd733073700 - - - - -] notifications.versioned_notifications_topics = ['versioned_notifications'] log_opt_values /usr/lib/python3/dist-packages/oslo_config/cfg.py:2609
2025-04-28 00:38:59.585 134916 DEBUG oslo_service.service [req-962a6c62-c019-4aa9-97db-bbd733073700 - - - - -] pci.alias = [] log_opt_values /usr/lib/python3/dist-packages/oslo_config/cfg.py:2609
2025-04-28 00:38:59.585 134916 DEBUG oslo_service.service [req-962a6c62-c019-4aa9-97db-bbd733073700 - - - - -] pci.passthrough_whitelist = [] log_opt_values /usr/lib/python3/dist-packages/oslo_config/cfg.py:2609
2025-04-28 00:38:59.586 134916 DEBUG oslo_service.service [req-962a6c62-c019-4aa9-97db-bbd733073700 - - - - -] placement.auth_section = None log_opt_values /usr/lib/python3/dist-packages/oslo_config/cfg.py:2609
2025-04-28 00:38:59.586 134916 DEBUG oslo_service.service [req-962a6c62-c019-4aa9-97db-bbd733073700 - - - - -] placement.auth_type = password log_opt_values /usr/lib/python3/dist-packages/oslo_config/cfg.py:2609
2025-04-28 00:38:59.586 134916 DEBUG oslo_service.service [req-962a6c62-c019-4aa9-97db-bbd733073700 - - - - -] placement.auth_url = http://252.241.253.75:35357 log_opt_values /usr/lib/python3/dist-packages/oslo_config/cfg.py:2609
2025-04-28 00:38:59.586 134916 DEBUG oslo_service.service [req-962a6c62-c019-4aa9-97db-bbd733073700 - - - - -] placement.cafile = None log_opt_values /usr/lib/python3/dist-packages/oslo_config/cfg.py:2609
2025-04-28 00:38:59.586 134916 DEBUG oslo_service.service [req-962a6c62-c019-4aa9-97db-bbd733073700 - - - - -] placement.certfile = None log_opt_values /usr/lib/python3/dist-packages/oslo_config/cfg.py:2609
2025-04-28 00:38:59.587 134916 DEBUG oslo_service.service [req-962a6c62-c019-4aa9-97db-bbd733073700 - - - - -] placement.collect_timing = False log_opt_values /usr/lib/python3/dist-packages/oslo_config/cfg.py:2609
2025-04-28 00:38:59.587 134916 DEBUG oslo_service.service [req-962a6c62-c019-4aa9-97db-bbd733073700 - - - - -] placement.connect_retries = None log_opt_values /usr/lib/python3/dist-packages/oslo_config/cfg.py:2609
2025-04-28 00:38:59.587 135638 DEBUG oslo_messaging._drivers.amqpdriver [-] Listener is running poll /usr/lib/python3/dist-packages/oslo_messaging/_drivers/amqpdriver.py:343
2025-04-28 00:38:59.587 134916 DEBUG oslo_service.service [req-962a6c62-c019-4aa9-97db-bbd733073700 - - - - -] placement.connect_retry_delay = None log_opt_values /usr/lib/python3/dist-packages/oslo_config/cfg.py:2609
2025-04-28 00:38:59.587 135638 DEBUG oslo_messaging._drivers.amqpdriver [-] AMQPListener connection consume poll /usr/lib/python3/dist-packages/oslo_messaging/_drivers/amqpdriver.py:357
2025-04-28 00:38:59.587 134916 DEBUG oslo_service.service [req-962a6c62-c019-4aa9-97db-bbd733073700 - - - - -] placement.default_domain_id = None log_opt_values /usr/lib/python3/dist-packages/oslo_config/cfg.py:2609
2025-04-28 00:38:59.587 134916 DEBUG oslo_service.service [req-962a6c62-c019-4aa9-97db-bbd733073700 - - - - -] placement.default_domain_name = None log_opt_values /usr/lib/python3/dist-packages/oslo_config/cfg.py:2609
2025-04-28 00:38:59.587 134916 DEBUG oslo_service.service [req-962a6c62-c019-4aa9-97db-bbd733073700 - - - - -] placement.domain_id = None log_opt_values /usr/lib/python3/dist-packages/oslo_config/cfg.py:2609
2025-04-28 00:38:59.588 134916 DEBUG oslo_service.service [req-962a6c62-c019-4aa9-97db-bbd733073700 - - - - -] placement.domain_name = None log_opt_values /usr/lib/python3/dist-packages/oslo_config/cfg.py:2609
2025-04-28 00:38:59.587 135638 DEBUG nova.service [req-361f52cd-9e3d-4cee-ac46-7332284367f2 - - - - -] Join ServiceGroup membership for this service scheduler start /usr/lib/python3/dist-packages/nova/service.py:199
2025-04-28 00:38:59.588 134916 DEBUG oslo_service.service [req-962a6c62-c019-4aa9-97db-bbd733073700 - - - - -] placement.endpoint_override = None log_opt_values /usr/lib/python3/dist-packages/oslo_config/cfg.py:2609
2025-04-28 00:38:59.588 135638 DEBUG nova.servicegroup.drivers.db [req-361f52cd-9e3d-4cee-ac46-7332284367f2 - - - - -] DB_Driver: join new ServiceGroup member juju-f12b36-0-lxd-7 to the scheduler group, service = join /usr/lib/python3/dist-packages/nova/servicegroup/drivers/db.py:44
2025-04-28 00:38:59.588 134916 DEBUG oslo_service.service [req-962a6c62-c019-4aa9-97db-bbd733073700 - - - - -] placement.insecure = False log_opt_values /usr/lib/python3/dist-packages/oslo_config/cfg.py:2609
2025-04-28 00:38:59.588 134916 DEBUG oslo_service.service [req-962a6c62-c019-4aa9-97db-bbd733073700 - - - - -] placement.keyfile = None log_opt_values /usr/lib/python3/dist-packages/oslo_config/cfg.py:2609
2025-04-28 00:38:59.588 134916 DEBUG oslo_service.service [req-962a6c62-c019-4aa9-97db-bbd733073700 - - - - -] placement.max_version = None log_opt_values /usr/lib/python3/dist-packages/oslo_config/cfg.py:2609
2025-04-28 00:38:59.588 134916 DEBUG oslo_service.service [req-962a6c62-c019-4aa9-97db-bbd733073700 - - - - -] placement.min_version = None log_opt_values /usr/lib/python3/dist-packages/oslo_config/cfg.py:2609
2025-04-28 00:38:59.589 134916 DEBUG oslo_service.service [req-962a6c62-c019-4aa9-97db-bbd733073700 - - - - -] placement.password = **** log_opt_values /usr/lib/python3/dist-packages/oslo_config/cfg.py:2609
2025-04-28 00:38:59.589 134916 DEBUG oslo_service.service [req-962a6c62-c019-4aa9-97db-bbd733073700 - - - - -] placement.project_domain_id = None log_opt_values /usr/lib/python3/dist-packages/oslo_config/cfg.py:2609
2025-04-28 00:38:59.589 134916 DEBUG oslo_service.service [req-962a6c62-c019-4aa9-97db-bbd733073700 - - - - -] placement.project_domain_name = service_domain log_opt_values /usr/lib/python3/dist-packages/oslo_config/cfg.py:2609
2025-04-28 00:38:59.589 134916 DEBUG oslo_service.service [req-962a6c62-c019-4aa9-97db-bbd733073700 - - - - -] placement.project_id = None log_opt_values /usr/lib/python3/dist-packages/oslo_config/cfg.py:2609
2025-04-28 00:38:59.589 134916 DEBUG oslo_service.service [req-962a6c62-c019-4aa9-97db-bbd733073700 - - - - -] placement.project_name = services log_opt_values /usr/lib/python3/dist-packages/oslo_config/cfg.py:2609
2025-04-28 00:38:59.590 134916 DEBUG oslo_service.service [req-962a6c62-c019-4aa9-97db-bbd733073700 - - - - -] placement.region_name = RegionOne log_opt_values /usr/lib/python3/dist-packages/oslo_config/cfg.py:2609
2025-04-28 00:38:59.590 134916 DEBUG oslo_service.service [req-962a6c62-c019-4aa9-97db-bbd733073700 - - - - -] placement.service_name = None log_opt_values /usr/lib/python3/dist-packages/oslo_config/cfg.py:2609
2025-04-28 00:38:59.590 134916 DEBUG oslo_service.service [req-962a6c62-c019-4aa9-97db-bbd733073700 - - - - -] placement.service_type = placement log_opt_values /usr/lib/python3/dist-packages/oslo_config/cfg.py:2609
2025-04-28 00:38:59.590 134916 DEBUG oslo_service.service [req-962a6c62-c019-4aa9-97db-bbd733073700 - - - - -] placement.split_loggers = False log_opt_values /usr/lib/python3/dist-packages/oslo_config/cfg.py:2609
2025-04-28 00:38:59.590 135638 DEBUG oslo_messaging._drivers.amqpdriver [-] AMQPListener connection timeout poll /usr/lib/python3/dist-packages/oslo_messaging/_drivers/amqpdriver.py:360
2025-04-28 00:38:59.590 135638 DEBUG oslo_messaging._drivers.amqpdriver [-] Listener is running poll /usr/lib/python3/dist-packages/oslo_messaging/_drivers/amqpdriver.py:343
2025-04-28 00:38:59.590 134916 DEBUG oslo_service.service [req-962a6c62-c019-4aa9-97db-bbd733073700 - - - - -] placement.status_code_retries = None log_opt_values /usr/lib/python3/dist-packages/oslo_config/cfg.py:2609
2025-04-28 00:38:59.590 135638 DEBUG oslo_messaging._drivers.amqpdriver [-] AMQPListener connection consume poll /usr/lib/python3/dist-packages/oslo_messaging/_drivers/amqpdriver.py:357
2025-04-28 00:38:59.590 134916 DEBUG oslo_service.service [req-962a6c62-c019-4aa9-97db-bbd733073700 - - - - -] placement.status_code_retry_delay = None log_opt_values /usr/lib/python3/dist-packages/oslo_config/cfg.py:2609
2025-04-28 00:38:59.591 134916 DEBUG oslo_service.service [req-962a6c62-c019-4aa9-97db-bbd733073700 - - - - -] placement.system_scope = None log_opt_values /usr/lib/python3/dist-packages/oslo_config/cfg.py:2609
2025-04-28 00:38:59.591 134916 DEBUG oslo_service.service [req-962a6c62-c019-4aa9-97db-bbd733073700 - - - - -] placement.timeout = None log_opt_values /usr/lib/python3/dist-packages/oslo_config/cfg.py:2609
2025-04-28 00:38:59.591 134916 DEBUG oslo_service.service [req-962a6c62-c019-4aa9-97db-bbd733073700 - - - - -] placement.trust_id = None log_opt_values /usr/lib/python3/dist-packages/oslo_config/cfg.py:2609
2025-04-28 00:38:59.591 134916 DEBUG oslo_service.service [req-962a6c62-c019-4aa9-97db-bbd733073700 - - - - -] placement.user_domain_id = None log_opt_values /usr/lib/python3/dist-packages/oslo_config/cfg.py:2609
2025-04-28 00:38:59.591 134916 DEBUG oslo_service.service [req-962a6c62-c019-4aa9-97db-bbd733073700 - - - - -] placement.user_domain_name = service_domain log_opt_values /usr/lib/python3/dist-packages/oslo_config/cfg.py:2609
2025-04-28 00:38:59.591 134916 DEBUG oslo_service.service [req-962a6c62-c019-4aa9-97db-bbd733073700 - - - - -] placement.user_id = None log_opt_values /usr/lib/python3/dist-packages/oslo_config/cfg.py:2609
2025-04-28 00:38:59.592 134916 DEBUG oslo_service.service [req-962a6c62-c019-4aa9-97db-bbd733073700 - - - - -] placement.username = nova log_opt_values /usr/lib/python3/dist-packages/oslo_config/cfg.py:2609
2025-04-28 00:38:59.592 134916 DEBUG oslo_service.service [req-962a6c62-c019-4aa9-97db-bbd733073700 - - - - -] placement.valid_interfaces = ['internal', 'public'] log_opt_values /usr/lib/python3/dist-packages/oslo_config/cfg.py:2609
2025-04-28 00:38:59.592 134916 DEBUG oslo_service.service [req-962a6c62-c019-4aa9-97db-bbd733073700 - - - - -] placement.version = None log_opt_values /usr/lib/python3/dist-packages/oslo_config/cfg.py:2609
2025-04-28 00:38:59.592 134916 DEBUG oslo_service.service [req-962a6c62-c019-4aa9-97db-bbd733073700 - - - - -] powervm.disk_driver = localdisk log_opt_values /usr/lib/python3/dist-packages/oslo_config/cfg.py:2609
2025-04-28 00:38:59.592 134916 DEBUG oslo_service.service [req-962a6c62-c019-4aa9-97db-bbd733073700 - - - - -] powervm.proc_units_factor = 0.1 log_opt_values /usr/lib/python3/dist-packages/oslo_config/cfg.py:2609
2025-04-28 00:38:59.593 134916 DEBUG oslo_service.service [req-962a6c62-c019-4aa9-97db-bbd733073700 - - - - -] powervm.volume_group_name = log_opt_values /usr/lib/python3/dist-packages/oslo_config/cfg.py:2609
2025-04-28 00:38:59.593 134916 DEBUG oslo_service.service [req-962a6c62-c019-4aa9-97db-bbd733073700 - - - - -] quota.cores = 20 log_opt_values /usr/lib/python3/dist-packages/oslo_config/cfg.py:2609
