2025-04-28 01:42:41.147 67327 DEBUG oslo_service.service [-] clients_cinder.key_file = None log_opt_values /usr/lib/python3/dist-packages/oslo_config/cfg.py:2609
2025-04-28 01:42:41.147 67327 DEBUG oslo_service.service [-] clients_designate.ca_file = None log_opt_values /usr/lib/python3/dist-packages/oslo_config/cfg.py:2609
2025-04-28 01:42:41.147 67327 DEBUG oslo_service.service [-] clients_designate.cert_file = None log_opt_values /usr/lib/python3/dist-packages/oslo_config/cfg.py:2609
2025-04-28 01:42:41.147 67327 DEBUG oslo_service.service [-] clients_designate.endpoint_type = None log_opt_values /usr/lib/python3/dist-packages/oslo_config/cfg.py:2609
2025-04-28 01:42:41.147 67327 DEBUG oslo_service.service [-] clients_designate.insecure = None log_opt_values /usr/lib/python3/dist-packages/oslo_config/cfg.py:2609
2025-04-28 01:42:41.147 67327 DEBUG oslo_service.service [-] clients_designate.key_file = None log_opt_values /usr/lib/python3/dist-packages/oslo_config/cfg.py:2609
2025-04-28 01:42:41.147 67327 DEBUG oslo_service.service [-] clients_glance.ca_file = None log_opt_values /usr/lib/python3/dist-packages/oslo_config/cfg.py:2609
2025-04-28 01:42:41.148 67327 DEBUG oslo_service.service [-] clients_glance.cert_file = None log_opt_values /usr/lib/python3/dist-packages/oslo_config/cfg.py:2609
2025-04-28 01:42:41.148 67327 DEBUG oslo_service.service [-] clients_glance.endpoint_type = None log_opt_values /usr/lib/python3/dist-packages/oslo_config/cfg.py:2609
2025-04-28 01:42:41.148 67327 DEBUG oslo_service.service [-] clients_glance.insecure = None log_opt_values /usr/lib/python3/dist-packages/oslo_config/cfg.py:2609
2025-04-28 01:42:41.148 67327 DEBUG oslo_service.service [-] clients_glance.key_file = None log_opt_values /usr/lib/python3/dist-packages/oslo_config/cfg.py:2609
2025-04-28 01:42:41.148 67327 DEBUG oslo_service.service [-] clients_heat.ca_file = None log_opt_values /usr/lib/python3/dist-packages/oslo_config/cfg.py:2609
2025-04-28 01:42:41.148 67327 DEBUG oslo_service.service [-] clients_heat.cert_file = None log_opt_values /usr/lib/python3/dist-packages/oslo_config/cfg.py:2609
2025-04-28 01:42:41.148 67327 DEBUG oslo_service.service [-] clients_heat.endpoint_type = None log_opt_values /usr/lib/python3/dist-packages/oslo_config/cfg.py:2609
2025-04-28 01:42:41.148 67327 DEBUG oslo_service.service [-] clients_heat.insecure = None log_opt_values /usr/lib/python3/dist-packages/oslo_config/cfg.py:2609
2025-04-28 01:42:41.149 67327 DEBUG oslo_service.service [-] clients_heat.key_file = None log_opt_values /usr/lib/python3/dist-packages/oslo_config/cfg.py:2609
2025-04-28 01:42:41.149 67327 DEBUG oslo_service.service [-] clients_heat.url = log_opt_values /usr/lib/python3/dist-packages/oslo_config/cfg.py:2609
2025-04-28 01:42:41.149 67327 DEBUG oslo_service.service [-] clients_keystone.auth_uri = http://252.241.253.75:5050 log_opt_values /usr/lib/python3/dist-packages/oslo_config/cfg.py:2609
2025-04-28 01:42:41.149 67327 DEBUG oslo_service.service [-] clients_keystone.ca_file = None log_opt_values /usr/lib/python3/dist-packages/oslo_config/cfg.py:2609
2025-04-28 01:42:41.149 67327 DEBUG oslo_service.service [-] clients_keystone.cert_file = None log_opt_values /usr/lib/python3/dist-packages/oslo_config/cfg.py:2609
2025-04-28 01:42:41.149 67327 DEBUG oslo_service.service [-] clients_keystone.endpoint_type = None log_opt_values /usr/lib/python3/dist-packages/oslo_config/cfg.py:2609
2025-04-28 01:42:41.149 67327 DEBUG oslo_service.service [-] clients_keystone.insecure = None log_opt_values /usr/lib/python3/dist-packages/oslo_config/cfg.py:2609
2025-04-28 01:42:41.149 67327 DEBUG oslo_service.service [-] clients_keystone.key_file = None log_opt_values /usr/lib/python3/dist-packages/oslo_config/cfg.py:2609
2025-04-28 01:42:41.150 67327 DEBUG oslo_service.service [-] clients_magnum.ca_file = None log_opt_values /usr/lib/python3/dist-packages/oslo_config/cfg.py:2609
2025-04-28 01:42:41.150 67327 DEBUG oslo_service.service [-] clients_magnum.cert_file = None log_opt_values /usr/lib/python3/dist-packages/oslo_config/cfg.py:2609
2025-04-28 01:42:41.150 67327 DEBUG oslo_service.service [-] clients_magnum.endpoint_type = None log_opt_values /usr/lib/python3/dist-packages/oslo_config/cfg.py:2609
2025-04-28 01:42:41.150 67327 DEBUG oslo_service.service [-] clients_magnum.insecure = None log_opt_values /usr/lib/python3/dist-packages/oslo_config/cfg.py:2609
2025-04-28 01:42:41.150 67327 DEBUG oslo_service.service [-] clients_magnum.key_file = None log_opt_values /usr/lib/python3/dist-packages/oslo_config/cfg.py:2609
2025-04-28 01:42:41.150 67327 DEBUG oslo_service.service [-] clients_manila.ca_file = None log_opt_values /usr/lib/python3/dist-packages/oslo_config/cfg.py:2609
2025-04-28 01:42:41.150 67327 DEBUG oslo_service.service [-] clients_manila.cert_file = None log_opt_values /usr/lib/python3/dist-packages/oslo_config/cfg.py:2609
2025-04-28 01:42:41.150 67327 DEBUG oslo_service.service [-] clients_manila.endpoint_type = None log_opt_values /usr/lib/python3/dist-packages/oslo_config/cfg.py:2609
2025-04-28 01:42:41.150 67327 DEBUG oslo_service.service [-] clients_manila.insecure = None log_opt_values /usr/lib/python3/dist-packages/oslo_config/cfg.py:2609
2025-04-28 01:42:41.151 67327 DEBUG oslo_service.service [-] clients_manila.key_file = None log_opt_values /usr/lib/python3/dist-packages/oslo_config/cfg.py:2609
2025-04-28 01:42:41.151 67327 DEBUG oslo_service.service [-] clients_mistral.ca_file = None log_opt_values /usr/lib/python3/dist-packages/oslo_config/cfg.py:2609
2025-04-28 01:42:41.151 67327 DEBUG oslo_service.service [-] clients_mistral.cert_file = None log_opt_values /usr/lib/python3/dist-packages/oslo_config/cfg.py:2609
2025-04-28 01:42:41.151 67327 DEBUG oslo_service.service [-] clients_mistral.endpoint_type = None log_opt_values /usr/lib/python3/dist-packages/oslo_config/cfg.py:2609
2025-04-28 01:42:41.151 67327 DEBUG oslo_service.service [-] clients_mistral.insecure = None log_opt_values /usr/lib/python3/dist-packages/oslo_config/cfg.py:2609
2025-04-28 01:42:41.151 67327 DEBUG oslo_service.service [-] clients_mistral.key_file = None log_opt_values /usr/lib/python3/dist-packages/oslo_config/cfg.py:2609
2025-04-28 01:42:41.151 67327 DEBUG oslo_service.service [-] clients_monasca.ca_file = None log_opt_values /usr/lib/python3/dist-packages/oslo_config/cfg.py:2609
2025-04-28 01:42:41.151 67327 DEBUG oslo_service.service [-] clients_monasca.cert_file = None log_opt_values /usr/lib/python3/dist-packages/oslo_config/cfg.py:2609
2025-04-28 01:42:41.153 67327 DEBUG oslo_service.service [-] clients_monasca.endpoint_type = None log_opt_values /usr/lib/python3/dist-packages/oslo_config/cfg.py:2609
2025-04-28 01:42:41.153 67327 DEBUG oslo_service.service [-] clients_monasca.insecure = None log_opt_values /usr/lib/python3/dist-packages/oslo_config/cfg.py:2609
2025-04-28 01:42:41.153 67327 DEBUG oslo_service.service [-] clients_monasca.key_file = None log_opt_values /usr/lib/python3/dist-packages/oslo_config/cfg.py:2609
2025-04-28 01:42:41.154 67327 DEBUG oslo_service.service [-] clients_neutron.ca_file = None log_opt_values /usr/lib/python3/dist-packages/oslo_config/cfg.py:2609
2025-04-28 01:42:41.154 67327 DEBUG oslo_service.service [-] clients_neutron.cert_file = None log_opt_values /usr/lib/python3/dist-packages/oslo_config/cfg.py:2609
2025-04-28 01:42:41.154 67327 DEBUG oslo_service.service [-] clients_neutron.endpoint_type = None log_opt_values /usr/lib/python3/dist-packages/oslo_config/cfg.py:2609
2025-04-28 01:42:41.154 67327 DEBUG oslo_service.service [-] clients_neutron.insecure = None log_opt_values /usr/lib/python3/dist-packages/oslo_config/cfg.py:2609
2025-04-28 01:42:41.154 67327 DEBUG oslo_service.service [-] clients_neutron.key_file = None log_opt_values /usr/lib/python3/dist-packages/oslo_config/cfg.py:2609
2025-04-28 01:42:41.155 67327 DEBUG oslo_service.service [-] clients_nova.ca_file = None log_opt_values /usr/lib/python3/dist-packages/oslo_config/cfg.py:2609
2025-04-28 01:42:41.155 67327 DEBUG oslo_service.service [-] clients_nova.cert_file = None log_opt_values /usr/lib/python3/dist-packages/oslo_config/cfg.py:2609
2025-04-28 01:42:41.155 67327 DEBUG oslo_service.service [-] clients_nova.endpoint_type = None log_opt_values /usr/lib/python3/dist-packages/oslo_config/cfg.py:2609
2025-04-28 01:42:41.155 67327 DEBUG oslo_service.service [-] clients_nova.http_log_debug = False log_opt_values /usr/lib/python3/dist-packages/oslo_config/cfg.py:2609
2025-04-28 01:42:41.155 67327 DEBUG oslo_service.service [-] clients_nova.insecure = None log_opt_values /usr/lib/python3/dist-packages/oslo_config/cfg.py:2609
2025-04-28 01:42:41.155 67327 DEBUG oslo_service.service [-] clients_nova.key_file = None log_opt_values /usr/lib/python3/dist-packages/oslo_config/cfg.py:2609
2025-04-28 01:42:41.155 67327 DEBUG oslo_service.service [-] clients_octavia.ca_file = None log_opt_values /usr/lib/python3/dist-packages/oslo_config/cfg.py:2609
2025-04-28 01:42:41.155 67327 DEBUG oslo_service.service [-] clients_octavia.cert_file = None log_opt_values /usr/lib/python3/dist-packages/oslo_config/cfg.py:2609
2025-04-28 01:42:41.156 67327 DEBUG oslo_service.service [-] clients_octavia.endpoint_type = None log_opt_values /usr/lib/python3/dist-packages/oslo_config/cfg.py:2609
2025-04-28 01:42:41.156 67575 INFO heat.engine.worker [-] Starting engine_worker (1.4) in engine 16f6f779-c468-4fee-8bb0-0fb44a5aff52.
2025-04-28 01:42:41.156 67327 DEBUG oslo_service.service [-] clients_octavia.insecure = None log_opt_values /usr/lib/python3/dist-packages/oslo_config/cfg.py:2609
2025-04-28 01:42:41.156 67327 DEBUG oslo_service.service [-] clients_octavia.key_file = None log_opt_values /usr/lib/python3/dist-packages/oslo_config/cfg.py:2609
2025-04-28 01:42:41.156 67327 DEBUG oslo_service.service [-] clients_sahara.ca_file = None log_opt_values /usr/lib/python3/dist-packages/oslo_config/cfg.py:2609
2025-04-28 01:42:41.156 67327 DEBUG oslo_service.service [-] clients_sahara.cert_file = None log_opt_values /usr/lib/python3/dist-packages/oslo_config/cfg.py:2609
2025-04-28 01:42:41.157 67327 DEBUG oslo_service.service [-] clients_sahara.endpoint_type = None log_opt_values /usr/lib/python3/dist-packages/oslo_config/cfg.py:2609
2025-04-28 01:42:41.157 67327 DEBUG oslo_service.service [-] clients_sahara.insecure = None log_opt_values /usr/lib/python3/dist-packages/oslo_config/cfg.py:2609
2025-04-28 01:42:41.157 67327 DEBUG oslo_service.service [-] clients_sahara.key_file = None log_opt_values /usr/lib/python3/dist-packages/oslo_config/cfg.py:2609
2025-04-28 01:42:41.157 67327 DEBUG oslo_service.service [-] clients_senlin.ca_file = None log_opt_values /usr/lib/python3/dist-packages/oslo_config/cfg.py:2609
2025-04-28 01:42:41.157 67327 DEBUG oslo_service.service [-] clients_senlin.cert_file = None log_opt_values /usr/lib/python3/dist-packages/oslo_config/cfg.py:2609
2025-04-28 01:42:41.157 67327 DEBUG oslo_service.service [-] clients_senlin.endpoint_type = None log_opt_values /usr/lib/python3/dist-packages/oslo_config/cfg.py:2609
2025-04-28 01:42:41.157 67327 DEBUG oslo_service.service [-] clients_senlin.insecure = None log_opt_values /usr/lib/python3/dist-packages/oslo_config/cfg.py:2609
2025-04-28 01:42:41.157 67327 DEBUG oslo_service.service [-] clients_senlin.key_file = None log_opt_values /usr/lib/python3/dist-packages/oslo_config/cfg.py:2609
2025-04-28 01:42:41.158 67327 DEBUG oslo_service.service [-] clients_swift.ca_file = None log_opt_values /usr/lib/python3/dist-packages/oslo_config/cfg.py:2609
2025-04-28 01:42:41.158 67327 DEBUG oslo_service.service [-] clients_swift.cert_file = None log_opt_values /usr/lib/python3/dist-packages/oslo_config/cfg.py:2609
2025-04-28 01:42:41.158 67327 DEBUG oslo_service.service [-] clients_swift.endpoint_type = None log_opt_values /usr/lib/python3/dist-packages/oslo_config/cfg.py:2609
2025-04-28 01:42:41.158 67327 DEBUG oslo_service.service [-] clients_swift.insecure = None log_opt_values /usr/lib/python3/dist-packages/oslo_config/cfg.py:2609
2025-04-28 01:42:41.158 67327 DEBUG oslo_service.service [-] clients_swift.key_file = None log_opt_values /usr/lib/python3/dist-packages/oslo_config/cfg.py:2609
2025-04-28 01:42:41.158 67327 DEBUG oslo_service.service [-] clients_trove.ca_file = None log_opt_values /usr/lib/python3/dist-packages/oslo_config/cfg.py:2609
2025-04-28 01:42:41.158 67327 DEBUG oslo_service.service [-] clients_trove.cert_file = None log_opt_values /usr/lib/python3/dist-packages/oslo_config/cfg.py:2609
2025-04-28 01:42:41.158 67327 DEBUG oslo_service.service [-] clients_trove.endpoint_type = None log_opt_values /usr/lib/python3/dist-packages/oslo_config/cfg.py:2609
2025-04-28 01:42:41.158 67327 DEBUG oslo_service.service [-] clients_trove.insecure = None log_opt_values /usr/lib/python3/dist-packages/oslo_config/cfg.py:2609
2025-04-28 01:42:41.159 67327 DEBUG oslo_service.service [-] clients_trove.key_file = None log_opt_values /usr/lib/python3/dist-packages/oslo_config/cfg.py:2609
2025-04-28 01:42:41.159 67327 DEBUG oslo_service.service [-] clients_vitrage.ca_file = None log_opt_values /usr/lib/python3/dist-packages/oslo_config/cfg.py:2609
2025-04-28 01:42:41.159 67327 DEBUG oslo_service.service [-] clients_vitrage.cert_file = None log_opt_values /usr/lib/python3/dist-packages/oslo_config/cfg.py:2609
2025-04-28 01:42:41.159 67327 DEBUG oslo_service.service [-] clients_vitrage.endpoint_type = None log_opt_values /usr/lib/python3/dist-packages/oslo_config/cfg.py:2609
2025-04-28 01:42:41.159 67327 DEBUG oslo_service.service [-] clients_vitrage.insecure = None log_opt_values /usr/lib/python3/dist-packages/oslo_config/cfg.py:2609
2025-04-28 01:42:41.159 67327 DEBUG oslo_service.service [-] clients_vitrage.key_file = None log_opt_values /usr/lib/python3/dist-packages/oslo_config/cfg.py:2609
2025-04-28 01:42:41.159 67327 DEBUG oslo_service.service [-] clients_zaqar.ca_file = None log_opt_values /usr/lib/python3/dist-packages/oslo_config/cfg.py:2609
2025-04-28 01:42:41.159 67327 DEBUG oslo_service.service [-] clients_zaqar.cert_file = None log_opt_values /usr/lib/python3/dist-packages/oslo_config/cfg.py:2609
2025-04-28 01:42:41.160 67327 DEBUG oslo_service.service [-] clients_zaqar.endpoint_type = None log_opt_values /usr/lib/python3/dist-packages/oslo_config/cfg.py:2609
2025-04-28 01:42:41.160 67327 DEBUG oslo_service.service [-] clients_zaqar.insecure = None log_opt_values /usr/lib/python3/dist-packages/oslo_config/cfg.py:2609
2025-04-28 01:42:41.160 67327 DEBUG oslo_service.service [-] clients_zaqar.key_file = None log_opt_values /usr/lib/python3/dist-packages/oslo_config/cfg.py:2609
2025-04-28 01:42:41.161 67327 DEBUG oslo_service.service [-] database.backend = sqlalchemy log_opt_values /usr/lib/python3/dist-packages/oslo_config/cfg.py:2609
2025-04-28 01:42:41.161 67327 DEBUG oslo_service.service [-] database.connection = **** log_opt_values /usr/lib/python3/dist-packages/oslo_config/cfg.py:2609
2025-04-28 01:42:41.161 67327 DEBUG oslo_service.service [-] database.connection_debug = 0 log_opt_values /usr/lib/python3/dist-packages/oslo_config/cfg.py:2609
2025-04-28 01:42:41.161 67327 DEBUG oslo_service.service [-] database.connection_parameters = log_opt_values /usr/lib/python3/dist-packages/oslo_config/cfg.py:2609
2025-04-28 01:42:41.160 67576 INFO heat.engine.worker [-] Starting engine_worker (1.4) in engine a32cfdad-3b4b-4c9b-9d60-d4753ec6b911.
2025-04-28 01:42:41.161 67327 DEBUG oslo_service.service [-] database.connection_recycle_time = 3600 log_opt_values /usr/lib/python3/dist-packages/oslo_config/cfg.py:2609
2025-04-28 01:42:41.161 67327 DEBUG oslo_service.service [-] database.connection_trace = False log_opt_values /usr/lib/python3/dist-packages/oslo_config/cfg.py:2609
2025-04-28 01:42:41.161 67327 DEBUG oslo_service.service [-] database.db_inc_retry_interval = True log_opt_values /usr/lib/python3/dist-packages/oslo_config/cfg.py:2609
2025-04-28 01:42:41.162 67327 DEBUG oslo_service.service [-] database.db_max_retries = 20 log_opt_values /usr/lib/python3/dist-packages/oslo_config/cfg.py:2609
2025-04-28 01:42:41.162 67327 DEBUG oslo_service.service [-] database.db_max_retry_interval = 10 log_opt_values /usr/lib/python3/dist-packages/oslo_config/cfg.py:2609
2025-04-28 01:42:41.162 67327 DEBUG oslo_service.service [-] database.db_retry_interval = 1 log_opt_values /usr/lib/python3/dist-packages/oslo_config/cfg.py:2609
2025-04-28 01:42:41.162 67327 DEBUG oslo_service.service [-] database.max_overflow = 50 log_opt_values /usr/lib/python3/dist-packages/oslo_config/cfg.py:2609
2025-04-28 01:42:41.162 67327 DEBUG oslo_service.service [-] database.max_pool_size = 5 log_opt_values /usr/lib/python3/dist-packages/oslo_config/cfg.py:2609
2025-04-28 01:42:41.162 67327 DEBUG oslo_service.service [-] database.max_retries = 10 log_opt_values /usr/lib/python3/dist-packages/oslo_config/cfg.py:2609
2025-04-28 01:42:41.162 67327 DEBUG oslo_service.service [-] database.mysql_enable_ndb = False log_opt_values /usr/lib/python3/dist-packages/oslo_config/cfg.py:2609
2025-04-28 01:42:41.163 67327 DEBUG oslo_service.service [-] database.mysql_sql_mode = TRADITIONAL log_opt_values /usr/lib/python3/dist-packages/oslo_config/cfg.py:2609
2025-04-28 01:42:41.163 67327 DEBUG oslo_service.service [-] database.pool_timeout = None log_opt_values /usr/lib/python3/dist-packages/oslo_config/cfg.py:2609
2025-04-28 01:42:41.163 67327 DEBUG oslo_service.service [-] database.retry_interval = 10 log_opt_values /usr/lib/python3/dist-packages/oslo_config/cfg.py:2609
2025-04-28 01:42:41.163 67327 DEBUG oslo_service.service [-] database.slave_connection = **** log_opt_values /usr/lib/python3/dist-packages/oslo_config/cfg.py:2609
2025-04-28 01:42:41.163 67327 DEBUG oslo_service.service [-] database.sqlite_synchronous = True log_opt_values /usr/lib/python3/dist-packages/oslo_config/cfg.py:2609
2025-04-28 01:42:41.163 67327 DEBUG oslo_service.service [-] database.use_db_reconnect = False log_opt_values /usr/lib/python3/dist-packages/oslo_config/cfg.py:2609
2025-04-28 01:42:41.163 67327 DEBUG oslo_service.service [-] oslo_messaging_metrics.metrics_buffer_size = 1000 log_opt_values /usr/lib/python3/dist-packages/oslo_config/cfg.py:2609
2025-04-28 01:42:41.163 67327 DEBUG oslo_service.service [-] oslo_messaging_metrics.metrics_enabled = False log_opt_values /usr/lib/python3/dist-packages/oslo_config/cfg.py:2609
2025-04-28 01:42:41.164 67327 DEBUG oslo_service.service [-] oslo_messaging_metrics.metrics_process_name = log_opt_values /usr/lib/python3/dist-packages/oslo_config/cfg.py:2609
2025-04-28 01:42:41.164 67327 DEBUG oslo_service.service [-] oslo_messaging_metrics.metrics_socket_file = /var/tmp/metrics_collector.sock log_opt_values /usr/lib/python3/dist-packages/oslo_config/cfg.py:2609
2025-04-28 01:42:41.164 67327 DEBUG oslo_service.service [-] oslo_messaging_metrics.metrics_thread_stop_timeout = 10 log_opt_values /usr/lib/python3/dist-packages/oslo_config/cfg.py:2609
2025-04-28 01:42:41.164 67327 DEBUG oslo_service.service [-] oslo_policy.enforce_new_defaults = False log_opt_values /usr/lib/python3/dist-packages/oslo_config/cfg.py:2609
2025-04-28 01:42:41.164 67327 DEBUG oslo_service.service [-] oslo_policy.enforce_scope = False log_opt_values /usr/lib/python3/dist-packages/oslo_config/cfg.py:2609
2025-04-28 01:42:41.164 67327 DEBUG oslo_service.service [-] oslo_policy.policy_default_rule = default log_opt_values /usr/lib/python3/dist-packages/oslo_config/cfg.py:2609
2025-04-28 01:42:41.165 67327 DEBUG oslo_service.service [-] oslo_policy.policy_dirs = ['policy.d'] log_opt_values /usr/lib/python3/dist-packages/oslo_config/cfg.py:2609
2025-04-28 01:42:41.165 67327 DEBUG oslo_service.service [-] oslo_policy.policy_file = policy.yaml log_opt_values /usr/lib/python3/dist-packages/oslo_config/cfg.py:2609
2025-04-28 01:42:41.165 67327 DEBUG oslo_service.service [-] oslo_policy.remote_content_type = application/x-www-form-urlencoded log_opt_values /usr/lib/python3/dist-packages/oslo_config/cfg.py:2609
2025-04-28 01:42:41.165 67327 DEBUG oslo_service.service [-] oslo_policy.remote_ssl_ca_crt_file = None log_opt_values /usr/lib/python3/dist-packages/oslo_config/cfg.py:2609
2025-04-28 01:42:41.165 67327 DEBUG oslo_service.service [-] oslo_policy.remote_ssl_client_crt_file = None log_opt_values /usr/lib/python3/dist-packages/oslo_config/cfg.py:2609
2025-04-28 01:42:41.165 67327 DEBUG oslo_service.service [-] oslo_policy.remote_ssl_client_key_file = None log_opt_values /usr/lib/python3/dist-packages/oslo_config/cfg.py:2609
2025-04-28 01:42:41.165 67327 DEBUG oslo_service.service [-] oslo_policy.remote_ssl_verify_server_crt = False log_opt_values /usr/lib/python3/dist-packages/oslo_config/cfg.py:2609
2025-04-28 01:42:41.167 67327 DEBUG oslo_service.service [-] trustee.auth_section = None log_opt_values /usr/lib/python3/dist-packages/oslo_config/cfg.py:2609
2025-04-28 01:42:41.167 67327 WARNING oslo_config.cfg [-] Deprecated: Option "auth_plugin" from group "trustee" is deprecated. Use option "auth_type" from group "trustee".
2025-04-28 01:42:41.167 67327 DEBUG oslo_service.service [-] trustee.auth_type = password log_opt_values /usr/lib/python3/dist-packages/oslo_config/cfg.py:2609
2025-04-28 01:42:41.167 67327 DEBUG oslo_service.service [-] oslo_versionedobjects.fatal_exception_format_errors = False log_opt_values /usr/lib/python3/dist-packages/oslo_config/cfg.py:2609
2025-04-28 01:42:41.168 67327 DEBUG oslo_service.service [-] oslo_messaging_rabbit.amqp_auto_delete = False log_opt_values /usr/lib/python3/dist-packages/oslo_config/cfg.py:2609
2025-04-28 01:42:41.168 67327 DEBUG oslo_service.service [-] oslo_messaging_rabbit.amqp_durable_queues = False log_opt_values /usr/lib/python3/dist-packages/oslo_config/cfg.py:2609
2025-04-28 01:42:41.168 67327 DEBUG oslo_service.service [-] oslo_messaging_rabbit.conn_pool_min_size = 2 log_opt_values /usr/lib/python3/dist-packages/oslo_config/cfg.py:2609
2025-04-28 01:42:41.168 67327 DEBUG oslo_service.service [-] oslo_messaging_rabbit.conn_pool_ttl = 1200 log_opt_values /usr/lib/python3/dist-packages/oslo_config/cfg.py:2609
2025-04-28 01:42:41.168 67327 DEBUG oslo_service.service [-] oslo_messaging_rabbit.direct_mandatory_flag = True log_opt_values /usr/lib/python3/dist-packages/oslo_config/cfg.py:2609
2025-04-28 01:42:41.168 67327 DEBUG oslo_service.service [-] oslo_messaging_rabbit.enable_cancel_on_failover = False log_opt_values /usr/lib/python3/dist-packages/oslo_config/cfg.py:2609
2025-04-28 01:42:41.168 67327 DEBUG oslo_service.service [-] oslo_messaging_rabbit.heartbeat_in_pthread = False log_opt_values /usr/lib/python3/dist-packages/oslo_config/cfg.py:2609
2025-04-28 01:42:41.169 67327 DEBUG oslo_service.service [-] oslo_messaging_rabbit.heartbeat_rate = 2 log_opt_values /usr/lib/python3/dist-packages/oslo_config/cfg.py:2609
2025-04-28 01:42:41.169 67327 DEBUG oslo_service.service [-] oslo_messaging_rabbit.heartbeat_timeout_threshold = 60 log_opt_values /usr/lib/python3/dist-packages/oslo_config/cfg.py:2609
2025-04-28 01:42:41.169 67327 DEBUG oslo_service.service [-] oslo_messaging_rabbit.kombu_compression = None log_opt_values /usr/lib/python3/dist-packages/oslo_config/cfg.py:2609
2025-04-28 01:42:41.169 67327 DEBUG oslo_service.service [-] oslo_messaging_rabbit.kombu_failover_strategy = round-robin log_opt_values /usr/lib/python3/dist-packages/oslo_config/cfg.py:2609
2025-04-28 01:42:41.169 67327 DEBUG oslo_service.service [-] oslo_messaging_rabbit.kombu_missing_consumer_retry_timeout = 60 log_opt_values /usr/lib/python3/dist-packages/oslo_config/cfg.py:2609
2025-04-28 01:42:41.169 67327 DEBUG oslo_service.service [-] oslo_messaging_rabbit.kombu_reconnect_delay = 1.0 log_opt_values /usr/lib/python3/dist-packages/oslo_config/cfg.py:2609
2025-04-28 01:42:41.169 67327 DEBUG oslo_service.service [-] oslo_messaging_rabbit.rabbit_ha_queues = False log_opt_values /usr/lib/python3/dist-packages/oslo_config/cfg.py:2609
2025-04-28 01:42:41.169 67327 DEBUG oslo_service.service [-] oslo_messaging_rabbit.rabbit_interval_max = 30 log_opt_values /usr/lib/python3/dist-packages/oslo_config/cfg.py:2609
2025-04-28 01:42:41.170 67327 DEBUG oslo_service.service [-] oslo_messaging_rabbit.rabbit_login_method = AMQPLAIN log_opt_values /usr/lib/python3/dist-packages/oslo_config/cfg.py:2609
2025-04-28 01:42:41.170 67327 DEBUG oslo_service.service [-] oslo_messaging_rabbit.rabbit_qos_prefetch_count = 0 log_opt_values /usr/lib/python3/dist-packages/oslo_config/cfg.py:2609
2025-04-28 01:42:41.170 67327 DEBUG oslo_service.service [-] oslo_messaging_rabbit.rabbit_quorum_queue = False log_opt_values /usr/lib/python3/dist-packages/oslo_config/cfg.py:2609
2025-04-28 01:42:41.170 67327 DEBUG oslo_service.service [-] oslo_messaging_rabbit.rabbit_retry_backoff = 2 log_opt_values /usr/lib/python3/dist-packages/oslo_config/cfg.py:2609
2025-04-28 01:42:41.170 67327 DEBUG oslo_service.service [-] oslo_messaging_rabbit.rabbit_retry_interval = 1 log_opt_values /usr/lib/python3/dist-packages/oslo_config/cfg.py:2609
2025-04-28 01:42:41.170 67327 DEBUG oslo_service.service [-] oslo_messaging_rabbit.rabbit_transient_queues_ttl = 1800 log_opt_values /usr/lib/python3/dist-packages/oslo_config/cfg.py:2609
2025-04-28 01:42:41.170 67327 DEBUG oslo_service.service [-] oslo_messaging_rabbit.rpc_conn_pool_size = 30 log_opt_values /usr/lib/python3/dist-packages/oslo_config/cfg.py:2609
2025-04-28 01:42:41.170 67327 DEBUG oslo_service.service [-] oslo_messaging_rabbit.ssl = False log_opt_values /usr/lib/python3/dist-packages/oslo_config/cfg.py:2609
2025-04-28 01:42:41.171 67327 DEBUG oslo_service.service [-] oslo_messaging_rabbit.ssl_ca_file = log_opt_values /usr/lib/python3/dist-packages/oslo_config/cfg.py:2609
2025-04-28 01:42:41.171 67327 DEBUG oslo_service.service [-] oslo_messaging_rabbit.ssl_cert_file = log_opt_values /usr/lib/python3/dist-packages/oslo_config/cfg.py:2609
2025-04-28 01:42:41.171 67327 DEBUG oslo_service.service [-] oslo_messaging_rabbit.ssl_key_file = log_opt_values /usr/lib/python3/dist-packages/oslo_config/cfg.py:2609
2025-04-28 01:42:41.171 67327 DEBUG oslo_service.service [-] oslo_messaging_rabbit.ssl_version = log_opt_values /usr/lib/python3/dist-packages/oslo_config/cfg.py:2609
2025-04-28 01:42:41.171 67327 DEBUG oslo_service.service [-] oslo_messaging_notifications.driver = [] log_opt_values /usr/lib/python3/dist-packages/oslo_config/cfg.py:2609
2025-04-28 01:42:41.171 67327 DEBUG oslo_service.service [-] oslo_messaging_notifications.retry = -1 log_opt_values /usr/lib/python3/dist-packages/oslo_config/cfg.py:2609
2025-04-28 01:42:41.171 67327 DEBUG oslo_service.service [-] oslo_messaging_notifications.topics = ['notifications'] log_opt_values /usr/lib/python3/dist-packages/oslo_config/cfg.py:2609
2025-04-28 01:42:41.172 67327 DEBUG oslo_service.service [-] oslo_messaging_notifications.transport_url = **** log_opt_values /usr/lib/python3/dist-packages/oslo_config/cfg.py:2609
2025-04-28 01:42:41.172 67327 DEBUG oslo_service.service [-] cache.backend = dogpile.cache.null log_opt_values /usr/lib/python3/dist-packages/oslo_config/cfg.py:2609
2025-04-28 01:42:41.172 67327 DEBUG oslo_service.service [-] cache.backend_argument = **** log_opt_values /usr/lib/python3/dist-packages/oslo_config/cfg.py:2609
2025-04-28 01:42:41.172 67327 DEBUG oslo_service.service [-] cache.config_prefix = cache.oslo log_opt_values /usr/lib/python3/dist-packages/oslo_config/cfg.py:2609
2025-04-28 01:42:41.172 67327 DEBUG oslo_service.service [-] cache.debug_cache_backend = False log_opt_values /usr/lib/python3/dist-packages/oslo_config/cfg.py:2609
2025-04-28 01:42:41.172 67327 DEBUG oslo_service.service [-] cache.enabled = False log_opt_values /usr/lib/python3/dist-packages/oslo_config/cfg.py:2609
2025-04-28 01:42:41.173 67327 DEBUG oslo_service.service [-] cache.expiration_time = 600 log_opt_values /usr/lib/python3/dist-packages/oslo_config/cfg.py:2609
2025-04-28 01:42:41.173 67327 DEBUG oslo_service.service [-] cache.memcache_dead_retry = 300 log_opt_values /usr/lib/python3/dist-packages/oslo_config/cfg.py:2609
2025-04-28 01:42:41.173 67327 DEBUG oslo_service.service [-] cache.memcache_pool_connection_get_timeout = 10 log_opt_values /usr/lib/python3/dist-packages/oslo_config/cfg.py:2609
2025-04-28 01:42:41.173 67327 DEBUG oslo_service.service [-] cache.memcache_pool_flush_on_reconnect = False log_opt_values /usr/lib/python3/dist-packages/oslo_config/cfg.py:2609
2025-04-28 01:42:41.173 67327 DEBUG oslo_service.service [-] cache.memcache_pool_maxsize = 10 log_opt_values /usr/lib/python3/dist-packages/oslo_config/cfg.py:2609
2025-04-28 01:42:41.173 67327 DEBUG oslo_service.service [-] cache.memcache_pool_unused_timeout = 60 log_opt_values /usr/lib/python3/dist-packages/oslo_config/cfg.py:2609
2025-04-28 01:42:41.173 67327 DEBUG oslo_service.service [-] cache.memcache_servers = ['localhost:11211'] log_opt_values /usr/lib/python3/dist-packages/oslo_config/cfg.py:2609
2025-04-28 01:42:41.174 67327 DEBUG oslo_service.service [-] cache.memcache_socket_timeout = 1.0 log_opt_values /usr/lib/python3/dist-packages/oslo_config/cfg.py:2609
2025-04-28 01:42:41.174 67327 DEBUG oslo_service.service [-] cache.proxies = [] log_opt_values /usr/lib/python3/dist-packages/oslo_config/cfg.py:2609
2025-04-28 01:42:41.174 67327 DEBUG oslo_service.service [-] cache.tls_allowed_ciphers = None log_opt_values /usr/lib/python3/dist-packages/oslo_config/cfg.py:2609
2025-04-28 01:42:41.174 67327 DEBUG oslo_service.service [-] cache.tls_cafile = None log_opt_values /usr/lib/python3/dist-packages/oslo_config/cfg.py:2609
2025-04-28 01:42:41.174 67327 DEBUG oslo_service.service [-] cache.tls_certfile = None log_opt_values /usr/lib/python3/dist-packages/oslo_config/cfg.py:2609
2025-04-28 01:42:41.174 67327 DEBUG oslo_service.service [-] cache.tls_enabled = False log_opt_values /usr/lib/python3/dist-packages/oslo_config/cfg.py:2609
2025-04-28 01:42:41.174 67327 DEBUG oslo_service.service [-] cache.tls_keyfile = None log_opt_values /usr/lib/python3/dist-packages/oslo_config/cfg.py:2609
2025-04-28 01:42:41.174 67327 DEBUG oslo_service.service [-] constraint_validation_cache.caching = True log_opt_values /usr/lib/python3/dist-packages/oslo_config/cfg.py:2609
2025-04-28 01:42:41.175 67327 DEBUG oslo_service.service [-] constraint_validation_cache.expiration_time = 60 log_opt_values /usr/lib/python3/dist-packages/oslo_config/cfg.py:2609
2025-04-28 01:42:41.175 67327 DEBUG oslo_service.service [-] service_extension_cache.caching = True log_opt_values /usr/lib/python3/dist-packages/oslo_config/cfg.py:2609
2025-04-28 01:42:41.175 67327 DEBUG oslo_service.service [-] service_extension_cache.expiration_time = 3600 log_opt_values /usr/lib/python3/dist-packages/oslo_config/cfg.py:2609
2025-04-28 01:42:41.175 67327 DEBUG oslo_service.service [-] resource_finder_cache.caching = True log_opt_values /usr/lib/python3/dist-packages/oslo_config/cfg.py:2609
2025-04-28 01:42:41.175 67327 DEBUG oslo_service.service [-] resource_finder_cache.expiration_time = 3600 log_opt_values /usr/lib/python3/dist-packages/oslo_config/cfg.py:2609
2025-04-28 01:42:41.175 67327 DEBUG oslo_service.service [-] yaql.limit_iterators = 200 log_opt_values /usr/lib/python3/dist-packages/oslo_config/cfg.py:2609
2025-04-28 01:42:41.175 67327 DEBUG oslo_service.service [-] yaql.memory_quota = 10000 log_opt_values /usr/lib/python3/dist-packages/oslo_config/cfg.py:2609
2025-04-28 01:42:41.175 67327 DEBUG oslo_service.service [-] ******************************************************************************** log_opt_values /usr/lib/python3/dist-packages/oslo_config/cfg.py:2613
2025-04-28 01:42:41.203 67573 DEBUG oslo_db.sqlalchemy.engines [req-dbbc1c82-cae9-4522-bac5-ab42c5ec1fdb - - - - -] MySQL server mode set to STRICT_TRANS_TABLES,STRICT_ALL_TABLES,NO_ZERO_IN_DATE,NO_ZERO_DATE,ERROR_FOR_DIVISION_BY_ZERO,TRADITIONAL,NO_ENGINE_SUBSTITUTION _check_effective_sql_mode /usr/lib/python3/dist-packages/oslo_db/sqlalchemy/engines.py:314
2025-04-28 01:42:41.229 67574 DEBUG oslo_db.sqlalchemy.engines [req-20bfc3de-146f-4955-bd1b-668edc523082 - - - - -] MySQL server mode set to STRICT_TRANS_TABLES,STRICT_ALL_TABLES,NO_ZERO_IN_DATE,NO_ZERO_DATE,ERROR_FOR_DIVISION_BY_ZERO,TRADITIONAL,NO_ENGINE_SUBSTITUTION _check_effective_sql_mode /usr/lib/python3/dist-packages/oslo_db/sqlalchemy/engines.py:314
2025-04-28 01:42:41.235 67576 DEBUG oslo_db.sqlalchemy.engines [req-274bcc4a-9aeb-4478-8563-1906a9af4605 - - - - -] MySQL server mode set to STRICT_TRANS_TABLES,STRICT_ALL_TABLES,NO_ZERO_IN_DATE,NO_ZERO_DATE,ERROR_FOR_DIVISION_BY_ZERO,TRADITIONAL,NO_ENGINE_SUBSTITUTION _check_effective_sql_mode /usr/lib/python3/dist-packages/oslo_db/sqlalchemy/engines.py:314
2025-04-28 01:42:41.239 67575 DEBUG oslo_db.sqlalchemy.engines [req-e3287afd-673d-48d5-93cd-c87b90429cb3 - - - - -] MySQL server mode set to STRICT_TRANS_TABLES,STRICT_ALL_TABLES,NO_ZERO_IN_DATE,NO_ZERO_DATE,ERROR_FOR_DIVISION_BY_ZERO,TRADITIONAL,NO_ENGINE_SUBSTITUTION _check_effective_sql_mode /usr/lib/python3/dist-packages/oslo_db/sqlalchemy/engines.py:314
2025-04-28 01:42:41.322 67573 DEBUG heat.engine.service [req-8acea1bb-7a9d-4c4e-a4c7-c8a3799874b2 - - - - -] Service c174ca94-9cfa-4579-a859-39b5a9b62a66 is started service_manage_report /usr/lib/python3/dist-packages/heat/engine/service.py:2363
2025-04-28 01:42:41.327 67576 DEBUG heat.engine.service [req-b7737a9c-300d-4461-937e-de2d7835e513 - - - - -] Service b61c7444-9ff1-4c79-a128-da01d4ab88d1 is started service_manage_report /usr/lib/python3/dist-packages/heat/engine/service.py:2363
2025-04-28 01:42:41.328 67575 DEBUG heat.engine.service [req-8a2d3dd2-36f9-45b0-985c-74f4035b1708 - - - - -] Service f1364fbe-1aac-483b-9b7b-677e3a5517be is started service_manage_report /usr/lib/python3/dist-packages/heat/engine/service.py:2363
2025-04-28 01:42:41.328 67574 DEBUG heat.engine.service [req-98e57b89-c0eb-4494-a557-fb472cb0ed1e - - - - -] Service eafbbea5-e4df-45e0-94b2-518cc9829aa2 is started service_manage_report /usr/lib/python3/dist-packages/heat/engine/service.py:2363
2025-04-28 01:42:41.354 67573 DEBUG heat.engine.service [req-8acea1bb-7a9d-4c4e-a4c7-c8a3799874b2 - - - - -] Service c174ca94-9cfa-4579-a859-39b5a9b62a66 is updated service_manage_report /usr/lib/python3/dist-packages/heat/engine/service.py:2370
2025-04-28 01:42:41.365 67576 DEBUG heat.engine.service [req-b7737a9c-300d-4461-937e-de2d7835e513 - - - - -] Service b61c7444-9ff1-4c79-a128-da01d4ab88d1 is updated service_manage_report /usr/lib/python3/dist-packages/heat/engine/service.py:2370
2025-04-28 01:42:41.365 67574 DEBUG heat.engine.service [req-98e57b89-c0eb-4494-a557-fb472cb0ed1e - - - - -] Service eafbbea5-e4df-45e0-94b2-518cc9829aa2 is updated service_manage_report /usr/lib/python3/dist-packages/heat/engine/service.py:2370
2025-04-28 01:42:41.367 67575 DEBUG heat.engine.service [req-8a2d3dd2-36f9-45b0-985c-74f4035b1708 - - - - -] Service f1364fbe-1aac-483b-9b7b-677e3a5517be is updated service_manage_report /usr/lib/python3/dist-packages/heat/engine/service.py:2370
2025-04-28 01:43:41.449 67573 DEBUG heat.engine.service [req-c0c76f14-3779-4a60-b4c1-6ac31362040d - - - - -] Service c174ca94-9cfa-4579-a859-39b5a9b62a66 is updated service_manage_report /usr/lib/python3/dist-packages/heat/engine/service.py:2370
2025-04-28 01:43:41.522 67575 DEBUG heat.engine.service [req-252d572b-03fc-4ce9-bc5a-2f622cf64f27 - - - - -] Service f1364fbe-1aac-483b-9b7b-677e3a5517be is updated service_manage_report /usr/lib/python3/dist-packages/heat/engine/service.py:2370
2025-04-28 01:43:41.522 67576 DEBUG heat.engine.service [req-f56f4282-b49c-418d-a8b6-6a3e934a4519 - - - - -] Service b61c7444-9ff1-4c79-a128-da01d4ab88d1 is updated service_manage_report /usr/lib/python3/dist-packages/heat/engine/service.py:2370
2025-04-28 01:43:41.522 67574 DEBUG heat.engine.service [req-79d01153-820b-4ba9-b666-6a848768d676 - - - - -] Service eafbbea5-e4df-45e0-94b2-518cc9829aa2 is updated service_manage_report /usr/lib/python3/dist-packages/heat/engine/service.py:2370
2025-04-28 01:44:41.283 67573 DEBUG heat.engine.service [req-90f8297c-d192-4565-8111-2a08cca66894 - - - - -] Service c174ca94-9cfa-4579-a859-39b5a9b62a66 is updated service_manage_report /usr/lib/python3/dist-packages/heat/engine/service.py:2370
2025-04-28 01:44:41.306 67576 DEBUG heat.engine.service [req-006afd0e-543e-435a-9ac2-7ca59e86f833 - - - - -] Service b61c7444-9ff1-4c79-a128-da01d4ab88d1 is updated service_manage_report /usr/lib/python3/dist-packages/heat/engine/service.py:2370
2025-04-28 01:44:41.307 67575 DEBUG heat.engine.service [req-8f370c69-17e6-42e6-953e-229f5a93471c - - - - -] Service f1364fbe-1aac-483b-9b7b-677e3a5517be is updated service_manage_report /usr/lib/python3/dist-packages/heat/engine/service.py:2370
2025-04-28 01:44:41.315 67574 DEBUG heat.engine.service [req-cd2ca183-ea5a-489c-81b2-7fc910bb9b99 - - - - -] Service eafbbea5-e4df-45e0-94b2-518cc9829aa2 is updated service_manage_report /usr/lib/python3/dist-packages/heat/engine/service.py:2370
2025-04-28 01:45:41.285 67573 DEBUG heat.engine.service [req-be9abad8-1c1a-40f4-bfba-0e3166521312 - - - - -] Service c174ca94-9cfa-4579-a859-39b5a9b62a66 is updated service_manage_report /usr/lib/python3/dist-packages/heat/engine/service.py:2370
2025-04-28 01:45:41.311 67575 DEBUG heat.engine.service [req-85af8eb4-6cb9-4857-802c-0504287b6d79 - - - - -] Service f1364fbe-1aac-483b-9b7b-677e3a5517be is updated service_manage_report /usr/lib/python3/dist-packages/heat/engine/service.py:2370
2025-04-28 01:45:41.312 67576 DEBUG heat.engine.service [req-ea4cd26d-1518-4dcf-82fa-136d42b6191d - - - - -] Service b61c7444-9ff1-4c79-a128-da01d4ab88d1 is updated service_manage_report /usr/lib/python3/dist-packages/heat/engine/service.py:2370
2025-04-28 01:45:41.318 67574 DEBUG heat.engine.service [req-3603b430-5e92-4e2d-8530-726c73811175 - - - - -] Service eafbbea5-e4df-45e0-94b2-518cc9829aa2 is updated service_manage_report /usr/lib/python3/dist-packages/heat/engine/service.py:2370
2025-04-28 01:46:41.308 67573 DEBUG heat.engine.service [req-fb0ca1ef-ea32-4549-b5dd-f18c8068baf0 - - - - -] Service c174ca94-9cfa-4579-a859-39b5a9b62a66 is updated service_manage_report /usr/lib/python3/dist-packages/heat/engine/service.py:2370
2025-04-28 01:46:41.321 67576 DEBUG heat.engine.service [req-428112de-35cf-4e87-bbaa-acbb26916196 - - - - -] Service b61c7444-9ff1-4c79-a128-da01d4ab88d1 is updated service_manage_report /usr/lib/python3/dist-packages/heat/engine/service.py:2370
2025-04-28 01:46:41.335 67575 DEBUG heat.engine.service [req-7ef3204e-4e08-43f1-8be2-1f3f4c0ce6b9 - - - - -] Service f1364fbe-1aac-483b-9b7b-677e3a5517be is updated service_manage_report /usr/lib/python3/dist-packages/heat/engine/service.py:2370
2025-04-28 01:46:41.347 67574 DEBUG heat.engine.service [req-684619af-b502-426d-95ab-016afbe9745d - - - - -] Service eafbbea5-e4df-45e0-94b2-518cc9829aa2 is updated service_manage_report /usr/lib/python3/dist-packages/heat/engine/service.py:2370
2025-04-28 01:47:41.290 67573 DEBUG heat.engine.service [req-a013602f-5f6f-4703-be3a-596c5a71420d - - - - -] Service c174ca94-9cfa-4579-a859-39b5a9b62a66 is updated service_manage_report /usr/lib/python3/dist-packages/heat/engine/service.py:2370
2025-04-28 01:47:41.306 67576 DEBUG heat.engine.service [req-57198c9d-cd15-4d6a-9e4f-b282a36ee7dc - - - - -] Service b61c7444-9ff1-4c79-a128-da01d4ab88d1 is updated service_manage_report /usr/lib/python3/dist-packages/heat/engine/service.py:2370
2025-04-28 01:47:41.318 67575 DEBUG heat.engine.service [req-e3fe34a4-9159-4da4-bb90-1c3df335f9b0 - - - - -] Service f1364fbe-1aac-483b-9b7b-677e3a5517be is updated service_manage_report /usr/lib/python3/dist-packages/heat/engine/service.py:2370
2025-04-28 01:47:41.321 67574 DEBUG heat.engine.service [req-7e0bb3e1-c3b6-4a6b-957b-60d00d74e5c2 - - - - -] Service eafbbea5-e4df-45e0-94b2-518cc9829aa2 is updated service_manage_report /usr/lib/python3/dist-packages/heat/engine/service.py:2370
2025-04-28 01:48:41.295 67573 DEBUG heat.engine.service [req-58f25b32-c738-46e9-a07d-134c12d1be03 - - - - -] Service c174ca94-9cfa-4579-a859-39b5a9b62a66 is updated service_manage_report /usr/lib/python3/dist-packages/heat/engine/service.py:2370
2025-04-28 01:48:41.308 67576 DEBUG heat.engine.service [req-de706679-bbd6-411c-b2f9-4f0f2711b023 - - - - -] Service b61c7444-9ff1-4c79-a128-da01d4ab88d1 is updated service_manage_report /usr/lib/python3/dist-packages/heat/engine/service.py:2370
2025-04-28 01:48:41.323 67575 DEBUG heat.engine.service [req-7bdc5fd7-02c9-4bed-8d77-7b995651517b - - - - -] Service f1364fbe-1aac-483b-9b7b-677e3a5517be is updated service_manage_report /usr/lib/python3/dist-packages/heat/engine/service.py:2370
2025-04-28 01:48:41.325 67574 DEBUG heat.engine.service [req-687f1be2-70fd-44f8-a07c-4a1be6379194 - - - - -] Service eafbbea5-e4df-45e0-94b2-518cc9829aa2 is updated service_manage_report /usr/lib/python3/dist-packages/heat/engine/service.py:2370
2025-04-28 01:49:41.298 67573 DEBUG heat.engine.service [req-ea79f07e-4fc0-4fba-8609-9fda87c1870d - - - - -] Service c174ca94-9cfa-4579-a859-39b5a9b62a66 is updated service_manage_report /usr/lib/python3/dist-packages/heat/engine/service.py:2370
2025-04-28 01:49:41.313 67576 DEBUG heat.engine.service [req-382434e9-7f7e-430a-ab31-498b2cb72df4 - - - - -] Service b61c7444-9ff1-4c79-a128-da01d4ab88d1 is updated service_manage_report /usr/lib/python3/dist-packages/heat/engine/service.py:2370
2025-04-28 01:49:41.325 67575 DEBUG heat.engine.service [req-b6043668-c00d-4a96-a087-d04fe72df81e - - - - -] Service f1364fbe-1aac-483b-9b7b-677e3a5517be is updated service_manage_report /usr/lib/python3/dist-packages/heat/engine/service.py:2370
2025-04-28 01:49:41.328 67574 DEBUG heat.engine.service [req-5953ebf5-1136-4a4c-ad77-fbf05df28f33 - - - - -] Service eafbbea5-e4df-45e0-94b2-518cc9829aa2 is updated service_manage_report /usr/lib/python3/dist-packages/heat/engine/service.py:2370
2025-04-28 01:50:41.307 67573 DEBUG heat.engine.service [req-1cc529ad-85eb-47bd-a8f7-cb2303cc6f1d - - - - -] Service c174ca94-9cfa-4579-a859-39b5a9b62a66 is updated service_manage_report /usr/lib/python3/dist-packages/heat/engine/service.py:2370
2025-04-28 01:50:41.317 67576 DEBUG heat.engine.service [req-589b307f-e82a-460f-a5d8-096e9fef8bb5 - - - - -] Service b61c7444-9ff1-4c79-a128-da01d4ab88d1 is updated service_manage_report /usr/lib/python3/dist-packages/heat/engine/service.py:2370
2025-04-28 01:50:41.334 67575 DEBUG heat.engine.service [req-3d36d49a-45ec-498c-bf68-2792f6b97ed2 - - - - -] Service f1364fbe-1aac-483b-9b7b-677e3a5517be is updated service_manage_report /usr/lib/python3/dist-packages/heat/engine/service.py:2370
2025-04-28 01:50:41.335 67574 DEBUG heat.engine.service [req-14d982b3-61e9-408c-aa6d-117b3e13f4e3 - - - - -] Service eafbbea5-e4df-45e0-94b2-518cc9829aa2 is updated service_manage_report /usr/lib/python3/dist-packages/heat/engine/service.py:2370
2025-04-28 01:51:41.301 67573 DEBUG heat.engine.service [req-2f2397a2-457b-47fc-bfc5-8e5a462cf649 - - - - -] Service c174ca94-9cfa-4579-a859-39b5a9b62a66 is updated service_manage_report /usr/lib/python3/dist-packages/heat/engine/service.py:2370
2025-04-28 01:51:41.330 67576 DEBUG heat.engine.service [req-85010d91-88e1-48dd-8def-879a1e67bb51 - - - - -] Service b61c7444-9ff1-4c79-a128-da01d4ab88d1 is updated service_manage_report /usr/lib/python3/dist-packages/heat/engine/service.py:2370
2025-04-28 01:51:41.333 67574 DEBUG heat.engine.service [req-558a0186-262a-45c4-829b-625eacc4f4c2 - - - - -] Service eafbbea5-e4df-45e0-94b2-518cc9829aa2 is updated service_manage_report /usr/lib/python3/dist-packages/heat/engine/service.py:2370
2025-04-28 01:51:41.333 67575 DEBUG heat.engine.service [req-5df14170-96ed-4e54-bcb4-b6508bf4e794 - - - - -] Service f1364fbe-1aac-483b-9b7b-677e3a5517be is updated service_manage_report /usr/lib/python3/dist-packages/heat/engine/service.py:2370
2025-04-28 01:52:41.304 67573 DEBUG heat.engine.service [req-a8f34d2c-bf9b-4c37-b147-85c9aa715612 - - - - -] Service c174ca94-9cfa-4579-a859-39b5a9b62a66 is updated service_manage_report /usr/lib/python3/dist-packages/heat/engine/service.py:2370
2025-04-28 01:52:41.326 67576 DEBUG heat.engine.service [req-4a15bf37-d489-4e61-9c55-69adae4bbf74 - - - - -] Service b61c7444-9ff1-4c79-a128-da01d4ab88d1 is updated service_manage_report /usr/lib/python3/dist-packages/heat/engine/service.py:2370
2025-04-28 01:52:41.330 67574 DEBUG heat.engine.service [req-925fb5aa-7984-4955-8f34-bb2fd40a6f1d - - - - -] Service eafbbea5-e4df-45e0-94b2-518cc9829aa2 is updated service_manage_report /usr/lib/python3/dist-packages/heat/engine/service.py:2370
2025-04-28 01:52:41.330 67575 DEBUG heat.engine.service [req-bc683923-cca5-4364-95e9-0dfaffd73a96 - - - - -] Service f1364fbe-1aac-483b-9b7b-677e3a5517be is updated service_manage_report /usr/lib/python3/dist-packages/heat/engine/service.py:2370
2025-04-28 01:53:41.308 67573 DEBUG heat.engine.service [req-0dceb40d-eec3-4af1-8071-a2ace005af9b - - - - -] Service c174ca94-9cfa-4579-a859-39b5a9b62a66 is updated service_manage_report /usr/lib/python3/dist-packages/heat/engine/service.py:2370
2025-04-28 01:53:41.324 67574 DEBUG heat.engine.service [req-9321e261-c974-4975-9f5a-9e0fb2161793 - - - - -] Service eafbbea5-e4df-45e0-94b2-518cc9829aa2 is updated service_manage_report /usr/lib/python3/dist-packages/heat/engine/service.py:2370
2025-04-28 01:53:41.325 67575 DEBUG heat.engine.service [req-64df2980-8b48-4a86-9a1a-b9c4df436339 - - - - -] Service f1364fbe-1aac-483b-9b7b-677e3a5517be is updated service_manage_report /usr/lib/python3/dist-packages/heat/engine/service.py:2370
2025-04-28 01:53:41.328 67576 DEBUG heat.engine.service [req-2f119828-8322-4756-a3ec-f1358140cb82 - - - - -] Service b61c7444-9ff1-4c79-a128-da01d4ab88d1 is updated service_manage_report /usr/lib/python3/dist-packages/heat/engine/service.py:2370
2025-04-28 01:54:41.416 67573 DEBUG heat.engine.service [req-abf52a48-0005-4e46-a544-2524951bf037 - - - - -] Service c174ca94-9cfa-4579-a859-39b5a9b62a66 is updated service_manage_report /usr/lib/python3/dist-packages/heat/engine/service.py:2370
2025-04-28 01:54:41.417 67574 DEBUG heat.engine.service [req-c4198e08-d5df-4d2b-90cf-cd42852a1531 - - - - -] Service eafbbea5-e4df-45e0-94b2-518cc9829aa2 is updated service_manage_report /usr/lib/python3/dist-packages/heat/engine/service.py:2370
2025-04-28 01:54:41.417 67576 DEBUG heat.engine.service [req-1b7a0052-1507-49f4-b1e6-da07e931e077 - - - - -] Service b61c7444-9ff1-4c79-a128-da01d4ab88d1 is updated service_manage_report /usr/lib/python3/dist-packages/heat/engine/service.py:2370
2025-04-28 01:54:41.417 67575 DEBUG heat.engine.service [req-03b3a9d0-e37f-42dc-bb92-f227f5f6e149 - - - - -] Service f1364fbe-1aac-483b-9b7b-677e3a5517be is updated service_manage_report /usr/lib/python3/dist-packages/heat/engine/service.py:2370
2025-04-28 01:55:41.318 67573 DEBUG heat.engine.service [req-a351d315-abed-42a4-bced-8af525eec297 - - - - -] Service c174ca94-9cfa-4579-a859-39b5a9b62a66 is updated service_manage_report /usr/lib/python3/dist-packages/heat/engine/service.py:2370
2025-04-28 01:55:41.335 67574 DEBUG heat.engine.service [req-bc52dba6-6ebd-4d79-9827-e6ad0abf35af - - - - -] Service eafbbea5-e4df-45e0-94b2-518cc9829aa2 is updated service_manage_report /usr/lib/python3/dist-packages/heat/engine/service.py:2370
2025-04-28 01:55:41.337 67576 DEBUG heat.engine.service [req-4b5c0255-c19a-4451-8814-b3789c4b7907 - - - - -] Service b61c7444-9ff1-4c79-a128-da01d4ab88d1 is updated service_manage_report /usr/lib/python3/dist-packages/heat/engine/service.py:2370
2025-04-28 01:55:41.337 67575 DEBUG heat.engine.service [req-ff748b0c-3b18-4bf9-ba65-0d3602b27134 - - - - -] Service f1364fbe-1aac-483b-9b7b-677e3a5517be is updated service_manage_report /usr/lib/python3/dist-packages/heat/engine/service.py:2370
2025-04-28 01:56:41.312 67573 DEBUG heat.engine.service [req-07bcdd5a-ecc2-4b8a-a746-6013a5e81364 - - - - -] Service c174ca94-9cfa-4579-a859-39b5a9b62a66 is updated service_manage_report /usr/lib/python3/dist-packages/heat/engine/service.py:2370
2025-04-28 01:56:41.331 67576 DEBUG heat.engine.service [req-8eaafb97-ce72-4148-86f8-eb64dc2242eb - - - - -] Service b61c7444-9ff1-4c79-a128-da01d4ab88d1 is updated service_manage_report /usr/lib/python3/dist-packages/heat/engine/service.py:2370
2025-04-28 01:56:41.332 67575 DEBUG heat.engine.service [req-1d028755-b832-4105-9602-b7e35c424f25 - - - - -] Service f1364fbe-1aac-483b-9b7b-677e3a5517be is updated service_manage_report /usr/lib/python3/dist-packages/heat/engine/service.py:2370
2025-04-28 01:56:41.338 67574 DEBUG heat.engine.service [req-c8f45998-0c74-4f97-85c6-5c6df2d79cda - - - - -] Service eafbbea5-e4df-45e0-94b2-518cc9829aa2 is updated service_manage_report /usr/lib/python3/dist-packages/heat/engine/service.py:2370
2025-04-28 01:57:41.316 67573 DEBUG heat.engine.service [req-aa3bffc6-9472-4f68-971f-25f3cb95c9eb - - - - -] Service c174ca94-9cfa-4579-a859-39b5a9b62a66 is updated service_manage_report /usr/lib/python3/dist-packages/heat/engine/service.py:2370
2025-04-28 01:57:41.338 67576 DEBUG heat.engine.service [req-d8aa702e-6dec-4c17-8632-3ec4088d2207 - - - - -] Service b61c7444-9ff1-4c79-a128-da01d4ab88d1 is updated service_manage_report /usr/lib/python3/dist-packages/heat/engine/service.py:2370
2025-04-28 01:57:41.339 67575 DEBUG heat.engine.service [req-c885c274-1ec7-40ab-979a-3391bc44f44d - - - - -] Service f1364fbe-1aac-483b-9b7b-677e3a5517be is updated service_manage_report /usr/lib/python3/dist-packages/heat/engine/service.py:2370
2025-04-28 01:57:41.342 67574 DEBUG heat.engine.service [req-9a3b577d-7ea1-4eda-8eb7-9446f1710e2a - - - - -] Service eafbbea5-e4df-45e0-94b2-518cc9829aa2 is updated service_manage_report /usr/lib/python3/dist-packages/heat/engine/service.py:2370