2025-04-28 01:18:11.961 36734 DEBUG heat.engine.service [req-ca330145-4602-4747-a940-456951f63cbd - - - - -] Service 0717f997-85d2-4750-996a-00a15698ebd2 is updated service_manage_report /usr/lib/python3/dist-packages/heat/engine/service.py:2370
2025-04-28 01:18:11.997 36737 DEBUG heat.engine.service [req-9706b50b-499a-497a-bae9-b727710e9d75 - - - - -] Service f441baba-e4d5-447d-8252-d85cd4c57849 is updated service_manage_report /usr/lib/python3/dist-packages/heat/engine/service.py:2370
2025-04-28 01:18:12.002 36736 DEBUG heat.engine.service [req-958d1b44-40b9-485a-90bd-735ecbc5cb2e - - - - -] Service ce6817c3-c55e-4207-974b-5b37a026dee7 is updated service_manage_report /usr/lib/python3/dist-packages/heat/engine/service.py:2370
2025-04-28 01:18:12.033 36735 DEBUG heat.engine.service [req-3bacad57-779f-494b-9d37-6a726b3cf809 - - - - -] Service 840ea950-f4af-49a7-85c9-7b891e275d27 is updated service_manage_report /usr/lib/python3/dist-packages/heat/engine/service.py:2370
2025-04-28 01:19:11.963 36734 DEBUG heat.engine.service [req-706fbaff-9250-4ccd-b2e1-15c1fd8a7551 - - - - -] Service 0717f997-85d2-4750-996a-00a15698ebd2 is updated service_manage_report /usr/lib/python3/dist-packages/heat/engine/service.py:2370
2025-04-28 01:19:12.001 36737 DEBUG heat.engine.service [req-8acd71b3-09ba-4766-b420-9054003eca59 - - - - -] Service f441baba-e4d5-447d-8252-d85cd4c57849 is updated service_manage_report /usr/lib/python3/dist-packages/heat/engine/service.py:2370
2025-04-28 01:19:12.005 36736 DEBUG heat.engine.service [req-55d4169c-40ef-47e8-8ceb-45ece5b34518 - - - - -] Service ce6817c3-c55e-4207-974b-5b37a026dee7 is updated service_manage_report /usr/lib/python3/dist-packages/heat/engine/service.py:2370
2025-04-28 01:19:12.043 36735 DEBUG heat.engine.service [req-0d5156f3-7f95-4ec4-aa57-68d4ca8f0c42 - - - - -] Service 840ea950-f4af-49a7-85c9-7b891e275d27 is updated service_manage_report /usr/lib/python3/dist-packages/heat/engine/service.py:2370
2025-04-28 01:20:11.969 36734 DEBUG heat.engine.service [req-c32d6963-cc20-485b-9bec-0aac92a07cf1 - - - - -] Service 0717f997-85d2-4750-996a-00a15698ebd2 is updated service_manage_report /usr/lib/python3/dist-packages/heat/engine/service.py:2370
2025-04-28 01:20:12.008 36737 DEBUG heat.engine.service [req-548f40d6-92fe-444c-927c-6aabecb9579e - - - - -] Service f441baba-e4d5-447d-8252-d85cd4c57849 is updated service_manage_report /usr/lib/python3/dist-packages/heat/engine/service.py:2370
2025-04-28 01:20:12.012 36736 DEBUG heat.engine.service [req-3c3e78f9-94b1-45ae-858b-406e3c055fd5 - - - - -] Service ce6817c3-c55e-4207-974b-5b37a026dee7 is updated service_manage_report /usr/lib/python3/dist-packages/heat/engine/service.py:2370
2025-04-28 01:20:12.036 36735 DEBUG heat.engine.service [req-fc017240-42c5-4181-a123-59d73d6c4b29 - - - - -] Service 840ea950-f4af-49a7-85c9-7b891e275d27 is updated service_manage_report /usr/lib/python3/dist-packages/heat/engine/service.py:2370
2025-04-28 01:21:11.973 36734 DEBUG heat.engine.service [req-f9154837-4389-434e-806f-4b6d104787f6 - - - - -] Service 0717f997-85d2-4750-996a-00a15698ebd2 is updated service_manage_report /usr/lib/python3/dist-packages/heat/engine/service.py:2370
2025-04-28 01:21:12.003 36737 DEBUG heat.engine.service [req-db1f9a7b-6b01-43fb-9b99-901c8d8d635c - - - - -] Service f441baba-e4d5-447d-8252-d85cd4c57849 is updated service_manage_report /usr/lib/python3/dist-packages/heat/engine/service.py:2370
2025-04-28 01:21:12.006 36736 DEBUG heat.engine.service [req-b9bd39fe-fb9e-436c-9ac9-59463ace8a25 - - - - -] Service ce6817c3-c55e-4207-974b-5b37a026dee7 is updated service_manage_report /usr/lib/python3/dist-packages/heat/engine/service.py:2370
2025-04-28 01:21:12.040 36735 DEBUG heat.engine.service [req-9f954079-9953-49b1-b461-04c4d362859a - - - - -] Service 840ea950-f4af-49a7-85c9-7b891e275d27 is updated service_manage_report /usr/lib/python3/dist-packages/heat/engine/service.py:2370
2025-04-28 01:22:11.979 36734 DEBUG heat.engine.service [req-962c87c6-4107-4382-8d5c-daa38e792be3 - - - - -] Service 0717f997-85d2-4750-996a-00a15698ebd2 is updated service_manage_report /usr/lib/python3/dist-packages/heat/engine/service.py:2370
2025-04-28 01:22:12.007 36737 DEBUG heat.engine.service [req-45c7d2f1-e9db-409f-8527-3b2d0c17e19e - - - - -] Service f441baba-e4d5-447d-8252-d85cd4c57849 is updated service_manage_report /usr/lib/python3/dist-packages/heat/engine/service.py:2370
2025-04-28 01:22:12.009 36736 DEBUG heat.engine.service [req-9a063514-637e-426e-ac85-0b9f96924cc9 - - - - -] Service ce6817c3-c55e-4207-974b-5b37a026dee7 is updated service_manage_report /usr/lib/python3/dist-packages/heat/engine/service.py:2370
2025-04-28 01:22:12.043 36735 DEBUG heat.engine.service [req-3f0e5203-81b4-4bde-b858-422f2f5ea498 - - - - -] Service 840ea950-f4af-49a7-85c9-7b891e275d27 is updated service_manage_report /usr/lib/python3/dist-packages/heat/engine/service.py:2370
2025-04-28 01:23:11.973 36734 DEBUG heat.engine.service [req-5387a87f-cfeb-4617-b950-295f0403078c - - - - -] Service 0717f997-85d2-4750-996a-00a15698ebd2 is updated service_manage_report /usr/lib/python3/dist-packages/heat/engine/service.py:2370
2025-04-28 01:23:12.011 36737 DEBUG heat.engine.service [req-01ebb402-d9d2-44f8-8440-5fed00075271 - - - - -] Service f441baba-e4d5-447d-8252-d85cd4c57849 is updated service_manage_report /usr/lib/python3/dist-packages/heat/engine/service.py:2370
2025-04-28 01:23:12.014 36736 DEBUG heat.engine.service [req-ddca086a-8ffa-4d5b-bf0d-b24d575dded3 - - - - -] Service ce6817c3-c55e-4207-974b-5b37a026dee7 is updated service_manage_report /usr/lib/python3/dist-packages/heat/engine/service.py:2370
2025-04-28 01:23:12.045 36735 DEBUG heat.engine.service [req-8f67dd8a-fe6e-47e2-9b77-fdeeb8185d4a - - - - -] Service 840ea950-f4af-49a7-85c9-7b891e275d27 is updated service_manage_report /usr/lib/python3/dist-packages/heat/engine/service.py:2370
2025-04-28 01:24:11.980 36734 DEBUG heat.engine.service [req-5c2d9afa-e2ce-4975-ab32-2fc0726441a7 - - - - -] Service 0717f997-85d2-4750-996a-00a15698ebd2 is updated service_manage_report /usr/lib/python3/dist-packages/heat/engine/service.py:2370
2025-04-28 01:24:12.016 36737 DEBUG heat.engine.service [req-1d3e9a4e-16f8-4b47-900b-ab2ab47fe570 - - - - -] Service f441baba-e4d5-447d-8252-d85cd4c57849 is updated service_manage_report /usr/lib/python3/dist-packages/heat/engine/service.py:2370
2025-04-28 01:24:12.020 36736 DEBUG heat.engine.service [req-3f2d9c87-8f20-461e-8500-0ef06015f7e7 - - - - -] Service ce6817c3-c55e-4207-974b-5b37a026dee7 is updated service_manage_report /usr/lib/python3/dist-packages/heat/engine/service.py:2370
2025-04-28 01:24:12.047 36735 DEBUG heat.engine.service [req-3608e515-a841-45e9-8e4f-9f9be421ecd3 - - - - -] Service 840ea950-f4af-49a7-85c9-7b891e275d27 is updated service_manage_report /usr/lib/python3/dist-packages/heat/engine/service.py:2370
2025-04-28 01:25:11.975 36734 DEBUG heat.engine.service [req-ba094982-1693-4e24-9f8c-fbc8e7cba3d5 - - - - -] Service 0717f997-85d2-4750-996a-00a15698ebd2 is updated service_manage_report /usr/lib/python3/dist-packages/heat/engine/service.py:2370
2025-04-28 01:25:12.018 36737 DEBUG heat.engine.service [req-07241dfd-7662-4336-bc64-8bfd0984491a - - - - -] Service f441baba-e4d5-447d-8252-d85cd4c57849 is updated service_manage_report /usr/lib/python3/dist-packages/heat/engine/service.py:2370
2025-04-28 01:25:12.022 36736 DEBUG heat.engine.service [req-ccf4bf4b-44cb-442d-91f6-90fc0824e2e7 - - - - -] Service ce6817c3-c55e-4207-974b-5b37a026dee7 is updated service_manage_report /usr/lib/python3/dist-packages/heat/engine/service.py:2370
2025-04-28 01:25:12.051 36735 DEBUG heat.engine.service [req-b2d6c479-ab74-42a0-958a-fe1af87a3aa1 - - - - -] Service 840ea950-f4af-49a7-85c9-7b891e275d27 is updated service_manage_report /usr/lib/python3/dist-packages/heat/engine/service.py:2370
2025-04-28 01:26:11.981 36734 DEBUG heat.engine.service [req-4b7321a6-fc54-46f8-ba9e-6068045ea00e - - - - -] Service 0717f997-85d2-4750-996a-00a15698ebd2 is updated service_manage_report /usr/lib/python3/dist-packages/heat/engine/service.py:2370
2025-04-28 01:26:12.023 36737 DEBUG heat.engine.service [req-efc07a51-c13e-413c-8db7-8f9b354b1965 - - - - -] Service f441baba-e4d5-447d-8252-d85cd4c57849 is updated service_manage_report /usr/lib/python3/dist-packages/heat/engine/service.py:2370
2025-04-28 01:26:12.026 36736 DEBUG heat.engine.service [req-ada0d467-0be2-4668-8b3b-dd0dd24311ae - - - - -] Service ce6817c3-c55e-4207-974b-5b37a026dee7 is updated service_manage_report /usr/lib/python3/dist-packages/heat/engine/service.py:2370
2025-04-28 01:26:12.060 36735 DEBUG heat.engine.service [req-3c8e1d46-bb47-425d-99b4-9a9c334a1afc - - - - -] Service 840ea950-f4af-49a7-85c9-7b891e275d27 is updated service_manage_report /usr/lib/python3/dist-packages/heat/engine/service.py:2370
2025-04-28 01:27:11.984 36734 DEBUG heat.engine.service [req-e07f5b61-cd20-41ce-a161-a56f7e4cd5a8 - - - - -] Service 0717f997-85d2-4750-996a-00a15698ebd2 is updated service_manage_report /usr/lib/python3/dist-packages/heat/engine/service.py:2370
2025-04-28 01:27:12.030 36737 DEBUG heat.engine.service [req-f154cf13-c00d-4b3d-ae6d-b819a89be15c - - - - -] Service f441baba-e4d5-447d-8252-d85cd4c57849 is updated service_manage_report /usr/lib/python3/dist-packages/heat/engine/service.py:2370
2025-04-28 01:27:12.032 36736 DEBUG heat.engine.service [req-b7eff201-954c-44e6-bb9c-c68a676f7fe5 - - - - -] Service ce6817c3-c55e-4207-974b-5b37a026dee7 is updated service_manage_report /usr/lib/python3/dist-packages/heat/engine/service.py:2370
2025-04-28 01:27:12.054 36735 DEBUG heat.engine.service [req-73dcc6fa-403b-4446-bb1f-5662705e79c7 - - - - -] Service 840ea950-f4af-49a7-85c9-7b891e275d27 is updated service_manage_report /usr/lib/python3/dist-packages/heat/engine/service.py:2370
2025-04-28 01:28:11.987 36734 DEBUG heat.engine.service [req-30cdaf90-5594-466e-9f8a-8013473eec4e - - - - -] Service 0717f997-85d2-4750-996a-00a15698ebd2 is updated service_manage_report /usr/lib/python3/dist-packages/heat/engine/service.py:2370
2025-04-28 01:28:12.022 36737 DEBUG heat.engine.service [req-6d7296d6-7706-4efc-a6f8-f296b77b7ab4 - - - - -] Service f441baba-e4d5-447d-8252-d85cd4c57849 is updated service_manage_report /usr/lib/python3/dist-packages/heat/engine/service.py:2370
2025-04-28 01:28:12.025 36736 DEBUG heat.engine.service [req-a8a20cdd-cf33-4022-af17-a4bf29335fb4 - - - - -] Service ce6817c3-c55e-4207-974b-5b37a026dee7 is updated service_manage_report /usr/lib/python3/dist-packages/heat/engine/service.py:2370
2025-04-28 01:28:12.058 36735 DEBUG heat.engine.service [req-e0b2ac6a-09d3-49b1-94b9-abc903081e11 - - - - -] Service 840ea950-f4af-49a7-85c9-7b891e275d27 is updated service_manage_report /usr/lib/python3/dist-packages/heat/engine/service.py:2370
2025-04-28 01:29:11.993 36734 DEBUG heat.engine.service [req-0b04ac2e-5444-407e-a304-2522f2094fa3 - - - - -] Service 0717f997-85d2-4750-996a-00a15698ebd2 is updated service_manage_report /usr/lib/python3/dist-packages/heat/engine/service.py:2370
2025-04-28 01:29:12.026 36737 DEBUG heat.engine.service [req-ef058b83-2ea0-4d5a-ba05-b5df894da973 - - - - -] Service f441baba-e4d5-447d-8252-d85cd4c57849 is updated service_manage_report /usr/lib/python3/dist-packages/heat/engine/service.py:2370
2025-04-28 01:29:12.028 36736 DEBUG heat.engine.service [req-cea87db9-20c7-48c2-b578-490c91116620 - - - - -] Service ce6817c3-c55e-4207-974b-5b37a026dee7 is updated service_manage_report /usr/lib/python3/dist-packages/heat/engine/service.py:2370
2025-04-28 01:29:12.061 36735 DEBUG heat.engine.service [req-ee9ad0d9-1de7-4f34-b7ff-8907c165de96 - - - - -] Service 840ea950-f4af-49a7-85c9-7b891e275d27 is updated service_manage_report /usr/lib/python3/dist-packages/heat/engine/service.py:2370
2025-04-28 01:30:11.998 36734 DEBUG heat.engine.service [req-1f58291b-3e3b-403e-b410-e5ed40003287 - - - - -] Service 0717f997-85d2-4750-996a-00a15698ebd2 is updated service_manage_report /usr/lib/python3/dist-packages/heat/engine/service.py:2370
2025-04-28 01:30:12.035 36737 DEBUG heat.engine.service [req-5e389915-fbf8-4a54-a6e1-abe5a0fc6112 - - - - -] Service f441baba-e4d5-447d-8252-d85cd4c57849 is updated service_manage_report /usr/lib/python3/dist-packages/heat/engine/service.py:2370
2025-04-28 01:30:12.037 36736 DEBUG heat.engine.service [req-9f58c165-4c0b-4281-9261-2acee1754bc4 - - - - -] Service ce6817c3-c55e-4207-974b-5b37a026dee7 is updated service_manage_report /usr/lib/python3/dist-packages/heat/engine/service.py:2370
2025-04-28 01:30:12.070 36735 DEBUG heat.engine.service [req-d1206e93-8333-4e5f-8756-a978f0cda823 - - - - -] Service 840ea950-f4af-49a7-85c9-7b891e275d27 is updated service_manage_report /usr/lib/python3/dist-packages/heat/engine/service.py:2370
2025-04-28 01:31:12.003 36734 DEBUG heat.engine.service [req-6f41590e-47dc-4836-a63d-8dadd3f65297 - - - - -] Service 0717f997-85d2-4750-996a-00a15698ebd2 is updated service_manage_report /usr/lib/python3/dist-packages/heat/engine/service.py:2370
2025-04-28 01:31:12.028 36737 DEBUG heat.engine.service [req-277b760c-b956-4742-9f28-55c0327eff37 - - - - -] Service f441baba-e4d5-447d-8252-d85cd4c57849 is updated service_manage_report /usr/lib/python3/dist-packages/heat/engine/service.py:2370
2025-04-28 01:31:12.033 36736 DEBUG heat.engine.service [req-8b257155-a3b6-4621-a3b8-ac06d2a651df - - - - -] Service ce6817c3-c55e-4207-974b-5b37a026dee7 is updated service_manage_report /usr/lib/python3/dist-packages/heat/engine/service.py:2370
2025-04-28 01:31:12.064 36735 DEBUG heat.engine.service [req-827e23dc-1964-49c4-a38f-0fbaf8f95b05 - - - - -] Service 840ea950-f4af-49a7-85c9-7b891e275d27 is updated service_manage_report /usr/lib/python3/dist-packages/heat/engine/service.py:2370
2025-04-28 01:32:12.015 36734 DEBUG heat.engine.service [req-58dee58c-d926-458c-8a22-b6dba7ea287d - - - - -] Service 0717f997-85d2-4750-996a-00a15698ebd2 is updated service_manage_report /usr/lib/python3/dist-packages/heat/engine/service.py:2370
2025-04-28 01:32:12.027 36736 DEBUG heat.engine.service [req-f0857fb2-a784-4b14-afa7-80d0e9d52a93 - - - - -] Service ce6817c3-c55e-4207-974b-5b37a026dee7 is updated service_manage_report /usr/lib/python3/dist-packages/heat/engine/service.py:2370
2025-04-28 01:32:12.032 36737 DEBUG heat.engine.service [req-a12dc629-3b87-4d90-9ee6-d9a167c79076 - - - - -] Service f441baba-e4d5-447d-8252-d85cd4c57849 is updated service_manage_report /usr/lib/python3/dist-packages/heat/engine/service.py:2370
2025-04-28 01:32:12.067 36735 DEBUG heat.engine.service [req-b3620870-7db3-4e00-a3f6-a357d81841dc - - - - -] Service 840ea950-f4af-49a7-85c9-7b891e275d27 is updated service_manage_report /usr/lib/python3/dist-packages/heat/engine/service.py:2370
2025-04-28 01:33:12.557 36734 DEBUG heat.engine.service [req-fb6ebf25-d48c-4f7e-948a-7373e5fbeaae - - - - -] Service 0717f997-85d2-4750-996a-00a15698ebd2 is updated service_manage_report /usr/lib/python3/dist-packages/heat/engine/service.py:2370
2025-04-28 01:33:12.571 36736 DEBUG heat.engine.service [req-8ddc6724-b5b6-4db6-95c1-e1657252c98e - - - - -] Service ce6817c3-c55e-4207-974b-5b37a026dee7 is updated service_manage_report /usr/lib/python3/dist-packages/heat/engine/service.py:2370
2025-04-28 01:33:12.571 36737 DEBUG heat.engine.service [req-191a9216-565d-4c06-9266-a9f49fa3e318 - - - - -] Service f441baba-e4d5-447d-8252-d85cd4c57849 is updated service_manage_report /usr/lib/python3/dist-packages/heat/engine/service.py:2370
2025-04-28 01:33:12.571 36735 DEBUG heat.engine.service [req-a9d71216-e431-495e-889c-e5d50eb38265 - - - - -] Service 840ea950-f4af-49a7-85c9-7b891e275d27 is updated service_manage_report /usr/lib/python3/dist-packages/heat/engine/service.py:2370
2025-04-28 01:34:00.225 36735 DEBUG heat.engine.service [-] Attempting to stop engine service... _stop_rpc_server /usr/lib/python3/dist-packages/heat/engine/service.py:437
2025-04-28 01:34:00.225 36734 DEBUG heat.engine.service [-] Attempting to stop engine service... _stop_rpc_server /usr/lib/python3/dist-packages/heat/engine/service.py:437
2025-04-28 01:34:00.226 36737 DEBUG heat.engine.service [-] Attempting to stop engine service... _stop_rpc_server /usr/lib/python3/dist-packages/heat/engine/service.py:437
2025-04-28 01:34:00.226 36514 INFO oslo_service.service [-] Caught SIGTERM, stopping children
2025-04-28 01:34:00.226 36736 DEBUG heat.engine.service [-] Attempting to stop engine service... _stop_rpc_server /usr/lib/python3/dist-packages/heat/engine/service.py:437
2025-04-28 01:34:00.227 36514 DEBUG oslo_concurrency.lockutils [-] Acquired lock "singleton_lock" lock /usr/lib/python3/dist-packages/oslo_concurrency/lockutils.py:294
2025-04-28 01:34:00.227 36514 DEBUG oslo_concurrency.lockutils [-] Releasing lock "singleton_lock" lock /usr/lib/python3/dist-packages/oslo_concurrency/lockutils.py:312
2025-04-28 01:34:00.227 36514 DEBUG oslo_service.service [-] Stop services. stop /usr/lib/python3/dist-packages/oslo_service/service.py:695
2025-04-28 01:34:00.227 36514 INFO heat.engine.service [-] All threads were gone, terminating engine
2025-04-28 01:34:00.227 36514 DEBUG oslo_service.service [-] Killing children. stop /usr/lib/python3/dist-packages/oslo_service/service.py:700
2025-04-28 01:34:00.227 36514 INFO oslo_service.service [-] Waiting on 4 children to exit
2025-04-28 01:34:00.237 36514 INFO oslo_service.service [-] Child 36734 killed by signal 15
2025-04-28 01:34:00.238 36514 INFO oslo_service.service [-] Child 36735 killed by signal 15
2025-04-28 01:34:00.238 36514 INFO oslo_service.service [-] Child 36736 killed by signal 15
2025-04-28 01:34:00.240 36514 INFO oslo_service.service [-] Child 36737 killed by signal 15
2025-04-28 01:34:02.684 58158 DEBUG oslo_concurrency.lockutils [-] Lock "context-manager" acquired by "neutron_lib.db.api._create_context_manager" :: waited 0.000s inner /usr/lib/python3/dist-packages/oslo_concurrency/lockutils.py:386
2025-04-28 01:34:02.684 58158 DEBUG oslo_concurrency.lockutils [-] Lock "context-manager" "released" by "neutron_lib.db.api._create_context_manager" :: held 0.001s inner /usr/lib/python3/dist-packages/oslo_concurrency/lockutils.py:400
2025-04-28 01:34:02.985 58158 WARNING heat.engine.environment [-] OS::Aodh::Alarm is DEPRECATED. Theshold alarm relies on ceilometer-api and has been deprecated in aodh since Ocata. Use OS::Aodh::GnocchiAggregationByResourcesAlarm instead.
2025-04-28 01:34:02.985 58158 WARNING heat.engine.environment [-] OS::Aodh::CombinationAlarm is HIDDEN. OS::Aodh::CombinationAlarm is deprecated and has been removed from Aodh, use OS::Aodh::CompositeAlarm instead.
2025-04-28 01:34:02.986 58158 WARNING heat.engine.environment [-] OS::Designate::Domain is HIDDEN. This resource has been removed, use OS::Designate::Zone instead.
2025-04-28 01:34:02.986 58158 WARNING heat.engine.environment [-] OS::Designate::Record is HIDDEN. This resource has been removed, use OS::Designate::RecordSet instead.
2025-04-28 01:34:02.986 58158 WARNING heat.engine.environment [-] OS::Glance::Image is DEPRECATED. Creating a Glance Image based on an existing URL location requires the Glance v1 API, which is deprecated.
2025-04-28 01:34:02.986 58158 WARNING heat.engine.environment [-] OS::Heat::HARestarter is HIDDEN. The HARestarter resource type has been removed. Existing stacks containing HARestarter resources can still be used, but the HARestarter resource will be a placeholder that does nothing.
2025-04-28 01:34:02.986 58158 WARNING heat.engine.environment [-] OS::Heat::SoftwareDeployments is HIDDEN. Please use OS::Heat::SoftwareDeploymentGroup instead.
2025-04-28 01:34:02.987 58158 WARNING heat.engine.environment [-] OS::Heat::StructuredDeployments is HIDDEN. Please use OS::Heat::StructuredDeploymentGroup instead.
2025-04-28 01:34:02.987 58158 WARNING heat.engine.environment [-] OS::Magnum::Bay is HIDDEN. Please use OS::Magnum::Cluster instead.
2025-04-28 01:34:02.987 58158 WARNING heat.engine.environment [-] OS::Magnum::BayModel is HIDDEN. Please use OS::Magnum::ClusterTemplate instead.
2025-04-28 01:34:02.987 58158 WARNING heat.engine.environment [-] OS::Neutron::ExtraRoute is UNSUPPORTED. Use this resource at your own risk.
2025-04-28 01:34:02.987 58158 WARNING heat.engine.environment [-] OS::Neutron::HealthMonitor is HIDDEN. Use LBaaS V2 instead.
2025-04-28 01:34:02.988 58158 WARNING heat.engine.environment [-] OS::Neutron::Pool is HIDDEN. Use LBaaS V2 instead.
2025-04-28 01:34:02.988 58158 WARNING heat.engine.environment [-] OS::Neutron::PoolMember is HIDDEN. Use LBaaS V2 instead.
2025-04-28 01:34:02.988 58158 WARNING heat.engine.environment [-] OS::Neutron::LoadBalancer is HIDDEN. Use LBaaS V2 instead.
2025-04-28 01:34:02.988 58158 WARNING heat.engine.environment [-] OS::Neutron::RouterGateway is HIDDEN. Use the `external_gateway_info` property in the router resource to set up the gateway.
2025-04-28 01:34:02.988 58158 WARNING heat.engine.environment [-] OS::Nova::FloatingIP is HIDDEN. Please use OS::Neutron::FloatingIP instead.
2025-04-28 01:34:02.988 58158 WARNING heat.engine.environment [-] OS::Nova::FloatingIPAssociation is HIDDEN. Please use OS::Neutron::FloatingIPAssociation instead.
2025-04-28 01:34:02.990 58158 INFO heat.engine.environment [-] Loading /etc/heat/environment.d/default.yaml
2025-04-28 01:34:02.991 58158 INFO heat.engine.environment [-] Registered: [Plugin](User:False) AWS::AutoScaling::AutoScalingGroup ->
2025-04-28 01:34:02.991 58158 INFO heat.engine.environment [-] Registered: [Plugin](User:False) AWS::AutoScaling::LaunchConfiguration ->
2025-04-28 01:34:02.991 58158 INFO heat.engine.environment [-] Registered: [Plugin](User:False) AWS::AutoScaling::ScalingPolicy ->
2025-04-28 01:34:02.992 58158 INFO heat.engine.environment [-] Registered: [Plugin](User:False) AWS::CloudFormation::Stack ->
2025-04-28 01:34:02.992 58158 INFO heat.engine.environment [-] Registered: [Plugin](User:False) AWS::CloudFormation::WaitCondition ->
2025-04-28 01:34:02.992 58158 INFO heat.engine.environment [-] Registered: [Plugin](User:False) AWS::CloudFormation::WaitConditionHandle ->
2025-04-28 01:34:02.992 58158 INFO heat.engine.environment [-] Registered: [Plugin](User:False) AWS::EC2::EIP ->
2025-04-28 01:34:02.992 58158 INFO heat.engine.environment [-] Registered: [Plugin](User:False) AWS::EC2::EIPAssociation ->
2025-04-28 01:34:02.992 58158 INFO heat.engine.environment [-] Registered: [Plugin](User:False) AWS::EC2::Instance ->
2025-04-28 01:34:02.992 58158 INFO heat.engine.environment [-] Registered: [Plugin](User:False) AWS::EC2::InternetGateway ->
2025-04-28 01:34:02.992 58158 INFO heat.engine.environment [-] Registered: [Plugin](User:False) AWS::EC2::VPCGatewayAttachment ->
2025-04-28 01:34:02.992 58158 INFO heat.engine.environment [-] Registered: [Plugin](User:False) AWS::EC2::NetworkInterface ->
2025-04-28 01:34:02.993 58158 INFO heat.engine.environment [-] Registered: [Plugin](User:False) AWS::EC2::RouteTable ->
2025-04-28 01:34:02.993 58158 INFO heat.engine.environment [-] Registered: [Plugin](User:False) AWS::EC2::SubnetRouteTableAssociation ->
2025-04-28 01:34:02.993 58158 INFO heat.engine.environment [-] Registered: [Plugin](User:False) AWS::EC2::SecurityGroup ->
2025-04-28 01:34:02.993 58158 INFO heat.engine.environment [-] Registered: [Plugin](User:False) AWS::EC2::Subnet ->
2025-04-28 01:34:02.993 58158 INFO heat.engine.environment [-] Registered: [Plugin](User:False) AWS::EC2::Volume ->
2025-04-28 01:34:02.993 58158 INFO heat.engine.environment [-] Registered: [Plugin](User:False) AWS::EC2::VolumeAttachment ->
2025-04-28 01:34:02.993 58158 INFO heat.engine.environment [-] Registered: [Plugin](User:False) AWS::EC2::VPC ->
2025-04-28 01:34:02.993 58158 INFO heat.engine.environment [-] Registered: [Plugin](User:False) AWS::IAM::User ->
2025-04-28 01:34:02.993 58158 INFO heat.engine.environment [-] Registered: [Plugin](User:False) AWS::IAM::AccessKey ->
2025-04-28 01:34:02.993 58158 INFO heat.engine.environment [-] Registered: [Plugin](User:False) AWS::ElasticLoadBalancing::LoadBalancer ->
2025-04-28 01:34:02.994 58158 INFO heat.engine.environment [-] Registered: [Plugin](User:False) AWS::S3::Bucket ->
2025-04-28 01:34:02.994 58158 INFO heat.engine.environment [-] Registered: [Plugin](User:False) OS::Aodh::Alarm ->
2025-04-28 01:34:02.994 58158 INFO heat.engine.environment [-] Registered: [Plugin](User:False) OS::Aodh::CombinationAlarm ->
2025-04-28 01:34:02.994 58158 INFO heat.engine.environment [-] Registered: [Plugin](User:False) OS::Aodh::EventAlarm ->
2025-04-28 01:34:02.994 58158 INFO heat.engine.environment [-] Registered: [Plugin](User:False) OS::Aodh::LBMemberHealthAlarm ->
2025-04-28 01:34:02.994 58158 INFO heat.engine.environment [-] Registered: [Plugin](User:False) OS::Aodh::CompositeAlarm ->
2025-04-28 01:34:02.994 58158 INFO heat.engine.environment [-] Registered: [Plugin](User:False) OS::Aodh::GnocchiResourcesAlarm ->
2025-04-28 01:34:02.994 58158 INFO heat.engine.environment [-] Registered: [Plugin](User:False) OS::Aodh::GnocchiAggregationByMetricsAlarm ->
2025-04-28 01:34:02.994 58158 INFO heat.engine.environment [-] Registered: [Plugin](User:False) OS::Aodh::GnocchiAggregationByResourcesAlarm ->
2025-04-28 01:34:02.994 58158 INFO heat.engine.environment [-] Registered: [Plugin](User:False) OS::Barbican::GenericContainer ->
2025-04-28 01:34:02.995 58158 INFO heat.engine.environment [-] Registered: [Plugin](User:False) OS::Barbican::CertificateContainer ->
2025-04-28 01:34:02.995 58158 INFO heat.engine.environment [-] Registered: [Plugin](User:False) OS::Barbican::RSAContainer ->
2025-04-28 01:34:02.995 58158 INFO heat.engine.environment [-] Registered: [Plugin](User:False) OS::Barbican::Order ->
2025-04-28 01:34:02.995 58158 INFO heat.engine.environment [-] Registered: [Plugin](User:False) OS::Barbican::Secret ->
2025-04-28 01:34:02.995 58158 INFO heat.engine.environment [-] Registered: [Plugin](User:False) OS::Blazar::Host ->
2025-04-28 01:34:02.995 58158 INFO heat.engine.environment [-] Registered: [Plugin](User:False) OS::Blazar::Lease ->
2025-04-28 01:34:02.995 58158 INFO heat.engine.environment [-] Registered: [Plugin](User:False) OS::Cinder::EncryptedVolumeType ->
2025-04-28 01:34:02.995 58158 INFO heat.engine.environment [-] Registered: [Plugin](User:False) OS::Cinder::QoSSpecs ->
2025-04-28 01:34:02.995 58158 INFO heat.engine.environment [-] Registered: [Plugin](User:False) OS::Cinder::QoSAssociation ->
2025-04-28 01:34:02.995 58158 INFO heat.engine.environment [-] Registered: [Plugin](User:False) OS::Cinder::Quota ->
2025-04-28 01:34:02.995 58158 INFO heat.engine.environment [-] Registered: [Plugin](User:False) OS::Cinder::Volume ->
2025-04-28 01:34:02.996 58158 INFO heat.engine.environment [-] Registered: [Plugin](User:False) OS::Cinder::VolumeAttachment ->
2025-04-28 01:34:02.996 58158 INFO heat.engine.environment [-] Registered: [Plugin](User:False) OS::Cinder::VolumeType ->
2025-04-28 01:34:02.996 58158 INFO heat.engine.environment [-] Registered: [Plugin](User:False) OS::Designate::Domain ->
2025-04-28 01:34:02.996 58158 INFO heat.engine.environment [-] Registered: [Plugin](User:False) OS::Designate::Record ->
2025-04-28 01:34:02.996 58158 INFO heat.engine.environment [-] Registered: [Plugin](User:False) OS::Designate::RecordSet ->
2025-04-28 01:34:02.996 58158 INFO heat.engine.environment [-] Registered: [Plugin](User:False) OS::Designate::Zone ->
2025-04-28 01:34:02.996 58158 INFO heat.engine.environment [-] Registered: [Plugin](User:False) OS::Glance::Image ->
2025-04-28 01:34:02.996 58158 INFO heat.engine.environment [-] Registered: [Plugin](User:False) OS::Glance::WebImage ->
2025-04-28 01:34:02.996 58158 INFO heat.engine.environment [-] Registered: [Plugin](User:False) OS::Heat::AccessPolicy ->
2025-04-28 01:34:02.996 58158 INFO heat.engine.environment [-] Registered: [Plugin](User:False) OS::Heat::AutoScalingGroup ->
2025-04-28 01:34:02.997 58158 INFO heat.engine.environment [-] Registered: [Plugin](User:False) OS::Heat::CloudConfig ->
2025-04-28 01:34:02.997 58158 INFO heat.engine.environment [-] Registered: [Plugin](User:False) OS::Heat::Delay ->
2025-04-28 01:34:02.997 58158 INFO heat.engine.environment [-] Registered: [Plugin](User:False) OS::Heat::DeployedServer ->
2025-04-28 01:34:02.997 58158 INFO heat.engine.environment [-] Registered: [Plugin](User:False) OS::Heat::HARestarter ->
2025-04-28 01:34:02.997 58158 INFO heat.engine.environment [-] Registered: [Plugin](User:False) OS::Heat::InstanceGroup ->
2025-04-28 01:34:02.997 58158 INFO heat.engine.environment [-] Registered: [Plugin](User:False) OS::Heat::MultipartMime ->
2025-04-28 01:34:02.997 58158 INFO heat.engine.environment [-] Registered: [Plugin](User:False) OS::Heat::None ->
2025-04-28 01:34:02.997 58158 INFO heat.engine.environment [-] Registered: [Plugin](User:False) OS::Heat::RandomString ->
2025-04-28 01:34:02.997 58158 INFO heat.engine.environment [-] Registered: [Plugin](User:False) OS::Heat::Stack ->
2025-04-28 01:34:02.997 58158 INFO heat.engine.environment [-] Registered: [Plugin](User:False) OS::Heat::ResourceChain ->
2025-04-28 01:34:02.997 58158 INFO heat.engine.environment [-] Registered: [Plugin](User:False) OS::Heat::ResourceGroup ->
2025-04-28 01:34:02.998 58158 INFO heat.engine.environment [-] Registered: [Plugin](User:False) OS::Heat::ScalingPolicy ->
2025-04-28 01:34:02.998 58158 INFO heat.engine.environment [-] Registered: [Plugin](User:False) OS::Heat::SoftwareComponent ->
2025-04-28 01:34:02.998 58158 INFO heat.engine.environment [-] Registered: [Plugin](User:False) OS::Heat::SoftwareConfig ->
2025-04-28 01:34:02.998 58158 INFO heat.engine.environment [-] Registered: [Plugin](User:False) OS::Heat::SoftwareDeployment ->
2025-04-28 01:34:02.998 58158 INFO heat.engine.environment [-] Registered: [Plugin](User:False) OS::Heat::SoftwareDeploymentGroup ->
2025-04-28 01:34:02.998 58158 INFO heat.engine.environment [-] Registered: [Plugin](User:False) OS::Heat::SoftwareDeployments ->
2025-04-28 01:34:02.998 58158 INFO heat.engine.environment [-] Registered: [Plugin](User:False) OS::Heat::StructuredConfig ->
2025-04-28 01:34:02.998 58158 INFO heat.engine.environment [-] Registered: [Plugin](User:False) OS::Heat::StructuredDeployment ->
2025-04-28 01:34:02.998 58158 INFO heat.engine.environment [-] Registered: [Plugin](User:False) OS::Heat::StructuredDeploymentGroup ->
2025-04-28 01:34:02.998 58158 INFO heat.engine.environment [-] Registered: [Plugin](User:False) OS::Heat::StructuredDeployments ->
2025-04-28 01:34:02.999 58158 INFO heat.engine.environment [-] Registered: [Plugin](User:False) OS::Heat::SwiftSignal ->
2025-04-28 01:34:02.999 58158 INFO heat.engine.environment [-] Registered: [Plugin](User:False) OS::Heat::SwiftSignalHandle ->
2025-04-28 01:34:02.999 58158 INFO heat.engine.environment [-] Registered: [Plugin](User:False) OS::Heat::TestResource ->
2025-04-28 01:34:02.999 58158 INFO heat.engine.environment [-] Registered: [Plugin](User:False) OS::Heat::Value ->
2025-04-28 01:34:02.999 58158 INFO heat.engine.environment [-] Registered: [Plugin](User:False) OS::Heat::WaitCondition ->
2025-04-28 01:34:02.999 58158 INFO heat.engine.environment [-] Registered: [Plugin](User:False) OS::Heat::WaitConditionHandle ->
2025-04-28 01:34:02.999 58158 INFO heat.engine.environment [-] Registered: [Plugin](User:False) OS::Heat::UpdateWaitConditionHandle ->
2025-04-28 01:34:02.999 58158 INFO heat.engine.environment [-] Registered: [Plugin](User:False) OS::Ironic::Port ->
2025-04-28 01:34:02.999 58158 INFO heat.engine.environment [-] Registered: [Plugin](User:False) OS::Keystone::Domain ->
2025-04-28 01:34:02.999 58158 INFO heat.engine.environment [-] Registered: [Plugin](User:False) OS::Keystone::Endpoint ->
2025-04-28 01:34:03.000 58158 INFO heat.engine.environment [-] Registered: [Plugin](User:False) OS::Keystone::Group ->
2025-04-28 01:34:03.000 58158 INFO heat.engine.environment [-] Registered: [Plugin](User:False) OS::Keystone::Project ->
2025-04-28 01:34:03.000 58158 INFO heat.engine.environment [-] Registered: [Plugin](User:False) OS::Keystone::Region ->
2025-04-28 01:34:03.000 58158 INFO heat.engine.environment [-] Registered: [Plugin](User:False) OS::Keystone::Role ->
2025-04-28 01:34:03.000 58158 INFO heat.engine.environment [-] Registered: [Plugin](User:False) OS::Keystone::UserRoleAssignment ->
2025-04-28 01:34:03.000 58158 INFO heat.engine.environment [-] Registered: [Plugin](User:False) OS::Keystone::GroupRoleAssignment ->
2025-04-28 01:34:03.000 58158 INFO heat.engine.environment [-] Registered: [Plugin](User:False) OS::Keystone::Service ->
2025-04-28 01:34:03.000 58158 INFO heat.engine.environment [-] Registered: [Plugin](User:False) OS::Keystone::User ->
2025-04-28 01:34:03.000 58158 INFO heat.engine.environment [-] Registered: [Plugin](User:False) OS::Magnum::Bay ->
2025-04-28 01:34:03.001 58158 INFO heat.engine.environment [-] Registered: [Plugin](User:False) OS::Magnum::BayModel ->
2025-04-28 01:34:03.001 58158 INFO heat.engine.environment [-] Registered: [Plugin](User:False) OS::Magnum::Cluster ->
2025-04-28 01:34:03.001 58158 INFO heat.engine.environment [-] Registered: [Plugin](User:False) OS::Magnum::ClusterTemplate ->
2025-04-28 01:34:03.001 58158 INFO heat.engine.environment [-] Registered: [Plugin](User:False) OS::Manila::SecurityService ->
2025-04-28 01:34:03.001 58158 INFO heat.engine.environment [-] Registered: [Plugin](User:False) OS::Manila::Share ->
2025-04-28 01:34:03.001 58158 INFO heat.engine.environment [-] Registered: [Plugin](User:False) OS::Manila::ShareNetwork ->
2025-04-28 01:34:03.001 58158 INFO heat.engine.environment [-] Registered: [Plugin](User:False) OS::Manila::ShareType ->
2025-04-28 01:34:03.001 58158 INFO heat.engine.environment [-] Registered: [Plugin](User:False) OS::Mistral::CronTrigger ->
2025-04-28 01:34:03.002 58158 INFO heat.engine.environment [-] Registered: [Plugin](User:False) OS::Mistral::ExternalResource ->
2025-04-28 01:34:03.002 58158 INFO heat.engine.environment [-] Registered: [Plugin](User:False) OS::Mistral::Workflow ->
2025-04-28 01:34:03.002 58158 INFO heat.engine.environment [-] Registered: [Plugin](User:False) OS::Monasca::AlarmDefinition ->
2025-04-28 01:34:03.002 58158 INFO heat.engine.environment [-] Registered: [Plugin](User:False) OS::Monasca::Notification ->
2025-04-28 01:34:03.002 58158 INFO heat.engine.environment [-] Registered: [Plugin](User:False) OS::Neutron::AddressScope ->
2025-04-28 01:34:03.002 58158 INFO heat.engine.environment [-] Registered: [Plugin](User:False) OS::Neutron::ExtraRoute ->
2025-04-28 01:34:03.002 58158 INFO heat.engine.environment [-] Registered: [Plugin](User:False) OS::Neutron::ExtraRouteSet ->
2025-04-28 01:34:03.002 58158 INFO heat.engine.environment [-] Registered: [Plugin](User:False) OS::Neutron::Firewall ->
2025-04-28 01:34:03.003 58158 INFO heat.engine.environment [-] Registered: [Plugin](User:False) OS::Neutron::FirewallPolicy ->
2025-04-28 01:34:03.003 58158 INFO heat.engine.environment [-] Registered: [Plugin](User:False) OS::Neutron::FirewallRule ->
2025-04-28 01:34:03.003 58158 INFO heat.engine.environment [-] Registered: [Plugin](User:False) OS::Neutron::FloatingIP ->
2025-04-28 01:34:03.003 58158 INFO heat.engine.environment [-] Registered: [Plugin](User:False) OS::Neutron::FloatingIPAssociation ->
2025-04-28 01:34:03.003 58158 INFO heat.engine.environment [-] Registered: [Plugin](User:False) OS::Neutron::L2Gateway ->
2025-04-28 01:34:03.003 58158 INFO heat.engine.environment [-] Registered: [Plugin](User:False) OS::Neutron::L2GatewayConnection ->
2025-04-28 01:34:03.003 58158 INFO heat.engine.environment [-] Registered: [Plugin](User:False) OS::Neutron::LBaaS::HealthMonitor ->
2025-04-28 01:34:03.003 58158 INFO heat.engine.environment [-] Registered: [Plugin](User:False) OS::Neutron::LBaaS::L7Policy ->
2025-04-28 01:34:03.003 58158 INFO heat.engine.environment [-] Registered: [Plugin](User:False) OS::Neutron::LBaaS::L7Rule ->
2025-04-28 01:34:03.004 58158 INFO heat.engine.environment [-] Registered: [Plugin](User:False) OS::Neutron::LBaaS::Listener ->
2025-04-28 01:34:03.004 58158 INFO heat.engine.environment [-] Registered: [Plugin](User:False) OS::Neutron::LBaaS::LoadBalancer ->
2025-04-28 01:34:03.004 58158 INFO heat.engine.environment [-] Registered: [Plugin](User:False) OS::Neutron::LBaaS::Pool ->
2025-04-28 01:34:03.004 58158 INFO heat.engine.environment [-] Registered: [Plugin](User:False) OS::Neutron::LBaaS::PoolMember ->
2025-04-28 01:34:03.004 58158 INFO heat.engine.environment [-] Registered: [Plugin](User:False) OS::Neutron::HealthMonitor ->
2025-04-28 01:34:03.004 58158 INFO heat.engine.environment [-] Registered: [Plugin](User:False) OS::Neutron::Pool ->
2025-04-28 01:34:03.004 58158 INFO heat.engine.environment [-] Registered: [Plugin](User:False) OS::Neutron::PoolMember ->
2025-04-28 01:34:03.004 58158 INFO heat.engine.environment [-] Registered: [Plugin](User:False) OS::Neutron::LoadBalancer ->
2025-04-28 01:34:03.005 58158 INFO heat.engine.environment [-] Registered: [Plugin](User:False) OS::Neutron::MeteringLabel ->
2025-04-28 01:34:03.005 58158 INFO heat.engine.environment [-] Registered: [Plugin](User:False) OS::Neutron::MeteringRule ->
2025-04-28 01:34:03.005 58158 INFO heat.engine.environment [-] Registered: [Plugin](User:False) OS::Neutron::Net ->
2025-04-28 01:34:03.005 58158 INFO heat.engine.environment [-] Registered: [Plugin](User:False) OS::Neutron::NetworkGateway ->
2025-04-28 01:34:03.005 58158 INFO heat.engine.environment [-] Registered: [Plugin](User:False) OS::Neutron::Port ->
2025-04-28 01:34:03.005 58158 INFO heat.engine.environment [-] Registered: [Plugin](User:False) OS::Neutron::ProviderNet ->
2025-04-28 01:34:03.005 58158 INFO heat.engine.environment [-] Registered: [Plugin](User:False) OS::Neutron::QoSPolicy ->
2025-04-28 01:34:03.005 58158 INFO heat.engine.environment [-] Registered: [Plugin](User:False) OS::Neutron::QoSBandwidthLimitRule ->
2025-04-28 01:34:03.005 58158 INFO heat.engine.environment [-] Registered: [Plugin](User:False) OS::Neutron::QoSDscpMarkingRule ->
2025-04-28 01:34:03.005 58158 INFO heat.engine.environment [-] Registered: [Plugin](User:False) OS::Neutron::QoSMinimumBandwidthRule ->
2025-04-28 01:34:03.006 58158 INFO heat.engine.environment [-] Registered: [Plugin](User:False) OS::Neutron::Quota ->
2025-04-28 01:34:03.006 58158 INFO heat.engine.environment [-] Registered: [Plugin](User:False) OS::Neutron::RBACPolicy ->
2025-04-28 01:34:03.006 58158 INFO heat.engine.environment [-] Registered: [Plugin](User:False) OS::Neutron::Router ->
2025-04-28 01:34:03.006 58158 INFO heat.engine.environment [-] Registered: [Plugin](User:False) OS::Neutron::RouterInterface ->
2025-04-28 01:34:03.006 58158 INFO heat.engine.environment [-] Registered: [Plugin](User:False) OS::Neutron::RouterGateway ->
2025-04-28 01:34:03.006 58158 INFO heat.engine.environment [-] Registered: [Plugin](User:False) OS::Neutron::SecurityGroup ->
2025-04-28 01:34:03.006 58158 INFO heat.engine.environment [-] Registered: [Plugin](User:False) OS::Neutron::SecurityGroupRule ->
2025-04-28 01:34:03.006 58158 INFO heat.engine.environment [-] Registered: [Plugin](User:False) OS::Neutron::Segment ->
2025-04-28 01:34:03.006 58158 INFO heat.engine.environment [-] Registered: [Plugin](User:False) OS::Neutron::FlowClassifier ->
2025-04-28 01:34:03.006 58158 INFO heat.engine.environment [-] Registered: [Plugin](User:False) OS::Neutron::PortChain ->
2025-04-28 01:34:03.007 58158 INFO heat.engine.environment [-] Registered: [Plugin](User:False) OS::Neutron::PortPair ->
2025-04-28 01:34:03.007 58158 INFO heat.engine.environment [-] Registered: [Plugin](User:False) OS::Neutron::PortPairGroup ->
2025-04-28 01:34:03.007 58158 INFO heat.engine.environment [-] Registered: [Plugin](User:False) OS::Neutron::Subnet ->
2025-04-28 01:34:03.007 58158 INFO heat.engine.environment [-] Registered: [Plugin](User:False) OS::Neutron::SubnetPool ->
2025-04-28 01:34:03.007 58158 INFO heat.engine.environment [-] Registered: [Plugin](User:False) OS::Neutron::TaaS::TapFlow ->
2025-04-28 01:34:03.007 58158 INFO heat.engine.environment [-] Registered: [Plugin](User:False) OS::Neutron::TaaS::TapService ->
2025-04-28 01:34:03.007 58158 INFO heat.engine.environment [-] Registered: [Plugin](User:False) OS::Neutron::Trunk ->
2025-04-28 01:34:03.007 58158 INFO heat.engine.environment [-] Registered: [Plugin](User:False) OS::Neutron::VPNService ->
2025-04-28 01:34:03.007 58158 INFO heat.engine.environment [-] Registered: [Plugin](User:False) OS::Neutron::IPsecSiteConnection ->
2025-04-28 01:34:03.007 58158 INFO heat.engine.environment [-] Registered: [Plugin](User:False) OS::Neutron::IKEPolicy ->
2025-04-28 01:34:03.007 58158 INFO heat.engine.environment [-] Registered: [Plugin](User:False) OS::Neutron::IPsecPolicy ->
2025-04-28 01:34:03.008 58158 INFO heat.engine.environment [-] Registered: [Plugin](User:False) OS::Nova::Flavor ->
2025-04-28 01:34:03.008 58158 INFO heat.engine.environment [-] Registered: [Plugin](User:False) OS::Nova::FloatingIP ->
2025-04-28 01:34:03.008 58158 INFO heat.engine.environment [-] Registered: [Plugin](User:False) OS::Nova::FloatingIPAssociation ->
2025-04-28 01:34:03.008 58158 INFO heat.engine.environment [-] Registered: [Plugin](User:False) OS::Nova::HostAggregate ->
2025-04-28 01:34:03.008 58158 INFO heat.engine.environment [-] Registered: [Plugin](User:False) OS::Nova::KeyPair ->
2025-04-28 01:34:03.008 58158 INFO heat.engine.environment [-] Registered: [Plugin](User:False) OS::Nova::Quota ->
2025-04-28 01:34:03.008 58158 INFO heat.engine.environment [-] Registered: [Plugin](User:False) OS::Nova::Server ->
2025-04-28 01:34:03.008 58158 INFO heat.engine.environment [-] Registered: [Plugin](User:False) OS::Nova::ServerGroup ->
2025-04-28 01:34:03.008 58158 INFO heat.engine.environment [-] Registered: [Plugin](User:False) OS::Octavia::Flavor ->
2025-04-28 01:34:03.008 58158 INFO heat.engine.environment [-] Registered: [Plugin](User:False) OS::Octavia::FlavorProfile ->
2025-04-28 01:34:03.009 58158 INFO heat.engine.environment [-] Registered: [Plugin](User:False) OS::Octavia::HealthMonitor ->
2025-04-28 01:34:03.009 58158 INFO heat.engine.environment [-] Registered: [Plugin](User:False) OS::Octavia::L7Policy ->
2025-04-28 01:34:03.009 58158 INFO heat.engine.environment [-] Registered: [Plugin](User:False) OS::Octavia::L7Rule ->
2025-04-28 01:34:03.009 58158 INFO heat.engine.environment [-] Registered: [Plugin](User:False) OS::Octavia::Listener ->
2025-04-28 01:34:03.009 58158 INFO heat.engine.environment [-] Registered: [Plugin](User:False) OS::Octavia::LoadBalancer ->
2025-04-28 01:34:03.009 58158 INFO heat.engine.environment [-] Registered: [Plugin](User:False) OS::Octavia::Pool ->
2025-04-28 01:34:03.009 58158 INFO heat.engine.environment [-] Registered: [Plugin](User:False) OS::Octavia::PoolMember ->
2025-04-28 01:34:03.009 58158 INFO heat.engine.environment [-] Registered: [Plugin](User:False) OS::Octavia::Quota ->
2025-04-28 01:34:03.009 58158 INFO heat.engine.environment [-] Registered: [Plugin](User:False) OS::Sahara::Cluster ->
2025-04-28 01:34:03.010 58158 INFO heat.engine.environment [-] Registered: [Plugin](User:False) OS::Sahara::DataSource ->
2025-04-28 01:34:03.010 58158 INFO heat.engine.environment [-] Registered: [Plugin](User:False) OS::Sahara::ImageRegistry ->
2025-04-28 01:34:03.010 58158 INFO heat.engine.environment [-] Registered: [Plugin](User:False) OS::Sahara::Job ->
2025-04-28 01:34:03.010 58158 INFO heat.engine.environment [-] Registered: [Plugin](User:False) OS::Sahara::JobBinary ->
2025-04-28 01:34:03.010 58158 INFO heat.engine.environment [-] Registered: [Plugin](User:False) OS::Sahara::NodeGroupTemplate ->
2025-04-28 01:34:03.010 58158 INFO heat.engine.environment [-] Registered: [Plugin](User:False) OS::Sahara::ClusterTemplate ->
2025-04-28 01:34:03.010 58158 INFO heat.engine.environment [-] Registered: [Plugin](User:False) OS::Senlin::Cluster ->
2025-04-28 01:34:03.010 58158 INFO heat.engine.environment [-] Registered: [Plugin](User:False) OS::Senlin::Node ->
2025-04-28 01:34:03.010 58158 INFO heat.engine.environment [-] Registered: [Plugin](User:False) OS::Senlin::Policy ->
2025-04-28 01:34:03.010 58158 INFO heat.engine.environment [-] Registered: [Plugin](User:False) OS::Senlin::Profile ->
2025-04-28 01:34:03.011 58158 INFO heat.engine.environment [-] Registered: [Plugin](User:False) OS::Senlin::Receiver ->
2025-04-28 01:34:03.011 58158 INFO heat.engine.environment [-] Registered: [Plugin](User:False) OS::Swift::Container ->
2025-04-28 01:34:03.011 58158 INFO heat.engine.environment [-] Registered: [Plugin](User:False) OS::Trove::Cluster ->
2025-04-28 01:34:03.011 58158 INFO heat.engine.environment [-] Registered: [Plugin](User:False) OS::Trove::Instance ->
2025-04-28 01:34:03.011 58158 INFO heat.engine.environment [-] Registered: [Plugin](User:False) OS::Vitrage::Template ->
2025-04-28 01:34:03.011 58158 INFO heat.engine.environment [-] Registered: [Plugin](User:False) OS::Zaqar::Queue ->
2025-04-28 01:34:03.011 58158 INFO heat.engine.environment [-] Registered: [Plugin](User:False) OS::Zaqar::SignedQueueURL ->
2025-04-28 01:34:03.011 58158 INFO heat.engine.environment [-] Registered: [Plugin](User:False) OS::Zaqar::Subscription ->
2025-04-28 01:34:03.011 58158 INFO heat.engine.environment [-] Registered: [Plugin](User:False) OS::Zaqar::MistralTrigger ->
2025-04-28 01:34:03.012 58158 INFO heat.engine.environment [-] Registered: [Wildcard Mapping](User:False) OS::Quantum* -> OS::Neutron*
2025-04-28 01:34:03.012 58158 INFO heat.engine.environment [-] Registered: [Template](User:False) AWS::CloudWatch::Alarm -> file:///etc/heat/templates/AWS_CloudWatch_Alarm.yaml
2025-04-28 01:34:03.012 58158 INFO heat.engine.environment [-] Registered: [Mapping](User:False) OS::Metering::Alarm -> OS::Aodh::Alarm
2025-04-28 01:34:03.012 58158 INFO heat.engine.environment [-] Registered: [Template](User:False) AWS::RDS::DBInstance -> file:///etc/heat/templates/AWS_RDS_DBInstance.yaml
2025-04-28 01:34:03.012 58158 INFO heat.engine.environment [-] Registered: [Mapping](User:False) OS::Ceilometer::Alarm -> OS::Aodh::Alarm
2025-04-28 01:34:03.012 58158 INFO heat.engine.environment [-] Registered: [Mapping](User:False) OS::Ceilometer::GnocchiResourcesAlarm -> OS::Aodh::GnocchiResourcesAlarm
2025-04-28 01:34:03.012 58158 INFO heat.engine.environment [-] Registered: [Mapping](User:False) OS::Ceilometer::GnocchiAggregationByMetricsAlarm -> OS::Aodh::GnocchiAggregationByMetricsAlarm
2025-04-28 01:34:03.012 58158 INFO heat.engine.environment [-] Registered: [Mapping](User:False) OS::Ceilometer::GnocchiAggregationByResourcesAlarm -> OS::Aodh::GnocchiAggregationByResourcesAlarm
2025-04-28 01:34:03.012 58158 INFO heat.engine.environment [-] Registered: [Mapping](User:False) OS::Ceilometer::CombinationAlarm -> OS::Aodh::CombinationAlarm
2025-04-28 01:34:03.023 58158 DEBUG oslo_concurrency.lockutils [-] Acquired lock "singleton_lock" lock /usr/lib/python3/dist-packages/oslo_concurrency/lockutils.py:294
2025-04-28 01:34:03.024 58158 DEBUG oslo_concurrency.lockutils [-] Releasing lock "singleton_lock" lock /usr/lib/python3/dist-packages/oslo_concurrency/lockutils.py:312
2025-04-28 01:34:03.024 58158 INFO oslo_service.service [-] Starting 4 workers
2025-04-28 01:34:03.028 58158 DEBUG oslo_service.service [-] Started child 58311 _start_child /usr/lib/python3/dist-packages/oslo_service/service.py:575
2025-04-28 01:34:03.033 58311 DEBUG heat.engine.service [-] Starting listener for engine e22d13da-c19c-4428-b1a4-c6e48088cd6f start /usr/lib/python3/dist-packages/heat/engine/service.py:392
2025-04-28 01:34:03.033 58158 DEBUG oslo_service.service [-] Started child 58312 _start_child /usr/lib/python3/dist-packages/oslo_service/service.py:575
2025-04-28 01:34:03.037 58312 DEBUG heat.engine.service [-] Starting listener for engine fb2ec10f-94a7-4f22-857d-5011ba06ee6e start /usr/lib/python3/dist-packages/heat/engine/service.py:392
2025-04-28 01:34:03.037 58158 DEBUG oslo_service.service [-] Started child 58313 _start_child /usr/lib/python3/dist-packages/oslo_service/service.py:575
2025-04-28 01:34:03.041 58313 DEBUG heat.engine.service [-] Starting listener for engine 9177f2a2-c0b8-4d01-8a68-f1f505ff2b15 start /usr/lib/python3/dist-packages/heat/engine/service.py:392
2025-04-28 01:34:03.069 58311 INFO heat.engine.worker [-] Starting engine_worker (1.4) in engine e22d13da-c19c-4428-b1a4-c6e48088cd6f.
2025-04-28 01:34:03.164 58158 DEBUG oslo_service.service [-] Started child 58314 _start_child /usr/lib/python3/dist-packages/oslo_service/service.py:575
2025-04-28 01:34:03.178 58158 DEBUG oslo_service.service [-] Full set of CONF: wait /usr/lib/python3/dist-packages/oslo_service/service.py:649
2025-04-28 01:34:03.178 58158 DEBUG oslo_service.service [-] ******************************************************************************** log_opt_values /usr/lib/python3/dist-packages/oslo_config/cfg.py:2589
2025-04-28 01:34:03.178 58158 DEBUG oslo_service.service [-] Configuration options gathered from: log_opt_values /usr/lib/python3/dist-packages/oslo_config/cfg.py:2590
2025-04-28 01:34:03.170 58314 DEBUG heat.engine.service [-] Starting listener for engine ff427ef1-d9af-4995-bd55-ac10939c7a75 start /usr/lib/python3/dist-packages/heat/engine/service.py:392
2025-04-28 01:34:03.179 58158 DEBUG oslo_service.service [-] command line args: ['--config-file=/etc/heat/heat.conf', '--log-file=/var/log/heat/heat-engine.log'] log_opt_values /usr/lib/python3/dist-packages/oslo_config/cfg.py:2591
2025-04-28 01:34:03.181 58158 DEBUG oslo_service.service [-] config files: ['/etc/heat/heat.conf'] log_opt_values /usr/lib/python3/dist-packages/oslo_config/cfg.py:2592
2025-04-28 01:34:03.181 58158 DEBUG oslo_service.service [-] ================================================================================ log_opt_values /usr/lib/python3/dist-packages/oslo_config/cfg.py:2594
