2025-04-21 01:50:14.272 66835 DEBUG oslo_service.service [-] oslo_messaging_metrics.metrics_socket_file = /var/tmp/metrics_collector.sock log_opt_values /usr/lib/python3/dist-packages/oslo_config/cfg.py:2609
2025-04-21 01:50:14.272 66835 DEBUG oslo_service.service [-] oslo_messaging_metrics.metrics_thread_stop_timeout = 10 log_opt_values /usr/lib/python3/dist-packages/oslo_config/cfg.py:2609
2025-04-21 01:50:14.272 66835 DEBUG oslo_service.service [-] oslo_policy.enforce_new_defaults = False log_opt_values /usr/lib/python3/dist-packages/oslo_config/cfg.py:2609
2025-04-21 01:50:14.272 66835 DEBUG oslo_service.service [-] oslo_policy.enforce_scope = False log_opt_values /usr/lib/python3/dist-packages/oslo_config/cfg.py:2609
2025-04-21 01:50:14.273 66835 DEBUG oslo_service.service [-] oslo_policy.policy_default_rule = default log_opt_values /usr/lib/python3/dist-packages/oslo_config/cfg.py:2609
2025-04-21 01:50:14.273 66835 DEBUG oslo_service.service [-] oslo_policy.policy_dirs = ['policy.d'] log_opt_values /usr/lib/python3/dist-packages/oslo_config/cfg.py:2609
2025-04-21 01:50:14.273 66835 DEBUG oslo_service.service [-] oslo_policy.policy_file = policy.yaml log_opt_values /usr/lib/python3/dist-packages/oslo_config/cfg.py:2609
2025-04-21 01:50:14.273 66835 DEBUG oslo_service.service [-] oslo_policy.remote_content_type = application/x-www-form-urlencoded log_opt_values /usr/lib/python3/dist-packages/oslo_config/cfg.py:2609
2025-04-21 01:50:14.273 66835 DEBUG oslo_service.service [-] oslo_policy.remote_ssl_ca_crt_file = None log_opt_values /usr/lib/python3/dist-packages/oslo_config/cfg.py:2609
2025-04-21 01:50:14.273 66835 DEBUG oslo_service.service [-] oslo_policy.remote_ssl_client_crt_file = None log_opt_values /usr/lib/python3/dist-packages/oslo_config/cfg.py:2609
2025-04-21 01:50:14.273 66835 DEBUG oslo_service.service [-] oslo_policy.remote_ssl_client_key_file = None log_opt_values /usr/lib/python3/dist-packages/oslo_config/cfg.py:2609
2025-04-21 01:50:14.273 66835 DEBUG oslo_service.service [-] oslo_policy.remote_ssl_verify_server_crt = False log_opt_values /usr/lib/python3/dist-packages/oslo_config/cfg.py:2609
2025-04-21 01:50:14.274 66835 DEBUG oslo_service.service [-] trustee.auth_section = None log_opt_values /usr/lib/python3/dist-packages/oslo_config/cfg.py:2609
2025-04-21 01:50:14.274 66835 WARNING oslo_config.cfg [-] Deprecated: Option "auth_plugin" from group "trustee" is deprecated. Use option "auth_type" from group "trustee".
2025-04-21 01:50:14.274 66835 DEBUG oslo_service.service [-] trustee.auth_type = password log_opt_values /usr/lib/python3/dist-packages/oslo_config/cfg.py:2609
2025-04-21 01:50:14.274 66835 DEBUG oslo_service.service [-] oslo_versionedobjects.fatal_exception_format_errors = False log_opt_values /usr/lib/python3/dist-packages/oslo_config/cfg.py:2609
2025-04-21 01:50:14.274 66835 DEBUG oslo_service.service [-] oslo_messaging_rabbit.amqp_auto_delete = False log_opt_values /usr/lib/python3/dist-packages/oslo_config/cfg.py:2609
2025-04-21 01:50:14.274 66835 DEBUG oslo_service.service [-] oslo_messaging_rabbit.amqp_durable_queues = False log_opt_values /usr/lib/python3/dist-packages/oslo_config/cfg.py:2609
2025-04-21 01:50:14.275 66835 DEBUG oslo_service.service [-] oslo_messaging_rabbit.conn_pool_min_size = 2 log_opt_values /usr/lib/python3/dist-packages/oslo_config/cfg.py:2609
2025-04-21 01:50:14.275 66835 DEBUG oslo_service.service [-] oslo_messaging_rabbit.conn_pool_ttl = 1200 log_opt_values /usr/lib/python3/dist-packages/oslo_config/cfg.py:2609
2025-04-21 01:50:14.275 66835 DEBUG oslo_service.service [-] oslo_messaging_rabbit.direct_mandatory_flag = True log_opt_values /usr/lib/python3/dist-packages/oslo_config/cfg.py:2609
2025-04-21 01:50:14.275 66835 DEBUG oslo_service.service [-] oslo_messaging_rabbit.enable_cancel_on_failover = False log_opt_values /usr/lib/python3/dist-packages/oslo_config/cfg.py:2609
2025-04-21 01:50:14.275 66835 DEBUG oslo_service.service [-] oslo_messaging_rabbit.heartbeat_in_pthread = False log_opt_values /usr/lib/python3/dist-packages/oslo_config/cfg.py:2609
2025-04-21 01:50:14.275 66835 DEBUG oslo_service.service [-] oslo_messaging_rabbit.heartbeat_rate = 2 log_opt_values /usr/lib/python3/dist-packages/oslo_config/cfg.py:2609
2025-04-21 01:50:14.275 66835 DEBUG oslo_service.service [-] oslo_messaging_rabbit.heartbeat_timeout_threshold = 60 log_opt_values /usr/lib/python3/dist-packages/oslo_config/cfg.py:2609
2025-04-21 01:50:14.275 66835 DEBUG oslo_service.service [-] oslo_messaging_rabbit.kombu_compression = None log_opt_values /usr/lib/python3/dist-packages/oslo_config/cfg.py:2609
2025-04-21 01:50:14.275 66835 DEBUG oslo_service.service [-] oslo_messaging_rabbit.kombu_failover_strategy = round-robin log_opt_values /usr/lib/python3/dist-packages/oslo_config/cfg.py:2609
2025-04-21 01:50:14.276 66835 DEBUG oslo_service.service [-] oslo_messaging_rabbit.kombu_missing_consumer_retry_timeout = 60 log_opt_values /usr/lib/python3/dist-packages/oslo_config/cfg.py:2609
2025-04-21 01:50:14.276 66835 DEBUG oslo_service.service [-] oslo_messaging_rabbit.kombu_reconnect_delay = 1.0 log_opt_values /usr/lib/python3/dist-packages/oslo_config/cfg.py:2609
2025-04-21 01:50:14.276 66835 DEBUG oslo_service.service [-] oslo_messaging_rabbit.rabbit_ha_queues = False log_opt_values /usr/lib/python3/dist-packages/oslo_config/cfg.py:2609
2025-04-21 01:50:14.276 66835 DEBUG oslo_service.service [-] oslo_messaging_rabbit.rabbit_interval_max = 30 log_opt_values /usr/lib/python3/dist-packages/oslo_config/cfg.py:2609
2025-04-21 01:50:14.276 66835 DEBUG oslo_service.service [-] oslo_messaging_rabbit.rabbit_login_method = AMQPLAIN log_opt_values /usr/lib/python3/dist-packages/oslo_config/cfg.py:2609
2025-04-21 01:50:14.276 66835 DEBUG oslo_service.service [-] oslo_messaging_rabbit.rabbit_qos_prefetch_count = 0 log_opt_values /usr/lib/python3/dist-packages/oslo_config/cfg.py:2609
2025-04-21 01:50:14.276 66835 DEBUG oslo_service.service [-] oslo_messaging_rabbit.rabbit_quorum_queue = False log_opt_values /usr/lib/python3/dist-packages/oslo_config/cfg.py:2609
2025-04-21 01:50:14.276 66835 DEBUG oslo_service.service [-] oslo_messaging_rabbit.rabbit_retry_backoff = 2 log_opt_values /usr/lib/python3/dist-packages/oslo_config/cfg.py:2609
2025-04-21 01:50:14.276 66835 DEBUG oslo_service.service [-] oslo_messaging_rabbit.rabbit_retry_interval = 1 log_opt_values /usr/lib/python3/dist-packages/oslo_config/cfg.py:2609
2025-04-21 01:50:14.277 66835 DEBUG oslo_service.service [-] oslo_messaging_rabbit.rabbit_transient_queues_ttl = 1800 log_opt_values /usr/lib/python3/dist-packages/oslo_config/cfg.py:2609
2025-04-21 01:50:14.277 66835 DEBUG oslo_service.service [-] oslo_messaging_rabbit.rpc_conn_pool_size = 30 log_opt_values /usr/lib/python3/dist-packages/oslo_config/cfg.py:2609
2025-04-21 01:50:14.277 66835 DEBUG oslo_service.service [-] oslo_messaging_rabbit.ssl = False log_opt_values /usr/lib/python3/dist-packages/oslo_config/cfg.py:2609
2025-04-21 01:50:14.277 66835 DEBUG oslo_service.service [-] oslo_messaging_rabbit.ssl_ca_file = log_opt_values /usr/lib/python3/dist-packages/oslo_config/cfg.py:2609
2025-04-21 01:50:14.277 66835 DEBUG oslo_service.service [-] oslo_messaging_rabbit.ssl_cert_file = log_opt_values /usr/lib/python3/dist-packages/oslo_config/cfg.py:2609
2025-04-21 01:50:14.277 66835 DEBUG oslo_service.service [-] oslo_messaging_rabbit.ssl_key_file = log_opt_values /usr/lib/python3/dist-packages/oslo_config/cfg.py:2609
2025-04-21 01:50:14.277 66835 DEBUG oslo_service.service [-] oslo_messaging_rabbit.ssl_version = log_opt_values /usr/lib/python3/dist-packages/oslo_config/cfg.py:2609
2025-04-21 01:50:14.277 66835 DEBUG oslo_service.service [-] oslo_messaging_notifications.driver = [] log_opt_values /usr/lib/python3/dist-packages/oslo_config/cfg.py:2609
2025-04-21 01:50:14.278 66835 DEBUG oslo_service.service [-] oslo_messaging_notifications.retry = -1 log_opt_values /usr/lib/python3/dist-packages/oslo_config/cfg.py:2609
2025-04-21 01:50:14.278 66835 DEBUG oslo_service.service [-] oslo_messaging_notifications.topics = ['notifications'] log_opt_values /usr/lib/python3/dist-packages/oslo_config/cfg.py:2609
2025-04-21 01:50:14.278 66835 DEBUG oslo_service.service [-] oslo_messaging_notifications.transport_url = **** log_opt_values /usr/lib/python3/dist-packages/oslo_config/cfg.py:2609
2025-04-21 01:50:14.278 66835 DEBUG oslo_service.service [-] cache.backend = dogpile.cache.null log_opt_values /usr/lib/python3/dist-packages/oslo_config/cfg.py:2609
2025-04-21 01:50:14.278 66835 DEBUG oslo_service.service [-] cache.backend_argument = **** log_opt_values /usr/lib/python3/dist-packages/oslo_config/cfg.py:2609
2025-04-21 01:50:14.278 66835 DEBUG oslo_service.service [-] cache.config_prefix = cache.oslo log_opt_values /usr/lib/python3/dist-packages/oslo_config/cfg.py:2609
2025-04-21 01:50:14.278 66835 DEBUG oslo_service.service [-] cache.debug_cache_backend = False log_opt_values /usr/lib/python3/dist-packages/oslo_config/cfg.py:2609
2025-04-21 01:50:14.278 66835 DEBUG oslo_service.service [-] cache.enabled = False log_opt_values /usr/lib/python3/dist-packages/oslo_config/cfg.py:2609
2025-04-21 01:50:14.279 66835 DEBUG oslo_service.service [-] cache.expiration_time = 600 log_opt_values /usr/lib/python3/dist-packages/oslo_config/cfg.py:2609
2025-04-21 01:50:14.279 66835 DEBUG oslo_service.service [-] cache.memcache_dead_retry = 300 log_opt_values /usr/lib/python3/dist-packages/oslo_config/cfg.py:2609
2025-04-21 01:50:14.279 66835 DEBUG oslo_service.service [-] cache.memcache_pool_connection_get_timeout = 10 log_opt_values /usr/lib/python3/dist-packages/oslo_config/cfg.py:2609
2025-04-21 01:50:14.279 66835 DEBUG oslo_service.service [-] cache.memcache_pool_flush_on_reconnect = False log_opt_values /usr/lib/python3/dist-packages/oslo_config/cfg.py:2609
2025-04-21 01:50:14.279 67063 INFO heat.engine.worker [-] Starting engine_worker (1.4) in engine f94dfb8f-3a56-4582-9881-b1f7c61c20e6.
2025-04-21 01:50:14.279 66835 DEBUG oslo_service.service [-] cache.memcache_pool_maxsize = 10 log_opt_values /usr/lib/python3/dist-packages/oslo_config/cfg.py:2609
2025-04-21 01:50:14.279 66835 DEBUG oslo_service.service [-] cache.memcache_pool_unused_timeout = 60 log_opt_values /usr/lib/python3/dist-packages/oslo_config/cfg.py:2609
2025-04-21 01:50:14.279 66835 DEBUG oslo_service.service [-] cache.memcache_servers = ['localhost:11211'] log_opt_values /usr/lib/python3/dist-packages/oslo_config/cfg.py:2609
2025-04-21 01:50:14.279 66835 DEBUG oslo_service.service [-] cache.memcache_socket_timeout = 1.0 log_opt_values /usr/lib/python3/dist-packages/oslo_config/cfg.py:2609
2025-04-21 01:50:14.279 66835 DEBUG oslo_service.service [-] cache.proxies = [] log_opt_values /usr/lib/python3/dist-packages/oslo_config/cfg.py:2609
2025-04-21 01:50:14.280 66835 DEBUG oslo_service.service [-] cache.tls_allowed_ciphers = None log_opt_values /usr/lib/python3/dist-packages/oslo_config/cfg.py:2609
2025-04-21 01:50:14.280 66835 DEBUG oslo_service.service [-] cache.tls_cafile = None log_opt_values /usr/lib/python3/dist-packages/oslo_config/cfg.py:2609
2025-04-21 01:50:14.280 67064 INFO heat.engine.worker [-] Starting engine_worker (1.4) in engine e60830f2-ceba-4ce5-a445-869cb0095a92.
2025-04-21 01:50:14.280 66835 DEBUG oslo_service.service [-] cache.tls_certfile = None log_opt_values /usr/lib/python3/dist-packages/oslo_config/cfg.py:2609
2025-04-21 01:50:14.280 66835 DEBUG oslo_service.service [-] cache.tls_enabled = False log_opt_values /usr/lib/python3/dist-packages/oslo_config/cfg.py:2609
2025-04-21 01:50:14.280 66835 DEBUG oslo_service.service [-] cache.tls_keyfile = None log_opt_values /usr/lib/python3/dist-packages/oslo_config/cfg.py:2609
2025-04-21 01:50:14.280 66835 DEBUG oslo_service.service [-] constraint_validation_cache.caching = True log_opt_values /usr/lib/python3/dist-packages/oslo_config/cfg.py:2609
2025-04-21 01:50:14.280 66835 DEBUG oslo_service.service [-] constraint_validation_cache.expiration_time = 60 log_opt_values /usr/lib/python3/dist-packages/oslo_config/cfg.py:2609
2025-04-21 01:50:14.280 66835 DEBUG oslo_service.service [-] service_extension_cache.caching = True log_opt_values /usr/lib/python3/dist-packages/oslo_config/cfg.py:2609
2025-04-21 01:50:14.280 66835 DEBUG oslo_service.service [-] service_extension_cache.expiration_time = 3600 log_opt_values /usr/lib/python3/dist-packages/oslo_config/cfg.py:2609
2025-04-21 01:50:14.281 66835 DEBUG oslo_service.service [-] resource_finder_cache.caching = True log_opt_values /usr/lib/python3/dist-packages/oslo_config/cfg.py:2609
2025-04-21 01:50:14.281 66835 DEBUG oslo_service.service [-] resource_finder_cache.expiration_time = 3600 log_opt_values /usr/lib/python3/dist-packages/oslo_config/cfg.py:2609
2025-04-21 01:50:14.281 66835 DEBUG oslo_service.service [-] yaql.limit_iterators = 200 log_opt_values /usr/lib/python3/dist-packages/oslo_config/cfg.py:2609
2025-04-21 01:50:14.281 66835 DEBUG oslo_service.service [-] yaql.memory_quota = 10000 log_opt_values /usr/lib/python3/dist-packages/oslo_config/cfg.py:2609
2025-04-21 01:50:14.281 66835 DEBUG oslo_service.service [-] ******************************************************************************** log_opt_values /usr/lib/python3/dist-packages/oslo_config/cfg.py:2613
2025-04-21 01:50:14.289 67065 INFO heat.engine.worker [-] Starting engine_worker (1.4) in engine 9042c46d-4508-4cf9-ab10-165dd69dd15e.
2025-04-21 01:50:14.295 67066 INFO heat.engine.worker [-] Starting engine_worker (1.4) in engine 59193870-5f7a-4925-82eb-622d53b1a04a.
2025-04-21 01:50:14.340 67063 DEBUG oslo_db.sqlalchemy.engines [req-076e4559-99dc-4fec-aec0-251c16d8f04f - - - - -] MySQL server mode set to STRICT_TRANS_TABLES,STRICT_ALL_TABLES,NO_ZERO_IN_DATE,NO_ZERO_DATE,ERROR_FOR_DIVISION_BY_ZERO,TRADITIONAL,NO_ENGINE_SUBSTITUTION _check_effective_sql_mode /usr/lib/python3/dist-packages/oslo_db/sqlalchemy/engines.py:314
2025-04-21 01:50:14.357 67064 DEBUG oslo_db.sqlalchemy.engines [req-bb59aaef-a137-4194-b9f3-d78032d9afe5 - - - - -] MySQL server mode set to STRICT_TRANS_TABLES,STRICT_ALL_TABLES,NO_ZERO_IN_DATE,NO_ZERO_DATE,ERROR_FOR_DIVISION_BY_ZERO,TRADITIONAL,NO_ENGINE_SUBSTITUTION _check_effective_sql_mode /usr/lib/python3/dist-packages/oslo_db/sqlalchemy/engines.py:314
2025-04-21 01:50:14.358 67066 DEBUG oslo_db.sqlalchemy.engines [req-f829a2de-98cf-45a7-a6cf-cad41661f2b2 - - - - -] MySQL server mode set to STRICT_TRANS_TABLES,STRICT_ALL_TABLES,NO_ZERO_IN_DATE,NO_ZERO_DATE,ERROR_FOR_DIVISION_BY_ZERO,TRADITIONAL,NO_ENGINE_SUBSTITUTION _check_effective_sql_mode /usr/lib/python3/dist-packages/oslo_db/sqlalchemy/engines.py:314
2025-04-21 01:50:14.363 67065 DEBUG oslo_db.sqlalchemy.engines [req-2b10e8ca-2469-42d8-b4f5-c46db02c1a56 - - - - -] MySQL server mode set to STRICT_TRANS_TABLES,STRICT_ALL_TABLES,NO_ZERO_IN_DATE,NO_ZERO_DATE,ERROR_FOR_DIVISION_BY_ZERO,TRADITIONAL,NO_ENGINE_SUBSTITUTION _check_effective_sql_mode /usr/lib/python3/dist-packages/oslo_db/sqlalchemy/engines.py:314
2025-04-21 01:50:14.388 67063 DEBUG heat.engine.service [req-076e4559-99dc-4fec-aec0-251c16d8f04f - - - - -] Service 131fd683-906a-4b9b-9862-4a034b00423b was aborted service_manage_cleanup /usr/lib/python3/dist-packages/heat/engine/service.py:2391
2025-04-21 01:50:15.583 67066 DEBUG heat.engine.service [req-f829a2de-98cf-45a7-a6cf-cad41661f2b2 - - - - -] Service 131fd683-906a-4b9b-9862-4a034b00423b was aborted service_manage_cleanup /usr/lib/python3/dist-packages/heat/engine/service.py:2391
2025-04-21 01:50:15.588 67065 DEBUG heat.engine.service [req-2b10e8ca-2469-42d8-b4f5-c46db02c1a56 - - - - -] Service 131fd683-906a-4b9b-9862-4a034b00423b was aborted service_manage_cleanup /usr/lib/python3/dist-packages/heat/engine/service.py:2391
2025-04-21 01:50:15.588 67064 DEBUG heat.engine.service [req-bb59aaef-a137-4194-b9f3-d78032d9afe5 - - - - -] Service 131fd683-906a-4b9b-9862-4a034b00423b was aborted service_manage_cleanup /usr/lib/python3/dist-packages/heat/engine/service.py:2391
2025-04-21 01:50:15.706 67063 DEBUG heat.engine.service [req-076e4559-99dc-4fec-aec0-251c16d8f04f - - - - -] Service 59850266-04a2-4a36-a842-46b42f9810e1 was aborted service_manage_cleanup /usr/lib/python3/dist-packages/heat/engine/service.py:2391
2025-04-21 01:50:15.710 67066 DEBUG heat.engine.service [req-f829a2de-98cf-45a7-a6cf-cad41661f2b2 - - - - -] Service 59850266-04a2-4a36-a842-46b42f9810e1 was aborted service_manage_cleanup /usr/lib/python3/dist-packages/heat/engine/service.py:2391
2025-04-21 01:50:15.710 67065 DEBUG heat.engine.service [req-2b10e8ca-2469-42d8-b4f5-c46db02c1a56 - - - - -] Service 59850266-04a2-4a36-a842-46b42f9810e1 was aborted service_manage_cleanup /usr/lib/python3/dist-packages/heat/engine/service.py:2391
2025-04-21 01:50:15.712 67064 DEBUG heat.engine.service [req-bb59aaef-a137-4194-b9f3-d78032d9afe5 - - - - -] Service 59850266-04a2-4a36-a842-46b42f9810e1 was aborted service_manage_cleanup /usr/lib/python3/dist-packages/heat/engine/service.py:2391
2025-04-21 01:50:15.782 67063 DEBUG heat.engine.service [req-076e4559-99dc-4fec-aec0-251c16d8f04f - - - - -] Service 6a667047-984a-4b0e-861c-d64c577dbc5e was aborted service_manage_cleanup /usr/lib/python3/dist-packages/heat/engine/service.py:2391
2025-04-21 01:50:15.782 67066 DEBUG heat.engine.service [req-f829a2de-98cf-45a7-a6cf-cad41661f2b2 - - - - -] Service 6a667047-984a-4b0e-861c-d64c577dbc5e was aborted service_manage_cleanup /usr/lib/python3/dist-packages/heat/engine/service.py:2391
2025-04-21 01:50:15.784 67065 DEBUG heat.engine.service [req-2b10e8ca-2469-42d8-b4f5-c46db02c1a56 - - - - -] Service 6a667047-984a-4b0e-861c-d64c577dbc5e was aborted service_manage_cleanup /usr/lib/python3/dist-packages/heat/engine/service.py:2391
2025-04-21 01:50:15.784 67064 DEBUG heat.engine.service [req-bb59aaef-a137-4194-b9f3-d78032d9afe5 - - - - -] Service 6a667047-984a-4b0e-861c-d64c577dbc5e was aborted service_manage_cleanup /usr/lib/python3/dist-packages/heat/engine/service.py:2391
2025-04-21 01:50:15.828 67063 DEBUG heat.engine.service [req-076e4559-99dc-4fec-aec0-251c16d8f04f - - - - -] Service 9bc6dc84-55cc-4e06-8afc-c294da258fc8 was aborted service_manage_cleanup /usr/lib/python3/dist-packages/heat/engine/service.py:2391
2025-04-21 01:50:15.828 67066 DEBUG heat.engine.service [req-f829a2de-98cf-45a7-a6cf-cad41661f2b2 - - - - -] Service 9bc6dc84-55cc-4e06-8afc-c294da258fc8 was aborted service_manage_cleanup /usr/lib/python3/dist-packages/heat/engine/service.py:2391
2025-04-21 01:50:15.829 67064 DEBUG heat.engine.service [req-bb59aaef-a137-4194-b9f3-d78032d9afe5 - - - - -] Service 9bc6dc84-55cc-4e06-8afc-c294da258fc8 was aborted service_manage_cleanup /usr/lib/python3/dist-packages/heat/engine/service.py:2391
2025-04-21 01:50:15.830 67065 DEBUG heat.engine.service [req-2b10e8ca-2469-42d8-b4f5-c46db02c1a56 - - - - -] Service 9bc6dc84-55cc-4e06-8afc-c294da258fc8 was aborted service_manage_cleanup /usr/lib/python3/dist-packages/heat/engine/service.py:2391
2025-04-21 01:50:15.934 67063 DEBUG heat.engine.service [req-076e4559-99dc-4fec-aec0-251c16d8f04f - - - - -] Service a19fd2d3-87d3-42a8-9007-2c4ad11840f4 was aborted service_manage_cleanup /usr/lib/python3/dist-packages/heat/engine/service.py:2391
2025-04-21 01:50:15.935 67066 DEBUG heat.engine.service [req-f829a2de-98cf-45a7-a6cf-cad41661f2b2 - - - - -] Service a19fd2d3-87d3-42a8-9007-2c4ad11840f4 was aborted service_manage_cleanup /usr/lib/python3/dist-packages/heat/engine/service.py:2391
2025-04-21 01:50:15.937 67064 DEBUG heat.engine.service [req-bb59aaef-a137-4194-b9f3-d78032d9afe5 - - - - -] Service a19fd2d3-87d3-42a8-9007-2c4ad11840f4 was aborted service_manage_cleanup /usr/lib/python3/dist-packages/heat/engine/service.py:2391
2025-04-21 01:50:15.938 67065 DEBUG heat.engine.service [req-2b10e8ca-2469-42d8-b4f5-c46db02c1a56 - - - - -] Service a19fd2d3-87d3-42a8-9007-2c4ad11840f4 was aborted service_manage_cleanup /usr/lib/python3/dist-packages/heat/engine/service.py:2391
2025-04-21 01:50:15.987 67063 DEBUG heat.engine.service [req-076e4559-99dc-4fec-aec0-251c16d8f04f - - - - -] Service a9dcdf6d-d4d7-42e4-8b23-57fee1444807 was aborted service_manage_cleanup /usr/lib/python3/dist-packages/heat/engine/service.py:2391
2025-04-21 01:50:15.988 67066 DEBUG heat.engine.service [req-f829a2de-98cf-45a7-a6cf-cad41661f2b2 - - - - -] Service a9dcdf6d-d4d7-42e4-8b23-57fee1444807 was aborted service_manage_cleanup /usr/lib/python3/dist-packages/heat/engine/service.py:2391
2025-04-21 01:50:15.988 67065 DEBUG heat.engine.service [req-2b10e8ca-2469-42d8-b4f5-c46db02c1a56 - - - - -] Service a9dcdf6d-d4d7-42e4-8b23-57fee1444807 was aborted service_manage_cleanup /usr/lib/python3/dist-packages/heat/engine/service.py:2391
2025-04-21 01:50:15.989 67064 DEBUG heat.engine.service [req-bb59aaef-a137-4194-b9f3-d78032d9afe5 - - - - -] Service a9dcdf6d-d4d7-42e4-8b23-57fee1444807 was aborted service_manage_cleanup /usr/lib/python3/dist-packages/heat/engine/service.py:2391
2025-04-21 01:50:16.014 67063 DEBUG heat.engine.service [req-076e4559-99dc-4fec-aec0-251c16d8f04f - - - - -] Service b459edbe-65f1-4680-b585-83fa26a44cf5 was aborted service_manage_cleanup /usr/lib/python3/dist-packages/heat/engine/service.py:2391
2025-04-21 01:50:16.014 67066 DEBUG heat.engine.service [req-f829a2de-98cf-45a7-a6cf-cad41661f2b2 - - - - -] Service b459edbe-65f1-4680-b585-83fa26a44cf5 was aborted service_manage_cleanup /usr/lib/python3/dist-packages/heat/engine/service.py:2391
2025-04-21 01:50:16.016 67065 DEBUG heat.engine.service [req-2b10e8ca-2469-42d8-b4f5-c46db02c1a56 - - - - -] Service b459edbe-65f1-4680-b585-83fa26a44cf5 was aborted service_manage_cleanup /usr/lib/python3/dist-packages/heat/engine/service.py:2391
2025-04-21 01:50:16.017 67064 DEBUG heat.engine.service [req-bb59aaef-a137-4194-b9f3-d78032d9afe5 - - - - -] Service b459edbe-65f1-4680-b585-83fa26a44cf5 was aborted service_manage_cleanup /usr/lib/python3/dist-packages/heat/engine/service.py:2391
2025-04-21 01:50:16.043 67063 DEBUG heat.engine.service [req-076e4559-99dc-4fec-aec0-251c16d8f04f - - - - -] Service bbcaa5db-2465-4733-9b38-1ffa064c3725 was aborted service_manage_cleanup /usr/lib/python3/dist-packages/heat/engine/service.py:2391
2025-04-21 01:50:16.044 67066 DEBUG heat.engine.service [req-f829a2de-98cf-45a7-a6cf-cad41661f2b2 - - - - -] Service bbcaa5db-2465-4733-9b38-1ffa064c3725 was aborted service_manage_cleanup /usr/lib/python3/dist-packages/heat/engine/service.py:2391
2025-04-21 01:50:16.044 67065 DEBUG heat.engine.service [req-2b10e8ca-2469-42d8-b4f5-c46db02c1a56 - - - - -] Service bbcaa5db-2465-4733-9b38-1ffa064c3725 was aborted service_manage_cleanup /usr/lib/python3/dist-packages/heat/engine/service.py:2391
2025-04-21 01:50:16.047 67064 DEBUG heat.engine.service [req-bb59aaef-a137-4194-b9f3-d78032d9afe5 - - - - -] Service bbcaa5db-2465-4733-9b38-1ffa064c3725 was aborted service_manage_cleanup /usr/lib/python3/dist-packages/heat/engine/service.py:2391
2025-04-21 01:50:16.060 67063 DEBUG heat.engine.service [req-076e4559-99dc-4fec-aec0-251c16d8f04f - - - - -] Service c964718e-12fb-4d21-8e0f-db65d3c8f6af was aborted service_manage_cleanup /usr/lib/python3/dist-packages/heat/engine/service.py:2391
2025-04-21 01:50:16.061 67066 DEBUG heat.engine.service [req-f829a2de-98cf-45a7-a6cf-cad41661f2b2 - - - - -] Service c964718e-12fb-4d21-8e0f-db65d3c8f6af was aborted service_manage_cleanup /usr/lib/python3/dist-packages/heat/engine/service.py:2391
2025-04-21 01:50:16.062 67065 DEBUG heat.engine.service [req-2b10e8ca-2469-42d8-b4f5-c46db02c1a56 - - - - -] Service c964718e-12fb-4d21-8e0f-db65d3c8f6af was aborted service_manage_cleanup /usr/lib/python3/dist-packages/heat/engine/service.py:2391
2025-04-21 01:50:16.062 67064 DEBUG heat.engine.service [req-bb59aaef-a137-4194-b9f3-d78032d9afe5 - - - - -] Service c964718e-12fb-4d21-8e0f-db65d3c8f6af was aborted service_manage_cleanup /usr/lib/python3/dist-packages/heat/engine/service.py:2391
2025-04-21 01:50:16.075 67063 DEBUG heat.engine.service [req-076e4559-99dc-4fec-aec0-251c16d8f04f - - - - -] Service e0a1da57-119a-40fe-91cd-f480fbbc0a0c was aborted service_manage_cleanup /usr/lib/python3/dist-packages/heat/engine/service.py:2391
2025-04-21 01:50:16.075 67066 DEBUG heat.engine.service [req-f829a2de-98cf-45a7-a6cf-cad41661f2b2 - - - - -] Service e0a1da57-119a-40fe-91cd-f480fbbc0a0c was aborted service_manage_cleanup /usr/lib/python3/dist-packages/heat/engine/service.py:2391
2025-04-21 01:50:16.076 67064 DEBUG heat.engine.service [req-bb59aaef-a137-4194-b9f3-d78032d9afe5 - - - - -] Service e0a1da57-119a-40fe-91cd-f480fbbc0a0c was aborted service_manage_cleanup /usr/lib/python3/dist-packages/heat/engine/service.py:2391
2025-04-21 01:50:16.077 67065 DEBUG heat.engine.service [req-2b10e8ca-2469-42d8-b4f5-c46db02c1a56 - - - - -] Service e0a1da57-119a-40fe-91cd-f480fbbc0a0c was aborted service_manage_cleanup /usr/lib/python3/dist-packages/heat/engine/service.py:2391
2025-04-21 01:50:16.089 67066 DEBUG heat.engine.service [req-f829a2de-98cf-45a7-a6cf-cad41661f2b2 - - - - -] Service faee0ad4-8870-48f4-bb89-13b0ac9f333f was aborted service_manage_cleanup /usr/lib/python3/dist-packages/heat/engine/service.py:2391
2025-04-21 01:50:16.090 67063 DEBUG heat.engine.service [req-076e4559-99dc-4fec-aec0-251c16d8f04f - - - - -] Service faee0ad4-8870-48f4-bb89-13b0ac9f333f was aborted service_manage_cleanup /usr/lib/python3/dist-packages/heat/engine/service.py:2391
2025-04-21 01:50:16.091 67064 DEBUG heat.engine.service [req-bb59aaef-a137-4194-b9f3-d78032d9afe5 - - - - -] Service faee0ad4-8870-48f4-bb89-13b0ac9f333f was aborted service_manage_cleanup /usr/lib/python3/dist-packages/heat/engine/service.py:2391
2025-04-21 01:50:16.091 67065 DEBUG heat.engine.service [req-2b10e8ca-2469-42d8-b4f5-c46db02c1a56 - - - - -] Service faee0ad4-8870-48f4-bb89-13b0ac9f333f was aborted service_manage_cleanup /usr/lib/python3/dist-packages/heat/engine/service.py:2391
2025-04-21 01:50:16.103 67065 DEBUG heat.engine.service [req-2b10e8ca-2469-42d8-b4f5-c46db02c1a56 - - - - -] Service fb0d3ca1-cb0e-46af-85e9-23f7d93bf946 was aborted service_manage_cleanup /usr/lib/python3/dist-packages/heat/engine/service.py:2391
2025-04-21 01:50:16.103 67066 DEBUG heat.engine.service [req-f829a2de-98cf-45a7-a6cf-cad41661f2b2 - - - - -] Service fb0d3ca1-cb0e-46af-85e9-23f7d93bf946 was aborted service_manage_cleanup /usr/lib/python3/dist-packages/heat/engine/service.py:2391
2025-04-21 01:50:16.104 67063 DEBUG heat.engine.service [req-076e4559-99dc-4fec-aec0-251c16d8f04f - - - - -] Service fb0d3ca1-cb0e-46af-85e9-23f7d93bf946 was aborted service_manage_cleanup /usr/lib/python3/dist-packages/heat/engine/service.py:2391
2025-04-21 01:50:16.105 67064 DEBUG heat.engine.service [req-bb59aaef-a137-4194-b9f3-d78032d9afe5 - - - - -] Service fb0d3ca1-cb0e-46af-85e9-23f7d93bf946 was aborted service_manage_cleanup /usr/lib/python3/dist-packages/heat/engine/service.py:2391
2025-04-21 01:50:16.142 67066 DEBUG heat.engine.service [req-47dc09a4-f74b-4b05-b849-2ef7296e7560 - - - - -] Service e5f0c29f-2e7a-4ec0-ac7b-d91581742beb is started service_manage_report /usr/lib/python3/dist-packages/heat/engine/service.py:2363
2025-04-21 01:50:16.153 67063 DEBUG heat.engine.service [req-443aafa1-1fee-4a5d-870d-d2407a3bdef3 - - - - -] Service a2ca5b43-3498-4e83-929a-3601c1524d97 is started service_manage_report /usr/lib/python3/dist-packages/heat/engine/service.py:2363
2025-04-21 01:50:16.153 67065 DEBUG heat.engine.service [req-b18c6580-8e01-44b4-9e99-e69748a60528 - - - - -] Service 2ac23c25-0ad2-4f0a-abaa-67ed1285a964 is started service_manage_report /usr/lib/python3/dist-packages/heat/engine/service.py:2363
2025-04-21 01:50:16.154 67064 DEBUG heat.engine.service [req-3c95a711-f940-411f-877b-bc9cf6a070f9 - - - - -] Service 87756f0d-b480-4b6e-a79e-095f325a0a8b is started service_manage_report /usr/lib/python3/dist-packages/heat/engine/service.py:2363
2025-04-21 01:50:16.169 67066 DEBUG heat.engine.service [req-47dc09a4-f74b-4b05-b849-2ef7296e7560 - - - - -] Service e5f0c29f-2e7a-4ec0-ac7b-d91581742beb is updated service_manage_report /usr/lib/python3/dist-packages/heat/engine/service.py:2370
2025-04-21 01:50:16.176 67065 DEBUG heat.engine.service [req-b18c6580-8e01-44b4-9e99-e69748a60528 - - - - -] Service 2ac23c25-0ad2-4f0a-abaa-67ed1285a964 is updated service_manage_report /usr/lib/python3/dist-packages/heat/engine/service.py:2370
2025-04-21 01:50:16.185 67064 DEBUG heat.engine.service [req-3c95a711-f940-411f-877b-bc9cf6a070f9 - - - - -] Service 87756f0d-b480-4b6e-a79e-095f325a0a8b is updated service_manage_report /usr/lib/python3/dist-packages/heat/engine/service.py:2370
2025-04-21 01:50:16.186 67063 DEBUG heat.engine.service [req-443aafa1-1fee-4a5d-870d-d2407a3bdef3 - - - - -] Service a2ca5b43-3498-4e83-929a-3601c1524d97 is updated service_manage_report /usr/lib/python3/dist-packages/heat/engine/service.py:2370
2025-04-21 01:51:16.132 67065 DEBUG heat.engine.service [req-9a8922ee-cf83-4310-bd5b-b274de3b9053 - - - - -] Service 2ac23c25-0ad2-4f0a-abaa-67ed1285a964 is updated service_manage_report /usr/lib/python3/dist-packages/heat/engine/service.py:2370
2025-04-21 01:51:16.135 67066 DEBUG heat.engine.service [req-a573f495-216f-40e7-a4b4-6361c4e39197 - - - - -] Service e5f0c29f-2e7a-4ec0-ac7b-d91581742beb is updated service_manage_report /usr/lib/python3/dist-packages/heat/engine/service.py:2370
2025-04-21 01:51:16.140 67064 DEBUG heat.engine.service [req-2f7fd399-e01a-4fc6-b599-cab640e3ead7 - - - - -] Service 87756f0d-b480-4b6e-a79e-095f325a0a8b is updated service_manage_report /usr/lib/python3/dist-packages/heat/engine/service.py:2370
2025-04-21 01:51:16.158 67063 DEBUG heat.engine.service [req-1b984ced-de0b-412d-ab09-4bbbaa01bbfe - - - - -] Service a2ca5b43-3498-4e83-929a-3601c1524d97 is updated service_manage_report /usr/lib/python3/dist-packages/heat/engine/service.py:2370
2025-04-21 01:51:19.149 67065 DEBUG heat.engine.service [-] Attempting to stop engine service... _stop_rpc_server /usr/lib/python3/dist-packages/heat/engine/service.py:437
2025-04-21 01:51:19.150 67066 DEBUG heat.engine.service [-] Attempting to stop engine service... _stop_rpc_server /usr/lib/python3/dist-packages/heat/engine/service.py:437
2025-04-21 01:51:19.151 67064 DEBUG heat.engine.service [-] Attempting to stop engine service... _stop_rpc_server /usr/lib/python3/dist-packages/heat/engine/service.py:437
2025-04-21 01:51:19.151 66835 INFO oslo_service.service [-] Caught SIGTERM, stopping children
2025-04-21 01:51:19.151 66835 DEBUG oslo_concurrency.lockutils [-] Acquired lock "singleton_lock" lock /usr/lib/python3/dist-packages/oslo_concurrency/lockutils.py:294
2025-04-21 01:51:19.151 66835 DEBUG oslo_concurrency.lockutils [-] Releasing lock "singleton_lock" lock /usr/lib/python3/dist-packages/oslo_concurrency/lockutils.py:312
2025-04-21 01:51:19.151 67063 DEBUG heat.engine.service [-] Attempting to stop engine service... _stop_rpc_server /usr/lib/python3/dist-packages/heat/engine/service.py:437
2025-04-21 01:51:19.152 66835 DEBUG oslo_service.service [-] Stop services. stop /usr/lib/python3/dist-packages/oslo_service/service.py:695
2025-04-21 01:51:19.152 66835 INFO heat.engine.service [-] All threads were gone, terminating engine
2025-04-21 01:51:19.152 66835 DEBUG oslo_service.service [-] Killing children. stop /usr/lib/python3/dist-packages/oslo_service/service.py:700
2025-04-21 01:51:19.188 66835 INFO oslo_service.service [-] Waiting on 4 children to exit
2025-04-21 01:51:19.188 66835 INFO oslo_service.service [-] Child 67063 killed by signal 15
2025-04-21 01:51:19.188 66835 INFO oslo_service.service [-] Child 67064 killed by signal 15
2025-04-21 01:51:19.188 66835 INFO oslo_service.service [-] Child 67065 killed by signal 15
2025-04-21 01:51:19.189 66835 INFO oslo_service.service [-] Child 67066 killed by signal 15
2025-04-21 01:51:20.912 68321 DEBUG oslo_concurrency.lockutils [-] Lock "context-manager" acquired by "neutron_lib.db.api._create_context_manager" :: waited 0.000s inner /usr/lib/python3/dist-packages/oslo_concurrency/lockutils.py:386
2025-04-21 01:51:20.913 68321 DEBUG oslo_concurrency.lockutils [-] Lock "context-manager" "released" by "neutron_lib.db.api._create_context_manager" :: held 0.001s inner /usr/lib/python3/dist-packages/oslo_concurrency/lockutils.py:400
2025-04-21 01:51:23.238 68321 WARNING heat.engine.environment [-] OS::Aodh::Alarm is DEPRECATED. Theshold alarm relies on ceilometer-api and has been deprecated in aodh since Ocata. Use OS::Aodh::GnocchiAggregationByResourcesAlarm instead.
2025-04-21 01:51:23.238 68321 WARNING heat.engine.environment [-] OS::Aodh::CombinationAlarm is HIDDEN. OS::Aodh::CombinationAlarm is deprecated and has been removed from Aodh, use OS::Aodh::CompositeAlarm instead.
2025-04-21 01:51:23.239 68321 WARNING heat.engine.environment [-] OS::Designate::Domain is HIDDEN. This resource has been removed, use OS::Designate::Zone instead.
2025-04-21 01:51:23.239 68321 WARNING heat.engine.environment [-] OS::Designate::Record is HIDDEN. This resource has been removed, use OS::Designate::RecordSet instead.
2025-04-21 01:51:23.239 68321 WARNING heat.engine.environment [-] OS::Glance::Image is DEPRECATED. Creating a Glance Image based on an existing URL location requires the Glance v1 API, which is deprecated.
2025-04-21 01:51:23.239 68321 WARNING heat.engine.environment [-] OS::Heat::HARestarter is HIDDEN. The HARestarter resource type has been removed. Existing stacks containing HARestarter resources can still be used, but the HARestarter resource will be a placeholder that does nothing.
2025-04-21 01:51:23.239 68321 WARNING heat.engine.environment [-] OS::Heat::SoftwareDeployments is HIDDEN. Please use OS::Heat::SoftwareDeploymentGroup instead.
2025-04-21 01:51:23.239 68321 WARNING heat.engine.environment [-] OS::Heat::StructuredDeployments is HIDDEN. Please use OS::Heat::StructuredDeploymentGroup instead.
2025-04-21 01:51:23.240 68321 WARNING heat.engine.environment [-] OS::Magnum::Bay is HIDDEN. Please use OS::Magnum::Cluster instead.
2025-04-21 01:51:23.240 68321 WARNING heat.engine.environment [-] OS::Magnum::BayModel is HIDDEN. Please use OS::Magnum::ClusterTemplate instead.
2025-04-21 01:51:23.240 68321 WARNING heat.engine.environment [-] OS::Neutron::ExtraRoute is UNSUPPORTED. Use this resource at your own risk.
2025-04-21 01:51:23.240 68321 WARNING heat.engine.environment [-] OS::Neutron::HealthMonitor is HIDDEN. Use LBaaS V2 instead.
2025-04-21 01:51:23.240 68321 WARNING heat.engine.environment [-] OS::Neutron::Pool is HIDDEN. Use LBaaS V2 instead.
2025-04-21 01:51:23.240 68321 WARNING heat.engine.environment [-] OS::Neutron::PoolMember is HIDDEN. Use LBaaS V2 instead.
2025-04-21 01:51:23.241 68321 WARNING heat.engine.environment [-] OS::Neutron::LoadBalancer is HIDDEN. Use LBaaS V2 instead.
2025-04-21 01:51:23.241 68321 WARNING heat.engine.environment [-] OS::Neutron::RouterGateway is HIDDEN. Use the `external_gateway_info` property in the router resource to set up the gateway.
2025-04-21 01:51:23.241 68321 WARNING heat.engine.environment [-] OS::Nova::FloatingIP is HIDDEN. Please use OS::Neutron::FloatingIP instead.
2025-04-21 01:51:23.241 68321 WARNING heat.engine.environment [-] OS::Nova::FloatingIPAssociation is HIDDEN. Please use OS::Neutron::FloatingIPAssociation instead.
2025-04-21 01:51:23.244 68321 INFO heat.engine.environment [-] Loading /etc/heat/environment.d/default.yaml
2025-04-21 01:51:23.244 68321 INFO heat.engine.environment [-] Registered: [Plugin](User:False) AWS::AutoScaling::AutoScalingGroup ->
2025-04-21 01:51:23.245 68321 INFO heat.engine.environment [-] Registered: [Plugin](User:False) AWS::AutoScaling::LaunchConfiguration ->
2025-04-21 01:51:23.245 68321 INFO heat.engine.environment [-] Registered: [Plugin](User:False) AWS::AutoScaling::ScalingPolicy ->
2025-04-21 01:51:23.245 68321 INFO heat.engine.environment [-] Registered: [Plugin](User:False) AWS::CloudFormation::Stack ->
2025-04-21 01:51:23.245 68321 INFO heat.engine.environment [-] Registered: [Plugin](User:False) AWS::CloudFormation::WaitCondition ->
2025-04-21 01:51:23.245 68321 INFO heat.engine.environment [-] Registered: [Plugin](User:False) AWS::CloudFormation::WaitConditionHandle ->
2025-04-21 01:51:23.245 68321 INFO heat.engine.environment [-] Registered: [Plugin](User:False) AWS::EC2::EIP ->
2025-04-21 01:51:23.245 68321 INFO heat.engine.environment [-] Registered: [Plugin](User:False) AWS::EC2::EIPAssociation ->
2025-04-21 01:51:23.245 68321 INFO heat.engine.environment [-] Registered: [Plugin](User:False) AWS::EC2::Instance ->
2025-04-21 01:51:23.245 68321 INFO heat.engine.environment [-] Registered: [Plugin](User:False) AWS::EC2::InternetGateway ->
2025-04-21 01:51:23.245 68321 INFO heat.engine.environment [-] Registered: [Plugin](User:False) AWS::EC2::VPCGatewayAttachment ->
2025-04-21 01:51:23.245 68321 INFO heat.engine.environment [-] Registered: [Plugin](User:False) AWS::EC2::NetworkInterface ->
2025-04-21 01:51:23.246 68321 INFO heat.engine.environment [-] Registered: [Plugin](User:False) AWS::EC2::RouteTable ->
2025-04-21 01:51:23.246 68321 INFO heat.engine.environment [-] Registered: [Plugin](User:False) AWS::EC2::SubnetRouteTableAssociation ->
2025-04-21 01:51:23.246 68321 INFO heat.engine.environment [-] Registered: [Plugin](User:False) AWS::EC2::SecurityGroup ->
2025-04-21 01:51:23.246 68321 INFO heat.engine.environment [-] Registered: [Plugin](User:False) AWS::EC2::Subnet ->
2025-04-21 01:51:23.246 68321 INFO heat.engine.environment [-] Registered: [Plugin](User:False) AWS::EC2::Volume ->
2025-04-21 01:51:23.246 68321 INFO heat.engine.environment [-] Registered: [Plugin](User:False) AWS::EC2::VolumeAttachment ->
2025-04-21 01:51:23.246 68321 INFO heat.engine.environment [-] Registered: [Plugin](User:False) AWS::EC2::VPC ->
2025-04-21 01:51:23.246 68321 INFO heat.engine.environment [-] Registered: [Plugin](User:False) AWS::IAM::User ->
2025-04-21 01:51:23.246 68321 INFO heat.engine.environment [-] Registered: [Plugin](User:False) AWS::IAM::AccessKey ->
2025-04-21 01:51:23.246 68321 INFO heat.engine.environment [-] Registered: [Plugin](User:False) AWS::ElasticLoadBalancing::LoadBalancer ->
2025-04-21 01:51:23.246 68321 INFO heat.engine.environment [-] Registered: [Plugin](User:False) AWS::S3::Bucket ->
2025-04-21 01:51:23.246 68321 INFO heat.engine.environment [-] Registered: [Plugin](User:False) OS::Aodh::Alarm ->
2025-04-21 01:51:23.247 68321 INFO heat.engine.environment [-] Registered: [Plugin](User:False) OS::Aodh::CombinationAlarm ->
2025-04-21 01:51:23.247 68321 INFO heat.engine.environment [-] Registered: [Plugin](User:False) OS::Aodh::EventAlarm ->
2025-04-21 01:51:23.247 68321 INFO heat.engine.environment [-] Registered: [Plugin](User:False) OS::Aodh::LBMemberHealthAlarm ->
2025-04-21 01:51:23.247 68321 INFO heat.engine.environment [-] Registered: [Plugin](User:False) OS::Aodh::CompositeAlarm ->
2025-04-21 01:51:23.247 68321 INFO heat.engine.environment [-] Registered: [Plugin](User:False) OS::Aodh::GnocchiResourcesAlarm ->
2025-04-21 01:51:23.247 68321 INFO heat.engine.environment [-] Registered: [Plugin](User:False) OS::Aodh::GnocchiAggregationByMetricsAlarm ->
2025-04-21 01:51:23.247 68321 INFO heat.engine.environment [-] Registered: [Plugin](User:False) OS::Aodh::GnocchiAggregationByResourcesAlarm ->
2025-04-21 01:51:23.247 68321 INFO heat.engine.environment [-] Registered: [Plugin](User:False) OS::Barbican::GenericContainer ->
2025-04-21 01:51:23.247 68321 INFO heat.engine.environment [-] Registered: [Plugin](User:False) OS::Barbican::CertificateContainer ->
2025-04-21 01:51:23.247 68321 INFO heat.engine.environment [-] Registered: [Plugin](User:False) OS::Barbican::RSAContainer ->
2025-04-21 01:51:23.247 68321 INFO heat.engine.environment [-] Registered: [Plugin](User:False) OS::Barbican::Order ->
2025-04-21 01:51:23.247 68321 INFO heat.engine.environment [-] Registered: [Plugin](User:False) OS::Barbican::Secret ->
2025-04-21 01:51:23.248 68321 INFO heat.engine.environment [-] Registered: [Plugin](User:False) OS::Blazar::Host ->
2025-04-21 01:51:23.248 68321 INFO heat.engine.environment [-] Registered: [Plugin](User:False) OS::Blazar::Lease ->
2025-04-21 01:51:23.248 68321 INFO heat.engine.environment [-] Registered: [Plugin](User:False) OS::Cinder::EncryptedVolumeType ->
2025-04-21 01:51:23.248 68321 INFO heat.engine.environment [-] Registered: [Plugin](User:False) OS::Cinder::QoSSpecs ->
2025-04-21 01:51:23.248 68321 INFO heat.engine.environment [-] Registered: [Plugin](User:False) OS::Cinder::QoSAssociation ->
2025-04-21 01:51:23.248 68321 INFO heat.engine.environment [-] Registered: [Plugin](User:False) OS::Cinder::Quota ->
2025-04-21 01:51:23.248 68321 INFO heat.engine.environment [-] Registered: [Plugin](User:False) OS::Cinder::Volume ->
2025-04-21 01:51:23.248 68321 INFO heat.engine.environment [-] Registered: [Plugin](User:False) OS::Cinder::VolumeAttachment ->
2025-04-21 01:51:23.248 68321 INFO heat.engine.environment [-] Registered: [Plugin](User:False) OS::Cinder::VolumeType ->
2025-04-21 01:51:23.248 68321 INFO heat.engine.environment [-] Registered: [Plugin](User:False) OS::Designate::Domain ->
2025-04-21 01:51:23.248 68321 INFO heat.engine.environment [-] Registered: [Plugin](User:False) OS::Designate::Record ->
2025-04-21 01:51:23.248 68321 INFO heat.engine.environment [-] Registered: [Plugin](User:False) OS::Designate::RecordSet ->
2025-04-21 01:51:23.249 68321 INFO heat.engine.environment [-] Registered: [Plugin](User:False) OS::Designate::Zone ->
2025-04-21 01:51:23.249 68321 INFO heat.engine.environment [-] Registered: [Plugin](User:False) OS::Glance::Image ->
2025-04-21 01:51:23.249 68321 INFO heat.engine.environment [-] Registered: [Plugin](User:False) OS::Glance::WebImage ->
2025-04-21 01:51:23.249 68321 INFO heat.engine.environment [-] Registered: [Plugin](User:False) OS::Heat::AccessPolicy ->
2025-04-21 01:51:23.249 68321 INFO heat.engine.environment [-] Registered: [Plugin](User:False) OS::Heat::AutoScalingGroup ->
2025-04-21 01:51:23.249 68321 INFO heat.engine.environment [-] Registered: [Plugin](User:False) OS::Heat::CloudConfig ->
2025-04-21 01:51:23.249 68321 INFO heat.engine.environment [-] Registered: [Plugin](User:False) OS::Heat::Delay ->
2025-04-21 01:51:23.249 68321 INFO heat.engine.environment [-] Registered: [Plugin](User:False) OS::Heat::DeployedServer ->
2025-04-21 01:51:23.249 68321 INFO heat.engine.environment [-] Registered: [Plugin](User:False) OS::Heat::HARestarter ->
2025-04-21 01:51:23.249 68321 INFO heat.engine.environment [-] Registered: [Plugin](User:False) OS::Heat::InstanceGroup ->
2025-04-21 01:51:23.249 68321 INFO heat.engine.environment [-] Registered: [Plugin](User:False) OS::Heat::MultipartMime ->
2025-04-21 01:51:23.250 68321 INFO heat.engine.environment [-] Registered: [Plugin](User:False) OS::Heat::None ->
2025-04-21 01:51:23.250 68321 INFO heat.engine.environment [-] Registered: [Plugin](User:False) OS::Heat::RandomString ->
2025-04-21 01:51:23.250 68321 INFO heat.engine.environment [-] Registered: [Plugin](User:False) OS::Heat::Stack ->
2025-04-21 01:51:23.250 68321 INFO heat.engine.environment [-] Registered: [Plugin](User:False) OS::Heat::ResourceChain ->
2025-04-21 01:51:23.250 68321 INFO heat.engine.environment [-] Registered: [Plugin](User:False) OS::Heat::ResourceGroup ->
2025-04-21 01:51:23.250 68321 INFO heat.engine.environment [-] Registered: [Plugin](User:False) OS::Heat::ScalingPolicy ->
2025-04-21 01:51:23.250 68321 INFO heat.engine.environment [-] Registered: [Plugin](User:False) OS::Heat::SoftwareComponent ->
2025-04-21 01:51:23.250 68321 INFO heat.engine.environment [-] Registered: [Plugin](User:False) OS::Heat::SoftwareConfig ->
2025-04-21 01:51:23.250 68321 INFO heat.engine.environment [-] Registered: [Plugin](User:False) OS::Heat::SoftwareDeployment ->
2025-04-21 01:51:23.250 68321 INFO heat.engine.environment [-] Registered: [Plugin](User:False) OS::Heat::SoftwareDeploymentGroup ->
2025-04-21 01:51:23.250 68321 INFO heat.engine.environment [-] Registered: [Plugin](User:False) OS::Heat::SoftwareDeployments ->
2025-04-21 01:51:23.250 68321 INFO heat.engine.environment [-] Registered: [Plugin](User:False) OS::Heat::StructuredConfig ->
2025-04-21 01:51:23.251 68321 INFO heat.engine.environment [-] Registered: [Plugin](User:False) OS::Heat::StructuredDeployment ->
2025-04-21 01:51:23.251 68321 INFO heat.engine.environment [-] Registered: [Plugin](User:False) OS::Heat::StructuredDeploymentGroup ->
2025-04-21 01:51:23.251 68321 INFO heat.engine.environment [-] Registered: [Plugin](User:False) OS::Heat::StructuredDeployments ->
2025-04-21 01:51:23.251 68321 INFO heat.engine.environment [-] Registered: [Plugin](User:False) OS::Heat::SwiftSignal ->
2025-04-21 01:51:23.251 68321 INFO heat.engine.environment [-] Registered: [Plugin](User:False) OS::Heat::SwiftSignalHandle ->
2025-04-21 01:51:23.251 68321 INFO heat.engine.environment [-] Registered: [Plugin](User:False) OS::Heat::TestResource ->
2025-04-21 01:51:23.251 68321 INFO heat.engine.environment [-] Registered: [Plugin](User:False) OS::Heat::Value ->
2025-04-21 01:51:23.251 68321 INFO heat.engine.environment [-] Registered: [Plugin](User:False) OS::Heat::WaitCondition ->
2025-04-21 01:51:23.251 68321 INFO heat.engine.environment [-] Registered: [Plugin](User:False) OS::Heat::WaitConditionHandle ->
2025-04-21 01:51:23.251 68321 INFO heat.engine.environment [-] Registered: [Plugin](User:False) OS::Heat::UpdateWaitConditionHandle ->
2025-04-21 01:51:23.251 68321 INFO heat.engine.environment [-] Registered: [Plugin](User:False) OS::Ironic::Port ->
2025-04-21 01:51:23.251 68321 INFO heat.engine.environment [-] Registered: [Plugin](User:False) OS::Keystone::Domain ->
2025-04-21 01:51:23.252 68321 INFO heat.engine.environment [-] Registered: [Plugin](User:False) OS::Keystone::Endpoint ->
2025-04-21 01:51:23.252 68321 INFO heat.engine.environment [-] Registered: [Plugin](User:False) OS::Keystone::Group ->
2025-04-21 01:51:23.252 68321 INFO heat.engine.environment [-] Registered: [Plugin](User:False) OS::Keystone::Project ->
2025-04-21 01:51:23.252 68321 INFO heat.engine.environment [-] Registered: [Plugin](User:False) OS::Keystone::Region ->
2025-04-21 01:51:23.252 68321 INFO heat.engine.environment [-] Registered: [Plugin](User:False) OS::Keystone::Role ->
2025-04-21 01:51:23.252 68321 INFO heat.engine.environment [-] Registered: [Plugin](User:False) OS::Keystone::UserRoleAssignment ->
2025-04-21 01:51:23.252 68321 INFO heat.engine.environment [-] Registered: [Plugin](User:False) OS::Keystone::GroupRoleAssignment ->
2025-04-21 01:51:23.252 68321 INFO heat.engine.environment [-] Registered: [Plugin](User:False) OS::Keystone::Service ->
2025-04-21 01:51:23.252 68321 INFO heat.engine.environment [-] Registered: [Plugin](User:False) OS::Keystone::User ->
2025-04-21 01:51:23.252 68321 INFO heat.engine.environment [-] Registered: [Plugin](User:False) OS::Magnum::Bay ->
2025-04-21 01:51:23.252 68321 INFO heat.engine.environment [-] Registered: [Plugin](User:False) OS::Magnum::BayModel ->
2025-04-21 01:51:23.252 68321 INFO heat.engine.environment [-] Registered: [Plugin](User:False) OS::Magnum::Cluster ->
2025-04-21 01:51:23.252 68321 INFO heat.engine.environment [-] Registered: [Plugin](User:False) OS::Magnum::ClusterTemplate ->
2025-04-21 01:51:23.253 68321 INFO heat.engine.environment [-] Registered: [Plugin](User:False) OS::Manila::SecurityService ->
2025-04-21 01:51:23.253 68321 INFO heat.engine.environment [-] Registered: [Plugin](User:False) OS::Manila::Share ->
2025-04-21 01:51:23.253 68321 INFO heat.engine.environment [-] Registered: [Plugin](User:False) OS::Manila::ShareNetwork ->
2025-04-21 01:51:23.253 68321 INFO heat.engine.environment [-] Registered: [Plugin](User:False) OS::Manila::ShareType ->
2025-04-21 01:51:23.253 68321 INFO heat.engine.environment [-] Registered: [Plugin](User:False) OS::Mistral::CronTrigger ->
2025-04-21 01:51:23.253 68321 INFO heat.engine.environment [-] Registered: [Plugin](User:False) OS::Mistral::ExternalResource ->
2025-04-21 01:51:23.253 68321 INFO heat.engine.environment [-] Registered: [Plugin](User:False) OS::Mistral::Workflow ->
2025-04-21 01:51:23.253 68321 INFO heat.engine.environment [-] Registered: [Plugin](User:False) OS::Monasca::AlarmDefinition ->
2025-04-21 01:51:23.253 68321 INFO heat.engine.environment [-] Registered: [Plugin](User:False) OS::Monasca::Notification ->
2025-04-21 01:51:23.253 68321 INFO heat.engine.environment [-] Registered: [Plugin](User:False) OS::Neutron::AddressScope ->
2025-04-21 01:51:23.253 68321 INFO heat.engine.environment [-] Registered: [Plugin](User:False) OS::Neutron::ExtraRoute ->
2025-04-21 01:51:23.253 68321 INFO heat.engine.environment [-] Registered: [Plugin](User:False) OS::Neutron::ExtraRouteSet ->
2025-04-21 01:51:23.254 68321 INFO heat.engine.environment [-] Registered: [Plugin](User:False) OS::Neutron::Firewall ->
2025-04-21 01:51:23.254 68321 INFO heat.engine.environment [-] Registered: [Plugin](User:False) OS::Neutron::FirewallPolicy ->
2025-04-21 01:51:23.254 68321 INFO heat.engine.environment [-] Registered: [Plugin](User:False) OS::Neutron::FirewallRule ->
2025-04-21 01:51:23.254 68321 INFO heat.engine.environment [-] Registered: [Plugin](User:False) OS::Neutron::FloatingIP ->
2025-04-21 01:51:23.254 68321 INFO heat.engine.environment [-] Registered: [Plugin](User:False) OS::Neutron::FloatingIPAssociation ->
2025-04-21 01:51:23.254 68321 INFO heat.engine.environment [-] Registered: [Plugin](User:False) OS::Neutron::L2Gateway ->
2025-04-21 01:51:23.255 68321 INFO heat.engine.environment [-] Registered: [Plugin](User:False) OS::Neutron::L2GatewayConnection ->
2025-04-21 01:51:23.255 68321 INFO heat.engine.environment [-] Registered: [Plugin](User:False) OS::Neutron::LBaaS::HealthMonitor ->
2025-04-21 01:51:23.255 68321 INFO heat.engine.environment [-] Registered: [Plugin](User:False) OS::Neutron::LBaaS::L7Policy ->
