2025-04-21 01:22:22.275 37472 DEBUG heat.engine.service [req-731c7758-5fec-4eff-95be-4b7ac52f8b3c - - - - -] Service 6a667047-984a-4b0e-861c-d64c577dbc5e is updated service_manage_report /usr/lib/python3/dist-packages/heat/engine/service.py:2370
2025-04-21 01:22:22.289 37474 DEBUG heat.engine.service [req-55461a5c-3412-41d4-b296-8a2affc2cafa - - - - -] Service 59850266-04a2-4a36-a842-46b42f9810e1 is updated service_manage_report /usr/lib/python3/dist-packages/heat/engine/service.py:2370
2025-04-21 01:22:22.368 37475 DEBUG heat.engine.service [req-e352e9f8-a5c6-4639-8ec7-42dd75525cb3 - - - - -] Service 9bc6dc84-55cc-4e06-8afc-c294da258fc8 is updated service_manage_report /usr/lib/python3/dist-packages/heat/engine/service.py:2370
2025-04-21 01:23:22.275 37473 DEBUG heat.engine.service [req-3d54c413-1e42-4376-a8c0-85a384fe58c3 - - - - -] Service e0a1da57-119a-40fe-91cd-f480fbbc0a0c is updated service_manage_report /usr/lib/python3/dist-packages/heat/engine/service.py:2370
2025-04-21 01:23:22.293 37472 DEBUG heat.engine.service [req-2ba25ef9-3d87-44bb-bdaa-962e19d627cf - - - - -] Service 6a667047-984a-4b0e-861c-d64c577dbc5e is updated service_manage_report /usr/lib/python3/dist-packages/heat/engine/service.py:2370
2025-04-21 01:23:22.298 37474 DEBUG heat.engine.service [req-8add9788-114e-401a-a1e6-44786512f93f - - - - -] Service 59850266-04a2-4a36-a842-46b42f9810e1 is updated service_manage_report /usr/lib/python3/dist-packages/heat/engine/service.py:2370
2025-04-21 01:23:22.371 37475 DEBUG heat.engine.service [req-e43a7f1c-ab1e-4f1e-95d3-222b11a72ef7 - - - - -] Service 9bc6dc84-55cc-4e06-8afc-c294da258fc8 is updated service_manage_report /usr/lib/python3/dist-packages/heat/engine/service.py:2370
2025-04-21 01:24:22.278 37472 DEBUG heat.engine.service [req-a684af32-edc5-44e8-aabe-e7e798a6e442 - - - - -] Service 6a667047-984a-4b0e-861c-d64c577dbc5e is updated service_manage_report /usr/lib/python3/dist-packages/heat/engine/service.py:2370
2025-04-21 01:24:22.282 37473 DEBUG heat.engine.service [req-e5963f27-060b-4971-854b-0060fd146cec - - - - -] Service e0a1da57-119a-40fe-91cd-f480fbbc0a0c is updated service_manage_report /usr/lib/python3/dist-packages/heat/engine/service.py:2370
2025-04-21 01:24:22.291 37474 DEBUG heat.engine.service [req-24b8925a-3a18-4489-bee7-591197fb6833 - - - - -] Service 59850266-04a2-4a36-a842-46b42f9810e1 is updated service_manage_report /usr/lib/python3/dist-packages/heat/engine/service.py:2370
2025-04-21 01:24:22.374 37475 DEBUG heat.engine.service [req-7e90c160-8e23-49c2-a15b-58d63af1cbc3 - - - - -] Service 9bc6dc84-55cc-4e06-8afc-c294da258fc8 is updated service_manage_report /usr/lib/python3/dist-packages/heat/engine/service.py:2370
2025-04-21 01:25:22.276 37473 DEBUG heat.engine.service [req-a2d63f4a-9970-4647-b75a-0aaf7deac992 - - - - -] Service e0a1da57-119a-40fe-91cd-f480fbbc0a0c is updated service_manage_report /usr/lib/python3/dist-packages/heat/engine/service.py:2370
2025-04-21 01:25:22.285 37472 DEBUG heat.engine.service [req-4e609df9-c80b-4786-b07e-9a18106c81df - - - - -] Service 6a667047-984a-4b0e-861c-d64c577dbc5e is updated service_manage_report /usr/lib/python3/dist-packages/heat/engine/service.py:2370
2025-04-21 01:25:22.292 37474 DEBUG heat.engine.service [req-74f67172-f4ea-46d3-b301-f9049f2e9771 - - - - -] Service 59850266-04a2-4a36-a842-46b42f9810e1 is updated service_manage_report /usr/lib/python3/dist-packages/heat/engine/service.py:2370
2025-04-21 01:25:22.378 37475 DEBUG heat.engine.service [req-3ad2ce69-f125-423e-9e4b-237ba4c7adf6 - - - - -] Service 9bc6dc84-55cc-4e06-8afc-c294da258fc8 is updated service_manage_report /usr/lib/python3/dist-packages/heat/engine/service.py:2370
2025-04-21 01:26:22.277 37472 DEBUG heat.engine.service [req-79e15d72-c329-40d9-8387-49b9b2475a90 - - - - -] Service 6a667047-984a-4b0e-861c-d64c577dbc5e is updated service_manage_report /usr/lib/python3/dist-packages/heat/engine/service.py:2370
2025-04-21 01:26:22.281 37473 DEBUG heat.engine.service [req-81241b21-d6f5-4f4f-ab86-d5515c518970 - - - - -] Service e0a1da57-119a-40fe-91cd-f480fbbc0a0c is updated service_manage_report /usr/lib/python3/dist-packages/heat/engine/service.py:2370
2025-04-21 01:26:22.296 37474 DEBUG heat.engine.service [req-a2634286-e5cb-4ad1-9a16-77044ceb65cf - - - - -] Service 59850266-04a2-4a36-a842-46b42f9810e1 is updated service_manage_report /usr/lib/python3/dist-packages/heat/engine/service.py:2370
2025-04-21 01:26:22.382 37475 DEBUG heat.engine.service [req-2b66fc60-620d-4601-a033-0e5fd24edf9a - - - - -] Service 9bc6dc84-55cc-4e06-8afc-c294da258fc8 is updated service_manage_report /usr/lib/python3/dist-packages/heat/engine/service.py:2370
2025-04-21 01:27:22.276 37473 DEBUG heat.engine.service [req-7b472c4f-bc85-41ed-9170-50d5b0f1a37a - - - - -] Service e0a1da57-119a-40fe-91cd-f480fbbc0a0c is updated service_manage_report /usr/lib/python3/dist-packages/heat/engine/service.py:2370
2025-04-21 01:27:22.282 37472 DEBUG heat.engine.service [req-01f85284-ce4d-4e5d-9639-7fb08a090a36 - - - - -] Service 6a667047-984a-4b0e-861c-d64c577dbc5e is updated service_manage_report /usr/lib/python3/dist-packages/heat/engine/service.py:2370
2025-04-21 01:27:22.298 37474 DEBUG heat.engine.service [req-6aebef7d-fd2a-477d-9471-acf31b8558b2 - - - - -] Service 59850266-04a2-4a36-a842-46b42f9810e1 is updated service_manage_report /usr/lib/python3/dist-packages/heat/engine/service.py:2370
2025-04-21 01:27:22.385 37475 DEBUG heat.engine.service [req-5e83a525-742b-4874-8cb8-aeb351bf41b4 - - - - -] Service 9bc6dc84-55cc-4e06-8afc-c294da258fc8 is updated service_manage_report /usr/lib/python3/dist-packages/heat/engine/service.py:2370
2025-04-21 01:28:22.279 37473 DEBUG heat.engine.service [req-18724e91-f0b8-46e2-a2c0-345e84b4dea7 - - - - -] Service e0a1da57-119a-40fe-91cd-f480fbbc0a0c is updated service_manage_report /usr/lib/python3/dist-packages/heat/engine/service.py:2370
2025-04-21 01:28:22.287 37472 DEBUG heat.engine.service [req-1b8132e3-26cd-4fbd-85d7-b1659cf2e0e5 - - - - -] Service 6a667047-984a-4b0e-861c-d64c577dbc5e is updated service_manage_report /usr/lib/python3/dist-packages/heat/engine/service.py:2370
2025-04-21 01:28:22.301 37474 DEBUG heat.engine.service [req-6acb7fd5-b838-48fa-9704-7fef1ab5b371 - - - - -] Service 59850266-04a2-4a36-a842-46b42f9810e1 is updated service_manage_report /usr/lib/python3/dist-packages/heat/engine/service.py:2370
2025-04-21 01:28:22.389 37475 DEBUG heat.engine.service [req-c3d83a5f-039e-4831-89ed-b6ada9055bbe - - - - -] Service 9bc6dc84-55cc-4e06-8afc-c294da258fc8 is updated service_manage_report /usr/lib/python3/dist-packages/heat/engine/service.py:2370
2025-04-21 01:29:22.283 37473 DEBUG heat.engine.service [req-143367db-8a43-4fc2-9679-d42d1bd3f131 - - - - -] Service e0a1da57-119a-40fe-91cd-f480fbbc0a0c is updated service_manage_report /usr/lib/python3/dist-packages/heat/engine/service.py:2370
2025-04-21 01:29:22.290 37472 DEBUG heat.engine.service [req-5ce924fc-bdde-4f36-93ca-fd273e520c20 - - - - -] Service 6a667047-984a-4b0e-861c-d64c577dbc5e is updated service_manage_report /usr/lib/python3/dist-packages/heat/engine/service.py:2370
2025-04-21 01:29:22.304 37474 DEBUG heat.engine.service [req-81f31e93-c7bd-46d8-b781-d84bb3548de6 - - - - -] Service 59850266-04a2-4a36-a842-46b42f9810e1 is updated service_manage_report /usr/lib/python3/dist-packages/heat/engine/service.py:2370
2025-04-21 01:29:22.393 37475 DEBUG heat.engine.service [req-8d279552-06f3-4fcd-95db-fbe0977c4d93 - - - - -] Service 9bc6dc84-55cc-4e06-8afc-c294da258fc8 is updated service_manage_report /usr/lib/python3/dist-packages/heat/engine/service.py:2370
2025-04-21 01:30:22.287 37473 DEBUG heat.engine.service [req-42f9a302-4b2c-4a87-8554-2fdb023b56ec - - - - -] Service e0a1da57-119a-40fe-91cd-f480fbbc0a0c is updated service_manage_report /usr/lib/python3/dist-packages/heat/engine/service.py:2370
2025-04-21 01:30:22.294 37472 DEBUG heat.engine.service [req-df93f957-5dc0-4a89-9a42-0052963f9764 - - - - -] Service 6a667047-984a-4b0e-861c-d64c577dbc5e is updated service_manage_report /usr/lib/python3/dist-packages/heat/engine/service.py:2370
2025-04-21 01:30:22.305 37474 DEBUG heat.engine.service [req-1d7e39d4-9a4c-4948-88b9-c04ba8b1290d - - - - -] Service 59850266-04a2-4a36-a842-46b42f9810e1 is updated service_manage_report /usr/lib/python3/dist-packages/heat/engine/service.py:2370
2025-04-21 01:30:22.398 37475 DEBUG heat.engine.service [req-137f1efd-bde7-43a3-b53d-e92105559a3b - - - - -] Service 9bc6dc84-55cc-4e06-8afc-c294da258fc8 is updated service_manage_report /usr/lib/python3/dist-packages/heat/engine/service.py:2370
2025-04-21 01:31:22.292 37473 DEBUG heat.engine.service [req-478ac437-b3d4-47fe-8433-4c2ecc9cb07c - - - - -] Service e0a1da57-119a-40fe-91cd-f480fbbc0a0c is updated service_manage_report /usr/lib/python3/dist-packages/heat/engine/service.py:2370
2025-04-21 01:31:22.296 37472 DEBUG heat.engine.service [req-9906d73b-2642-4f15-b7c2-0364642d99d7 - - - - -] Service 6a667047-984a-4b0e-861c-d64c577dbc5e is updated service_manage_report /usr/lib/python3/dist-packages/heat/engine/service.py:2370
2025-04-21 01:31:22.308 37474 DEBUG heat.engine.service [req-2d3590c0-d855-48a0-be8a-03b87cf651ba - - - - -] Service 59850266-04a2-4a36-a842-46b42f9810e1 is updated service_manage_report /usr/lib/python3/dist-packages/heat/engine/service.py:2370
2025-04-21 01:31:22.402 37475 DEBUG heat.engine.service [req-45702a8e-2340-43fd-8919-d6fd3c25ff7b - - - - -] Service 9bc6dc84-55cc-4e06-8afc-c294da258fc8 is updated service_manage_report /usr/lib/python3/dist-packages/heat/engine/service.py:2370
2025-04-21 01:32:22.300 37473 DEBUG heat.engine.service [req-c6a98c35-1a80-47c4-a4b1-c7ac51dd2e49 - - - - -] Service e0a1da57-119a-40fe-91cd-f480fbbc0a0c is updated service_manage_report /usr/lib/python3/dist-packages/heat/engine/service.py:2370
2025-04-21 01:32:22.302 37472 DEBUG heat.engine.service [req-0d74d88a-7d04-49ba-8dab-6ab0358f656c - - - - -] Service 6a667047-984a-4b0e-861c-d64c577dbc5e is updated service_manage_report /usr/lib/python3/dist-packages/heat/engine/service.py:2370
2025-04-21 01:32:22.310 37474 DEBUG heat.engine.service [req-0782fb51-f234-4b43-9f8c-a62f4ed69dcf - - - - -] Service 59850266-04a2-4a36-a842-46b42f9810e1 is updated service_manage_report /usr/lib/python3/dist-packages/heat/engine/service.py:2370
2025-04-21 01:32:22.411 37475 DEBUG heat.engine.service [req-67a415e7-3d25-4586-bb5e-3ed500add2ad - - - - -] Service 9bc6dc84-55cc-4e06-8afc-c294da258fc8 is updated service_manage_report /usr/lib/python3/dist-packages/heat/engine/service.py:2370
2025-04-21 01:33:22.293 37473 DEBUG heat.engine.service [req-b238404a-4ec5-413f-9359-96163668fa04 - - - - -] Service e0a1da57-119a-40fe-91cd-f480fbbc0a0c is updated service_manage_report /usr/lib/python3/dist-packages/heat/engine/service.py:2370
2025-04-21 01:33:22.297 37472 DEBUG heat.engine.service [req-5f70412e-ef79-4074-8384-4f6753fa2483 - - - - -] Service 6a667047-984a-4b0e-861c-d64c577dbc5e is updated service_manage_report /usr/lib/python3/dist-packages/heat/engine/service.py:2370
2025-04-21 01:33:22.313 37474 DEBUG heat.engine.service [req-e29f288d-da0e-4417-b1fb-07a977d34527 - - - - -] Service 59850266-04a2-4a36-a842-46b42f9810e1 is updated service_manage_report /usr/lib/python3/dist-packages/heat/engine/service.py:2370
2025-04-21 01:33:22.405 37475 DEBUG heat.engine.service [req-f50b730d-a2ac-49e3-8f13-067cea0847e2 - - - - -] Service 9bc6dc84-55cc-4e06-8afc-c294da258fc8 is updated service_manage_report /usr/lib/python3/dist-packages/heat/engine/service.py:2370
2025-04-21 01:34:22.296 37473 DEBUG heat.engine.service [req-964dd164-b7f7-4527-a434-c1c2c9ee4a29 - - - - -] Service e0a1da57-119a-40fe-91cd-f480fbbc0a0c is updated service_manage_report /usr/lib/python3/dist-packages/heat/engine/service.py:2370
2025-04-21 01:34:22.299 37472 DEBUG heat.engine.service [req-1fff7b8d-3a25-4937-8017-fb3dbdf52e0c - - - - -] Service 6a667047-984a-4b0e-861c-d64c577dbc5e is updated service_manage_report /usr/lib/python3/dist-packages/heat/engine/service.py:2370
2025-04-21 01:34:22.314 37474 DEBUG heat.engine.service [req-0376f918-5801-41a1-87fc-788ad4792277 - - - - -] Service 59850266-04a2-4a36-a842-46b42f9810e1 is updated service_manage_report /usr/lib/python3/dist-packages/heat/engine/service.py:2370
2025-04-21 01:34:22.412 37475 DEBUG heat.engine.service [req-5370b8d5-391c-4028-96e1-c2f0bc45708c - - - - -] Service 9bc6dc84-55cc-4e06-8afc-c294da258fc8 is updated service_manage_report /usr/lib/python3/dist-packages/heat/engine/service.py:2370
2025-04-21 01:35:22.309 37473 DEBUG heat.engine.service [req-552da9a7-eb2f-4ff0-8e38-aed5a6b92955 - - - - -] Service e0a1da57-119a-40fe-91cd-f480fbbc0a0c is updated service_manage_report /usr/lib/python3/dist-packages/heat/engine/service.py:2370
2025-04-21 01:35:22.311 37472 DEBUG heat.engine.service [req-7b050e41-d282-4b67-8601-a38444bbd160 - - - - -] Service 6a667047-984a-4b0e-861c-d64c577dbc5e is updated service_manage_report /usr/lib/python3/dist-packages/heat/engine/service.py:2370
2025-04-21 01:35:22.321 37474 DEBUG heat.engine.service [req-d4340aec-0bcd-41b0-9a6f-755b6fcdafd0 - - - - -] Service 59850266-04a2-4a36-a842-46b42f9810e1 is updated service_manage_report /usr/lib/python3/dist-packages/heat/engine/service.py:2370
2025-04-21 01:35:22.411 37475 DEBUG heat.engine.service [req-6663744d-a4d0-4884-8f45-958e1dcf5001 - - - - -] Service 9bc6dc84-55cc-4e06-8afc-c294da258fc8 is updated service_manage_report /usr/lib/python3/dist-packages/heat/engine/service.py:2370
2025-04-21 01:36:22.302 37473 DEBUG heat.engine.service [req-bfbcbf01-7a56-44f2-9ba7-23f77c948e51 - - - - -] Service e0a1da57-119a-40fe-91cd-f480fbbc0a0c is updated service_manage_report /usr/lib/python3/dist-packages/heat/engine/service.py:2370
2025-04-21 01:36:22.305 37472 DEBUG heat.engine.service [req-d75b8cc9-80db-40e7-92dd-85dbffbbd0fa - - - - -] Service 6a667047-984a-4b0e-861c-d64c577dbc5e is updated service_manage_report /usr/lib/python3/dist-packages/heat/engine/service.py:2370
2025-04-21 01:36:22.313 37474 DEBUG heat.engine.service [req-6a011ba3-021b-4ae4-9fec-cc05da2a530e - - - - -] Service 59850266-04a2-4a36-a842-46b42f9810e1 is updated service_manage_report /usr/lib/python3/dist-packages/heat/engine/service.py:2370
2025-04-21 01:36:22.405 37475 DEBUG heat.engine.service [req-7087804d-f570-4e34-bca1-ce55746b46f4 - - - - -] Service 9bc6dc84-55cc-4e06-8afc-c294da258fc8 is updated service_manage_report /usr/lib/python3/dist-packages/heat/engine/service.py:2370
2025-04-21 01:37:22.306 37473 DEBUG heat.engine.service [req-9d907991-53f8-411a-9370-23c843ec7c3e - - - - -] Service e0a1da57-119a-40fe-91cd-f480fbbc0a0c is updated service_manage_report /usr/lib/python3/dist-packages/heat/engine/service.py:2370
2025-04-21 01:37:22.309 37472 DEBUG heat.engine.service [req-c3686128-1381-4ed0-b3b6-fb391a648394 - - - - -] Service 6a667047-984a-4b0e-861c-d64c577dbc5e is updated service_manage_report /usr/lib/python3/dist-packages/heat/engine/service.py:2370
2025-04-21 01:37:22.319 37474 DEBUG heat.engine.service [req-e4a0c4c2-93ac-45ff-909a-76b4060ea9f1 - - - - -] Service 59850266-04a2-4a36-a842-46b42f9810e1 is updated service_manage_report /usr/lib/python3/dist-packages/heat/engine/service.py:2370
2025-04-21 01:37:22.408 37475 DEBUG heat.engine.service [req-2cbd6dda-e91e-4c34-8929-b0fc84faaf82 - - - - -] Service 9bc6dc84-55cc-4e06-8afc-c294da258fc8 is updated service_manage_report /usr/lib/python3/dist-packages/heat/engine/service.py:2370
2025-04-21 01:38:22.310 37473 DEBUG heat.engine.service [req-7919753b-ba8b-4f38-8b21-8bd0bbe6b952 - - - - -] Service e0a1da57-119a-40fe-91cd-f480fbbc0a0c is updated service_manage_report /usr/lib/python3/dist-packages/heat/engine/service.py:2370
2025-04-21 01:38:22.314 37472 DEBUG heat.engine.service [req-0538a633-f449-4701-950e-53e5e08a6db6 - - - - -] Service 6a667047-984a-4b0e-861c-d64c577dbc5e is updated service_manage_report /usr/lib/python3/dist-packages/heat/engine/service.py:2370
2025-04-21 01:38:22.324 37474 DEBUG heat.engine.service [req-fd8f5c09-66e0-40bf-b590-486e0882e6cb - - - - -] Service 59850266-04a2-4a36-a842-46b42f9810e1 is updated service_manage_report /usr/lib/python3/dist-packages/heat/engine/service.py:2370
2025-04-21 01:38:22.411 37475 DEBUG heat.engine.service [req-af9fdf42-ef59-4ae9-97a9-cc2e0abcd399 - - - - -] Service 9bc6dc84-55cc-4e06-8afc-c294da258fc8 is updated service_manage_report /usr/lib/python3/dist-packages/heat/engine/service.py:2370
2025-04-21 01:39:22.313 37473 DEBUG heat.engine.service [req-d281366f-b2c5-46dd-b90c-da1f5abb3e8b - - - - -] Service e0a1da57-119a-40fe-91cd-f480fbbc0a0c is updated service_manage_report /usr/lib/python3/dist-packages/heat/engine/service.py:2370
2025-04-21 01:39:22.316 37472 DEBUG heat.engine.service [req-fc19e80d-f4a4-4555-a1f7-73e5b7dd9571 - - - - -] Service 6a667047-984a-4b0e-861c-d64c577dbc5e is updated service_manage_report /usr/lib/python3/dist-packages/heat/engine/service.py:2370
2025-04-21 01:39:22.328 37474 DEBUG heat.engine.service [req-70deeebc-3ab7-445d-9de1-ba1c365e10a9 - - - - -] Service 59850266-04a2-4a36-a842-46b42f9810e1 is updated service_manage_report /usr/lib/python3/dist-packages/heat/engine/service.py:2370
2025-04-21 01:39:22.413 37475 DEBUG heat.engine.service [req-fbd084fa-e1ac-4fa1-9a73-d8f4913980dd - - - - -] Service 9bc6dc84-55cc-4e06-8afc-c294da258fc8 is updated service_manage_report /usr/lib/python3/dist-packages/heat/engine/service.py:2370
2025-04-21 01:40:22.316 37473 DEBUG heat.engine.service [req-3f6eec0e-7e8e-4ca4-9c98-b8b1337c99a0 - - - - -] Service e0a1da57-119a-40fe-91cd-f480fbbc0a0c is updated service_manage_report /usr/lib/python3/dist-packages/heat/engine/service.py:2370
2025-04-21 01:40:22.321 37472 DEBUG heat.engine.service [req-60f7f1b2-63c6-4b58-bf33-570a6298218b - - - - -] Service 6a667047-984a-4b0e-861c-d64c577dbc5e is updated service_manage_report /usr/lib/python3/dist-packages/heat/engine/service.py:2370
2025-04-21 01:40:22.332 37474 DEBUG heat.engine.service [req-80ab1234-b2b5-48ce-baf5-c93e65b3938d - - - - -] Service 59850266-04a2-4a36-a842-46b42f9810e1 is updated service_manage_report /usr/lib/python3/dist-packages/heat/engine/service.py:2370
2025-04-21 01:40:22.418 37475 DEBUG heat.engine.service [req-0bdeb5cf-7bf8-42ff-80e0-e7bbec327a50 - - - - -] Service 9bc6dc84-55cc-4e06-8afc-c294da258fc8 is updated service_manage_report /usr/lib/python3/dist-packages/heat/engine/service.py:2370
2025-04-21 01:41:22.322 37473 DEBUG heat.engine.service [req-32fc328c-9ea2-47e5-acf4-de7f5b785fcb - - - - -] Service e0a1da57-119a-40fe-91cd-f480fbbc0a0c is updated service_manage_report /usr/lib/python3/dist-packages/heat/engine/service.py:2370
2025-04-21 01:41:22.325 37472 DEBUG heat.engine.service [req-076f856c-c92d-42ad-8d1b-b5b1a16a2530 - - - - -] Service 6a667047-984a-4b0e-861c-d64c577dbc5e is updated service_manage_report /usr/lib/python3/dist-packages/heat/engine/service.py:2370
2025-04-21 01:41:22.333 37474 DEBUG heat.engine.service [req-ca5d45e0-6049-4f72-bfa0-5fe16dc75d63 - - - - -] Service 59850266-04a2-4a36-a842-46b42f9810e1 is updated service_manage_report /usr/lib/python3/dist-packages/heat/engine/service.py:2370
2025-04-21 01:41:22.423 37475 DEBUG heat.engine.service [req-c91b3508-e2fb-4c2c-9121-034392bdaf50 - - - - -] Service 9bc6dc84-55cc-4e06-8afc-c294da258fc8 is updated service_manage_report /usr/lib/python3/dist-packages/heat/engine/service.py:2370
2025-04-21 01:42:22.325 37473 DEBUG heat.engine.service [req-d8fbca04-3a95-47d1-a880-3b18b4550fb8 - - - - -] Service e0a1da57-119a-40fe-91cd-f480fbbc0a0c is updated service_manage_report /usr/lib/python3/dist-packages/heat/engine/service.py:2370
2025-04-21 01:42:22.330 37472 DEBUG heat.engine.service [req-2b9a3d4f-f41b-4b34-b4ac-9d313f2b263a - - - - -] Service 6a667047-984a-4b0e-861c-d64c577dbc5e is updated service_manage_report /usr/lib/python3/dist-packages/heat/engine/service.py:2370
2025-04-21 01:42:22.336 37474 DEBUG heat.engine.service [req-77109ed7-96d6-4778-875f-13a90a64b482 - - - - -] Service 59850266-04a2-4a36-a842-46b42f9810e1 is updated service_manage_report /usr/lib/python3/dist-packages/heat/engine/service.py:2370
2025-04-21 01:42:22.428 37475 DEBUG heat.engine.service [req-16241475-85b2-4dee-8a41-f9c525687732 - - - - -] Service 9bc6dc84-55cc-4e06-8afc-c294da258fc8 is updated service_manage_report /usr/lib/python3/dist-packages/heat/engine/service.py:2370
2025-04-21 01:43:22.334 37473 DEBUG heat.engine.service [req-dd917f12-7152-4886-85ed-7c6ed442307f - - - - -] Service e0a1da57-119a-40fe-91cd-f480fbbc0a0c is updated service_manage_report /usr/lib/python3/dist-packages/heat/engine/service.py:2370
2025-04-21 01:43:22.338 37472 DEBUG heat.engine.service [req-1407d90d-0ee9-4944-b403-47ed475fd800 - - - - -] Service 6a667047-984a-4b0e-861c-d64c577dbc5e is updated service_manage_report /usr/lib/python3/dist-packages/heat/engine/service.py:2370
2025-04-21 01:43:22.345 37474 DEBUG heat.engine.service [req-3cb13fda-27d1-485a-92e7-017a5a1486b5 - - - - -] Service 59850266-04a2-4a36-a842-46b42f9810e1 is updated service_manage_report /usr/lib/python3/dist-packages/heat/engine/service.py:2370
2025-04-21 01:43:22.435 37475 DEBUG heat.engine.service [req-b72c345b-2d8d-4104-be5e-0733f6e74a59 - - - - -] Service 9bc6dc84-55cc-4e06-8afc-c294da258fc8 is updated service_manage_report /usr/lib/python3/dist-packages/heat/engine/service.py:2370
2025-04-21 01:43:49.881 37474 DEBUG heat.engine.service [-] Attempting to stop engine service... _stop_rpc_server /usr/lib/python3/dist-packages/heat/engine/service.py:437
2025-04-21 01:43:49.881 37473 DEBUG heat.engine.service [-] Attempting to stop engine service... _stop_rpc_server /usr/lib/python3/dist-packages/heat/engine/service.py:437
2025-04-21 01:43:49.881 37475 DEBUG heat.engine.service [-] Attempting to stop engine service... _stop_rpc_server /usr/lib/python3/dist-packages/heat/engine/service.py:437
2025-04-21 01:43:49.882 37472 DEBUG heat.engine.service [-] Attempting to stop engine service... _stop_rpc_server /usr/lib/python3/dist-packages/heat/engine/service.py:437
2025-04-21 01:43:49.889 37249 INFO oslo_service.service [-] Caught SIGTERM, stopping children
2025-04-21 01:43:49.890 37249 DEBUG oslo_concurrency.lockutils [-] Acquired lock "singleton_lock" lock /usr/lib/python3/dist-packages/oslo_concurrency/lockutils.py:294
2025-04-21 01:43:49.890 37249 DEBUG oslo_concurrency.lockutils [-] Releasing lock "singleton_lock" lock /usr/lib/python3/dist-packages/oslo_concurrency/lockutils.py:312
2025-04-21 01:43:49.890 37249 DEBUG oslo_service.service [-] Stop services. stop /usr/lib/python3/dist-packages/oslo_service/service.py:695
2025-04-21 01:43:49.890 37249 INFO heat.engine.service [-] All threads were gone, terminating engine
2025-04-21 01:43:49.890 37249 DEBUG oslo_service.service [-] Killing children. stop /usr/lib/python3/dist-packages/oslo_service/service.py:700
2025-04-21 01:43:49.902 37249 INFO oslo_service.service [-] Waiting on 4 children to exit
2025-04-21 01:43:49.903 37249 INFO oslo_service.service [-] Child 37472 killed by signal 15
2025-04-21 01:43:49.904 37249 INFO oslo_service.service [-] Child 37473 killed by signal 15
2025-04-21 01:43:49.912 37249 INFO oslo_service.service [-] Child 37475 killed by signal 15
2025-04-21 01:43:49.913 37249 INFO oslo_service.service [-] Child 37474 killed by signal 15
2025-04-21 01:43:52.300 62378 DEBUG oslo_concurrency.lockutils [-] Lock "context-manager" acquired by "neutron_lib.db.api._create_context_manager" :: waited 0.000s inner /usr/lib/python3/dist-packages/oslo_concurrency/lockutils.py:386
2025-04-21 01:43:52.300 62378 DEBUG oslo_concurrency.lockutils [-] Lock "context-manager" "released" by "neutron_lib.db.api._create_context_manager" :: held 0.000s inner /usr/lib/python3/dist-packages/oslo_concurrency/lockutils.py:400
2025-04-21 01:43:52.523 62378 WARNING heat.engine.environment [-] OS::Aodh::Alarm is DEPRECATED. Theshold alarm relies on ceilometer-api and has been deprecated in aodh since Ocata. Use OS::Aodh::GnocchiAggregationByResourcesAlarm instead.
2025-04-21 01:43:52.524 62378 WARNING heat.engine.environment [-] OS::Aodh::CombinationAlarm is HIDDEN. OS::Aodh::CombinationAlarm is deprecated and has been removed from Aodh, use OS::Aodh::CompositeAlarm instead.
2025-04-21 01:43:52.524 62378 WARNING heat.engine.environment [-] OS::Designate::Domain is HIDDEN. This resource has been removed, use OS::Designate::Zone instead.
2025-04-21 01:43:52.524 62378 WARNING heat.engine.environment [-] OS::Designate::Record is HIDDEN. This resource has been removed, use OS::Designate::RecordSet instead.
2025-04-21 01:43:52.524 62378 WARNING heat.engine.environment [-] OS::Glance::Image is DEPRECATED. Creating a Glance Image based on an existing URL location requires the Glance v1 API, which is deprecated.
2025-04-21 01:43:52.524 62378 WARNING heat.engine.environment [-] OS::Heat::HARestarter is HIDDEN. The HARestarter resource type has been removed. Existing stacks containing HARestarter resources can still be used, but the HARestarter resource will be a placeholder that does nothing.
2025-04-21 01:43:52.524 62378 WARNING heat.engine.environment [-] OS::Heat::SoftwareDeployments is HIDDEN. Please use OS::Heat::SoftwareDeploymentGroup instead.
2025-04-21 01:43:52.525 62378 WARNING heat.engine.environment [-] OS::Heat::StructuredDeployments is HIDDEN. Please use OS::Heat::StructuredDeploymentGroup instead.
2025-04-21 01:43:52.525 62378 WARNING heat.engine.environment [-] OS::Magnum::Bay is HIDDEN. Please use OS::Magnum::Cluster instead.
2025-04-21 01:43:52.525 62378 WARNING heat.engine.environment [-] OS::Magnum::BayModel is HIDDEN. Please use OS::Magnum::ClusterTemplate instead.
2025-04-21 01:43:52.525 62378 WARNING heat.engine.environment [-] OS::Neutron::ExtraRoute is UNSUPPORTED. Use this resource at your own risk.
2025-04-21 01:43:52.525 62378 WARNING heat.engine.environment [-] OS::Neutron::HealthMonitor is HIDDEN. Use LBaaS V2 instead.
2025-04-21 01:43:52.526 62378 WARNING heat.engine.environment [-] OS::Neutron::Pool is HIDDEN. Use LBaaS V2 instead.
2025-04-21 01:43:52.526 62378 WARNING heat.engine.environment [-] OS::Neutron::PoolMember is HIDDEN. Use LBaaS V2 instead.
2025-04-21 01:43:52.526 62378 WARNING heat.engine.environment [-] OS::Neutron::LoadBalancer is HIDDEN. Use LBaaS V2 instead.
2025-04-21 01:43:52.526 62378 WARNING heat.engine.environment [-] OS::Neutron::RouterGateway is HIDDEN. Use the `external_gateway_info` property in the router resource to set up the gateway.
2025-04-21 01:43:52.526 62378 WARNING heat.engine.environment [-] OS::Nova::FloatingIP is HIDDEN. Please use OS::Neutron::FloatingIP instead.
2025-04-21 01:43:52.526 62378 WARNING heat.engine.environment [-] OS::Nova::FloatingIPAssociation is HIDDEN. Please use OS::Neutron::FloatingIPAssociation instead.
2025-04-21 01:43:52.527 62378 INFO heat.engine.environment [-] Loading /etc/heat/environment.d/default.yaml
2025-04-21 01:43:52.529 62378 INFO heat.engine.environment [-] Registered: [Plugin](User:False) AWS::AutoScaling::AutoScalingGroup ->
2025-04-21 01:43:52.529 62378 INFO heat.engine.environment [-] Registered: [Plugin](User:False) AWS::AutoScaling::LaunchConfiguration ->
2025-04-21 01:43:52.529 62378 INFO heat.engine.environment [-] Registered: [Plugin](User:False) AWS::AutoScaling::ScalingPolicy ->
2025-04-21 01:43:52.529 62378 INFO heat.engine.environment [-] Registered: [Plugin](User:False) AWS::CloudFormation::Stack ->
2025-04-21 01:43:52.530 62378 INFO heat.engine.environment [-] Registered: [Plugin](User:False) AWS::CloudFormation::WaitCondition ->
2025-04-21 01:43:52.530 62378 INFO heat.engine.environment [-] Registered: [Plugin](User:False) AWS::CloudFormation::WaitConditionHandle ->
2025-04-21 01:43:52.530 62378 INFO heat.engine.environment [-] Registered: [Plugin](User:False) AWS::EC2::EIP ->
2025-04-21 01:43:52.530 62378 INFO heat.engine.environment [-] Registered: [Plugin](User:False) AWS::EC2::EIPAssociation ->
2025-04-21 01:43:52.530 62378 INFO heat.engine.environment [-] Registered: [Plugin](User:False) AWS::EC2::Instance ->
2025-04-21 01:43:52.530 62378 INFO heat.engine.environment [-] Registered: [Plugin](User:False) AWS::EC2::InternetGateway ->
2025-04-21 01:43:52.530 62378 INFO heat.engine.environment [-] Registered: [Plugin](User:False) AWS::EC2::VPCGatewayAttachment ->
2025-04-21 01:43:52.530 62378 INFO heat.engine.environment [-] Registered: [Plugin](User:False) AWS::EC2::NetworkInterface ->
2025-04-21 01:43:52.530 62378 INFO heat.engine.environment [-] Registered: [Plugin](User:False) AWS::EC2::RouteTable ->
2025-04-21 01:43:52.530 62378 INFO heat.engine.environment [-] Registered: [Plugin](User:False) AWS::EC2::SubnetRouteTableAssociation ->
2025-04-21 01:43:52.531 62378 INFO heat.engine.environment [-] Registered: [Plugin](User:False) AWS::EC2::SecurityGroup ->
2025-04-21 01:43:52.531 62378 INFO heat.engine.environment [-] Registered: [Plugin](User:False) AWS::EC2::Subnet ->
2025-04-21 01:43:52.531 62378 INFO heat.engine.environment [-] Registered: [Plugin](User:False) AWS::EC2::Volume ->
2025-04-21 01:43:52.531 62378 INFO heat.engine.environment [-] Registered: [Plugin](User:False) AWS::EC2::VolumeAttachment ->
2025-04-21 01:43:52.531 62378 INFO heat.engine.environment [-] Registered: [Plugin](User:False) AWS::EC2::VPC ->
2025-04-21 01:43:52.531 62378 INFO heat.engine.environment [-] Registered: [Plugin](User:False) AWS::IAM::User ->
2025-04-21 01:43:52.531 62378 INFO heat.engine.environment [-] Registered: [Plugin](User:False) AWS::IAM::AccessKey ->
2025-04-21 01:43:52.531 62378 INFO heat.engine.environment [-] Registered: [Plugin](User:False) AWS::ElasticLoadBalancing::LoadBalancer ->
2025-04-21 01:43:52.531 62378 INFO heat.engine.environment [-] Registered: [Plugin](User:False) AWS::S3::Bucket ->
2025-04-21 01:43:52.531 62378 INFO heat.engine.environment [-] Registered: [Plugin](User:False) OS::Aodh::Alarm ->
2025-04-21 01:43:52.531 62378 INFO heat.engine.environment [-] Registered: [Plugin](User:False) OS::Aodh::CombinationAlarm ->
2025-04-21 01:43:52.531 62378 INFO heat.engine.environment [-] Registered: [Plugin](User:False) OS::Aodh::EventAlarm ->
2025-04-21 01:43:52.532 62378 INFO heat.engine.environment [-] Registered: [Plugin](User:False) OS::Aodh::LBMemberHealthAlarm ->
2025-04-21 01:43:52.532 62378 INFO heat.engine.environment [-] Registered: [Plugin](User:False) OS::Aodh::CompositeAlarm ->
2025-04-21 01:43:52.532 62378 INFO heat.engine.environment [-] Registered: [Plugin](User:False) OS::Aodh::GnocchiResourcesAlarm ->
2025-04-21 01:43:52.532 62378 INFO heat.engine.environment [-] Registered: [Plugin](User:False) OS::Aodh::GnocchiAggregationByMetricsAlarm ->
2025-04-21 01:43:52.532 62378 INFO heat.engine.environment [-] Registered: [Plugin](User:False) OS::Aodh::GnocchiAggregationByResourcesAlarm ->
2025-04-21 01:43:52.532 62378 INFO heat.engine.environment [-] Registered: [Plugin](User:False) OS::Barbican::GenericContainer ->
2025-04-21 01:43:52.532 62378 INFO heat.engine.environment [-] Registered: [Plugin](User:False) OS::Barbican::CertificateContainer ->
2025-04-21 01:43:52.532 62378 INFO heat.engine.environment [-] Registered: [Plugin](User:False) OS::Barbican::RSAContainer ->
2025-04-21 01:43:52.532 62378 INFO heat.engine.environment [-] Registered: [Plugin](User:False) OS::Barbican::Order ->
2025-04-21 01:43:52.532 62378 INFO heat.engine.environment [-] Registered: [Plugin](User:False) OS::Barbican::Secret ->
2025-04-21 01:43:52.533 62378 INFO heat.engine.environment [-] Registered: [Plugin](User:False) OS::Blazar::Host ->
2025-04-21 01:43:52.533 62378 INFO heat.engine.environment [-] Registered: [Plugin](User:False) OS::Blazar::Lease ->
2025-04-21 01:43:52.533 62378 INFO heat.engine.environment [-] Registered: [Plugin](User:False) OS::Cinder::EncryptedVolumeType ->
2025-04-21 01:43:52.533 62378 INFO heat.engine.environment [-] Registered: [Plugin](User:False) OS::Cinder::QoSSpecs ->
2025-04-21 01:43:52.533 62378 INFO heat.engine.environment [-] Registered: [Plugin](User:False) OS::Cinder::QoSAssociation ->
2025-04-21 01:43:52.533 62378 INFO heat.engine.environment [-] Registered: [Plugin](User:False) OS::Cinder::Quota ->
2025-04-21 01:43:52.533 62378 INFO heat.engine.environment [-] Registered: [Plugin](User:False) OS::Cinder::Volume ->
2025-04-21 01:43:52.533 62378 INFO heat.engine.environment [-] Registered: [Plugin](User:False) OS::Cinder::VolumeAttachment ->
2025-04-21 01:43:52.534 62378 INFO heat.engine.environment [-] Registered: [Plugin](User:False) OS::Cinder::VolumeType ->
2025-04-21 01:43:52.534 62378 INFO heat.engine.environment [-] Registered: [Plugin](User:False) OS::Designate::Domain ->
2025-04-21 01:43:52.534 62378 INFO heat.engine.environment [-] Registered: [Plugin](User:False) OS::Designate::Record ->
2025-04-21 01:43:52.534 62378 INFO heat.engine.environment [-] Registered: [Plugin](User:False) OS::Designate::RecordSet ->
2025-04-21 01:43:52.534 62378 INFO heat.engine.environment [-] Registered: [Plugin](User:False) OS::Designate::Zone ->
2025-04-21 01:43:52.534 62378 INFO heat.engine.environment [-] Registered: [Plugin](User:False) OS::Glance::Image ->
2025-04-21 01:43:52.534 62378 INFO heat.engine.environment [-] Registered: [Plugin](User:False) OS::Glance::WebImage ->
2025-04-21 01:43:52.534 62378 INFO heat.engine.environment [-] Registered: [Plugin](User:False) OS::Heat::AccessPolicy ->
2025-04-21 01:43:52.535 62378 INFO heat.engine.environment [-] Registered: [Plugin](User:False) OS::Heat::AutoScalingGroup ->
2025-04-21 01:43:52.535 62378 INFO heat.engine.environment [-] Registered: [Plugin](User:False) OS::Heat::CloudConfig ->
2025-04-21 01:43:52.535 62378 INFO heat.engine.environment [-] Registered: [Plugin](User:False) OS::Heat::Delay ->
2025-04-21 01:43:52.535 62378 INFO heat.engine.environment [-] Registered: [Plugin](User:False) OS::Heat::DeployedServer ->
2025-04-21 01:43:52.535 62378 INFO heat.engine.environment [-] Registered: [Plugin](User:False) OS::Heat::HARestarter ->
2025-04-21 01:43:52.535 62378 INFO heat.engine.environment [-] Registered: [Plugin](User:False) OS::Heat::InstanceGroup ->
2025-04-21 01:43:52.535 62378 INFO heat.engine.environment [-] Registered: [Plugin](User:False) OS::Heat::MultipartMime ->
2025-04-21 01:43:52.535 62378 INFO heat.engine.environment [-] Registered: [Plugin](User:False) OS::Heat::None ->
2025-04-21 01:43:52.535 62378 INFO heat.engine.environment [-] Registered: [Plugin](User:False) OS::Heat::RandomString ->
2025-04-21 01:43:52.535 62378 INFO heat.engine.environment [-] Registered: [Plugin](User:False) OS::Heat::Stack ->
2025-04-21 01:43:52.536 62378 INFO heat.engine.environment [-] Registered: [Plugin](User:False) OS::Heat::ResourceChain ->
2025-04-21 01:43:52.536 62378 INFO heat.engine.environment [-] Registered: [Plugin](User:False) OS::Heat::ResourceGroup ->
2025-04-21 01:43:52.536 62378 INFO heat.engine.environment [-] Registered: [Plugin](User:False) OS::Heat::ScalingPolicy ->
2025-04-21 01:43:52.536 62378 INFO heat.engine.environment [-] Registered: [Plugin](User:False) OS::Heat::SoftwareComponent ->
2025-04-21 01:43:52.536 62378 INFO heat.engine.environment [-] Registered: [Plugin](User:False) OS::Heat::SoftwareConfig ->
2025-04-21 01:43:52.536 62378 INFO heat.engine.environment [-] Registered: [Plugin](User:False) OS::Heat::SoftwareDeployment ->
2025-04-21 01:43:52.536 62378 INFO heat.engine.environment [-] Registered: [Plugin](User:False) OS::Heat::SoftwareDeploymentGroup ->
2025-04-21 01:43:52.536 62378 INFO heat.engine.environment [-] Registered: [Plugin](User:False) OS::Heat::SoftwareDeployments ->
2025-04-21 01:43:52.537 62378 INFO heat.engine.environment [-] Registered: [Plugin](User:False) OS::Heat::StructuredConfig ->
2025-04-21 01:43:52.537 62378 INFO heat.engine.environment [-] Registered: [Plugin](User:False) OS::Heat::StructuredDeployment ->
2025-04-21 01:43:52.537 62378 INFO heat.engine.environment [-] Registered: [Plugin](User:False) OS::Heat::StructuredDeploymentGroup ->
2025-04-21 01:43:52.537 62378 INFO heat.engine.environment [-] Registered: [Plugin](User:False) OS::Heat::StructuredDeployments ->
2025-04-21 01:43:52.537 62378 INFO heat.engine.environment [-] Registered: [Plugin](User:False) OS::Heat::SwiftSignal ->
2025-04-21 01:43:52.537 62378 INFO heat.engine.environment [-] Registered: [Plugin](User:False) OS::Heat::SwiftSignalHandle ->
2025-04-21 01:43:52.537 62378 INFO heat.engine.environment [-] Registered: [Plugin](User:False) OS::Heat::TestResource ->
2025-04-21 01:43:52.538 62378 INFO heat.engine.environment [-] Registered: [Plugin](User:False) OS::Heat::Value ->
2025-04-21 01:43:52.538 62378 INFO heat.engine.environment [-] Registered: [Plugin](User:False) OS::Heat::WaitCondition ->
2025-04-21 01:43:52.538 62378 INFO heat.engine.environment [-] Registered: [Plugin](User:False) OS::Heat::WaitConditionHandle ->
2025-04-21 01:43:52.538 62378 INFO heat.engine.environment [-] Registered: [Plugin](User:False) OS::Heat::UpdateWaitConditionHandle ->
2025-04-21 01:43:52.538 62378 INFO heat.engine.environment [-] Registered: [Plugin](User:False) OS::Ironic::Port ->
2025-04-21 01:43:52.538 62378 INFO heat.engine.environment [-] Registered: [Plugin](User:False) OS::Keystone::Domain ->
2025-04-21 01:43:52.538 62378 INFO heat.engine.environment [-] Registered: [Plugin](User:False) OS::Keystone::Endpoint ->
2025-04-21 01:43:52.539 62378 INFO heat.engine.environment [-] Registered: [Plugin](User:False) OS::Keystone::Group ->
2025-04-21 01:43:52.539 62378 INFO heat.engine.environment [-] Registered: [Plugin](User:False) OS::Keystone::Project ->
2025-04-21 01:43:52.539 62378 INFO heat.engine.environment [-] Registered: [Plugin](User:False) OS::Keystone::Region ->
2025-04-21 01:43:52.539 62378 INFO heat.engine.environment [-] Registered: [Plugin](User:False) OS::Keystone::Role ->
2025-04-21 01:43:52.539 62378 INFO heat.engine.environment [-] Registered: [Plugin](User:False) OS::Keystone::UserRoleAssignment ->
2025-04-21 01:43:52.539 62378 INFO heat.engine.environment [-] Registered: [Plugin](User:False) OS::Keystone::GroupRoleAssignment ->
2025-04-21 01:43:52.539 62378 INFO heat.engine.environment [-] Registered: [Plugin](User:False) OS::Keystone::Service ->
2025-04-21 01:43:52.540 62378 INFO heat.engine.environment [-] Registered: [Plugin](User:False) OS::Keystone::User ->
2025-04-21 01:43:52.540 62378 INFO heat.engine.environment [-] Registered: [Plugin](User:False) OS::Magnum::Bay ->
2025-04-21 01:43:52.540 62378 INFO heat.engine.environment [-] Registered: [Plugin](User:False) OS::Magnum::BayModel ->
2025-04-21 01:43:52.540 62378 INFO heat.engine.environment [-] Registered: [Plugin](User:False) OS::Magnum::Cluster ->
2025-04-21 01:43:52.540 62378 INFO heat.engine.environment [-] Registered: [Plugin](User:False) OS::Magnum::ClusterTemplate ->
2025-04-21 01:43:52.540 62378 INFO heat.engine.environment [-] Registered: [Plugin](User:False) OS::Manila::SecurityService ->
2025-04-21 01:43:52.540 62378 INFO heat.engine.environment [-] Registered: [Plugin](User:False) OS::Manila::Share ->
2025-04-21 01:43:52.540 62378 INFO heat.engine.environment [-] Registered: [Plugin](User:False) OS::Manila::ShareNetwork ->
2025-04-21 01:43:52.540 62378 INFO heat.engine.environment [-] Registered: [Plugin](User:False) OS::Manila::ShareType ->
2025-04-21 01:43:52.540 62378 INFO heat.engine.environment [-] Registered: [Plugin](User:False) OS::Mistral::CronTrigger ->
2025-04-21 01:43:52.540 62378 INFO heat.engine.environment [-] Registered: [Plugin](User:False) OS::Mistral::ExternalResource ->
2025-04-21 01:43:52.541 62378 INFO heat.engine.environment [-] Registered: [Plugin](User:False) OS::Mistral::Workflow ->
2025-04-21 01:43:52.541 62378 INFO heat.engine.environment [-] Registered: [Plugin](User:False) OS::Monasca::AlarmDefinition ->
2025-04-21 01:43:52.541 62378 INFO heat.engine.environment [-] Registered: [Plugin](User:False) OS::Monasca::Notification ->
2025-04-21 01:43:52.541 62378 INFO heat.engine.environment [-] Registered: [Plugin](User:False) OS::Neutron::AddressScope ->
2025-04-21 01:43:52.541 62378 INFO heat.engine.environment [-] Registered: [Plugin](User:False) OS::Neutron::ExtraRoute ->
2025-04-21 01:43:52.541 62378 INFO heat.engine.environment [-] Registered: [Plugin](User:False) OS::Neutron::ExtraRouteSet ->
2025-04-21 01:43:52.541 62378 INFO heat.engine.environment [-] Registered: [Plugin](User:False) OS::Neutron::Firewall ->
2025-04-21 01:43:52.541 62378 INFO heat.engine.environment [-] Registered: [Plugin](User:False) OS::Neutron::FirewallPolicy ->
2025-04-21 01:43:52.541 62378 INFO heat.engine.environment [-] Registered: [Plugin](User:False) OS::Neutron::FirewallRule ->
2025-04-21 01:43:52.541 62378 INFO heat.engine.environment [-] Registered: [Plugin](User:False) OS::Neutron::FloatingIP ->
2025-04-21 01:43:52.542 62378 INFO heat.engine.environment [-] Registered: [Plugin](User:False) OS::Neutron::FloatingIPAssociation ->
2025-04-21 01:43:52.542 62378 INFO heat.engine.environment [-] Registered: [Plugin](User:False) OS::Neutron::L2Gateway ->
2025-04-21 01:43:52.542 62378 INFO heat.engine.environment [-] Registered: [Plugin](User:False) OS::Neutron::L2GatewayConnection ->
2025-04-21 01:43:52.542 62378 INFO heat.engine.environment [-] Registered: [Plugin](User:False) OS::Neutron::LBaaS::HealthMonitor ->
2025-04-21 01:43:52.542 62378 INFO heat.engine.environment [-] Registered: [Plugin](User:False) OS::Neutron::LBaaS::L7Policy ->
2025-04-21 01:43:52.542 62378 INFO heat.engine.environment [-] Registered: [Plugin](User:False) OS::Neutron::LBaaS::L7Rule ->
2025-04-21 01:43:52.542 62378 INFO heat.engine.environment [-] Registered: [Plugin](User:False) OS::Neutron::LBaaS::Listener ->
2025-04-21 01:43:52.542 62378 INFO heat.engine.environment [-] Registered: [Plugin](User:False) OS::Neutron::LBaaS::LoadBalancer ->
2025-04-21 01:43:52.542 62378 INFO heat.engine.environment [-] Registered: [Plugin](User:False) OS::Neutron::LBaaS::Pool ->
2025-04-21 01:43:52.542 62378 INFO heat.engine.environment [-] Registered: [Plugin](User:False) OS::Neutron::LBaaS::PoolMember ->
2025-04-21 01:43:52.542 62378 INFO heat.engine.environment [-] Registered: [Plugin](User:False) OS::Neutron::HealthMonitor ->
2025-04-21 01:43:52.543 62378 INFO heat.engine.environment [-] Registered: [Plugin](User:False) OS::Neutron::Pool ->
2025-04-21 01:43:52.543 62378 INFO heat.engine.environment [-] Registered: [Plugin](User:False) OS::Neutron::PoolMember ->
2025-04-21 01:43:52.543 62378 INFO heat.engine.environment [-] Registered: [Plugin](User:False) OS::Neutron::LoadBalancer ->
2025-04-21 01:43:52.543 62378 INFO heat.engine.environment [-] Registered: [Plugin](User:False) OS::Neutron::MeteringLabel ->
2025-04-21 01:43:52.543 62378 INFO heat.engine.environment [-] Registered: [Plugin](User:False) OS::Neutron::MeteringRule ->
2025-04-21 01:43:52.543 62378 INFO heat.engine.environment [-] Registered: [Plugin](User:False) OS::Neutron::Net ->
2025-04-21 01:43:52.543 62378 INFO heat.engine.environment [-] Registered: [Plugin](User:False) OS::Neutron::NetworkGateway ->
2025-04-21 01:43:52.543 62378 INFO heat.engine.environment [-] Registered: [Plugin](User:False) OS::Neutron::Port ->
2025-04-21 01:43:52.543 62378 INFO heat.engine.environment [-] Registered: [Plugin](User:False) OS::Neutron::ProviderNet ->
2025-04-21 01:43:52.544 62378 INFO heat.engine.environment [-] Registered: [Plugin](User:False) OS::Neutron::QoSPolicy ->
2025-04-21 01:43:52.544 62378 INFO heat.engine.environment [-] Registered: [Plugin](User:False) OS::Neutron::QoSBandwidthLimitRule ->
2025-04-21 01:43:52.604 62378 INFO heat.engine.environment [-] Registered: [Plugin](User:False) OS::Neutron::QoSDscpMarkingRule ->
2025-04-21 01:43:52.605 62378 INFO heat.engine.environment [-] Registered: [Plugin](User:False) OS::Neutron::QoSMinimumBandwidthRule ->
2025-04-21 01:43:52.605 62378 INFO heat.engine.environment [-] Registered: [Plugin](User:False) OS::Neutron::Quota ->
2025-04-21 01:43:52.605 62378 INFO heat.engine.environment [-] Registered: [Plugin](User:False) OS::Neutron::RBACPolicy ->
2025-04-21 01:43:52.605 62378 INFO heat.engine.environment [-] Registered: [Plugin](User:False) OS::Neutron::Router ->
2025-04-21 01:43:52.605 62378 INFO heat.engine.environment [-] Registered: [Plugin](User:False) OS::Neutron::RouterInterface ->
2025-04-21 01:43:52.605 62378 INFO heat.engine.environment [-] Registered: [Plugin](User:False) OS::Neutron::RouterGateway ->
2025-04-21 01:43:52.606 62378 INFO heat.engine.environment [-] Registered: [Plugin](User:False) OS::Neutron::SecurityGroup ->
2025-04-21 01:43:52.606 62378 INFO heat.engine.environment [-] Registered: [Plugin](User:False) OS::Neutron::SecurityGroupRule ->
2025-04-21 01:43:52.606 62378 INFO heat.engine.environment [-] Registered: [Plugin](User:False) OS::Neutron::Segment ->
2025-04-21 01:43:52.630 62378 INFO heat.engine.environment [-] Registered: [Plugin](User:False) OS::Neutron::FlowClassifier ->
2025-04-21 01:43:52.630 62378 INFO heat.engine.environment [-] Registered: [Plugin](User:False) OS::Neutron::PortChain ->
2025-04-21 01:43:52.630 62378 INFO heat.engine.environment [-] Registered: [Plugin](User:False) OS::Neutron::PortPair ->
2025-04-21 01:43:52.631 62378 INFO heat.engine.environment [-] Registered: [Plugin](User:False) OS::Neutron::PortPairGroup ->
2025-04-21 01:43:52.631 62378 INFO heat.engine.environment [-] Registered: [Plugin](User:False) OS::Neutron::Subnet ->
2025-04-21 01:43:52.631 62378 INFO heat.engine.environment [-] Registered: [Plugin](User:False) OS::Neutron::SubnetPool ->
2025-04-21 01:43:52.631 62378 INFO heat.engine.environment [-] Registered: [Plugin](User:False) OS::Neutron::TaaS::TapFlow ->
2025-04-21 01:43:52.631 62378 INFO heat.engine.environment [-] Registered: [Plugin](User:False) OS::Neutron::TaaS::TapService ->
2025-04-21 01:43:52.631 62378 INFO heat.engine.environment [-] Registered: [Plugin](User:False) OS::Neutron::Trunk ->
2025-04-21 01:43:52.632 62378 INFO heat.engine.environment [-] Registered: [Plugin](User:False) OS::Neutron::VPNService ->
2025-04-21 01:43:52.632 62378 INFO heat.engine.environment [-] Registered: [Plugin](User:False) OS::Neutron::IPsecSiteConnection ->
2025-04-21 01:43:52.632 62378 INFO heat.engine.environment [-] Registered: [Plugin](User:False) OS::Neutron::IKEPolicy ->
2025-04-21 01:43:52.632 62378 INFO heat.engine.environment [-] Registered: [Plugin](User:False) OS::Neutron::IPsecPolicy ->
2025-04-21 01:43:52.632 62378 INFO heat.engine.environment [-] Registered: [Plugin](User:False) OS::Nova::Flavor ->
2025-04-21 01:43:52.632 62378 INFO heat.engine.environment [-] Registered: [Plugin](User:False) OS::Nova::FloatingIP ->
2025-04-21 01:43:52.632 62378 INFO heat.engine.environment [-] Registered: [Plugin](User:False) OS::Nova::FloatingIPAssociation ->
2025-04-21 01:43:52.632 62378 INFO heat.engine.environment [-] Registered: [Plugin](User:False) OS::Nova::HostAggregate ->
2025-04-21 01:43:52.632 62378 INFO heat.engine.environment [-] Registered: [Plugin](User:False) OS::Nova::KeyPair ->
2025-04-21 01:43:52.632 62378 INFO heat.engine.environment [-] Registered: [Plugin](User:False) OS::Nova::Quota ->
2025-04-21 01:43:52.632 62378 INFO heat.engine.environment [-] Registered: [Plugin](User:False) OS::Nova::Server ->
2025-04-21 01:43:52.633 62378 INFO heat.engine.environment [-] Registered: [Plugin](User:False) OS::Nova::ServerGroup ->
2025-04-21 01:43:52.633 62378 INFO heat.engine.environment [-] Registered: [Plugin](User:False) OS::Octavia::Flavor ->
2025-04-21 01:43:52.633 62378 INFO heat.engine.environment [-] Registered: [Plugin](User:False) OS::Octavia::FlavorProfile ->
2025-04-21 01:43:52.633 62378 INFO heat.engine.environment [-] Registered: [Plugin](User:False) OS::Octavia::HealthMonitor ->
2025-04-21 01:43:52.633 62378 INFO heat.engine.environment [-] Registered: [Plugin](User:False) OS::Octavia::L7Policy ->
2025-04-21 01:43:52.633 62378 INFO heat.engine.environment [-] Registered: [Plugin](User:False) OS::Octavia::L7Rule ->
2025-04-21 01:43:52.633 62378 INFO heat.engine.environment [-] Registered: [Plugin](User:False) OS::Octavia::Listener ->
2025-04-21 01:43:52.633 62378 INFO heat.engine.environment [-] Registered: [Plugin](User:False) OS::Octavia::LoadBalancer ->
2025-04-21 01:43:52.633 62378 INFO heat.engine.environment [-] Registered: [Plugin](User:False) OS::Octavia::Pool ->
2025-04-21 01:43:52.633 62378 INFO heat.engine.environment [-] Registered: [Plugin](User:False) OS::Octavia::PoolMember ->
2025-04-21 01:43:52.633 62378 INFO heat.engine.environment [-] Registered: [Plugin](User:False) OS::Octavia::Quota ->
2025-04-21 01:43:52.634 62378 INFO heat.engine.environment [-] Registered: [Plugin](User:False) OS::Sahara::Cluster ->
2025-04-21 01:43:52.634 62378 INFO heat.engine.environment [-] Registered: [Plugin](User:False) OS::Sahara::DataSource ->
2025-04-21 01:43:52.634 62378 INFO heat.engine.environment [-] Registered: [Plugin](User:False) OS::Sahara::ImageRegistry ->
2025-04-21 01:43:52.634 62378 INFO heat.engine.environment [-] Registered: [Plugin](User:False) OS::Sahara::Job ->
2025-04-21 01:43:52.634 62378 INFO heat.engine.environment [-] Registered: [Plugin](User:False) OS::Sahara::JobBinary ->
2025-04-21 01:43:52.634 62378 INFO heat.engine.environment [-] Registered: [Plugin](User:False) OS::Sahara::NodeGroupTemplate ->
2025-04-21 01:43:52.634 62378 INFO heat.engine.environment [-] Registered: [Plugin](User:False) OS::Sahara::ClusterTemplate ->
2025-04-21 01:43:52.634 62378 INFO heat.engine.environment [-] Registered: [Plugin](User:False) OS::Senlin::Cluster ->
2025-04-21 01:43:52.634 62378 INFO heat.engine.environment [-] Registered: [Plugin](User:False) OS::Senlin::Node ->
2025-04-21 01:43:52.634 62378 INFO heat.engine.environment [-] Registered: [Plugin](User:False) OS::Senlin::Policy ->
2025-04-21 01:43:52.634 62378 INFO heat.engine.environment [-] Registered: [Plugin](User:False) OS::Senlin::Profile ->
