2025-04-17 00:41:41.692 119367 DEBUG oslo_service.service [req-6e94ff4b-eda2-47e9-8192-ee045d916122 - - - - -] oslo_messaging_rabbit.conn_pool_min_size = 2 log_opt_values /usr/lib/python3/dist-packages/oslo_config/cfg.py:2609
2025-04-17 00:41:41.692 119367 DEBUG oslo_service.service [req-6e94ff4b-eda2-47e9-8192-ee045d916122 - - - - -] oslo_messaging_rabbit.conn_pool_ttl = 1200 log_opt_values /usr/lib/python3/dist-packages/oslo_config/cfg.py:2609
2025-04-17 00:41:41.692 119367 DEBUG oslo_service.service [req-6e94ff4b-eda2-47e9-8192-ee045d916122 - - - - -] oslo_messaging_rabbit.direct_mandatory_flag = True log_opt_values /usr/lib/python3/dist-packages/oslo_config/cfg.py:2609
2025-04-17 00:41:41.692 119367 DEBUG oslo_service.service [req-6e94ff4b-eda2-47e9-8192-ee045d916122 - - - - -] oslo_messaging_rabbit.enable_cancel_on_failover = False log_opt_values /usr/lib/python3/dist-packages/oslo_config/cfg.py:2609
2025-04-17 00:41:41.692 119367 DEBUG oslo_service.service [req-6e94ff4b-eda2-47e9-8192-ee045d916122 - - - - -] oslo_messaging_rabbit.heartbeat_in_pthread = False log_opt_values /usr/lib/python3/dist-packages/oslo_config/cfg.py:2609
2025-04-17 00:41:41.693 119367 DEBUG oslo_service.service [req-6e94ff4b-eda2-47e9-8192-ee045d916122 - - - - -] oslo_messaging_rabbit.heartbeat_rate = 2 log_opt_values /usr/lib/python3/dist-packages/oslo_config/cfg.py:2609
2025-04-17 00:41:41.693 119367 DEBUG oslo_service.service [req-6e94ff4b-eda2-47e9-8192-ee045d916122 - - - - -] oslo_messaging_rabbit.heartbeat_timeout_threshold = 60 log_opt_values /usr/lib/python3/dist-packages/oslo_config/cfg.py:2609
2025-04-17 00:41:41.693 119367 DEBUG oslo_service.service [req-6e94ff4b-eda2-47e9-8192-ee045d916122 - - - - -] oslo_messaging_rabbit.kombu_compression = None log_opt_values /usr/lib/python3/dist-packages/oslo_config/cfg.py:2609
2025-04-17 00:41:41.693 119367 DEBUG oslo_service.service [req-6e94ff4b-eda2-47e9-8192-ee045d916122 - - - - -] oslo_messaging_rabbit.kombu_failover_strategy = round-robin log_opt_values /usr/lib/python3/dist-packages/oslo_config/cfg.py:2609
2025-04-17 00:41:41.694 119367 DEBUG oslo_service.service [req-6e94ff4b-eda2-47e9-8192-ee045d916122 - - - - -] oslo_messaging_rabbit.kombu_missing_consumer_retry_timeout = 60 log_opt_values /usr/lib/python3/dist-packages/oslo_config/cfg.py:2609
2025-04-17 00:41:41.694 119367 DEBUG oslo_service.service [req-6e94ff4b-eda2-47e9-8192-ee045d916122 - - - - -] oslo_messaging_rabbit.kombu_reconnect_delay = 1.0 log_opt_values /usr/lib/python3/dist-packages/oslo_config/cfg.py:2609
2025-04-17 00:41:41.694 119367 DEBUG oslo_service.service [req-6e94ff4b-eda2-47e9-8192-ee045d916122 - - - - -] oslo_messaging_rabbit.rabbit_ha_queues = False log_opt_values /usr/lib/python3/dist-packages/oslo_config/cfg.py:2609
2025-04-17 00:41:41.694 119367 DEBUG oslo_service.service [req-6e94ff4b-eda2-47e9-8192-ee045d916122 - - - - -] oslo_messaging_rabbit.rabbit_interval_max = 30 log_opt_values /usr/lib/python3/dist-packages/oslo_config/cfg.py:2609
2025-04-17 00:41:41.694 119367 DEBUG oslo_service.service [req-6e94ff4b-eda2-47e9-8192-ee045d916122 - - - - -] oslo_messaging_rabbit.rabbit_login_method = AMQPLAIN log_opt_values /usr/lib/python3/dist-packages/oslo_config/cfg.py:2609
2025-04-17 00:41:41.695 119367 DEBUG oslo_service.service [req-6e94ff4b-eda2-47e9-8192-ee045d916122 - - - - -] oslo_messaging_rabbit.rabbit_qos_prefetch_count = 0 log_opt_values /usr/lib/python3/dist-packages/oslo_config/cfg.py:2609
2025-04-17 00:41:41.695 119367 DEBUG oslo_service.service [req-6e94ff4b-eda2-47e9-8192-ee045d916122 - - - - -] oslo_messaging_rabbit.rabbit_quorum_queue = False log_opt_values /usr/lib/python3/dist-packages/oslo_config/cfg.py:2609
2025-04-17 00:41:41.695 119367 DEBUG oslo_service.service [req-6e94ff4b-eda2-47e9-8192-ee045d916122 - - - - -] oslo_messaging_rabbit.rabbit_retry_backoff = 2 log_opt_values /usr/lib/python3/dist-packages/oslo_config/cfg.py:2609
2025-04-17 00:41:41.695 119367 DEBUG oslo_service.service [req-6e94ff4b-eda2-47e9-8192-ee045d916122 - - - - -] oslo_messaging_rabbit.rabbit_retry_interval = 1 log_opt_values /usr/lib/python3/dist-packages/oslo_config/cfg.py:2609
2025-04-17 00:41:41.695 119367 DEBUG oslo_service.service [req-6e94ff4b-eda2-47e9-8192-ee045d916122 - - - - -] oslo_messaging_rabbit.rabbit_transient_queues_ttl = 1800 log_opt_values /usr/lib/python3/dist-packages/oslo_config/cfg.py:2609
2025-04-17 00:41:41.696 119367 DEBUG oslo_service.service [req-6e94ff4b-eda2-47e9-8192-ee045d916122 - - - - -] oslo_messaging_rabbit.rpc_conn_pool_size = 30 log_opt_values /usr/lib/python3/dist-packages/oslo_config/cfg.py:2609
2025-04-17 00:41:41.696 119367 DEBUG oslo_service.service [req-6e94ff4b-eda2-47e9-8192-ee045d916122 - - - - -] oslo_messaging_rabbit.ssl = False log_opt_values /usr/lib/python3/dist-packages/oslo_config/cfg.py:2609
2025-04-17 00:41:41.696 119367 DEBUG oslo_service.service [req-6e94ff4b-eda2-47e9-8192-ee045d916122 - - - - -] oslo_messaging_rabbit.ssl_ca_file = log_opt_values /usr/lib/python3/dist-packages/oslo_config/cfg.py:2609
2025-04-17 00:41:41.696 119367 DEBUG oslo_service.service [req-6e94ff4b-eda2-47e9-8192-ee045d916122 - - - - -] oslo_messaging_rabbit.ssl_cert_file = log_opt_values /usr/lib/python3/dist-packages/oslo_config/cfg.py:2609
2025-04-17 00:41:41.697 119367 DEBUG oslo_service.service [req-6e94ff4b-eda2-47e9-8192-ee045d916122 - - - - -] oslo_messaging_rabbit.ssl_key_file = log_opt_values /usr/lib/python3/dist-packages/oslo_config/cfg.py:2609
2025-04-17 00:41:41.697 119367 DEBUG oslo_service.service [req-6e94ff4b-eda2-47e9-8192-ee045d916122 - - - - -] oslo_messaging_rabbit.ssl_version = log_opt_values /usr/lib/python3/dist-packages/oslo_config/cfg.py:2609
2025-04-17 00:41:41.697 119367 DEBUG oslo_service.service [req-6e94ff4b-eda2-47e9-8192-ee045d916122 - - - - -] oslo_messaging_notifications.driver = ['messagingv2'] log_opt_values /usr/lib/python3/dist-packages/oslo_config/cfg.py:2609
2025-04-17 00:41:41.697 119367 DEBUG oslo_service.service [req-6e94ff4b-eda2-47e9-8192-ee045d916122 - - - - -] oslo_messaging_notifications.retry = -1 log_opt_values /usr/lib/python3/dist-packages/oslo_config/cfg.py:2609
2025-04-17 00:41:41.697 119367 DEBUG oslo_service.service [req-6e94ff4b-eda2-47e9-8192-ee045d916122 - - - - -] oslo_messaging_notifications.topics = ['notifications'] log_opt_values /usr/lib/python3/dist-packages/oslo_config/cfg.py:2609
2025-04-17 00:41:41.698 119367 DEBUG oslo_service.service [req-6e94ff4b-eda2-47e9-8192-ee045d916122 - - - - -] oslo_messaging_notifications.transport_url = **** log_opt_values /usr/lib/python3/dist-packages/oslo_config/cfg.py:2609
2025-04-17 00:41:41.698 119367 DEBUG oslo_service.service [req-6e94ff4b-eda2-47e9-8192-ee045d916122 - - - - -] oslo_limit.auth_section = None log_opt_values /usr/lib/python3/dist-packages/oslo_config/cfg.py:2609
2025-04-17 00:41:41.698 119367 DEBUG oslo_service.service [req-6e94ff4b-eda2-47e9-8192-ee045d916122 - - - - -] oslo_limit.auth_type = None log_opt_values /usr/lib/python3/dist-packages/oslo_config/cfg.py:2609
2025-04-17 00:41:41.698 119367 DEBUG oslo_service.service [req-6e94ff4b-eda2-47e9-8192-ee045d916122 - - - - -] oslo_limit.cafile = None log_opt_values /usr/lib/python3/dist-packages/oslo_config/cfg.py:2609
2025-04-17 00:41:41.698 119367 DEBUG oslo_service.service [req-6e94ff4b-eda2-47e9-8192-ee045d916122 - - - - -] oslo_limit.certfile = None log_opt_values /usr/lib/python3/dist-packages/oslo_config/cfg.py:2609
2025-04-17 00:41:41.699 119367 DEBUG oslo_service.service [req-6e94ff4b-eda2-47e9-8192-ee045d916122 - - - - -] oslo_limit.collect_timing = False log_opt_values /usr/lib/python3/dist-packages/oslo_config/cfg.py:2609
2025-04-17 00:41:41.699 119367 DEBUG oslo_service.service [req-6e94ff4b-eda2-47e9-8192-ee045d916122 - - - - -] oslo_limit.connect_retries = None log_opt_values /usr/lib/python3/dist-packages/oslo_config/cfg.py:2609
2025-04-17 00:41:41.700 119367 DEBUG oslo_service.service [req-6e94ff4b-eda2-47e9-8192-ee045d916122 - - - - -] oslo_limit.connect_retry_delay = None log_opt_values /usr/lib/python3/dist-packages/oslo_config/cfg.py:2609
2025-04-17 00:41:41.700 119367 DEBUG oslo_service.service [req-6e94ff4b-eda2-47e9-8192-ee045d916122 - - - - -] oslo_limit.endpoint_id = None log_opt_values /usr/lib/python3/dist-packages/oslo_config/cfg.py:2609
2025-04-17 00:41:41.700 119367 DEBUG oslo_service.service [req-6e94ff4b-eda2-47e9-8192-ee045d916122 - - - - -] oslo_limit.endpoint_override = None log_opt_values /usr/lib/python3/dist-packages/oslo_config/cfg.py:2609
2025-04-17 00:41:41.700 119367 DEBUG oslo_service.service [req-6e94ff4b-eda2-47e9-8192-ee045d916122 - - - - -] oslo_limit.insecure = False log_opt_values /usr/lib/python3/dist-packages/oslo_config/cfg.py:2609
2025-04-17 00:41:41.701 119367 DEBUG oslo_service.service [req-6e94ff4b-eda2-47e9-8192-ee045d916122 - - - - -] oslo_limit.keyfile = None log_opt_values /usr/lib/python3/dist-packages/oslo_config/cfg.py:2609
2025-04-17 00:41:41.701 119367 DEBUG oslo_service.service [req-6e94ff4b-eda2-47e9-8192-ee045d916122 - - - - -] oslo_limit.max_version = None log_opt_values /usr/lib/python3/dist-packages/oslo_config/cfg.py:2609
2025-04-17 00:41:41.701 119367 DEBUG oslo_service.service [req-6e94ff4b-eda2-47e9-8192-ee045d916122 - - - - -] oslo_limit.min_version = None log_opt_values /usr/lib/python3/dist-packages/oslo_config/cfg.py:2609
2025-04-17 00:41:41.701 119367 DEBUG oslo_service.service [req-6e94ff4b-eda2-47e9-8192-ee045d916122 - - - - -] oslo_limit.region_name = None log_opt_values /usr/lib/python3/dist-packages/oslo_config/cfg.py:2609
2025-04-17 00:41:41.701 119367 DEBUG oslo_service.service [req-6e94ff4b-eda2-47e9-8192-ee045d916122 - - - - -] oslo_limit.service_name = None log_opt_values /usr/lib/python3/dist-packages/oslo_config/cfg.py:2609
2025-04-17 00:41:41.701 119367 DEBUG oslo_service.service [req-6e94ff4b-eda2-47e9-8192-ee045d916122 - - - - -] oslo_limit.service_type = None log_opt_values /usr/lib/python3/dist-packages/oslo_config/cfg.py:2609
2025-04-17 00:41:41.702 119367 DEBUG oslo_service.service [req-6e94ff4b-eda2-47e9-8192-ee045d916122 - - - - -] oslo_limit.split_loggers = False log_opt_values /usr/lib/python3/dist-packages/oslo_config/cfg.py:2609
2025-04-17 00:41:41.702 119367 DEBUG oslo_service.service [req-6e94ff4b-eda2-47e9-8192-ee045d916122 - - - - -] oslo_limit.status_code_retries = None log_opt_values /usr/lib/python3/dist-packages/oslo_config/cfg.py:2609
2025-04-17 00:41:41.702 119367 DEBUG oslo_service.service [req-6e94ff4b-eda2-47e9-8192-ee045d916122 - - - - -] oslo_limit.status_code_retry_delay = None log_opt_values /usr/lib/python3/dist-packages/oslo_config/cfg.py:2609
2025-04-17 00:41:41.702 119367 DEBUG oslo_service.service [req-6e94ff4b-eda2-47e9-8192-ee045d916122 - - - - -] oslo_limit.timeout = None log_opt_values /usr/lib/python3/dist-packages/oslo_config/cfg.py:2609
2025-04-17 00:41:41.702 119367 DEBUG oslo_service.service [req-6e94ff4b-eda2-47e9-8192-ee045d916122 - - - - -] oslo_limit.valid_interfaces = None log_opt_values /usr/lib/python3/dist-packages/oslo_config/cfg.py:2609
2025-04-17 00:41:41.703 119367 DEBUG oslo_service.service [req-6e94ff4b-eda2-47e9-8192-ee045d916122 - - - - -] oslo_limit.version = None log_opt_values /usr/lib/python3/dist-packages/oslo_config/cfg.py:2609
2025-04-17 00:41:41.703 119367 DEBUG oslo_service.service [req-6e94ff4b-eda2-47e9-8192-ee045d916122 - - - - -] oslo_reports.file_event_handler = None log_opt_values /usr/lib/python3/dist-packages/oslo_config/cfg.py:2609
2025-04-17 00:41:41.703 119367 DEBUG oslo_service.service [req-6e94ff4b-eda2-47e9-8192-ee045d916122 - - - - -] oslo_reports.file_event_handler_interval = 1 log_opt_values /usr/lib/python3/dist-packages/oslo_config/cfg.py:2609
2025-04-17 00:41:41.703 119367 DEBUG oslo_service.service [req-6e94ff4b-eda2-47e9-8192-ee045d916122 - - - - -] oslo_reports.log_dir = None log_opt_values /usr/lib/python3/dist-packages/oslo_config/cfg.py:2609
2025-04-17 00:41:41.703 119367 DEBUG oslo_service.service [req-6e94ff4b-eda2-47e9-8192-ee045d916122 - - - - -] ******************************************************************************** log_opt_values /usr/lib/python3/dist-packages/oslo_config/cfg.py:2613
2025-04-17 00:41:42.647 120886 DEBUG oslo_messaging._drivers.amqpdriver [-] AMQPListener connection timeout poll /usr/lib/python3/dist-packages/oslo_messaging/_drivers/amqpdriver.py:360
2025-04-17 00:41:42.648 120886 DEBUG oslo_messaging._drivers.amqpdriver [-] Listener is running poll /usr/lib/python3/dist-packages/oslo_messaging/_drivers/amqpdriver.py:343
2025-04-17 00:41:42.648 120886 DEBUG oslo_messaging._drivers.amqpdriver [-] AMQPListener connection consume poll /usr/lib/python3/dist-packages/oslo_messaging/_drivers/amqpdriver.py:357
2025-04-17 00:41:42.649 120888 DEBUG oslo_messaging._drivers.amqpdriver [-] AMQPListener connection timeout poll /usr/lib/python3/dist-packages/oslo_messaging/_drivers/amqpdriver.py:360
2025-04-17 00:41:42.649 120888 DEBUG oslo_messaging._drivers.amqpdriver [-] Listener is running poll /usr/lib/python3/dist-packages/oslo_messaging/_drivers/amqpdriver.py:343
2025-04-17 00:41:42.650 120888 DEBUG oslo_messaging._drivers.amqpdriver [-] AMQPListener connection consume poll /usr/lib/python3/dist-packages/oslo_messaging/_drivers/amqpdriver.py:357
2025-04-17 00:41:42.650 120892 DEBUG oslo_messaging._drivers.amqpdriver [-] AMQPListener connection timeout poll /usr/lib/python3/dist-packages/oslo_messaging/_drivers/amqpdriver.py:360
2025-04-17 00:41:42.651 120892 DEBUG oslo_messaging._drivers.amqpdriver [-] Listener is running poll /usr/lib/python3/dist-packages/oslo_messaging/_drivers/amqpdriver.py:343
2025-04-17 00:41:42.651 120892 DEBUG oslo_messaging._drivers.amqpdriver [-] AMQPListener connection consume poll /usr/lib/python3/dist-packages/oslo_messaging/_drivers/amqpdriver.py:357
2025-04-17 00:41:42.675 120885 DEBUG oslo_messaging._drivers.amqpdriver [-] AMQPListener connection timeout poll /usr/lib/python3/dist-packages/oslo_messaging/_drivers/amqpdriver.py:360
2025-04-17 00:41:42.675 120885 DEBUG oslo_messaging._drivers.amqpdriver [-] Listener is running poll /usr/lib/python3/dist-packages/oslo_messaging/_drivers/amqpdriver.py:343
2025-04-17 00:41:42.675 120885 DEBUG oslo_messaging._drivers.amqpdriver [-] AMQPListener connection consume poll /usr/lib/python3/dist-packages/oslo_messaging/_drivers/amqpdriver.py:357
2025-04-17 00:41:44.649 120886 DEBUG oslo_messaging._drivers.amqpdriver [-] AMQPListener connection timeout poll /usr/lib/python3/dist-packages/oslo_messaging/_drivers/amqpdriver.py:360
2025-04-17 00:41:44.650 120886 DEBUG oslo_messaging._drivers.amqpdriver [-] Listener is running poll /usr/lib/python3/dist-packages/oslo_messaging/_drivers/amqpdriver.py:343
2025-04-17 00:41:44.650 120886 DEBUG oslo_messaging._drivers.amqpdriver [-] AMQPListener connection consume poll /usr/lib/python3/dist-packages/oslo_messaging/_drivers/amqpdriver.py:357
2025-04-17 00:41:44.652 120888 DEBUG oslo_messaging._drivers.amqpdriver [-] AMQPListener connection timeout poll /usr/lib/python3/dist-packages/oslo_messaging/_drivers/amqpdriver.py:360
2025-04-17 00:41:44.653 120888 DEBUG oslo_messaging._drivers.amqpdriver [-] Listener is running poll /usr/lib/python3/dist-packages/oslo_messaging/_drivers/amqpdriver.py:343
2025-04-17 00:41:44.653 120888 DEBUG oslo_messaging._drivers.amqpdriver [-] AMQPListener connection consume poll /usr/lib/python3/dist-packages/oslo_messaging/_drivers/amqpdriver.py:357
2025-04-17 00:41:44.653 120892 DEBUG oslo_messaging._drivers.amqpdriver [-] AMQPListener connection timeout poll /usr/lib/python3/dist-packages/oslo_messaging/_drivers/amqpdriver.py:360
2025-04-17 00:41:44.653 120892 DEBUG oslo_messaging._drivers.amqpdriver [-] Listener is running poll /usr/lib/python3/dist-packages/oslo_messaging/_drivers/amqpdriver.py:343
2025-04-17 00:41:44.653 120892 DEBUG oslo_messaging._drivers.amqpdriver [-] AMQPListener connection consume poll /usr/lib/python3/dist-packages/oslo_messaging/_drivers/amqpdriver.py:357
2025-04-17 00:41:44.678 120885 DEBUG oslo_messaging._drivers.amqpdriver [-] AMQPListener connection timeout poll /usr/lib/python3/dist-packages/oslo_messaging/_drivers/amqpdriver.py:360
2025-04-17 00:41:44.678 120885 DEBUG oslo_messaging._drivers.amqpdriver [-] Listener is running poll /usr/lib/python3/dist-packages/oslo_messaging/_drivers/amqpdriver.py:343
2025-04-17 00:41:44.678 120885 DEBUG oslo_messaging._drivers.amqpdriver [-] AMQPListener connection consume poll /usr/lib/python3/dist-packages/oslo_messaging/_drivers/amqpdriver.py:357
2025-04-17 00:41:48.652 120886 DEBUG oslo_messaging._drivers.amqpdriver [-] AMQPListener connection timeout poll /usr/lib/python3/dist-packages/oslo_messaging/_drivers/amqpdriver.py:360
2025-04-17 00:41:48.652 120886 DEBUG oslo_messaging._drivers.amqpdriver [-] Listener is running poll /usr/lib/python3/dist-packages/oslo_messaging/_drivers/amqpdriver.py:343
2025-04-17 00:41:48.652 120886 DEBUG oslo_messaging._drivers.amqpdriver [-] AMQPListener connection consume poll /usr/lib/python3/dist-packages/oslo_messaging/_drivers/amqpdriver.py:357
2025-04-17 00:41:48.655 120888 DEBUG oslo_messaging._drivers.amqpdriver [-] AMQPListener connection timeout poll /usr/lib/python3/dist-packages/oslo_messaging/_drivers/amqpdriver.py:360
2025-04-17 00:41:48.656 120888 DEBUG oslo_messaging._drivers.amqpdriver [-] Listener is running poll /usr/lib/python3/dist-packages/oslo_messaging/_drivers/amqpdriver.py:343
2025-04-17 00:41:48.656 120888 DEBUG oslo_messaging._drivers.amqpdriver [-] AMQPListener connection consume poll /usr/lib/python3/dist-packages/oslo_messaging/_drivers/amqpdriver.py:357
2025-04-17 00:41:48.656 120892 DEBUG oslo_messaging._drivers.amqpdriver [-] AMQPListener connection timeout poll /usr/lib/python3/dist-packages/oslo_messaging/_drivers/amqpdriver.py:360
2025-04-17 00:41:48.656 120892 DEBUG oslo_messaging._drivers.amqpdriver [-] Listener is running poll /usr/lib/python3/dist-packages/oslo_messaging/_drivers/amqpdriver.py:343
2025-04-17 00:41:48.656 120892 DEBUG oslo_messaging._drivers.amqpdriver [-] AMQPListener connection consume poll /usr/lib/python3/dist-packages/oslo_messaging/_drivers/amqpdriver.py:357
2025-04-17 00:41:48.681 120885 DEBUG oslo_messaging._drivers.amqpdriver [-] AMQPListener connection timeout poll /usr/lib/python3/dist-packages/oslo_messaging/_drivers/amqpdriver.py:360
2025-04-17 00:41:48.681 120885 DEBUG oslo_messaging._drivers.amqpdriver [-] Listener is running poll /usr/lib/python3/dist-packages/oslo_messaging/_drivers/amqpdriver.py:343
2025-04-17 00:41:48.682 120885 DEBUG oslo_messaging._drivers.amqpdriver [-] AMQPListener connection consume poll /usr/lib/python3/dist-packages/oslo_messaging/_drivers/amqpdriver.py:357
2025-04-17 00:41:56.653 120886 DEBUG oslo_messaging._drivers.amqpdriver [-] AMQPListener connection timeout poll /usr/lib/python3/dist-packages/oslo_messaging/_drivers/amqpdriver.py:360
2025-04-17 00:41:56.654 120886 DEBUG oslo_messaging._drivers.amqpdriver [-] Listener is running poll /usr/lib/python3/dist-packages/oslo_messaging/_drivers/amqpdriver.py:343
2025-04-17 00:41:56.654 120886 DEBUG oslo_messaging._drivers.amqpdriver [-] AMQPListener connection consume poll /usr/lib/python3/dist-packages/oslo_messaging/_drivers/amqpdriver.py:357
2025-04-17 00:41:56.657 120888 DEBUG oslo_messaging._drivers.amqpdriver [-] AMQPListener connection timeout poll /usr/lib/python3/dist-packages/oslo_messaging/_drivers/amqpdriver.py:360
2025-04-17 00:41:56.657 120888 DEBUG oslo_messaging._drivers.amqpdriver [-] Listener is running poll /usr/lib/python3/dist-packages/oslo_messaging/_drivers/amqpdriver.py:343
2025-04-17 00:41:56.657 120888 DEBUG oslo_messaging._drivers.amqpdriver [-] AMQPListener connection consume poll /usr/lib/python3/dist-packages/oslo_messaging/_drivers/amqpdriver.py:357
2025-04-17 00:41:56.658 120892 DEBUG oslo_messaging._drivers.amqpdriver [-] AMQPListener connection timeout poll /usr/lib/python3/dist-packages/oslo_messaging/_drivers/amqpdriver.py:360
2025-04-17 00:41:56.658 120892 DEBUG oslo_messaging._drivers.amqpdriver [-] Listener is running poll /usr/lib/python3/dist-packages/oslo_messaging/_drivers/amqpdriver.py:343
2025-04-17 00:41:56.658 120892 DEBUG oslo_messaging._drivers.amqpdriver [-] AMQPListener connection consume poll /usr/lib/python3/dist-packages/oslo_messaging/_drivers/amqpdriver.py:357
2025-04-17 00:41:56.683 120885 DEBUG oslo_messaging._drivers.amqpdriver [-] AMQPListener connection timeout poll /usr/lib/python3/dist-packages/oslo_messaging/_drivers/amqpdriver.py:360
2025-04-17 00:41:56.684 120885 DEBUG oslo_messaging._drivers.amqpdriver [-] Listener is running poll /usr/lib/python3/dist-packages/oslo_messaging/_drivers/amqpdriver.py:343
2025-04-17 00:41:56.684 120885 DEBUG oslo_messaging._drivers.amqpdriver [-] AMQPListener connection consume poll /usr/lib/python3/dist-packages/oslo_messaging/_drivers/amqpdriver.py:357
2025-04-17 00:42:10.645 120888 DEBUG oslo_service.periodic_task [req-5c6b5d64-08fd-4644-a14b-7b19940d449a - - - - -] Running periodic task SchedulerManager._discover_hosts_in_cells run_periodic_tasks /usr/lib/python3/dist-packages/oslo_service/periodic_task.py:210
2025-04-17 00:42:10.646 120888 DEBUG oslo_db.sqlalchemy.engines [req-5c6b5d64-08fd-4644-a14b-7b19940d449a - - - - -] Parent process 119367 forked (120888) with an open database connection, which is being discarded and recreated. checkout /usr/lib/python3/dist-packages/oslo_db/sqlalchemy/engines.py:413
2025-04-17 00:42:10.647 120886 DEBUG oslo_service.periodic_task [req-53672eb2-cc0d-4002-aaec-6253a9b5081c - - - - -] Running periodic task SchedulerManager._discover_hosts_in_cells run_periodic_tasks /usr/lib/python3/dist-packages/oslo_service/periodic_task.py:210
2025-04-17 00:42:10.649 120886 DEBUG oslo_db.sqlalchemy.engines [req-53672eb2-cc0d-4002-aaec-6253a9b5081c - - - - -] Parent process 119367 forked (120886) with an open database connection, which is being discarded and recreated. checkout /usr/lib/python3/dist-packages/oslo_db/sqlalchemy/engines.py:413
2025-04-17 00:42:10.657 120886 DEBUG oslo_concurrency.lockutils [req-53672eb2-cc0d-4002-aaec-6253a9b5081c - - - - -] Lock "eb1b2042-8c3f-4444-ab55-0efe6f46d99f" acquired by "nova.context.set_target_cell..get_or_set_cached_cell_and_set_connections" :: waited 0.000s inner /usr/lib/python3/dist-packages/oslo_concurrency/lockutils.py:386
2025-04-17 00:42:10.657 120888 DEBUG oslo_concurrency.lockutils [req-5c6b5d64-08fd-4644-a14b-7b19940d449a - - - - -] Lock "eb1b2042-8c3f-4444-ab55-0efe6f46d99f" acquired by "nova.context.set_target_cell..get_or_set_cached_cell_and_set_connections" :: waited 0.000s inner /usr/lib/python3/dist-packages/oslo_concurrency/lockutils.py:386
2025-04-17 00:42:10.659 120886 DEBUG oslo_concurrency.lockutils [req-53672eb2-cc0d-4002-aaec-6253a9b5081c - - - - -] Lock "eb1b2042-8c3f-4444-ab55-0efe6f46d99f" "released" by "nova.context.set_target_cell..get_or_set_cached_cell_and_set_connections" :: held 0.002s inner /usr/lib/python3/dist-packages/oslo_concurrency/lockutils.py:400
2025-04-17 00:42:10.659 120888 DEBUG oslo_concurrency.lockutils [req-5c6b5d64-08fd-4644-a14b-7b19940d449a - - - - -] Lock "eb1b2042-8c3f-4444-ab55-0efe6f46d99f" "released" by "nova.context.set_target_cell..get_or_set_cached_cell_and_set_connections" :: held 0.002s inner /usr/lib/python3/dist-packages/oslo_concurrency/lockutils.py:400
2025-04-17 00:42:10.670 120888 DEBUG oslo_db.sqlalchemy.engines [req-5c6b5d64-08fd-4644-a14b-7b19940d449a - - - - -] MySQL server mode set to STRICT_TRANS_TABLES,STRICT_ALL_TABLES,NO_ZERO_IN_DATE,NO_ZERO_DATE,ERROR_FOR_DIVISION_BY_ZERO,TRADITIONAL,NO_ENGINE_SUBSTITUTION _check_effective_sql_mode /usr/lib/python3/dist-packages/oslo_db/sqlalchemy/engines.py:314
2025-04-17 00:42:10.670 120886 DEBUG oslo_db.sqlalchemy.engines [req-53672eb2-cc0d-4002-aaec-6253a9b5081c - - - - -] MySQL server mode set to STRICT_TRANS_TABLES,STRICT_ALL_TABLES,NO_ZERO_IN_DATE,NO_ZERO_DATE,ERROR_FOR_DIVISION_BY_ZERO,TRADITIONAL,NO_ENGINE_SUBSTITUTION _check_effective_sql_mode /usr/lib/python3/dist-packages/oslo_db/sqlalchemy/engines.py:314
2025-04-17 00:42:24.656 120892 DEBUG oslo_service.periodic_task [req-84f1075e-0991-48b0-b06c-aaf3dd85458c - - - - -] Running periodic task SchedulerManager._discover_hosts_in_cells run_periodic_tasks /usr/lib/python3/dist-packages/oslo_service/periodic_task.py:210
2025-04-17 00:42:24.657 120892 DEBUG oslo_db.sqlalchemy.engines [req-84f1075e-0991-48b0-b06c-aaf3dd85458c - - - - -] Parent process 119367 forked (120892) with an open database connection, which is being discarded and recreated. checkout /usr/lib/python3/dist-packages/oslo_db/sqlalchemy/engines.py:413
2025-04-17 00:42:24.665 120892 DEBUG oslo_concurrency.lockutils [req-84f1075e-0991-48b0-b06c-aaf3dd85458c - - - - -] Lock "eb1b2042-8c3f-4444-ab55-0efe6f46d99f" acquired by "nova.context.set_target_cell..get_or_set_cached_cell_and_set_connections" :: waited 0.000s inner /usr/lib/python3/dist-packages/oslo_concurrency/lockutils.py:386
2025-04-17 00:42:24.667 120892 DEBUG oslo_concurrency.lockutils [req-84f1075e-0991-48b0-b06c-aaf3dd85458c - - - - -] Lock "eb1b2042-8c3f-4444-ab55-0efe6f46d99f" "released" by "nova.context.set_target_cell..get_or_set_cached_cell_and_set_connections" :: held 0.002s inner /usr/lib/python3/dist-packages/oslo_concurrency/lockutils.py:400
2025-04-17 00:42:24.674 120892 DEBUG oslo_db.sqlalchemy.engines [req-84f1075e-0991-48b0-b06c-aaf3dd85458c - - - - -] MySQL server mode set to STRICT_TRANS_TABLES,STRICT_ALL_TABLES,NO_ZERO_IN_DATE,NO_ZERO_DATE,ERROR_FOR_DIVISION_BY_ZERO,TRADITIONAL,NO_ENGINE_SUBSTITUTION _check_effective_sql_mode /usr/lib/python3/dist-packages/oslo_db/sqlalchemy/engines.py:314
2025-04-17 00:42:26.609 120886 DEBUG oslo_messaging._drivers.amqpdriver [-] AMQPListener connection timeout poll /usr/lib/python3/dist-packages/oslo_messaging/_drivers/amqpdriver.py:360
2025-04-17 00:42:26.610 120886 DEBUG oslo_messaging._drivers.amqpdriver [-] Listener is running poll /usr/lib/python3/dist-packages/oslo_messaging/_drivers/amqpdriver.py:343
2025-04-17 00:42:26.610 120886 DEBUG oslo_messaging._drivers.amqpdriver [-] AMQPListener connection consume poll /usr/lib/python3/dist-packages/oslo_messaging/_drivers/amqpdriver.py:357
2025-04-17 00:42:26.632 120888 DEBUG oslo_messaging._drivers.amqpdriver [-] AMQPListener connection timeout poll /usr/lib/python3/dist-packages/oslo_messaging/_drivers/amqpdriver.py:360
2025-04-17 00:42:26.633 120888 DEBUG oslo_messaging._drivers.amqpdriver [-] Listener is running poll /usr/lib/python3/dist-packages/oslo_messaging/_drivers/amqpdriver.py:343
2025-04-17 00:42:26.633 120888 DEBUG oslo_messaging._drivers.amqpdriver [-] AMQPListener connection consume poll /usr/lib/python3/dist-packages/oslo_messaging/_drivers/amqpdriver.py:357
2025-04-17 00:42:26.638 120892 DEBUG oslo_messaging._drivers.amqpdriver [-] AMQPListener connection timeout poll /usr/lib/python3/dist-packages/oslo_messaging/_drivers/amqpdriver.py:360
2025-04-17 00:42:26.639 120892 DEBUG oslo_messaging._drivers.amqpdriver [-] Listener is running poll /usr/lib/python3/dist-packages/oslo_messaging/_drivers/amqpdriver.py:343
2025-04-17 00:42:26.639 120892 DEBUG oslo_messaging._drivers.amqpdriver [-] AMQPListener connection consume poll /usr/lib/python3/dist-packages/oslo_messaging/_drivers/amqpdriver.py:357
2025-04-17 00:42:26.667 120885 DEBUG oslo_messaging._drivers.amqpdriver [-] AMQPListener connection timeout poll /usr/lib/python3/dist-packages/oslo_messaging/_drivers/amqpdriver.py:360
2025-04-17 00:42:26.668 120885 DEBUG oslo_messaging._drivers.amqpdriver [-] Listener is running poll /usr/lib/python3/dist-packages/oslo_messaging/_drivers/amqpdriver.py:343
2025-04-17 00:42:26.668 120885 DEBUG oslo_messaging._drivers.amqpdriver [-] AMQPListener connection consume poll /usr/lib/python3/dist-packages/oslo_messaging/_drivers/amqpdriver.py:357
2025-04-17 00:42:36.679 120885 DEBUG oslo_service.periodic_task [req-8f3a9410-b1db-454e-9875-fd5d3201f801 - - - - -] Running periodic task SchedulerManager._discover_hosts_in_cells run_periodic_tasks /usr/lib/python3/dist-packages/oslo_service/periodic_task.py:210
2025-04-17 00:42:36.680 120885 DEBUG oslo_db.sqlalchemy.engines [req-8f3a9410-b1db-454e-9875-fd5d3201f801 - - - - -] Parent process 119367 forked (120885) with an open database connection, which is being discarded and recreated. checkout /usr/lib/python3/dist-packages/oslo_db/sqlalchemy/engines.py:413
2025-04-17 00:42:36.691 120885 DEBUG oslo_concurrency.lockutils [req-8f3a9410-b1db-454e-9875-fd5d3201f801 - - - - -] Lock "eb1b2042-8c3f-4444-ab55-0efe6f46d99f" acquired by "nova.context.set_target_cell..get_or_set_cached_cell_and_set_connections" :: waited 0.000s inner /usr/lib/python3/dist-packages/oslo_concurrency/lockutils.py:386
2025-04-17 00:42:36.693 120885 DEBUG oslo_concurrency.lockutils [req-8f3a9410-b1db-454e-9875-fd5d3201f801 - - - - -] Lock "eb1b2042-8c3f-4444-ab55-0efe6f46d99f" "released" by "nova.context.set_target_cell..get_or_set_cached_cell_and_set_connections" :: held 0.002s inner /usr/lib/python3/dist-packages/oslo_concurrency/lockutils.py:400
2025-04-17 00:42:36.701 120885 DEBUG oslo_db.sqlalchemy.engines [req-8f3a9410-b1db-454e-9875-fd5d3201f801 - - - - -] MySQL server mode set to STRICT_TRANS_TABLES,STRICT_ALL_TABLES,NO_ZERO_IN_DATE,NO_ZERO_DATE,ERROR_FOR_DIVISION_BY_ZERO,TRADITIONAL,NO_ENGINE_SUBSTITUTION _check_effective_sql_mode /usr/lib/python3/dist-packages/oslo_db/sqlalchemy/engines.py:314
2025-04-17 00:42:40.688 120886 DEBUG oslo_service.periodic_task [req-53672eb2-cc0d-4002-aaec-6253a9b5081c - - - - -] Running periodic task SchedulerManager._discover_hosts_in_cells run_periodic_tasks /usr/lib/python3/dist-packages/oslo_service/periodic_task.py:210
2025-04-17 00:42:40.689 120888 DEBUG oslo_service.periodic_task [req-5c6b5d64-08fd-4644-a14b-7b19940d449a - - - - -] Running periodic task SchedulerManager._discover_hosts_in_cells run_periodic_tasks /usr/lib/python3/dist-packages/oslo_service/periodic_task.py:210
2025-04-17 00:42:40.695 120886 DEBUG oslo_concurrency.lockutils [req-3fd41997-55af-401f-bf1c-16eedba885d9 - - - - -] Lock "eb1b2042-8c3f-4444-ab55-0efe6f46d99f" acquired by "nova.context.set_target_cell..get_or_set_cached_cell_and_set_connections" :: waited 0.000s inner /usr/lib/python3/dist-packages/oslo_concurrency/lockutils.py:386
2025-04-17 00:42:40.696 120886 DEBUG oslo_concurrency.lockutils [req-3fd41997-55af-401f-bf1c-16eedba885d9 - - - - -] Lock "eb1b2042-8c3f-4444-ab55-0efe6f46d99f" "released" by "nova.context.set_target_cell..get_or_set_cached_cell_and_set_connections" :: held 0.000s inner /usr/lib/python3/dist-packages/oslo_concurrency/lockutils.py:400
2025-04-17 00:42:40.696 120888 DEBUG oslo_concurrency.lockutils [req-5ace8622-dc0e-423f-86c7-6565110b922f - - - - -] Lock "eb1b2042-8c3f-4444-ab55-0efe6f46d99f" acquired by "nova.context.set_target_cell..get_or_set_cached_cell_and_set_connections" :: waited 0.000s inner /usr/lib/python3/dist-packages/oslo_concurrency/lockutils.py:386
2025-04-17 00:42:40.696 120888 DEBUG oslo_concurrency.lockutils [req-5ace8622-dc0e-423f-86c7-6565110b922f - - - - -] Lock "eb1b2042-8c3f-4444-ab55-0efe6f46d99f" "released" by "nova.context.set_target_cell..get_or_set_cached_cell_and_set_connections" :: held 0.000s inner /usr/lib/python3/dist-packages/oslo_concurrency/lockutils.py:400
2025-04-17 00:42:54.699 120892 DEBUG oslo_service.periodic_task [req-84f1075e-0991-48b0-b06c-aaf3dd85458c - - - - -] Running periodic task SchedulerManager._discover_hosts_in_cells run_periodic_tasks /usr/lib/python3/dist-packages/oslo_service/periodic_task.py:210
2025-04-17 00:42:54.704 120892 DEBUG oslo_concurrency.lockutils [req-84dc773b-96f8-4ebc-a01b-d1d1d26724b3 - - - - -] Lock "eb1b2042-8c3f-4444-ab55-0efe6f46d99f" acquired by "nova.context.set_target_cell..get_or_set_cached_cell_and_set_connections" :: waited 0.000s inner /usr/lib/python3/dist-packages/oslo_concurrency/lockutils.py:386
2025-04-17 00:42:54.704 120892 DEBUG oslo_concurrency.lockutils [req-84dc773b-96f8-4ebc-a01b-d1d1d26724b3 - - - - -] Lock "eb1b2042-8c3f-4444-ab55-0efe6f46d99f" "released" by "nova.context.set_target_cell..get_or_set_cached_cell_and_set_connections" :: held 0.000s inner /usr/lib/python3/dist-packages/oslo_concurrency/lockutils.py:400
2025-04-17 00:42:55.208 119367 INFO oslo_service.service [req-6e94ff4b-eda2-47e9-8192-ee045d916122 - - - - -] Caught SIGTERM, stopping children
2025-04-17 00:42:55.209 119367 DEBUG oslo_concurrency.lockutils [req-6e94ff4b-eda2-47e9-8192-ee045d916122 - - - - -] Acquired lock "singleton_lock" lock /usr/lib/python3/dist-packages/oslo_concurrency/lockutils.py:294
2025-04-17 00:42:55.209 119367 DEBUG oslo_concurrency.lockutils [req-6e94ff4b-eda2-47e9-8192-ee045d916122 - - - - -] Releasing lock "singleton_lock" lock /usr/lib/python3/dist-packages/oslo_concurrency/lockutils.py:312
2025-04-17 00:42:55.210 119367 DEBUG oslo_service.service [req-6e94ff4b-eda2-47e9-8192-ee045d916122 - - - - -] Stop services. stop /usr/lib/python3/dist-packages/oslo_service/service.py:695
2025-04-17 00:42:55.210 119367 DEBUG oslo_service.service [req-6e94ff4b-eda2-47e9-8192-ee045d916122 - - - - -] Killing children. stop /usr/lib/python3/dist-packages/oslo_service/service.py:700
2025-04-17 00:42:55.210 119367 INFO oslo_service.service [req-6e94ff4b-eda2-47e9-8192-ee045d916122 - - - - -] Waiting on 4 children to exit
2025-04-17 00:42:55.218 119367 INFO oslo_service.service [req-6e94ff4b-eda2-47e9-8192-ee045d916122 - - - - -] Child 120886 killed by signal 15
2025-04-17 00:42:55.219 119367 INFO oslo_service.service [req-6e94ff4b-eda2-47e9-8192-ee045d916122 - - - - -] Child 120892 killed by signal 15
2025-04-17 00:42:55.220 119367 INFO oslo_service.service [req-6e94ff4b-eda2-47e9-8192-ee045d916122 - - - - -] Child 120888 killed by signal 15
2025-04-17 00:42:55.222 119367 INFO oslo_service.service [req-6e94ff4b-eda2-47e9-8192-ee045d916122 - - - - -] Child 120885 killed by signal 15
2025-04-17 00:42:57.751 125498 DEBUG oslo_db.sqlalchemy.engines [req-04a6a8c9-a12b-40cc-b1b9-0faa10c13a98 - - - - -] MySQL server mode set to STRICT_TRANS_TABLES,STRICT_ALL_TABLES,NO_ZERO_IN_DATE,NO_ZERO_DATE,ERROR_FOR_DIVISION_BY_ZERO,TRADITIONAL,NO_ENGINE_SUBSTITUTION _check_effective_sql_mode /usr/lib/python3/dist-packages/oslo_db/sqlalchemy/engines.py:314
2025-04-17 00:42:57.806 125498 DEBUG nova.scheduler.host_manager [req-04a6a8c9-a12b-40cc-b1b9-0faa10c13a98 - - - - -] Found 1 cells: eb1b2042-8c3f-4444-ab55-0efe6f46d99f refresh_cells_caches /usr/lib/python3/dist-packages/nova/scheduler/host_manager.py:730
2025-04-17 00:42:57.806 125498 DEBUG nova.scheduler.host_manager [req-04a6a8c9-a12b-40cc-b1b9-0faa10c13a98 - - - - -] Found 0 disabled cells: refresh_cells_caches /usr/lib/python3/dist-packages/nova/scheduler/host_manager.py:742
2025-04-17 00:42:57.815 125498 WARNING nova.scheduler.filters.availability_zone_filter [req-04a6a8c9-a12b-40cc-b1b9-0faa10c13a98 - - - - -] The 'AvailabilityZoneFilter' is deprecated since the 24.0.0 (Xena) release. Since the 18.0.0 (Rocky) release, nova has supported mapping AZs to placement aggregates. The feature is enabled by the 'query_placement_for_availability_zone' config option and is now enabled by default. As such, the 'AvailabilityZoneFilter' is no longer required. Nova is currently configured to use both placement and the AvailabilityZoneFilter for AZ enforcement.
2025-04-17 00:42:57.937 125498 DEBUG nova.scheduler.host_manager [req-04a6a8c9-a12b-40cc-b1b9-0faa10c13a98 - - - - -] START:_async_init_instance_info _async_init_instance_info /usr/lib/python3/dist-packages/nova/scheduler/host_manager.py:411
2025-04-17 00:42:57.940 125498 DEBUG oslo_concurrency.lockutils [req-461358a5-e4b6-4c75-9bee-92d12910bc8c - - - - -] Lock "eb1b2042-8c3f-4444-ab55-0efe6f46d99f" acquired by "nova.context.set_target_cell..get_or_set_cached_cell_and_set_connections" :: waited 0.000s inner /usr/lib/python3/dist-packages/oslo_concurrency/lockutils.py:386
2025-04-17 00:42:57.942 125498 DEBUG oslo_concurrency.lockutils [req-461358a5-e4b6-4c75-9bee-92d12910bc8c - - - - -] Lock "eb1b2042-8c3f-4444-ab55-0efe6f46d99f" "released" by "nova.context.set_target_cell..get_or_set_cached_cell_and_set_connections" :: held 0.002s inner /usr/lib/python3/dist-packages/oslo_concurrency/lockutils.py:400
2025-04-17 00:42:57.948 125498 DEBUG oslo_db.sqlalchemy.engines [req-461358a5-e4b6-4c75-9bee-92d12910bc8c - - - - -] MySQL server mode set to STRICT_TRANS_TABLES,STRICT_ALL_TABLES,NO_ZERO_IN_DATE,NO_ZERO_DATE,ERROR_FOR_DIVISION_BY_ZERO,TRADITIONAL,NO_ENGINE_SUBSTITUTION _check_effective_sql_mode /usr/lib/python3/dist-packages/oslo_db/sqlalchemy/engines.py:314
2025-04-17 00:42:57.962 125498 DEBUG nova.scheduler.host_manager [req-461358a5-e4b6-4c75-9bee-92d12910bc8c - - - - -] Total number of compute nodes: 0 _async_init_instance_info /usr/lib/python3/dist-packages/nova/scheduler/host_manager.py:424
2025-04-17 00:42:57.963 125498 DEBUG oslo_concurrency.lockutils [req-461358a5-e4b6-4c75-9bee-92d12910bc8c - - - - -] Lock "eb1b2042-8c3f-4444-ab55-0efe6f46d99f" acquired by "nova.context.set_target_cell..get_or_set_cached_cell_and_set_connections" :: waited 0.000s inner /usr/lib/python3/dist-packages/oslo_concurrency/lockutils.py:386
2025-04-17 00:42:57.963 125498 DEBUG oslo_concurrency.lockutils [req-461358a5-e4b6-4c75-9bee-92d12910bc8c - - - - -] Lock "eb1b2042-8c3f-4444-ab55-0efe6f46d99f" "released" by "nova.context.set_target_cell..get_or_set_cached_cell_and_set_connections" :: held 0.000s inner /usr/lib/python3/dist-packages/oslo_concurrency/lockutils.py:400
2025-04-17 00:42:58.050 125498 DEBUG nova.scheduler.host_manager [req-461358a5-e4b6-4c75-9bee-92d12910bc8c - - - - -] Adding 0 instances for hosts 10-20 _async_init_instance_info /usr/lib/python3/dist-packages/nova/scheduler/host_manager.py:443
2025-04-17 00:42:58.050 125498 DEBUG nova.scheduler.host_manager [req-461358a5-e4b6-4c75-9bee-92d12910bc8c - - - - -] END:_async_init_instance_info _async_init_instance_info /usr/lib/python3/dist-packages/nova/scheduler/host_manager.py:454
2025-04-17 00:43:00.009 125498 DEBUG nova.context [req-04a6a8c9-a12b-40cc-b1b9-0faa10c13a98 - - - - -] Found 2 cells: 00000000-0000-0000-0000-000000000000(cell0),eb1b2042-8c3f-4444-ab55-0efe6f46d99f(cell1) load_cells /usr/lib/python3/dist-packages/nova/context.py:464
2025-04-17 00:43:00.010 125498 DEBUG oslo_concurrency.lockutils [req-bfb4bd12-4e20-4be4-a864-a1354939db88 - - - - -] Lock "00000000-0000-0000-0000-000000000000" acquired by "nova.context.set_target_cell..get_or_set_cached_cell_and_set_connections" :: waited 0.000s inner /usr/lib/python3/dist-packages/oslo_concurrency/lockutils.py:386
2025-04-17 00:43:00.011 125498 DEBUG oslo_concurrency.lockutils [req-bfb4bd12-4e20-4be4-a864-a1354939db88 - - - - -] Lock "00000000-0000-0000-0000-000000000000" "released" by "nova.context.set_target_cell..get_or_set_cached_cell_and_set_connections" :: held 0.001s inner /usr/lib/python3/dist-packages/oslo_concurrency/lockutils.py:400
2025-04-17 00:43:00.011 125498 DEBUG oslo_concurrency.lockutils [req-bfb4bd12-4e20-4be4-a864-a1354939db88 - - - - -] Lock "eb1b2042-8c3f-4444-ab55-0efe6f46d99f" acquired by "nova.context.set_target_cell..get_or_set_cached_cell_and_set_connections" :: waited 0.000s inner /usr/lib/python3/dist-packages/oslo_concurrency/lockutils.py:386
2025-04-17 00:43:00.012 125498 DEBUG oslo_concurrency.lockutils [req-bfb4bd12-4e20-4be4-a864-a1354939db88 - - - - -] Lock "eb1b2042-8c3f-4444-ab55-0efe6f46d99f" "released" by "nova.context.set_target_cell..get_or_set_cached_cell_and_set_connections" :: held 0.000s inner /usr/lib/python3/dist-packages/oslo_concurrency/lockutils.py:400
2025-04-17 00:43:00.026 125498 DEBUG oslo_db.sqlalchemy.engines [req-bfb4bd12-4e20-4be4-a864-a1354939db88 - - - - -] MySQL server mode set to STRICT_TRANS_TABLES,STRICT_ALL_TABLES,NO_ZERO_IN_DATE,NO_ZERO_DATE,ERROR_FOR_DIVISION_BY_ZERO,TRADITIONAL,NO_ENGINE_SUBSTITUTION _check_effective_sql_mode /usr/lib/python3/dist-packages/oslo_db/sqlalchemy/engines.py:314
2025-04-17 00:43:00.049 125498 DEBUG oslo_concurrency.lockutils [req-bfb4bd12-4e20-4be4-a864-a1354939db88 - - - - -] Acquired lock "singleton_lock" lock /usr/lib/python3/dist-packages/oslo_concurrency/lockutils.py:294
2025-04-17 00:43:00.049 125498 DEBUG oslo_concurrency.lockutils [req-bfb4bd12-4e20-4be4-a864-a1354939db88 - - - - -] Releasing lock "singleton_lock" lock /usr/lib/python3/dist-packages/oslo_concurrency/lockutils.py:312
2025-04-17 00:43:00.050 125498 INFO oslo_service.service [req-bfb4bd12-4e20-4be4-a864-a1354939db88 - - - - -] Starting 4 workers
2025-04-17 00:43:00.055 125498 DEBUG oslo_service.service [req-bfb4bd12-4e20-4be4-a864-a1354939db88 - - - - -] Started child 126313 _start_child /usr/lib/python3/dist-packages/oslo_service/service.py:575
2025-04-17 00:43:00.061 126313 INFO nova.service [-] Starting scheduler node (version 25.2.1)
2025-04-17 00:43:00.061 125498 DEBUG oslo_service.service [req-bfb4bd12-4e20-4be4-a864-a1354939db88 - - - - -] Started child 126318 _start_child /usr/lib/python3/dist-packages/oslo_service/service.py:575
2025-04-17 00:43:00.067 126318 INFO nova.service [-] Starting scheduler node (version 25.2.1)
2025-04-17 00:43:00.067 125498 DEBUG oslo_service.service [req-bfb4bd12-4e20-4be4-a864-a1354939db88 - - - - -] Started child 126320 _start_child /usr/lib/python3/dist-packages/oslo_service/service.py:575
2025-04-17 00:43:00.073 126320 INFO nova.service [-] Starting scheduler node (version 25.2.1)
2025-04-17 00:43:00.074 125498 DEBUG oslo_service.service [req-bfb4bd12-4e20-4be4-a864-a1354939db88 - - - - -] Started child 126321 _start_child /usr/lib/python3/dist-packages/oslo_service/service.py:575
2025-04-17 00:43:00.076 125498 DEBUG oslo_service.service [req-bfb4bd12-4e20-4be4-a864-a1354939db88 - - - - -] Full set of CONF: wait /usr/lib/python3/dist-packages/oslo_service/service.py:649
2025-04-17 00:43:00.076 125498 DEBUG oslo_service.service [req-bfb4bd12-4e20-4be4-a864-a1354939db88 - - - - -] ******************************************************************************** log_opt_values /usr/lib/python3/dist-packages/oslo_config/cfg.py:2589
2025-04-17 00:43:00.076 125498 DEBUG oslo_service.service [req-bfb4bd12-4e20-4be4-a864-a1354939db88 - - - - -] Configuration options gathered from: log_opt_values /usr/lib/python3/dist-packages/oslo_config/cfg.py:2590
2025-04-17 00:43:00.076 125498 DEBUG oslo_service.service [req-bfb4bd12-4e20-4be4-a864-a1354939db88 - - - - -] command line args: ['--config-file=/etc/nova/nova.conf', '--log-file=/var/log/nova/nova-scheduler.log'] log_opt_values /usr/lib/python3/dist-packages/oslo_config/cfg.py:2591
2025-04-17 00:43:00.077 125498 DEBUG oslo_service.service [req-bfb4bd12-4e20-4be4-a864-a1354939db88 - - - - -] config files: ['/etc/nova/nova.conf'] log_opt_values /usr/lib/python3/dist-packages/oslo_config/cfg.py:2592
2025-04-17 00:43:00.077 125498 DEBUG oslo_service.service [req-bfb4bd12-4e20-4be4-a864-a1354939db88 - - - - -] ================================================================================ log_opt_values /usr/lib/python3/dist-packages/oslo_config/cfg.py:2594
2025-04-17 00:43:00.077 125498 DEBUG oslo_service.service [req-bfb4bd12-4e20-4be4-a864-a1354939db88 - - - - -] allow_resize_to_same_host = False log_opt_values /usr/lib/python3/dist-packages/oslo_config/cfg.py:2602
2025-04-17 00:43:00.078 125498 DEBUG oslo_service.service [req-bfb4bd12-4e20-4be4-a864-a1354939db88 - - - - -] arq_binding_timeout = 300 log_opt_values /usr/lib/python3/dist-packages/oslo_config/cfg.py:2602
2025-04-17 00:43:00.078 125498 DEBUG oslo_service.service [req-bfb4bd12-4e20-4be4-a864-a1354939db88 - - - - -] block_device_allocate_retries = 60 log_opt_values /usr/lib/python3/dist-packages/oslo_config/cfg.py:2602
2025-04-17 00:43:00.078 125498 DEBUG oslo_service.service [req-bfb4bd12-4e20-4be4-a864-a1354939db88 - - - - -] block_device_allocate_retries_interval = 3 log_opt_values /usr/lib/python3/dist-packages/oslo_config/cfg.py:2602
2025-04-17 00:43:00.078 125498 DEBUG oslo_service.service [req-bfb4bd12-4e20-4be4-a864-a1354939db88 - - - - -] cert = self.pem log_opt_values /usr/lib/python3/dist-packages/oslo_config/cfg.py:2602
2025-04-17 00:43:00.078 125498 DEBUG oslo_service.service [req-bfb4bd12-4e20-4be4-a864-a1354939db88 - - - - -] compute_driver = libvirt.LibvirtDriver log_opt_values /usr/lib/python3/dist-packages/oslo_config/cfg.py:2602
2025-04-17 00:43:00.079 125498 DEBUG oslo_service.service [req-bfb4bd12-4e20-4be4-a864-a1354939db88 - - - - -] compute_monitors = [] log_opt_values /usr/lib/python3/dist-packages/oslo_config/cfg.py:2602
2025-04-17 00:43:00.079 125498 DEBUG oslo_service.service [req-bfb4bd12-4e20-4be4-a864-a1354939db88 - - - - -] config_dir = [] log_opt_values /usr/lib/python3/dist-packages/oslo_config/cfg.py:2602
2025-04-17 00:43:00.079 125498 DEBUG oslo_service.service [req-bfb4bd12-4e20-4be4-a864-a1354939db88 - - - - -] config_drive_format = iso9660 log_opt_values /usr/lib/python3/dist-packages/oslo_config/cfg.py:2602
2025-04-17 00:43:00.079 125498 DEBUG oslo_service.service [req-bfb4bd12-4e20-4be4-a864-a1354939db88 - - - - -] config_file = ['/etc/nova/nova.conf'] log_opt_values /usr/lib/python3/dist-packages/oslo_config/cfg.py:2602
2025-04-17 00:43:00.080 125498 DEBUG oslo_service.service [req-bfb4bd12-4e20-4be4-a864-a1354939db88 - - - - -] config_source = [] log_opt_values /usr/lib/python3/dist-packages/oslo_config/cfg.py:2602
2025-04-17 00:43:00.079 126321 INFO nova.service [-] Starting scheduler node (version 25.2.1)
2025-04-17 00:43:00.080 125498 DEBUG oslo_service.service [req-bfb4bd12-4e20-4be4-a864-a1354939db88 - - - - -] console_host = juju-4bb83e-0-lxd-7 log_opt_values /usr/lib/python3/dist-packages/oslo_config/cfg.py:2602
2025-04-17 00:43:00.080 125498 DEBUG oslo_service.service [req-bfb4bd12-4e20-4be4-a864-a1354939db88 - - - - -] control_exchange = nova log_opt_values /usr/lib/python3/dist-packages/oslo_config/cfg.py:2602
2025-04-17 00:43:00.080 125498 DEBUG oslo_service.service [req-bfb4bd12-4e20-4be4-a864-a1354939db88 - - - - -] cpu_allocation_ratio = 2.0 log_opt_values /usr/lib/python3/dist-packages/oslo_config/cfg.py:2602
2025-04-17 00:43:00.080 125498 DEBUG oslo_service.service [req-bfb4bd12-4e20-4be4-a864-a1354939db88 - - - - -] daemon = False log_opt_values /usr/lib/python3/dist-packages/oslo_config/cfg.py:2602
2025-04-17 00:43:00.081 125498 DEBUG oslo_service.service [req-bfb4bd12-4e20-4be4-a864-a1354939db88 - - - - -] debug = True log_opt_values /usr/lib/python3/dist-packages/oslo_config/cfg.py:2602
2025-04-17 00:43:00.081 125498 DEBUG oslo_service.service [req-bfb4bd12-4e20-4be4-a864-a1354939db88 - - - - -] default_access_ip_network_name = None log_opt_values /usr/lib/python3/dist-packages/oslo_config/cfg.py:2602
2025-04-17 00:43:00.081 125498 DEBUG oslo_service.service [req-bfb4bd12-4e20-4be4-a864-a1354939db88 - - - - -] default_availability_zone = nova log_opt_values /usr/lib/python3/dist-packages/oslo_config/cfg.py:2602
2025-04-17 00:43:00.081 125498 DEBUG oslo_service.service [req-bfb4bd12-4e20-4be4-a864-a1354939db88 - - - - -] default_ephemeral_format = None log_opt_values /usr/lib/python3/dist-packages/oslo_config/cfg.py:2602
2025-04-17 00:43:00.082 125498 DEBUG oslo_service.service [req-bfb4bd12-4e20-4be4-a864-a1354939db88 - - - - -] default_log_levels = ['amqp=WARN', 'amqplib=WARN', 'boto=WARN', 'qpid=WARN', 'sqlalchemy=WARN', 'suds=INFO', 'oslo.messaging=INFO', 'oslo_messaging=DEBUG', 'iso8601=WARN', 'requests.packages.urllib3.connectionpool=WARN', 'urllib3.connectionpool=WARN', 'websocket=WARN', 'requests.packages.urllib3.util.retry=WARN', 'urllib3.util.retry=WARN', 'keystonemiddleware=WARN', 'routes.middleware=WARN', 'stevedore=WARN', 'taskflow=WARN', 'keystoneauth=WARN', 'oslo.cache=INFO', 'dogpile.core.dogpile=INFO', 'glanceclient=WARN', 'oslo.privsep.daemon=INFO'] log_opt_values /usr/lib/python3/dist-packages/oslo_config/cfg.py:2602
2025-04-17 00:43:00.082 125498 DEBUG oslo_service.service [req-bfb4bd12-4e20-4be4-a864-a1354939db88 - - - - -] default_schedule_zone = None log_opt_values /usr/lib/python3/dist-packages/oslo_config/cfg.py:2602
2025-04-17 00:43:00.082 125498 DEBUG oslo_service.service [req-bfb4bd12-4e20-4be4-a864-a1354939db88 - - - - -] disk_allocation_ratio = 1.0 log_opt_values /usr/lib/python3/dist-packages/oslo_config/cfg.py:2602
2025-04-17 00:43:00.082 125498 DEBUG oslo_service.service [req-bfb4bd12-4e20-4be4-a864-a1354939db88 - - - - -] enable_new_services = True log_opt_values /usr/lib/python3/dist-packages/oslo_config/cfg.py:2602
2025-04-17 00:43:00.083 125498 DEBUG oslo_service.service [req-bfb4bd12-4e20-4be4-a864-a1354939db88 - - - - -] enabled_apis = ['osapi_compute', 'metadata'] log_opt_values /usr/lib/python3/dist-packages/oslo_config/cfg.py:2602
2025-04-17 00:43:00.083 125498 DEBUG oslo_service.service [req-bfb4bd12-4e20-4be4-a864-a1354939db88 - - - - -] enabled_ssl_apis = [] log_opt_values /usr/lib/python3/dist-packages/oslo_config/cfg.py:2602
2025-04-17 00:43:00.083 125498 DEBUG oslo_service.service [req-bfb4bd12-4e20-4be4-a864-a1354939db88 - - - - -] fatal_deprecations = False log_opt_values /usr/lib/python3/dist-packages/oslo_config/cfg.py:2602
2025-04-17 00:43:00.083 125498 DEBUG oslo_service.service [req-bfb4bd12-4e20-4be4-a864-a1354939db88 - - - - -] flat_injected = False log_opt_values /usr/lib/python3/dist-packages/oslo_config/cfg.py:2602
2025-04-17 00:43:00.083 125498 DEBUG oslo_service.service [req-bfb4bd12-4e20-4be4-a864-a1354939db88 - - - - -] force_config_drive = False log_opt_values /usr/lib/python3/dist-packages/oslo_config/cfg.py:2602
2025-04-17 00:43:00.084 125498 DEBUG oslo_service.service [req-bfb4bd12-4e20-4be4-a864-a1354939db88 - - - - -] force_raw_images = True log_opt_values /usr/lib/python3/dist-packages/oslo_config/cfg.py:2602
