2025-04-17 00:43:00.084 125498 DEBUG oslo_service.service [req-bfb4bd12-4e20-4be4-a864-a1354939db88 - - - - -] graceful_shutdown_timeout = 60 log_opt_values /usr/lib/python3/dist-packages/oslo_config/cfg.py:2602
2025-04-17 00:43:00.084 125498 DEBUG oslo_service.service [req-bfb4bd12-4e20-4be4-a864-a1354939db88 - - - - -] heal_instance_info_cache_interval = 60 log_opt_values /usr/lib/python3/dist-packages/oslo_config/cfg.py:2602
2025-04-17 00:43:00.084 125498 DEBUG oslo_service.service [req-bfb4bd12-4e20-4be4-a864-a1354939db88 - - - - -] host = juju-4bb83e-0-lxd-7 log_opt_values /usr/lib/python3/dist-packages/oslo_config/cfg.py:2602
2025-04-17 00:43:00.085 125498 DEBUG oslo_service.service [req-bfb4bd12-4e20-4be4-a864-a1354939db88 - - - - -] initial_cpu_allocation_ratio = 16.0 log_opt_values /usr/lib/python3/dist-packages/oslo_config/cfg.py:2602
2025-04-17 00:43:00.085 125498 DEBUG oslo_service.service [req-bfb4bd12-4e20-4be4-a864-a1354939db88 - - - - -] initial_disk_allocation_ratio = 1.0 log_opt_values /usr/lib/python3/dist-packages/oslo_config/cfg.py:2602
2025-04-17 00:43:00.085 125498 DEBUG oslo_service.service [req-bfb4bd12-4e20-4be4-a864-a1354939db88 - - - - -] initial_ram_allocation_ratio = 1.5 log_opt_values /usr/lib/python3/dist-packages/oslo_config/cfg.py:2602
2025-04-17 00:43:00.085 125498 DEBUG oslo_service.service [req-bfb4bd12-4e20-4be4-a864-a1354939db88 - - - - -] injected_network_template = /usr/lib/python3/dist-packages/nova/virt/interfaces.template log_opt_values /usr/lib/python3/dist-packages/oslo_config/cfg.py:2602
2025-04-17 00:43:00.086 125498 DEBUG oslo_service.service [req-bfb4bd12-4e20-4be4-a864-a1354939db88 - - - - -] instance_build_timeout = 0 log_opt_values /usr/lib/python3/dist-packages/oslo_config/cfg.py:2602
2025-04-17 00:43:00.086 125498 DEBUG oslo_service.service [req-bfb4bd12-4e20-4be4-a864-a1354939db88 - - - - -] instance_delete_interval = 300 log_opt_values /usr/lib/python3/dist-packages/oslo_config/cfg.py:2602
2025-04-17 00:43:00.086 125498 DEBUG oslo_service.service [req-bfb4bd12-4e20-4be4-a864-a1354939db88 - - - - -] instance_format = [instance: %(uuid)s] log_opt_values /usr/lib/python3/dist-packages/oslo_config/cfg.py:2602
2025-04-17 00:43:00.086 125498 DEBUG oslo_service.service [req-bfb4bd12-4e20-4be4-a864-a1354939db88 - - - - -] instance_name_template = instance-%08x log_opt_values /usr/lib/python3/dist-packages/oslo_config/cfg.py:2602
2025-04-17 00:43:00.086 125498 DEBUG oslo_service.service [req-bfb4bd12-4e20-4be4-a864-a1354939db88 - - - - -] instance_usage_audit = False log_opt_values /usr/lib/python3/dist-packages/oslo_config/cfg.py:2602
2025-04-17 00:43:00.087 125498 DEBUG oslo_service.service [req-bfb4bd12-4e20-4be4-a864-a1354939db88 - - - - -] instance_usage_audit_period = month log_opt_values /usr/lib/python3/dist-packages/oslo_config/cfg.py:2602
2025-04-17 00:43:00.089 125498 DEBUG oslo_service.service [req-bfb4bd12-4e20-4be4-a864-a1354939db88 - - - - -] instance_uuid_format = [instance: %(uuid)s] log_opt_values /usr/lib/python3/dist-packages/oslo_config/cfg.py:2602
2025-04-17 00:43:00.087 126313 DEBUG oslo_db.sqlalchemy.engines [req-488c4601-803a-4d23-b978-b91d95101bea - - - - -] MySQL server mode set to STRICT_TRANS_TABLES,STRICT_ALL_TABLES,NO_ZERO_IN_DATE,NO_ZERO_DATE,ERROR_FOR_DIVISION_BY_ZERO,TRADITIONAL,NO_ENGINE_SUBSTITUTION _check_effective_sql_mode /usr/lib/python3/dist-packages/oslo_db/sqlalchemy/engines.py:314
2025-04-17 00:43:00.089 126320 DEBUG oslo_db.sqlalchemy.engines [req-f1ce6971-74b8-4167-b5a9-3da614a9231c - - - - -] MySQL server mode set to STRICT_TRANS_TABLES,STRICT_ALL_TABLES,NO_ZERO_IN_DATE,NO_ZERO_DATE,ERROR_FOR_DIVISION_BY_ZERO,TRADITIONAL,NO_ENGINE_SUBSTITUTION _check_effective_sql_mode /usr/lib/python3/dist-packages/oslo_db/sqlalchemy/engines.py:314
2025-04-17 00:43:00.089 125498 DEBUG oslo_service.service [req-bfb4bd12-4e20-4be4-a864-a1354939db88 - - - - -] instances_path = /var/lib/nova/instances log_opt_values /usr/lib/python3/dist-packages/oslo_config/cfg.py:2602
2025-04-17 00:43:00.090 125498 DEBUG oslo_service.service [req-bfb4bd12-4e20-4be4-a864-a1354939db88 - - - - -] internal_service_availability_zone = internal log_opt_values /usr/lib/python3/dist-packages/oslo_config/cfg.py:2602
2025-04-17 00:43:00.091 125498 DEBUG oslo_service.service [req-bfb4bd12-4e20-4be4-a864-a1354939db88 - - - - -] key = None log_opt_values /usr/lib/python3/dist-packages/oslo_config/cfg.py:2602
2025-04-17 00:43:00.091 126318 DEBUG oslo_db.sqlalchemy.engines [req-3ad1ab8a-3ad9-4e8b-ae08-49379047ca55 - - - - -] MySQL server mode set to STRICT_TRANS_TABLES,STRICT_ALL_TABLES,NO_ZERO_IN_DATE,NO_ZERO_DATE,ERROR_FOR_DIVISION_BY_ZERO,TRADITIONAL,NO_ENGINE_SUBSTITUTION _check_effective_sql_mode /usr/lib/python3/dist-packages/oslo_db/sqlalchemy/engines.py:314
2025-04-17 00:43:00.091 125498 DEBUG oslo_service.service [req-bfb4bd12-4e20-4be4-a864-a1354939db88 - - - - -] live_migration_retry_count = 30 log_opt_values /usr/lib/python3/dist-packages/oslo_config/cfg.py:2602
2025-04-17 00:43:00.095 125498 DEBUG oslo_service.service [req-bfb4bd12-4e20-4be4-a864-a1354939db88 - - - - -] log_config_append = None log_opt_values /usr/lib/python3/dist-packages/oslo_config/cfg.py:2602
2025-04-17 00:43:00.095 125498 DEBUG oslo_service.service [req-bfb4bd12-4e20-4be4-a864-a1354939db88 - - - - -] log_date_format = %Y-%m-%d %H:%M:%S log_opt_values /usr/lib/python3/dist-packages/oslo_config/cfg.py:2602
2025-04-17 00:43:00.096 125498 DEBUG oslo_service.service [req-bfb4bd12-4e20-4be4-a864-a1354939db88 - - - - -] log_dir = /var/log/nova log_opt_values /usr/lib/python3/dist-packages/oslo_config/cfg.py:2602
2025-04-17 00:43:00.096 125498 DEBUG oslo_service.service [req-bfb4bd12-4e20-4be4-a864-a1354939db88 - - - - -] log_file = /var/log/nova/nova-scheduler.log log_opt_values /usr/lib/python3/dist-packages/oslo_config/cfg.py:2602
2025-04-17 00:43:00.097 125498 DEBUG oslo_service.service [req-bfb4bd12-4e20-4be4-a864-a1354939db88 - - - - -] log_options = True log_opt_values /usr/lib/python3/dist-packages/oslo_config/cfg.py:2602
2025-04-17 00:43:00.098 125498 DEBUG oslo_service.service [req-bfb4bd12-4e20-4be4-a864-a1354939db88 - - - - -] log_rotate_interval = 1 log_opt_values /usr/lib/python3/dist-packages/oslo_config/cfg.py:2602
2025-04-17 00:43:00.098 125498 DEBUG oslo_service.service [req-bfb4bd12-4e20-4be4-a864-a1354939db88 - - - - -] log_rotate_interval_type = days log_opt_values /usr/lib/python3/dist-packages/oslo_config/cfg.py:2602
2025-04-17 00:43:00.099 125498 DEBUG oslo_service.service [req-bfb4bd12-4e20-4be4-a864-a1354939db88 - - - - -] log_rotation_type = none log_opt_values /usr/lib/python3/dist-packages/oslo_config/cfg.py:2602
2025-04-17 00:43:00.099 125498 DEBUG oslo_service.service [req-bfb4bd12-4e20-4be4-a864-a1354939db88 - - - - -] logging_context_format_string = %(asctime)s.%(msecs)03d %(process)d %(levelname)s %(name)s [%(request_id)s %(user_identity)s] %(instance)s%(message)s log_opt_values /usr/lib/python3/dist-packages/oslo_config/cfg.py:2602
2025-04-17 00:43:00.101 125498 DEBUG oslo_service.service [req-bfb4bd12-4e20-4be4-a864-a1354939db88 - - - - -] logging_debug_format_suffix = %(funcName)s %(pathname)s:%(lineno)d log_opt_values /usr/lib/python3/dist-packages/oslo_config/cfg.py:2602
2025-04-17 00:43:00.101 125498 DEBUG oslo_service.service [req-bfb4bd12-4e20-4be4-a864-a1354939db88 - - - - -] logging_default_format_string = %(asctime)s.%(msecs)03d %(process)d %(levelname)s %(name)s [-] %(instance)s%(message)s log_opt_values /usr/lib/python3/dist-packages/oslo_config/cfg.py:2602
2025-04-17 00:43:00.101 125498 DEBUG oslo_service.service [req-bfb4bd12-4e20-4be4-a864-a1354939db88 - - - - -] logging_exception_prefix = %(asctime)s.%(msecs)03d %(process)d ERROR %(name)s %(instance)s log_opt_values /usr/lib/python3/dist-packages/oslo_config/cfg.py:2602
2025-04-17 00:43:00.102 125498 DEBUG oslo_service.service [req-bfb4bd12-4e20-4be4-a864-a1354939db88 - - - - -] logging_user_identity_format = %(user)s %(project)s %(domain)s %(user_domain)s %(project_domain)s log_opt_values /usr/lib/python3/dist-packages/oslo_config/cfg.py:2602
2025-04-17 00:43:00.102 125498 DEBUG oslo_service.service [req-bfb4bd12-4e20-4be4-a864-a1354939db88 - - - - -] long_rpc_timeout = 1800 log_opt_values /usr/lib/python3/dist-packages/oslo_config/cfg.py:2602
2025-04-17 00:43:00.102 125498 DEBUG oslo_service.service [req-bfb4bd12-4e20-4be4-a864-a1354939db88 - - - - -] max_concurrent_builds = 10 log_opt_values /usr/lib/python3/dist-packages/oslo_config/cfg.py:2602
2025-04-17 00:43:00.103 125498 DEBUG oslo_service.service [req-bfb4bd12-4e20-4be4-a864-a1354939db88 - - - - -] max_concurrent_live_migrations = 1 log_opt_values /usr/lib/python3/dist-packages/oslo_config/cfg.py:2602
2025-04-17 00:43:00.103 125498 DEBUG oslo_service.service [req-bfb4bd12-4e20-4be4-a864-a1354939db88 - - - - -] max_concurrent_snapshots = 5 log_opt_values /usr/lib/python3/dist-packages/oslo_config/cfg.py:2602
2025-04-17 00:43:00.103 125498 DEBUG oslo_service.service [req-bfb4bd12-4e20-4be4-a864-a1354939db88 - - - - -] max_local_block_devices = 3 log_opt_values /usr/lib/python3/dist-packages/oslo_config/cfg.py:2602
2025-04-17 00:43:00.104 125498 DEBUG oslo_service.service [req-bfb4bd12-4e20-4be4-a864-a1354939db88 - - - - -] max_logfile_count = 30 log_opt_values /usr/lib/python3/dist-packages/oslo_config/cfg.py:2602
2025-04-17 00:43:00.104 125498 DEBUG oslo_service.service [req-bfb4bd12-4e20-4be4-a864-a1354939db88 - - - - -] max_logfile_size_mb = 200 log_opt_values /usr/lib/python3/dist-packages/oslo_config/cfg.py:2602
2025-04-17 00:43:00.104 125498 DEBUG oslo_service.service [req-bfb4bd12-4e20-4be4-a864-a1354939db88 - - - - -] maximum_instance_delete_attempts = 5 log_opt_values /usr/lib/python3/dist-packages/oslo_config/cfg.py:2602
2025-04-17 00:43:00.107 125498 DEBUG oslo_service.service [req-bfb4bd12-4e20-4be4-a864-a1354939db88 - - - - -] metadata_listen = 0.0.0.0 log_opt_values /usr/lib/python3/dist-packages/oslo_config/cfg.py:2602
2025-04-17 00:43:00.107 125498 DEBUG oslo_service.service [req-bfb4bd12-4e20-4be4-a864-a1354939db88 - - - - -] metadata_listen_port = 8765 log_opt_values /usr/lib/python3/dist-packages/oslo_config/cfg.py:2602
2025-04-17 00:43:00.108 125498 DEBUG oslo_service.service [req-bfb4bd12-4e20-4be4-a864-a1354939db88 - - - - -] metadata_workers = None log_opt_values /usr/lib/python3/dist-packages/oslo_config/cfg.py:2602
2025-04-17 00:43:00.108 125498 DEBUG oslo_service.service [req-bfb4bd12-4e20-4be4-a864-a1354939db88 - - - - -] migrate_max_retries = -1 log_opt_values /usr/lib/python3/dist-packages/oslo_config/cfg.py:2602
2025-04-17 00:43:00.110 126318 DEBUG nova.service [req-3ad1ab8a-3ad9-4e8b-ae08-49379047ca55 - - - - -] Creating RPC server for service scheduler start /usr/lib/python3/dist-packages/nova/service.py:182
2025-04-17 00:43:00.108 125498 DEBUG oslo_service.service [req-bfb4bd12-4e20-4be4-a864-a1354939db88 - - - - -] mkisofs_cmd = genisoimage log_opt_values /usr/lib/python3/dist-packages/oslo_config/cfg.py:2602
2025-04-17 00:43:00.111 125498 DEBUG oslo_service.service [req-bfb4bd12-4e20-4be4-a864-a1354939db88 - - - - -] my_block_storage_ip = 252.242.94.127 log_opt_values /usr/lib/python3/dist-packages/oslo_config/cfg.py:2602
2025-04-17 00:43:00.111 125498 DEBUG oslo_service.service [req-bfb4bd12-4e20-4be4-a864-a1354939db88 - - - - -] my_ip = 252.242.94.127 log_opt_values /usr/lib/python3/dist-packages/oslo_config/cfg.py:2602
2025-04-17 00:43:00.111 125498 DEBUG oslo_service.service [req-bfb4bd12-4e20-4be4-a864-a1354939db88 - - - - -] network_allocate_retries = 0 log_opt_values /usr/lib/python3/dist-packages/oslo_config/cfg.py:2602
2025-04-17 00:43:00.112 125498 DEBUG oslo_service.service [req-bfb4bd12-4e20-4be4-a864-a1354939db88 - - - - -] non_inheritable_image_properties = ['cache_in_nova', 'bittorrent'] log_opt_values /usr/lib/python3/dist-packages/oslo_config/cfg.py:2602
2025-04-17 00:43:00.113 125498 DEBUG oslo_service.service [req-bfb4bd12-4e20-4be4-a864-a1354939db88 - - - - -] osapi_compute_listen = 0.0.0.0 log_opt_values /usr/lib/python3/dist-packages/oslo_config/cfg.py:2602
2025-04-17 00:43:00.113 125498 DEBUG oslo_service.service [req-bfb4bd12-4e20-4be4-a864-a1354939db88 - - - - -] osapi_compute_listen_port = 8764 log_opt_values /usr/lib/python3/dist-packages/oslo_config/cfg.py:2602
2025-04-17 00:43:00.113 126320 DEBUG nova.service [req-f1ce6971-74b8-4167-b5a9-3da614a9231c - - - - -] Creating RPC server for service scheduler start /usr/lib/python3/dist-packages/nova/service.py:182
2025-04-17 00:43:00.113 125498 DEBUG oslo_service.service [req-bfb4bd12-4e20-4be4-a864-a1354939db88 - - - - -] osapi_compute_unique_server_name_scope = log_opt_values /usr/lib/python3/dist-packages/oslo_config/cfg.py:2602
2025-04-17 00:43:00.114 125498 DEBUG oslo_service.service [req-bfb4bd12-4e20-4be4-a864-a1354939db88 - - - - -] osapi_compute_workers = 4 log_opt_values /usr/lib/python3/dist-packages/oslo_config/cfg.py:2602
2025-04-17 00:43:00.115 125498 DEBUG oslo_service.service [req-bfb4bd12-4e20-4be4-a864-a1354939db88 - - - - -] password_length = 12 log_opt_values /usr/lib/python3/dist-packages/oslo_config/cfg.py:2602
2025-04-17 00:43:00.115 125498 DEBUG oslo_service.service [req-bfb4bd12-4e20-4be4-a864-a1354939db88 - - - - -] periodic_enable = True log_opt_values /usr/lib/python3/dist-packages/oslo_config/cfg.py:2602
2025-04-17 00:43:00.115 125498 DEBUG oslo_service.service [req-bfb4bd12-4e20-4be4-a864-a1354939db88 - - - - -] periodic_fuzzy_delay = 60 log_opt_values /usr/lib/python3/dist-packages/oslo_config/cfg.py:2602
2025-04-17 00:43:00.117 125498 DEBUG oslo_service.service [req-bfb4bd12-4e20-4be4-a864-a1354939db88 - - - - -] pointer_model = usbtablet log_opt_values /usr/lib/python3/dist-packages/oslo_config/cfg.py:2602
2025-04-17 00:43:00.117 125498 DEBUG oslo_service.service [req-bfb4bd12-4e20-4be4-a864-a1354939db88 - - - - -] preallocate_images = none log_opt_values /usr/lib/python3/dist-packages/oslo_config/cfg.py:2602
2025-04-17 00:43:00.118 125498 DEBUG oslo_service.service [req-bfb4bd12-4e20-4be4-a864-a1354939db88 - - - - -] publish_errors = False log_opt_values /usr/lib/python3/dist-packages/oslo_config/cfg.py:2602
2025-04-17 00:43:00.118 125498 DEBUG oslo_service.service [req-bfb4bd12-4e20-4be4-a864-a1354939db88 - - - - -] pybasedir = /usr/lib/python3/dist-packages log_opt_values /usr/lib/python3/dist-packages/oslo_config/cfg.py:2602
2025-04-17 00:43:00.118 125498 DEBUG oslo_service.service [req-bfb4bd12-4e20-4be4-a864-a1354939db88 - - - - -] ram_allocation_ratio = 0.98 log_opt_values /usr/lib/python3/dist-packages/oslo_config/cfg.py:2602
2025-04-17 00:43:00.118 125498 DEBUG oslo_service.service [req-bfb4bd12-4e20-4be4-a864-a1354939db88 - - - - -] rate_limit_burst = 0 log_opt_values /usr/lib/python3/dist-packages/oslo_config/cfg.py:2602
2025-04-17 00:43:00.119 125498 DEBUG oslo_service.service [req-bfb4bd12-4e20-4be4-a864-a1354939db88 - - - - -] rate_limit_except_level = CRITICAL log_opt_values /usr/lib/python3/dist-packages/oslo_config/cfg.py:2602
2025-04-17 00:43:00.119 125498 DEBUG oslo_service.service [req-bfb4bd12-4e20-4be4-a864-a1354939db88 - - - - -] rate_limit_interval = 0 log_opt_values /usr/lib/python3/dist-packages/oslo_config/cfg.py:2602
2025-04-17 00:43:00.119 125498 DEBUG oslo_service.service [req-bfb4bd12-4e20-4be4-a864-a1354939db88 - - - - -] reboot_timeout = 0 log_opt_values /usr/lib/python3/dist-packages/oslo_config/cfg.py:2602
2025-04-17 00:43:00.119 125498 DEBUG oslo_service.service [req-bfb4bd12-4e20-4be4-a864-a1354939db88 - - - - -] reclaim_instance_interval = 0 log_opt_values /usr/lib/python3/dist-packages/oslo_config/cfg.py:2602
2025-04-17 00:43:00.121 125498 DEBUG oslo_service.service [req-bfb4bd12-4e20-4be4-a864-a1354939db88 - - - - -] record = None log_opt_values /usr/lib/python3/dist-packages/oslo_config/cfg.py:2602
2025-04-17 00:43:00.121 125498 DEBUG oslo_service.service [req-bfb4bd12-4e20-4be4-a864-a1354939db88 - - - - -] report_interval = 10 log_opt_values /usr/lib/python3/dist-packages/oslo_config/cfg.py:2602
2025-04-17 00:43:00.122 125498 DEBUG oslo_service.service [req-bfb4bd12-4e20-4be4-a864-a1354939db88 - - - - -] rescue_timeout = 0 log_opt_values /usr/lib/python3/dist-packages/oslo_config/cfg.py:2602
2025-04-17 00:43:00.122 125498 DEBUG oslo_service.service [req-bfb4bd12-4e20-4be4-a864-a1354939db88 - - - - -] reserved_host_cpus = 0 log_opt_values /usr/lib/python3/dist-packages/oslo_config/cfg.py:2602
2025-04-17 00:43:00.122 125498 DEBUG oslo_service.service [req-bfb4bd12-4e20-4be4-a864-a1354939db88 - - - - -] reserved_host_disk_mb = 0 log_opt_values /usr/lib/python3/dist-packages/oslo_config/cfg.py:2602
2025-04-17 00:43:00.122 125498 DEBUG oslo_service.service [req-bfb4bd12-4e20-4be4-a864-a1354939db88 - - - - -] reserved_host_memory_mb = 512 log_opt_values /usr/lib/python3/dist-packages/oslo_config/cfg.py:2602
2025-04-17 00:43:00.122 125498 DEBUG oslo_service.service [req-bfb4bd12-4e20-4be4-a864-a1354939db88 - - - - -] reserved_huge_pages = None log_opt_values /usr/lib/python3/dist-packages/oslo_config/cfg.py:2602
2025-04-17 00:43:00.124 126313 DEBUG nova.service [req-488c4601-803a-4d23-b978-b91d95101bea - - - - -] Creating RPC server for service scheduler start /usr/lib/python3/dist-packages/nova/service.py:182
2025-04-17 00:43:00.125 126321 DEBUG oslo_db.sqlalchemy.engines [req-3960b1bf-59be-4336-a4ee-59d5262dbac9 - - - - -] MySQL server mode set to STRICT_TRANS_TABLES,STRICT_ALL_TABLES,NO_ZERO_IN_DATE,NO_ZERO_DATE,ERROR_FOR_DIVISION_BY_ZERO,TRADITIONAL,NO_ENGINE_SUBSTITUTION _check_effective_sql_mode /usr/lib/python3/dist-packages/oslo_db/sqlalchemy/engines.py:314
2025-04-17 00:43:00.122 125498 DEBUG oslo_service.service [req-bfb4bd12-4e20-4be4-a864-a1354939db88 - - - - -] resize_confirm_window = 0 log_opt_values /usr/lib/python3/dist-packages/oslo_config/cfg.py:2602
2025-04-17 00:43:00.127 125498 DEBUG oslo_service.service [req-bfb4bd12-4e20-4be4-a864-a1354939db88 - - - - -] resize_fs_using_block_device = False log_opt_values /usr/lib/python3/dist-packages/oslo_config/cfg.py:2602
2025-04-17 00:43:00.127 125498 DEBUG oslo_service.service [req-bfb4bd12-4e20-4be4-a864-a1354939db88 - - - - -] resume_guests_state_on_host_boot = False log_opt_values /usr/lib/python3/dist-packages/oslo_config/cfg.py:2602
2025-04-17 00:43:00.127 125498 DEBUG oslo_service.service [req-bfb4bd12-4e20-4be4-a864-a1354939db88 - - - - -] rootwrap_config = /etc/nova/rootwrap.conf log_opt_values /usr/lib/python3/dist-packages/oslo_config/cfg.py:2602
2025-04-17 00:43:00.129 125498 DEBUG oslo_service.service [req-bfb4bd12-4e20-4be4-a864-a1354939db88 - - - - -] run_external_periodic_tasks = True log_opt_values /usr/lib/python3/dist-packages/oslo_config/cfg.py:2602
2025-04-17 00:43:00.129 125498 DEBUG oslo_service.service [req-bfb4bd12-4e20-4be4-a864-a1354939db88 - - - - -] running_deleted_instance_action = reap log_opt_values /usr/lib/python3/dist-packages/oslo_config/cfg.py:2602
2025-04-17 00:43:00.129 125498 DEBUG oslo_service.service [req-bfb4bd12-4e20-4be4-a864-a1354939db88 - - - - -] running_deleted_instance_poll_interval = 1800 log_opt_values /usr/lib/python3/dist-packages/oslo_config/cfg.py:2602
2025-04-17 00:43:00.130 125498 DEBUG oslo_service.service [req-bfb4bd12-4e20-4be4-a864-a1354939db88 - - - - -] running_deleted_instance_timeout = 0 log_opt_values /usr/lib/python3/dist-packages/oslo_config/cfg.py:2602
2025-04-17 00:43:00.130 125498 DEBUG oslo_service.service [req-bfb4bd12-4e20-4be4-a864-a1354939db88 - - - - -] scheduler_instance_sync_interval = 120 log_opt_values /usr/lib/python3/dist-packages/oslo_config/cfg.py:2602
2025-04-17 00:43:00.130 125498 DEBUG oslo_service.service [req-bfb4bd12-4e20-4be4-a864-a1354939db88 - - - - -] service_down_time = 60 log_opt_values /usr/lib/python3/dist-packages/oslo_config/cfg.py:2602
2025-04-17 00:43:00.130 125498 DEBUG oslo_service.service [req-bfb4bd12-4e20-4be4-a864-a1354939db88 - - - - -] servicegroup_driver = db log_opt_values /usr/lib/python3/dist-packages/oslo_config/cfg.py:2602
2025-04-17 00:43:00.130 125498 DEBUG oslo_service.service [req-bfb4bd12-4e20-4be4-a864-a1354939db88 - - - - -] shelved_offload_time = 0 log_opt_values /usr/lib/python3/dist-packages/oslo_config/cfg.py:2602
2025-04-17 00:43:00.130 125498 DEBUG oslo_service.service [req-bfb4bd12-4e20-4be4-a864-a1354939db88 - - - - -] shelved_poll_interval = 3600 log_opt_values /usr/lib/python3/dist-packages/oslo_config/cfg.py:2602
2025-04-17 00:43:00.131 125498 DEBUG oslo_service.service [req-bfb4bd12-4e20-4be4-a864-a1354939db88 - - - - -] shutdown_timeout = 60 log_opt_values /usr/lib/python3/dist-packages/oslo_config/cfg.py:2602
2025-04-17 00:43:00.131 125498 DEBUG oslo_service.service [req-bfb4bd12-4e20-4be4-a864-a1354939db88 - - - - -] source_is_ipv6 = False log_opt_values /usr/lib/python3/dist-packages/oslo_config/cfg.py:2602
2025-04-17 00:43:00.133 125498 DEBUG oslo_service.service [req-bfb4bd12-4e20-4be4-a864-a1354939db88 - - - - -] ssl_only = False log_opt_values /usr/lib/python3/dist-packages/oslo_config/cfg.py:2602
2025-04-17 00:43:00.133 125498 DEBUG oslo_service.service [req-bfb4bd12-4e20-4be4-a864-a1354939db88 - - - - -] state_path = /var/lib/nova log_opt_values /usr/lib/python3/dist-packages/oslo_config/cfg.py:2602
2025-04-17 00:43:00.133 125498 DEBUG oslo_service.service [req-bfb4bd12-4e20-4be4-a864-a1354939db88 - - - - -] sync_power_state_interval = 600 log_opt_values /usr/lib/python3/dist-packages/oslo_config/cfg.py:2602
2025-04-17 00:43:00.134 125498 DEBUG oslo_service.service [req-bfb4bd12-4e20-4be4-a864-a1354939db88 - - - - -] sync_power_state_pool_size = 1000 log_opt_values /usr/lib/python3/dist-packages/oslo_config/cfg.py:2602
2025-04-17 00:43:00.134 125498 DEBUG oslo_service.service [req-bfb4bd12-4e20-4be4-a864-a1354939db88 - - - - -] syslog_log_facility = LOG_USER log_opt_values /usr/lib/python3/dist-packages/oslo_config/cfg.py:2602
2025-04-17 00:43:00.135 125498 DEBUG oslo_service.service [req-bfb4bd12-4e20-4be4-a864-a1354939db88 - - - - -] tempdir = None log_opt_values /usr/lib/python3/dist-packages/oslo_config/cfg.py:2602
2025-04-17 00:43:00.135 125498 DEBUG oslo_service.service [req-bfb4bd12-4e20-4be4-a864-a1354939db88 - - - - -] timeout_nbd = 10 log_opt_values /usr/lib/python3/dist-packages/oslo_config/cfg.py:2602
2025-04-17 00:43:00.135 125498 DEBUG oslo_service.service [req-bfb4bd12-4e20-4be4-a864-a1354939db88 - - - - -] transport_url = **** log_opt_values /usr/lib/python3/dist-packages/oslo_config/cfg.py:2602
2025-04-17 00:43:00.138 125498 DEBUG oslo_service.service [req-bfb4bd12-4e20-4be4-a864-a1354939db88 - - - - -] update_resources_interval = 0 log_opt_values /usr/lib/python3/dist-packages/oslo_config/cfg.py:2602
2025-04-17 00:43:00.138 125498 DEBUG oslo_service.service [req-bfb4bd12-4e20-4be4-a864-a1354939db88 - - - - -] use_cow_images = True log_opt_values /usr/lib/python3/dist-packages/oslo_config/cfg.py:2602
2025-04-17 00:43:00.139 125498 DEBUG oslo_service.service [req-bfb4bd12-4e20-4be4-a864-a1354939db88 - - - - -] use_eventlog = False log_opt_values /usr/lib/python3/dist-packages/oslo_config/cfg.py:2602
2025-04-17 00:43:00.139 125498 DEBUG oslo_service.service [req-bfb4bd12-4e20-4be4-a864-a1354939db88 - - - - -] use_journal = False log_opt_values /usr/lib/python3/dist-packages/oslo_config/cfg.py:2602
2025-04-17 00:43:00.139 125498 DEBUG oslo_service.service [req-bfb4bd12-4e20-4be4-a864-a1354939db88 - - - - -] use_json = False log_opt_values /usr/lib/python3/dist-packages/oslo_config/cfg.py:2602
2025-04-17 00:43:00.139 125498 DEBUG oslo_service.service [req-bfb4bd12-4e20-4be4-a864-a1354939db88 - - - - -] use_rootwrap_daemon = False log_opt_values /usr/lib/python3/dist-packages/oslo_config/cfg.py:2602
2025-04-17 00:43:00.139 125498 DEBUG oslo_service.service [req-bfb4bd12-4e20-4be4-a864-a1354939db88 - - - - -] use_stderr = False log_opt_values /usr/lib/python3/dist-packages/oslo_config/cfg.py:2602
2025-04-17 00:43:00.140 125498 DEBUG oslo_service.service [req-bfb4bd12-4e20-4be4-a864-a1354939db88 - - - - -] use_syslog = False log_opt_values /usr/lib/python3/dist-packages/oslo_config/cfg.py:2602
2025-04-17 00:43:00.140 125498 DEBUG oslo_service.service [req-bfb4bd12-4e20-4be4-a864-a1354939db88 - - - - -] vcpu_pin_set = None log_opt_values /usr/lib/python3/dist-packages/oslo_config/cfg.py:2602
2025-04-17 00:43:00.140 125498 DEBUG oslo_service.service [req-bfb4bd12-4e20-4be4-a864-a1354939db88 - - - - -] vif_plugging_is_fatal = True log_opt_values /usr/lib/python3/dist-packages/oslo_config/cfg.py:2602
2025-04-17 00:43:00.140 125498 DEBUG oslo_service.service [req-bfb4bd12-4e20-4be4-a864-a1354939db88 - - - - -] vif_plugging_timeout = 300 log_opt_values /usr/lib/python3/dist-packages/oslo_config/cfg.py:2602
2025-04-17 00:43:00.140 125498 DEBUG oslo_service.service [req-bfb4bd12-4e20-4be4-a864-a1354939db88 - - - - -] virt_mkfs = [] log_opt_values /usr/lib/python3/dist-packages/oslo_config/cfg.py:2602
2025-04-17 00:43:00.140 125498 DEBUG oslo_service.service [req-bfb4bd12-4e20-4be4-a864-a1354939db88 - - - - -] volume_usage_poll_interval = 0 log_opt_values /usr/lib/python3/dist-packages/oslo_config/cfg.py:2602
2025-04-17 00:43:00.141 125498 DEBUG oslo_service.service [req-bfb4bd12-4e20-4be4-a864-a1354939db88 - - - - -] watch_log_file = False log_opt_values /usr/lib/python3/dist-packages/oslo_config/cfg.py:2602
2025-04-17 00:43:00.141 125498 DEBUG oslo_service.service [req-bfb4bd12-4e20-4be4-a864-a1354939db88 - - - - -] web = /usr/share/spice-html5 log_opt_values /usr/lib/python3/dist-packages/oslo_config/cfg.py:2602
2025-04-17 00:43:00.143 125498 DEBUG oslo_service.service [req-bfb4bd12-4e20-4be4-a864-a1354939db88 - - - - -] oslo_concurrency.disable_process_locking = False log_opt_values /usr/lib/python3/dist-packages/oslo_config/cfg.py:2609
2025-04-17 00:43:00.143 125498 DEBUG oslo_service.service [req-bfb4bd12-4e20-4be4-a864-a1354939db88 - - - - -] oslo_concurrency.lock_path = /var/lock/nova log_opt_values /usr/lib/python3/dist-packages/oslo_config/cfg.py:2609
2025-04-17 00:43:00.145 125498 WARNING oslo_config.cfg [req-bfb4bd12-4e20-4be4-a864-a1354939db88 - - - - -] Deprecated: Option "auth_strategy" from group "api" is deprecated for removal ( The only non-default choice, ``noauth2``, is for internal development and testing purposes only and should not be used in deployments. This option and its middleware, NoAuthMiddleware[V2_18], will be removed in a future release. ). Its value may be silently ignored in the future.
2025-04-17 00:43:00.148 125498 DEBUG oslo_service.service [req-bfb4bd12-4e20-4be4-a864-a1354939db88 - - - - -] api.auth_strategy = keystone log_opt_values /usr/lib/python3/dist-packages/oslo_config/cfg.py:2609
2025-04-17 00:43:00.148 125498 DEBUG oslo_service.service [req-bfb4bd12-4e20-4be4-a864-a1354939db88 - - - - -] api.compute_link_prefix = None log_opt_values /usr/lib/python3/dist-packages/oslo_config/cfg.py:2609
2025-04-17 00:43:00.149 125498 DEBUG oslo_service.service [req-bfb4bd12-4e20-4be4-a864-a1354939db88 - - - - -] api.config_drive_skip_versions = 1.0 2007-01-19 2007-03-01 2007-08-29 2007-10-10 2007-12-15 2008-02-01 2008-09-01 log_opt_values /usr/lib/python3/dist-packages/oslo_config/cfg.py:2609
2025-04-17 00:43:00.149 125498 DEBUG oslo_service.service [req-bfb4bd12-4e20-4be4-a864-a1354939db88 - - - - -] api.dhcp_domain = novalocal log_opt_values /usr/lib/python3/dist-packages/oslo_config/cfg.py:2609
2025-04-17 00:43:00.149 125498 DEBUG oslo_service.service [req-bfb4bd12-4e20-4be4-a864-a1354939db88 - - - - -] api.enable_instance_password = True log_opt_values /usr/lib/python3/dist-packages/oslo_config/cfg.py:2609
2025-04-17 00:43:00.149 125498 DEBUG oslo_service.service [req-bfb4bd12-4e20-4be4-a864-a1354939db88 - - - - -] api.glance_link_prefix = None log_opt_values /usr/lib/python3/dist-packages/oslo_config/cfg.py:2609
2025-04-17 00:43:00.150 125498 DEBUG oslo_service.service [req-bfb4bd12-4e20-4be4-a864-a1354939db88 - - - - -] api.instance_list_cells_batch_fixed_size = 100 log_opt_values /usr/lib/python3/dist-packages/oslo_config/cfg.py:2609
2025-04-17 00:43:00.150 125498 DEBUG oslo_service.service [req-bfb4bd12-4e20-4be4-a864-a1354939db88 - - - - -] api.instance_list_cells_batch_strategy = distributed log_opt_values /usr/lib/python3/dist-packages/oslo_config/cfg.py:2609
2025-04-17 00:43:00.150 125498 DEBUG oslo_service.service [req-bfb4bd12-4e20-4be4-a864-a1354939db88 - - - - -] api.instance_list_per_project_cells = False log_opt_values /usr/lib/python3/dist-packages/oslo_config/cfg.py:2609
2025-04-17 00:43:00.150 125498 DEBUG oslo_service.service [req-bfb4bd12-4e20-4be4-a864-a1354939db88 - - - - -] api.list_records_by_skipping_down_cells = True log_opt_values /usr/lib/python3/dist-packages/oslo_config/cfg.py:2609
2025-04-17 00:43:00.150 126320 DEBUG oslo_messaging._drivers.amqpdriver [-] Listener is running poll /usr/lib/python3/dist-packages/oslo_messaging/_drivers/amqpdriver.py:343
2025-04-17 00:43:00.150 125498 DEBUG oslo_service.service [req-bfb4bd12-4e20-4be4-a864-a1354939db88 - - - - -] api.local_metadata_per_cell = False log_opt_values /usr/lib/python3/dist-packages/oslo_config/cfg.py:2609
2025-04-17 00:43:00.151 126320 DEBUG oslo_messaging._drivers.amqpdriver [-] AMQPListener connection consume poll /usr/lib/python3/dist-packages/oslo_messaging/_drivers/amqpdriver.py:357
2025-04-17 00:43:00.151 125498 DEBUG oslo_service.service [req-bfb4bd12-4e20-4be4-a864-a1354939db88 - - - - -] api.max_limit = 1000 log_opt_values /usr/lib/python3/dist-packages/oslo_config/cfg.py:2609
2025-04-17 00:43:00.151 125498 DEBUG oslo_service.service [req-bfb4bd12-4e20-4be4-a864-a1354939db88 - - - - -] api.metadata_cache_expiration = 15 log_opt_values /usr/lib/python3/dist-packages/oslo_config/cfg.py:2609
2025-04-17 00:43:00.152 125498 DEBUG oslo_service.service [req-bfb4bd12-4e20-4be4-a864-a1354939db88 - - - - -] api.neutron_default_tenant_id = default log_opt_values /usr/lib/python3/dist-packages/oslo_config/cfg.py:2609
2025-04-17 00:43:00.152 125498 DEBUG oslo_service.service [req-bfb4bd12-4e20-4be4-a864-a1354939db88 - - - - -] api.use_forwarded_for = False log_opt_values /usr/lib/python3/dist-packages/oslo_config/cfg.py:2609
2025-04-17 00:43:00.153 125498 DEBUG oslo_service.service [req-bfb4bd12-4e20-4be4-a864-a1354939db88 - - - - -] api.use_neutron_default_nets = False log_opt_values /usr/lib/python3/dist-packages/oslo_config/cfg.py:2609
2025-04-17 00:43:00.154 126320 DEBUG nova.service [req-f1ce6971-74b8-4167-b5a9-3da614a9231c - - - - -] Join ServiceGroup membership for this service scheduler start /usr/lib/python3/dist-packages/nova/service.py:199
2025-04-17 00:43:00.154 126320 DEBUG nova.servicegroup.drivers.db [req-f1ce6971-74b8-4167-b5a9-3da614a9231c - - - - -] DB_Driver: join new ServiceGroup member juju-4bb83e-0-lxd-7 to the scheduler group, service = join /usr/lib/python3/dist-packages/nova/servicegroup/drivers/db.py:44
2025-04-17 00:43:00.153 125498 DEBUG oslo_service.service [req-bfb4bd12-4e20-4be4-a864-a1354939db88 - - - - -] api.vendordata_dynamic_connect_timeout = 5 log_opt_values /usr/lib/python3/dist-packages/oslo_config/cfg.py:2609
2025-04-17 00:43:00.155 125498 DEBUG oslo_service.service [req-bfb4bd12-4e20-4be4-a864-a1354939db88 - - - - -] api.vendordata_dynamic_failure_fatal = False log_opt_values /usr/lib/python3/dist-packages/oslo_config/cfg.py:2609
2025-04-17 00:43:00.155 125498 DEBUG oslo_service.service [req-bfb4bd12-4e20-4be4-a864-a1354939db88 - - - - -] api.vendordata_dynamic_read_timeout = 5 log_opt_values /usr/lib/python3/dist-packages/oslo_config/cfg.py:2609
2025-04-17 00:43:00.155 125498 DEBUG oslo_service.service [req-bfb4bd12-4e20-4be4-a864-a1354939db88 - - - - -] api.vendordata_dynamic_ssl_certfile = log_opt_values /usr/lib/python3/dist-packages/oslo_config/cfg.py:2609
2025-04-17 00:43:00.155 125498 DEBUG oslo_service.service [req-bfb4bd12-4e20-4be4-a864-a1354939db88 - - - - -] api.vendordata_dynamic_targets = [] log_opt_values /usr/lib/python3/dist-packages/oslo_config/cfg.py:2609
2025-04-17 00:43:00.156 125498 DEBUG oslo_service.service [req-bfb4bd12-4e20-4be4-a864-a1354939db88 - - - - -] api.vendordata_jsonfile_path = None log_opt_values /usr/lib/python3/dist-packages/oslo_config/cfg.py:2609
2025-04-17 00:43:00.156 125498 DEBUG oslo_service.service [req-bfb4bd12-4e20-4be4-a864-a1354939db88 - - - - -] api.vendordata_providers = ['StaticJSON'] log_opt_values /usr/lib/python3/dist-packages/oslo_config/cfg.py:2609
2025-04-17 00:43:00.156 125498 DEBUG oslo_service.service [req-bfb4bd12-4e20-4be4-a864-a1354939db88 - - - - -] cache.backend = dogpile.cache.null log_opt_values /usr/lib/python3/dist-packages/oslo_config/cfg.py:2609
2025-04-17 00:43:00.156 126320 DEBUG oslo_messaging._drivers.amqpdriver [-] AMQPListener connection timeout poll /usr/lib/python3/dist-packages/oslo_messaging/_drivers/amqpdriver.py:360
2025-04-17 00:43:00.156 126320 DEBUG oslo_messaging._drivers.amqpdriver [-] Listener is running poll /usr/lib/python3/dist-packages/oslo_messaging/_drivers/amqpdriver.py:343
2025-04-17 00:43:00.156 125498 DEBUG oslo_service.service [req-bfb4bd12-4e20-4be4-a864-a1354939db88 - - - - -] cache.backend_argument = **** log_opt_values /usr/lib/python3/dist-packages/oslo_config/cfg.py:2609
2025-04-17 00:43:00.156 126320 DEBUG oslo_messaging._drivers.amqpdriver [-] AMQPListener connection consume poll /usr/lib/python3/dist-packages/oslo_messaging/_drivers/amqpdriver.py:357
2025-04-17 00:43:00.156 125498 DEBUG oslo_service.service [req-bfb4bd12-4e20-4be4-a864-a1354939db88 - - - - -] cache.config_prefix = cache.oslo log_opt_values /usr/lib/python3/dist-packages/oslo_config/cfg.py:2609
2025-04-17 00:43:00.157 125498 DEBUG oslo_service.service [req-bfb4bd12-4e20-4be4-a864-a1354939db88 - - - - -] cache.debug_cache_backend = False log_opt_values /usr/lib/python3/dist-packages/oslo_config/cfg.py:2609
2025-04-17 00:43:00.157 126318 DEBUG oslo_messaging._drivers.amqpdriver [-] Listener is running poll /usr/lib/python3/dist-packages/oslo_messaging/_drivers/amqpdriver.py:343
2025-04-17 00:43:00.157 125498 DEBUG oslo_service.service [req-bfb4bd12-4e20-4be4-a864-a1354939db88 - - - - -] cache.enabled = False log_opt_values /usr/lib/python3/dist-packages/oslo_config/cfg.py:2609
2025-04-17 00:43:00.157 126318 DEBUG oslo_messaging._drivers.amqpdriver [-] AMQPListener connection consume poll /usr/lib/python3/dist-packages/oslo_messaging/_drivers/amqpdriver.py:357
2025-04-17 00:43:00.157 125498 DEBUG oslo_service.service [req-bfb4bd12-4e20-4be4-a864-a1354939db88 - - - - -] cache.expiration_time = 600 log_opt_values /usr/lib/python3/dist-packages/oslo_config/cfg.py:2609
2025-04-17 00:43:00.157 125498 DEBUG oslo_service.service [req-bfb4bd12-4e20-4be4-a864-a1354939db88 - - - - -] cache.memcache_dead_retry = 300 log_opt_values /usr/lib/python3/dist-packages/oslo_config/cfg.py:2609
2025-04-17 00:43:00.158 125498 DEBUG oslo_service.service [req-bfb4bd12-4e20-4be4-a864-a1354939db88 - - - - -] cache.memcache_pool_connection_get_timeout = 10 log_opt_values /usr/lib/python3/dist-packages/oslo_config/cfg.py:2609
2025-04-17 00:43:00.158 125498 DEBUG oslo_service.service [req-bfb4bd12-4e20-4be4-a864-a1354939db88 - - - - -] cache.memcache_pool_flush_on_reconnect = False log_opt_values /usr/lib/python3/dist-packages/oslo_config/cfg.py:2609
2025-04-17 00:43:00.158 125498 DEBUG oslo_service.service [req-bfb4bd12-4e20-4be4-a864-a1354939db88 - - - - -] cache.memcache_pool_maxsize = 10 log_opt_values /usr/lib/python3/dist-packages/oslo_config/cfg.py:2609
2025-04-17 00:43:00.158 125498 DEBUG oslo_service.service [req-bfb4bd12-4e20-4be4-a864-a1354939db88 - - - - -] cache.memcache_pool_unused_timeout = 60 log_opt_values /usr/lib/python3/dist-packages/oslo_config/cfg.py:2609
2025-04-17 00:43:00.158 125498 DEBUG oslo_service.service [req-bfb4bd12-4e20-4be4-a864-a1354939db88 - - - - -] cache.memcache_servers = ['localhost:11211'] log_opt_values /usr/lib/python3/dist-packages/oslo_config/cfg.py:2609
2025-04-17 00:43:00.159 125498 DEBUG oslo_service.service [req-bfb4bd12-4e20-4be4-a864-a1354939db88 - - - - -] cache.memcache_socket_timeout = 1.0 log_opt_values /usr/lib/python3/dist-packages/oslo_config/cfg.py:2609
2025-04-17 00:43:00.159 125498 DEBUG oslo_service.service [req-bfb4bd12-4e20-4be4-a864-a1354939db88 - - - - -] cache.proxies = [] log_opt_values /usr/lib/python3/dist-packages/oslo_config/cfg.py:2609
2025-04-17 00:43:00.158 126318 DEBUG nova.service [req-3ad1ab8a-3ad9-4e8b-ae08-49379047ca55 - - - - -] Join ServiceGroup membership for this service scheduler start /usr/lib/python3/dist-packages/nova/service.py:199
2025-04-17 00:43:00.159 125498 DEBUG oslo_service.service [req-bfb4bd12-4e20-4be4-a864-a1354939db88 - - - - -] cache.tls_allowed_ciphers = None log_opt_values /usr/lib/python3/dist-packages/oslo_config/cfg.py:2609
2025-04-17 00:43:00.159 125498 DEBUG oslo_service.service [req-bfb4bd12-4e20-4be4-a864-a1354939db88 - - - - -] cache.tls_cafile = None log_opt_values /usr/lib/python3/dist-packages/oslo_config/cfg.py:2609
2025-04-17 00:43:00.160 125498 DEBUG oslo_service.service [req-bfb4bd12-4e20-4be4-a864-a1354939db88 - - - - -] cache.tls_certfile = None log_opt_values /usr/lib/python3/dist-packages/oslo_config/cfg.py:2609
2025-04-17 00:43:00.160 126318 DEBUG nova.servicegroup.drivers.db [req-3ad1ab8a-3ad9-4e8b-ae08-49379047ca55 - - - - -] DB_Driver: join new ServiceGroup member juju-4bb83e-0-lxd-7 to the scheduler group, service = join /usr/lib/python3/dist-packages/nova/servicegroup/drivers/db.py:44
2025-04-17 00:43:00.160 125498 DEBUG oslo_service.service [req-bfb4bd12-4e20-4be4-a864-a1354939db88 - - - - -] cache.tls_enabled = False log_opt_values /usr/lib/python3/dist-packages/oslo_config/cfg.py:2609
2025-04-17 00:43:00.160 125498 DEBUG oslo_service.service [req-bfb4bd12-4e20-4be4-a864-a1354939db88 - - - - -] cache.tls_keyfile = None log_opt_values /usr/lib/python3/dist-packages/oslo_config/cfg.py:2609
2025-04-17 00:43:00.160 125498 DEBUG oslo_service.service [req-bfb4bd12-4e20-4be4-a864-a1354939db88 - - - - -] cinder.auth_section = None log_opt_values /usr/lib/python3/dist-packages/oslo_config/cfg.py:2609
2025-04-17 00:43:00.161 125498 DEBUG oslo_service.service [req-bfb4bd12-4e20-4be4-a864-a1354939db88 - - - - -] cinder.auth_type = None log_opt_values /usr/lib/python3/dist-packages/oslo_config/cfg.py:2609
2025-04-17 00:43:00.161 125498 DEBUG oslo_service.service [req-bfb4bd12-4e20-4be4-a864-a1354939db88 - - - - -] cinder.cafile = None log_opt_values /usr/lib/python3/dist-packages/oslo_config/cfg.py:2609
2025-04-17 00:43:00.161 125498 DEBUG oslo_service.service [req-bfb4bd12-4e20-4be4-a864-a1354939db88 - - - - -] cinder.catalog_info = volumev3::publicURL log_opt_values /usr/lib/python3/dist-packages/oslo_config/cfg.py:2609
2025-04-17 00:43:00.161 125498 DEBUG oslo_service.service [req-bfb4bd12-4e20-4be4-a864-a1354939db88 - - - - -] cinder.certfile = None log_opt_values /usr/lib/python3/dist-packages/oslo_config/cfg.py:2609
2025-04-17 00:43:00.161 125498 DEBUG oslo_service.service [req-bfb4bd12-4e20-4be4-a864-a1354939db88 - - - - -] cinder.collect_timing = False log_opt_values /usr/lib/python3/dist-packages/oslo_config/cfg.py:2609
2025-04-17 00:43:00.162 125498 DEBUG oslo_service.service [req-bfb4bd12-4e20-4be4-a864-a1354939db88 - - - - -] cinder.cross_az_attach = True log_opt_values /usr/lib/python3/dist-packages/oslo_config/cfg.py:2609
2025-04-17 00:43:00.162 125498 DEBUG oslo_service.service [req-bfb4bd12-4e20-4be4-a864-a1354939db88 - - - - -] cinder.debug = False log_opt_values /usr/lib/python3/dist-packages/oslo_config/cfg.py:2609
2025-04-17 00:43:00.162 125498 DEBUG oslo_service.service [req-bfb4bd12-4e20-4be4-a864-a1354939db88 - - - - -] cinder.endpoint_template = None log_opt_values /usr/lib/python3/dist-packages/oslo_config/cfg.py:2609
2025-04-17 00:43:00.162 125498 DEBUG oslo_service.service [req-bfb4bd12-4e20-4be4-a864-a1354939db88 - - - - -] cinder.http_retries = 3 log_opt_values /usr/lib/python3/dist-packages/oslo_config/cfg.py:2609
2025-04-17 00:43:00.162 125498 DEBUG oslo_service.service [req-bfb4bd12-4e20-4be4-a864-a1354939db88 - - - - -] cinder.insecure = False log_opt_values /usr/lib/python3/dist-packages/oslo_config/cfg.py:2609
2025-04-17 00:43:00.162 125498 DEBUG oslo_service.service [req-bfb4bd12-4e20-4be4-a864-a1354939db88 - - - - -] cinder.keyfile = None log_opt_values /usr/lib/python3/dist-packages/oslo_config/cfg.py:2609
2025-04-17 00:43:00.163 125498 DEBUG oslo_service.service [req-bfb4bd12-4e20-4be4-a864-a1354939db88 - - - - -] cinder.os_region_name = None log_opt_values /usr/lib/python3/dist-packages/oslo_config/cfg.py:2609
2025-04-17 00:43:00.163 125498 DEBUG oslo_service.service [req-bfb4bd12-4e20-4be4-a864-a1354939db88 - - - - -] cinder.split_loggers = False log_opt_values /usr/lib/python3/dist-packages/oslo_config/cfg.py:2609
2025-04-17 00:43:00.163 125498 DEBUG oslo_service.service [req-bfb4bd12-4e20-4be4-a864-a1354939db88 - - - - -] cinder.timeout = None log_opt_values /usr/lib/python3/dist-packages/oslo_config/cfg.py:2609
2025-04-17 00:43:00.163 125498 DEBUG oslo_service.service [req-bfb4bd12-4e20-4be4-a864-a1354939db88 - - - - -] compute.consecutive_build_service_disable_threshold = 10 log_opt_values /usr/lib/python3/dist-packages/oslo_config/cfg.py:2609
2025-04-17 00:43:00.163 125498 DEBUG oslo_service.service [req-bfb4bd12-4e20-4be4-a864-a1354939db88 - - - - -] compute.cpu_dedicated_set = None log_opt_values /usr/lib/python3/dist-packages/oslo_config/cfg.py:2609
2025-04-17 00:43:00.164 125498 DEBUG oslo_service.service [req-bfb4bd12-4e20-4be4-a864-a1354939db88 - - - - -] compute.cpu_shared_set = None log_opt_values /usr/lib/python3/dist-packages/oslo_config/cfg.py:2609
2025-04-17 00:43:00.164 125498 DEBUG oslo_service.service [req-bfb4bd12-4e20-4be4-a864-a1354939db88 - - - - -] compute.image_type_exclude_list = [] log_opt_values /usr/lib/python3/dist-packages/oslo_config/cfg.py:2609
2025-04-17 00:43:00.164 125498 DEBUG oslo_service.service [req-bfb4bd12-4e20-4be4-a864-a1354939db88 - - - - -] compute.live_migration_wait_for_vif_plug = True log_opt_values /usr/lib/python3/dist-packages/oslo_config/cfg.py:2609
2025-04-17 00:43:00.164 125498 DEBUG oslo_service.service [req-bfb4bd12-4e20-4be4-a864-a1354939db88 - - - - -] compute.max_concurrent_disk_ops = 0 log_opt_values /usr/lib/python3/dist-packages/oslo_config/cfg.py:2609
2025-04-17 00:43:00.165 125498 DEBUG oslo_service.service [req-bfb4bd12-4e20-4be4-a864-a1354939db88 - - - - -] compute.max_disk_devices_to_attach = -1 log_opt_values /usr/lib/python3/dist-packages/oslo_config/cfg.py:2609
2025-04-17 00:43:00.165 125498 DEBUG oslo_service.service [req-bfb4bd12-4e20-4be4-a864-a1354939db88 - - - - -] compute.packing_host_numa_cells_allocation_strategy = True log_opt_values /usr/lib/python3/dist-packages/oslo_config/cfg.py:2609
2025-04-17 00:43:00.165 125498 DEBUG oslo_service.service [req-bfb4bd12-4e20-4be4-a864-a1354939db88 - - - - -] compute.provider_config_location = /etc/nova/provider_config/ log_opt_values /usr/lib/python3/dist-packages/oslo_config/cfg.py:2609
2025-04-17 00:43:00.165 125498 DEBUG oslo_service.service [req-bfb4bd12-4e20-4be4-a864-a1354939db88 - - - - -] compute.resource_provider_association_refresh = 300 log_opt_values /usr/lib/python3/dist-packages/oslo_config/cfg.py:2609
2025-04-17 00:43:00.166 125498 DEBUG oslo_service.service [req-bfb4bd12-4e20-4be4-a864-a1354939db88 - - - - -] compute.shutdown_retry_interval = 10 log_opt_values /usr/lib/python3/dist-packages/oslo_config/cfg.py:2609
2025-04-17 00:43:00.165 126313 DEBUG oslo_messaging._drivers.amqpdriver [-] Listener is running poll /usr/lib/python3/dist-packages/oslo_messaging/_drivers/amqpdriver.py:343
2025-04-17 00:43:00.166 125498 DEBUG oslo_service.service [req-bfb4bd12-4e20-4be4-a864-a1354939db88 - - - - -] compute.vmdk_allowed_types = ['streamOptimized', 'monolithicSparse'] log_opt_values /usr/lib/python3/dist-packages/oslo_config/cfg.py:2609
2025-04-17 00:43:00.166 126313 DEBUG oslo_messaging._drivers.amqpdriver [-] AMQPListener connection consume poll /usr/lib/python3/dist-packages/oslo_messaging/_drivers/amqpdriver.py:357
2025-04-17 00:43:00.166 125498 DEBUG oslo_service.service [req-bfb4bd12-4e20-4be4-a864-a1354939db88 - - - - -] conductor.workers = 4 log_opt_values /usr/lib/python3/dist-packages/oslo_config/cfg.py:2609
2025-04-17 00:43:00.166 125498 DEBUG oslo_service.service [req-bfb4bd12-4e20-4be4-a864-a1354939db88 - - - - -] console.allowed_origins = [] log_opt_values /usr/lib/python3/dist-packages/oslo_config/cfg.py:2609
2025-04-17 00:43:00.166 125498 DEBUG oslo_service.service [req-bfb4bd12-4e20-4be4-a864-a1354939db88 - - - - -] console.ssl_ciphers = None log_opt_values /usr/lib/python3/dist-packages/oslo_config/cfg.py:2609
2025-04-17 00:43:00.166 126318 DEBUG oslo_messaging._drivers.amqpdriver [-] AMQPListener connection timeout poll /usr/lib/python3/dist-packages/oslo_messaging/_drivers/amqpdriver.py:360
2025-04-17 00:43:00.166 126318 DEBUG oslo_messaging._drivers.amqpdriver [-] Listener is running poll /usr/lib/python3/dist-packages/oslo_messaging/_drivers/amqpdriver.py:343
2025-04-17 00:43:00.166 125498 DEBUG oslo_service.service [req-bfb4bd12-4e20-4be4-a864-a1354939db88 - - - - -] console.ssl_minimum_version = default log_opt_values /usr/lib/python3/dist-packages/oslo_config/cfg.py:2609
2025-04-17 00:43:00.167 126318 DEBUG oslo_messaging._drivers.amqpdriver [-] AMQPListener connection consume poll /usr/lib/python3/dist-packages/oslo_messaging/_drivers/amqpdriver.py:357
2025-04-17 00:43:00.167 125498 DEBUG oslo_service.service [req-bfb4bd12-4e20-4be4-a864-a1354939db88 - - - - -] consoleauth.token_ttl = 600 log_opt_values /usr/lib/python3/dist-packages/oslo_config/cfg.py:2609
2025-04-17 00:43:00.166 126313 DEBUG nova.service [req-488c4601-803a-4d23-b978-b91d95101bea - - - - -] Join ServiceGroup membership for this service scheduler start /usr/lib/python3/dist-packages/nova/service.py:199
2025-04-17 00:43:00.167 125498 DEBUG oslo_service.service [req-bfb4bd12-4e20-4be4-a864-a1354939db88 - - - - -] cyborg.cafile = None log_opt_values /usr/lib/python3/dist-packages/oslo_config/cfg.py:2609
2025-04-17 00:43:00.167 126313 DEBUG nova.servicegroup.drivers.db [req-488c4601-803a-4d23-b978-b91d95101bea - - - - -] DB_Driver: join new ServiceGroup member juju-4bb83e-0-lxd-7 to the scheduler group, service = join /usr/lib/python3/dist-packages/nova/servicegroup/drivers/db.py:44
2025-04-17 00:43:00.167 125498 DEBUG oslo_service.service [req-bfb4bd12-4e20-4be4-a864-a1354939db88 - - - - -] cyborg.certfile = None log_opt_values /usr/lib/python3/dist-packages/oslo_config/cfg.py:2609
2025-04-17 00:43:00.167 125498 DEBUG oslo_service.service [req-bfb4bd12-4e20-4be4-a864-a1354939db88 - - - - -] cyborg.collect_timing = False log_opt_values /usr/lib/python3/dist-packages/oslo_config/cfg.py:2609
2025-04-17 00:43:00.167 125498 DEBUG oslo_service.service [req-bfb4bd12-4e20-4be4-a864-a1354939db88 - - - - -] cyborg.connect_retries = None log_opt_values /usr/lib/python3/dist-packages/oslo_config/cfg.py:2609
2025-04-17 00:43:00.168 125498 DEBUG oslo_service.service [req-bfb4bd12-4e20-4be4-a864-a1354939db88 - - - - -] cyborg.connect_retry_delay = None log_opt_values /usr/lib/python3/dist-packages/oslo_config/cfg.py:2609
2025-04-17 00:43:00.168 125498 DEBUG oslo_service.service [req-bfb4bd12-4e20-4be4-a864-a1354939db88 - - - - -] cyborg.endpoint_override = None log_opt_values /usr/lib/python3/dist-packages/oslo_config/cfg.py:2609
2025-04-17 00:43:00.168 125498 DEBUG oslo_service.service [req-bfb4bd12-4e20-4be4-a864-a1354939db88 - - - - -] cyborg.insecure = False log_opt_values /usr/lib/python3/dist-packages/oslo_config/cfg.py:2609
2025-04-17 00:43:00.168 125498 DEBUG oslo_service.service [req-bfb4bd12-4e20-4be4-a864-a1354939db88 - - - - -] cyborg.keyfile = None log_opt_values /usr/lib/python3/dist-packages/oslo_config/cfg.py:2609
2025-04-17 00:43:00.168 125498 DEBUG oslo_service.service [req-bfb4bd12-4e20-4be4-a864-a1354939db88 - - - - -] cyborg.max_version = None log_opt_values /usr/lib/python3/dist-packages/oslo_config/cfg.py:2609
2025-04-17 00:43:00.169 125498 DEBUG oslo_service.service [req-bfb4bd12-4e20-4be4-a864-a1354939db88 - - - - -] cyborg.min_version = None log_opt_values /usr/lib/python3/dist-packages/oslo_config/cfg.py:2609
2025-04-17 00:43:00.169 125498 DEBUG oslo_service.service [req-bfb4bd12-4e20-4be4-a864-a1354939db88 - - - - -] cyborg.region_name = None log_opt_values /usr/lib/python3/dist-packages/oslo_config/cfg.py:2609
2025-04-17 00:43:00.169 125498 DEBUG oslo_service.service [req-bfb4bd12-4e20-4be4-a864-a1354939db88 - - - - -] cyborg.service_name = None log_opt_values /usr/lib/python3/dist-packages/oslo_config/cfg.py:2609
2025-04-17 00:43:00.169 125498 DEBUG oslo_service.service [req-bfb4bd12-4e20-4be4-a864-a1354939db88 - - - - -] cyborg.service_type = accelerator log_opt_values /usr/lib/python3/dist-packages/oslo_config/cfg.py:2609
2025-04-17 00:43:00.170 125498 DEBUG oslo_service.service [req-bfb4bd12-4e20-4be4-a864-a1354939db88 - - - - -] cyborg.split_loggers = False log_opt_values /usr/lib/python3/dist-packages/oslo_config/cfg.py:2609
2025-04-17 00:43:00.170 125498 DEBUG oslo_service.service [req-bfb4bd12-4e20-4be4-a864-a1354939db88 - - - - -] cyborg.status_code_retries = None log_opt_values /usr/lib/python3/dist-packages/oslo_config/cfg.py:2609
2025-04-17 00:43:00.170 125498 DEBUG oslo_service.service [req-bfb4bd12-4e20-4be4-a864-a1354939db88 - - - - -] cyborg.status_code_retry_delay = None log_opt_values /usr/lib/python3/dist-packages/oslo_config/cfg.py:2609
2025-04-17 00:43:00.170 126313 DEBUG oslo_messaging._drivers.amqpdriver [-] AMQPListener connection timeout poll /usr/lib/python3/dist-packages/oslo_messaging/_drivers/amqpdriver.py:360
2025-04-17 00:43:00.170 126313 DEBUG oslo_messaging._drivers.amqpdriver [-] Listener is running poll /usr/lib/python3/dist-packages/oslo_messaging/_drivers/amqpdriver.py:343
