2025-04-17 00:41:41.569 119367 DEBUG oslo_service.service [req-6e94ff4b-eda2-47e9-8192-ee045d916122 - - - - -] placement.user_id = None log_opt_values /usr/lib/python3/dist-packages/oslo_config/cfg.py:2609
2025-04-17 00:41:41.569 119367 DEBUG oslo_service.service [req-6e94ff4b-eda2-47e9-8192-ee045d916122 - - - - -] placement.username = nova log_opt_values /usr/lib/python3/dist-packages/oslo_config/cfg.py:2609
2025-04-17 00:41:41.570 119367 DEBUG oslo_service.service [req-6e94ff4b-eda2-47e9-8192-ee045d916122 - - - - -] placement.valid_interfaces = ['internal', 'public'] log_opt_values /usr/lib/python3/dist-packages/oslo_config/cfg.py:2609
2025-04-17 00:41:41.570 119367 DEBUG oslo_service.service [req-6e94ff4b-eda2-47e9-8192-ee045d916122 - - - - -] placement.version = None log_opt_values /usr/lib/python3/dist-packages/oslo_config/cfg.py:2609
2025-04-17 00:41:41.570 119367 DEBUG oslo_service.service [req-6e94ff4b-eda2-47e9-8192-ee045d916122 - - - - -] powervm.disk_driver = localdisk log_opt_values /usr/lib/python3/dist-packages/oslo_config/cfg.py:2609
2025-04-17 00:41:41.570 119367 DEBUG oslo_service.service [req-6e94ff4b-eda2-47e9-8192-ee045d916122 - - - - -] powervm.proc_units_factor = 0.1 log_opt_values /usr/lib/python3/dist-packages/oslo_config/cfg.py:2609
2025-04-17 00:41:41.570 119367 DEBUG oslo_service.service [req-6e94ff4b-eda2-47e9-8192-ee045d916122 - - - - -] powervm.volume_group_name = log_opt_values /usr/lib/python3/dist-packages/oslo_config/cfg.py:2609
2025-04-17 00:41:41.571 119367 DEBUG oslo_service.service [req-6e94ff4b-eda2-47e9-8192-ee045d916122 - - - - -] quota.cores = 20 log_opt_values /usr/lib/python3/dist-packages/oslo_config/cfg.py:2609
2025-04-17 00:41:41.571 119367 DEBUG oslo_service.service [req-6e94ff4b-eda2-47e9-8192-ee045d916122 - - - - -] quota.count_usage_from_placement = False log_opt_values /usr/lib/python3/dist-packages/oslo_config/cfg.py:2609
2025-04-17 00:41:41.571 119367 DEBUG oslo_service.service [req-6e94ff4b-eda2-47e9-8192-ee045d916122 - - - - -] quota.driver = nova.quota.DbQuotaDriver log_opt_values /usr/lib/python3/dist-packages/oslo_config/cfg.py:2609
2025-04-17 00:41:41.572 119367 DEBUG oslo_service.service [req-6e94ff4b-eda2-47e9-8192-ee045d916122 - - - - -] quota.injected_file_content_bytes = 10240 log_opt_values /usr/lib/python3/dist-packages/oslo_config/cfg.py:2609
2025-04-17 00:41:41.572 119367 DEBUG oslo_service.service [req-6e94ff4b-eda2-47e9-8192-ee045d916122 - - - - -] quota.injected_file_path_length = 255 log_opt_values /usr/lib/python3/dist-packages/oslo_config/cfg.py:2609
2025-04-17 00:41:41.572 119367 DEBUG oslo_service.service [req-6e94ff4b-eda2-47e9-8192-ee045d916122 - - - - -] quota.injected_files = 5 log_opt_values /usr/lib/python3/dist-packages/oslo_config/cfg.py:2609
2025-04-17 00:41:41.572 119367 DEBUG oslo_service.service [req-6e94ff4b-eda2-47e9-8192-ee045d916122 - - - - -] quota.instances = 10 log_opt_values /usr/lib/python3/dist-packages/oslo_config/cfg.py:2609
2025-04-17 00:41:41.573 119367 DEBUG oslo_service.service [req-6e94ff4b-eda2-47e9-8192-ee045d916122 - - - - -] quota.key_pairs = 100 log_opt_values /usr/lib/python3/dist-packages/oslo_config/cfg.py:2609
2025-04-17 00:41:41.573 119367 DEBUG oslo_service.service [req-6e94ff4b-eda2-47e9-8192-ee045d916122 - - - - -] quota.metadata_items = 128 log_opt_values /usr/lib/python3/dist-packages/oslo_config/cfg.py:2609
2025-04-17 00:41:41.573 119367 DEBUG oslo_service.service [req-6e94ff4b-eda2-47e9-8192-ee045d916122 - - - - -] quota.ram = 51200 log_opt_values /usr/lib/python3/dist-packages/oslo_config/cfg.py:2609
2025-04-17 00:41:41.573 119367 DEBUG oslo_service.service [req-6e94ff4b-eda2-47e9-8192-ee045d916122 - - - - -] quota.recheck_quota = True log_opt_values /usr/lib/python3/dist-packages/oslo_config/cfg.py:2609
2025-04-17 00:41:41.574 119367 DEBUG oslo_service.service [req-6e94ff4b-eda2-47e9-8192-ee045d916122 - - - - -] quota.server_group_members = 10 log_opt_values /usr/lib/python3/dist-packages/oslo_config/cfg.py:2609
2025-04-17 00:41:41.574 119367 DEBUG oslo_service.service [req-6e94ff4b-eda2-47e9-8192-ee045d916122 - - - - -] quota.server_groups = 10 log_opt_values /usr/lib/python3/dist-packages/oslo_config/cfg.py:2609
2025-04-17 00:41:41.574 119367 DEBUG oslo_service.service [req-6e94ff4b-eda2-47e9-8192-ee045d916122 - - - - -] rdp.enabled = False log_opt_values /usr/lib/python3/dist-packages/oslo_config/cfg.py:2609
2025-04-17 00:41:41.574 119367 DEBUG oslo_service.service [req-6e94ff4b-eda2-47e9-8192-ee045d916122 - - - - -] rdp.html5_proxy_base_url = http://127.0.0.1:6083/ log_opt_values /usr/lib/python3/dist-packages/oslo_config/cfg.py:2609
2025-04-17 00:41:41.577 120886 DEBUG nova.service [req-f40085f9-a5f7-424c-8321-60a910e44cac - - - - -] Creating RPC server for service scheduler start /usr/lib/python3/dist-packages/nova/service.py:182
2025-04-17 00:41:41.588 119367 DEBUG oslo_service.service [req-6e94ff4b-eda2-47e9-8192-ee045d916122 - - - - -] scheduler.discover_hosts_in_cells_interval = 30 log_opt_values /usr/lib/python3/dist-packages/oslo_config/cfg.py:2609
2025-04-17 00:41:41.588 119367 DEBUG oslo_service.service [req-6e94ff4b-eda2-47e9-8192-ee045d916122 - - - - -] scheduler.enable_isolated_aggregate_filtering = False log_opt_values /usr/lib/python3/dist-packages/oslo_config/cfg.py:2609
2025-04-17 00:41:41.588 119367 DEBUG oslo_service.service [req-6e94ff4b-eda2-47e9-8192-ee045d916122 - - - - -] scheduler.image_metadata_prefilter = False log_opt_values /usr/lib/python3/dist-packages/oslo_config/cfg.py:2609
2025-04-17 00:41:41.588 119367 DEBUG oslo_service.service [req-6e94ff4b-eda2-47e9-8192-ee045d916122 - - - - -] scheduler.limit_tenants_to_placement_aggregate = False log_opt_values /usr/lib/python3/dist-packages/oslo_config/cfg.py:2609
2025-04-17 00:41:41.589 119367 DEBUG oslo_service.service [req-6e94ff4b-eda2-47e9-8192-ee045d916122 - - - - -] scheduler.max_attempts = 3 log_opt_values /usr/lib/python3/dist-packages/oslo_config/cfg.py:2609
2025-04-17 00:41:41.589 119367 DEBUG oslo_service.service [req-6e94ff4b-eda2-47e9-8192-ee045d916122 - - - - -] scheduler.max_placement_results = 1000 log_opt_values /usr/lib/python3/dist-packages/oslo_config/cfg.py:2609
2025-04-17 00:41:41.589 119367 DEBUG oslo_service.service [req-6e94ff4b-eda2-47e9-8192-ee045d916122 - - - - -] scheduler.placement_aggregate_required_for_tenants = False log_opt_values /usr/lib/python3/dist-packages/oslo_config/cfg.py:2609
2025-04-17 00:41:41.589 119367 DEBUG oslo_service.service [req-6e94ff4b-eda2-47e9-8192-ee045d916122 - - - - -] scheduler.query_placement_for_availability_zone = True log_opt_values /usr/lib/python3/dist-packages/oslo_config/cfg.py:2609
2025-04-17 00:41:41.590 119367 DEBUG oslo_service.service [req-6e94ff4b-eda2-47e9-8192-ee045d916122 - - - - -] scheduler.query_placement_for_image_type_support = False log_opt_values /usr/lib/python3/dist-packages/oslo_config/cfg.py:2609
2025-04-17 00:41:41.590 119367 DEBUG oslo_service.service [req-6e94ff4b-eda2-47e9-8192-ee045d916122 - - - - -] scheduler.query_placement_for_routed_network_aggregates = False log_opt_values /usr/lib/python3/dist-packages/oslo_config/cfg.py:2609
2025-04-17 00:41:41.590 119367 DEBUG oslo_service.service [req-6e94ff4b-eda2-47e9-8192-ee045d916122 - - - - -] scheduler.workers = 4 log_opt_values /usr/lib/python3/dist-packages/oslo_config/cfg.py:2609
2025-04-17 00:41:41.590 119367 DEBUG oslo_service.service [req-6e94ff4b-eda2-47e9-8192-ee045d916122 - - - - -] filter_scheduler.aggregate_image_properties_isolation_namespace = None log_opt_values /usr/lib/python3/dist-packages/oslo_config/cfg.py:2609
2025-04-17 00:41:41.591 119367 DEBUG oslo_service.service [req-6e94ff4b-eda2-47e9-8192-ee045d916122 - - - - -] filter_scheduler.aggregate_image_properties_isolation_separator = . log_opt_values /usr/lib/python3/dist-packages/oslo_config/cfg.py:2609
2025-04-17 00:41:41.591 119367 DEBUG oslo_service.service [req-6e94ff4b-eda2-47e9-8192-ee045d916122 - - - - -] filter_scheduler.available_filters = ['nova.scheduler.filters.all_filters'] log_opt_values /usr/lib/python3/dist-packages/oslo_config/cfg.py:2609
2025-04-17 00:41:41.592 119367 DEBUG oslo_service.service [req-6e94ff4b-eda2-47e9-8192-ee045d916122 - - - - -] filter_scheduler.build_failure_weight_multiplier = 0.0 log_opt_values /usr/lib/python3/dist-packages/oslo_config/cfg.py:2609
2025-04-17 00:41:41.592 119367 DEBUG oslo_service.service [req-6e94ff4b-eda2-47e9-8192-ee045d916122 - - - - -] filter_scheduler.cpu_weight_multiplier = 1.0 log_opt_values /usr/lib/python3/dist-packages/oslo_config/cfg.py:2609
2025-04-17 00:41:41.592 119367 DEBUG oslo_service.service [req-6e94ff4b-eda2-47e9-8192-ee045d916122 - - - - -] filter_scheduler.cross_cell_move_weight_multiplier = 1000000.0 log_opt_values /usr/lib/python3/dist-packages/oslo_config/cfg.py:2609
2025-04-17 00:41:41.592 119367 DEBUG oslo_service.service [req-6e94ff4b-eda2-47e9-8192-ee045d916122 - - - - -] filter_scheduler.disk_weight_multiplier = 1.0 log_opt_values /usr/lib/python3/dist-packages/oslo_config/cfg.py:2609
2025-04-17 00:41:41.593 119367 DEBUG oslo_service.service [req-6e94ff4b-eda2-47e9-8192-ee045d916122 - - - - -] filter_scheduler.enabled_filters = ['AvailabilityZoneFilter', 'ComputeFilter', 'ComputeCapabilitiesFilter', 'ImagePropertiesFilter', 'ServerGroupAntiAffinityFilter', 'ServerGroupAffinityFilter', 'DifferentHostFilter', 'SameHostFilter'] log_opt_values /usr/lib/python3/dist-packages/oslo_config/cfg.py:2609
2025-04-17 00:41:41.593 119367 DEBUG oslo_service.service [req-6e94ff4b-eda2-47e9-8192-ee045d916122 - - - - -] filter_scheduler.host_subset_size = 1 log_opt_values /usr/lib/python3/dist-packages/oslo_config/cfg.py:2609
2025-04-17 00:41:41.594 119367 DEBUG oslo_service.service [req-6e94ff4b-eda2-47e9-8192-ee045d916122 - - - - -] filter_scheduler.image_properties_default_architecture = None log_opt_values /usr/lib/python3/dist-packages/oslo_config/cfg.py:2609
2025-04-17 00:41:41.594 119367 DEBUG oslo_service.service [req-6e94ff4b-eda2-47e9-8192-ee045d916122 - - - - -] filter_scheduler.io_ops_weight_multiplier = -1.0 log_opt_values /usr/lib/python3/dist-packages/oslo_config/cfg.py:2609
2025-04-17 00:41:41.600 120888 DEBUG nova.service [req-b978c80e-448e-4fa2-b278-91eba460a8b9 - - - - -] Creating RPC server for service scheduler start /usr/lib/python3/dist-packages/nova/service.py:182
2025-04-17 00:41:41.600 119367 DEBUG oslo_service.service [req-6e94ff4b-eda2-47e9-8192-ee045d916122 - - - - -] filter_scheduler.isolated_hosts = [] log_opt_values /usr/lib/python3/dist-packages/oslo_config/cfg.py:2609
2025-04-17 00:41:41.602 119367 DEBUG oslo_service.service [req-6e94ff4b-eda2-47e9-8192-ee045d916122 - - - - -] filter_scheduler.isolated_images = [] log_opt_values /usr/lib/python3/dist-packages/oslo_config/cfg.py:2609
2025-04-17 00:41:41.604 119367 DEBUG oslo_service.service [req-6e94ff4b-eda2-47e9-8192-ee045d916122 - - - - -] filter_scheduler.max_instances_per_host = 50 log_opt_values /usr/lib/python3/dist-packages/oslo_config/cfg.py:2609
2025-04-17 00:41:41.605 119367 DEBUG oslo_service.service [req-6e94ff4b-eda2-47e9-8192-ee045d916122 - - - - -] filter_scheduler.max_io_ops_per_host = 8 log_opt_values /usr/lib/python3/dist-packages/oslo_config/cfg.py:2609
2025-04-17 00:41:41.607 119367 DEBUG oslo_service.service [req-6e94ff4b-eda2-47e9-8192-ee045d916122 - - - - -] filter_scheduler.pci_weight_multiplier = 1.0 log_opt_values /usr/lib/python3/dist-packages/oslo_config/cfg.py:2609
2025-04-17 00:41:41.609 119367 DEBUG oslo_service.service [req-6e94ff4b-eda2-47e9-8192-ee045d916122 - - - - -] filter_scheduler.ram_weight_multiplier = 1.0 log_opt_values /usr/lib/python3/dist-packages/oslo_config/cfg.py:2609
2025-04-17 00:41:41.609 119367 DEBUG oslo_service.service [req-6e94ff4b-eda2-47e9-8192-ee045d916122 - - - - -] filter_scheduler.restrict_isolated_hosts_to_isolated_images = True log_opt_values /usr/lib/python3/dist-packages/oslo_config/cfg.py:2609
2025-04-17 00:41:41.609 119367 DEBUG oslo_service.service [req-6e94ff4b-eda2-47e9-8192-ee045d916122 - - - - -] filter_scheduler.shuffle_best_same_weighed_hosts = False log_opt_values /usr/lib/python3/dist-packages/oslo_config/cfg.py:2609
2025-04-17 00:41:41.610 119367 DEBUG oslo_service.service [req-6e94ff4b-eda2-47e9-8192-ee045d916122 - - - - -] filter_scheduler.soft_affinity_weight_multiplier = 1.0 log_opt_values /usr/lib/python3/dist-packages/oslo_config/cfg.py:2609
2025-04-17 00:41:41.609 120892 DEBUG nova.service [req-c6fb0bc1-ee25-44a9-8327-be17b15a9533 - - - - -] Creating RPC server for service scheduler start /usr/lib/python3/dist-packages/nova/service.py:182
2025-04-17 00:41:41.610 119367 DEBUG oslo_service.service [req-6e94ff4b-eda2-47e9-8192-ee045d916122 - - - - -] filter_scheduler.soft_anti_affinity_weight_multiplier = 1.0 log_opt_values /usr/lib/python3/dist-packages/oslo_config/cfg.py:2609
2025-04-17 00:41:41.611 119367 DEBUG oslo_service.service [req-6e94ff4b-eda2-47e9-8192-ee045d916122 - - - - -] filter_scheduler.track_instance_changes = True log_opt_values /usr/lib/python3/dist-packages/oslo_config/cfg.py:2609
2025-04-17 00:41:41.613 120885 DEBUG nova.service [req-c5c7d18e-9cf3-43a5-bba5-d843e592491c - - - - -] Creating RPC server for service scheduler start /usr/lib/python3/dist-packages/nova/service.py:182
2025-04-17 00:41:41.614 119367 DEBUG oslo_service.service [req-6e94ff4b-eda2-47e9-8192-ee045d916122 - - - - -] filter_scheduler.weight_classes = ['nova.scheduler.weights.all_weighers'] log_opt_values /usr/lib/python3/dist-packages/oslo_config/cfg.py:2609
2025-04-17 00:41:41.619 119367 DEBUG oslo_service.service [req-6e94ff4b-eda2-47e9-8192-ee045d916122 - - - - -] metrics.required = True log_opt_values /usr/lib/python3/dist-packages/oslo_config/cfg.py:2609
2025-04-17 00:41:41.625 119367 DEBUG oslo_service.service [req-6e94ff4b-eda2-47e9-8192-ee045d916122 - - - - -] metrics.weight_multiplier = 1.0 log_opt_values /usr/lib/python3/dist-packages/oslo_config/cfg.py:2609
2025-04-17 00:41:41.629 119367 DEBUG oslo_service.service [req-6e94ff4b-eda2-47e9-8192-ee045d916122 - - - - -] metrics.weight_of_unavailable = -10000.0 log_opt_values /usr/lib/python3/dist-packages/oslo_config/cfg.py:2609
2025-04-17 00:41:41.629 119367 DEBUG oslo_service.service [req-6e94ff4b-eda2-47e9-8192-ee045d916122 - - - - -] metrics.weight_setting = [] log_opt_values /usr/lib/python3/dist-packages/oslo_config/cfg.py:2609
2025-04-17 00:41:41.634 119367 DEBUG oslo_service.service [req-6e94ff4b-eda2-47e9-8192-ee045d916122 - - - - -] serial_console.base_url = wss://252.242.94.127:6083/ log_opt_values /usr/lib/python3/dist-packages/oslo_config/cfg.py:2609
2025-04-17 00:41:41.635 119367 DEBUG oslo_service.service [req-6e94ff4b-eda2-47e9-8192-ee045d916122 - - - - -] serial_console.enabled = False log_opt_values /usr/lib/python3/dist-packages/oslo_config/cfg.py:2609
2025-04-17 00:41:41.635 119367 DEBUG oslo_service.service [req-6e94ff4b-eda2-47e9-8192-ee045d916122 - - - - -] serial_console.port_range = 10000:20000 log_opt_values /usr/lib/python3/dist-packages/oslo_config/cfg.py:2609
2025-04-17 00:41:41.635 119367 DEBUG oslo_service.service [req-6e94ff4b-eda2-47e9-8192-ee045d916122 - - - - -] serial_console.proxyclient_address = 127.0.0.1 log_opt_values /usr/lib/python3/dist-packages/oslo_config/cfg.py:2609
2025-04-17 00:41:41.636 119367 DEBUG oslo_service.service [req-6e94ff4b-eda2-47e9-8192-ee045d916122 - - - - -] serial_console.serialproxy_host = 0.0.0.0 log_opt_values /usr/lib/python3/dist-packages/oslo_config/cfg.py:2609
2025-04-17 00:41:41.636 119367 DEBUG oslo_service.service [req-6e94ff4b-eda2-47e9-8192-ee045d916122 - - - - -] serial_console.serialproxy_port = 6083 log_opt_values /usr/lib/python3/dist-packages/oslo_config/cfg.py:2609
2025-04-17 00:41:41.636 119367 DEBUG oslo_service.service [req-6e94ff4b-eda2-47e9-8192-ee045d916122 - - - - -] service_user.auth_section = None log_opt_values /usr/lib/python3/dist-packages/oslo_config/cfg.py:2609
2025-04-17 00:41:41.637 119367 DEBUG oslo_service.service [req-6e94ff4b-eda2-47e9-8192-ee045d916122 - - - - -] service_user.auth_type = password log_opt_values /usr/lib/python3/dist-packages/oslo_config/cfg.py:2609
2025-04-17 00:41:41.634 120886 DEBUG oslo_messaging._drivers.amqpdriver [-] Listener is running poll /usr/lib/python3/dist-packages/oslo_messaging/_drivers/amqpdriver.py:343
2025-04-17 00:41:41.638 120886 DEBUG oslo_messaging._drivers.amqpdriver [-] AMQPListener connection consume poll /usr/lib/python3/dist-packages/oslo_messaging/_drivers/amqpdriver.py:357
2025-04-17 00:41:41.638 119367 DEBUG oslo_service.service [req-6e94ff4b-eda2-47e9-8192-ee045d916122 - - - - -] service_user.cafile = None log_opt_values /usr/lib/python3/dist-packages/oslo_config/cfg.py:2609
2025-04-17 00:41:41.639 119367 DEBUG oslo_service.service [req-6e94ff4b-eda2-47e9-8192-ee045d916122 - - - - -] service_user.certfile = None log_opt_values /usr/lib/python3/dist-packages/oslo_config/cfg.py:2609
2025-04-17 00:41:41.639 119367 DEBUG oslo_service.service [req-6e94ff4b-eda2-47e9-8192-ee045d916122 - - - - -] service_user.collect_timing = False log_opt_values /usr/lib/python3/dist-packages/oslo_config/cfg.py:2609
2025-04-17 00:41:41.638 120888 DEBUG oslo_messaging._drivers.amqpdriver [-] Listener is running poll /usr/lib/python3/dist-packages/oslo_messaging/_drivers/amqpdriver.py:343
2025-04-17 00:41:41.639 120888 DEBUG oslo_messaging._drivers.amqpdriver [-] AMQPListener connection consume poll /usr/lib/python3/dist-packages/oslo_messaging/_drivers/amqpdriver.py:357
2025-04-17 00:41:41.640 120886 DEBUG nova.service [req-f40085f9-a5f7-424c-8321-60a910e44cac - - - - -] Join ServiceGroup membership for this service scheduler start /usr/lib/python3/dist-packages/nova/service.py:199
2025-04-17 00:41:41.639 119367 DEBUG oslo_service.service [req-6e94ff4b-eda2-47e9-8192-ee045d916122 - - - - -] service_user.insecure = False log_opt_values /usr/lib/python3/dist-packages/oslo_config/cfg.py:2609
2025-04-17 00:41:41.641 120888 DEBUG nova.service [req-b978c80e-448e-4fa2-b278-91eba460a8b9 - - - - -] Join ServiceGroup membership for this service scheduler start /usr/lib/python3/dist-packages/nova/service.py:199
2025-04-17 00:41:41.642 119367 DEBUG oslo_service.service [req-6e94ff4b-eda2-47e9-8192-ee045d916122 - - - - -] service_user.keyfile = None log_opt_values /usr/lib/python3/dist-packages/oslo_config/cfg.py:2609
2025-04-17 00:41:41.641 120886 DEBUG nova.servicegroup.drivers.db [req-f40085f9-a5f7-424c-8321-60a910e44cac - - - - -] DB_Driver: join new ServiceGroup member juju-4bb83e-0-lxd-7 to the scheduler group, service = join /usr/lib/python3/dist-packages/nova/servicegroup/drivers/db.py:44
2025-04-17 00:41:41.642 120888 DEBUG nova.servicegroup.drivers.db [req-b978c80e-448e-4fa2-b278-91eba460a8b9 - - - - -] DB_Driver: join new ServiceGroup member juju-4bb83e-0-lxd-7 to the scheduler group, service = join /usr/lib/python3/dist-packages/nova/servicegroup/drivers/db.py:44
2025-04-17 00:41:41.642 119367 DEBUG oslo_service.service [req-6e94ff4b-eda2-47e9-8192-ee045d916122 - - - - -] service_user.send_service_user_token = True log_opt_values /usr/lib/python3/dist-packages/oslo_config/cfg.py:2609
2025-04-17 00:41:41.644 119367 DEBUG oslo_service.service [req-6e94ff4b-eda2-47e9-8192-ee045d916122 - - - - -] service_user.split_loggers = False log_opt_values /usr/lib/python3/dist-packages/oslo_config/cfg.py:2609
2025-04-17 00:41:41.644 119367 DEBUG oslo_service.service [req-6e94ff4b-eda2-47e9-8192-ee045d916122 - - - - -] service_user.timeout = None log_opt_values /usr/lib/python3/dist-packages/oslo_config/cfg.py:2609
2025-04-17 00:41:41.645 119367 DEBUG oslo_service.service [req-6e94ff4b-eda2-47e9-8192-ee045d916122 - - - - -] spice.agent_enabled = True log_opt_values /usr/lib/python3/dist-packages/oslo_config/cfg.py:2609
2025-04-17 00:41:41.645 119367 DEBUG oslo_service.service [req-6e94ff4b-eda2-47e9-8192-ee045d916122 - - - - -] spice.enabled = False log_opt_values /usr/lib/python3/dist-packages/oslo_config/cfg.py:2609
2025-04-17 00:41:41.645 120892 DEBUG oslo_messaging._drivers.amqpdriver [-] Listener is running poll /usr/lib/python3/dist-packages/oslo_messaging/_drivers/amqpdriver.py:343
2025-04-17 00:41:41.645 120892 DEBUG oslo_messaging._drivers.amqpdriver [-] AMQPListener connection consume poll /usr/lib/python3/dist-packages/oslo_messaging/_drivers/amqpdriver.py:357
2025-04-17 00:41:41.645 119367 DEBUG oslo_service.service [req-6e94ff4b-eda2-47e9-8192-ee045d916122 - - - - -] spice.html5proxy_base_url = http://127.0.0.1:6082/spice_auto.html log_opt_values /usr/lib/python3/dist-packages/oslo_config/cfg.py:2609
2025-04-17 00:41:41.646 119367 DEBUG oslo_service.service [req-6e94ff4b-eda2-47e9-8192-ee045d916122 - - - - -] spice.html5proxy_host = 0.0.0.0 log_opt_values /usr/lib/python3/dist-packages/oslo_config/cfg.py:2609
2025-04-17 00:41:41.646 120886 DEBUG oslo_messaging._drivers.amqpdriver [-] AMQPListener connection timeout poll /usr/lib/python3/dist-packages/oslo_messaging/_drivers/amqpdriver.py:360
2025-04-17 00:41:41.646 120886 DEBUG oslo_messaging._drivers.amqpdriver [-] Listener is running poll /usr/lib/python3/dist-packages/oslo_messaging/_drivers/amqpdriver.py:343
2025-04-17 00:41:41.646 119367 DEBUG oslo_service.service [req-6e94ff4b-eda2-47e9-8192-ee045d916122 - - - - -] spice.html5proxy_port = 6082 log_opt_values /usr/lib/python3/dist-packages/oslo_config/cfg.py:2609
2025-04-17 00:41:41.646 120892 DEBUG nova.service [req-c6fb0bc1-ee25-44a9-8327-be17b15a9533 - - - - -] Join ServiceGroup membership for this service scheduler start /usr/lib/python3/dist-packages/nova/service.py:199
2025-04-17 00:41:41.646 120886 DEBUG oslo_messaging._drivers.amqpdriver [-] AMQPListener connection consume poll /usr/lib/python3/dist-packages/oslo_messaging/_drivers/amqpdriver.py:357
2025-04-17 00:41:41.646 119367 DEBUG oslo_service.service [req-6e94ff4b-eda2-47e9-8192-ee045d916122 - - - - -] spice.server_listen = 127.0.0.1 log_opt_values /usr/lib/python3/dist-packages/oslo_config/cfg.py:2609
2025-04-17 00:41:41.646 120892 DEBUG nova.servicegroup.drivers.db [req-c6fb0bc1-ee25-44a9-8327-be17b15a9533 - - - - -] DB_Driver: join new ServiceGroup member juju-4bb83e-0-lxd-7 to the scheduler group, service = join /usr/lib/python3/dist-packages/nova/servicegroup/drivers/db.py:44
2025-04-17 00:41:41.646 120888 DEBUG oslo_messaging._drivers.amqpdriver [-] AMQPListener connection timeout poll /usr/lib/python3/dist-packages/oslo_messaging/_drivers/amqpdriver.py:360
2025-04-17 00:41:41.647 120888 DEBUG oslo_messaging._drivers.amqpdriver [-] Listener is running poll /usr/lib/python3/dist-packages/oslo_messaging/_drivers/amqpdriver.py:343
2025-04-17 00:41:41.647 120888 DEBUG oslo_messaging._drivers.amqpdriver [-] AMQPListener connection consume poll /usr/lib/python3/dist-packages/oslo_messaging/_drivers/amqpdriver.py:357
2025-04-17 00:41:41.646 119367 DEBUG oslo_service.service [req-6e94ff4b-eda2-47e9-8192-ee045d916122 - - - - -] spice.server_proxyclient_address = 127.0.0.1 log_opt_values /usr/lib/python3/dist-packages/oslo_config/cfg.py:2609
2025-04-17 00:41:41.648 119367 DEBUG oslo_service.service [req-6e94ff4b-eda2-47e9-8192-ee045d916122 - - - - -] upgrade_levels.baseapi = None log_opt_values /usr/lib/python3/dist-packages/oslo_config/cfg.py:2609
2025-04-17 00:41:41.648 119367 DEBUG oslo_service.service [req-6e94ff4b-eda2-47e9-8192-ee045d916122 - - - - -] upgrade_levels.cert = None log_opt_values /usr/lib/python3/dist-packages/oslo_config/cfg.py:2609
2025-04-17 00:41:41.649 119367 DEBUG oslo_service.service [req-6e94ff4b-eda2-47e9-8192-ee045d916122 - - - - -] upgrade_levels.compute = auto log_opt_values /usr/lib/python3/dist-packages/oslo_config/cfg.py:2609
2025-04-17 00:41:41.649 120892 DEBUG oslo_messaging._drivers.amqpdriver [-] AMQPListener connection timeout poll /usr/lib/python3/dist-packages/oslo_messaging/_drivers/amqpdriver.py:360
2025-04-17 00:41:41.649 119367 DEBUG oslo_service.service [req-6e94ff4b-eda2-47e9-8192-ee045d916122 - - - - -] upgrade_levels.conductor = None log_opt_values /usr/lib/python3/dist-packages/oslo_config/cfg.py:2609
2025-04-17 00:41:41.649 120892 DEBUG oslo_messaging._drivers.amqpdriver [-] Listener is running poll /usr/lib/python3/dist-packages/oslo_messaging/_drivers/amqpdriver.py:343
2025-04-17 00:41:41.649 119367 DEBUG oslo_service.service [req-6e94ff4b-eda2-47e9-8192-ee045d916122 - - - - -] upgrade_levels.scheduler = None log_opt_values /usr/lib/python3/dist-packages/oslo_config/cfg.py:2609
2025-04-17 00:41:41.649 120892 DEBUG oslo_messaging._drivers.amqpdriver [-] AMQPListener connection consume poll /usr/lib/python3/dist-packages/oslo_messaging/_drivers/amqpdriver.py:357
2025-04-17 00:41:41.649 119367 DEBUG oslo_service.service [req-6e94ff4b-eda2-47e9-8192-ee045d916122 - - - - -] vendordata_dynamic_auth.auth_section = None log_opt_values /usr/lib/python3/dist-packages/oslo_config/cfg.py:2609
2025-04-17 00:41:41.650 119367 DEBUG oslo_service.service [req-6e94ff4b-eda2-47e9-8192-ee045d916122 - - - - -] vendordata_dynamic_auth.auth_type = None log_opt_values /usr/lib/python3/dist-packages/oslo_config/cfg.py:2609
2025-04-17 00:41:41.650 119367 DEBUG oslo_service.service [req-6e94ff4b-eda2-47e9-8192-ee045d916122 - - - - -] vendordata_dynamic_auth.cafile = None log_opt_values /usr/lib/python3/dist-packages/oslo_config/cfg.py:2609
2025-04-17 00:41:41.651 119367 DEBUG oslo_service.service [req-6e94ff4b-eda2-47e9-8192-ee045d916122 - - - - -] vendordata_dynamic_auth.certfile = None log_opt_values /usr/lib/python3/dist-packages/oslo_config/cfg.py:2609
2025-04-17 00:41:41.652 119367 DEBUG oslo_service.service [req-6e94ff4b-eda2-47e9-8192-ee045d916122 - - - - -] vendordata_dynamic_auth.collect_timing = False log_opt_values /usr/lib/python3/dist-packages/oslo_config/cfg.py:2609
2025-04-17 00:41:41.652 119367 DEBUG oslo_service.service [req-6e94ff4b-eda2-47e9-8192-ee045d916122 - - - - -] vendordata_dynamic_auth.insecure = False log_opt_values /usr/lib/python3/dist-packages/oslo_config/cfg.py:2609
2025-04-17 00:41:41.652 119367 DEBUG oslo_service.service [req-6e94ff4b-eda2-47e9-8192-ee045d916122 - - - - -] vendordata_dynamic_auth.keyfile = None log_opt_values /usr/lib/python3/dist-packages/oslo_config/cfg.py:2609
2025-04-17 00:41:41.653 119367 DEBUG oslo_service.service [req-6e94ff4b-eda2-47e9-8192-ee045d916122 - - - - -] vendordata_dynamic_auth.split_loggers = False log_opt_values /usr/lib/python3/dist-packages/oslo_config/cfg.py:2609
2025-04-17 00:41:41.653 119367 DEBUG oslo_service.service [req-6e94ff4b-eda2-47e9-8192-ee045d916122 - - - - -] vendordata_dynamic_auth.timeout = None log_opt_values /usr/lib/python3/dist-packages/oslo_config/cfg.py:2609
2025-04-17 00:41:41.655 119367 DEBUG oslo_service.service [req-6e94ff4b-eda2-47e9-8192-ee045d916122 - - - - -] vmware.api_retry_count = 10 log_opt_values /usr/lib/python3/dist-packages/oslo_config/cfg.py:2609
2025-04-17 00:41:41.655 119367 DEBUG oslo_service.service [req-6e94ff4b-eda2-47e9-8192-ee045d916122 - - - - -] vmware.ca_file = None log_opt_values /usr/lib/python3/dist-packages/oslo_config/cfg.py:2609
2025-04-17 00:41:41.655 119367 DEBUG oslo_service.service [req-6e94ff4b-eda2-47e9-8192-ee045d916122 - - - - -] vmware.cache_prefix = None log_opt_values /usr/lib/python3/dist-packages/oslo_config/cfg.py:2609
2025-04-17 00:41:41.656 119367 DEBUG oslo_service.service [req-6e94ff4b-eda2-47e9-8192-ee045d916122 - - - - -] vmware.cluster_name = None log_opt_values /usr/lib/python3/dist-packages/oslo_config/cfg.py:2609
2025-04-17 00:41:41.656 119367 DEBUG oslo_service.service [req-6e94ff4b-eda2-47e9-8192-ee045d916122 - - - - -] vmware.connection_pool_size = 10 log_opt_values /usr/lib/python3/dist-packages/oslo_config/cfg.py:2609
2025-04-17 00:41:41.656 119367 DEBUG oslo_service.service [req-6e94ff4b-eda2-47e9-8192-ee045d916122 - - - - -] vmware.console_delay_seconds = None log_opt_values /usr/lib/python3/dist-packages/oslo_config/cfg.py:2609
2025-04-17 00:41:41.656 119367 DEBUG oslo_service.service [req-6e94ff4b-eda2-47e9-8192-ee045d916122 - - - - -] vmware.datastore_regex = None log_opt_values /usr/lib/python3/dist-packages/oslo_config/cfg.py:2609
2025-04-17 00:41:41.657 119367 DEBUG oslo_service.service [req-6e94ff4b-eda2-47e9-8192-ee045d916122 - - - - -] vmware.host_ip = None log_opt_values /usr/lib/python3/dist-packages/oslo_config/cfg.py:2609
2025-04-17 00:41:41.657 119367 DEBUG oslo_service.service [req-6e94ff4b-eda2-47e9-8192-ee045d916122 - - - - -] vmware.host_password = **** log_opt_values /usr/lib/python3/dist-packages/oslo_config/cfg.py:2609
2025-04-17 00:41:41.658 119367 DEBUG oslo_service.service [req-6e94ff4b-eda2-47e9-8192-ee045d916122 - - - - -] vmware.host_port = 443 log_opt_values /usr/lib/python3/dist-packages/oslo_config/cfg.py:2609
2025-04-17 00:41:41.658 119367 DEBUG oslo_service.service [req-6e94ff4b-eda2-47e9-8192-ee045d916122 - - - - -] vmware.host_username = None log_opt_values /usr/lib/python3/dist-packages/oslo_config/cfg.py:2609
2025-04-17 00:41:41.659 119367 DEBUG oslo_service.service [req-6e94ff4b-eda2-47e9-8192-ee045d916122 - - - - -] vmware.insecure = False log_opt_values /usr/lib/python3/dist-packages/oslo_config/cfg.py:2609
2025-04-17 00:41:41.659 119367 DEBUG oslo_service.service [req-6e94ff4b-eda2-47e9-8192-ee045d916122 - - - - -] vmware.integration_bridge = None log_opt_values /usr/lib/python3/dist-packages/oslo_config/cfg.py:2609
2025-04-17 00:41:41.659 119367 DEBUG oslo_service.service [req-6e94ff4b-eda2-47e9-8192-ee045d916122 - - - - -] vmware.maximum_objects = 100 log_opt_values /usr/lib/python3/dist-packages/oslo_config/cfg.py:2609
2025-04-17 00:41:41.659 119367 DEBUG oslo_service.service [req-6e94ff4b-eda2-47e9-8192-ee045d916122 - - - - -] vmware.pbm_default_policy = None log_opt_values /usr/lib/python3/dist-packages/oslo_config/cfg.py:2609
2025-04-17 00:41:41.659 119367 DEBUG oslo_service.service [req-6e94ff4b-eda2-47e9-8192-ee045d916122 - - - - -] vmware.pbm_enabled = False log_opt_values /usr/lib/python3/dist-packages/oslo_config/cfg.py:2609
2025-04-17 00:41:41.660 119367 DEBUG oslo_service.service [req-6e94ff4b-eda2-47e9-8192-ee045d916122 - - - - -] vmware.pbm_wsdl_location = None log_opt_values /usr/lib/python3/dist-packages/oslo_config/cfg.py:2609
2025-04-17 00:41:41.660 119367 DEBUG oslo_service.service [req-6e94ff4b-eda2-47e9-8192-ee045d916122 - - - - -] vmware.serial_log_dir = /opt/vmware/vspc log_opt_values /usr/lib/python3/dist-packages/oslo_config/cfg.py:2609
2025-04-17 00:41:41.660 119367 DEBUG oslo_service.service [req-6e94ff4b-eda2-47e9-8192-ee045d916122 - - - - -] vmware.serial_port_proxy_uri = None log_opt_values /usr/lib/python3/dist-packages/oslo_config/cfg.py:2609
2025-04-17 00:41:41.663 119367 DEBUG oslo_service.service [req-6e94ff4b-eda2-47e9-8192-ee045d916122 - - - - -] vmware.serial_port_service_uri = None log_opt_values /usr/lib/python3/dist-packages/oslo_config/cfg.py:2609
2025-04-17 00:41:41.664 119367 DEBUG oslo_service.service [req-6e94ff4b-eda2-47e9-8192-ee045d916122 - - - - -] vmware.task_poll_interval = 0.5 log_opt_values /usr/lib/python3/dist-packages/oslo_config/cfg.py:2609
2025-04-17 00:41:41.664 119367 DEBUG oslo_service.service [req-6e94ff4b-eda2-47e9-8192-ee045d916122 - - - - -] vmware.use_linked_clone = True log_opt_values /usr/lib/python3/dist-packages/oslo_config/cfg.py:2609
2025-04-17 00:41:41.664 119367 DEBUG oslo_service.service [req-6e94ff4b-eda2-47e9-8192-ee045d916122 - - - - -] vmware.vnc_keymap = en-us log_opt_values /usr/lib/python3/dist-packages/oslo_config/cfg.py:2609
2025-04-17 00:41:41.664 119367 DEBUG oslo_service.service [req-6e94ff4b-eda2-47e9-8192-ee045d916122 - - - - -] vmware.vnc_port = 5900 log_opt_values /usr/lib/python3/dist-packages/oslo_config/cfg.py:2609
2025-04-17 00:41:41.665 119367 DEBUG oslo_service.service [req-6e94ff4b-eda2-47e9-8192-ee045d916122 - - - - -] vmware.vnc_port_total = 10000 log_opt_values /usr/lib/python3/dist-packages/oslo_config/cfg.py:2609
2025-04-17 00:41:41.665 119367 DEBUG oslo_service.service [req-6e94ff4b-eda2-47e9-8192-ee045d916122 - - - - -] vnc.auth_schemes = ['none'] log_opt_values /usr/lib/python3/dist-packages/oslo_config/cfg.py:2609
2025-04-17 00:41:41.665 119367 DEBUG oslo_service.service [req-6e94ff4b-eda2-47e9-8192-ee045d916122 - - - - -] vnc.enabled = True log_opt_values /usr/lib/python3/dist-packages/oslo_config/cfg.py:2609
2025-04-17 00:41:41.666 120885 DEBUG oslo_messaging._drivers.amqpdriver [-] Listener is running poll /usr/lib/python3/dist-packages/oslo_messaging/_drivers/amqpdriver.py:343
2025-04-17 00:41:41.666 119367 DEBUG oslo_service.service [req-6e94ff4b-eda2-47e9-8192-ee045d916122 - - - - -] vnc.novncproxy_base_url = http://127.0.0.1:6080/vnc_auto.html log_opt_values /usr/lib/python3/dist-packages/oslo_config/cfg.py:2609
2025-04-17 00:41:41.667 120885 DEBUG oslo_messaging._drivers.amqpdriver [-] AMQPListener connection consume poll /usr/lib/python3/dist-packages/oslo_messaging/_drivers/amqpdriver.py:357
2025-04-17 00:41:41.667 119367 DEBUG oslo_service.service [req-6e94ff4b-eda2-47e9-8192-ee045d916122 - - - - -] vnc.novncproxy_host = 0.0.0.0 log_opt_values /usr/lib/python3/dist-packages/oslo_config/cfg.py:2609
2025-04-17 00:41:41.667 119367 DEBUG oslo_service.service [req-6e94ff4b-eda2-47e9-8192-ee045d916122 - - - - -] vnc.novncproxy_port = 6080 log_opt_values /usr/lib/python3/dist-packages/oslo_config/cfg.py:2609
2025-04-17 00:41:41.667 119367 DEBUG oslo_service.service [req-6e94ff4b-eda2-47e9-8192-ee045d916122 - - - - -] vnc.server_listen = 127.0.0.1 log_opt_values /usr/lib/python3/dist-packages/oslo_config/cfg.py:2609
2025-04-17 00:41:41.667 120885 DEBUG nova.service [req-c5c7d18e-9cf3-43a5-bba5-d843e592491c - - - - -] Join ServiceGroup membership for this service scheduler start /usr/lib/python3/dist-packages/nova/service.py:199
2025-04-17 00:41:41.668 119367 DEBUG oslo_service.service [req-6e94ff4b-eda2-47e9-8192-ee045d916122 - - - - -] vnc.server_proxyclient_address = 127.0.0.1 log_opt_values /usr/lib/python3/dist-packages/oslo_config/cfg.py:2609
2025-04-17 00:41:41.668 120885 DEBUG nova.servicegroup.drivers.db [req-c5c7d18e-9cf3-43a5-bba5-d843e592491c - - - - -] DB_Driver: join new ServiceGroup member juju-4bb83e-0-lxd-7 to the scheduler group, service = join /usr/lib/python3/dist-packages/nova/servicegroup/drivers/db.py:44
2025-04-17 00:41:41.668 119367 DEBUG oslo_service.service [req-6e94ff4b-eda2-47e9-8192-ee045d916122 - - - - -] vnc.vencrypt_ca_certs = None log_opt_values /usr/lib/python3/dist-packages/oslo_config/cfg.py:2609
2025-04-17 00:41:41.668 119367 DEBUG oslo_service.service [req-6e94ff4b-eda2-47e9-8192-ee045d916122 - - - - -] vnc.vencrypt_client_cert = None log_opt_values /usr/lib/python3/dist-packages/oslo_config/cfg.py:2609
2025-04-17 00:41:41.669 119367 DEBUG oslo_service.service [req-6e94ff4b-eda2-47e9-8192-ee045d916122 - - - - -] vnc.vencrypt_client_key = None log_opt_values /usr/lib/python3/dist-packages/oslo_config/cfg.py:2609
2025-04-17 00:41:41.669 119367 DEBUG oslo_service.service [req-6e94ff4b-eda2-47e9-8192-ee045d916122 - - - - -] workarounds.disable_compute_service_check_for_ffu = False log_opt_values /usr/lib/python3/dist-packages/oslo_config/cfg.py:2609
2025-04-17 00:41:41.669 119367 DEBUG oslo_service.service [req-6e94ff4b-eda2-47e9-8192-ee045d916122 - - - - -] workarounds.disable_deep_image_inspection = False log_opt_values /usr/lib/python3/dist-packages/oslo_config/cfg.py:2609
2025-04-17 00:41:41.670 119367 DEBUG oslo_service.service [req-6e94ff4b-eda2-47e9-8192-ee045d916122 - - - - -] workarounds.disable_fallback_pcpu_query = False log_opt_values /usr/lib/python3/dist-packages/oslo_config/cfg.py:2609
2025-04-17 00:41:41.670 119367 DEBUG oslo_service.service [req-6e94ff4b-eda2-47e9-8192-ee045d916122 - - - - -] workarounds.disable_group_policy_check_upcall = False log_opt_values /usr/lib/python3/dist-packages/oslo_config/cfg.py:2609
2025-04-17 00:41:41.670 120885 DEBUG oslo_messaging._drivers.amqpdriver [-] AMQPListener connection timeout poll /usr/lib/python3/dist-packages/oslo_messaging/_drivers/amqpdriver.py:360
2025-04-17 00:41:41.673 120885 DEBUG oslo_messaging._drivers.amqpdriver [-] Listener is running poll /usr/lib/python3/dist-packages/oslo_messaging/_drivers/amqpdriver.py:343
2025-04-17 00:41:41.673 119367 DEBUG oslo_service.service [req-6e94ff4b-eda2-47e9-8192-ee045d916122 - - - - -] workarounds.disable_libvirt_livesnapshot = False log_opt_values /usr/lib/python3/dist-packages/oslo_config/cfg.py:2609
2025-04-17 00:41:41.673 120885 DEBUG oslo_messaging._drivers.amqpdriver [-] AMQPListener connection consume poll /usr/lib/python3/dist-packages/oslo_messaging/_drivers/amqpdriver.py:357
2025-04-17 00:41:41.673 119367 DEBUG oslo_service.service [req-6e94ff4b-eda2-47e9-8192-ee045d916122 - - - - -] workarounds.disable_rootwrap = False log_opt_values /usr/lib/python3/dist-packages/oslo_config/cfg.py:2609
2025-04-17 00:41:41.673 119367 DEBUG oslo_service.service [req-6e94ff4b-eda2-47e9-8192-ee045d916122 - - - - -] workarounds.enable_numa_live_migration = False log_opt_values /usr/lib/python3/dist-packages/oslo_config/cfg.py:2609
2025-04-17 00:41:41.673 119367 DEBUG oslo_service.service [req-6e94ff4b-eda2-47e9-8192-ee045d916122 - - - - -] workarounds.enable_qemu_monitor_announce_self = False log_opt_values /usr/lib/python3/dist-packages/oslo_config/cfg.py:2609
2025-04-17 00:41:41.674 119367 DEBUG oslo_service.service [req-6e94ff4b-eda2-47e9-8192-ee045d916122 - - - - -] workarounds.ensure_libvirt_rbd_instance_dir_cleanup = False log_opt_values /usr/lib/python3/dist-packages/oslo_config/cfg.py:2609
2025-04-17 00:41:41.674 119367 DEBUG oslo_service.service [req-6e94ff4b-eda2-47e9-8192-ee045d916122 - - - - -] workarounds.handle_virt_lifecycle_events = True log_opt_values /usr/lib/python3/dist-packages/oslo_config/cfg.py:2609
2025-04-17 00:41:41.676 119367 DEBUG oslo_service.service [req-6e94ff4b-eda2-47e9-8192-ee045d916122 - - - - -] workarounds.libvirt_disable_apic = False log_opt_values /usr/lib/python3/dist-packages/oslo_config/cfg.py:2609
2025-04-17 00:41:41.677 119367 DEBUG oslo_service.service [req-6e94ff4b-eda2-47e9-8192-ee045d916122 - - - - -] workarounds.never_download_image_if_on_rbd = False log_opt_values /usr/lib/python3/dist-packages/oslo_config/cfg.py:2609
2025-04-17 00:41:41.678 119367 DEBUG oslo_service.service [req-6e94ff4b-eda2-47e9-8192-ee045d916122 - - - - -] workarounds.reserve_disk_resource_for_image_cache = False log_opt_values /usr/lib/python3/dist-packages/oslo_config/cfg.py:2609
2025-04-17 00:41:41.678 119367 DEBUG oslo_service.service [req-6e94ff4b-eda2-47e9-8192-ee045d916122 - - - - -] workarounds.skip_cpu_compare_at_startup = False log_opt_values /usr/lib/python3/dist-packages/oslo_config/cfg.py:2609
2025-04-17 00:41:41.678 119367 DEBUG oslo_service.service [req-6e94ff4b-eda2-47e9-8192-ee045d916122 - - - - -] workarounds.skip_cpu_compare_on_dest = False log_opt_values /usr/lib/python3/dist-packages/oslo_config/cfg.py:2609
2025-04-17 00:41:41.678 119367 DEBUG oslo_service.service [req-6e94ff4b-eda2-47e9-8192-ee045d916122 - - - - -] workarounds.skip_hypervisor_version_check_on_lm = False log_opt_values /usr/lib/python3/dist-packages/oslo_config/cfg.py:2609
2025-04-17 00:41:41.679 119367 DEBUG oslo_service.service [req-6e94ff4b-eda2-47e9-8192-ee045d916122 - - - - -] workarounds.unified_limits_count_pcpu_as_vcpu = False log_opt_values /usr/lib/python3/dist-packages/oslo_config/cfg.py:2609
2025-04-17 00:41:41.680 119367 DEBUG oslo_service.service [req-6e94ff4b-eda2-47e9-8192-ee045d916122 - - - - -] workarounds.wait_for_vif_plugged_event_during_hard_reboot = [] log_opt_values /usr/lib/python3/dist-packages/oslo_config/cfg.py:2609
2025-04-17 00:41:41.680 119367 DEBUG oslo_service.service [req-6e94ff4b-eda2-47e9-8192-ee045d916122 - - - - -] wsgi.api_paste_config = /etc/nova/api-paste.ini log_opt_values /usr/lib/python3/dist-packages/oslo_config/cfg.py:2609
2025-04-17 00:41:41.681 119367 DEBUG oslo_service.service [req-6e94ff4b-eda2-47e9-8192-ee045d916122 - - - - -] wsgi.client_socket_timeout = 900 log_opt_values /usr/lib/python3/dist-packages/oslo_config/cfg.py:2609
2025-04-17 00:41:41.681 119367 DEBUG oslo_service.service [req-6e94ff4b-eda2-47e9-8192-ee045d916122 - - - - -] wsgi.default_pool_size = 1000 log_opt_values /usr/lib/python3/dist-packages/oslo_config/cfg.py:2609
2025-04-17 00:41:41.681 119367 DEBUG oslo_service.service [req-6e94ff4b-eda2-47e9-8192-ee045d916122 - - - - -] wsgi.keep_alive = True log_opt_values /usr/lib/python3/dist-packages/oslo_config/cfg.py:2609
2025-04-17 00:41:41.681 119367 DEBUG oslo_service.service [req-6e94ff4b-eda2-47e9-8192-ee045d916122 - - - - -] wsgi.max_header_line = 16384 log_opt_values /usr/lib/python3/dist-packages/oslo_config/cfg.py:2609
2025-04-17 00:41:41.682 119367 DEBUG oslo_service.service [req-6e94ff4b-eda2-47e9-8192-ee045d916122 - - - - -] wsgi.secure_proxy_ssl_header = None log_opt_values /usr/lib/python3/dist-packages/oslo_config/cfg.py:2609
2025-04-17 00:41:41.682 119367 DEBUG oslo_service.service [req-6e94ff4b-eda2-47e9-8192-ee045d916122 - - - - -] wsgi.ssl_ca_file = None log_opt_values /usr/lib/python3/dist-packages/oslo_config/cfg.py:2609
2025-04-17 00:41:41.682 119367 DEBUG oslo_service.service [req-6e94ff4b-eda2-47e9-8192-ee045d916122 - - - - -] wsgi.ssl_cert_file = None log_opt_values /usr/lib/python3/dist-packages/oslo_config/cfg.py:2609
2025-04-17 00:41:41.682 119367 DEBUG oslo_service.service [req-6e94ff4b-eda2-47e9-8192-ee045d916122 - - - - -] wsgi.ssl_key_file = None log_opt_values /usr/lib/python3/dist-packages/oslo_config/cfg.py:2609
2025-04-17 00:41:41.682 119367 DEBUG oslo_service.service [req-6e94ff4b-eda2-47e9-8192-ee045d916122 - - - - -] wsgi.tcp_keepidle = 600 log_opt_values /usr/lib/python3/dist-packages/oslo_config/cfg.py:2609
2025-04-17 00:41:41.683 119367 DEBUG oslo_service.service [req-6e94ff4b-eda2-47e9-8192-ee045d916122 - - - - -] wsgi.wsgi_log_format = %(client_ip)s "%(request_line)s" status: %(status_code)s len: %(body_length)s time: %(wall_seconds).7f log_opt_values /usr/lib/python3/dist-packages/oslo_config/cfg.py:2609
2025-04-17 00:41:41.683 119367 DEBUG oslo_service.service [req-6e94ff4b-eda2-47e9-8192-ee045d916122 - - - - -] zvm.ca_file = None log_opt_values /usr/lib/python3/dist-packages/oslo_config/cfg.py:2609
2025-04-17 00:41:41.683 119367 DEBUG oslo_service.service [req-6e94ff4b-eda2-47e9-8192-ee045d916122 - - - - -] zvm.cloud_connector_url = None log_opt_values /usr/lib/python3/dist-packages/oslo_config/cfg.py:2609
2025-04-17 00:41:41.684 119367 DEBUG oslo_service.service [req-6e94ff4b-eda2-47e9-8192-ee045d916122 - - - - -] zvm.image_tmp_path = /var/lib/nova/images log_opt_values /usr/lib/python3/dist-packages/oslo_config/cfg.py:2609
2025-04-17 00:41:41.684 119367 DEBUG oslo_service.service [req-6e94ff4b-eda2-47e9-8192-ee045d916122 - - - - -] zvm.reachable_timeout = 300 log_opt_values /usr/lib/python3/dist-packages/oslo_config/cfg.py:2609
2025-04-17 00:41:41.684 119367 DEBUG oslo_service.service [req-6e94ff4b-eda2-47e9-8192-ee045d916122 - - - - -] oslo_messaging_metrics.metrics_buffer_size = 1000 log_opt_values /usr/lib/python3/dist-packages/oslo_config/cfg.py:2609
2025-04-17 00:41:41.684 119367 DEBUG oslo_service.service [req-6e94ff4b-eda2-47e9-8192-ee045d916122 - - - - -] oslo_messaging_metrics.metrics_enabled = False log_opt_values /usr/lib/python3/dist-packages/oslo_config/cfg.py:2609
2025-04-17 00:41:41.685 119367 DEBUG oslo_service.service [req-6e94ff4b-eda2-47e9-8192-ee045d916122 - - - - -] oslo_messaging_metrics.metrics_process_name = log_opt_values /usr/lib/python3/dist-packages/oslo_config/cfg.py:2609
2025-04-17 00:41:41.685 119367 DEBUG oslo_service.service [req-6e94ff4b-eda2-47e9-8192-ee045d916122 - - - - -] oslo_messaging_metrics.metrics_socket_file = /var/tmp/metrics_collector.sock log_opt_values /usr/lib/python3/dist-packages/oslo_config/cfg.py:2609
2025-04-17 00:41:41.685 119367 DEBUG oslo_service.service [req-6e94ff4b-eda2-47e9-8192-ee045d916122 - - - - -] oslo_messaging_metrics.metrics_thread_stop_timeout = 10 log_opt_values /usr/lib/python3/dist-packages/oslo_config/cfg.py:2609
2025-04-17 00:41:41.685 119367 DEBUG oslo_service.service [req-6e94ff4b-eda2-47e9-8192-ee045d916122 - - - - -] oslo_policy.enforce_new_defaults = False log_opt_values /usr/lib/python3/dist-packages/oslo_config/cfg.py:2609
2025-04-17 00:41:41.686 119367 DEBUG oslo_service.service [req-6e94ff4b-eda2-47e9-8192-ee045d916122 - - - - -] oslo_policy.enforce_scope = False log_opt_values /usr/lib/python3/dist-packages/oslo_config/cfg.py:2609
2025-04-17 00:41:41.686 119367 DEBUG oslo_service.service [req-6e94ff4b-eda2-47e9-8192-ee045d916122 - - - - -] oslo_policy.policy_default_rule = default log_opt_values /usr/lib/python3/dist-packages/oslo_config/cfg.py:2609
2025-04-17 00:41:41.686 119367 DEBUG oslo_service.service [req-6e94ff4b-eda2-47e9-8192-ee045d916122 - - - - -] oslo_policy.policy_dirs = ['policy.d'] log_opt_values /usr/lib/python3/dist-packages/oslo_config/cfg.py:2609
2025-04-17 00:41:41.686 119367 DEBUG oslo_service.service [req-6e94ff4b-eda2-47e9-8192-ee045d916122 - - - - -] oslo_policy.policy_file = policy.yaml log_opt_values /usr/lib/python3/dist-packages/oslo_config/cfg.py:2609
2025-04-17 00:41:41.687 119367 DEBUG oslo_service.service [req-6e94ff4b-eda2-47e9-8192-ee045d916122 - - - - -] oslo_policy.remote_content_type = application/x-www-form-urlencoded log_opt_values /usr/lib/python3/dist-packages/oslo_config/cfg.py:2609
2025-04-17 00:41:41.687 119367 DEBUG oslo_service.service [req-6e94ff4b-eda2-47e9-8192-ee045d916122 - - - - -] oslo_policy.remote_ssl_ca_crt_file = None log_opt_values /usr/lib/python3/dist-packages/oslo_config/cfg.py:2609
2025-04-17 00:41:41.687 119367 DEBUG oslo_service.service [req-6e94ff4b-eda2-47e9-8192-ee045d916122 - - - - -] oslo_policy.remote_ssl_client_crt_file = None log_opt_values /usr/lib/python3/dist-packages/oslo_config/cfg.py:2609
2025-04-17 00:41:41.688 119367 DEBUG oslo_service.service [req-6e94ff4b-eda2-47e9-8192-ee045d916122 - - - - -] oslo_policy.remote_ssl_client_key_file = None log_opt_values /usr/lib/python3/dist-packages/oslo_config/cfg.py:2609
2025-04-17 00:41:41.688 119367 DEBUG oslo_service.service [req-6e94ff4b-eda2-47e9-8192-ee045d916122 - - - - -] oslo_policy.remote_ssl_verify_server_crt = False log_opt_values /usr/lib/python3/dist-packages/oslo_config/cfg.py:2609
2025-04-17 00:41:41.688 119367 DEBUG oslo_service.service [req-6e94ff4b-eda2-47e9-8192-ee045d916122 - - - - -] oslo_versionedobjects.fatal_exception_format_errors = False log_opt_values /usr/lib/python3/dist-packages/oslo_config/cfg.py:2609
2025-04-17 00:41:41.688 119367 DEBUG oslo_service.service [req-6e94ff4b-eda2-47e9-8192-ee045d916122 - - - - -] oslo_middleware.http_basic_auth_user_file = /etc/htpasswd log_opt_values /usr/lib/python3/dist-packages/oslo_config/cfg.py:2609
2025-04-17 00:41:41.688 119367 DEBUG oslo_service.service [req-6e94ff4b-eda2-47e9-8192-ee045d916122 - - - - -] profiler.connection_string = messaging:// log_opt_values /usr/lib/python3/dist-packages/oslo_config/cfg.py:2609
2025-04-17 00:41:41.689 119367 DEBUG oslo_service.service [req-6e94ff4b-eda2-47e9-8192-ee045d916122 - - - - -] profiler.enabled = False log_opt_values /usr/lib/python3/dist-packages/oslo_config/cfg.py:2609
2025-04-17 00:41:41.689 119367 DEBUG oslo_service.service [req-6e94ff4b-eda2-47e9-8192-ee045d916122 - - - - -] profiler.es_doc_type = notification log_opt_values /usr/lib/python3/dist-packages/oslo_config/cfg.py:2609
2025-04-17 00:41:41.689 119367 DEBUG oslo_service.service [req-6e94ff4b-eda2-47e9-8192-ee045d916122 - - - - -] profiler.es_scroll_size = 10000 log_opt_values /usr/lib/python3/dist-packages/oslo_config/cfg.py:2609
2025-04-17 00:41:41.689 119367 DEBUG oslo_service.service [req-6e94ff4b-eda2-47e9-8192-ee045d916122 - - - - -] profiler.es_scroll_time = 2m log_opt_values /usr/lib/python3/dist-packages/oslo_config/cfg.py:2609
2025-04-17 00:41:41.690 119367 DEBUG oslo_service.service [req-6e94ff4b-eda2-47e9-8192-ee045d916122 - - - - -] profiler.filter_error_trace = False log_opt_values /usr/lib/python3/dist-packages/oslo_config/cfg.py:2609
2025-04-17 00:41:41.690 119367 DEBUG oslo_service.service [req-6e94ff4b-eda2-47e9-8192-ee045d916122 - - - - -] profiler.hmac_keys = SECRET_KEY log_opt_values /usr/lib/python3/dist-packages/oslo_config/cfg.py:2609
2025-04-17 00:41:41.690 119367 DEBUG oslo_service.service [req-6e94ff4b-eda2-47e9-8192-ee045d916122 - - - - -] profiler.sentinel_service_name = mymaster log_opt_values /usr/lib/python3/dist-packages/oslo_config/cfg.py:2609
2025-04-17 00:41:41.690 119367 DEBUG oslo_service.service [req-6e94ff4b-eda2-47e9-8192-ee045d916122 - - - - -] profiler.socket_timeout = 0.1 log_opt_values /usr/lib/python3/dist-packages/oslo_config/cfg.py:2609
2025-04-17 00:41:41.691 119367 DEBUG oslo_service.service [req-6e94ff4b-eda2-47e9-8192-ee045d916122 - - - - -] profiler.trace_sqlalchemy = False log_opt_values /usr/lib/python3/dist-packages/oslo_config/cfg.py:2609
2025-04-17 00:41:41.691 119367 DEBUG oslo_service.service [req-6e94ff4b-eda2-47e9-8192-ee045d916122 - - - - -] remote_debug.host = None log_opt_values /usr/lib/python3/dist-packages/oslo_config/cfg.py:2609
2025-04-17 00:41:41.691 119367 DEBUG oslo_service.service [req-6e94ff4b-eda2-47e9-8192-ee045d916122 - - - - -] remote_debug.port = None log_opt_values /usr/lib/python3/dist-packages/oslo_config/cfg.py:2609
2025-04-17 00:41:41.691 119367 DEBUG oslo_service.service [req-6e94ff4b-eda2-47e9-8192-ee045d916122 - - - - -] oslo_messaging_rabbit.amqp_auto_delete = False log_opt_values /usr/lib/python3/dist-packages/oslo_config/cfg.py:2609
2025-04-17 00:41:41.691 119367 DEBUG oslo_service.service [req-6e94ff4b-eda2-47e9-8192-ee045d916122 - - - - -] oslo_messaging_rabbit.amqp_durable_queues = False log_opt_values /usr/lib/python3/dist-packages/oslo_config/cfg.py:2609
