2025-04-17 00:32:47.220 29898 DEBUG oslo_service.service [-] heat_api_cfn.max_header_line = 16384 log_opt_values /usr/lib/python3/dist-packages/oslo_config/cfg.py:2609
2025-04-17 00:32:47.220 29898 DEBUG oslo_service.service [-] heat_api_cfn.tcp_keepidle = 600 log_opt_values /usr/lib/python3/dist-packages/oslo_config/cfg.py:2609
2025-04-17 00:32:47.220 29898 DEBUG oslo_service.service [-] heat_api_cfn.workers = 4 log_opt_values /usr/lib/python3/dist-packages/oslo_config/cfg.py:2609
2025-04-17 00:32:47.220 29898 DEBUG oslo_service.service [-] heat_api_cloudwatch.backlog = 4096 log_opt_values /usr/lib/python3/dist-packages/oslo_config/cfg.py:2609
2025-04-17 00:32:47.220 29898 DEBUG oslo_service.service [-] heat_api_cloudwatch.bind_host = 0.0.0.0 log_opt_values /usr/lib/python3/dist-packages/oslo_config/cfg.py:2609
2025-04-17 00:32:47.221 29898 DEBUG oslo_service.service [-] heat_api_cloudwatch.bind_port = 8003 log_opt_values /usr/lib/python3/dist-packages/oslo_config/cfg.py:2609
2025-04-17 00:32:47.221 29898 DEBUG oslo_service.service [-] heat_api_cloudwatch.cert_file = None log_opt_values /usr/lib/python3/dist-packages/oslo_config/cfg.py:2609
2025-04-17 00:32:47.221 29898 DEBUG oslo_service.service [-] heat_api_cloudwatch.key_file = None log_opt_values /usr/lib/python3/dist-packages/oslo_config/cfg.py:2609
2025-04-17 00:32:47.221 29898 DEBUG oslo_service.service [-] heat_api_cloudwatch.max_header_line = 16384 log_opt_values /usr/lib/python3/dist-packages/oslo_config/cfg.py:2609
2025-04-17 00:32:47.221 29898 DEBUG oslo_service.service [-] heat_api_cloudwatch.tcp_keepidle = 600 log_opt_values /usr/lib/python3/dist-packages/oslo_config/cfg.py:2609
2025-04-17 00:32:47.222 29898 DEBUG oslo_service.service [-] heat_api_cloudwatch.workers = 1 log_opt_values /usr/lib/python3/dist-packages/oslo_config/cfg.py:2609
2025-04-17 00:32:47.222 29898 DEBUG oslo_service.service [-] eventlet_opts.client_socket_timeout = 900 log_opt_values /usr/lib/python3/dist-packages/oslo_config/cfg.py:2609
2025-04-17 00:32:47.222 29898 DEBUG oslo_service.service [-] eventlet_opts.wsgi_keep_alive = True log_opt_values /usr/lib/python3/dist-packages/oslo_config/cfg.py:2609
2025-04-17 00:32:47.222 29898 DEBUG oslo_service.service [-] paste_deploy.api_paste_config = /etc/heat/api-paste.ini log_opt_values /usr/lib/python3/dist-packages/oslo_config/cfg.py:2609
2025-04-17 00:32:47.222 29898 DEBUG oslo_service.service [-] paste_deploy.flavor = None log_opt_values /usr/lib/python3/dist-packages/oslo_config/cfg.py:2609
2025-04-17 00:32:47.222 29898 DEBUG oslo_service.service [-] auth_password.allowed_auth_uris = [] log_opt_values /usr/lib/python3/dist-packages/oslo_config/cfg.py:2609
2025-04-17 00:32:47.222 29898 DEBUG oslo_service.service [-] auth_password.multi_cloud = False log_opt_values /usr/lib/python3/dist-packages/oslo_config/cfg.py:2609
2025-04-17 00:32:47.223 29898 DEBUG oslo_service.service [-] revision.heat_revision = unknown log_opt_values /usr/lib/python3/dist-packages/oslo_config/cfg.py:2609
2025-04-17 00:32:47.223 29898 DEBUG oslo_service.service [-] volumes.backups_enabled = True log_opt_values /usr/lib/python3/dist-packages/oslo_config/cfg.py:2609
2025-04-17 00:32:47.223 29898 DEBUG oslo_service.service [-] noauth.token_response = log_opt_values /usr/lib/python3/dist-packages/oslo_config/cfg.py:2609
2025-04-17 00:32:47.223 29898 DEBUG oslo_service.service [-] clients.ca_file = None log_opt_values /usr/lib/python3/dist-packages/oslo_config/cfg.py:2609
2025-04-17 00:32:47.223 29898 DEBUG oslo_service.service [-] clients.cert_file = None log_opt_values /usr/lib/python3/dist-packages/oslo_config/cfg.py:2609
2025-04-17 00:32:47.223 29898 DEBUG oslo_service.service [-] clients.endpoint_type = publicURL log_opt_values /usr/lib/python3/dist-packages/oslo_config/cfg.py:2609
2025-04-17 00:32:47.223 29898 DEBUG oslo_service.service [-] clients.insecure = False log_opt_values /usr/lib/python3/dist-packages/oslo_config/cfg.py:2609
2025-04-17 00:32:47.223 29898 DEBUG oslo_service.service [-] clients.key_file = None log_opt_values /usr/lib/python3/dist-packages/oslo_config/cfg.py:2609
2025-04-17 00:32:47.224 29898 DEBUG oslo_service.service [-] clients_aodh.ca_file = None log_opt_values /usr/lib/python3/dist-packages/oslo_config/cfg.py:2609
2025-04-17 00:32:47.224 29898 DEBUG oslo_service.service [-] clients_aodh.cert_file = None log_opt_values /usr/lib/python3/dist-packages/oslo_config/cfg.py:2609
2025-04-17 00:32:47.224 29898 DEBUG oslo_service.service [-] clients_aodh.endpoint_type = None log_opt_values /usr/lib/python3/dist-packages/oslo_config/cfg.py:2609
2025-04-17 00:32:47.224 29898 DEBUG oslo_service.service [-] clients_aodh.insecure = None log_opt_values /usr/lib/python3/dist-packages/oslo_config/cfg.py:2609
2025-04-17 00:32:47.224 29898 DEBUG oslo_service.service [-] clients_aodh.key_file = None log_opt_values /usr/lib/python3/dist-packages/oslo_config/cfg.py:2609
2025-04-17 00:32:47.224 29898 DEBUG oslo_service.service [-] clients_barbican.ca_file = None log_opt_values /usr/lib/python3/dist-packages/oslo_config/cfg.py:2609
2025-04-17 00:32:47.224 29898 DEBUG oslo_service.service [-] clients_barbican.cert_file = None log_opt_values /usr/lib/python3/dist-packages/oslo_config/cfg.py:2609
2025-04-17 00:32:47.225 29898 DEBUG oslo_service.service [-] clients_barbican.endpoint_type = None log_opt_values /usr/lib/python3/dist-packages/oslo_config/cfg.py:2609
2025-04-17 00:32:47.225 29898 DEBUG oslo_service.service [-] clients_barbican.insecure = None log_opt_values /usr/lib/python3/dist-packages/oslo_config/cfg.py:2609
2025-04-17 00:32:47.225 29898 DEBUG oslo_service.service [-] clients_barbican.key_file = None log_opt_values /usr/lib/python3/dist-packages/oslo_config/cfg.py:2609
2025-04-17 00:32:47.225 29898 DEBUG oslo_service.service [-] clients_cinder.ca_file = None log_opt_values /usr/lib/python3/dist-packages/oslo_config/cfg.py:2609
2025-04-17 00:32:47.225 29898 DEBUG oslo_service.service [-] clients_cinder.cert_file = None log_opt_values /usr/lib/python3/dist-packages/oslo_config/cfg.py:2609
2025-04-17 00:32:47.225 29898 DEBUG oslo_service.service [-] clients_cinder.endpoint_type = None log_opt_values /usr/lib/python3/dist-packages/oslo_config/cfg.py:2609
2025-04-17 00:32:47.225 29898 DEBUG oslo_service.service [-] clients_cinder.http_log_debug = False log_opt_values /usr/lib/python3/dist-packages/oslo_config/cfg.py:2609
2025-04-17 00:32:47.226 29898 DEBUG oslo_service.service [-] clients_cinder.insecure = None log_opt_values /usr/lib/python3/dist-packages/oslo_config/cfg.py:2609
2025-04-17 00:32:47.226 29898 DEBUG oslo_service.service [-] clients_cinder.key_file = None log_opt_values /usr/lib/python3/dist-packages/oslo_config/cfg.py:2609
2025-04-17 00:32:47.226 29898 DEBUG oslo_service.service [-] clients_designate.ca_file = None log_opt_values /usr/lib/python3/dist-packages/oslo_config/cfg.py:2609
2025-04-17 00:32:47.226 29898 DEBUG oslo_service.service [-] clients_designate.cert_file = None log_opt_values /usr/lib/python3/dist-packages/oslo_config/cfg.py:2609
2025-04-17 00:32:47.226 29898 DEBUG oslo_service.service [-] clients_designate.endpoint_type = None log_opt_values /usr/lib/python3/dist-packages/oslo_config/cfg.py:2609
2025-04-17 00:32:47.226 29898 DEBUG oslo_service.service [-] clients_designate.insecure = None log_opt_values /usr/lib/python3/dist-packages/oslo_config/cfg.py:2609
2025-04-17 00:32:47.226 29898 DEBUG oslo_service.service [-] clients_designate.key_file = None log_opt_values /usr/lib/python3/dist-packages/oslo_config/cfg.py:2609
2025-04-17 00:32:47.227 29898 DEBUG oslo_service.service [-] clients_glance.ca_file = None log_opt_values /usr/lib/python3/dist-packages/oslo_config/cfg.py:2609
2025-04-17 00:32:47.227 29898 DEBUG oslo_service.service [-] clients_glance.cert_file = None log_opt_values /usr/lib/python3/dist-packages/oslo_config/cfg.py:2609
2025-04-17 00:32:47.227 29898 DEBUG oslo_service.service [-] clients_glance.endpoint_type = None log_opt_values /usr/lib/python3/dist-packages/oslo_config/cfg.py:2609
2025-04-17 00:32:47.227 29898 DEBUG oslo_service.service [-] clients_glance.insecure = None log_opt_values /usr/lib/python3/dist-packages/oslo_config/cfg.py:2609
2025-04-17 00:32:47.227 29898 DEBUG oslo_service.service [-] clients_glance.key_file = None log_opt_values /usr/lib/python3/dist-packages/oslo_config/cfg.py:2609
2025-04-17 00:32:47.227 29898 DEBUG oslo_service.service [-] clients_heat.ca_file = None log_opt_values /usr/lib/python3/dist-packages/oslo_config/cfg.py:2609
2025-04-17 00:32:47.227 29898 DEBUG oslo_service.service [-] clients_heat.cert_file = None log_opt_values /usr/lib/python3/dist-packages/oslo_config/cfg.py:2609
2025-04-17 00:32:47.227 29898 DEBUG oslo_service.service [-] clients_heat.endpoint_type = None log_opt_values /usr/lib/python3/dist-packages/oslo_config/cfg.py:2609
2025-04-17 00:32:47.228 29898 DEBUG oslo_service.service [-] clients_heat.insecure = None log_opt_values /usr/lib/python3/dist-packages/oslo_config/cfg.py:2609
2025-04-17 00:32:47.228 29898 DEBUG oslo_service.service [-] clients_heat.key_file = None log_opt_values /usr/lib/python3/dist-packages/oslo_config/cfg.py:2609
2025-04-17 00:32:47.228 29898 DEBUG oslo_service.service [-] clients_heat.url = log_opt_values /usr/lib/python3/dist-packages/oslo_config/cfg.py:2609
2025-04-17 00:32:47.228 29898 DEBUG oslo_service.service [-] clients_keystone.auth_uri = log_opt_values /usr/lib/python3/dist-packages/oslo_config/cfg.py:2609
2025-04-17 00:32:47.228 29898 DEBUG oslo_service.service [-] clients_keystone.ca_file = None log_opt_values /usr/lib/python3/dist-packages/oslo_config/cfg.py:2609
2025-04-17 00:32:47.228 29898 DEBUG oslo_service.service [-] clients_keystone.cert_file = None log_opt_values /usr/lib/python3/dist-packages/oslo_config/cfg.py:2609
2025-04-17 00:32:47.228 29898 DEBUG oslo_service.service [-] clients_keystone.endpoint_type = None log_opt_values /usr/lib/python3/dist-packages/oslo_config/cfg.py:2609
2025-04-17 00:32:47.229 29898 DEBUG oslo_service.service [-] clients_keystone.insecure = None log_opt_values /usr/lib/python3/dist-packages/oslo_config/cfg.py:2609
2025-04-17 00:32:47.229 29898 DEBUG oslo_service.service [-] clients_keystone.key_file = None log_opt_values /usr/lib/python3/dist-packages/oslo_config/cfg.py:2609
2025-04-17 00:32:47.229 29898 DEBUG oslo_service.service [-] clients_magnum.ca_file = None log_opt_values /usr/lib/python3/dist-packages/oslo_config/cfg.py:2609
2025-04-17 00:32:47.229 29898 DEBUG oslo_service.service [-] clients_magnum.cert_file = None log_opt_values /usr/lib/python3/dist-packages/oslo_config/cfg.py:2609
2025-04-17 00:32:47.229 29898 DEBUG oslo_service.service [-] clients_magnum.endpoint_type = None log_opt_values /usr/lib/python3/dist-packages/oslo_config/cfg.py:2609
2025-04-17 00:32:47.229 30129 INFO heat.engine.worker [-] Starting engine_worker (1.4) in engine 6a577551-7767-429b-96bd-0409025ebd5d.
2025-04-17 00:32:47.229 29898 DEBUG oslo_service.service [-] clients_magnum.insecure = None log_opt_values /usr/lib/python3/dist-packages/oslo_config/cfg.py:2609
2025-04-17 00:32:47.229 29898 DEBUG oslo_service.service [-] clients_magnum.key_file = None log_opt_values /usr/lib/python3/dist-packages/oslo_config/cfg.py:2609
2025-04-17 00:32:47.229 29898 DEBUG oslo_service.service [-] clients_manila.ca_file = None log_opt_values /usr/lib/python3/dist-packages/oslo_config/cfg.py:2609
2025-04-17 00:32:47.230 29898 DEBUG oslo_service.service [-] clients_manila.cert_file = None log_opt_values /usr/lib/python3/dist-packages/oslo_config/cfg.py:2609
2025-04-17 00:32:47.230 29898 DEBUG oslo_service.service [-] clients_manila.endpoint_type = None log_opt_values /usr/lib/python3/dist-packages/oslo_config/cfg.py:2609
2025-04-17 00:32:47.230 29898 DEBUG oslo_service.service [-] clients_manila.insecure = None log_opt_values /usr/lib/python3/dist-packages/oslo_config/cfg.py:2609
2025-04-17 00:32:47.230 29898 DEBUG oslo_service.service [-] clients_manila.key_file = None log_opt_values /usr/lib/python3/dist-packages/oslo_config/cfg.py:2609
2025-04-17 00:32:47.230 29898 DEBUG oslo_service.service [-] clients_mistral.ca_file = None log_opt_values /usr/lib/python3/dist-packages/oslo_config/cfg.py:2609
2025-04-17 00:32:47.230 29898 DEBUG oslo_service.service [-] clients_mistral.cert_file = None log_opt_values /usr/lib/python3/dist-packages/oslo_config/cfg.py:2609
2025-04-17 00:32:47.230 29898 DEBUG oslo_service.service [-] clients_mistral.endpoint_type = None log_opt_values /usr/lib/python3/dist-packages/oslo_config/cfg.py:2609
2025-04-17 00:32:47.230 29898 DEBUG oslo_service.service [-] clients_mistral.insecure = None log_opt_values /usr/lib/python3/dist-packages/oslo_config/cfg.py:2609
2025-04-17 00:32:47.231 29898 DEBUG oslo_service.service [-] clients_mistral.key_file = None log_opt_values /usr/lib/python3/dist-packages/oslo_config/cfg.py:2609
2025-04-17 00:32:47.231 29898 DEBUG oslo_service.service [-] clients_monasca.ca_file = None log_opt_values /usr/lib/python3/dist-packages/oslo_config/cfg.py:2609
2025-04-17 00:32:47.231 29898 DEBUG oslo_service.service [-] clients_monasca.cert_file = None log_opt_values /usr/lib/python3/dist-packages/oslo_config/cfg.py:2609
2025-04-17 00:32:47.231 29898 DEBUG oslo_service.service [-] clients_monasca.endpoint_type = None log_opt_values /usr/lib/python3/dist-packages/oslo_config/cfg.py:2609
2025-04-17 00:32:47.231 29898 DEBUG oslo_service.service [-] clients_monasca.insecure = None log_opt_values /usr/lib/python3/dist-packages/oslo_config/cfg.py:2609
2025-04-17 00:32:47.231 29898 DEBUG oslo_service.service [-] clients_monasca.key_file = None log_opt_values /usr/lib/python3/dist-packages/oslo_config/cfg.py:2609
2025-04-17 00:32:47.231 29898 DEBUG oslo_service.service [-] clients_neutron.ca_file = None log_opt_values /usr/lib/python3/dist-packages/oslo_config/cfg.py:2609
2025-04-17 00:32:47.232 29898 DEBUG oslo_service.service [-] clients_neutron.cert_file = None log_opt_values /usr/lib/python3/dist-packages/oslo_config/cfg.py:2609
2025-04-17 00:32:47.232 29898 DEBUG oslo_service.service [-] clients_neutron.endpoint_type = None log_opt_values /usr/lib/python3/dist-packages/oslo_config/cfg.py:2609
2025-04-17 00:32:47.232 29898 DEBUG oslo_service.service [-] clients_neutron.insecure = None log_opt_values /usr/lib/python3/dist-packages/oslo_config/cfg.py:2609
2025-04-17 00:32:47.232 29898 DEBUG oslo_service.service [-] clients_neutron.key_file = None log_opt_values /usr/lib/python3/dist-packages/oslo_config/cfg.py:2609
2025-04-17 00:32:47.232 29898 DEBUG oslo_service.service [-] clients_nova.ca_file = None log_opt_values /usr/lib/python3/dist-packages/oslo_config/cfg.py:2609
2025-04-17 00:32:47.232 29898 DEBUG oslo_service.service [-] clients_nova.cert_file = None log_opt_values /usr/lib/python3/dist-packages/oslo_config/cfg.py:2609
2025-04-17 00:32:47.232 29898 DEBUG oslo_service.service [-] clients_nova.endpoint_type = None log_opt_values /usr/lib/python3/dist-packages/oslo_config/cfg.py:2609
2025-04-17 00:32:47.232 29898 DEBUG oslo_service.service [-] clients_nova.http_log_debug = False log_opt_values /usr/lib/python3/dist-packages/oslo_config/cfg.py:2609
2025-04-17 00:32:47.233 29898 DEBUG oslo_service.service [-] clients_nova.insecure = None log_opt_values /usr/lib/python3/dist-packages/oslo_config/cfg.py:2609
2025-04-17 00:32:47.233 29898 DEBUG oslo_service.service [-] clients_nova.key_file = None log_opt_values /usr/lib/python3/dist-packages/oslo_config/cfg.py:2609
2025-04-17 00:32:47.233 29898 DEBUG oslo_service.service [-] clients_octavia.ca_file = None log_opt_values /usr/lib/python3/dist-packages/oslo_config/cfg.py:2609
2025-04-17 00:32:47.233 29898 DEBUG oslo_service.service [-] clients_octavia.cert_file = None log_opt_values /usr/lib/python3/dist-packages/oslo_config/cfg.py:2609
2025-04-17 00:32:47.233 29898 DEBUG oslo_service.service [-] clients_octavia.endpoint_type = None log_opt_values /usr/lib/python3/dist-packages/oslo_config/cfg.py:2609
2025-04-17 00:32:47.233 29898 DEBUG oslo_service.service [-] clients_octavia.insecure = None log_opt_values /usr/lib/python3/dist-packages/oslo_config/cfg.py:2609
2025-04-17 00:32:47.233 29898 DEBUG oslo_service.service [-] clients_octavia.key_file = None log_opt_values /usr/lib/python3/dist-packages/oslo_config/cfg.py:2609
2025-04-17 00:32:47.233 29898 DEBUG oslo_service.service [-] clients_sahara.ca_file = None log_opt_values /usr/lib/python3/dist-packages/oslo_config/cfg.py:2609
2025-04-17 00:32:47.234 29898 DEBUG oslo_service.service [-] clients_sahara.cert_file = None log_opt_values /usr/lib/python3/dist-packages/oslo_config/cfg.py:2609
2025-04-17 00:32:47.234 29898 DEBUG oslo_service.service [-] clients_sahara.endpoint_type = None log_opt_values /usr/lib/python3/dist-packages/oslo_config/cfg.py:2609
2025-04-17 00:32:47.234 29898 DEBUG oslo_service.service [-] clients_sahara.insecure = None log_opt_values /usr/lib/python3/dist-packages/oslo_config/cfg.py:2609
2025-04-17 00:32:47.234 29898 DEBUG oslo_service.service [-] clients_sahara.key_file = None log_opt_values /usr/lib/python3/dist-packages/oslo_config/cfg.py:2609
2025-04-17 00:32:47.234 29898 DEBUG oslo_service.service [-] clients_senlin.ca_file = None log_opt_values /usr/lib/python3/dist-packages/oslo_config/cfg.py:2609
2025-04-17 00:32:47.234 29898 DEBUG oslo_service.service [-] clients_senlin.cert_file = None log_opt_values /usr/lib/python3/dist-packages/oslo_config/cfg.py:2609
2025-04-17 00:32:47.234 29898 DEBUG oslo_service.service [-] clients_senlin.endpoint_type = None log_opt_values /usr/lib/python3/dist-packages/oslo_config/cfg.py:2609
2025-04-17 00:32:47.234 29898 DEBUG oslo_service.service [-] clients_senlin.insecure = None log_opt_values /usr/lib/python3/dist-packages/oslo_config/cfg.py:2609
2025-04-17 00:32:47.235 29898 DEBUG oslo_service.service [-] clients_senlin.key_file = None log_opt_values /usr/lib/python3/dist-packages/oslo_config/cfg.py:2609
2025-04-17 00:32:47.235 29898 DEBUG oslo_service.service [-] clients_swift.ca_file = None log_opt_values /usr/lib/python3/dist-packages/oslo_config/cfg.py:2609
2025-04-17 00:32:47.235 29898 DEBUG oslo_service.service [-] clients_swift.cert_file = None log_opt_values /usr/lib/python3/dist-packages/oslo_config/cfg.py:2609
2025-04-17 00:32:47.235 29898 DEBUG oslo_service.service [-] clients_swift.endpoint_type = None log_opt_values /usr/lib/python3/dist-packages/oslo_config/cfg.py:2609
2025-04-17 00:32:47.235 29898 DEBUG oslo_service.service [-] clients_swift.insecure = None log_opt_values /usr/lib/python3/dist-packages/oslo_config/cfg.py:2609
2025-04-17 00:32:47.235 29898 DEBUG oslo_service.service [-] clients_swift.key_file = None log_opt_values /usr/lib/python3/dist-packages/oslo_config/cfg.py:2609
2025-04-17 00:32:47.235 29898 DEBUG oslo_service.service [-] clients_trove.ca_file = None log_opt_values /usr/lib/python3/dist-packages/oslo_config/cfg.py:2609
2025-04-17 00:32:47.235 29898 DEBUG oslo_service.service [-] clients_trove.cert_file = None log_opt_values /usr/lib/python3/dist-packages/oslo_config/cfg.py:2609
2025-04-17 00:32:47.236 29898 DEBUG oslo_service.service [-] clients_trove.endpoint_type = None log_opt_values /usr/lib/python3/dist-packages/oslo_config/cfg.py:2609
2025-04-17 00:32:47.236 29898 DEBUG oslo_service.service [-] clients_trove.insecure = None log_opt_values /usr/lib/python3/dist-packages/oslo_config/cfg.py:2609
2025-04-17 00:32:47.236 29898 DEBUG oslo_service.service [-] clients_trove.key_file = None log_opt_values /usr/lib/python3/dist-packages/oslo_config/cfg.py:2609
2025-04-17 00:32:47.236 29898 DEBUG oslo_service.service [-] clients_vitrage.ca_file = None log_opt_values /usr/lib/python3/dist-packages/oslo_config/cfg.py:2609
2025-04-17 00:32:47.236 29898 DEBUG oslo_service.service [-] clients_vitrage.cert_file = None log_opt_values /usr/lib/python3/dist-packages/oslo_config/cfg.py:2609
2025-04-17 00:32:47.236 29898 DEBUG oslo_service.service [-] clients_vitrage.endpoint_type = None log_opt_values /usr/lib/python3/dist-packages/oslo_config/cfg.py:2609
2025-04-17 00:32:47.236 29898 DEBUG oslo_service.service [-] clients_vitrage.insecure = None log_opt_values /usr/lib/python3/dist-packages/oslo_config/cfg.py:2609
2025-04-17 00:32:47.236 29898 DEBUG oslo_service.service [-] clients_vitrage.key_file = None log_opt_values /usr/lib/python3/dist-packages/oslo_config/cfg.py:2609
2025-04-17 00:32:47.237 29898 DEBUG oslo_service.service [-] clients_zaqar.ca_file = None log_opt_values /usr/lib/python3/dist-packages/oslo_config/cfg.py:2609
2025-04-17 00:32:47.237 29898 DEBUG oslo_service.service [-] clients_zaqar.cert_file = None log_opt_values /usr/lib/python3/dist-packages/oslo_config/cfg.py:2609
2025-04-17 00:32:47.237 29898 DEBUG oslo_service.service [-] clients_zaqar.endpoint_type = None log_opt_values /usr/lib/python3/dist-packages/oslo_config/cfg.py:2609
2025-04-17 00:32:47.237 29898 DEBUG oslo_service.service [-] clients_zaqar.insecure = None log_opt_values /usr/lib/python3/dist-packages/oslo_config/cfg.py:2609
2025-04-17 00:32:47.238 29898 DEBUG oslo_service.service [-] clients_zaqar.key_file = None log_opt_values /usr/lib/python3/dist-packages/oslo_config/cfg.py:2609
2025-04-17 00:32:47.238 29898 DEBUG oslo_service.service [-] database.backend = sqlalchemy log_opt_values /usr/lib/python3/dist-packages/oslo_config/cfg.py:2609
2025-04-17 00:32:47.238 29898 DEBUG oslo_service.service [-] database.connection = **** log_opt_values /usr/lib/python3/dist-packages/oslo_config/cfg.py:2609
2025-04-17 00:32:47.238 29898 DEBUG oslo_service.service [-] database.connection_debug = 0 log_opt_values /usr/lib/python3/dist-packages/oslo_config/cfg.py:2609
2025-04-17 00:32:47.238 29898 DEBUG oslo_service.service [-] database.connection_parameters = log_opt_values /usr/lib/python3/dist-packages/oslo_config/cfg.py:2609
2025-04-17 00:32:47.238 29898 DEBUG oslo_service.service [-] database.connection_recycle_time = 3600 log_opt_values /usr/lib/python3/dist-packages/oslo_config/cfg.py:2609
2025-04-17 00:32:47.238 29898 DEBUG oslo_service.service [-] database.connection_trace = False log_opt_values /usr/lib/python3/dist-packages/oslo_config/cfg.py:2609
2025-04-17 00:32:47.239 29898 DEBUG oslo_service.service [-] database.db_inc_retry_interval = True log_opt_values /usr/lib/python3/dist-packages/oslo_config/cfg.py:2609
2025-04-17 00:32:47.239 29898 DEBUG oslo_service.service [-] database.db_max_retries = 20 log_opt_values /usr/lib/python3/dist-packages/oslo_config/cfg.py:2609
2025-04-17 00:32:47.239 29898 DEBUG oslo_service.service [-] database.db_max_retry_interval = 10 log_opt_values /usr/lib/python3/dist-packages/oslo_config/cfg.py:2609
2025-04-17 00:32:47.239 29898 DEBUG oslo_service.service [-] database.db_retry_interval = 1 log_opt_values /usr/lib/python3/dist-packages/oslo_config/cfg.py:2609
2025-04-17 00:32:47.239 29898 DEBUG oslo_service.service [-] database.max_overflow = 50 log_opt_values /usr/lib/python3/dist-packages/oslo_config/cfg.py:2609
2025-04-17 00:32:47.239 29898 DEBUG oslo_service.service [-] database.max_pool_size = 5 log_opt_values /usr/lib/python3/dist-packages/oslo_config/cfg.py:2609
2025-04-17 00:32:47.239 29898 DEBUG oslo_service.service [-] database.max_retries = 10 log_opt_values /usr/lib/python3/dist-packages/oslo_config/cfg.py:2609
2025-04-17 00:32:47.239 29898 DEBUG oslo_service.service [-] database.mysql_enable_ndb = False log_opt_values /usr/lib/python3/dist-packages/oslo_config/cfg.py:2609
2025-04-17 00:32:47.240 29898 DEBUG oslo_service.service [-] database.mysql_sql_mode = TRADITIONAL log_opt_values /usr/lib/python3/dist-packages/oslo_config/cfg.py:2609
2025-04-17 00:32:47.240 29898 DEBUG oslo_service.service [-] database.pool_timeout = None log_opt_values /usr/lib/python3/dist-packages/oslo_config/cfg.py:2609
2025-04-17 00:32:47.240 29898 DEBUG oslo_service.service [-] database.retry_interval = 10 log_opt_values /usr/lib/python3/dist-packages/oslo_config/cfg.py:2609
2025-04-17 00:32:47.240 29898 DEBUG oslo_service.service [-] database.slave_connection = **** log_opt_values /usr/lib/python3/dist-packages/oslo_config/cfg.py:2609
2025-04-17 00:32:47.240 29898 DEBUG oslo_service.service [-] database.sqlite_synchronous = True log_opt_values /usr/lib/python3/dist-packages/oslo_config/cfg.py:2609
2025-04-17 00:32:47.240 29898 DEBUG oslo_service.service [-] database.use_db_reconnect = False log_opt_values /usr/lib/python3/dist-packages/oslo_config/cfg.py:2609
2025-04-17 00:32:47.240 29898 DEBUG oslo_service.service [-] oslo_messaging_metrics.metrics_buffer_size = 1000 log_opt_values /usr/lib/python3/dist-packages/oslo_config/cfg.py:2609
2025-04-17 00:32:47.241 29898 DEBUG oslo_service.service [-] oslo_messaging_metrics.metrics_enabled = False log_opt_values /usr/lib/python3/dist-packages/oslo_config/cfg.py:2609
2025-04-17 00:32:47.241 29898 DEBUG oslo_service.service [-] oslo_messaging_metrics.metrics_process_name = log_opt_values /usr/lib/python3/dist-packages/oslo_config/cfg.py:2609
2025-04-17 00:32:47.241 29898 DEBUG oslo_service.service [-] oslo_messaging_metrics.metrics_socket_file = /var/tmp/metrics_collector.sock log_opt_values /usr/lib/python3/dist-packages/oslo_config/cfg.py:2609
2025-04-17 00:32:47.241 29898 DEBUG oslo_service.service [-] oslo_messaging_metrics.metrics_thread_stop_timeout = 10 log_opt_values /usr/lib/python3/dist-packages/oslo_config/cfg.py:2609
2025-04-17 00:32:47.241 29898 DEBUG oslo_service.service [-] oslo_policy.enforce_new_defaults = False log_opt_values /usr/lib/python3/dist-packages/oslo_config/cfg.py:2609
2025-04-17 00:32:47.241 29898 DEBUG oslo_service.service [-] oslo_policy.enforce_scope = False log_opt_values /usr/lib/python3/dist-packages/oslo_config/cfg.py:2609
2025-04-17 00:32:47.241 29898 DEBUG oslo_service.service [-] oslo_policy.policy_default_rule = default log_opt_values /usr/lib/python3/dist-packages/oslo_config/cfg.py:2609
2025-04-17 00:32:47.242 29898 DEBUG oslo_service.service [-] oslo_policy.policy_dirs = ['policy.d'] log_opt_values /usr/lib/python3/dist-packages/oslo_config/cfg.py:2609
2025-04-17 00:32:47.242 29898 DEBUG oslo_service.service [-] oslo_policy.policy_file = policy.yaml log_opt_values /usr/lib/python3/dist-packages/oslo_config/cfg.py:2609
2025-04-17 00:32:47.242 29898 DEBUG oslo_service.service [-] oslo_policy.remote_content_type = application/x-www-form-urlencoded log_opt_values /usr/lib/python3/dist-packages/oslo_config/cfg.py:2609
2025-04-17 00:32:47.242 29898 DEBUG oslo_service.service [-] oslo_policy.remote_ssl_ca_crt_file = None log_opt_values /usr/lib/python3/dist-packages/oslo_config/cfg.py:2609
2025-04-17 00:32:47.242 29898 DEBUG oslo_service.service [-] oslo_policy.remote_ssl_client_crt_file = None log_opt_values /usr/lib/python3/dist-packages/oslo_config/cfg.py:2609
2025-04-17 00:32:47.242 29898 DEBUG oslo_service.service [-] oslo_policy.remote_ssl_client_key_file = None log_opt_values /usr/lib/python3/dist-packages/oslo_config/cfg.py:2609
2025-04-17 00:32:47.242 29898 DEBUG oslo_service.service [-] oslo_policy.remote_ssl_verify_server_crt = False log_opt_values /usr/lib/python3/dist-packages/oslo_config/cfg.py:2609
2025-04-17 00:32:47.243 29898 DEBUG oslo_service.service [-] trustee.auth_section = None log_opt_values /usr/lib/python3/dist-packages/oslo_config/cfg.py:2609
2025-04-17 00:32:47.243 29898 DEBUG oslo_service.service [-] trustee.auth_type = None log_opt_values /usr/lib/python3/dist-packages/oslo_config/cfg.py:2609
2025-04-17 00:32:47.243 29898 DEBUG oslo_service.service [-] oslo_versionedobjects.fatal_exception_format_errors = False log_opt_values /usr/lib/python3/dist-packages/oslo_config/cfg.py:2609
2025-04-17 00:32:47.243 29898 DEBUG oslo_service.service [-] oslo_messaging_rabbit.amqp_auto_delete = False log_opt_values /usr/lib/python3/dist-packages/oslo_config/cfg.py:2609
2025-04-17 00:32:47.243 29898 DEBUG oslo_service.service [-] oslo_messaging_rabbit.amqp_durable_queues = False log_opt_values /usr/lib/python3/dist-packages/oslo_config/cfg.py:2609
2025-04-17 00:32:47.243 29898 DEBUG oslo_service.service [-] oslo_messaging_rabbit.conn_pool_min_size = 2 log_opt_values /usr/lib/python3/dist-packages/oslo_config/cfg.py:2609
2025-04-17 00:32:47.244 29898 DEBUG oslo_service.service [-] oslo_messaging_rabbit.conn_pool_ttl = 1200 log_opt_values /usr/lib/python3/dist-packages/oslo_config/cfg.py:2609
2025-04-17 00:32:47.244 29898 DEBUG oslo_service.service [-] oslo_messaging_rabbit.direct_mandatory_flag = True log_opt_values /usr/lib/python3/dist-packages/oslo_config/cfg.py:2609
2025-04-17 00:32:47.244 29898 DEBUG oslo_service.service [-] oslo_messaging_rabbit.enable_cancel_on_failover = False log_opt_values /usr/lib/python3/dist-packages/oslo_config/cfg.py:2609
2025-04-17 00:32:47.244 29898 DEBUG oslo_service.service [-] oslo_messaging_rabbit.heartbeat_in_pthread = False log_opt_values /usr/lib/python3/dist-packages/oslo_config/cfg.py:2609
2025-04-17 00:32:47.244 29898 DEBUG oslo_service.service [-] oslo_messaging_rabbit.heartbeat_rate = 2 log_opt_values /usr/lib/python3/dist-packages/oslo_config/cfg.py:2609
2025-04-17 00:32:47.244 29898 DEBUG oslo_service.service [-] oslo_messaging_rabbit.heartbeat_timeout_threshold = 60 log_opt_values /usr/lib/python3/dist-packages/oslo_config/cfg.py:2609
2025-04-17 00:32:47.244 29898 DEBUG oslo_service.service [-] oslo_messaging_rabbit.kombu_compression = None log_opt_values /usr/lib/python3/dist-packages/oslo_config/cfg.py:2609
2025-04-17 00:32:47.244 29898 DEBUG oslo_service.service [-] oslo_messaging_rabbit.kombu_failover_strategy = round-robin log_opt_values /usr/lib/python3/dist-packages/oslo_config/cfg.py:2609
2025-04-17 00:32:47.245 29898 DEBUG oslo_service.service [-] oslo_messaging_rabbit.kombu_missing_consumer_retry_timeout = 60 log_opt_values /usr/lib/python3/dist-packages/oslo_config/cfg.py:2609
2025-04-17 00:32:47.245 29898 DEBUG oslo_service.service [-] oslo_messaging_rabbit.kombu_reconnect_delay = 1.0 log_opt_values /usr/lib/python3/dist-packages/oslo_config/cfg.py:2609
2025-04-17 00:32:47.245 29898 DEBUG oslo_service.service [-] oslo_messaging_rabbit.rabbit_ha_queues = False log_opt_values /usr/lib/python3/dist-packages/oslo_config/cfg.py:2609
2025-04-17 00:32:47.245 29898 DEBUG oslo_service.service [-] oslo_messaging_rabbit.rabbit_interval_max = 30 log_opt_values /usr/lib/python3/dist-packages/oslo_config/cfg.py:2609
2025-04-17 00:32:47.245 29898 DEBUG oslo_service.service [-] oslo_messaging_rabbit.rabbit_login_method = AMQPLAIN log_opt_values /usr/lib/python3/dist-packages/oslo_config/cfg.py:2609
2025-04-17 00:32:47.245 29898 DEBUG oslo_service.service [-] oslo_messaging_rabbit.rabbit_qos_prefetch_count = 0 log_opt_values /usr/lib/python3/dist-packages/oslo_config/cfg.py:2609
2025-04-17 00:32:47.245 29898 DEBUG oslo_service.service [-] oslo_messaging_rabbit.rabbit_quorum_queue = False log_opt_values /usr/lib/python3/dist-packages/oslo_config/cfg.py:2609
2025-04-17 00:32:47.246 29898 DEBUG oslo_service.service [-] oslo_messaging_rabbit.rabbit_retry_backoff = 2 log_opt_values /usr/lib/python3/dist-packages/oslo_config/cfg.py:2609
2025-04-17 00:32:47.246 29898 DEBUG oslo_service.service [-] oslo_messaging_rabbit.rabbit_retry_interval = 1 log_opt_values /usr/lib/python3/dist-packages/oslo_config/cfg.py:2609
2025-04-17 00:32:47.246 29898 DEBUG oslo_service.service [-] oslo_messaging_rabbit.rabbit_transient_queues_ttl = 1800 log_opt_values /usr/lib/python3/dist-packages/oslo_config/cfg.py:2609
2025-04-17 00:32:47.246 29898 DEBUG oslo_service.service [-] oslo_messaging_rabbit.rpc_conn_pool_size = 30 log_opt_values /usr/lib/python3/dist-packages/oslo_config/cfg.py:2609
2025-04-17 00:32:47.246 29898 DEBUG oslo_service.service [-] oslo_messaging_rabbit.ssl = False log_opt_values /usr/lib/python3/dist-packages/oslo_config/cfg.py:2609
2025-04-17 00:32:47.246 29898 DEBUG oslo_service.service [-] oslo_messaging_rabbit.ssl_ca_file = log_opt_values /usr/lib/python3/dist-packages/oslo_config/cfg.py:2609
2025-04-17 00:32:47.246 29898 DEBUG oslo_service.service [-] oslo_messaging_rabbit.ssl_cert_file = log_opt_values /usr/lib/python3/dist-packages/oslo_config/cfg.py:2609
2025-04-17 00:32:47.247 29898 DEBUG oslo_service.service [-] oslo_messaging_rabbit.ssl_key_file = log_opt_values /usr/lib/python3/dist-packages/oslo_config/cfg.py:2609
2025-04-17 00:32:47.247 29898 DEBUG oslo_service.service [-] oslo_messaging_rabbit.ssl_version = log_opt_values /usr/lib/python3/dist-packages/oslo_config/cfg.py:2609
2025-04-17 00:32:47.247 29898 DEBUG oslo_service.service [-] oslo_messaging_notifications.driver = [] log_opt_values /usr/lib/python3/dist-packages/oslo_config/cfg.py:2609
2025-04-17 00:32:47.247 29898 DEBUG oslo_service.service [-] oslo_messaging_notifications.retry = -1 log_opt_values /usr/lib/python3/dist-packages/oslo_config/cfg.py:2609
2025-04-17 00:32:47.247 29898 DEBUG oslo_service.service [-] oslo_messaging_notifications.topics = ['notifications'] log_opt_values /usr/lib/python3/dist-packages/oslo_config/cfg.py:2609
2025-04-17 00:32:47.247 29898 DEBUG oslo_service.service [-] oslo_messaging_notifications.transport_url = **** log_opt_values /usr/lib/python3/dist-packages/oslo_config/cfg.py:2609
2025-04-17 00:32:47.247 29898 DEBUG oslo_service.service [-] cache.backend = dogpile.cache.null log_opt_values /usr/lib/python3/dist-packages/oslo_config/cfg.py:2609
2025-04-17 00:32:47.248 29898 DEBUG oslo_service.service [-] cache.backend_argument = **** log_opt_values /usr/lib/python3/dist-packages/oslo_config/cfg.py:2609
2025-04-17 00:32:47.248 29898 DEBUG oslo_service.service [-] cache.config_prefix = cache.oslo log_opt_values /usr/lib/python3/dist-packages/oslo_config/cfg.py:2609
2025-04-17 00:32:47.248 29898 DEBUG oslo_service.service [-] cache.debug_cache_backend = False log_opt_values /usr/lib/python3/dist-packages/oslo_config/cfg.py:2609
2025-04-17 00:32:47.248 29898 DEBUG oslo_service.service [-] cache.enabled = False log_opt_values /usr/lib/python3/dist-packages/oslo_config/cfg.py:2609
2025-04-17 00:32:47.248 29898 DEBUG oslo_service.service [-] cache.expiration_time = 600 log_opt_values /usr/lib/python3/dist-packages/oslo_config/cfg.py:2609
2025-04-17 00:32:47.248 29898 DEBUG oslo_service.service [-] cache.memcache_dead_retry = 300 log_opt_values /usr/lib/python3/dist-packages/oslo_config/cfg.py:2609
2025-04-17 00:32:47.248 29898 DEBUG oslo_service.service [-] cache.memcache_pool_connection_get_timeout = 10 log_opt_values /usr/lib/python3/dist-packages/oslo_config/cfg.py:2609
2025-04-17 00:32:47.249 29898 DEBUG oslo_service.service [-] cache.memcache_pool_flush_on_reconnect = False log_opt_values /usr/lib/python3/dist-packages/oslo_config/cfg.py:2609
2025-04-17 00:32:47.249 29898 DEBUG oslo_service.service [-] cache.memcache_pool_maxsize = 10 log_opt_values /usr/lib/python3/dist-packages/oslo_config/cfg.py:2609
2025-04-17 00:32:47.249 29898 DEBUG oslo_service.service [-] cache.memcache_pool_unused_timeout = 60 log_opt_values /usr/lib/python3/dist-packages/oslo_config/cfg.py:2609
2025-04-17 00:32:47.249 29898 DEBUG oslo_service.service [-] cache.memcache_servers = ['localhost:11211'] log_opt_values /usr/lib/python3/dist-packages/oslo_config/cfg.py:2609
2025-04-17 00:32:47.249 29898 DEBUG oslo_service.service [-] cache.memcache_socket_timeout = 1.0 log_opt_values /usr/lib/python3/dist-packages/oslo_config/cfg.py:2609
2025-04-17 00:32:47.249 29898 DEBUG oslo_service.service [-] cache.proxies = [] log_opt_values /usr/lib/python3/dist-packages/oslo_config/cfg.py:2609
2025-04-17 00:32:47.249 29898 DEBUG oslo_service.service [-] cache.tls_allowed_ciphers = None log_opt_values /usr/lib/python3/dist-packages/oslo_config/cfg.py:2609
2025-04-17 00:32:47.249 29898 DEBUG oslo_service.service [-] cache.tls_cafile = None log_opt_values /usr/lib/python3/dist-packages/oslo_config/cfg.py:2609
2025-04-17 00:32:47.250 29898 DEBUG oslo_service.service [-] cache.tls_certfile = None log_opt_values /usr/lib/python3/dist-packages/oslo_config/cfg.py:2609
2025-04-17 00:32:47.250 29898 DEBUG oslo_service.service [-] cache.tls_enabled = False log_opt_values /usr/lib/python3/dist-packages/oslo_config/cfg.py:2609
2025-04-17 00:32:47.250 29898 DEBUG oslo_service.service [-] cache.tls_keyfile = None log_opt_values /usr/lib/python3/dist-packages/oslo_config/cfg.py:2609
2025-04-17 00:32:47.250 29898 DEBUG oslo_service.service [-] constraint_validation_cache.caching = True log_opt_values /usr/lib/python3/dist-packages/oslo_config/cfg.py:2609
2025-04-17 00:32:47.250 29898 DEBUG oslo_service.service [-] constraint_validation_cache.expiration_time = 60 log_opt_values /usr/lib/python3/dist-packages/oslo_config/cfg.py:2609
2025-04-17 00:32:47.250 29898 DEBUG oslo_service.service [-] service_extension_cache.caching = True log_opt_values /usr/lib/python3/dist-packages/oslo_config/cfg.py:2609
2025-04-17 00:32:47.250 29898 DEBUG oslo_service.service [-] service_extension_cache.expiration_time = 3600 log_opt_values /usr/lib/python3/dist-packages/oslo_config/cfg.py:2609
2025-04-17 00:32:47.251 29898 DEBUG oslo_service.service [-] resource_finder_cache.caching = True log_opt_values /usr/lib/python3/dist-packages/oslo_config/cfg.py:2609
2025-04-17 00:32:47.251 29898 DEBUG oslo_service.service [-] resource_finder_cache.expiration_time = 3600 log_opt_values /usr/lib/python3/dist-packages/oslo_config/cfg.py:2609
2025-04-17 00:32:47.251 29898 DEBUG oslo_service.service [-] yaql.limit_iterators = 200 log_opt_values /usr/lib/python3/dist-packages/oslo_config/cfg.py:2609
2025-04-17 00:32:47.251 29898 DEBUG oslo_service.service [-] yaql.memory_quota = 10000 log_opt_values /usr/lib/python3/dist-packages/oslo_config/cfg.py:2609
2025-04-17 00:32:47.251 29898 DEBUG oslo_service.service [-] ******************************************************************************** log_opt_values /usr/lib/python3/dist-packages/oslo_config/cfg.py:2613
2025-04-17 00:32:47.263 30130 INFO heat.engine.worker [-] Starting engine_worker (1.4) in engine 4572c64d-8bd4-4a01-9210-44a8f1f51b49.
2025-04-17 00:32:47.273 30131 INFO heat.engine.worker [-] Starting engine_worker (1.4) in engine d553ac6f-0978-4b6e-b7e2-95932dd1f830.
2025-04-17 00:32:47.283 30132 INFO heat.engine.worker [-] Starting engine_worker (1.4) in engine 980c2574-69b7-4a12-b0a6-29c545f53ef7.
2025-04-17 00:32:47.609 30131 DEBUG oslo_db.sqlalchemy.engines [req-e4d2da72-ed99-458e-b112-8551f7174d54 - - - - -] MySQL server mode set to STRICT_TRANS_TABLES,STRICT_ALL_TABLES,NO_ZERO_IN_DATE,NO_ZERO_DATE,ERROR_FOR_DIVISION_BY_ZERO,TRADITIONAL,NO_ENGINE_SUBSTITUTION _check_effective_sql_mode /usr/lib/python3/dist-packages/oslo_db/sqlalchemy/engines.py:314
2025-04-17 00:32:47.624 30129 DEBUG oslo_db.sqlalchemy.engines [req-f50949b7-1b90-4bd8-9779-92271675cbff - - - - -] MySQL server mode set to STRICT_TRANS_TABLES,STRICT_ALL_TABLES,NO_ZERO_IN_DATE,NO_ZERO_DATE,ERROR_FOR_DIVISION_BY_ZERO,TRADITIONAL,NO_ENGINE_SUBSTITUTION _check_effective_sql_mode /usr/lib/python3/dist-packages/oslo_db/sqlalchemy/engines.py:314
2025-04-17 00:32:47.644 30132 DEBUG oslo_db.sqlalchemy.engines [req-e7d1c637-5934-409c-9173-188ee17448c5 - - - - -] MySQL server mode set to STRICT_TRANS_TABLES,STRICT_ALL_TABLES,NO_ZERO_IN_DATE,NO_ZERO_DATE,ERROR_FOR_DIVISION_BY_ZERO,TRADITIONAL,NO_ENGINE_SUBSTITUTION _check_effective_sql_mode /usr/lib/python3/dist-packages/oslo_db/sqlalchemy/engines.py:314
2025-04-17 00:32:47.648 30130 DEBUG oslo_db.sqlalchemy.engines [req-02c8151b-0547-49fa-bb3f-5ba4be0b7ac5 - - - - -] MySQL server mode set to STRICT_TRANS_TABLES,STRICT_ALL_TABLES,NO_ZERO_IN_DATE,NO_ZERO_DATE,ERROR_FOR_DIVISION_BY_ZERO,TRADITIONAL,NO_ENGINE_SUBSTITUTION _check_effective_sql_mode /usr/lib/python3/dist-packages/oslo_db/sqlalchemy/engines.py:314
2025-04-17 00:32:47.786 30131 DEBUG heat.engine.service [req-b47d2847-a7af-4deb-a448-fbfdac7d20e0 - - - - -] Service a9227f37-e236-4f26-a6af-d384671655bd is started service_manage_report /usr/lib/python3/dist-packages/heat/engine/service.py:2363
2025-04-17 00:32:47.807 30130 DEBUG heat.engine.service [req-db7d11e2-967b-48b0-a530-514851b475f3 - - - - -] Service 79774e44-992b-4a27-915a-2d398f649996 is started service_manage_report /usr/lib/python3/dist-packages/heat/engine/service.py:2363
2025-04-17 00:32:47.812 30129 DEBUG heat.engine.service [req-44bd7fb6-2c2a-464e-ae79-d458e1770308 - - - - -] Service 14de99d4-5629-4951-8fd2-651bbe05b600 is started service_manage_report /usr/lib/python3/dist-packages/heat/engine/service.py:2363
2025-04-17 00:32:47.817 30132 DEBUG heat.engine.service [req-b29b8551-fa79-4b08-89bb-f36ffee664a7 - - - - -] Service 3ae6d86b-9d39-42ce-ac3f-33cbfb293db4 is started service_manage_report /usr/lib/python3/dist-packages/heat/engine/service.py:2363
2025-04-17 00:32:47.879 30130 DEBUG heat.engine.service [req-db7d11e2-967b-48b0-a530-514851b475f3 - - - - -] Service 79774e44-992b-4a27-915a-2d398f649996 is updated service_manage_report /usr/lib/python3/dist-packages/heat/engine/service.py:2370
2025-04-17 00:32:47.884 30131 DEBUG heat.engine.service [req-b47d2847-a7af-4deb-a448-fbfdac7d20e0 - - - - -] Service a9227f37-e236-4f26-a6af-d384671655bd is updated service_manage_report /usr/lib/python3/dist-packages/heat/engine/service.py:2370
2025-04-17 00:32:47.885 30132 DEBUG heat.engine.service [req-b29b8551-fa79-4b08-89bb-f36ffee664a7 - - - - -] Service 3ae6d86b-9d39-42ce-ac3f-33cbfb293db4 is updated service_manage_report /usr/lib/python3/dist-packages/heat/engine/service.py:2370
2025-04-17 00:32:47.886 30129 DEBUG heat.engine.service [req-44bd7fb6-2c2a-464e-ae79-d458e1770308 - - - - -] Service 14de99d4-5629-4951-8fd2-651bbe05b600 is updated service_manage_report /usr/lib/python3/dist-packages/heat/engine/service.py:2370
2025-04-17 00:33:47.726 30129 DEBUG heat.engine.service [req-5f1a45a8-181a-436e-b07e-454e5885542e - - - - -] Service 14de99d4-5629-4951-8fd2-651bbe05b600 is updated service_manage_report /usr/lib/python3/dist-packages/heat/engine/service.py:2370
2025-04-17 00:33:47.735 30131 DEBUG heat.engine.service [req-d8f900c1-b272-419c-a2b4-a2f952d379b7 - - - - -] Service a9227f37-e236-4f26-a6af-d384671655bd is updated service_manage_report /usr/lib/python3/dist-packages/heat/engine/service.py:2370
2025-04-17 00:33:47.772 30132 DEBUG heat.engine.service [req-54443ebc-1838-42d0-ae48-e6ac35f64307 - - - - -] Service 3ae6d86b-9d39-42ce-ac3f-33cbfb293db4 is updated service_manage_report /usr/lib/python3/dist-packages/heat/engine/service.py:2370
2025-04-17 00:33:47.779 30130 DEBUG heat.engine.service [req-a70f4b49-73f9-49b6-87b1-e99d6fb18c59 - - - - -] Service 79774e44-992b-4a27-915a-2d398f649996 is updated service_manage_report /usr/lib/python3/dist-packages/heat/engine/service.py:2370
2025-04-17 00:34:47.727 30129 DEBUG heat.engine.service [req-cbdbe79f-5acb-4529-9317-65ca27101c75 - - - - -] Service 14de99d4-5629-4951-8fd2-651bbe05b600 is updated service_manage_report /usr/lib/python3/dist-packages/heat/engine/service.py:2370
2025-04-17 00:34:47.746 30131 DEBUG heat.engine.service [req-21513636-18ef-47ec-8fc6-4e3f8e66256d - - - - -] Service a9227f37-e236-4f26-a6af-d384671655bd is updated service_manage_report /usr/lib/python3/dist-packages/heat/engine/service.py:2370
2025-04-17 00:34:47.773 30130 DEBUG heat.engine.service [req-56fc0a16-871f-4b74-8c4b-37a9404bf227 - - - - -] Service 79774e44-992b-4a27-915a-2d398f649996 is updated service_manage_report /usr/lib/python3/dist-packages/heat/engine/service.py:2370
2025-04-17 00:34:47.788 30132 DEBUG heat.engine.service [req-88a9545f-f15e-4039-95a9-bfdfee633462 - - - - -] Service 3ae6d86b-9d39-42ce-ac3f-33cbfb293db4 is updated service_manage_report /usr/lib/python3/dist-packages/heat/engine/service.py:2370
2025-04-17 00:35:47.723 30129 DEBUG heat.engine.service [req-7aa55ec7-adf5-46ec-b32e-034af9891894 - - - - -] Service 14de99d4-5629-4951-8fd2-651bbe05b600 is updated service_manage_report /usr/lib/python3/dist-packages/heat/engine/service.py:2370
2025-04-17 00:35:47.729 30131 DEBUG heat.engine.service [req-f41b0723-1aca-4af7-b5c4-15047b7e4625 - - - - -] Service a9227f37-e236-4f26-a6af-d384671655bd is updated service_manage_report /usr/lib/python3/dist-packages/heat/engine/service.py:2370
2025-04-17 00:35:47.764 30132 DEBUG heat.engine.service [req-b22c9743-f492-46c2-af44-ffabcd5a1423 - - - - -] Service 3ae6d86b-9d39-42ce-ac3f-33cbfb293db4 is updated service_manage_report /usr/lib/python3/dist-packages/heat/engine/service.py:2370
2025-04-17 00:35:47.769 30130 DEBUG heat.engine.service [req-858db0e2-19ae-4e06-aa39-34a3f6b4ec6c - - - - -] Service 79774e44-992b-4a27-915a-2d398f649996 is updated service_manage_report /usr/lib/python3/dist-packages/heat/engine/service.py:2370
2025-04-17 00:36:47.735 30129 DEBUG heat.engine.service [req-f079d386-2aa3-4902-ada3-f2c9bd52cb38 - - - - -] Service 14de99d4-5629-4951-8fd2-651bbe05b600 is updated service_manage_report /usr/lib/python3/dist-packages/heat/engine/service.py:2370
2025-04-17 00:36:47.745 30131 DEBUG heat.engine.service [req-becb8d73-65b1-40fb-bb09-b898bd41d49a - - - - -] Service a9227f37-e236-4f26-a6af-d384671655bd is updated service_manage_report /usr/lib/python3/dist-packages/heat/engine/service.py:2370
2025-04-17 00:36:47.782 30132 DEBUG heat.engine.service [req-41c575e8-564f-484f-8e55-a54f3c7da0ce - - - - -] Service 3ae6d86b-9d39-42ce-ac3f-33cbfb293db4 is updated service_manage_report /usr/lib/python3/dist-packages/heat/engine/service.py:2370
2025-04-17 00:36:47.790 30130 DEBUG heat.engine.service [req-8900832b-4415-4468-b524-c3cc5a1d77c2 - - - - -] Service 79774e44-992b-4a27-915a-2d398f649996 is updated service_manage_report /usr/lib/python3/dist-packages/heat/engine/service.py:2370
2025-04-17 00:37:47.730 30129 DEBUG heat.engine.service [req-184a54a8-163f-4e98-ae88-ad6b106bec41 - - - - -] Service 14de99d4-5629-4951-8fd2-651bbe05b600 is updated service_manage_report /usr/lib/python3/dist-packages/heat/engine/service.py:2370
2025-04-17 00:37:47.741 30131 DEBUG heat.engine.service [req-0b2e3714-65b4-4e11-b873-fca25f9d9254 - - - - -] Service a9227f37-e236-4f26-a6af-d384671655bd is updated service_manage_report /usr/lib/python3/dist-packages/heat/engine/service.py:2370
2025-04-17 00:37:47.768 30132 DEBUG heat.engine.service [req-2d009e30-8e57-4a1c-89a7-946c41daa22e - - - - -] Service 3ae6d86b-9d39-42ce-ac3f-33cbfb293db4 is updated service_manage_report /usr/lib/python3/dist-packages/heat/engine/service.py:2370
2025-04-17 00:37:47.774 30130 DEBUG heat.engine.service [req-5cc91c69-d246-4355-8747-c03f366a9d37 - - - - -] Service 79774e44-992b-4a27-915a-2d398f649996 is updated service_manage_report /usr/lib/python3/dist-packages/heat/engine/service.py:2370
2025-04-17 00:38:47.957 30129 DEBUG heat.engine.service [req-a13890ca-f854-41ce-a035-92d7bee0c806 - - - - -] Service 14de99d4-5629-4951-8fd2-651bbe05b600 is updated service_manage_report /usr/lib/python3/dist-packages/heat/engine/service.py:2370
2025-04-17 00:38:47.970 30131 DEBUG heat.engine.service [req-a3e8f8dd-6ddd-4224-8fff-42f21bd35b33 - - - - -] Service a9227f37-e236-4f26-a6af-d384671655bd is updated service_manage_report /usr/lib/python3/dist-packages/heat/engine/service.py:2370
2025-04-17 00:38:47.970 30130 DEBUG heat.engine.service [req-8174992f-5764-4af8-b55a-2f75b5cd0c72 - - - - -] Service 79774e44-992b-4a27-915a-2d398f649996 is updated service_manage_report /usr/lib/python3/dist-packages/heat/engine/service.py:2370
2025-04-17 00:38:47.971 30132 DEBUG heat.engine.service [req-097fba4f-7b52-49f0-87aa-0f2e63adccd7 - - - - -] Service 3ae6d86b-9d39-42ce-ac3f-33cbfb293db4 is updated service_manage_report /usr/lib/python3/dist-packages/heat/engine/service.py:2370
2025-04-17 00:39:47.735 30129 DEBUG heat.engine.service [req-2c7e8a88-350d-43cd-b7f2-d2671f96ebd4 - - - - -] Service 14de99d4-5629-4951-8fd2-651bbe05b600 is updated service_manage_report /usr/lib/python3/dist-packages/heat/engine/service.py:2370
2025-04-17 00:39:47.747 30131 DEBUG heat.engine.service [req-8fc2642f-5711-47d6-92b7-0c918c6f1882 - - - - -] Service a9227f37-e236-4f26-a6af-d384671655bd is updated service_manage_report /usr/lib/python3/dist-packages/heat/engine/service.py:2370
2025-04-17 00:39:47.777 30130 DEBUG heat.engine.service [req-dedb657b-a4ff-4c43-9d6d-35c2bbc9f61a - - - - -] Service 79774e44-992b-4a27-915a-2d398f649996 is updated service_manage_report /usr/lib/python3/dist-packages/heat/engine/service.py:2370
2025-04-17 00:39:47.779 30132 DEBUG heat.engine.service [req-f069e2c5-9d54-4279-b7e5-1d908848ffcb - - - - -] Service 3ae6d86b-9d39-42ce-ac3f-33cbfb293db4 is updated service_manage_report /usr/lib/python3/dist-packages/heat/engine/service.py:2370
2025-04-17 00:40:47.732 30129 DEBUG heat.engine.service [req-1b9fa491-5f7a-4ffc-bb0c-91519f78caa5 - - - - -] Service 14de99d4-5629-4951-8fd2-651bbe05b600 is updated service_manage_report /usr/lib/python3/dist-packages/heat/engine/service.py:2370
2025-04-17 00:40:47.744 30131 DEBUG heat.engine.service [req-05649474-996d-473e-b1f3-1221575c737a - - - - -] Service a9227f37-e236-4f26-a6af-d384671655bd is updated service_manage_report /usr/lib/python3/dist-packages/heat/engine/service.py:2370
2025-04-17 00:40:47.775 30130 DEBUG heat.engine.service [req-94569042-7ec7-45c4-9b90-85ba3a5981a6 - - - - -] Service 79774e44-992b-4a27-915a-2d398f649996 is updated service_manage_report /usr/lib/python3/dist-packages/heat/engine/service.py:2370
2025-04-17 00:40:47.778 30132 DEBUG heat.engine.service [req-0464f2c3-9bf3-478e-b14a-4121227f30ab - - - - -] Service 3ae6d86b-9d39-42ce-ac3f-33cbfb293db4 is updated service_manage_report /usr/lib/python3/dist-packages/heat/engine/service.py:2370
2025-04-17 00:41:13.191 30132 DEBUG heat.engine.service [-] Attempting to stop engine service... _stop_rpc_server /usr/lib/python3/dist-packages/heat/engine/service.py:437
2025-04-17 00:41:13.191 30131 DEBUG heat.engine.service [-] Attempting to stop engine service... _stop_rpc_server /usr/lib/python3/dist-packages/heat/engine/service.py:437
