2025-04-17 02:08:32.906 71956 DEBUG oslo_service.service [-] cache.memcache_pool_flush_on_reconnect = False log_opt_values /usr/lib/python3/dist-packages/oslo_config/cfg.py:2609
2025-04-17 02:08:32.906 71956 DEBUG oslo_service.service [-] cache.memcache_pool_maxsize = 10 log_opt_values /usr/lib/python3/dist-packages/oslo_config/cfg.py:2609
2025-04-17 02:08:32.906 71956 DEBUG oslo_service.service [-] cache.memcache_pool_unused_timeout = 60 log_opt_values /usr/lib/python3/dist-packages/oslo_config/cfg.py:2609
2025-04-17 02:08:32.906 71956 DEBUG oslo_service.service [-] cache.memcache_servers = ['localhost:11211'] log_opt_values /usr/lib/python3/dist-packages/oslo_config/cfg.py:2609
2025-04-17 02:08:32.906 71956 DEBUG oslo_service.service [-] cache.memcache_socket_timeout = 1.0 log_opt_values /usr/lib/python3/dist-packages/oslo_config/cfg.py:2609
2025-04-17 02:08:32.907 71956 DEBUG oslo_service.service [-] cache.proxies = [] log_opt_values /usr/lib/python3/dist-packages/oslo_config/cfg.py:2609
2025-04-17 02:08:32.907 71956 DEBUG oslo_service.service [-] cache.tls_allowed_ciphers = None log_opt_values /usr/lib/python3/dist-packages/oslo_config/cfg.py:2609
2025-04-17 02:08:32.907 71956 DEBUG oslo_service.service [-] cache.tls_cafile = None log_opt_values /usr/lib/python3/dist-packages/oslo_config/cfg.py:2609
2025-04-17 02:08:32.907 71956 DEBUG oslo_service.service [-] cache.tls_certfile = None log_opt_values /usr/lib/python3/dist-packages/oslo_config/cfg.py:2609
2025-04-17 02:08:32.907 71956 DEBUG oslo_service.service [-] cache.tls_enabled = False log_opt_values /usr/lib/python3/dist-packages/oslo_config/cfg.py:2609
2025-04-17 02:08:32.907 71956 DEBUG oslo_service.service [-] cache.tls_keyfile = None log_opt_values /usr/lib/python3/dist-packages/oslo_config/cfg.py:2609
2025-04-17 02:08:32.907 71956 DEBUG oslo_service.service [-] constraint_validation_cache.caching = True log_opt_values /usr/lib/python3/dist-packages/oslo_config/cfg.py:2609
2025-04-17 02:08:32.907 71956 DEBUG oslo_service.service [-] constraint_validation_cache.expiration_time = 60 log_opt_values /usr/lib/python3/dist-packages/oslo_config/cfg.py:2609
2025-04-17 02:08:32.908 71956 DEBUG oslo_service.service [-] service_extension_cache.caching = True log_opt_values /usr/lib/python3/dist-packages/oslo_config/cfg.py:2609
2025-04-17 02:08:32.908 71956 DEBUG oslo_service.service [-] service_extension_cache.expiration_time = 3600 log_opt_values /usr/lib/python3/dist-packages/oslo_config/cfg.py:2609
2025-04-17 02:08:32.908 71956 DEBUG oslo_service.service [-] resource_finder_cache.caching = True log_opt_values /usr/lib/python3/dist-packages/oslo_config/cfg.py:2609
2025-04-17 02:08:32.908 71956 DEBUG oslo_service.service [-] resource_finder_cache.expiration_time = 3600 log_opt_values /usr/lib/python3/dist-packages/oslo_config/cfg.py:2609
2025-04-17 02:08:32.908 71956 DEBUG oslo_service.service [-] yaql.limit_iterators = 200 log_opt_values /usr/lib/python3/dist-packages/oslo_config/cfg.py:2609
2025-04-17 02:08:32.908 71956 DEBUG oslo_service.service [-] yaql.memory_quota = 10000 log_opt_values /usr/lib/python3/dist-packages/oslo_config/cfg.py:2609
2025-04-17 02:08:32.908 71956 DEBUG oslo_service.service [-] ******************************************************************************** log_opt_values /usr/lib/python3/dist-packages/oslo_config/cfg.py:2613
2025-04-17 02:08:32.922 72180 INFO heat.engine.worker [-] Starting engine_worker (1.4) in engine 1025ca28-2b0d-4f6f-bc85-40703e456c49.
2025-04-17 02:08:32.927 72179 INFO heat.engine.worker [-] Starting engine_worker (1.4) in engine 73e077f7-7682-4b2a-96ec-0d574dfe6238.
2025-04-17 02:08:32.935 72178 DEBUG oslo_db.sqlalchemy.engines [req-b742d2ac-92ba-4f8c-bacc-fcadc772a5f8 - - - - -] MySQL server mode set to STRICT_TRANS_TABLES,STRICT_ALL_TABLES,NO_ZERO_IN_DATE,NO_ZERO_DATE,ERROR_FOR_DIVISION_BY_ZERO,TRADITIONAL,NO_ENGINE_SUBSTITUTION _check_effective_sql_mode /usr/lib/python3/dist-packages/oslo_db/sqlalchemy/engines.py:314
2025-04-17 02:08:32.968 72177 DEBUG oslo_db.sqlalchemy.engines [req-a623855e-10c5-4dbf-913b-0556d7b80736 - - - - -] MySQL server mode set to STRICT_TRANS_TABLES,STRICT_ALL_TABLES,NO_ZERO_IN_DATE,NO_ZERO_DATE,ERROR_FOR_DIVISION_BY_ZERO,TRADITIONAL,NO_ENGINE_SUBSTITUTION _check_effective_sql_mode /usr/lib/python3/dist-packages/oslo_db/sqlalchemy/engines.py:314
2025-04-17 02:08:33.016 72178 DEBUG heat.engine.service [req-b742d2ac-92ba-4f8c-bacc-fcadc772a5f8 - - - - -] Service 33c03ea7-3d4e-4169-b13e-d06b735e3aed was aborted service_manage_cleanup /usr/lib/python3/dist-packages/heat/engine/service.py:2391
2025-04-17 02:08:33.016 72180 DEBUG oslo_db.sqlalchemy.engines [req-6927e4c7-a3f3-410e-975d-279802cdd1af - - - - -] MySQL server mode set to STRICT_TRANS_TABLES,STRICT_ALL_TABLES,NO_ZERO_IN_DATE,NO_ZERO_DATE,ERROR_FOR_DIVISION_BY_ZERO,TRADITIONAL,NO_ENGINE_SUBSTITUTION _check_effective_sql_mode /usr/lib/python3/dist-packages/oslo_db/sqlalchemy/engines.py:314
2025-04-17 02:08:33.030 72177 DEBUG heat.engine.service [req-a623855e-10c5-4dbf-913b-0556d7b80736 - - - - -] Service 33c03ea7-3d4e-4169-b13e-d06b735e3aed was aborted service_manage_cleanup /usr/lib/python3/dist-packages/heat/engine/service.py:2391
2025-04-17 02:08:33.040 72179 DEBUG oslo_db.sqlalchemy.engines [req-b7039255-d928-44fb-b6e7-8c874ffebf1f - - - - -] MySQL server mode set to STRICT_TRANS_TABLES,STRICT_ALL_TABLES,NO_ZERO_IN_DATE,NO_ZERO_DATE,ERROR_FOR_DIVISION_BY_ZERO,TRADITIONAL,NO_ENGINE_SUBSTITUTION _check_effective_sql_mode /usr/lib/python3/dist-packages/oslo_db/sqlalchemy/engines.py:314
2025-04-17 02:08:33.044 72178 DEBUG heat.engine.service [req-b742d2ac-92ba-4f8c-bacc-fcadc772a5f8 - - - - -] Service 5370243a-fe18-43cf-909c-ce53f336f78a was aborted service_manage_cleanup /usr/lib/python3/dist-packages/heat/engine/service.py:2391
2025-04-17 02:08:33.056 72177 DEBUG heat.engine.service [req-a623855e-10c5-4dbf-913b-0556d7b80736 - - - - -] Service 5370243a-fe18-43cf-909c-ce53f336f78a was aborted service_manage_cleanup /usr/lib/python3/dist-packages/heat/engine/service.py:2391
2025-04-17 02:08:33.061 72178 DEBUG heat.engine.service [req-b742d2ac-92ba-4f8c-bacc-fcadc772a5f8 - - - - -] Service 5415df36-b686-46b2-8214-42d847d7ae3a was aborted service_manage_cleanup /usr/lib/python3/dist-packages/heat/engine/service.py:2391
2025-04-17 02:08:33.076 72177 DEBUG heat.engine.service [req-a623855e-10c5-4dbf-913b-0556d7b80736 - - - - -] Service 5415df36-b686-46b2-8214-42d847d7ae3a was aborted service_manage_cleanup /usr/lib/python3/dist-packages/heat/engine/service.py:2391
2025-04-17 02:08:33.077 72178 DEBUG heat.engine.service [req-b742d2ac-92ba-4f8c-bacc-fcadc772a5f8 - - - - -] Service c0785411-1c0e-4731-bb21-fdf53a95cf9b was aborted service_manage_cleanup /usr/lib/python3/dist-packages/heat/engine/service.py:2391
2025-04-17 02:08:33.094 72180 DEBUG heat.engine.service [req-6927e4c7-a3f3-410e-975d-279802cdd1af - - - - -] Service c0785411-1c0e-4731-bb21-fdf53a95cf9b was aborted service_manage_cleanup /usr/lib/python3/dist-packages/heat/engine/service.py:2391
2025-04-17 02:08:33.099 72177 DEBUG heat.engine.service [req-a623855e-10c5-4dbf-913b-0556d7b80736 - - - - -] Service c0785411-1c0e-4731-bb21-fdf53a95cf9b was aborted service_manage_cleanup /usr/lib/python3/dist-packages/heat/engine/service.py:2391
2025-04-17 02:08:33.117 72178 DEBUG heat.engine.service [req-65c8a83d-ffed-4c6a-9dc1-61be5e604a78 - - - - -] Service 7c0c0078-6528-47c9-894b-c0e4e8957c40 is started service_manage_report /usr/lib/python3/dist-packages/heat/engine/service.py:2363
2025-04-17 02:08:33.125 72177 DEBUG heat.engine.service [req-61e8ad22-3414-42ec-918b-1d3df346cf6c - - - - -] Service 0ad5b696-09f2-4924-a50a-b968750cf5df is started service_manage_report /usr/lib/python3/dist-packages/heat/engine/service.py:2363
2025-04-17 02:08:33.132 72180 DEBUG heat.engine.service [req-7e9b9d0d-ce65-4891-bee4-5de293cca32c - - - - -] Service 72bf0002-41a3-4000-b3d0-1ca89647ba97 is started service_manage_report /usr/lib/python3/dist-packages/heat/engine/service.py:2363
2025-04-17 02:08:33.149 72177 DEBUG heat.engine.service [req-61e8ad22-3414-42ec-918b-1d3df346cf6c - - - - -] Service 0ad5b696-09f2-4924-a50a-b968750cf5df is updated service_manage_report /usr/lib/python3/dist-packages/heat/engine/service.py:2370
2025-04-17 02:08:33.153 72178 DEBUG heat.engine.service [req-65c8a83d-ffed-4c6a-9dc1-61be5e604a78 - - - - -] Service 7c0c0078-6528-47c9-894b-c0e4e8957c40 is updated service_manage_report /usr/lib/python3/dist-packages/heat/engine/service.py:2370
2025-04-17 02:08:33.173 72180 DEBUG heat.engine.service [req-7e9b9d0d-ce65-4891-bee4-5de293cca32c - - - - -] Service 72bf0002-41a3-4000-b3d0-1ca89647ba97 is updated service_manage_report /usr/lib/python3/dist-packages/heat/engine/service.py:2370
2025-04-17 02:08:33.187 72179 DEBUG heat.engine.service [req-21968e31-add6-47a1-ba44-cfe229703611 - - - - -] Service ac05d05d-b18d-4abb-8202-118422d93673 is started service_manage_report /usr/lib/python3/dist-packages/heat/engine/service.py:2363
2025-04-17 02:08:33.208 72179 DEBUG heat.engine.service [req-21968e31-add6-47a1-ba44-cfe229703611 - - - - -] Service ac05d05d-b18d-4abb-8202-118422d93673 is updated service_manage_report /usr/lib/python3/dist-packages/heat/engine/service.py:2370
2025-04-17 02:09:33.110 72178 DEBUG heat.engine.service [req-085e08c7-5b8d-4fd8-bde3-2dfa55aec419 - - - - -] Service 7c0c0078-6528-47c9-894b-c0e4e8957c40 is updated service_manage_report /usr/lib/python3/dist-packages/heat/engine/service.py:2370
2025-04-17 02:09:33.127 72177 DEBUG heat.engine.service [req-b90010f4-a3b6-4678-9e0d-0b898f03fbb2 - - - - -] Service 0ad5b696-09f2-4924-a50a-b968750cf5df is updated service_manage_report /usr/lib/python3/dist-packages/heat/engine/service.py:2370
2025-04-17 02:09:33.129 72180 DEBUG heat.engine.service [req-89908f7b-9354-40bd-92ce-f50d76b349d4 - - - - -] Service 72bf0002-41a3-4000-b3d0-1ca89647ba97 is updated service_manage_report /usr/lib/python3/dist-packages/heat/engine/service.py:2370
2025-04-17 02:09:33.184 72179 DEBUG heat.engine.service [req-a3aa0fe9-75b8-4941-b819-adcda98539f8 - - - - -] Service ac05d05d-b18d-4abb-8202-118422d93673 is updated service_manage_report /usr/lib/python3/dist-packages/heat/engine/service.py:2370