2025-04-17 01:36:17.022 36422 DEBUG heat.engine.service [req-ce1a4412-1169-4709-a5e2-b0fae94d98b9 - - - - -] Service cc903c06-8e00-4686-a275-dfa8c2f0a96f is updated service_manage_report /usr/lib/python3/dist-packages/heat/engine/service.py:2370
2025-04-17 01:36:17.082 36421 DEBUG heat.engine.service [req-ab99746c-89de-4ab9-8bd9-711394e01fec - - - - -] Service 76e08f20-6f00-42c7-a5c5-28d64f19297f is updated service_manage_report /usr/lib/python3/dist-packages/heat/engine/service.py:2370
2025-04-17 01:37:16.964 36420 DEBUG heat.engine.service [req-594712fe-1fb8-4cdf-94ba-78e04c5a53a4 - - - - -] Service acebcde9-e67e-4b9d-b03b-49cd21bbba08 is updated service_manage_report /usr/lib/python3/dist-packages/heat/engine/service.py:2370
2025-04-17 01:37:17.005 36423 DEBUG heat.engine.service [req-e60dc2a4-fcdd-43a9-b36d-e5d76718f2fe - - - - -] Service d7800f04-781e-478b-bf3a-98d2e68bf974 is updated service_manage_report /usr/lib/python3/dist-packages/heat/engine/service.py:2370
2025-04-17 01:37:17.027 36422 DEBUG heat.engine.service [req-9c08a058-67e0-4024-8852-6580214f26e2 - - - - -] Service cc903c06-8e00-4686-a275-dfa8c2f0a96f is updated service_manage_report /usr/lib/python3/dist-packages/heat/engine/service.py:2370
2025-04-17 01:37:17.089 36421 DEBUG heat.engine.service [req-6a426238-550d-44a0-b2a4-0a12afd557ba - - - - -] Service 76e08f20-6f00-42c7-a5c5-28d64f19297f is updated service_manage_report /usr/lib/python3/dist-packages/heat/engine/service.py:2370
2025-04-17 01:38:16.963 36420 DEBUG heat.engine.service [req-75e9a521-946e-461b-b238-1f8570131418 - - - - -] Service acebcde9-e67e-4b9d-b03b-49cd21bbba08 is updated service_manage_report /usr/lib/python3/dist-packages/heat/engine/service.py:2370
2025-04-17 01:38:17.014 36423 DEBUG heat.engine.service [req-33737d5c-4983-4e21-ad52-a3eea29bd196 - - - - -] Service d7800f04-781e-478b-bf3a-98d2e68bf974 is updated service_manage_report /usr/lib/python3/dist-packages/heat/engine/service.py:2370
2025-04-17 01:38:17.032 36422 DEBUG heat.engine.service [req-12f85111-6fa8-49f0-9d2a-0216de81c049 - - - - -] Service cc903c06-8e00-4686-a275-dfa8c2f0a96f is updated service_manage_report /usr/lib/python3/dist-packages/heat/engine/service.py:2370
2025-04-17 01:38:17.086 36421 DEBUG heat.engine.service [req-82f77335-fd2d-4f11-99ab-d124bd45e6d0 - - - - -] Service 76e08f20-6f00-42c7-a5c5-28d64f19297f is updated service_manage_report /usr/lib/python3/dist-packages/heat/engine/service.py:2370
2025-04-17 01:39:16.959 36420 DEBUG heat.engine.service [req-4615c40a-ec39-4987-9455-41e4a509cea5 - - - - -] Service acebcde9-e67e-4b9d-b03b-49cd21bbba08 is updated service_manage_report /usr/lib/python3/dist-packages/heat/engine/service.py:2370
2025-04-17 01:39:17.015 36423 DEBUG heat.engine.service [req-9cc20e51-8e35-4b1d-84e8-4956b82a5cc0 - - - - -] Service d7800f04-781e-478b-bf3a-98d2e68bf974 is updated service_manage_report /usr/lib/python3/dist-packages/heat/engine/service.py:2370
2025-04-17 01:39:17.038 36422 DEBUG heat.engine.service [req-e33e136c-e0c9-4525-ad59-ba4fde63120e - - - - -] Service cc903c06-8e00-4686-a275-dfa8c2f0a96f is updated service_manage_report /usr/lib/python3/dist-packages/heat/engine/service.py:2370
2025-04-17 01:39:17.082 36421 DEBUG heat.engine.service [req-65a193db-dd90-4fd3-ba6e-5b87cd7b55e3 - - - - -] Service 76e08f20-6f00-42c7-a5c5-28d64f19297f is updated service_manage_report /usr/lib/python3/dist-packages/heat/engine/service.py:2370
2025-04-17 01:40:16.964 36420 DEBUG heat.engine.service [req-8216541f-5317-48ea-ba18-b485a8f10490 - - - - -] Service acebcde9-e67e-4b9d-b03b-49cd21bbba08 is updated service_manage_report /usr/lib/python3/dist-packages/heat/engine/service.py:2370
2025-04-17 01:40:17.010 36423 DEBUG heat.engine.service [req-f6120cbb-08a7-4d17-8c1e-6090d3ecf9c7 - - - - -] Service d7800f04-781e-478b-bf3a-98d2e68bf974 is updated service_manage_report /usr/lib/python3/dist-packages/heat/engine/service.py:2370
2025-04-17 01:40:17.043 36422 DEBUG heat.engine.service [req-2d59cd9f-8ef2-49b0-9962-d38510a357c6 - - - - -] Service cc903c06-8e00-4686-a275-dfa8c2f0a96f is updated service_manage_report /usr/lib/python3/dist-packages/heat/engine/service.py:2370
2025-04-17 01:40:17.088 36421 DEBUG heat.engine.service [req-4e2406cf-7408-4b94-bddf-91acdc0efa18 - - - - -] Service 76e08f20-6f00-42c7-a5c5-28d64f19297f is updated service_manage_report /usr/lib/python3/dist-packages/heat/engine/service.py:2370
2025-04-17 01:41:16.978 36420 DEBUG heat.engine.service [req-4aedaec5-bdbf-43cd-bc91-c8cbc4a196ce - - - - -] Service acebcde9-e67e-4b9d-b03b-49cd21bbba08 is updated service_manage_report /usr/lib/python3/dist-packages/heat/engine/service.py:2370
2025-04-17 01:41:17.021 36423 DEBUG heat.engine.service [req-a761871d-ab06-4c2a-90c4-7d50eb1cf911 - - - - -] Service d7800f04-781e-478b-bf3a-98d2e68bf974 is updated service_manage_report /usr/lib/python3/dist-packages/heat/engine/service.py:2370
2025-04-17 01:41:17.055 36422 DEBUG heat.engine.service [req-06fea090-7ea2-4dcd-ba67-cff55137e592 - - - - -] Service cc903c06-8e00-4686-a275-dfa8c2f0a96f is updated service_manage_report /usr/lib/python3/dist-packages/heat/engine/service.py:2370
2025-04-17 01:41:17.101 36421 DEBUG heat.engine.service [req-299cdbd5-3f63-4203-b11f-4f8251098835 - - - - -] Service 76e08f20-6f00-42c7-a5c5-28d64f19297f is updated service_manage_report /usr/lib/python3/dist-packages/heat/engine/service.py:2370
2025-04-17 01:42:16.976 36420 DEBUG heat.engine.service [req-9ad2eb46-b0df-492b-b131-43e8628f3134 - - - - -] Service acebcde9-e67e-4b9d-b03b-49cd21bbba08 is updated service_manage_report /usr/lib/python3/dist-packages/heat/engine/service.py:2370
2025-04-17 01:42:17.017 36423 DEBUG heat.engine.service [req-eee02217-3669-4fe4-812b-f5d14f2d2fe8 - - - - -] Service d7800f04-781e-478b-bf3a-98d2e68bf974 is updated service_manage_report /usr/lib/python3/dist-packages/heat/engine/service.py:2370
2025-04-17 01:42:17.051 36422 DEBUG heat.engine.service [req-7e632398-da7a-49de-8dce-56962058fd86 - - - - -] Service cc903c06-8e00-4686-a275-dfa8c2f0a96f is updated service_manage_report /usr/lib/python3/dist-packages/heat/engine/service.py:2370
2025-04-17 01:42:17.096 36421 DEBUG heat.engine.service [req-c744c524-5d45-40ee-9aec-ced125ccc1cf - - - - -] Service 76e08f20-6f00-42c7-a5c5-28d64f19297f is updated service_manage_report /usr/lib/python3/dist-packages/heat/engine/service.py:2370
2025-04-17 01:43:16.972 36420 DEBUG heat.engine.service [req-195769e7-3b0c-4cdf-9194-6e721ab76d31 - - - - -] Service acebcde9-e67e-4b9d-b03b-49cd21bbba08 is updated service_manage_report /usr/lib/python3/dist-packages/heat/engine/service.py:2370
2025-04-17 01:43:17.022 36423 DEBUG heat.engine.service [req-a2ddb080-3a91-4b83-877f-c058b95170c6 - - - - -] Service d7800f04-781e-478b-bf3a-98d2e68bf974 is updated service_manage_report /usr/lib/python3/dist-packages/heat/engine/service.py:2370
2025-04-17 01:43:17.046 36422 DEBUG heat.engine.service [req-3eab64ab-cece-45ab-b568-fa319fee50f4 - - - - -] Service cc903c06-8e00-4686-a275-dfa8c2f0a96f is updated service_manage_report /usr/lib/python3/dist-packages/heat/engine/service.py:2370
2025-04-17 01:43:17.104 36421 DEBUG heat.engine.service [req-010309d6-3c36-4ea3-a93f-a136dc11c769 - - - - -] Service 76e08f20-6f00-42c7-a5c5-28d64f19297f is updated service_manage_report /usr/lib/python3/dist-packages/heat/engine/service.py:2370
2025-04-17 01:44:16.966 36420 DEBUG heat.engine.service [req-1b637cb2-23b9-412b-93cf-844174d8894a - - - - -] Service acebcde9-e67e-4b9d-b03b-49cd21bbba08 is updated service_manage_report /usr/lib/python3/dist-packages/heat/engine/service.py:2370
2025-04-17 01:44:17.017 36423 DEBUG heat.engine.service [req-a0720332-7bf7-4a93-ad4e-5c7c31b1bc73 - - - - -] Service d7800f04-781e-478b-bf3a-98d2e68bf974 is updated service_manage_report /usr/lib/python3/dist-packages/heat/engine/service.py:2370
2025-04-17 01:44:17.052 36422 DEBUG heat.engine.service [req-59a050db-8f73-408a-9961-92471953fe96 - - - - -] Service cc903c06-8e00-4686-a275-dfa8c2f0a96f is updated service_manage_report /usr/lib/python3/dist-packages/heat/engine/service.py:2370
2025-04-17 01:44:17.099 36421 DEBUG heat.engine.service [req-96606bed-e4c1-407b-89b3-f4305c2061ce - - - - -] Service 76e08f20-6f00-42c7-a5c5-28d64f19297f is updated service_manage_report /usr/lib/python3/dist-packages/heat/engine/service.py:2370
2025-04-17 01:45:16.971 36420 DEBUG heat.engine.service [req-0e308c16-eea6-454c-92be-4cc56a6bacb5 - - - - -] Service acebcde9-e67e-4b9d-b03b-49cd21bbba08 is updated service_manage_report /usr/lib/python3/dist-packages/heat/engine/service.py:2370
2025-04-17 01:45:17.030 36423 DEBUG heat.engine.service [req-c3826d38-10dc-44c7-8cdb-8f5a8472fd0e - - - - -] Service d7800f04-781e-478b-bf3a-98d2e68bf974 is updated service_manage_report /usr/lib/python3/dist-packages/heat/engine/service.py:2370
2025-04-17 01:45:17.046 36422 DEBUG heat.engine.service [req-ea21aca0-d5ac-4395-bf32-273b9fc060cb - - - - -] Service cc903c06-8e00-4686-a275-dfa8c2f0a96f is updated service_manage_report /usr/lib/python3/dist-packages/heat/engine/service.py:2370
2025-04-17 01:45:17.108 36421 DEBUG heat.engine.service [req-2f9b45e9-16a3-4730-88c3-2c09748f2d3c - - - - -] Service 76e08f20-6f00-42c7-a5c5-28d64f19297f is updated service_manage_report /usr/lib/python3/dist-packages/heat/engine/service.py:2370
2025-04-17 01:46:16.981 36420 DEBUG heat.engine.service [req-712233f2-d471-464c-a842-0e1e89aeeeb9 - - - - -] Service acebcde9-e67e-4b9d-b03b-49cd21bbba08 is updated service_manage_report /usr/lib/python3/dist-packages/heat/engine/service.py:2370
2025-04-17 01:46:17.026 36423 DEBUG heat.engine.service [req-16fa4075-acbe-401a-876b-7638b0f2683a - - - - -] Service d7800f04-781e-478b-bf3a-98d2e68bf974 is updated service_manage_report /usr/lib/python3/dist-packages/heat/engine/service.py:2370
2025-04-17 01:46:17.052 36422 DEBUG heat.engine.service [req-4d59ffd6-c391-4fc4-9bbe-2540fac68240 - - - - -] Service cc903c06-8e00-4686-a275-dfa8c2f0a96f is updated service_manage_report /usr/lib/python3/dist-packages/heat/engine/service.py:2370
2025-04-17 01:46:17.104 36421 DEBUG heat.engine.service [req-a688c27f-b985-4d1d-9c32-96fc7954db42 - - - - -] Service 76e08f20-6f00-42c7-a5c5-28d64f19297f is updated service_manage_report /usr/lib/python3/dist-packages/heat/engine/service.py:2370
2025-04-17 01:47:16.973 36420 DEBUG heat.engine.service [req-7059bab7-d6c7-40fb-8c01-c05c3648d4d7 - - - - -] Service acebcde9-e67e-4b9d-b03b-49cd21bbba08 is updated service_manage_report /usr/lib/python3/dist-packages/heat/engine/service.py:2370
2025-04-17 01:47:17.031 36423 DEBUG heat.engine.service [req-a14699fe-c6d0-4c2f-9e00-e3904b0fa711 - - - - -] Service d7800f04-781e-478b-bf3a-98d2e68bf974 is updated service_manage_report /usr/lib/python3/dist-packages/heat/engine/service.py:2370
2025-04-17 01:47:17.056 36422 DEBUG heat.engine.service [req-ab955dd1-5546-4e58-b962-9769b1f1c4df - - - - -] Service cc903c06-8e00-4686-a275-dfa8c2f0a96f is updated service_manage_report /usr/lib/python3/dist-packages/heat/engine/service.py:2370
2025-04-17 01:47:17.101 36421 DEBUG heat.engine.service [req-dee3ed36-07df-47b2-9c68-1ab3112609b6 - - - - -] Service 76e08f20-6f00-42c7-a5c5-28d64f19297f is updated service_manage_report /usr/lib/python3/dist-packages/heat/engine/service.py:2370
2025-04-17 01:48:16.980 36420 DEBUG heat.engine.service [req-4b549f83-b03c-4173-ab28-7e384c84e608 - - - - -] Service acebcde9-e67e-4b9d-b03b-49cd21bbba08 is updated service_manage_report /usr/lib/python3/dist-packages/heat/engine/service.py:2370
2025-04-17 01:48:17.040 36423 DEBUG heat.engine.service [req-d9e1f93a-865d-466f-a8ee-fa3200227143 - - - - -] Service d7800f04-781e-478b-bf3a-98d2e68bf974 is updated service_manage_report /usr/lib/python3/dist-packages/heat/engine/service.py:2370
2025-04-17 01:48:17.064 36422 DEBUG heat.engine.service [req-b234abfd-dc07-4097-a3be-3d1ac530c0b4 - - - - -] Service cc903c06-8e00-4686-a275-dfa8c2f0a96f is updated service_manage_report /usr/lib/python3/dist-packages/heat/engine/service.py:2370
2025-04-17 01:48:17.097 36421 DEBUG heat.engine.service [req-09a3eeca-94c8-4969-bc66-8827bc754825 - - - - -] Service 76e08f20-6f00-42c7-a5c5-28d64f19297f is updated service_manage_report /usr/lib/python3/dist-packages/heat/engine/service.py:2370
2025-04-17 01:49:16.979 36420 DEBUG heat.engine.service [req-9fc42d1a-f018-4ec4-8de7-e1f97f1f7092 - - - - -] Service acebcde9-e67e-4b9d-b03b-49cd21bbba08 is updated service_manage_report /usr/lib/python3/dist-packages/heat/engine/service.py:2370
2025-04-17 01:49:17.037 36423 DEBUG heat.engine.service [req-1c3541e8-7296-48dc-9e4a-9a40d51e06e0 - - - - -] Service d7800f04-781e-478b-bf3a-98d2e68bf974 is updated service_manage_report /usr/lib/python3/dist-packages/heat/engine/service.py:2370
2025-04-17 01:49:17.059 36422 DEBUG heat.engine.service [req-e6555edd-2452-4a5b-a3cf-b14fb9ce9799 - - - - -] Service cc903c06-8e00-4686-a275-dfa8c2f0a96f is updated service_manage_report /usr/lib/python3/dist-packages/heat/engine/service.py:2370
2025-04-17 01:49:17.097 36421 DEBUG heat.engine.service [req-1957014d-8a7b-46bc-a50c-0a36878aae97 - - - - -] Service 76e08f20-6f00-42c7-a5c5-28d64f19297f is updated service_manage_report /usr/lib/python3/dist-packages/heat/engine/service.py:2370
2025-04-17 01:50:16.975 36420 DEBUG heat.engine.service [req-897fb30a-8b40-4a9e-a0f8-ff9237831a2f - - - - -] Service acebcde9-e67e-4b9d-b03b-49cd21bbba08 is updated service_manage_report /usr/lib/python3/dist-packages/heat/engine/service.py:2370
2025-04-17 01:50:17.032 36423 DEBUG heat.engine.service [req-b503deb2-e79a-4310-abf6-51aa671bb535 - - - - -] Service d7800f04-781e-478b-bf3a-98d2e68bf974 is updated service_manage_report /usr/lib/python3/dist-packages/heat/engine/service.py:2370
2025-04-17 01:50:17.064 36422 DEBUG heat.engine.service [req-83ef3ffc-531e-4053-9964-88bb7d22c457 - - - - -] Service cc903c06-8e00-4686-a275-dfa8c2f0a96f is updated service_manage_report /usr/lib/python3/dist-packages/heat/engine/service.py:2370
2025-04-17 01:50:17.092 36421 DEBUG heat.engine.service [req-44c52468-a6dd-42c4-99ea-441d4c6ae20d - - - - -] Service 76e08f20-6f00-42c7-a5c5-28d64f19297f is updated service_manage_report /usr/lib/python3/dist-packages/heat/engine/service.py:2370
2025-04-17 01:51:16.984 36420 DEBUG heat.engine.service [req-b4fe7d7e-6334-4dd3-8bb1-c5ce442d2533 - - - - -] Service acebcde9-e67e-4b9d-b03b-49cd21bbba08 is updated service_manage_report /usr/lib/python3/dist-packages/heat/engine/service.py:2370
2025-04-17 01:51:17.039 36423 DEBUG heat.engine.service [req-64525890-4b94-46b0-b7a1-50eabdeeb835 - - - - -] Service d7800f04-781e-478b-bf3a-98d2e68bf974 is updated service_manage_report /usr/lib/python3/dist-packages/heat/engine/service.py:2370
2025-04-17 01:51:17.069 36422 DEBUG heat.engine.service [req-3016447e-be25-4fb9-9e0f-a04b8707208b - - - - -] Service cc903c06-8e00-4686-a275-dfa8c2f0a96f is updated service_manage_report /usr/lib/python3/dist-packages/heat/engine/service.py:2370
2025-04-17 01:51:17.098 36421 DEBUG heat.engine.service [req-5ded88cb-a384-4fae-88d2-c721b7a5c185 - - - - -] Service 76e08f20-6f00-42c7-a5c5-28d64f19297f is updated service_manage_report /usr/lib/python3/dist-packages/heat/engine/service.py:2370
2025-04-17 01:52:16.982 36420 DEBUG heat.engine.service [req-5b0e7018-0373-4e72-bca2-1ba79f76761f - - - - -] Service acebcde9-e67e-4b9d-b03b-49cd21bbba08 is updated service_manage_report /usr/lib/python3/dist-packages/heat/engine/service.py:2370
2025-04-17 01:52:17.037 36423 DEBUG heat.engine.service [req-1c0528f6-2c38-417f-ae10-1854a37c6894 - - - - -] Service d7800f04-781e-478b-bf3a-98d2e68bf974 is updated service_manage_report /usr/lib/python3/dist-packages/heat/engine/service.py:2370
2025-04-17 01:52:17.065 36422 DEBUG heat.engine.service [req-44015624-069c-4d06-b875-1e32b3de3006 - - - - -] Service cc903c06-8e00-4686-a275-dfa8c2f0a96f is updated service_manage_report /usr/lib/python3/dist-packages/heat/engine/service.py:2370
2025-04-17 01:52:17.104 36421 DEBUG heat.engine.service [req-15a797ce-a4a5-420a-b301-74cdbd666d38 - - - - -] Service 76e08f20-6f00-42c7-a5c5-28d64f19297f is updated service_manage_report /usr/lib/python3/dist-packages/heat/engine/service.py:2370
2025-04-17 01:53:16.979 36420 DEBUG heat.engine.service [req-e698be4a-f2b8-4640-994a-52978bafbd35 - - - - -] Service acebcde9-e67e-4b9d-b03b-49cd21bbba08 is updated service_manage_report /usr/lib/python3/dist-packages/heat/engine/service.py:2370
2025-04-17 01:53:17.033 36423 DEBUG heat.engine.service [req-e04666c0-3f49-41f8-ad94-46eb673903fc - - - - -] Service d7800f04-781e-478b-bf3a-98d2e68bf974 is updated service_manage_report /usr/lib/python3/dist-packages/heat/engine/service.py:2370
2025-04-17 01:53:17.061 36422 DEBUG heat.engine.service [req-e253bfa8-c301-4ba1-bc64-36b4b2542fe0 - - - - -] Service cc903c06-8e00-4686-a275-dfa8c2f0a96f is updated service_manage_report /usr/lib/python3/dist-packages/heat/engine/service.py:2370
2025-04-17 01:53:17.114 36421 DEBUG heat.engine.service [req-57f5878d-c87a-4d5d-909b-cbbe4a6fb360 - - - - -] Service 76e08f20-6f00-42c7-a5c5-28d64f19297f is updated service_manage_report /usr/lib/python3/dist-packages/heat/engine/service.py:2370
2025-04-17 01:54:16.977 36420 DEBUG heat.engine.service [req-13f47dfc-722f-4828-8b77-1c505754c896 - - - - -] Service acebcde9-e67e-4b9d-b03b-49cd21bbba08 is updated service_manage_report /usr/lib/python3/dist-packages/heat/engine/service.py:2370
2025-04-17 01:54:17.038 36423 DEBUG heat.engine.service [req-8f3eb4d0-5fc0-46af-994a-e478de78026f - - - - -] Service d7800f04-781e-478b-bf3a-98d2e68bf974 is updated service_manage_report /usr/lib/python3/dist-packages/heat/engine/service.py:2370
2025-04-17 01:54:17.069 36422 DEBUG heat.engine.service [req-585b44d3-ad9b-481c-9efc-44e951771b3a - - - - -] Service cc903c06-8e00-4686-a275-dfa8c2f0a96f is updated service_manage_report /usr/lib/python3/dist-packages/heat/engine/service.py:2370
2025-04-17 01:54:17.108 36421 DEBUG heat.engine.service [req-f9156197-a056-4e39-9d4a-a6a4ff0c80a6 - - - - -] Service 76e08f20-6f00-42c7-a5c5-28d64f19297f is updated service_manage_report /usr/lib/python3/dist-packages/heat/engine/service.py:2370
2025-04-17 01:55:16.979 36420 DEBUG heat.engine.service [req-8eb70b18-3ee0-4789-870e-842258defec7 - - - - -] Service acebcde9-e67e-4b9d-b03b-49cd21bbba08 is updated service_manage_report /usr/lib/python3/dist-packages/heat/engine/service.py:2370
2025-04-17 01:55:17.045 36423 DEBUG heat.engine.service [req-da6968a9-29a8-4c9c-96d3-e44b0d5a4165 - - - - -] Service d7800f04-781e-478b-bf3a-98d2e68bf974 is updated service_manage_report /usr/lib/python3/dist-packages/heat/engine/service.py:2370
2025-04-17 01:55:17.064 36422 DEBUG heat.engine.service [req-60796513-d30b-4644-82c6-815105e5f48e - - - - -] Service cc903c06-8e00-4686-a275-dfa8c2f0a96f is updated service_manage_report /usr/lib/python3/dist-packages/heat/engine/service.py:2370
2025-04-17 01:55:17.115 36421 DEBUG heat.engine.service [req-7a73c384-d9ec-4ef1-bea6-a5465cb877ed - - - - -] Service 76e08f20-6f00-42c7-a5c5-28d64f19297f is updated service_manage_report /usr/lib/python3/dist-packages/heat/engine/service.py:2370
2025-04-17 01:56:16.975 36420 DEBUG heat.engine.service [req-89bda6ab-34d5-4b9d-b14f-c15f4fba3c2c - - - - -] Service acebcde9-e67e-4b9d-b03b-49cd21bbba08 is updated service_manage_report /usr/lib/python3/dist-packages/heat/engine/service.py:2370
2025-04-17 01:56:17.039 36423 DEBUG heat.engine.service [req-d431c0aa-2733-483a-8e78-8c055e4adafc - - - - -] Service d7800f04-781e-478b-bf3a-98d2e68bf974 is updated service_manage_report /usr/lib/python3/dist-packages/heat/engine/service.py:2370
2025-04-17 01:56:17.068 36422 DEBUG heat.engine.service [req-a8c28370-dff1-4304-9cbb-46e5d5cc477c - - - - -] Service cc903c06-8e00-4686-a275-dfa8c2f0a96f is updated service_manage_report /usr/lib/python3/dist-packages/heat/engine/service.py:2370
2025-04-17 01:56:17.120 36421 DEBUG heat.engine.service [req-4f0009ea-09e6-40af-93c6-cf3412c5f30b - - - - -] Service 76e08f20-6f00-42c7-a5c5-28d64f19297f is updated service_manage_report /usr/lib/python3/dist-packages/heat/engine/service.py:2370
2025-04-17 01:57:16.972 36420 DEBUG heat.engine.service [req-4670fbb2-566d-4dfb-bc63-cdd123ca8d7d - - - - -] Service acebcde9-e67e-4b9d-b03b-49cd21bbba08 is updated service_manage_report /usr/lib/python3/dist-packages/heat/engine/service.py:2370
2025-04-17 01:57:17.045 36423 DEBUG heat.engine.service [req-b804b70d-0a70-4107-9e18-41dfbadf8fff - - - - -] Service d7800f04-781e-478b-bf3a-98d2e68bf974 is updated service_manage_report /usr/lib/python3/dist-packages/heat/engine/service.py:2370
2025-04-17 01:57:17.084 36422 DEBUG heat.engine.service [req-9e2aa102-2db5-4902-8f6a-0390b13a374d - - - - -] Service cc903c06-8e00-4686-a275-dfa8c2f0a96f is updated service_manage_report /usr/lib/python3/dist-packages/heat/engine/service.py:2370
2025-04-17 01:57:17.130 36421 DEBUG heat.engine.service [req-b9818174-be02-4cf8-9c0c-4df214043f36 - - - - -] Service 76e08f20-6f00-42c7-a5c5-28d64f19297f is updated service_manage_report /usr/lib/python3/dist-packages/heat/engine/service.py:2370
2025-04-17 01:58:17.221 36420 DEBUG heat.engine.service [req-806a5803-bbc1-4f18-8ce2-63b6e36a993b - - - - -] Service acebcde9-e67e-4b9d-b03b-49cd21bbba08 is updated service_manage_report /usr/lib/python3/dist-packages/heat/engine/service.py:2370
2025-04-17 01:58:17.240 36421 DEBUG heat.engine.service [req-f6b8a0ea-a8a1-4dbb-8144-8f3f2e4b1e97 - - - - -] Service 76e08f20-6f00-42c7-a5c5-28d64f19297f is updated service_manage_report /usr/lib/python3/dist-packages/heat/engine/service.py:2370
2025-04-17 01:58:17.240 36423 DEBUG heat.engine.service [req-de515232-88ee-46ac-ad85-b252f70268e1 - - - - -] Service d7800f04-781e-478b-bf3a-98d2e68bf974 is updated service_manage_report /usr/lib/python3/dist-packages/heat/engine/service.py:2370
2025-04-17 01:58:17.241 36422 DEBUG heat.engine.service [req-246d7184-6e6d-4d6a-a394-d6d4478dd6da - - - - -] Service cc903c06-8e00-4686-a275-dfa8c2f0a96f is updated service_manage_report /usr/lib/python3/dist-packages/heat/engine/service.py:2370
2025-04-17 01:58:53.728 36422 DEBUG heat.engine.service [-] Attempting to stop engine service... _stop_rpc_server /usr/lib/python3/dist-packages/heat/engine/service.py:437
2025-04-17 01:58:53.728 36420 DEBUG heat.engine.service [-] Attempting to stop engine service... _stop_rpc_server /usr/lib/python3/dist-packages/heat/engine/service.py:437
2025-04-17 01:58:53.729 36421 DEBUG heat.engine.service [-] Attempting to stop engine service... _stop_rpc_server /usr/lib/python3/dist-packages/heat/engine/service.py:437
2025-04-17 01:58:53.729 36423 DEBUG heat.engine.service [-] Attempting to stop engine service... _stop_rpc_server /usr/lib/python3/dist-packages/heat/engine/service.py:437
2025-04-17 01:58:53.731 36213 INFO oslo_service.service [-] Caught SIGTERM, stopping children
2025-04-17 01:58:53.739 36213 DEBUG oslo_concurrency.lockutils [-] Acquired lock "singleton_lock" lock /usr/lib/python3/dist-packages/oslo_concurrency/lockutils.py:294
2025-04-17 01:58:53.740 36213 DEBUG oslo_concurrency.lockutils [-] Releasing lock "singleton_lock" lock /usr/lib/python3/dist-packages/oslo_concurrency/lockutils.py:312
2025-04-17 01:58:53.741 36213 DEBUG oslo_service.service [-] Stop services. stop /usr/lib/python3/dist-packages/oslo_service/service.py:695
2025-04-17 01:58:53.741 36213 INFO heat.engine.service [-] All threads were gone, terminating engine
2025-04-17 01:58:53.741 36213 DEBUG oslo_service.service [-] Killing children. stop /usr/lib/python3/dist-packages/oslo_service/service.py:700
2025-04-17 01:58:53.753 36213 INFO oslo_service.service [-] Waiting on 4 children to exit
2025-04-17 01:58:53.754 36213 INFO oslo_service.service [-] Child 36421 killed by signal 15
2025-04-17 01:58:53.754 36213 INFO oslo_service.service [-] Child 36423 killed by signal 15
2025-04-17 01:58:53.755 36213 INFO oslo_service.service [-] Child 36422 killed by signal 15
2025-04-17 01:58:53.758 36213 INFO oslo_service.service [-] Child 36420 killed by signal 15
2025-04-17 01:58:55.974 61448 DEBUG oslo_concurrency.lockutils [-] Lock "context-manager" acquired by "neutron_lib.db.api._create_context_manager" :: waited 0.000s inner /usr/lib/python3/dist-packages/oslo_concurrency/lockutils.py:386
2025-04-17 01:58:55.975 61448 DEBUG oslo_concurrency.lockutils [-] Lock "context-manager" "released" by "neutron_lib.db.api._create_context_manager" :: held 0.001s inner /usr/lib/python3/dist-packages/oslo_concurrency/lockutils.py:400
2025-04-17 01:58:56.252 61448 WARNING heat.engine.environment [-] OS::Aodh::Alarm is DEPRECATED. Theshold alarm relies on ceilometer-api and has been deprecated in aodh since Ocata. Use OS::Aodh::GnocchiAggregationByResourcesAlarm instead.
2025-04-17 01:58:56.253 61448 WARNING heat.engine.environment [-] OS::Aodh::CombinationAlarm is HIDDEN. OS::Aodh::CombinationAlarm is deprecated and has been removed from Aodh, use OS::Aodh::CompositeAlarm instead.
2025-04-17 01:58:56.253 61448 WARNING heat.engine.environment [-] OS::Designate::Domain is HIDDEN. This resource has been removed, use OS::Designate::Zone instead.
2025-04-17 01:58:56.253 61448 WARNING heat.engine.environment [-] OS::Designate::Record is HIDDEN. This resource has been removed, use OS::Designate::RecordSet instead.
2025-04-17 01:58:56.253 61448 WARNING heat.engine.environment [-] OS::Glance::Image is DEPRECATED. Creating a Glance Image based on an existing URL location requires the Glance v1 API, which is deprecated.
2025-04-17 01:58:56.254 61448 WARNING heat.engine.environment [-] OS::Heat::HARestarter is HIDDEN. The HARestarter resource type has been removed. Existing stacks containing HARestarter resources can still be used, but the HARestarter resource will be a placeholder that does nothing.
2025-04-17 01:58:56.254 61448 WARNING heat.engine.environment [-] OS::Heat::SoftwareDeployments is HIDDEN. Please use OS::Heat::SoftwareDeploymentGroup instead.
2025-04-17 01:58:56.254 61448 WARNING heat.engine.environment [-] OS::Heat::StructuredDeployments is HIDDEN. Please use OS::Heat::StructuredDeploymentGroup instead.
2025-04-17 01:58:56.254 61448 WARNING heat.engine.environment [-] OS::Magnum::Bay is HIDDEN. Please use OS::Magnum::Cluster instead.
2025-04-17 01:58:56.254 61448 WARNING heat.engine.environment [-] OS::Magnum::BayModel is HIDDEN. Please use OS::Magnum::ClusterTemplate instead.
2025-04-17 01:58:56.255 61448 WARNING heat.engine.environment [-] OS::Neutron::ExtraRoute is UNSUPPORTED. Use this resource at your own risk.
2025-04-17 01:58:56.255 61448 WARNING heat.engine.environment [-] OS::Neutron::HealthMonitor is HIDDEN. Use LBaaS V2 instead.
2025-04-17 01:58:56.255 61448 WARNING heat.engine.environment [-] OS::Neutron::Pool is HIDDEN. Use LBaaS V2 instead.
2025-04-17 01:58:56.255 61448 WARNING heat.engine.environment [-] OS::Neutron::PoolMember is HIDDEN. Use LBaaS V2 instead.
2025-04-17 01:58:56.255 61448 WARNING heat.engine.environment [-] OS::Neutron::LoadBalancer is HIDDEN. Use LBaaS V2 instead.
2025-04-17 01:58:56.256 61448 WARNING heat.engine.environment [-] OS::Neutron::RouterGateway is HIDDEN. Use the `external_gateway_info` property in the router resource to set up the gateway.
2025-04-17 01:58:56.256 61448 WARNING heat.engine.environment [-] OS::Nova::FloatingIP is HIDDEN. Please use OS::Neutron::FloatingIP instead.
2025-04-17 01:58:56.256 61448 WARNING heat.engine.environment [-] OS::Nova::FloatingIPAssociation is HIDDEN. Please use OS::Neutron::FloatingIPAssociation instead.
2025-04-17 01:58:56.257 61448 INFO heat.engine.environment [-] Loading /etc/heat/environment.d/default.yaml
2025-04-17 01:58:56.258 61448 INFO heat.engine.environment [-] Registered: [Plugin](User:False) AWS::AutoScaling::AutoScalingGroup ->
2025-04-17 01:58:56.258 61448 INFO heat.engine.environment [-] Registered: [Plugin](User:False) AWS::AutoScaling::LaunchConfiguration ->
2025-04-17 01:58:56.259 61448 INFO heat.engine.environment [-] Registered: [Plugin](User:False) AWS::AutoScaling::ScalingPolicy ->
2025-04-17 01:58:56.259 61448 INFO heat.engine.environment [-] Registered: [Plugin](User:False) AWS::CloudFormation::Stack ->
2025-04-17 01:58:56.259 61448 INFO heat.engine.environment [-] Registered: [Plugin](User:False) AWS::CloudFormation::WaitCondition ->
2025-04-17 01:58:56.259 61448 INFO heat.engine.environment [-] Registered: [Plugin](User:False) AWS::CloudFormation::WaitConditionHandle ->
2025-04-17 01:58:56.259 61448 INFO heat.engine.environment [-] Registered: [Plugin](User:False) AWS::EC2::EIP ->
2025-04-17 01:58:56.259 61448 INFO heat.engine.environment [-] Registered: [Plugin](User:False) AWS::EC2::EIPAssociation ->
2025-04-17 01:58:56.259 61448 INFO heat.engine.environment [-] Registered: [Plugin](User:False) AWS::EC2::Instance ->
2025-04-17 01:58:56.259 61448 INFO heat.engine.environment [-] Registered: [Plugin](User:False) AWS::EC2::InternetGateway ->
2025-04-17 01:58:56.259 61448 INFO heat.engine.environment [-] Registered: [Plugin](User:False) AWS::EC2::VPCGatewayAttachment ->
2025-04-17 01:58:56.259 61448 INFO heat.engine.environment [-] Registered: [Plugin](User:False) AWS::EC2::NetworkInterface ->
2025-04-17 01:58:56.260 61448 INFO heat.engine.environment [-] Registered: [Plugin](User:False) AWS::EC2::RouteTable ->
2025-04-17 01:58:56.260 61448 INFO heat.engine.environment [-] Registered: [Plugin](User:False) AWS::EC2::SubnetRouteTableAssociation ->
2025-04-17 01:58:56.260 61448 INFO heat.engine.environment [-] Registered: [Plugin](User:False) AWS::EC2::SecurityGroup ->
2025-04-17 01:58:56.260 61448 INFO heat.engine.environment [-] Registered: [Plugin](User:False) AWS::EC2::Subnet ->
2025-04-17 01:58:56.260 61448 INFO heat.engine.environment [-] Registered: [Plugin](User:False) AWS::EC2::Volume ->
2025-04-17 01:58:56.260 61448 INFO heat.engine.environment [-] Registered: [Plugin](User:False) AWS::EC2::VolumeAttachment ->
2025-04-17 01:58:56.260 61448 INFO heat.engine.environment [-] Registered: [Plugin](User:False) AWS::EC2::VPC ->
2025-04-17 01:58:56.260 61448 INFO heat.engine.environment [-] Registered: [Plugin](User:False) AWS::IAM::User ->
2025-04-17 01:58:56.260 61448 INFO heat.engine.environment [-] Registered: [Plugin](User:False) AWS::IAM::AccessKey ->
2025-04-17 01:58:56.260 61448 INFO heat.engine.environment [-] Registered: [Plugin](User:False) AWS::ElasticLoadBalancing::LoadBalancer ->
2025-04-17 01:58:56.260 61448 INFO heat.engine.environment [-] Registered: [Plugin](User:False) AWS::S3::Bucket ->
2025-04-17 01:58:56.261 61448 INFO heat.engine.environment [-] Registered: [Plugin](User:False) OS::Aodh::Alarm ->
2025-04-17 01:58:56.261 61448 INFO heat.engine.environment [-] Registered: [Plugin](User:False) OS::Aodh::CombinationAlarm ->
2025-04-17 01:58:56.261 61448 INFO heat.engine.environment [-] Registered: [Plugin](User:False) OS::Aodh::EventAlarm ->
2025-04-17 01:58:56.261 61448 INFO heat.engine.environment [-] Registered: [Plugin](User:False) OS::Aodh::LBMemberHealthAlarm ->
2025-04-17 01:58:56.261 61448 INFO heat.engine.environment [-] Registered: [Plugin](User:False) OS::Aodh::CompositeAlarm ->
2025-04-17 01:58:56.261 61448 INFO heat.engine.environment [-] Registered: [Plugin](User:False) OS::Aodh::GnocchiResourcesAlarm ->
2025-04-17 01:58:56.261 61448 INFO heat.engine.environment [-] Registered: [Plugin](User:False) OS::Aodh::GnocchiAggregationByMetricsAlarm ->
2025-04-17 01:58:56.261 61448 INFO heat.engine.environment [-] Registered: [Plugin](User:False) OS::Aodh::GnocchiAggregationByResourcesAlarm ->
2025-04-17 01:58:56.261 61448 INFO heat.engine.environment [-] Registered: [Plugin](User:False) OS::Barbican::GenericContainer ->
2025-04-17 01:58:56.261 61448 INFO heat.engine.environment [-] Registered: [Plugin](User:False) OS::Barbican::CertificateContainer ->
2025-04-17 01:58:56.262 61448 INFO heat.engine.environment [-] Registered: [Plugin](User:False) OS::Barbican::RSAContainer ->
2025-04-17 01:58:56.262 61448 INFO heat.engine.environment [-] Registered: [Plugin](User:False) OS::Barbican::Order ->
2025-04-17 01:58:56.262 61448 INFO heat.engine.environment [-] Registered: [Plugin](User:False) OS::Barbican::Secret ->
2025-04-17 01:58:56.262 61448 INFO heat.engine.environment [-] Registered: [Plugin](User:False) OS::Blazar::Host ->
2025-04-17 01:58:56.262 61448 INFO heat.engine.environment [-] Registered: [Plugin](User:False) OS::Blazar::Lease ->
2025-04-17 01:58:56.262 61448 INFO heat.engine.environment [-] Registered: [Plugin](User:False) OS::Cinder::EncryptedVolumeType ->
2025-04-17 01:58:56.262 61448 INFO heat.engine.environment [-] Registered: [Plugin](User:False) OS::Cinder::QoSSpecs ->
2025-04-17 01:58:56.262 61448 INFO heat.engine.environment [-] Registered: [Plugin](User:False) OS::Cinder::QoSAssociation ->
2025-04-17 01:58:56.262 61448 INFO heat.engine.environment [-] Registered: [Plugin](User:False) OS::Cinder::Quota ->
2025-04-17 01:58:56.262 61448 INFO heat.engine.environment [-] Registered: [Plugin](User:False) OS::Cinder::Volume ->
2025-04-17 01:58:56.263 61448 INFO heat.engine.environment [-] Registered: [Plugin](User:False) OS::Cinder::VolumeAttachment ->
2025-04-17 01:58:56.263 61448 INFO heat.engine.environment [-] Registered: [Plugin](User:False) OS::Cinder::VolumeType ->
2025-04-17 01:58:56.263 61448 INFO heat.engine.environment [-] Registered: [Plugin](User:False) OS::Designate::Domain ->
2025-04-17 01:58:56.263 61448 INFO heat.engine.environment [-] Registered: [Plugin](User:False) OS::Designate::Record ->
2025-04-17 01:58:56.263 61448 INFO heat.engine.environment [-] Registered: [Plugin](User:False) OS::Designate::RecordSet ->
2025-04-17 01:58:56.263 61448 INFO heat.engine.environment [-] Registered: [Plugin](User:False) OS::Designate::Zone ->
2025-04-17 01:58:56.263 61448 INFO heat.engine.environment [-] Registered: [Plugin](User:False) OS::Glance::Image ->
2025-04-17 01:58:56.263 61448 INFO heat.engine.environment [-] Registered: [Plugin](User:False) OS::Glance::WebImage ->
2025-04-17 01:58:56.263 61448 INFO heat.engine.environment [-] Registered: [Plugin](User:False) OS::Heat::AccessPolicy ->
2025-04-17 01:58:56.263 61448 INFO heat.engine.environment [-] Registered: [Plugin](User:False) OS::Heat::AutoScalingGroup ->
2025-04-17 01:58:56.264 61448 INFO heat.engine.environment [-] Registered: [Plugin](User:False) OS::Heat::CloudConfig ->
2025-04-17 01:58:56.264 61448 INFO heat.engine.environment [-] Registered: [Plugin](User:False) OS::Heat::Delay ->
2025-04-17 01:58:56.264 61448 INFO heat.engine.environment [-] Registered: [Plugin](User:False) OS::Heat::DeployedServer ->
2025-04-17 01:58:56.264 61448 INFO heat.engine.environment [-] Registered: [Plugin](User:False) OS::Heat::HARestarter ->
2025-04-17 01:58:56.264 61448 INFO heat.engine.environment [-] Registered: [Plugin](User:False) OS::Heat::InstanceGroup ->
2025-04-17 01:58:56.264 61448 INFO heat.engine.environment [-] Registered: [Plugin](User:False) OS::Heat::MultipartMime ->
2025-04-17 01:58:56.264 61448 INFO heat.engine.environment [-] Registered: [Plugin](User:False) OS::Heat::None ->
2025-04-17 01:58:56.264 61448 INFO heat.engine.environment [-] Registered: [Plugin](User:False) OS::Heat::RandomString ->
2025-04-17 01:58:56.264 61448 INFO heat.engine.environment [-] Registered: [Plugin](User:False) OS::Heat::Stack ->
2025-04-17 01:58:56.264 61448 INFO heat.engine.environment [-] Registered: [Plugin](User:False) OS::Heat::ResourceChain ->
2025-04-17 01:58:56.264 61448 INFO heat.engine.environment [-] Registered: [Plugin](User:False) OS::Heat::ResourceGroup ->
2025-04-17 01:58:56.265 61448 INFO heat.engine.environment [-] Registered: [Plugin](User:False) OS::Heat::ScalingPolicy ->
2025-04-17 01:58:56.265 61448 INFO heat.engine.environment [-] Registered: [Plugin](User:False) OS::Heat::SoftwareComponent ->
2025-04-17 01:58:56.265 61448 INFO heat.engine.environment [-] Registered: [Plugin](User:False) OS::Heat::SoftwareConfig ->
2025-04-17 01:58:56.265 61448 INFO heat.engine.environment [-] Registered: [Plugin](User:False) OS::Heat::SoftwareDeployment ->
2025-04-17 01:58:56.265 61448 INFO heat.engine.environment [-] Registered: [Plugin](User:False) OS::Heat::SoftwareDeploymentGroup ->
2025-04-17 01:58:56.265 61448 INFO heat.engine.environment [-] Registered: [Plugin](User:False) OS::Heat::SoftwareDeployments ->
2025-04-17 01:58:56.265 61448 INFO heat.engine.environment [-] Registered: [Plugin](User:False) OS::Heat::StructuredConfig ->
2025-04-17 01:58:56.265 61448 INFO heat.engine.environment [-] Registered: [Plugin](User:False) OS::Heat::StructuredDeployment ->
2025-04-17 01:58:56.265 61448 INFO heat.engine.environment [-] Registered: [Plugin](User:False) OS::Heat::StructuredDeploymentGroup ->
2025-04-17 01:58:56.265 61448 INFO heat.engine.environment [-] Registered: [Plugin](User:False) OS::Heat::StructuredDeployments ->
2025-04-17 01:58:56.266 61448 INFO heat.engine.environment [-] Registered: [Plugin](User:False) OS::Heat::SwiftSignal ->
2025-04-17 01:58:56.266 61448 INFO heat.engine.environment [-] Registered: [Plugin](User:False) OS::Heat::SwiftSignalHandle ->
2025-04-17 01:58:56.266 61448 INFO heat.engine.environment [-] Registered: [Plugin](User:False) OS::Heat::TestResource ->
2025-04-17 01:58:56.266 61448 INFO heat.engine.environment [-] Registered: [Plugin](User:False) OS::Heat::Value ->
2025-04-17 01:58:56.266 61448 INFO heat.engine.environment [-] Registered: [Plugin](User:False) OS::Heat::WaitCondition ->
2025-04-17 01:58:56.266 61448 INFO heat.engine.environment [-] Registered: [Plugin](User:False) OS::Heat::WaitConditionHandle ->
2025-04-17 01:58:56.266 61448 INFO heat.engine.environment [-] Registered: [Plugin](User:False) OS::Heat::UpdateWaitConditionHandle ->
2025-04-17 01:58:56.266 61448 INFO heat.engine.environment [-] Registered: [Plugin](User:False) OS::Ironic::Port ->
2025-04-17 01:58:56.266 61448 INFO heat.engine.environment [-] Registered: [Plugin](User:False) OS::Keystone::Domain ->
2025-04-17 01:58:56.267 61448 INFO heat.engine.environment [-] Registered: [Plugin](User:False) OS::Keystone::Endpoint ->
2025-04-17 01:58:56.267 61448 INFO heat.engine.environment [-] Registered: [Plugin](User:False) OS::Keystone::Group ->
2025-04-17 01:58:56.267 61448 INFO heat.engine.environment [-] Registered: [Plugin](User:False) OS::Keystone::Project ->
2025-04-17 01:58:56.267 61448 INFO heat.engine.environment [-] Registered: [Plugin](User:False) OS::Keystone::Region ->
2025-04-17 01:58:56.267 61448 INFO heat.engine.environment [-] Registered: [Plugin](User:False) OS::Keystone::Role ->
2025-04-17 01:58:56.267 61448 INFO heat.engine.environment [-] Registered: [Plugin](User:False) OS::Keystone::UserRoleAssignment ->
2025-04-17 01:58:56.267 61448 INFO heat.engine.environment [-] Registered: [Plugin](User:False) OS::Keystone::GroupRoleAssignment ->
2025-04-17 01:58:56.267 61448 INFO heat.engine.environment [-] Registered: [Plugin](User:False) OS::Keystone::Service ->
2025-04-17 01:58:56.267 61448 INFO heat.engine.environment [-] Registered: [Plugin](User:False) OS::Keystone::User ->
2025-04-17 01:58:56.267 61448 INFO heat.engine.environment [-] Registered: [Plugin](User:False) OS::Magnum::Bay ->
2025-04-17 01:58:56.268 61448 INFO heat.engine.environment [-] Registered: [Plugin](User:False) OS::Magnum::BayModel ->
2025-04-17 01:58:56.268 61448 INFO heat.engine.environment [-] Registered: [Plugin](User:False) OS::Magnum::Cluster ->
2025-04-17 01:58:56.268 61448 INFO heat.engine.environment [-] Registered: [Plugin](User:False) OS::Magnum::ClusterTemplate ->
2025-04-17 01:58:56.268 61448 INFO heat.engine.environment [-] Registered: [Plugin](User:False) OS::Manila::SecurityService ->
2025-04-17 01:58:56.268 61448 INFO heat.engine.environment [-] Registered: [Plugin](User:False) OS::Manila::Share ->
2025-04-17 01:58:56.268 61448 INFO heat.engine.environment [-] Registered: [Plugin](User:False) OS::Manila::ShareNetwork ->
2025-04-17 01:58:56.268 61448 INFO heat.engine.environment [-] Registered: [Plugin](User:False) OS::Manila::ShareType ->
2025-04-17 01:58:56.268 61448 INFO heat.engine.environment [-] Registered: [Plugin](User:False) OS::Mistral::CronTrigger ->
2025-04-17 01:58:56.268 61448 INFO heat.engine.environment [-] Registered: [Plugin](User:False) OS::Mistral::ExternalResource ->
2025-04-17 01:58:56.268 61448 INFO heat.engine.environment [-] Registered: [Plugin](User:False) OS::Mistral::Workflow ->
2025-04-17 01:58:56.269 61448 INFO heat.engine.environment [-] Registered: [Plugin](User:False) OS::Monasca::AlarmDefinition ->
2025-04-17 01:58:56.269 61448 INFO heat.engine.environment [-] Registered: [Plugin](User:False) OS::Monasca::Notification ->
2025-04-17 01:58:56.269 61448 INFO heat.engine.environment [-] Registered: [Plugin](User:False) OS::Neutron::AddressScope ->
2025-04-17 01:58:56.269 61448 INFO heat.engine.environment [-] Registered: [Plugin](User:False) OS::Neutron::ExtraRoute ->
2025-04-17 01:58:56.269 61448 INFO heat.engine.environment [-] Registered: [Plugin](User:False) OS::Neutron::ExtraRouteSet ->
2025-04-17 01:58:56.269 61448 INFO heat.engine.environment [-] Registered: [Plugin](User:False) OS::Neutron::Firewall ->
2025-04-17 01:58:56.269 61448 INFO heat.engine.environment [-] Registered: [Plugin](User:False) OS::Neutron::FirewallPolicy ->
2025-04-17 01:58:56.269 61448 INFO heat.engine.environment [-] Registered: [Plugin](User:False) OS::Neutron::FirewallRule ->
2025-04-17 01:58:56.269 61448 INFO heat.engine.environment [-] Registered: [Plugin](User:False) OS::Neutron::FloatingIP ->
2025-04-17 01:58:56.270 61448 INFO heat.engine.environment [-] Registered: [Plugin](User:False) OS::Neutron::FloatingIPAssociation ->
2025-04-17 01:58:56.270 61448 INFO heat.engine.environment [-] Registered: [Plugin](User:False) OS::Neutron::L2Gateway ->
2025-04-17 01:58:56.270 61448 INFO heat.engine.environment [-] Registered: [Plugin](User:False) OS::Neutron::L2GatewayConnection ->
2025-04-17 01:58:56.270 61448 INFO heat.engine.environment [-] Registered: [Plugin](User:False) OS::Neutron::LBaaS::HealthMonitor ->
2025-04-17 01:58:56.270 61448 INFO heat.engine.environment [-] Registered: [Plugin](User:False) OS::Neutron::LBaaS::L7Policy ->
2025-04-17 01:58:56.270 61448 INFO heat.engine.environment [-] Registered: [Plugin](User:False) OS::Neutron::LBaaS::L7Rule ->
2025-04-17 01:58:56.270 61448 INFO heat.engine.environment [-] Registered: [Plugin](User:False) OS::Neutron::LBaaS::Listener ->
2025-04-17 01:58:56.270 61448 INFO heat.engine.environment [-] Registered: [Plugin](User:False) OS::Neutron::LBaaS::LoadBalancer ->
2025-04-17 01:58:56.270 61448 INFO heat.engine.environment [-] Registered: [Plugin](User:False) OS::Neutron::LBaaS::Pool ->
2025-04-17 01:58:56.270 61448 INFO heat.engine.environment [-] Registered: [Plugin](User:False) OS::Neutron::LBaaS::PoolMember ->
2025-04-17 01:58:56.270 61448 INFO heat.engine.environment [-] Registered: [Plugin](User:False) OS::Neutron::HealthMonitor ->
2025-04-17 01:58:56.271 61448 INFO heat.engine.environment [-] Registered: [Plugin](User:False) OS::Neutron::Pool ->
2025-04-17 01:58:56.271 61448 INFO heat.engine.environment [-] Registered: [Plugin](User:False) OS::Neutron::PoolMember ->
2025-04-17 01:58:56.271 61448 INFO heat.engine.environment [-] Registered: [Plugin](User:False) OS::Neutron::LoadBalancer ->
2025-04-17 01:58:56.271 61448 INFO heat.engine.environment [-] Registered: [Plugin](User:False) OS::Neutron::MeteringLabel ->
2025-04-17 01:58:56.271 61448 INFO heat.engine.environment [-] Registered: [Plugin](User:False) OS::Neutron::MeteringRule ->
2025-04-17 01:58:56.271 61448 INFO heat.engine.environment [-] Registered: [Plugin](User:False) OS::Neutron::Net ->
2025-04-17 01:58:56.271 61448 INFO heat.engine.environment [-] Registered: [Plugin](User:False) OS::Neutron::NetworkGateway ->
2025-04-17 01:58:56.271 61448 INFO heat.engine.environment [-] Registered: [Plugin](User:False) OS::Neutron::Port ->
2025-04-17 01:58:56.271 61448 INFO heat.engine.environment [-] Registered: [Plugin](User:False) OS::Neutron::ProviderNet ->
2025-04-17 01:58:56.271 61448 INFO heat.engine.environment [-] Registered: [Plugin](User:False) OS::Neutron::QoSPolicy ->
2025-04-17 01:58:56.272 61448 INFO heat.engine.environment [-] Registered: [Plugin](User:False) OS::Neutron::QoSBandwidthLimitRule ->
2025-04-17 01:58:56.272 61448 INFO heat.engine.environment [-] Registered: [Plugin](User:False) OS::Neutron::QoSDscpMarkingRule ->
2025-04-17 01:58:56.272 61448 INFO heat.engine.environment [-] Registered: [Plugin](User:False) OS::Neutron::QoSMinimumBandwidthRule ->
2025-04-17 01:58:56.272 61448 INFO heat.engine.environment [-] Registered: [Plugin](User:False) OS::Neutron::Quota ->
2025-04-17 01:58:56.272 61448 INFO heat.engine.environment [-] Registered: [Plugin](User:False) OS::Neutron::RBACPolicy ->
2025-04-17 01:58:56.272 61448 INFO heat.engine.environment [-] Registered: [Plugin](User:False) OS::Neutron::Router ->
2025-04-17 01:58:56.272 61448 INFO heat.engine.environment [-] Registered: [Plugin](User:False) OS::Neutron::RouterInterface ->
2025-04-17 01:58:56.272 61448 INFO heat.engine.environment [-] Registered: [Plugin](User:False) OS::Neutron::RouterGateway ->
2025-04-17 01:58:56.272 61448 INFO heat.engine.environment [-] Registered: [Plugin](User:False) OS::Neutron::SecurityGroup ->
2025-04-17 01:58:56.272 61448 INFO heat.engine.environment [-] Registered: [Plugin](User:False) OS::Neutron::SecurityGroupRule ->
2025-04-17 01:58:56.273 61448 INFO heat.engine.environment [-] Registered: [Plugin](User:False) OS::Neutron::Segment ->
2025-04-17 01:58:56.273 61448 INFO heat.engine.environment [-] Registered: [Plugin](User:False) OS::Neutron::FlowClassifier ->
2025-04-17 01:58:56.273 61448 INFO heat.engine.environment [-] Registered: [Plugin](User:False) OS::Neutron::PortChain ->
2025-04-17 01:58:56.273 61448 INFO heat.engine.environment [-] Registered: [Plugin](User:False) OS::Neutron::PortPair ->
2025-04-17 01:58:56.273 61448 INFO heat.engine.environment [-] Registered: [Plugin](User:False) OS::Neutron::PortPairGroup ->
2025-04-17 01:58:56.273 61448 INFO heat.engine.environment [-] Registered: [Plugin](User:False) OS::Neutron::Subnet ->
2025-04-17 01:58:56.273 61448 INFO heat.engine.environment [-] Registered: [Plugin](User:False) OS::Neutron::SubnetPool ->
2025-04-17 01:58:56.273 61448 INFO heat.engine.environment [-] Registered: [Plugin](User:False) OS::Neutron::TaaS::TapFlow ->
2025-04-17 01:58:56.273 61448 INFO heat.engine.environment [-] Registered: [Plugin](User:False) OS::Neutron::TaaS::TapService ->
2025-04-17 01:58:56.273 61448 INFO heat.engine.environment [-] Registered: [Plugin](User:False) OS::Neutron::Trunk ->
2025-04-17 01:58:56.274 61448 INFO heat.engine.environment [-] Registered: [Plugin](User:False) OS::Neutron::VPNService ->
2025-04-17 01:58:56.274 61448 INFO heat.engine.environment [-] Registered: [Plugin](User:False) OS::Neutron::IPsecSiteConnection ->
2025-04-17 01:58:56.274 61448 INFO heat.engine.environment [-] Registered: [Plugin](User:False) OS::Neutron::IKEPolicy ->
2025-04-17 01:58:56.274 61448 INFO heat.engine.environment [-] Registered: [Plugin](User:False) OS::Neutron::IPsecPolicy ->
2025-04-17 01:58:56.274 61448 INFO heat.engine.environment [-] Registered: [Plugin](User:False) OS::Nova::Flavor ->
2025-04-17 01:58:56.274 61448 INFO heat.engine.environment [-] Registered: [Plugin](User:False) OS::Nova::FloatingIP ->
2025-04-17 01:58:56.274 61448 INFO heat.engine.environment [-] Registered: [Plugin](User:False) OS::Nova::FloatingIPAssociation ->
2025-04-17 01:58:56.274 61448 INFO heat.engine.environment [-] Registered: [Plugin](User:False) OS::Nova::HostAggregate ->
2025-04-17 01:58:56.274 61448 INFO heat.engine.environment [-] Registered: [Plugin](User:False) OS::Nova::KeyPair ->
2025-04-17 01:58:56.274 61448 INFO heat.engine.environment [-] Registered: [Plugin](User:False) OS::Nova::Quota ->
2025-04-17 01:58:56.275 61448 INFO heat.engine.environment [-] Registered: [Plugin](User:False) OS::Nova::Server ->
2025-04-17 01:58:56.275 61448 INFO heat.engine.environment [-] Registered: [Plugin](User:False) OS::Nova::ServerGroup ->
2025-04-17 01:58:56.275 61448 INFO heat.engine.environment [-] Registered: [Plugin](User:False) OS::Octavia::Flavor ->
2025-04-17 01:58:56.275 61448 INFO heat.engine.environment [-] Registered: [Plugin](User:False) OS::Octavia::FlavorProfile ->
2025-04-17 01:58:56.275 61448 INFO heat.engine.environment [-] Registered: [Plugin](User:False) OS::Octavia::HealthMonitor ->
2025-04-17 01:58:56.275 61448 INFO heat.engine.environment [-] Registered: [Plugin](User:False) OS::Octavia::L7Policy ->
2025-04-17 01:58:56.275 61448 INFO heat.engine.environment [-] Registered: [Plugin](User:False) OS::Octavia::L7Rule ->
2025-04-17 01:58:56.275 61448 INFO heat.engine.environment [-] Registered: [Plugin](User:False) OS::Octavia::Listener ->
2025-04-17 01:58:56.275 61448 INFO heat.engine.environment [-] Registered: [Plugin](User:False) OS::Octavia::LoadBalancer ->
2025-04-17 01:58:56.275 61448 INFO heat.engine.environment [-] Registered: [Plugin](User:False) OS::Octavia::Pool ->
2025-04-17 01:58:56.275 61448 INFO heat.engine.environment [-] Registered: [Plugin](User:False) OS::Octavia::PoolMember ->
2025-04-17 01:58:56.276 61448 INFO heat.engine.environment [-] Registered: [Plugin](User:False) OS::Octavia::Quota ->
2025-04-17 01:58:56.276 61448 INFO heat.engine.environment [-] Registered: [Plugin](User:False) OS::Sahara::Cluster ->
2025-04-17 01:58:56.276 61448 INFO heat.engine.environment [-] Registered: [Plugin](User:False) OS::Sahara::DataSource ->
2025-04-17 01:58:56.276 61448 INFO heat.engine.environment [-] Registered: [Plugin](User:False) OS::Sahara::ImageRegistry ->
2025-04-17 01:58:56.276 61448 INFO heat.engine.environment [-] Registered: [Plugin](User:False) OS::Sahara::Job ->
2025-04-17 01:58:56.276 61448 INFO heat.engine.environment [-] Registered: [Plugin](User:False) OS::Sahara::JobBinary ->
