2025-04-17 02:06:17.172 67285 DEBUG oslo_service.service [-] database.db_retry_interval = 1 log_opt_values /usr/lib/python3/dist-packages/oslo_config/cfg.py:2609
2025-04-17 02:06:17.172 67285 DEBUG oslo_service.service [-] database.max_overflow = 50 log_opt_values /usr/lib/python3/dist-packages/oslo_config/cfg.py:2609
2025-04-17 02:06:17.173 67285 DEBUG oslo_service.service [-] database.max_pool_size = 5 log_opt_values /usr/lib/python3/dist-packages/oslo_config/cfg.py:2609
2025-04-17 02:06:17.173 67285 DEBUG oslo_service.service [-] database.max_retries = 10 log_opt_values /usr/lib/python3/dist-packages/oslo_config/cfg.py:2609
2025-04-17 02:06:17.173 67285 DEBUG oslo_service.service [-] database.mysql_enable_ndb = False log_opt_values /usr/lib/python3/dist-packages/oslo_config/cfg.py:2609
2025-04-17 02:06:17.173 67285 DEBUG oslo_service.service [-] database.mysql_sql_mode = TRADITIONAL log_opt_values /usr/lib/python3/dist-packages/oslo_config/cfg.py:2609
2025-04-17 02:06:17.173 67285 DEBUG oslo_service.service [-] database.pool_timeout = None log_opt_values /usr/lib/python3/dist-packages/oslo_config/cfg.py:2609
2025-04-17 02:06:17.173 67285 DEBUG oslo_service.service [-] database.retry_interval = 10 log_opt_values /usr/lib/python3/dist-packages/oslo_config/cfg.py:2609
2025-04-17 02:06:17.174 67285 DEBUG oslo_service.service [-] database.slave_connection = **** log_opt_values /usr/lib/python3/dist-packages/oslo_config/cfg.py:2609
2025-04-17 02:06:17.174 67285 DEBUG oslo_service.service [-] database.sqlite_synchronous = True log_opt_values /usr/lib/python3/dist-packages/oslo_config/cfg.py:2609
2025-04-17 02:06:17.174 67285 DEBUG oslo_service.service [-] database.use_db_reconnect = False log_opt_values /usr/lib/python3/dist-packages/oslo_config/cfg.py:2609
2025-04-17 02:06:17.176 67285 DEBUG oslo_service.service [-] oslo_messaging_metrics.metrics_buffer_size = 1000 log_opt_values /usr/lib/python3/dist-packages/oslo_config/cfg.py:2609
2025-04-17 02:06:17.176 67285 DEBUG oslo_service.service [-] oslo_messaging_metrics.metrics_enabled = False log_opt_values /usr/lib/python3/dist-packages/oslo_config/cfg.py:2609
2025-04-17 02:06:17.176 67285 DEBUG oslo_service.service [-] oslo_messaging_metrics.metrics_process_name = log_opt_values /usr/lib/python3/dist-packages/oslo_config/cfg.py:2609
2025-04-17 02:06:17.177 67285 DEBUG oslo_service.service [-] oslo_messaging_metrics.metrics_socket_file = /var/tmp/metrics_collector.sock log_opt_values /usr/lib/python3/dist-packages/oslo_config/cfg.py:2609
2025-04-17 02:06:17.177 67512 DEBUG oslo_db.sqlalchemy.engines [req-931afe00-21a1-4968-9722-5efe39ecfd92 - - - - -] MySQL server mode set to STRICT_TRANS_TABLES,STRICT_ALL_TABLES,NO_ZERO_IN_DATE,NO_ZERO_DATE,ERROR_FOR_DIVISION_BY_ZERO,TRADITIONAL,NO_ENGINE_SUBSTITUTION _check_effective_sql_mode /usr/lib/python3/dist-packages/oslo_db/sqlalchemy/engines.py:314
2025-04-17 02:06:17.177 67285 DEBUG oslo_service.service [-] oslo_messaging_metrics.metrics_thread_stop_timeout = 10 log_opt_values /usr/lib/python3/dist-packages/oslo_config/cfg.py:2609
2025-04-17 02:06:17.178 67285 DEBUG oslo_service.service [-] oslo_policy.enforce_new_defaults = False log_opt_values /usr/lib/python3/dist-packages/oslo_config/cfg.py:2609
2025-04-17 02:06:17.179 67285 DEBUG oslo_service.service [-] oslo_policy.enforce_scope = False log_opt_values /usr/lib/python3/dist-packages/oslo_config/cfg.py:2609
2025-04-17 02:06:17.179 67285 DEBUG oslo_service.service [-] oslo_policy.policy_default_rule = default log_opt_values /usr/lib/python3/dist-packages/oslo_config/cfg.py:2609
2025-04-17 02:06:17.179 67285 DEBUG oslo_service.service [-] oslo_policy.policy_dirs = ['policy.d'] log_opt_values /usr/lib/python3/dist-packages/oslo_config/cfg.py:2609
2025-04-17 02:06:17.179 67285 DEBUG oslo_service.service [-] oslo_policy.policy_file = policy.yaml log_opt_values /usr/lib/python3/dist-packages/oslo_config/cfg.py:2609
2025-04-17 02:06:17.180 67285 DEBUG oslo_service.service [-] oslo_policy.remote_content_type = application/x-www-form-urlencoded log_opt_values /usr/lib/python3/dist-packages/oslo_config/cfg.py:2609
2025-04-17 02:06:17.180 67285 DEBUG oslo_service.service [-] oslo_policy.remote_ssl_ca_crt_file = None log_opt_values /usr/lib/python3/dist-packages/oslo_config/cfg.py:2609
2025-04-17 02:06:17.181 67285 DEBUG oslo_service.service [-] oslo_policy.remote_ssl_client_crt_file = None log_opt_values /usr/lib/python3/dist-packages/oslo_config/cfg.py:2609
2025-04-17 02:06:17.181 67285 DEBUG oslo_service.service [-] oslo_policy.remote_ssl_client_key_file = None log_opt_values /usr/lib/python3/dist-packages/oslo_config/cfg.py:2609
2025-04-17 02:06:17.181 67285 DEBUG oslo_service.service [-] oslo_policy.remote_ssl_verify_server_crt = False log_opt_values /usr/lib/python3/dist-packages/oslo_config/cfg.py:2609
2025-04-17 02:06:17.181 67285 DEBUG oslo_service.service [-] trustee.auth_section = None log_opt_values /usr/lib/python3/dist-packages/oslo_config/cfg.py:2609
2025-04-17 02:06:17.181 67285 WARNING oslo_config.cfg [-] Deprecated: Option "auth_plugin" from group "trustee" is deprecated. Use option "auth_type" from group "trustee".
2025-04-17 02:06:17.182 67285 DEBUG oslo_service.service [-] trustee.auth_type = password log_opt_values /usr/lib/python3/dist-packages/oslo_config/cfg.py:2609
2025-04-17 02:06:17.182 67285 DEBUG oslo_service.service [-] oslo_versionedobjects.fatal_exception_format_errors = False log_opt_values /usr/lib/python3/dist-packages/oslo_config/cfg.py:2609
2025-04-17 02:06:17.190 67285 DEBUG oslo_service.service [-] oslo_messaging_rabbit.amqp_auto_delete = False log_opt_values /usr/lib/python3/dist-packages/oslo_config/cfg.py:2609
2025-04-17 02:06:17.191 67285 DEBUG oslo_service.service [-] oslo_messaging_rabbit.amqp_durable_queues = False log_opt_values /usr/lib/python3/dist-packages/oslo_config/cfg.py:2609
2025-04-17 02:06:17.191 67285 DEBUG oslo_service.service [-] oslo_messaging_rabbit.conn_pool_min_size = 2 log_opt_values /usr/lib/python3/dist-packages/oslo_config/cfg.py:2609
2025-04-17 02:06:17.191 67285 DEBUG oslo_service.service [-] oslo_messaging_rabbit.conn_pool_ttl = 1200 log_opt_values /usr/lib/python3/dist-packages/oslo_config/cfg.py:2609
2025-04-17 02:06:17.191 67285 DEBUG oslo_service.service [-] oslo_messaging_rabbit.direct_mandatory_flag = True log_opt_values /usr/lib/python3/dist-packages/oslo_config/cfg.py:2609
2025-04-17 02:06:17.191 67285 DEBUG oslo_service.service [-] oslo_messaging_rabbit.enable_cancel_on_failover = False log_opt_values /usr/lib/python3/dist-packages/oslo_config/cfg.py:2609
2025-04-17 02:06:17.191 67285 DEBUG oslo_service.service [-] oslo_messaging_rabbit.heartbeat_in_pthread = False log_opt_values /usr/lib/python3/dist-packages/oslo_config/cfg.py:2609
2025-04-17 02:06:17.191 67285 DEBUG oslo_service.service [-] oslo_messaging_rabbit.heartbeat_rate = 2 log_opt_values /usr/lib/python3/dist-packages/oslo_config/cfg.py:2609
2025-04-17 02:06:17.192 67285 DEBUG oslo_service.service [-] oslo_messaging_rabbit.heartbeat_timeout_threshold = 60 log_opt_values /usr/lib/python3/dist-packages/oslo_config/cfg.py:2609
2025-04-17 02:06:17.192 67285 DEBUG oslo_service.service [-] oslo_messaging_rabbit.kombu_compression = None log_opt_values /usr/lib/python3/dist-packages/oslo_config/cfg.py:2609
2025-04-17 02:06:17.192 67285 DEBUG oslo_service.service [-] oslo_messaging_rabbit.kombu_failover_strategy = round-robin log_opt_values /usr/lib/python3/dist-packages/oslo_config/cfg.py:2609
2025-04-17 02:06:17.192 67285 DEBUG oslo_service.service [-] oslo_messaging_rabbit.kombu_missing_consumer_retry_timeout = 60 log_opt_values /usr/lib/python3/dist-packages/oslo_config/cfg.py:2609
2025-04-17 02:06:17.192 67285 DEBUG oslo_service.service [-] oslo_messaging_rabbit.kombu_reconnect_delay = 1.0 log_opt_values /usr/lib/python3/dist-packages/oslo_config/cfg.py:2609
2025-04-17 02:06:17.192 67285 DEBUG oslo_service.service [-] oslo_messaging_rabbit.rabbit_ha_queues = False log_opt_values /usr/lib/python3/dist-packages/oslo_config/cfg.py:2609
2025-04-17 02:06:17.192 67285 DEBUG oslo_service.service [-] oslo_messaging_rabbit.rabbit_interval_max = 30 log_opt_values /usr/lib/python3/dist-packages/oslo_config/cfg.py:2609
2025-04-17 02:06:17.193 67285 DEBUG oslo_service.service [-] oslo_messaging_rabbit.rabbit_login_method = AMQPLAIN log_opt_values /usr/lib/python3/dist-packages/oslo_config/cfg.py:2609
2025-04-17 02:06:17.193 67285 DEBUG oslo_service.service [-] oslo_messaging_rabbit.rabbit_qos_prefetch_count = 0 log_opt_values /usr/lib/python3/dist-packages/oslo_config/cfg.py:2609
2025-04-17 02:06:17.193 67285 DEBUG oslo_service.service [-] oslo_messaging_rabbit.rabbit_quorum_queue = False log_opt_values /usr/lib/python3/dist-packages/oslo_config/cfg.py:2609
2025-04-17 02:06:17.193 67285 DEBUG oslo_service.service [-] oslo_messaging_rabbit.rabbit_retry_backoff = 2 log_opt_values /usr/lib/python3/dist-packages/oslo_config/cfg.py:2609
2025-04-17 02:06:17.193 67285 DEBUG oslo_service.service [-] oslo_messaging_rabbit.rabbit_retry_interval = 1 log_opt_values /usr/lib/python3/dist-packages/oslo_config/cfg.py:2609
2025-04-17 02:06:17.193 67285 DEBUG oslo_service.service [-] oslo_messaging_rabbit.rabbit_transient_queues_ttl = 1800 log_opt_values /usr/lib/python3/dist-packages/oslo_config/cfg.py:2609
2025-04-17 02:06:17.194 67285 DEBUG oslo_service.service [-] oslo_messaging_rabbit.rpc_conn_pool_size = 30 log_opt_values /usr/lib/python3/dist-packages/oslo_config/cfg.py:2609
2025-04-17 02:06:17.195 67285 DEBUG oslo_service.service [-] oslo_messaging_rabbit.ssl = False log_opt_values /usr/lib/python3/dist-packages/oslo_config/cfg.py:2609
2025-04-17 02:06:17.195 67285 DEBUG oslo_service.service [-] oslo_messaging_rabbit.ssl_ca_file = log_opt_values /usr/lib/python3/dist-packages/oslo_config/cfg.py:2609
2025-04-17 02:06:17.195 67285 DEBUG oslo_service.service [-] oslo_messaging_rabbit.ssl_cert_file = log_opt_values /usr/lib/python3/dist-packages/oslo_config/cfg.py:2609
2025-04-17 02:06:17.195 67285 DEBUG oslo_service.service [-] oslo_messaging_rabbit.ssl_key_file = log_opt_values /usr/lib/python3/dist-packages/oslo_config/cfg.py:2609
2025-04-17 02:06:17.196 67285 DEBUG oslo_service.service [-] oslo_messaging_rabbit.ssl_version = log_opt_values /usr/lib/python3/dist-packages/oslo_config/cfg.py:2609
2025-04-17 02:06:17.196 67285 DEBUG oslo_service.service [-] oslo_messaging_notifications.driver = [] log_opt_values /usr/lib/python3/dist-packages/oslo_config/cfg.py:2609
2025-04-17 02:06:17.196 67285 DEBUG oslo_service.service [-] oslo_messaging_notifications.retry = -1 log_opt_values /usr/lib/python3/dist-packages/oslo_config/cfg.py:2609
2025-04-17 02:06:17.196 67285 DEBUG oslo_service.service [-] oslo_messaging_notifications.topics = ['notifications'] log_opt_values /usr/lib/python3/dist-packages/oslo_config/cfg.py:2609
2025-04-17 02:06:17.196 67285 DEBUG oslo_service.service [-] oslo_messaging_notifications.transport_url = **** log_opt_values /usr/lib/python3/dist-packages/oslo_config/cfg.py:2609
2025-04-17 02:06:17.196 67285 DEBUG oslo_service.service [-] cache.backend = dogpile.cache.null log_opt_values /usr/lib/python3/dist-packages/oslo_config/cfg.py:2609
2025-04-17 02:06:17.197 67285 DEBUG oslo_service.service [-] cache.backend_argument = **** log_opt_values /usr/lib/python3/dist-packages/oslo_config/cfg.py:2609
2025-04-17 02:06:17.197 67285 DEBUG oslo_service.service [-] cache.config_prefix = cache.oslo log_opt_values /usr/lib/python3/dist-packages/oslo_config/cfg.py:2609
2025-04-17 02:06:17.197 67285 DEBUG oslo_service.service [-] cache.debug_cache_backend = False log_opt_values /usr/lib/python3/dist-packages/oslo_config/cfg.py:2609
2025-04-17 02:06:17.202 67285 DEBUG oslo_service.service [-] cache.enabled = False log_opt_values /usr/lib/python3/dist-packages/oslo_config/cfg.py:2609
2025-04-17 02:06:17.203 67285 DEBUG oslo_service.service [-] cache.expiration_time = 600 log_opt_values /usr/lib/python3/dist-packages/oslo_config/cfg.py:2609
2025-04-17 02:06:17.203 67285 DEBUG oslo_service.service [-] cache.memcache_dead_retry = 300 log_opt_values /usr/lib/python3/dist-packages/oslo_config/cfg.py:2609
2025-04-17 02:06:17.203 67285 DEBUG oslo_service.service [-] cache.memcache_pool_connection_get_timeout = 10 log_opt_values /usr/lib/python3/dist-packages/oslo_config/cfg.py:2609
2025-04-17 02:06:17.203 67285 DEBUG oslo_service.service [-] cache.memcache_pool_flush_on_reconnect = False log_opt_values /usr/lib/python3/dist-packages/oslo_config/cfg.py:2609
2025-04-17 02:06:17.203 67285 DEBUG oslo_service.service [-] cache.memcache_pool_maxsize = 10 log_opt_values /usr/lib/python3/dist-packages/oslo_config/cfg.py:2609
2025-04-17 02:06:17.203 67285 DEBUG oslo_service.service [-] cache.memcache_pool_unused_timeout = 60 log_opt_values /usr/lib/python3/dist-packages/oslo_config/cfg.py:2609
2025-04-17 02:06:17.203 67285 DEBUG oslo_service.service [-] cache.memcache_servers = ['localhost:11211'] log_opt_values /usr/lib/python3/dist-packages/oslo_config/cfg.py:2609
2025-04-17 02:06:17.204 67285 DEBUG oslo_service.service [-] cache.memcache_socket_timeout = 1.0 log_opt_values /usr/lib/python3/dist-packages/oslo_config/cfg.py:2609
2025-04-17 02:06:17.204 67285 DEBUG oslo_service.service [-] cache.proxies = [] log_opt_values /usr/lib/python3/dist-packages/oslo_config/cfg.py:2609
2025-04-17 02:06:17.204 67285 DEBUG oslo_service.service [-] cache.tls_allowed_ciphers = None log_opt_values /usr/lib/python3/dist-packages/oslo_config/cfg.py:2609
2025-04-17 02:06:17.204 67285 DEBUG oslo_service.service [-] cache.tls_cafile = None log_opt_values /usr/lib/python3/dist-packages/oslo_config/cfg.py:2609
2025-04-17 02:06:17.208 67285 DEBUG oslo_service.service [-] cache.tls_certfile = None log_opt_values /usr/lib/python3/dist-packages/oslo_config/cfg.py:2609
2025-04-17 02:06:17.208 67285 DEBUG oslo_service.service [-] cache.tls_enabled = False log_opt_values /usr/lib/python3/dist-packages/oslo_config/cfg.py:2609
2025-04-17 02:06:17.208 67285 DEBUG oslo_service.service [-] cache.tls_keyfile = None log_opt_values /usr/lib/python3/dist-packages/oslo_config/cfg.py:2609
2025-04-17 02:06:17.208 67285 DEBUG oslo_service.service [-] constraint_validation_cache.caching = True log_opt_values /usr/lib/python3/dist-packages/oslo_config/cfg.py:2609
2025-04-17 02:06:17.208 67285 DEBUG oslo_service.service [-] constraint_validation_cache.expiration_time = 60 log_opt_values /usr/lib/python3/dist-packages/oslo_config/cfg.py:2609
2025-04-17 02:06:17.208 67285 DEBUG oslo_service.service [-] service_extension_cache.caching = True log_opt_values /usr/lib/python3/dist-packages/oslo_config/cfg.py:2609
2025-04-17 02:06:17.209 67285 DEBUG oslo_service.service [-] service_extension_cache.expiration_time = 3600 log_opt_values /usr/lib/python3/dist-packages/oslo_config/cfg.py:2609
2025-04-17 02:06:17.209 67285 DEBUG oslo_service.service [-] resource_finder_cache.caching = True log_opt_values /usr/lib/python3/dist-packages/oslo_config/cfg.py:2609
2025-04-17 02:06:17.210 67285 DEBUG oslo_service.service [-] resource_finder_cache.expiration_time = 3600 log_opt_values /usr/lib/python3/dist-packages/oslo_config/cfg.py:2609
2025-04-17 02:06:17.210 67285 DEBUG oslo_service.service [-] yaql.limit_iterators = 200 log_opt_values /usr/lib/python3/dist-packages/oslo_config/cfg.py:2609
2025-04-17 02:06:17.211 67285 DEBUG oslo_service.service [-] yaql.memory_quota = 10000 log_opt_values /usr/lib/python3/dist-packages/oslo_config/cfg.py:2609
2025-04-17 02:06:17.211 67285 DEBUG oslo_service.service [-] ******************************************************************************** log_opt_values /usr/lib/python3/dist-packages/oslo_config/cfg.py:2613
2025-04-17 02:06:17.233 67510 DEBUG heat.engine.service [req-009000a8-186a-4968-a2bc-c7b2f0e474e2 - - - - -] Service 11075b0e-dbdd-46c2-95d1-76ea99c73fbb was aborted service_manage_cleanup /usr/lib/python3/dist-packages/heat/engine/service.py:2391
2025-04-17 02:06:17.238 67513 DEBUG heat.engine.service [req-a127fd2e-0fa7-41f8-bbe2-59875ba311fd - - - - -] Service 11075b0e-dbdd-46c2-95d1-76ea99c73fbb was aborted service_manage_cleanup /usr/lib/python3/dist-packages/heat/engine/service.py:2391
2025-04-17 02:06:17.239 67511 DEBUG heat.engine.service [req-8b6279ea-19bc-4da9-a622-5b2c2b1ebfd9 - - - - -] Service 11075b0e-dbdd-46c2-95d1-76ea99c73fbb was aborted service_manage_cleanup /usr/lib/python3/dist-packages/heat/engine/service.py:2391
2025-04-17 02:06:17.265 67512 DEBUG heat.engine.service [req-931afe00-21a1-4968-9722-5efe39ecfd92 - - - - -] Service 11075b0e-dbdd-46c2-95d1-76ea99c73fbb was aborted service_manage_cleanup /usr/lib/python3/dist-packages/heat/engine/service.py:2391
2025-04-17 02:06:17.373 67510 DEBUG heat.engine.service [req-009000a8-186a-4968-a2bc-c7b2f0e474e2 - - - - -] Service 1a1246fa-0e0a-464d-9ba4-923e040cc809 was aborted service_manage_cleanup /usr/lib/python3/dist-packages/heat/engine/service.py:2391
2025-04-17 02:06:17.375 67513 DEBUG heat.engine.service [req-a127fd2e-0fa7-41f8-bbe2-59875ba311fd - - - - -] Service 1a1246fa-0e0a-464d-9ba4-923e040cc809 was aborted service_manage_cleanup /usr/lib/python3/dist-packages/heat/engine/service.py:2391
2025-04-17 02:06:17.376 67511 DEBUG heat.engine.service [req-8b6279ea-19bc-4da9-a622-5b2c2b1ebfd9 - - - - -] Service 1a1246fa-0e0a-464d-9ba4-923e040cc809 was aborted service_manage_cleanup /usr/lib/python3/dist-packages/heat/engine/service.py:2391
2025-04-17 02:06:17.378 67512 DEBUG heat.engine.service [req-931afe00-21a1-4968-9722-5efe39ecfd92 - - - - -] Service 1a1246fa-0e0a-464d-9ba4-923e040cc809 was aborted service_manage_cleanup /usr/lib/python3/dist-packages/heat/engine/service.py:2391
2025-04-17 02:06:17.394 67510 DEBUG heat.engine.service [req-009000a8-186a-4968-a2bc-c7b2f0e474e2 - - - - -] Service 30647341-6dfa-4211-8f88-f0dc57c1357b was aborted service_manage_cleanup /usr/lib/python3/dist-packages/heat/engine/service.py:2391
2025-04-17 02:06:17.395 67513 DEBUG heat.engine.service [req-a127fd2e-0fa7-41f8-bbe2-59875ba311fd - - - - -] Service 30647341-6dfa-4211-8f88-f0dc57c1357b was aborted service_manage_cleanup /usr/lib/python3/dist-packages/heat/engine/service.py:2391
2025-04-17 02:06:17.396 67512 DEBUG heat.engine.service [req-931afe00-21a1-4968-9722-5efe39ecfd92 - - - - -] Service 30647341-6dfa-4211-8f88-f0dc57c1357b was aborted service_manage_cleanup /usr/lib/python3/dist-packages/heat/engine/service.py:2391
2025-04-17 02:06:17.397 67511 DEBUG heat.engine.service [req-8b6279ea-19bc-4da9-a622-5b2c2b1ebfd9 - - - - -] Service 30647341-6dfa-4211-8f88-f0dc57c1357b was aborted service_manage_cleanup /usr/lib/python3/dist-packages/heat/engine/service.py:2391
2025-04-17 02:06:17.424 67510 DEBUG heat.engine.service [req-009000a8-186a-4968-a2bc-c7b2f0e474e2 - - - - -] Service 465ef652-d0ef-4c65-984f-76db01e13eea was aborted service_manage_cleanup /usr/lib/python3/dist-packages/heat/engine/service.py:2391
2025-04-17 02:06:17.425 67513 DEBUG heat.engine.service [req-a127fd2e-0fa7-41f8-bbe2-59875ba311fd - - - - -] Service 465ef652-d0ef-4c65-984f-76db01e13eea was aborted service_manage_cleanup /usr/lib/python3/dist-packages/heat/engine/service.py:2391
2025-04-17 02:06:17.426 67512 DEBUG heat.engine.service [req-931afe00-21a1-4968-9722-5efe39ecfd92 - - - - -] Service 465ef652-d0ef-4c65-984f-76db01e13eea was aborted service_manage_cleanup /usr/lib/python3/dist-packages/heat/engine/service.py:2391
2025-04-17 02:06:17.428 67511 DEBUG heat.engine.service [req-8b6279ea-19bc-4da9-a622-5b2c2b1ebfd9 - - - - -] Service 465ef652-d0ef-4c65-984f-76db01e13eea was aborted service_manage_cleanup /usr/lib/python3/dist-packages/heat/engine/service.py:2391
2025-04-17 02:06:17.442 67510 DEBUG heat.engine.service [req-009000a8-186a-4968-a2bc-c7b2f0e474e2 - - - - -] Service 6a9c269d-d1e8-42a6-bc63-561fc940cdd0 was aborted service_manage_cleanup /usr/lib/python3/dist-packages/heat/engine/service.py:2391
2025-04-17 02:06:17.444 67513 DEBUG heat.engine.service [req-a127fd2e-0fa7-41f8-bbe2-59875ba311fd - - - - -] Service 6a9c269d-d1e8-42a6-bc63-561fc940cdd0 was aborted service_manage_cleanup /usr/lib/python3/dist-packages/heat/engine/service.py:2391
2025-04-17 02:06:17.445 67512 DEBUG heat.engine.service [req-931afe00-21a1-4968-9722-5efe39ecfd92 - - - - -] Service 6a9c269d-d1e8-42a6-bc63-561fc940cdd0 was aborted service_manage_cleanup /usr/lib/python3/dist-packages/heat/engine/service.py:2391
2025-04-17 02:06:17.445 67511 DEBUG heat.engine.service [req-8b6279ea-19bc-4da9-a622-5b2c2b1ebfd9 - - - - -] Service 6a9c269d-d1e8-42a6-bc63-561fc940cdd0 was aborted service_manage_cleanup /usr/lib/python3/dist-packages/heat/engine/service.py:2391
2025-04-17 02:06:17.458 67510 DEBUG heat.engine.service [req-009000a8-186a-4968-a2bc-c7b2f0e474e2 - - - - -] Service 76e08f20-6f00-42c7-a5c5-28d64f19297f was aborted service_manage_cleanup /usr/lib/python3/dist-packages/heat/engine/service.py:2391
2025-04-17 02:06:17.459 67513 DEBUG heat.engine.service [req-a127fd2e-0fa7-41f8-bbe2-59875ba311fd - - - - -] Service 76e08f20-6f00-42c7-a5c5-28d64f19297f was aborted service_manage_cleanup /usr/lib/python3/dist-packages/heat/engine/service.py:2391
2025-04-17 02:06:17.460 67512 DEBUG heat.engine.service [req-931afe00-21a1-4968-9722-5efe39ecfd92 - - - - -] Service 76e08f20-6f00-42c7-a5c5-28d64f19297f was aborted service_manage_cleanup /usr/lib/python3/dist-packages/heat/engine/service.py:2391
2025-04-17 02:06:17.460 67511 DEBUG heat.engine.service [req-8b6279ea-19bc-4da9-a622-5b2c2b1ebfd9 - - - - -] Service 76e08f20-6f00-42c7-a5c5-28d64f19297f was aborted service_manage_cleanup /usr/lib/python3/dist-packages/heat/engine/service.py:2391
2025-04-17 02:06:17.476 67510 DEBUG heat.engine.service [req-009000a8-186a-4968-a2bc-c7b2f0e474e2 - - - - -] Service acebcde9-e67e-4b9d-b03b-49cd21bbba08 was aborted service_manage_cleanup /usr/lib/python3/dist-packages/heat/engine/service.py:2391
2025-04-17 02:06:17.477 67513 DEBUG heat.engine.service [req-a127fd2e-0fa7-41f8-bbe2-59875ba311fd - - - - -] Service acebcde9-e67e-4b9d-b03b-49cd21bbba08 was aborted service_manage_cleanup /usr/lib/python3/dist-packages/heat/engine/service.py:2391
2025-04-17 02:06:17.478 67512 DEBUG heat.engine.service [req-931afe00-21a1-4968-9722-5efe39ecfd92 - - - - -] Service acebcde9-e67e-4b9d-b03b-49cd21bbba08 was aborted service_manage_cleanup /usr/lib/python3/dist-packages/heat/engine/service.py:2391
2025-04-17 02:06:17.479 67511 DEBUG heat.engine.service [req-8b6279ea-19bc-4da9-a622-5b2c2b1ebfd9 - - - - -] Service acebcde9-e67e-4b9d-b03b-49cd21bbba08 was aborted service_manage_cleanup /usr/lib/python3/dist-packages/heat/engine/service.py:2391
2025-04-17 02:06:17.492 67510 DEBUG heat.engine.service [req-009000a8-186a-4968-a2bc-c7b2f0e474e2 - - - - -] Service b0981fb5-6afc-4560-9a55-508c84b21350 was aborted service_manage_cleanup /usr/lib/python3/dist-packages/heat/engine/service.py:2391
2025-04-17 02:06:17.496 67511 DEBUG heat.engine.service [req-8b6279ea-19bc-4da9-a622-5b2c2b1ebfd9 - - - - -] Service b0981fb5-6afc-4560-9a55-508c84b21350 was aborted service_manage_cleanup /usr/lib/python3/dist-packages/heat/engine/service.py:2391
2025-04-17 02:06:17.500 67513 DEBUG heat.engine.service [req-a127fd2e-0fa7-41f8-bbe2-59875ba311fd - - - - -] Service b0981fb5-6afc-4560-9a55-508c84b21350 was aborted service_manage_cleanup /usr/lib/python3/dist-packages/heat/engine/service.py:2391
2025-04-17 02:06:17.506 67512 DEBUG heat.engine.service [req-931afe00-21a1-4968-9722-5efe39ecfd92 - - - - -] Service b0981fb5-6afc-4560-9a55-508c84b21350 was aborted service_manage_cleanup /usr/lib/python3/dist-packages/heat/engine/service.py:2391
2025-04-17 02:06:17.507 67510 DEBUG heat.engine.service [req-009000a8-186a-4968-a2bc-c7b2f0e474e2 - - - - -] Service cc903c06-8e00-4686-a275-dfa8c2f0a96f was aborted service_manage_cleanup /usr/lib/python3/dist-packages/heat/engine/service.py:2391
2025-04-17 02:06:17.523 67511 DEBUG heat.engine.service [req-8b6279ea-19bc-4da9-a622-5b2c2b1ebfd9 - - - - -] Service cc903c06-8e00-4686-a275-dfa8c2f0a96f was aborted service_manage_cleanup /usr/lib/python3/dist-packages/heat/engine/service.py:2391
2025-04-17 02:06:17.526 67513 DEBUG heat.engine.service [req-a127fd2e-0fa7-41f8-bbe2-59875ba311fd - - - - -] Service cc903c06-8e00-4686-a275-dfa8c2f0a96f was aborted service_manage_cleanup /usr/lib/python3/dist-packages/heat/engine/service.py:2391
2025-04-17 02:06:17.529 67512 DEBUG heat.engine.service [req-931afe00-21a1-4968-9722-5efe39ecfd92 - - - - -] Service cc903c06-8e00-4686-a275-dfa8c2f0a96f was aborted service_manage_cleanup /usr/lib/python3/dist-packages/heat/engine/service.py:2391
2025-04-17 02:06:17.532 67511 DEBUG heat.engine.service [req-8b6279ea-19bc-4da9-a622-5b2c2b1ebfd9 - - - - -] Service d7800f04-781e-478b-bf3a-98d2e68bf974 was aborted service_manage_cleanup /usr/lib/python3/dist-packages/heat/engine/service.py:2391
2025-04-17 02:06:17.532 67510 DEBUG heat.engine.service [req-009000a8-186a-4968-a2bc-c7b2f0e474e2 - - - - -] Service d7800f04-781e-478b-bf3a-98d2e68bf974 was aborted service_manage_cleanup /usr/lib/python3/dist-packages/heat/engine/service.py:2391
2025-04-17 02:06:17.535 67513 DEBUG heat.engine.service [req-a127fd2e-0fa7-41f8-bbe2-59875ba311fd - - - - -] Service d7800f04-781e-478b-bf3a-98d2e68bf974 was aborted service_manage_cleanup /usr/lib/python3/dist-packages/heat/engine/service.py:2391
2025-04-17 02:06:17.545 67512 DEBUG heat.engine.service [req-931afe00-21a1-4968-9722-5efe39ecfd92 - - - - -] Service d7800f04-781e-478b-bf3a-98d2e68bf974 was aborted service_manage_cleanup /usr/lib/python3/dist-packages/heat/engine/service.py:2391
2025-04-17 02:06:17.546 67511 DEBUG heat.engine.service [req-8b6279ea-19bc-4da9-a622-5b2c2b1ebfd9 - - - - -] Service fda57392-3902-453c-852e-43829083d12d was aborted service_manage_cleanup /usr/lib/python3/dist-packages/heat/engine/service.py:2391
2025-04-17 02:06:17.547 67513 DEBUG heat.engine.service [req-a127fd2e-0fa7-41f8-bbe2-59875ba311fd - - - - -] Service fda57392-3902-453c-852e-43829083d12d was aborted service_manage_cleanup /usr/lib/python3/dist-packages/heat/engine/service.py:2391
2025-04-17 02:06:17.548 67510 DEBUG heat.engine.service [req-009000a8-186a-4968-a2bc-c7b2f0e474e2 - - - - -] Service fda57392-3902-453c-852e-43829083d12d was aborted service_manage_cleanup /usr/lib/python3/dist-packages/heat/engine/service.py:2391
2025-04-17 02:06:17.560 67512 DEBUG heat.engine.service [req-931afe00-21a1-4968-9722-5efe39ecfd92 - - - - -] Service fda57392-3902-453c-852e-43829083d12d was aborted service_manage_cleanup /usr/lib/python3/dist-packages/heat/engine/service.py:2391
2025-04-17 02:06:17.563 67511 DEBUG heat.engine.service [req-8b6279ea-19bc-4da9-a622-5b2c2b1ebfd9 - - - - -] Service fe23a150-35a7-4f07-acc5-123f45f09571 was aborted service_manage_cleanup /usr/lib/python3/dist-packages/heat/engine/service.py:2391
2025-04-17 02:06:17.564 67513 DEBUG heat.engine.service [req-a127fd2e-0fa7-41f8-bbe2-59875ba311fd - - - - -] Service fe23a150-35a7-4f07-acc5-123f45f09571 was aborted service_manage_cleanup /usr/lib/python3/dist-packages/heat/engine/service.py:2391
2025-04-17 02:06:17.564 67510 DEBUG heat.engine.service [req-009000a8-186a-4968-a2bc-c7b2f0e474e2 - - - - -] Service fe23a150-35a7-4f07-acc5-123f45f09571 was aborted service_manage_cleanup /usr/lib/python3/dist-packages/heat/engine/service.py:2391
2025-04-17 02:06:17.570 67512 DEBUG heat.engine.service [req-931afe00-21a1-4968-9722-5efe39ecfd92 - - - - -] Service fe23a150-35a7-4f07-acc5-123f45f09571 was aborted service_manage_cleanup /usr/lib/python3/dist-packages/heat/engine/service.py:2391
2025-04-17 02:06:17.600 67510 DEBUG heat.engine.service [req-2dc6670f-abf6-4f43-a7b9-15e3c5f7716e - - - - -] Service c2b3735a-b779-480c-878a-f2af1eace081 is started service_manage_report /usr/lib/python3/dist-packages/heat/engine/service.py:2363
2025-04-17 02:06:17.614 67511 DEBUG heat.engine.service [req-6d36abac-c6fe-42de-bbb8-bd89fdc5a2d8 - - - - -] Service 03ea2827-a3fa-4545-8ad7-dc37919b671f is started service_manage_report /usr/lib/python3/dist-packages/heat/engine/service.py:2363
2025-04-17 02:06:17.619 67512 DEBUG heat.engine.service [req-a31c7cc7-4302-4686-aea7-42afbaa7137c - - - - -] Service c615f8aa-9692-4cc7-9694-56ff7a455b3e is started service_manage_report /usr/lib/python3/dist-packages/heat/engine/service.py:2363
2025-04-17 02:06:17.634 67510 DEBUG heat.engine.service [req-2dc6670f-abf6-4f43-a7b9-15e3c5f7716e - - - - -] Service c2b3735a-b779-480c-878a-f2af1eace081 is updated service_manage_report /usr/lib/python3/dist-packages/heat/engine/service.py:2370
2025-04-17 02:06:17.635 67513 DEBUG heat.engine.service [req-7c83c44b-5921-4fbf-9491-34221bfbd865 - - - - -] Service ab8e3ff5-f72a-422e-875b-54c6dfabf9d2 is started service_manage_report /usr/lib/python3/dist-packages/heat/engine/service.py:2363
2025-04-17 02:06:17.647 67511 DEBUG heat.engine.service [req-6d36abac-c6fe-42de-bbb8-bd89fdc5a2d8 - - - - -] Service 03ea2827-a3fa-4545-8ad7-dc37919b671f is updated service_manage_report /usr/lib/python3/dist-packages/heat/engine/service.py:2370
2025-04-17 02:06:17.658 67512 DEBUG heat.engine.service [req-a31c7cc7-4302-4686-aea7-42afbaa7137c - - - - -] Service c615f8aa-9692-4cc7-9694-56ff7a455b3e is updated service_manage_report /usr/lib/python3/dist-packages/heat/engine/service.py:2370
2025-04-17 02:06:17.658 67513 DEBUG heat.engine.service [req-7c83c44b-5921-4fbf-9491-34221bfbd865 - - - - -] Service ab8e3ff5-f72a-422e-875b-54c6dfabf9d2 is updated service_manage_report /usr/lib/python3/dist-packages/heat/engine/service.py:2370
2025-04-17 02:07:17.596 67511 DEBUG heat.engine.service [req-693ee6eb-32c4-4052-b77d-5e09f9a99a6e - - - - -] Service 03ea2827-a3fa-4545-8ad7-dc37919b671f is updated service_manage_report /usr/lib/python3/dist-packages/heat/engine/service.py:2370
2025-04-17 02:07:17.599 67512 DEBUG heat.engine.service [req-8c79948b-c90f-4a55-bc11-fb09f9ccb8c9 - - - - -] Service c615f8aa-9692-4cc7-9694-56ff7a455b3e is updated service_manage_report /usr/lib/python3/dist-packages/heat/engine/service.py:2370
2025-04-17 02:07:17.602 67510 DEBUG heat.engine.service [req-2e4a4455-f7d9-4897-a8fc-49d74946de40 - - - - -] Service c2b3735a-b779-480c-878a-f2af1eace081 is updated service_manage_report /usr/lib/python3/dist-packages/heat/engine/service.py:2370
2025-04-17 02:07:17.602 67513 DEBUG heat.engine.service [req-3b5ee8a3-b80c-414b-9494-d703e4e99ffc - - - - -] Service ab8e3ff5-f72a-422e-875b-54c6dfabf9d2 is updated service_manage_report /usr/lib/python3/dist-packages/heat/engine/service.py:2370
2025-04-17 02:07:54.281 67513 DEBUG heat.engine.service [-] Attempting to stop engine service... _stop_rpc_server /usr/lib/python3/dist-packages/heat/engine/service.py:437
2025-04-17 02:07:54.281 67510 DEBUG heat.engine.service [-] Attempting to stop engine service... _stop_rpc_server /usr/lib/python3/dist-packages/heat/engine/service.py:437
2025-04-17 02:07:54.281 67512 DEBUG heat.engine.service [-] Attempting to stop engine service... _stop_rpc_server /usr/lib/python3/dist-packages/heat/engine/service.py:437
2025-04-17 02:07:54.282 67511 DEBUG heat.engine.service [-] Attempting to stop engine service... _stop_rpc_server /usr/lib/python3/dist-packages/heat/engine/service.py:437
2025-04-17 02:07:54.289 67285 INFO oslo_service.service [-] Caught SIGTERM, stopping children
2025-04-17 02:07:54.290 67285 DEBUG oslo_concurrency.lockutils [-] Acquired lock "singleton_lock" lock /usr/lib/python3/dist-packages/oslo_concurrency/lockutils.py:294
2025-04-17 02:07:54.290 67285 DEBUG oslo_concurrency.lockutils [-] Releasing lock "singleton_lock" lock /usr/lib/python3/dist-packages/oslo_concurrency/lockutils.py:312
2025-04-17 02:07:54.290 67285 DEBUG oslo_service.service [-] Stop services. stop /usr/lib/python3/dist-packages/oslo_service/service.py:695
2025-04-17 02:07:54.291 67285 INFO heat.engine.service [-] All threads were gone, terminating engine
2025-04-17 02:07:54.291 67285 DEBUG oslo_service.service [-] Killing children. stop /usr/lib/python3/dist-packages/oslo_service/service.py:700
2025-04-17 02:07:54.302 67285 INFO oslo_service.service [-] Waiting on 4 children to exit
2025-04-17 02:07:54.304 67285 INFO oslo_service.service [-] Child 67513 killed by signal 15
2025-04-17 02:07:54.305 67285 INFO oslo_service.service [-] Child 67510 killed by signal 15
2025-04-17 02:07:54.309 67285 INFO oslo_service.service [-] Child 67511 killed by signal 15
2025-04-17 02:07:54.310 67285 INFO oslo_service.service [-] Child 67512 killed by signal 15
2025-04-17 02:07:58.194 70437 DEBUG oslo_concurrency.lockutils [-] Lock "context-manager" acquired by "neutron_lib.db.api._create_context_manager" :: waited 0.000s inner /usr/lib/python3/dist-packages/oslo_concurrency/lockutils.py:386
2025-04-17 02:07:58.195 70437 DEBUG oslo_concurrency.lockutils [-] Lock "context-manager" "released" by "neutron_lib.db.api._create_context_manager" :: held 0.001s inner /usr/lib/python3/dist-packages/oslo_concurrency/lockutils.py:400
2025-04-17 02:08:01.750 70437 WARNING heat.engine.environment [-] OS::Aodh::Alarm is DEPRECATED. Theshold alarm relies on ceilometer-api and has been deprecated in aodh since Ocata. Use OS::Aodh::GnocchiAggregationByResourcesAlarm instead.
2025-04-17 02:08:01.751 70437 WARNING heat.engine.environment [-] OS::Aodh::CombinationAlarm is HIDDEN. OS::Aodh::CombinationAlarm is deprecated and has been removed from Aodh, use OS::Aodh::CompositeAlarm instead.
2025-04-17 02:08:01.751 70437 WARNING heat.engine.environment [-] OS::Designate::Domain is HIDDEN. This resource has been removed, use OS::Designate::Zone instead.
2025-04-17 02:08:01.751 70437 WARNING heat.engine.environment [-] OS::Designate::Record is HIDDEN. This resource has been removed, use OS::Designate::RecordSet instead.
2025-04-17 02:08:01.751 70437 WARNING heat.engine.environment [-] OS::Glance::Image is DEPRECATED. Creating a Glance Image based on an existing URL location requires the Glance v1 API, which is deprecated.
2025-04-17 02:08:01.752 70437 WARNING heat.engine.environment [-] OS::Heat::HARestarter is HIDDEN. The HARestarter resource type has been removed. Existing stacks containing HARestarter resources can still be used, but the HARestarter resource will be a placeholder that does nothing.
2025-04-17 02:08:01.752 70437 WARNING heat.engine.environment [-] OS::Heat::SoftwareDeployments is HIDDEN. Please use OS::Heat::SoftwareDeploymentGroup instead.
2025-04-17 02:08:01.752 70437 WARNING heat.engine.environment [-] OS::Heat::StructuredDeployments is HIDDEN. Please use OS::Heat::StructuredDeploymentGroup instead.
2025-04-17 02:08:01.753 70437 WARNING heat.engine.environment [-] OS::Magnum::Bay is HIDDEN. Please use OS::Magnum::Cluster instead.
2025-04-17 02:08:01.753 70437 WARNING heat.engine.environment [-] OS::Magnum::BayModel is HIDDEN. Please use OS::Magnum::ClusterTemplate instead.
2025-04-17 02:08:01.753 70437 WARNING heat.engine.environment [-] OS::Neutron::ExtraRoute is UNSUPPORTED. Use this resource at your own risk.
2025-04-17 02:08:01.753 70437 WARNING heat.engine.environment [-] OS::Neutron::HealthMonitor is HIDDEN. Use LBaaS V2 instead.
2025-04-17 02:08:01.754 70437 WARNING heat.engine.environment [-] OS::Neutron::Pool is HIDDEN. Use LBaaS V2 instead.
2025-04-17 02:08:01.754 70437 WARNING heat.engine.environment [-] OS::Neutron::PoolMember is HIDDEN. Use LBaaS V2 instead.
2025-04-17 02:08:01.754 70437 WARNING heat.engine.environment [-] OS::Neutron::LoadBalancer is HIDDEN. Use LBaaS V2 instead.
2025-04-17 02:08:01.754 70437 WARNING heat.engine.environment [-] OS::Neutron::RouterGateway is HIDDEN. Use the `external_gateway_info` property in the router resource to set up the gateway.
2025-04-17 02:08:01.755 70437 WARNING heat.engine.environment [-] OS::Nova::FloatingIP is HIDDEN. Please use OS::Neutron::FloatingIP instead.
2025-04-17 02:08:01.755 70437 WARNING heat.engine.environment [-] OS::Nova::FloatingIPAssociation is HIDDEN. Please use OS::Neutron::FloatingIPAssociation instead.
2025-04-17 02:08:01.758 70437 INFO heat.engine.environment [-] Loading /etc/heat/environment.d/default.yaml
2025-04-17 02:08:01.760 70437 INFO heat.engine.environment [-] Registered: [Plugin](User:False) AWS::AutoScaling::AutoScalingGroup ->
2025-04-17 02:08:01.760 70437 INFO heat.engine.environment [-] Registered: [Plugin](User:False) AWS::AutoScaling::LaunchConfiguration ->
2025-04-17 02:08:01.760 70437 INFO heat.engine.environment [-] Registered: [Plugin](User:False) AWS::AutoScaling::ScalingPolicy ->
2025-04-17 02:08:01.760 70437 INFO heat.engine.environment [-] Registered: [Plugin](User:False) AWS::CloudFormation::Stack ->
2025-04-17 02:08:01.761 70437 INFO heat.engine.environment [-] Registered: [Plugin](User:False) AWS::CloudFormation::WaitCondition ->
2025-04-17 02:08:01.761 70437 INFO heat.engine.environment [-] Registered: [Plugin](User:False) AWS::CloudFormation::WaitConditionHandle ->
2025-04-17 02:08:01.761 70437 INFO heat.engine.environment [-] Registered: [Plugin](User:False) AWS::EC2::EIP ->
2025-04-17 02:08:01.761 70437 INFO heat.engine.environment [-] Registered: [Plugin](User:False) AWS::EC2::EIPAssociation ->
2025-04-17 02:08:01.761 70437 INFO heat.engine.environment [-] Registered: [Plugin](User:False) AWS::EC2::Instance ->
2025-04-17 02:08:01.761 70437 INFO heat.engine.environment [-] Registered: [Plugin](User:False) AWS::EC2::InternetGateway ->
2025-04-17 02:08:01.762 70437 INFO heat.engine.environment [-] Registered: [Plugin](User:False) AWS::EC2::VPCGatewayAttachment ->
2025-04-17 02:08:01.762 70437 INFO heat.engine.environment [-] Registered: [Plugin](User:False) AWS::EC2::NetworkInterface ->
2025-04-17 02:08:01.762 70437 INFO heat.engine.environment [-] Registered: [Plugin](User:False) AWS::EC2::RouteTable ->
2025-04-17 02:08:01.762 70437 INFO heat.engine.environment [-] Registered: [Plugin](User:False) AWS::EC2::SubnetRouteTableAssociation ->
2025-04-17 02:08:01.762 70437 INFO heat.engine.environment [-] Registered: [Plugin](User:False) AWS::EC2::SecurityGroup ->
2025-04-17 02:08:01.762 70437 INFO heat.engine.environment [-] Registered: [Plugin](User:False) AWS::EC2::Subnet ->
2025-04-17 02:08:01.762 70437 INFO heat.engine.environment [-] Registered: [Plugin](User:False) AWS::EC2::Volume ->
2025-04-17 02:08:01.766 70437 INFO heat.engine.environment [-] Registered: [Plugin](User:False) AWS::EC2::VolumeAttachment ->
2025-04-17 02:08:01.766 70437 INFO heat.engine.environment [-] Registered: [Plugin](User:False) AWS::EC2::VPC ->
2025-04-17 02:08:01.766 70437 INFO heat.engine.environment [-] Registered: [Plugin](User:False) AWS::IAM::User ->
2025-04-17 02:08:01.766 70437 INFO heat.engine.environment [-] Registered: [Plugin](User:False) AWS::IAM::AccessKey ->
2025-04-17 02:08:01.766 70437 INFO heat.engine.environment [-] Registered: [Plugin](User:False) AWS::ElasticLoadBalancing::LoadBalancer ->
2025-04-17 02:08:01.766 70437 INFO heat.engine.environment [-] Registered: [Plugin](User:False) AWS::S3::Bucket ->
2025-04-17 02:08:01.766 70437 INFO heat.engine.environment [-] Registered: [Plugin](User:False) OS::Aodh::Alarm ->
2025-04-17 02:08:01.767 70437 INFO heat.engine.environment [-] Registered: [Plugin](User:False) OS::Aodh::CombinationAlarm ->
2025-04-17 02:08:01.767 70437 INFO heat.engine.environment [-] Registered: [Plugin](User:False) OS::Aodh::EventAlarm ->
2025-04-17 02:08:01.767 70437 INFO heat.engine.environment [-] Registered: [Plugin](User:False) OS::Aodh::LBMemberHealthAlarm ->
2025-04-17 02:08:01.767 70437 INFO heat.engine.environment [-] Registered: [Plugin](User:False) OS::Aodh::CompositeAlarm ->
2025-04-17 02:08:01.767 70437 INFO heat.engine.environment [-] Registered: [Plugin](User:False) OS::Aodh::GnocchiResourcesAlarm ->
2025-04-17 02:08:01.767 70437 INFO heat.engine.environment [-] Registered: [Plugin](User:False) OS::Aodh::GnocchiAggregationByMetricsAlarm ->
2025-04-17 02:08:01.767 70437 INFO heat.engine.environment [-] Registered: [Plugin](User:False) OS::Aodh::GnocchiAggregationByResourcesAlarm ->
2025-04-17 02:08:01.768 70437 INFO heat.engine.environment [-] Registered: [Plugin](User:False) OS::Barbican::GenericContainer ->
2025-04-17 02:08:01.769 70437 INFO heat.engine.environment [-] Registered: [Plugin](User:False) OS::Barbican::CertificateContainer ->
2025-04-17 02:08:01.769 70437 INFO heat.engine.environment [-] Registered: [Plugin](User:False) OS::Barbican::RSAContainer ->
2025-04-17 02:08:01.769 70437 INFO heat.engine.environment [-] Registered: [Plugin](User:False) OS::Barbican::Order ->
2025-04-17 02:08:01.769 70437 INFO heat.engine.environment [-] Registered: [Plugin](User:False) OS::Barbican::Secret ->
2025-04-17 02:08:01.769 70437 INFO heat.engine.environment [-] Registered: [Plugin](User:False) OS::Blazar::Host ->
2025-04-17 02:08:01.769 70437 INFO heat.engine.environment [-] Registered: [Plugin](User:False) OS::Blazar::Lease ->
2025-04-17 02:08:01.769 70437 INFO heat.engine.environment [-] Registered: [Plugin](User:False) OS::Cinder::EncryptedVolumeType ->
2025-04-17 02:08:01.769 70437 INFO heat.engine.environment [-] Registered: [Plugin](User:False) OS::Cinder::QoSSpecs ->
2025-04-17 02:08:01.770 70437 INFO heat.engine.environment [-] Registered: [Plugin](User:False) OS::Cinder::QoSAssociation ->
2025-04-17 02:08:01.770 70437 INFO heat.engine.environment [-] Registered: [Plugin](User:False) OS::Cinder::Quota ->
2025-04-17 02:08:01.770 70437 INFO heat.engine.environment [-] Registered: [Plugin](User:False) OS::Cinder::Volume ->
2025-04-17 02:08:01.770 70437 INFO heat.engine.environment [-] Registered: [Plugin](User:False) OS::Cinder::VolumeAttachment ->
2025-04-17 02:08:01.770 70437 INFO heat.engine.environment [-] Registered: [Plugin](User:False) OS::Cinder::VolumeType ->
2025-04-17 02:08:01.770 70437 INFO heat.engine.environment [-] Registered: [Plugin](User:False) OS::Designate::Domain ->
2025-04-17 02:08:01.770 70437 INFO heat.engine.environment [-] Registered: [Plugin](User:False) OS::Designate::Record ->
2025-04-17 02:08:01.770 70437 INFO heat.engine.environment [-] Registered: [Plugin](User:False) OS::Designate::RecordSet ->
2025-04-17 02:08:01.770 70437 INFO heat.engine.environment [-] Registered: [Plugin](User:False) OS::Designate::Zone ->
2025-04-17 02:08:01.771 70437 INFO heat.engine.environment [-] Registered: [Plugin](User:False) OS::Glance::Image ->
2025-04-17 02:08:01.771 70437 INFO heat.engine.environment [-] Registered: [Plugin](User:False) OS::Glance::WebImage ->
2025-04-17 02:08:01.771 70437 INFO heat.engine.environment [-] Registered: [Plugin](User:False) OS::Heat::AccessPolicy ->
2025-04-17 02:08:01.771 70437 INFO heat.engine.environment [-] Registered: [Plugin](User:False) OS::Heat::AutoScalingGroup ->
2025-04-17 02:08:01.771 70437 INFO heat.engine.environment [-] Registered: [Plugin](User:False) OS::Heat::CloudConfig ->
2025-04-17 02:08:01.771 70437 INFO heat.engine.environment [-] Registered: [Plugin](User:False) OS::Heat::Delay ->
2025-04-17 02:08:01.771 70437 INFO heat.engine.environment [-] Registered: [Plugin](User:False) OS::Heat::DeployedServer ->
2025-04-17 02:08:01.772 70437 INFO heat.engine.environment [-] Registered: [Plugin](User:False) OS::Heat::HARestarter ->
2025-04-17 02:08:01.772 70437 INFO heat.engine.environment [-] Registered: [Plugin](User:False) OS::Heat::InstanceGroup ->
2025-04-17 02:08:01.772 70437 INFO heat.engine.environment [-] Registered: [Plugin](User:False) OS::Heat::MultipartMime ->
2025-04-17 02:08:01.772 70437 INFO heat.engine.environment [-] Registered: [Plugin](User:False) OS::Heat::None ->
2025-04-17 02:08:01.772 70437 INFO heat.engine.environment [-] Registered: [Plugin](User:False) OS::Heat::RandomString ->
2025-04-17 02:08:01.772 70437 INFO heat.engine.environment [-] Registered: [Plugin](User:False) OS::Heat::Stack ->
2025-04-17 02:08:01.772 70437 INFO heat.engine.environment [-] Registered: [Plugin](User:False) OS::Heat::ResourceChain ->
2025-04-17 02:08:01.772 70437 INFO heat.engine.environment [-] Registered: [Plugin](User:False) OS::Heat::ResourceGroup ->
2025-04-17 02:08:01.772 70437 INFO heat.engine.environment [-] Registered: [Plugin](User:False) OS::Heat::ScalingPolicy ->
2025-04-17 02:08:01.773 70437 INFO heat.engine.environment [-] Registered: [Plugin](User:False) OS::Heat::SoftwareComponent ->
2025-04-17 02:08:01.773 70437 INFO heat.engine.environment [-] Registered: [Plugin](User:False) OS::Heat::SoftwareConfig ->
2025-04-17 02:08:01.773 70437 INFO heat.engine.environment [-] Registered: [Plugin](User:False) OS::Heat::SoftwareDeployment ->
2025-04-17 02:08:01.773 70437 INFO heat.engine.environment [-] Registered: [Plugin](User:False) OS::Heat::SoftwareDeploymentGroup ->
2025-04-17 02:08:01.773 70437 INFO heat.engine.environment [-] Registered: [Plugin](User:False) OS::Heat::SoftwareDeployments ->
2025-04-17 02:08:01.773 70437 INFO heat.engine.environment [-] Registered: [Plugin](User:False) OS::Heat::StructuredConfig ->
2025-04-17 02:08:01.773 70437 INFO heat.engine.environment [-] Registered: [Plugin](User:False) OS::Heat::StructuredDeployment ->
2025-04-17 02:08:01.773 70437 INFO heat.engine.environment [-] Registered: [Plugin](User:False) OS::Heat::StructuredDeploymentGroup ->
2025-04-17 02:08:01.773 70437 INFO heat.engine.environment [-] Registered: [Plugin](User:False) OS::Heat::StructuredDeployments ->
2025-04-17 02:08:01.774 70437 INFO heat.engine.environment [-] Registered: [Plugin](User:False) OS::Heat::SwiftSignal ->
2025-04-17 02:08:01.774 70437 INFO heat.engine.environment [-] Registered: [Plugin](User:False) OS::Heat::SwiftSignalHandle ->
2025-04-17 02:08:01.774 70437 INFO heat.engine.environment [-] Registered: [Plugin](User:False) OS::Heat::TestResource ->
2025-04-17 02:08:01.774 70437 INFO heat.engine.environment [-] Registered: [Plugin](User:False) OS::Heat::Value ->
2025-04-17 02:08:01.774 70437 INFO heat.engine.environment [-] Registered: [Plugin](User:False) OS::Heat::WaitCondition ->
2025-04-17 02:08:01.774 70437 INFO heat.engine.environment [-] Registered: [Plugin](User:False) OS::Heat::WaitConditionHandle ->
2025-04-17 02:08:01.774 70437 INFO heat.engine.environment [-] Registered: [Plugin](User:False) OS::Heat::UpdateWaitConditionHandle ->
2025-04-17 02:08:01.774 70437 INFO heat.engine.environment [-] Registered: [Plugin](User:False) OS::Ironic::Port ->
2025-04-17 02:08:01.774 70437 INFO heat.engine.environment [-] Registered: [Plugin](User:False) OS::Keystone::Domain ->
2025-04-17 02:08:01.774 70437 INFO heat.engine.environment [-] Registered: [Plugin](User:False) OS::Keystone::Endpoint ->
2025-04-17 02:08:01.775 70437 INFO heat.engine.environment [-] Registered: [Plugin](User:False) OS::Keystone::Group ->
2025-04-17 02:08:01.775 70437 INFO heat.engine.environment [-] Registered: [Plugin](User:False) OS::Keystone::Project ->
2025-04-17 02:08:01.775 70437 INFO heat.engine.environment [-] Registered: [Plugin](User:False) OS::Keystone::Region ->
2025-04-17 02:08:01.775 70437 INFO heat.engine.environment [-] Registered: [Plugin](User:False) OS::Keystone::Role ->
2025-04-17 02:08:01.775 70437 INFO heat.engine.environment [-] Registered: [Plugin](User:False) OS::Keystone::UserRoleAssignment ->
2025-04-17 02:08:01.775 70437 INFO heat.engine.environment [-] Registered: [Plugin](User:False) OS::Keystone::GroupRoleAssignment ->
2025-04-17 02:08:01.775 70437 INFO heat.engine.environment [-] Registered: [Plugin](User:False) OS::Keystone::Service ->
2025-04-17 02:08:01.775 70437 INFO heat.engine.environment [-] Registered: [Plugin](User:False) OS::Keystone::User ->
2025-04-17 02:08:01.775 70437 INFO heat.engine.environment [-] Registered: [Plugin](User:False) OS::Magnum::Bay ->
2025-04-17 02:08:01.776 70437 INFO heat.engine.environment [-] Registered: [Plugin](User:False) OS::Magnum::BayModel ->
2025-04-17 02:08:01.776 70437 INFO heat.engine.environment [-] Registered: [Plugin](User:False) OS::Magnum::Cluster ->
2025-04-17 02:08:01.776 70437 INFO heat.engine.environment [-] Registered: [Plugin](User:False) OS::Magnum::ClusterTemplate ->
2025-04-17 02:08:01.776 70437 INFO heat.engine.environment [-] Registered: [Plugin](User:False) OS::Manila::SecurityService ->
2025-04-17 02:08:01.776 70437 INFO heat.engine.environment [-] Registered: [Plugin](User:False) OS::Manila::Share ->
2025-04-17 02:08:01.776 70437 INFO heat.engine.environment [-] Registered: [Plugin](User:False) OS::Manila::ShareNetwork ->
2025-04-17 02:08:01.776 70437 INFO heat.engine.environment [-] Registered: [Plugin](User:False) OS::Manila::ShareType ->
2025-04-17 02:08:01.776 70437 INFO heat.engine.environment [-] Registered: [Plugin](User:False) OS::Mistral::CronTrigger ->
2025-04-17 02:08:01.776 70437 INFO heat.engine.environment [-] Registered: [Plugin](User:False) OS::Mistral::ExternalResource ->
2025-04-17 02:08:01.777 70437 INFO heat.engine.environment [-] Registered: [Plugin](User:False) OS::Mistral::Workflow ->
2025-04-17 02:08:01.777 70437 INFO heat.engine.environment [-] Registered: [Plugin](User:False) OS::Monasca::AlarmDefinition ->
2025-04-17 02:08:01.777 70437 INFO heat.engine.environment [-] Registered: [Plugin](User:False) OS::Monasca::Notification ->
2025-04-17 02:08:01.777 70437 INFO heat.engine.environment [-] Registered: [Plugin](User:False) OS::Neutron::AddressScope ->
2025-04-17 02:08:01.777 70437 INFO heat.engine.environment [-] Registered: [Plugin](User:False) OS::Neutron::ExtraRoute ->
2025-04-17 02:08:01.777 70437 INFO heat.engine.environment [-] Registered: [Plugin](User:False) OS::Neutron::ExtraRouteSet ->
2025-04-17 02:08:01.777 70437 INFO heat.engine.environment [-] Registered: [Plugin](User:False) OS::Neutron::Firewall ->
2025-04-17 02:08:01.777 70437 INFO heat.engine.environment [-] Registered: [Plugin](User:False) OS::Neutron::FirewallPolicy ->
2025-04-17 02:08:01.777 70437 INFO heat.engine.environment [-] Registered: [Plugin](User:False) OS::Neutron::FirewallRule ->
