2025-04-17 02:16:58.026 7 DEBUG oslo_service.service [-] ml2_type_vxlan.vni_ranges = [] log_opt_values /var/lib/kolla/venv/lib/python3.6/site-packages/oslo_config/cfg.py:2611
2025-04-17 02:16:58.026 7 DEBUG oslo_service.service [-] ml2_type_vxlan.vxlan_group = None log_opt_values /var/lib/kolla/venv/lib/python3.6/site-packages/oslo_config/cfg.py:2611
2025-04-17 02:16:58.026 7 DEBUG oslo_service.service [-] database.backend = sqlalchemy log_opt_values /var/lib/kolla/venv/lib/python3.6/site-packages/oslo_config/cfg.py:2611
2025-04-17 02:16:58.026 7 DEBUG oslo_service.service [-] database.connection = **** log_opt_values /var/lib/kolla/venv/lib/python3.6/site-packages/oslo_config/cfg.py:2611
2025-04-17 02:16:58.027 7 DEBUG oslo_service.service [-] database.connection_debug = 0 log_opt_values /var/lib/kolla/venv/lib/python3.6/site-packages/oslo_config/cfg.py:2611
2025-04-17 02:16:58.027 7 DEBUG oslo_service.service [-] database.connection_parameters = log_opt_values /var/lib/kolla/venv/lib/python3.6/site-packages/oslo_config/cfg.py:2611
2025-04-17 02:16:58.027 7 DEBUG oslo_service.service [-] database.connection_recycle_time = 10 log_opt_values /var/lib/kolla/venv/lib/python3.6/site-packages/oslo_config/cfg.py:2611
2025-04-17 02:16:58.027 7 DEBUG oslo_service.service [-] database.connection_trace = False log_opt_values /var/lib/kolla/venv/lib/python3.6/site-packages/oslo_config/cfg.py:2611
2025-04-17 02:16:58.027 7 DEBUG oslo_service.service [-] database.db_inc_retry_interval = True log_opt_values /var/lib/kolla/venv/lib/python3.6/site-packages/oslo_config/cfg.py:2611
2025-04-17 02:16:58.027 7 DEBUG oslo_service.service [-] database.db_max_retries = 20 log_opt_values /var/lib/kolla/venv/lib/python3.6/site-packages/oslo_config/cfg.py:2611
2025-04-17 02:16:58.027 7 DEBUG oslo_service.service [-] database.db_max_retry_interval = 10 log_opt_values /var/lib/kolla/venv/lib/python3.6/site-packages/oslo_config/cfg.py:2611
2025-04-17 02:16:58.028 7 DEBUG oslo_service.service [-] database.db_retry_interval = 1 log_opt_values /var/lib/kolla/venv/lib/python3.6/site-packages/oslo_config/cfg.py:2611
2025-04-17 02:16:58.028 7 DEBUG oslo_service.service [-] database.max_overflow = 50 log_opt_values /var/lib/kolla/venv/lib/python3.6/site-packages/oslo_config/cfg.py:2611
2025-04-17 02:16:58.028 7 DEBUG oslo_service.service [-] database.max_pool_size = 1 log_opt_values /var/lib/kolla/venv/lib/python3.6/site-packages/oslo_config/cfg.py:2611
2025-04-17 02:16:58.028 7 DEBUG oslo_service.service [-] database.max_retries = -1 log_opt_values /var/lib/kolla/venv/lib/python3.6/site-packages/oslo_config/cfg.py:2611
2025-04-17 02:16:58.028 7 DEBUG oslo_service.service [-] database.mysql_enable_ndb = False log_opt_values /var/lib/kolla/venv/lib/python3.6/site-packages/oslo_config/cfg.py:2611
2025-04-17 02:16:58.028 7 DEBUG oslo_service.service [-] database.mysql_sql_mode = TRADITIONAL log_opt_values /var/lib/kolla/venv/lib/python3.6/site-packages/oslo_config/cfg.py:2611
2025-04-17 02:16:58.028 7 DEBUG oslo_service.service [-] database.pool_timeout = None log_opt_values /var/lib/kolla/venv/lib/python3.6/site-packages/oslo_config/cfg.py:2611
2025-04-17 02:16:58.028 7 DEBUG oslo_service.service [-] database.retry_interval = 10 log_opt_values /var/lib/kolla/venv/lib/python3.6/site-packages/oslo_config/cfg.py:2611
2025-04-17 02:16:58.028 7 DEBUG oslo_service.service [-] database.slave_connection = **** log_opt_values /var/lib/kolla/venv/lib/python3.6/site-packages/oslo_config/cfg.py:2611
2025-04-17 02:16:58.028 7 DEBUG oslo_service.service [-] database.sqlite_synchronous = True log_opt_values /var/lib/kolla/venv/lib/python3.6/site-packages/oslo_config/cfg.py:2611
2025-04-17 02:16:58.028 7 DEBUG oslo_service.service [-] database.use_db_reconnect = False log_opt_values /var/lib/kolla/venv/lib/python3.6/site-packages/oslo_config/cfg.py:2611
2025-04-17 02:16:58.029 7 DEBUG oslo_service.service [-] ******************************************************************************** log_opt_values /var/lib/kolla/venv/lib/python3.6/site-packages/oslo_config/cfg.py:2613
2025-04-17 02:16:58.035 25 DEBUG neutron.services.l3_router.l3_router_plugin [-] neutron.services.l3_router.l3_router_plugin.L3RouterPlugin method start_rpc_listeners called with arguments () {} wrapper /var/lib/kolla/venv/lib/python3.6/site-packages/oslo_log/helpers.py:66
2025-04-17 02:16:59.462 22 DEBUG neutron.wsgi [-] (22) accepted ('10.0.0.23', 43328) server /var/lib/kolla/venv/lib/python3.6/site-packages/eventlet/wsgi.py:1004
2025-04-17 02:16:59.470 22 INFO neutron.wsgi [-] 10.0.0.23 "GET / HTTP/1.1" status: 200 len: 227 time: 0.0061288
2025-04-17 02:17:03.591 23 DEBUG neutron.api.rpc.handlers.dhcp_rpc [req-fb80a315-0d0b-4695-a894-e3a545ad5c37 - - - - -] get_active_networks_info from cn-jenkins-deploy-platform-ansible-os-3132-1 get_active_networks_info /var/lib/kolla/venv/lib/python3.6/site-packages/neutron/api/rpc/handlers/dhcp_rpc.py:159
2025-04-17 02:17:03.616 27 DEBUG neutron_lib.callbacks.manager [req-48a821c8-a17d-477c-8dae-00985f7edf8c - - - - -] Publish callbacks ['neutron.services.segments.db._update_segment_host_mapping_for_agent-8737073893235', 'neutron.services.l3_router.l3_router_plugin.DVRResourceOperationHandler.create_fip_agent_gw_ports-596739'] for agent (7453044c-6e81-42f3-a5d8-bb88303c70e8), after_create _notify_loop /var/lib/kolla/venv/lib/python3.6/site-packages/neutron_lib/callbacks/manager.py:177
2025-04-17 02:17:03.635 23 DEBUG neutron.scheduler.dhcp_agent_scheduler [req-fb80a315-0d0b-4695-a894-e3a545ad5c37 - - - - -] No non-hosted networks auto_schedule_networks /var/lib/kolla/venv/lib/python3.6/site-packages/neutron/scheduler/dhcp_agent_scheduler.py:60
2025-04-17 02:17:24.182 28 DEBUG neutron_lib.callbacks.manager [req-fd6baccc-9555-48cd-89a2-3e20f871f9f2 - - - - -] Publish callbacks ['neutron.services.segments.db._update_segment_host_mapping_for_agent-8737073893235', 'neutron.services.l3_router.l3_router_plugin.DVRResourceOperationHandler.create_fip_agent_gw_ports-596739'] for agent (24a2e4a4-a24b-420e-b264-658c5478186c), after_create _notify_loop /var/lib/kolla/venv/lib/python3.6/site-packages/neutron_lib/callbacks/manager.py:177
2025-04-17 02:17:29.522 22 DEBUG neutron.wsgi [-] (22) accepted ('10.0.0.23', 50530) server /var/lib/kolla/venv/lib/python3.6/site-packages/eventlet/wsgi.py:1004
2025-04-17 02:17:29.526 22 INFO neutron.wsgi [-] 10.0.0.23 "GET / HTTP/1.1" status: 200 len: 227 time: 0.0033538
2025-04-17 02:17:33.597 24 DEBUG neutron_lib.callbacks.manager [req-d36927da-1d4d-4fee-ab2e-bcf716fab7d9 - - - - -] Publish callbacks ['neutron.services.segments.db._update_segment_host_mapping_for_agent-8737073893235', 'neutron.plugins.ml2.plugin.Ml2Plugin._retry_binding_revived_agents--9223372036853207408'] for agent (7453044c-6e81-42f3-a5d8-bb88303c70e8), after_update _notify_loop /var/lib/kolla/venv/lib/python3.6/site-packages/neutron_lib/callbacks/manager.py:177
2025-04-17 02:17:41.973 29 DEBUG neutron.db.agents_db [req-de141f5a-b578-424f-a98b-8e0cd72dd74c - - - - -] Agent healthcheck: found 2 active agents agent_health_check /var/lib/kolla/venv/lib/python3.6/site-packages/neutron/db/agents_db.py:318
2025-04-17 02:17:54.167 26 DEBUG neutron_lib.callbacks.manager [req-fd6baccc-9555-48cd-89a2-3e20f871f9f2 - - - - -] Publish callbacks ['neutron.services.segments.db._update_segment_host_mapping_for_agent-8737073893235', 'neutron.plugins.ml2.plugin.Ml2Plugin._retry_binding_revived_agents--9223372036853207408'] for agent (24a2e4a4-a24b-420e-b264-658c5478186c), after_update _notify_loop /var/lib/kolla/venv/lib/python3.6/site-packages/neutron_lib/callbacks/manager.py:177
2025-04-17 02:17:59.572 22 DEBUG neutron.wsgi [-] (22) accepted ('10.0.0.23', 33628) server /var/lib/kolla/venv/lib/python3.6/site-packages/eventlet/wsgi.py:1004
2025-04-17 02:17:59.576 22 INFO neutron.wsgi [-] 10.0.0.23 "GET / HTTP/1.1" status: 200 len: 227 time: 0.0030968
2025-04-17 02:18:03.593 23 DEBUG neutron_lib.callbacks.manager [req-60c94625-ff4e-4c9b-bdcd-7580f431a107 - - - - -] Publish callbacks ['neutron.services.segments.db._update_segment_host_mapping_for_agent-8737073893235', 'neutron.plugins.ml2.plugin.Ml2Plugin._retry_binding_revived_agents--9223372036853207408'] for agent (7453044c-6e81-42f3-a5d8-bb88303c70e8), after_update _notify_loop /var/lib/kolla/venv/lib/python3.6/site-packages/neutron_lib/callbacks/manager.py:177
2025-04-17 02:18:18.972 29 DEBUG neutron.db.agents_db [req-de141f5a-b578-424f-a98b-8e0cd72dd74c - - - - -] Agent healthcheck: found 2 active agents agent_health_check /var/lib/kolla/venv/lib/python3.6/site-packages/neutron/db/agents_db.py:318
2025-04-17 02:18:24.170 25 DEBUG neutron_lib.callbacks.manager [req-fd6baccc-9555-48cd-89a2-3e20f871f9f2 - - - - -] Publish callbacks ['neutron.services.segments.db._update_segment_host_mapping_for_agent-8737073893235', 'neutron.plugins.ml2.plugin.Ml2Plugin._retry_binding_revived_agents--9223372036853207408'] for agent (24a2e4a4-a24b-420e-b264-658c5478186c), after_update _notify_loop /var/lib/kolla/venv/lib/python3.6/site-packages/neutron_lib/callbacks/manager.py:177
2025-04-17 02:18:29.624 22 DEBUG neutron.wsgi [-] (22) accepted ('10.0.0.23', 59930) server /var/lib/kolla/venv/lib/python3.6/site-packages/eventlet/wsgi.py:1004
2025-04-17 02:18:29.629 22 INFO neutron.wsgi [-] 10.0.0.23 "GET / HTTP/1.1" status: 200 len: 227 time: 0.0037971
2025-04-17 02:18:33.586 27 DEBUG neutron_lib.callbacks.manager [req-aff8337b-7721-4580-a6e7-188a819e7654 - - - - -] Publish callbacks ['neutron.services.segments.db._update_segment_host_mapping_for_agent-8737073893235', 'neutron.plugins.ml2.plugin.Ml2Plugin._retry_binding_revived_agents--9223372036853207408'] for agent (7453044c-6e81-42f3-a5d8-bb88303c70e8), after_update _notify_loop /var/lib/kolla/venv/lib/python3.6/site-packages/neutron_lib/callbacks/manager.py:177
2025-04-17 02:18:54.158 28 DEBUG neutron_lib.callbacks.manager [req-fd6baccc-9555-48cd-89a2-3e20f871f9f2 - - - - -] Publish callbacks ['neutron.services.segments.db._update_segment_host_mapping_for_agent-8737073893235', 'neutron.plugins.ml2.plugin.Ml2Plugin._retry_binding_revived_agents--9223372036853207408'] for agent (24a2e4a4-a24b-420e-b264-658c5478186c), after_update _notify_loop /var/lib/kolla/venv/lib/python3.6/site-packages/neutron_lib/callbacks/manager.py:177
2025-04-17 02:18:55.971 29 DEBUG neutron.db.agents_db [req-de141f5a-b578-424f-a98b-8e0cd72dd74c - - - - -] Agent healthcheck: found 2 active agents agent_health_check /var/lib/kolla/venv/lib/python3.6/site-packages/neutron/db/agents_db.py:318
2025-04-17 02:18:59.684 22 DEBUG neutron.wsgi [-] (22) accepted ('10.0.0.23', 48574) server /var/lib/kolla/venv/lib/python3.6/site-packages/eventlet/wsgi.py:1004
2025-04-17 02:18:59.688 22 INFO neutron.wsgi [-] 10.0.0.23 "GET / HTTP/1.1" status: 200 len: 227 time: 0.0030777
2025-04-17 02:19:03.585 24 DEBUG neutron_lib.callbacks.manager [req-4451bafc-f5d5-46e0-8064-8abb84006f5a - - - - -] Publish callbacks ['neutron.services.segments.db._update_segment_host_mapping_for_agent-8737073893235', 'neutron.plugins.ml2.plugin.Ml2Plugin._retry_binding_revived_agents--9223372036853207408'] for agent (7453044c-6e81-42f3-a5d8-bb88303c70e8), after_update _notify_loop /var/lib/kolla/venv/lib/python3.6/site-packages/neutron_lib/callbacks/manager.py:177
2025-04-17 02:19:24.160 26 DEBUG neutron_lib.callbacks.manager [req-fd6baccc-9555-48cd-89a2-3e20f871f9f2 - - - - -] Publish callbacks ['neutron.services.segments.db._update_segment_host_mapping_for_agent-8737073893235', 'neutron.plugins.ml2.plugin.Ml2Plugin._retry_binding_revived_agents--9223372036853207408'] for agent (24a2e4a4-a24b-420e-b264-658c5478186c), after_update _notify_loop /var/lib/kolla/venv/lib/python3.6/site-packages/neutron_lib/callbacks/manager.py:177
2025-04-17 02:19:29.743 22 DEBUG neutron.wsgi [-] (22) accepted ('10.0.0.23', 42912) server /var/lib/kolla/venv/lib/python3.6/site-packages/eventlet/wsgi.py:1004
2025-04-17 02:19:29.747 22 INFO neutron.wsgi [-] 10.0.0.23 "GET / HTTP/1.1" status: 200 len: 227 time: 0.0031278
2025-04-17 02:19:32.972 29 DEBUG neutron.db.agents_db [req-de141f5a-b578-424f-a98b-8e0cd72dd74c - - - - -] Agent healthcheck: found 2 active agents agent_health_check /var/lib/kolla/venv/lib/python3.6/site-packages/neutron/db/agents_db.py:318
2025-04-17 02:19:33.582 23 DEBUG neutron_lib.callbacks.manager [req-fc622391-89f1-42e8-a232-61f006495ff3 - - - - -] Publish callbacks ['neutron.services.segments.db._update_segment_host_mapping_for_agent-8737073893235', 'neutron.plugins.ml2.plugin.Ml2Plugin._retry_binding_revived_agents--9223372036853207408'] for agent (7453044c-6e81-42f3-a5d8-bb88303c70e8), after_update _notify_loop /var/lib/kolla/venv/lib/python3.6/site-packages/neutron_lib/callbacks/manager.py:177
2025-04-17 02:19:54.160 25 DEBUG neutron_lib.callbacks.manager [req-fd6baccc-9555-48cd-89a2-3e20f871f9f2 - - - - -] Publish callbacks ['neutron.services.segments.db._update_segment_host_mapping_for_agent-8737073893235', 'neutron.plugins.ml2.plugin.Ml2Plugin._retry_binding_revived_agents--9223372036853207408'] for agent (24a2e4a4-a24b-420e-b264-658c5478186c), after_update _notify_loop /var/lib/kolla/venv/lib/python3.6/site-packages/neutron_lib/callbacks/manager.py:177
2025-04-17 02:19:59.801 22 DEBUG neutron.wsgi [-] (22) accepted ('10.0.0.23', 55508) server /var/lib/kolla/venv/lib/python3.6/site-packages/eventlet/wsgi.py:1004
2025-04-17 02:19:59.806 22 INFO neutron.wsgi [-] 10.0.0.23 "GET / HTTP/1.1" status: 200 len: 227 time: 0.0029602
2025-04-17 02:20:03.582 27 DEBUG neutron_lib.callbacks.manager [req-e187f091-3fd0-4d4f-a3e4-4c8b102abbfb - - - - -] Publish callbacks ['neutron.services.segments.db._update_segment_host_mapping_for_agent-8737073893235', 'neutron.plugins.ml2.plugin.Ml2Plugin._retry_binding_revived_agents--9223372036853207408'] for agent (7453044c-6e81-42f3-a5d8-bb88303c70e8), after_update _notify_loop /var/lib/kolla/venv/lib/python3.6/site-packages/neutron_lib/callbacks/manager.py:177
2025-04-17 02:20:09.971 29 DEBUG neutron.db.agents_db [req-de141f5a-b578-424f-a98b-8e0cd72dd74c - - - - -] Agent healthcheck: found 2 active agents agent_health_check /var/lib/kolla/venv/lib/python3.6/site-packages/neutron/db/agents_db.py:318
2025-04-17 02:20:24.164 28 DEBUG neutron_lib.callbacks.manager [req-fd6baccc-9555-48cd-89a2-3e20f871f9f2 - - - - -] Publish callbacks ['neutron.services.segments.db._update_segment_host_mapping_for_agent-8737073893235', 'neutron.plugins.ml2.plugin.Ml2Plugin._retry_binding_revived_agents--9223372036853207408'] for agent (24a2e4a4-a24b-420e-b264-658c5478186c), after_update _notify_loop /var/lib/kolla/venv/lib/python3.6/site-packages/neutron_lib/callbacks/manager.py:177
2025-04-17 02:20:29.857 22 DEBUG neutron.wsgi [-] (22) accepted ('10.0.0.23', 32834) server /var/lib/kolla/venv/lib/python3.6/site-packages/eventlet/wsgi.py:1004
2025-04-17 02:20:29.861 22 INFO neutron.wsgi [-] 10.0.0.23 "GET / HTTP/1.1" status: 200 len: 227 time: 0.0027225
2025-04-17 02:20:33.580 24 DEBUG neutron_lib.callbacks.manager [req-a9a96642-1cf4-4e95-8bca-cae9567a8203 - - - - -] Publish callbacks ['neutron.services.segments.db._update_segment_host_mapping_for_agent-8737073893235', 'neutron.plugins.ml2.plugin.Ml2Plugin._retry_binding_revived_agents--9223372036853207408'] for agent (7453044c-6e81-42f3-a5d8-bb88303c70e8), after_update _notify_loop /var/lib/kolla/venv/lib/python3.6/site-packages/neutron_lib/callbacks/manager.py:177
2025-04-17 02:20:46.972 29 DEBUG neutron.db.agents_db [req-de141f5a-b578-424f-a98b-8e0cd72dd74c - - - - -] Agent healthcheck: found 2 active agents agent_health_check /var/lib/kolla/venv/lib/python3.6/site-packages/neutron/db/agents_db.py:318
2025-04-17 02:20:54.169 26 DEBUG neutron_lib.callbacks.manager [req-fd6baccc-9555-48cd-89a2-3e20f871f9f2 - - - - -] Publish callbacks ['neutron.services.segments.db._update_segment_host_mapping_for_agent-8737073893235', 'neutron.plugins.ml2.plugin.Ml2Plugin._retry_binding_revived_agents--9223372036853207408'] for agent (24a2e4a4-a24b-420e-b264-658c5478186c), after_update _notify_loop /var/lib/kolla/venv/lib/python3.6/site-packages/neutron_lib/callbacks/manager.py:177
2025-04-17 02:20:59.911 22 DEBUG neutron.wsgi [-] (22) accepted ('10.0.0.23', 41318) server /var/lib/kolla/venv/lib/python3.6/site-packages/eventlet/wsgi.py:1004
2025-04-17 02:20:59.915 22 INFO neutron.wsgi [-] 10.0.0.23 "GET / HTTP/1.1" status: 200 len: 227 time: 0.0033464
2025-04-17 02:21:03.578 23 DEBUG neutron_lib.callbacks.manager [req-9d9044cc-927c-45f6-adb8-b372ac043761 - - - - -] Publish callbacks ['neutron.services.segments.db._update_segment_host_mapping_for_agent-8737073893235', 'neutron.plugins.ml2.plugin.Ml2Plugin._retry_binding_revived_agents--9223372036853207408'] for agent (7453044c-6e81-42f3-a5d8-bb88303c70e8), after_update _notify_loop /var/lib/kolla/venv/lib/python3.6/site-packages/neutron_lib/callbacks/manager.py:177
2025-04-17 02:21:23.968 29 DEBUG neutron.db.agents_db [req-de141f5a-b578-424f-a98b-8e0cd72dd74c - - - - -] Agent healthcheck: found 2 active agents agent_health_check /var/lib/kolla/venv/lib/python3.6/site-packages/neutron/db/agents_db.py:318
2025-04-17 02:21:24.169 25 DEBUG neutron_lib.callbacks.manager [req-fd6baccc-9555-48cd-89a2-3e20f871f9f2 - - - - -] Publish callbacks ['neutron.services.segments.db._update_segment_host_mapping_for_agent-8737073893235', 'neutron.plugins.ml2.plugin.Ml2Plugin._retry_binding_revived_agents--9223372036853207408'] for agent (24a2e4a4-a24b-420e-b264-658c5478186c), after_update _notify_loop /var/lib/kolla/venv/lib/python3.6/site-packages/neutron_lib/callbacks/manager.py:177
2025-04-17 02:21:29.963 22 DEBUG neutron.wsgi [-] (22) accepted ('10.0.0.23', 41822) server /var/lib/kolla/venv/lib/python3.6/site-packages/eventlet/wsgi.py:1004
2025-04-17 02:21:29.970 22 INFO neutron.wsgi [-] 10.0.0.23 "GET / HTTP/1.1" status: 200 len: 227 time: 0.0060894
2025-04-17 02:21:33.576 27 DEBUG neutron_lib.callbacks.manager [req-07bc0943-d931-43c1-b7b7-222e1b482381 - - - - -] Publish callbacks ['neutron.services.segments.db._update_segment_host_mapping_for_agent-8737073893235', 'neutron.plugins.ml2.plugin.Ml2Plugin._retry_binding_revived_agents--9223372036853207408'] for agent (7453044c-6e81-42f3-a5d8-bb88303c70e8), after_update _notify_loop /var/lib/kolla/venv/lib/python3.6/site-packages/neutron_lib/callbacks/manager.py:177
2025-04-17 02:21:54.171 28 DEBUG neutron_lib.callbacks.manager [req-fd6baccc-9555-48cd-89a2-3e20f871f9f2 - - - - -] Publish callbacks ['neutron.services.segments.db._update_segment_host_mapping_for_agent-8737073893235', 'neutron.plugins.ml2.plugin.Ml2Plugin._retry_binding_revived_agents--9223372036853207408'] for agent (24a2e4a4-a24b-420e-b264-658c5478186c), after_update _notify_loop /var/lib/kolla/venv/lib/python3.6/site-packages/neutron_lib/callbacks/manager.py:177
2025-04-17 02:22:00.016 22 DEBUG neutron.wsgi [-] (22) accepted ('10.0.0.23', 56388) server /var/lib/kolla/venv/lib/python3.6/site-packages/eventlet/wsgi.py:1004
2025-04-17 02:22:00.020 22 INFO neutron.wsgi [-] 10.0.0.23 "GET / HTTP/1.1" status: 200 len: 227 time: 0.0029430
2025-04-17 02:22:00.977 29 DEBUG neutron.db.agents_db [req-de141f5a-b578-424f-a98b-8e0cd72dd74c - - - - -] Agent healthcheck: found 2 active agents agent_health_check /var/lib/kolla/venv/lib/python3.6/site-packages/neutron/db/agents_db.py:318
2025-04-17 02:22:03.575 24 DEBUG neutron_lib.callbacks.manager [req-c3894565-83bf-4b6d-b826-915aff63379f - - - - -] Publish callbacks ['neutron.services.segments.db._update_segment_host_mapping_for_agent-8737073893235', 'neutron.plugins.ml2.plugin.Ml2Plugin._retry_binding_revived_agents--9223372036853207408'] for agent (7453044c-6e81-42f3-a5d8-bb88303c70e8), after_update _notify_loop /var/lib/kolla/venv/lib/python3.6/site-packages/neutron_lib/callbacks/manager.py:177
2025-04-17 02:22:24.182 26 DEBUG neutron_lib.callbacks.manager [req-fd6baccc-9555-48cd-89a2-3e20f871f9f2 - - - - -] Publish callbacks ['neutron.services.segments.db._update_segment_host_mapping_for_agent-8737073893235', 'neutron.plugins.ml2.plugin.Ml2Plugin._retry_binding_revived_agents--9223372036853207408'] for agent (24a2e4a4-a24b-420e-b264-658c5478186c), after_update _notify_loop /var/lib/kolla/venv/lib/python3.6/site-packages/neutron_lib/callbacks/manager.py:177
2025-04-17 02:22:30.069 22 DEBUG neutron.wsgi [-] (22) accepted ('10.0.0.23', 53490) server /var/lib/kolla/venv/lib/python3.6/site-packages/eventlet/wsgi.py:1004
2025-04-17 02:22:30.075 22 INFO neutron.wsgi [-] 10.0.0.23 "GET / HTTP/1.1" status: 200 len: 227 time: 0.0043275
2025-04-17 02:22:33.574 23 DEBUG neutron_lib.callbacks.manager [req-7834c44a-be0b-4091-ac12-e0b08f47177c - - - - -] Publish callbacks ['neutron.services.segments.db._update_segment_host_mapping_for_agent-8737073893235', 'neutron.plugins.ml2.plugin.Ml2Plugin._retry_binding_revived_agents--9223372036853207408'] for agent (7453044c-6e81-42f3-a5d8-bb88303c70e8), after_update _notify_loop /var/lib/kolla/venv/lib/python3.6/site-packages/neutron_lib/callbacks/manager.py:177
2025-04-17 02:22:37.977 29 DEBUG neutron.db.agents_db [req-de141f5a-b578-424f-a98b-8e0cd72dd74c - - - - -] Agent healthcheck: found 2 active agents agent_health_check /var/lib/kolla/venv/lib/python3.6/site-packages/neutron/db/agents_db.py:318
2025-04-17 02:22:54.178 25 DEBUG neutron_lib.callbacks.manager [req-fd6baccc-9555-48cd-89a2-3e20f871f9f2 - - - - -] Publish callbacks ['neutron.services.segments.db._update_segment_host_mapping_for_agent-8737073893235', 'neutron.plugins.ml2.plugin.Ml2Plugin._retry_binding_revived_agents--9223372036853207408'] for agent (24a2e4a4-a24b-420e-b264-658c5478186c), after_update _notify_loop /var/lib/kolla/venv/lib/python3.6/site-packages/neutron_lib/callbacks/manager.py:177
2025-04-17 02:23:00.131 22 DEBUG neutron.wsgi [-] (22) accepted ('10.0.0.23', 51592) server /var/lib/kolla/venv/lib/python3.6/site-packages/eventlet/wsgi.py:1004
2025-04-17 02:23:00.135 22 INFO neutron.wsgi [-] 10.0.0.23 "GET / HTTP/1.1" status: 200 len: 227 time: 0.0038011
2025-04-17 02:23:03.572 27 DEBUG neutron_lib.callbacks.manager [req-1461fe43-bf13-4425-916b-adcf618ec2bc - - - - -] Publish callbacks ['neutron.services.segments.db._update_segment_host_mapping_for_agent-8737073893235', 'neutron.plugins.ml2.plugin.Ml2Plugin._retry_binding_revived_agents--9223372036853207408'] for agent (7453044c-6e81-42f3-a5d8-bb88303c70e8), after_update _notify_loop /var/lib/kolla/venv/lib/python3.6/site-packages/neutron_lib/callbacks/manager.py:177
2025-04-17 02:23:14.975 29 DEBUG neutron.db.agents_db [req-de141f5a-b578-424f-a98b-8e0cd72dd74c - - - - -] Agent healthcheck: found 2 active agents agent_health_check /var/lib/kolla/venv/lib/python3.6/site-packages/neutron/db/agents_db.py:318
2025-04-17 02:23:24.177 28 DEBUG neutron_lib.callbacks.manager [req-fd6baccc-9555-48cd-89a2-3e20f871f9f2 - - - - -] Publish callbacks ['neutron.services.segments.db._update_segment_host_mapping_for_agent-8737073893235', 'neutron.plugins.ml2.plugin.Ml2Plugin._retry_binding_revived_agents--9223372036853207408'] for agent (24a2e4a4-a24b-420e-b264-658c5478186c), after_update _notify_loop /var/lib/kolla/venv/lib/python3.6/site-packages/neutron_lib/callbacks/manager.py:177
2025-04-17 02:23:30.186 22 DEBUG neutron.wsgi [-] (22) accepted ('10.0.0.23', 60658) server /var/lib/kolla/venv/lib/python3.6/site-packages/eventlet/wsgi.py:1004
2025-04-17 02:23:30.190 22 INFO neutron.wsgi [-] 10.0.0.23 "GET / HTTP/1.1" status: 200 len: 227 time: 0.0027499
2025-04-17 02:23:33.571 24 DEBUG neutron_lib.callbacks.manager [req-28927b82-e9a2-4d3b-b97a-5e98573c34e7 - - - - -] Publish callbacks ['neutron.services.segments.db._update_segment_host_mapping_for_agent-8737073893235', 'neutron.plugins.ml2.plugin.Ml2Plugin._retry_binding_revived_agents--9223372036853207408'] for agent (7453044c-6e81-42f3-a5d8-bb88303c70e8), after_update _notify_loop /var/lib/kolla/venv/lib/python3.6/site-packages/neutron_lib/callbacks/manager.py:177
2025-04-17 02:23:51.973 29 DEBUG neutron.db.agents_db [req-de141f5a-b578-424f-a98b-8e0cd72dd74c - - - - -] Agent healthcheck: found 2 active agents agent_health_check /var/lib/kolla/venv/lib/python3.6/site-packages/neutron/db/agents_db.py:318
2025-04-17 02:23:54.180 26 DEBUG neutron_lib.callbacks.manager [req-fd6baccc-9555-48cd-89a2-3e20f871f9f2 - - - - -] Publish callbacks ['neutron.services.segments.db._update_segment_host_mapping_for_agent-8737073893235', 'neutron.plugins.ml2.plugin.Ml2Plugin._retry_binding_revived_agents--9223372036853207408'] for agent (24a2e4a4-a24b-420e-b264-658c5478186c), after_update _notify_loop /var/lib/kolla/venv/lib/python3.6/site-packages/neutron_lib/callbacks/manager.py:177
2025-04-17 02:24:00.244 22 DEBUG neutron.wsgi [-] (22) accepted ('10.0.0.23', 60310) server /var/lib/kolla/venv/lib/python3.6/site-packages/eventlet/wsgi.py:1004
2025-04-17 02:24:00.250 22 INFO neutron.wsgi [-] 10.0.0.23 "GET / HTTP/1.1" status: 200 len: 227 time: 0.0045311
2025-04-17 02:24:03.577 23 DEBUG neutron_lib.callbacks.manager [req-0688023e-2610-449b-b3c0-249691e57aee - - - - -] Publish callbacks ['neutron.services.segments.db._update_segment_host_mapping_for_agent-8737073893235', 'neutron.plugins.ml2.plugin.Ml2Plugin._retry_binding_revived_agents--9223372036853207408'] for agent (7453044c-6e81-42f3-a5d8-bb88303c70e8), after_update _notify_loop /var/lib/kolla/venv/lib/python3.6/site-packages/neutron_lib/callbacks/manager.py:177
2025-04-17 02:24:24.185 25 DEBUG neutron_lib.callbacks.manager [req-fd6baccc-9555-48cd-89a2-3e20f871f9f2 - - - - -] Publish callbacks ['neutron.services.segments.db._update_segment_host_mapping_for_agent-8737073893235', 'neutron.plugins.ml2.plugin.Ml2Plugin._retry_binding_revived_agents--9223372036853207408'] for agent (24a2e4a4-a24b-420e-b264-658c5478186c), after_update _notify_loop /var/lib/kolla/venv/lib/python3.6/site-packages/neutron_lib/callbacks/manager.py:177
2025-04-17 02:24:28.971 29 DEBUG neutron.db.agents_db [req-de141f5a-b578-424f-a98b-8e0cd72dd74c - - - - -] Agent healthcheck: found 2 active agents agent_health_check /var/lib/kolla/venv/lib/python3.6/site-packages/neutron/db/agents_db.py:318
2025-04-17 02:24:30.299 22 DEBUG neutron.wsgi [-] (22) accepted ('10.0.0.23', 48890) server /var/lib/kolla/venv/lib/python3.6/site-packages/eventlet/wsgi.py:1004
2025-04-17 02:24:30.306 22 INFO neutron.wsgi [-] 10.0.0.23 "GET / HTTP/1.1" status: 200 len: 227 time: 0.0052643
2025-04-17 02:24:33.576 27 DEBUG neutron_lib.callbacks.manager [req-f1d2e11a-174e-4907-b4d6-8158f5bce12a - - - - -] Publish callbacks ['neutron.services.segments.db._update_segment_host_mapping_for_agent-8737073893235', 'neutron.plugins.ml2.plugin.Ml2Plugin._retry_binding_revived_agents--9223372036853207408'] for agent (7453044c-6e81-42f3-a5d8-bb88303c70e8), after_update _notify_loop /var/lib/kolla/venv/lib/python3.6/site-packages/neutron_lib/callbacks/manager.py:177
2025-04-17 02:24:54.190 28 DEBUG neutron_lib.callbacks.manager [req-fd6baccc-9555-48cd-89a2-3e20f871f9f2 - - - - -] Publish callbacks ['neutron.services.segments.db._update_segment_host_mapping_for_agent-8737073893235', 'neutron.plugins.ml2.plugin.Ml2Plugin._retry_binding_revived_agents--9223372036853207408'] for agent (24a2e4a4-a24b-420e-b264-658c5478186c), after_update _notify_loop /var/lib/kolla/venv/lib/python3.6/site-packages/neutron_lib/callbacks/manager.py:177
2025-04-17 02:25:00.355 22 DEBUG neutron.wsgi [-] (22) accepted ('10.0.0.23', 57040) server /var/lib/kolla/venv/lib/python3.6/site-packages/eventlet/wsgi.py:1004
2025-04-17 02:25:00.360 22 INFO neutron.wsgi [-] 10.0.0.23 "GET / HTTP/1.1" status: 200 len: 227 time: 0.0036974
2025-04-17 02:25:03.580 24 DEBUG neutron_lib.callbacks.manager [req-7bb2492d-2781-4101-a2aa-766ca6a967ee - - - - -] Publish callbacks ['neutron.services.segments.db._update_segment_host_mapping_for_agent-8737073893235', 'neutron.plugins.ml2.plugin.Ml2Plugin._retry_binding_revived_agents--9223372036853207408'] for agent (7453044c-6e81-42f3-a5d8-bb88303c70e8), after_update _notify_loop /var/lib/kolla/venv/lib/python3.6/site-packages/neutron_lib/callbacks/manager.py:177
2025-04-17 02:25:05.967 29 DEBUG neutron.db.agents_db [req-de141f5a-b578-424f-a98b-8e0cd72dd74c - - - - -] Agent healthcheck: found 2 active agents agent_health_check /var/lib/kolla/venv/lib/python3.6/site-packages/neutron/db/agents_db.py:318
2025-04-17 02:25:24.189 26 DEBUG neutron_lib.callbacks.manager [req-fd6baccc-9555-48cd-89a2-3e20f871f9f2 - - - - -] Publish callbacks ['neutron.services.segments.db._update_segment_host_mapping_for_agent-8737073893235', 'neutron.plugins.ml2.plugin.Ml2Plugin._retry_binding_revived_agents--9223372036853207408'] for agent (24a2e4a4-a24b-420e-b264-658c5478186c), after_update _notify_loop /var/lib/kolla/venv/lib/python3.6/site-packages/neutron_lib/callbacks/manager.py:177
2025-04-17 02:25:30.408 22 DEBUG neutron.wsgi [-] (22) accepted ('10.0.0.23', 33356) server /var/lib/kolla/venv/lib/python3.6/site-packages/eventlet/wsgi.py:1004
2025-04-17 02:25:30.413 22 INFO neutron.wsgi [-] 10.0.0.23 "GET / HTTP/1.1" status: 200 len: 227 time: 0.0034280
2025-04-17 02:25:33.580 23 DEBUG neutron_lib.callbacks.manager [req-41d9eede-2664-4cac-aee0-4b22f7215bed - - - - -] Publish callbacks ['neutron.services.segments.db._update_segment_host_mapping_for_agent-8737073893235', 'neutron.plugins.ml2.plugin.Ml2Plugin._retry_binding_revived_agents--9223372036853207408'] for agent (7453044c-6e81-42f3-a5d8-bb88303c70e8), after_update _notify_loop /var/lib/kolla/venv/lib/python3.6/site-packages/neutron_lib/callbacks/manager.py:177
2025-04-17 02:25:42.967 29 DEBUG neutron.db.agents_db [req-de141f5a-b578-424f-a98b-8e0cd72dd74c - - - - -] Agent healthcheck: found 2 active agents agent_health_check /var/lib/kolla/venv/lib/python3.6/site-packages/neutron/db/agents_db.py:318
2025-04-17 02:25:54.192 25 DEBUG neutron_lib.callbacks.manager [req-fd6baccc-9555-48cd-89a2-3e20f871f9f2 - - - - -] Publish callbacks ['neutron.services.segments.db._update_segment_host_mapping_for_agent-8737073893235', 'neutron.plugins.ml2.plugin.Ml2Plugin._retry_binding_revived_agents--9223372036853207408'] for agent (24a2e4a4-a24b-420e-b264-658c5478186c), after_update _notify_loop /var/lib/kolla/venv/lib/python3.6/site-packages/neutron_lib/callbacks/manager.py:177
2025-04-17 02:26:00.463 22 DEBUG neutron.wsgi [-] (22) accepted ('10.0.0.23', 35462) server /var/lib/kolla/venv/lib/python3.6/site-packages/eventlet/wsgi.py:1004
2025-04-17 02:26:00.467 22 INFO neutron.wsgi [-] 10.0.0.23 "GET / HTTP/1.1" status: 200 len: 227 time: 0.0031314
2025-04-17 02:26:03.583 27 DEBUG neutron_lib.callbacks.manager [req-c0458e80-33c4-426f-96f1-a03cf66d48b1 - - - - -] Publish callbacks ['neutron.services.segments.db._update_segment_host_mapping_for_agent-8737073893235', 'neutron.plugins.ml2.plugin.Ml2Plugin._retry_binding_revived_agents--9223372036853207408'] for agent (7453044c-6e81-42f3-a5d8-bb88303c70e8), after_update _notify_loop /var/lib/kolla/venv/lib/python3.6/site-packages/neutron_lib/callbacks/manager.py:177
2025-04-17 02:26:19.965 29 DEBUG neutron.db.agents_db [req-de141f5a-b578-424f-a98b-8e0cd72dd74c - - - - -] Agent healthcheck: found 2 active agents agent_health_check /var/lib/kolla/venv/lib/python3.6/site-packages/neutron/db/agents_db.py:318
2025-04-17 02:26:24.194 28 DEBUG neutron_lib.callbacks.manager [req-fd6baccc-9555-48cd-89a2-3e20f871f9f2 - - - - -] Publish callbacks ['neutron.services.segments.db._update_segment_host_mapping_for_agent-8737073893235', 'neutron.plugins.ml2.plugin.Ml2Plugin._retry_binding_revived_agents--9223372036853207408'] for agent (24a2e4a4-a24b-420e-b264-658c5478186c), after_update _notify_loop /var/lib/kolla/venv/lib/python3.6/site-packages/neutron_lib/callbacks/manager.py:177
2025-04-17 02:26:30.517 22 DEBUG neutron.wsgi [-] (22) accepted ('10.0.0.23', 55926) server /var/lib/kolla/venv/lib/python3.6/site-packages/eventlet/wsgi.py:1004
2025-04-17 02:26:30.522 22 INFO neutron.wsgi [-] 10.0.0.23 "GET / HTTP/1.1" status: 200 len: 227 time: 0.0037615
2025-04-17 02:26:33.582 24 DEBUG neutron_lib.callbacks.manager [req-c7b72a9d-cb95-4912-9789-1d69fd287d30 - - - - -] Publish callbacks ['neutron.services.segments.db._update_segment_host_mapping_for_agent-8737073893235', 'neutron.plugins.ml2.plugin.Ml2Plugin._retry_binding_revived_agents--9223372036853207408'] for agent (7453044c-6e81-42f3-a5d8-bb88303c70e8), after_update _notify_loop /var/lib/kolla/venv/lib/python3.6/site-packages/neutron_lib/callbacks/manager.py:177
2025-04-17 02:26:54.196 26 DEBUG neutron_lib.callbacks.manager [req-fd6baccc-9555-48cd-89a2-3e20f871f9f2 - - - - -] Publish callbacks ['neutron.services.segments.db._update_segment_host_mapping_for_agent-8737073893235', 'neutron.plugins.ml2.plugin.Ml2Plugin._retry_binding_revived_agents--9223372036853207408'] for agent (24a2e4a4-a24b-420e-b264-658c5478186c), after_update _notify_loop /var/lib/kolla/venv/lib/python3.6/site-packages/neutron_lib/callbacks/manager.py:177
2025-04-17 02:26:56.964 29 DEBUG neutron.db.agents_db [req-de141f5a-b578-424f-a98b-8e0cd72dd74c - - - - -] Agent healthcheck: found 2 active agents agent_health_check /var/lib/kolla/venv/lib/python3.6/site-packages/neutron/db/agents_db.py:318
2025-04-17 02:27:00.572 22 DEBUG neutron.wsgi [-] (22) accepted ('10.0.0.23', 35944) server /var/lib/kolla/venv/lib/python3.6/site-packages/eventlet/wsgi.py:1004
2025-04-17 02:27:00.576 22 INFO neutron.wsgi [-] 10.0.0.23 "GET / HTTP/1.1" status: 200 len: 227 time: 0.0030000
2025-04-17 02:27:03.581 23 DEBUG neutron_lib.callbacks.manager [req-b0183cb8-9c49-42f0-8694-dbe9c70cc708 - - - - -] Publish callbacks ['neutron.services.segments.db._update_segment_host_mapping_for_agent-8737073893235', 'neutron.plugins.ml2.plugin.Ml2Plugin._retry_binding_revived_agents--9223372036853207408'] for agent (7453044c-6e81-42f3-a5d8-bb88303c70e8), after_update _notify_loop /var/lib/kolla/venv/lib/python3.6/site-packages/neutron_lib/callbacks/manager.py:177
2025-04-17 02:27:24.200 25 DEBUG neutron_lib.callbacks.manager [req-fd6baccc-9555-48cd-89a2-3e20f871f9f2 - - - - -] Publish callbacks ['neutron.services.segments.db._update_segment_host_mapping_for_agent-8737073893235', 'neutron.plugins.ml2.plugin.Ml2Plugin._retry_binding_revived_agents--9223372036853207408'] for agent (24a2e4a4-a24b-420e-b264-658c5478186c), after_update _notify_loop /var/lib/kolla/venv/lib/python3.6/site-packages/neutron_lib/callbacks/manager.py:177
2025-04-17 02:27:30.624 22 DEBUG neutron.wsgi [-] (22) accepted ('10.0.0.23', 49098) server /var/lib/kolla/venv/lib/python3.6/site-packages/eventlet/wsgi.py:1004
2025-04-17 02:27:30.629 22 INFO neutron.wsgi [-] 10.0.0.23 "GET / HTTP/1.1" status: 200 len: 227 time: 0.0031824
2025-04-17 02:27:33.579 27 DEBUG neutron_lib.callbacks.manager [req-084e5765-abe0-4bb6-8c93-6345615afaca - - - - -] Publish callbacks ['neutron.services.segments.db._update_segment_host_mapping_for_agent-8737073893235', 'neutron.plugins.ml2.plugin.Ml2Plugin._retry_binding_revived_agents--9223372036853207408'] for agent (7453044c-6e81-42f3-a5d8-bb88303c70e8), after_update _notify_loop /var/lib/kolla/venv/lib/python3.6/site-packages/neutron_lib/callbacks/manager.py:177
2025-04-17 02:27:33.971 29 DEBUG neutron.db.agents_db [req-de141f5a-b578-424f-a98b-8e0cd72dd74c - - - - -] Agent healthcheck: found 2 active agents agent_health_check /var/lib/kolla/venv/lib/python3.6/site-packages/neutron/db/agents_db.py:318
2025-04-17 02:27:54.217 28 DEBUG neutron_lib.callbacks.manager [req-fd6baccc-9555-48cd-89a2-3e20f871f9f2 - - - - -] Publish callbacks ['neutron.services.segments.db._update_segment_host_mapping_for_agent-8737073893235', 'neutron.plugins.ml2.plugin.Ml2Plugin._retry_binding_revived_agents--9223372036853207408'] for agent (24a2e4a4-a24b-420e-b264-658c5478186c), after_update _notify_loop /var/lib/kolla/venv/lib/python3.6/site-packages/neutron_lib/callbacks/manager.py:177
2025-04-17 02:28:00.680 22 DEBUG neutron.wsgi [-] (22) accepted ('10.0.0.23', 57076) server /var/lib/kolla/venv/lib/python3.6/site-packages/eventlet/wsgi.py:1004
2025-04-17 02:28:00.684 22 INFO neutron.wsgi [-] 10.0.0.23 "GET / HTTP/1.1" status: 200 len: 227 time: 0.0034239
2025-04-17 02:28:03.578 24 DEBUG neutron_lib.callbacks.manager [req-364d0b30-519c-4acb-8626-3ab65d641993 - - - - -] Publish callbacks ['neutron.services.segments.db._update_segment_host_mapping_for_agent-8737073893235', 'neutron.plugins.ml2.plugin.Ml2Plugin._retry_binding_revived_agents--9223372036853207408'] for agent (7453044c-6e81-42f3-a5d8-bb88303c70e8), after_update _notify_loop /var/lib/kolla/venv/lib/python3.6/site-packages/neutron_lib/callbacks/manager.py:177
2025-04-17 02:28:10.969 29 DEBUG neutron.db.agents_db [req-de141f5a-b578-424f-a98b-8e0cd72dd74c - - - - -] Agent healthcheck: found 2 active agents agent_health_check /var/lib/kolla/venv/lib/python3.6/site-packages/neutron/db/agents_db.py:318
2025-04-17 02:28:24.202 26 DEBUG neutron_lib.callbacks.manager [req-fd6baccc-9555-48cd-89a2-3e20f871f9f2 - - - - -] Publish callbacks ['neutron.services.segments.db._update_segment_host_mapping_for_agent-8737073893235', 'neutron.plugins.ml2.plugin.Ml2Plugin._retry_binding_revived_agents--9223372036853207408'] for agent (24a2e4a4-a24b-420e-b264-658c5478186c), after_update _notify_loop /var/lib/kolla/venv/lib/python3.6/site-packages/neutron_lib/callbacks/manager.py:177
2025-04-17 02:28:30.739 22 DEBUG neutron.wsgi [-] (22) accepted ('10.0.0.23', 43048) server /var/lib/kolla/venv/lib/python3.6/site-packages/eventlet/wsgi.py:1004
2025-04-17 02:28:30.746 22 INFO neutron.wsgi [-] 10.0.0.23 "GET / HTTP/1.1" status: 200 len: 227 time: 0.0049548
2025-04-17 02:28:33.578 23 DEBUG neutron_lib.callbacks.manager [req-abb72620-285d-4633-bc59-3f57a02d05d5 - - - - -] Publish callbacks ['neutron.services.segments.db._update_segment_host_mapping_for_agent-8737073893235', 'neutron.plugins.ml2.plugin.Ml2Plugin._retry_binding_revived_agents--9223372036853207408'] for agent (7453044c-6e81-42f3-a5d8-bb88303c70e8), after_update _notify_loop /var/lib/kolla/venv/lib/python3.6/site-packages/neutron_lib/callbacks/manager.py:177
2025-04-17 02:28:47.977 29 DEBUG neutron.db.agents_db [req-de141f5a-b578-424f-a98b-8e0cd72dd74c - - - - -] Agent healthcheck: found 2 active agents agent_health_check /var/lib/kolla/venv/lib/python3.6/site-packages/neutron/db/agents_db.py:318
2025-04-17 02:28:54.205 25 DEBUG neutron_lib.callbacks.manager [req-fd6baccc-9555-48cd-89a2-3e20f871f9f2 - - - - -] Publish callbacks ['neutron.services.segments.db._update_segment_host_mapping_for_agent-8737073893235', 'neutron.plugins.ml2.plugin.Ml2Plugin._retry_binding_revived_agents--9223372036853207408'] for agent (24a2e4a4-a24b-420e-b264-658c5478186c), after_update _notify_loop /var/lib/kolla/venv/lib/python3.6/site-packages/neutron_lib/callbacks/manager.py:177
2025-04-17 02:29:00.795 22 DEBUG neutron.wsgi [-] (22) accepted ('10.0.0.23', 52164) server /var/lib/kolla/venv/lib/python3.6/site-packages/eventlet/wsgi.py:1004
2025-04-17 02:29:00.801 22 INFO neutron.wsgi [-] 10.0.0.23 "GET / HTTP/1.1" status: 200 len: 227 time: 0.0044625
2025-04-17 02:29:03.583 27 DEBUG neutron_lib.callbacks.manager [req-579e6234-04f4-4fea-907c-2ada4eda3bbf - - - - -] Publish callbacks ['neutron.services.segments.db._update_segment_host_mapping_for_agent-8737073893235', 'neutron.plugins.ml2.plugin.Ml2Plugin._retry_binding_revived_agents--9223372036853207408'] for agent (7453044c-6e81-42f3-a5d8-bb88303c70e8), after_update _notify_loop /var/lib/kolla/venv/lib/python3.6/site-packages/neutron_lib/callbacks/manager.py:177
2025-04-17 02:29:24.202 28 DEBUG neutron_lib.callbacks.manager [req-fd6baccc-9555-48cd-89a2-3e20f871f9f2 - - - - -] Publish callbacks ['neutron.services.segments.db._update_segment_host_mapping_for_agent-8737073893235', 'neutron.plugins.ml2.plugin.Ml2Plugin._retry_binding_revived_agents--9223372036853207408'] for agent (24a2e4a4-a24b-420e-b264-658c5478186c), after_update _notify_loop /var/lib/kolla/venv/lib/python3.6/site-packages/neutron_lib/callbacks/manager.py:177
2025-04-17 02:29:24.975 29 DEBUG neutron.db.agents_db [req-de141f5a-b578-424f-a98b-8e0cd72dd74c - - - - -] Agent healthcheck: found 2 active agents agent_health_check /var/lib/kolla/venv/lib/python3.6/site-packages/neutron/db/agents_db.py:318
2025-04-17 02:29:30.352 7 INFO oslo_service.service [-] Caught SIGTERM, stopping children
2025-04-17 02:29:30.352 7 DEBUG oslo_concurrency.lockutils [-] Acquired lock "singleton_lock" lock /var/lib/kolla/venv/lib/python3.6/site-packages/oslo_concurrency/lockutils.py:294
2025-04-17 02:29:30.353 7 DEBUG oslo_concurrency.lockutils [-] Releasing lock "singleton_lock" lock /var/lib/kolla/venv/lib/python3.6/site-packages/oslo_concurrency/lockutils.py:312
2025-04-17 02:29:30.353 7 DEBUG oslo_service.service [-] Stop services. stop /var/lib/kolla/venv/lib/python3.6/site-packages/oslo_service/service.py:695
2025-04-17 02:29:30.353 7 DEBUG neutron.service [-] calling RpcWorker stop() stop /var/lib/kolla/venv/lib/python3.6/site-packages/neutron/service.py:138
2025-04-17 02:29:30.353 7 DEBUG neutron.service [-] calling RpcWorker stop() stop /var/lib/kolla/venv/lib/python3.6/site-packages/neutron/service.py:138
2025-04-17 02:29:30.354 7 DEBUG oslo_service.service [-] Killing children. stop /var/lib/kolla/venv/lib/python3.6/site-packages/oslo_service/service.py:700
2025-04-17 02:29:30.354 7 INFO oslo_service.service [-] Waiting on 8 children to exit
2025-04-17 02:29:30.354 28 DEBUG neutron.service [-] calling RpcWorker stop() stop /var/lib/kolla/venv/lib/python3.6/site-packages/neutron/service.py:138
2025-04-17 02:29:30.355 22 INFO neutron.wsgi [-] (22) wsgi exited, is_accepting=True
2025-04-17 02:29:30.355 25 DEBUG neutron.service [-] calling RpcWorker stop() stop /var/lib/kolla/venv/lib/python3.6/site-packages/neutron/service.py:138
2025-04-17 02:29:30.356 26 DEBUG neutron.service [-] calling RpcWorker stop() stop /var/lib/kolla/venv/lib/python3.6/site-packages/neutron/service.py:138
2025-04-17 02:29:30.355 28 DEBUG neutron.service [-] calling stop on stop /var/lib/kolla/venv/lib/python3.6/site-packages/neutron/service.py:141
2025-04-17 02:29:30.355 25 DEBUG neutron.service [-] calling stop on stop /var/lib/kolla/venv/lib/python3.6/site-packages/neutron/service.py:141
2025-04-17 02:29:30.359 24 DEBUG neutron.service [-] calling RpcWorker stop() stop /var/lib/kolla/venv/lib/python3.6/site-packages/neutron/service.py:138
2025-04-17 02:29:30.359 29 DEBUG neutron.service [-] calling RpcWorker stop() stop /var/lib/kolla/venv/lib/python3.6/site-packages/neutron/service.py:138
2025-04-17 02:29:30.357 22 DEBUG oslo_concurrency.lockutils [req-8d0c5c14-ec45-4aba-bec9-6be4aead6ecf - - - - -] Acquired lock "singleton_lock" lock /var/lib/kolla/venv/lib/python3.6/site-packages/oslo_concurrency/lockutils.py:294
2025-04-17 02:29:30.360 22 DEBUG oslo_concurrency.lockutils [req-8d0c5c14-ec45-4aba-bec9-6be4aead6ecf - - - - -] Releasing lock "singleton_lock" lock /var/lib/kolla/venv/lib/python3.6/site-packages/oslo_concurrency/lockutils.py:312
2025-04-17 02:29:30.360 29 DEBUG neutron.service [-] calling stop on stop /var/lib/kolla/venv/lib/python3.6/site-packages/neutron/service.py:141
2025-04-17 02:29:30.363 23 DEBUG neutron.service [-] calling RpcWorker stop() stop /var/lib/kolla/venv/lib/python3.6/site-packages/neutron/service.py:138
2025-04-17 02:29:30.364 23 DEBUG neutron.service [-] calling stop on stop /var/lib/kolla/venv/lib/python3.6/site-packages/neutron/service.py:141
2025-04-17 02:29:30.357 26 DEBUG neutron.service [-] calling stop on stop /var/lib/kolla/venv/lib/python3.6/site-packages/neutron/service.py:141
2025-04-17 02:29:30.359 24 DEBUG neutron.service [-] calling stop on stop /var/lib/kolla/venv/lib/python3.6/site-packages/neutron/service.py:141
2025-04-17 02:29:30.368 27 DEBUG neutron.service [-] calling RpcWorker stop() stop /var/lib/kolla/venv/lib/python3.6/site-packages/neutron/service.py:138
2025-04-17 02:29:30.368 7 INFO oslo_service.service [-] Child 22 exited with status 0
2025-04-17 02:29:30.369 27 DEBUG neutron.service [-] calling stop on stop /var/lib/kolla/venv/lib/python3.6/site-packages/neutron/service.py:141
2025-04-17 02:29:31.777 27 DEBUG oslo_concurrency.lockutils [req-8d0c5c14-ec45-4aba-bec9-6be4aead6ecf - - - - -] Acquired lock "singleton_lock" lock /var/lib/kolla/venv/lib/python3.6/site-packages/oslo_concurrency/lockutils.py:294
2025-04-17 02:29:31.778 27 DEBUG oslo_concurrency.lockutils [req-8d0c5c14-ec45-4aba-bec9-6be4aead6ecf - - - - -] Releasing lock "singleton_lock" lock /var/lib/kolla/venv/lib/python3.6/site-packages/oslo_concurrency/lockutils.py:312
2025-04-17 02:29:31.778 27 DEBUG neutron.service [req-8d0c5c14-ec45-4aba-bec9-6be4aead6ecf - - - - -] calling RpcWorker wait() _wait /var/lib/kolla/venv/lib/python3.6/site-packages/neutron/service.py:128
2025-04-17 02:29:31.778 27 DEBUG neutron.service [req-8d0c5c14-ec45-4aba-bec9-6be4aead6ecf - - - - -] calling wait on _wait /var/lib/kolla/venv/lib/python3.6/site-packages/neutron/service.py:131
2025-04-17 02:29:31.786 27 WARNING amqp [req-8d0c5c14-ec45-4aba-bec9-6be4aead6ecf - - - - -] Received method (60, 30) during closing channel 1. This method will be ignored
2025-04-17 02:29:31.788 27 DEBUG neutron.service [req-8d0c5c14-ec45-4aba-bec9-6be4aead6ecf - - - - -] returning from RpcWorker wait() _wait /var/lib/kolla/venv/lib/python3.6/site-packages/neutron/service.py:135
2025-04-17 02:29:31.796 7 INFO oslo_service.service [-] Child 27 exited with status 0
2025-04-17 02:29:32.399 28 DEBUG oslo_concurrency.lockutils [req-8d0c5c14-ec45-4aba-bec9-6be4aead6ecf - - - - -] Acquired lock "singleton_lock" lock /var/lib/kolla/venv/lib/python3.6/site-packages/oslo_concurrency/lockutils.py:294
2025-04-17 02:29:32.399 28 DEBUG oslo_concurrency.lockutils [req-8d0c5c14-ec45-4aba-bec9-6be4aead6ecf - - - - -] Releasing lock "singleton_lock" lock /var/lib/kolla/venv/lib/python3.6/site-packages/oslo_concurrency/lockutils.py:312
2025-04-17 02:29:32.399 28 DEBUG neutron.service [req-8d0c5c14-ec45-4aba-bec9-6be4aead6ecf - - - - -] calling RpcWorker wait() _wait /var/lib/kolla/venv/lib/python3.6/site-packages/neutron/service.py:128
2025-04-17 02:29:32.399 28 DEBUG neutron.service [req-8d0c5c14-ec45-4aba-bec9-6be4aead6ecf - - - - -] calling wait on _wait /var/lib/kolla/venv/lib/python3.6/site-packages/neutron/service.py:131
2025-04-17 02:29:32.406 28 WARNING amqp [req-8d0c5c14-ec45-4aba-bec9-6be4aead6ecf - - - - -] Received method (60, 30) during closing channel 1. This method will be ignored
2025-04-17 02:29:32.412 28 DEBUG neutron.service [req-8d0c5c14-ec45-4aba-bec9-6be4aead6ecf - - - - -] returning from RpcWorker wait() _wait /var/lib/kolla/venv/lib/python3.6/site-packages/neutron/service.py:135
2025-04-17 02:29:32.417 7 INFO oslo_service.service [-] Child 28 exited with status 0
2025-04-17 02:29:32.961 23 DEBUG neutron.service [-] calling stop on stop /var/lib/kolla/venv/lib/python3.6/site-packages/neutron/service.py:141
2025-04-17 02:29:32.969 24 DEBUG neutron.service [-] calling stop on stop /var/lib/kolla/venv/lib/python3.6/site-packages/neutron/service.py:141
2025-04-17 02:29:32.981 23 DEBUG neutron.service [-] calling stop on stop /var/lib/kolla/venv/lib/python3.6/site-packages/neutron/service.py:141
2025-04-17 02:29:32.990 24 DEBUG neutron.service [-] calling stop on stop /var/lib/kolla/venv/lib/python3.6/site-packages/neutron/service.py:141
2025-04-17 02:29:32.997 29 DEBUG oslo_concurrency.lockutils [req-8d0c5c14-ec45-4aba-bec9-6be4aead6ecf - - - - -] Acquired lock "singleton_lock" lock /var/lib/kolla/venv/lib/python3.6/site-packages/oslo_concurrency/lockutils.py:294
2025-04-17 02:29:32.997 29 DEBUG oslo_concurrency.lockutils [req-8d0c5c14-ec45-4aba-bec9-6be4aead6ecf - - - - -] Releasing lock "singleton_lock" lock /var/lib/kolla/venv/lib/python3.6/site-packages/oslo_concurrency/lockutils.py:312
2025-04-17 02:29:32.998 29 DEBUG neutron.service [req-8d0c5c14-ec45-4aba-bec9-6be4aead6ecf - - - - -] calling RpcWorker wait() _wait /var/lib/kolla/venv/lib/python3.6/site-packages/neutron/service.py:128
2025-04-17 02:29:32.998 29 DEBUG neutron.service [req-8d0c5c14-ec45-4aba-bec9-6be4aead6ecf - - - - -] calling wait on _wait /var/lib/kolla/venv/lib/python3.6/site-packages/neutron/service.py:131
2025-04-17 02:29:33.006 29 WARNING amqp [req-8d0c5c14-ec45-4aba-bec9-6be4aead6ecf - - - - -] Received method (60, 30) during closing channel 1. This method will be ignored
2025-04-17 02:29:33.007 25 DEBUG neutron.service [-] calling stop on stop /var/lib/kolla/venv/lib/python3.6/site-packages/neutron/service.py:141
2025-04-17 02:29:33.008 29 DEBUG neutron.service [req-8d0c5c14-ec45-4aba-bec9-6be4aead6ecf - - - - -] returning from RpcWorker wait() _wait /var/lib/kolla/venv/lib/python3.6/site-packages/neutron/service.py:135
2025-04-17 02:29:33.010 24 DEBUG neutron.service [-] calling stop on stop /var/lib/kolla/venv/lib/python3.6/site-packages/neutron/service.py:141
2025-04-17 02:29:33.013 26 DEBUG oslo_concurrency.lockutils [req-8d0c5c14-ec45-4aba-bec9-6be4aead6ecf - - - - -] Acquired lock "singleton_lock" lock /var/lib/kolla/venv/lib/python3.6/site-packages/oslo_concurrency/lockutils.py:294
2025-04-17 02:29:33.013 26 DEBUG oslo_concurrency.lockutils [req-8d0c5c14-ec45-4aba-bec9-6be4aead6ecf - - - - -] Releasing lock "singleton_lock" lock /var/lib/kolla/venv/lib/python3.6/site-packages/oslo_concurrency/lockutils.py:312
2025-04-17 02:29:33.014 26 DEBUG neutron.service [req-8d0c5c14-ec45-4aba-bec9-6be4aead6ecf - - - - -] calling RpcWorker wait() _wait /var/lib/kolla/venv/lib/python3.6/site-packages/neutron/service.py:128
2025-04-17 02:29:33.014 26 DEBUG neutron.service [req-8d0c5c14-ec45-4aba-bec9-6be4aead6ecf - - - - -] calling wait on _wait /var/lib/kolla/venv/lib/python3.6/site-packages/neutron/service.py:131
2025-04-17 02:29:33.017 23 DEBUG neutron.service [-] calling stop on stop /var/lib/kolla/venv/lib/python3.6/site-packages/neutron/service.py:141
