2025-04-03 02:07:26.902 7 DEBUG oslo_service.service [-] ml2_type_gre.tunnel_id_ranges = [] log_opt_values /var/lib/kolla/venv/lib/python3.6/site-packages/oslo_config/cfg.py:2611
2025-04-03 02:07:26.902 7 DEBUG oslo_service.service [-] ml2_type_vlan.network_vlan_ranges = [] log_opt_values /var/lib/kolla/venv/lib/python3.6/site-packages/oslo_config/cfg.py:2611
2025-04-03 02:07:26.902 7 DEBUG oslo_service.service [-] ml2_type_vxlan.vni_ranges = [] log_opt_values /var/lib/kolla/venv/lib/python3.6/site-packages/oslo_config/cfg.py:2611
2025-04-03 02:07:26.902 7 DEBUG oslo_service.service [-] ml2_type_vxlan.vxlan_group = None log_opt_values /var/lib/kolla/venv/lib/python3.6/site-packages/oslo_config/cfg.py:2611
2025-04-03 02:07:26.902 7 DEBUG oslo_service.service [-] database.backend = sqlalchemy log_opt_values /var/lib/kolla/venv/lib/python3.6/site-packages/oslo_config/cfg.py:2611
2025-04-03 02:07:26.902 7 DEBUG oslo_service.service [-] database.connection = **** log_opt_values /var/lib/kolla/venv/lib/python3.6/site-packages/oslo_config/cfg.py:2611
2025-04-03 02:07:26.902 7 DEBUG oslo_service.service [-] database.connection_debug = 0 log_opt_values /var/lib/kolla/venv/lib/python3.6/site-packages/oslo_config/cfg.py:2611
2025-04-03 02:07:26.902 7 DEBUG oslo_service.service [-] database.connection_parameters = log_opt_values /var/lib/kolla/venv/lib/python3.6/site-packages/oslo_config/cfg.py:2611
2025-04-03 02:07:26.902 7 DEBUG oslo_service.service [-] database.connection_recycle_time = 10 log_opt_values /var/lib/kolla/venv/lib/python3.6/site-packages/oslo_config/cfg.py:2611
2025-04-03 02:07:26.902 7 DEBUG oslo_service.service [-] database.connection_trace = False log_opt_values /var/lib/kolla/venv/lib/python3.6/site-packages/oslo_config/cfg.py:2611
2025-04-03 02:07:26.902 7 DEBUG oslo_service.service [-] database.db_inc_retry_interval = True log_opt_values /var/lib/kolla/venv/lib/python3.6/site-packages/oslo_config/cfg.py:2611
2025-04-03 02:07:26.902 7 DEBUG oslo_service.service [-] database.db_max_retries = 20 log_opt_values /var/lib/kolla/venv/lib/python3.6/site-packages/oslo_config/cfg.py:2611
2025-04-03 02:07:26.903 7 DEBUG oslo_service.service [-] database.db_max_retry_interval = 10 log_opt_values /var/lib/kolla/venv/lib/python3.6/site-packages/oslo_config/cfg.py:2611
2025-04-03 02:07:26.903 7 DEBUG oslo_service.service [-] database.db_retry_interval = 1 log_opt_values /var/lib/kolla/venv/lib/python3.6/site-packages/oslo_config/cfg.py:2611
2025-04-03 02:07:26.903 7 DEBUG oslo_service.service [-] database.max_overflow = 50 log_opt_values /var/lib/kolla/venv/lib/python3.6/site-packages/oslo_config/cfg.py:2611
2025-04-03 02:07:26.903 7 DEBUG oslo_service.service [-] database.max_pool_size = 1 log_opt_values /var/lib/kolla/venv/lib/python3.6/site-packages/oslo_config/cfg.py:2611
2025-04-03 02:07:26.903 7 DEBUG oslo_service.service [-] database.max_retries = -1 log_opt_values /var/lib/kolla/venv/lib/python3.6/site-packages/oslo_config/cfg.py:2611
2025-04-03 02:07:26.903 7 DEBUG oslo_service.service [-] database.mysql_enable_ndb = False log_opt_values /var/lib/kolla/venv/lib/python3.6/site-packages/oslo_config/cfg.py:2611
2025-04-03 02:07:26.903 7 DEBUG oslo_service.service [-] database.mysql_sql_mode = TRADITIONAL log_opt_values /var/lib/kolla/venv/lib/python3.6/site-packages/oslo_config/cfg.py:2611
2025-04-03 02:07:26.903 7 DEBUG oslo_service.service [-] database.pool_timeout = None log_opt_values /var/lib/kolla/venv/lib/python3.6/site-packages/oslo_config/cfg.py:2611
2025-04-03 02:07:26.903 7 DEBUG oslo_service.service [-] database.retry_interval = 10 log_opt_values /var/lib/kolla/venv/lib/python3.6/site-packages/oslo_config/cfg.py:2611
2025-04-03 02:07:26.903 7 DEBUG oslo_service.service [-] database.slave_connection = **** log_opt_values /var/lib/kolla/venv/lib/python3.6/site-packages/oslo_config/cfg.py:2611
2025-04-03 02:07:26.903 7 DEBUG oslo_service.service [-] database.sqlite_synchronous = True log_opt_values /var/lib/kolla/venv/lib/python3.6/site-packages/oslo_config/cfg.py:2611
2025-04-03 02:07:26.903 7 DEBUG oslo_service.service [-] database.use_db_reconnect = False log_opt_values /var/lib/kolla/venv/lib/python3.6/site-packages/oslo_config/cfg.py:2611
2025-04-03 02:07:26.904 7 DEBUG oslo_service.service [-] ******************************************************************************** log_opt_values /var/lib/kolla/venv/lib/python3.6/site-packages/oslo_config/cfg.py:2613
2025-04-03 02:07:28.558 22 DEBUG neutron.wsgi [-] (22) accepted ('10.0.0.54', 46714) server /var/lib/kolla/venv/lib/python3.6/site-packages/eventlet/wsgi.py:1004
2025-04-03 02:07:28.564 22 INFO neutron.wsgi [-] 10.0.0.54 "GET / HTTP/1.1" status: 200 len: 227 time: 0.0048385
2025-04-03 02:07:36.783 24 DEBUG neutron.api.rpc.handlers.dhcp_rpc [req-9401b933-a0ef-44c6-a3ab-c4e5e948b17c - - - - -] get_active_networks_info from cn-jenkins-deploy-platform-ansible-os-3025-1 get_active_networks_info /var/lib/kolla/venv/lib/python3.6/site-packages/neutron/api/rpc/handlers/dhcp_rpc.py:159
2025-04-03 02:07:36.804 28 DEBUG neutron_lib.callbacks.manager [req-04e7aa2e-0815-4094-bd8d-c4c971f5df85 - - - - -] Publish callbacks ['neutron.services.segments.db._update_segment_host_mapping_for_agent-8762236888947', 'neutron.services.l3_router.l3_router_plugin.DVRResourceOperationHandler.create_fip_agent_gw_ports-67074307'] for agent (5f15be97-aa06-4833-99d6-be77ecabc893), after_create _notify_loop /var/lib/kolla/venv/lib/python3.6/site-packages/neutron_lib/callbacks/manager.py:177
2025-04-03 02:07:36.824 24 DEBUG neutron.scheduler.dhcp_agent_scheduler [req-9401b933-a0ef-44c6-a3ab-c4e5e948b17c - - - - -] No non-hosted networks auto_schedule_networks /var/lib/kolla/venv/lib/python3.6/site-packages/neutron/scheduler/dhcp_agent_scheduler.py:60
2025-04-03 02:07:58.469 26 DEBUG neutron_lib.callbacks.manager [req-509737a0-7f50-4445-97ba-e420f4115ae3 - - - - -] Publish callbacks ['neutron.services.segments.db._update_segment_host_mapping_for_agent-8762236888947', 'neutron.services.l3_router.l3_router_plugin.DVRResourceOperationHandler.create_fip_agent_gw_ports-67074307'] for agent (2c64801f-2bb0-4339-b738-f3bfe565f0d4), after_create _notify_loop /var/lib/kolla/venv/lib/python3.6/site-packages/neutron_lib/callbacks/manager.py:177
2025-04-03 02:07:58.615 22 DEBUG neutron.wsgi [-] (22) accepted ('10.0.0.54', 42130) server /var/lib/kolla/venv/lib/python3.6/site-packages/eventlet/wsgi.py:1004
2025-04-03 02:07:58.619 22 INFO neutron.wsgi [-] 10.0.0.54 "GET / HTTP/1.1" status: 200 len: 227 time: 0.0030508
2025-04-03 02:08:06.784 27 DEBUG neutron_lib.callbacks.manager [req-5a73c5a3-7370-48b5-830b-deee9a8f3dc6 - - - - -] Publish callbacks ['neutron.services.segments.db._update_segment_host_mapping_for_agent-8762236888947', 'neutron.plugins.ml2.plugin.Ml2Plugin._retry_binding_revived_agents-796296'] for agent (5f15be97-aa06-4833-99d6-be77ecabc893), after_update _notify_loop /var/lib/kolla/venv/lib/python3.6/site-packages/neutron_lib/callbacks/manager.py:177
2025-04-03 02:08:22.806 29 DEBUG neutron.db.agents_db [req-fc71edac-935b-4159-87c9-50984e039c8d - - - - -] Agent healthcheck: found 2 active agents agent_health_check /var/lib/kolla/venv/lib/python3.6/site-packages/neutron/db/agents_db.py:318
2025-04-03 02:08:28.434 24 DEBUG neutron_lib.callbacks.manager [req-509737a0-7f50-4445-97ba-e420f4115ae3 - - - - -] Publish callbacks ['neutron.services.segments.db._update_segment_host_mapping_for_agent-8762236888947', 'neutron.plugins.ml2.plugin.Ml2Plugin._retry_binding_revived_agents-796296'] for agent (2c64801f-2bb0-4339-b738-f3bfe565f0d4), after_update _notify_loop /var/lib/kolla/venv/lib/python3.6/site-packages/neutron_lib/callbacks/manager.py:177
2025-04-03 02:08:28.669 22 DEBUG neutron.wsgi [-] (22) accepted ('10.0.0.54', 33386) server /var/lib/kolla/venv/lib/python3.6/site-packages/eventlet/wsgi.py:1004
2025-04-03 02:08:28.674 22 INFO neutron.wsgi [-] 10.0.0.54 "GET / HTTP/1.1" status: 200 len: 227 time: 0.0038998
2025-04-03 02:08:36.800 23 DEBUG neutron_lib.callbacks.manager [req-202f675d-8607-4983-8ded-a60d6dacfa23 - - - - -] Publish callbacks ['neutron.services.segments.db._update_segment_host_mapping_for_agent-8762236888947', 'neutron.plugins.ml2.plugin.Ml2Plugin._retry_binding_revived_agents-796296'] for agent (5f15be97-aa06-4833-99d6-be77ecabc893), after_update _notify_loop /var/lib/kolla/venv/lib/python3.6/site-packages/neutron_lib/callbacks/manager.py:177
2025-04-03 02:08:58.446 25 DEBUG neutron_lib.callbacks.manager [req-509737a0-7f50-4445-97ba-e420f4115ae3 - - - - -] Publish callbacks ['neutron.services.segments.db._update_segment_host_mapping_for_agent-8762236888947', 'neutron.plugins.ml2.plugin.Ml2Plugin._retry_binding_revived_agents-796296'] for agent (2c64801f-2bb0-4339-b738-f3bfe565f0d4), after_update _notify_loop /var/lib/kolla/venv/lib/python3.6/site-packages/neutron_lib/callbacks/manager.py:177
2025-04-03 02:08:58.725 22 DEBUG neutron.wsgi [-] (22) accepted ('10.0.0.54', 49522) server /var/lib/kolla/venv/lib/python3.6/site-packages/eventlet/wsgi.py:1004
2025-04-03 02:08:58.732 22 INFO neutron.wsgi [-] 10.0.0.54 "GET / HTTP/1.1" status: 200 len: 227 time: 0.0053258
2025-04-03 02:08:59.802 29 DEBUG neutron.db.agents_db [req-fc71edac-935b-4159-87c9-50984e039c8d - - - - -] Agent healthcheck: found 2 active agents agent_health_check /var/lib/kolla/venv/lib/python3.6/site-packages/neutron/db/agents_db.py:318
2025-04-03 02:09:06.775 28 DEBUG neutron_lib.callbacks.manager [req-83543e93-5128-4298-a942-ce6b584595ce - - - - -] Publish callbacks ['neutron.services.segments.db._update_segment_host_mapping_for_agent-8762236888947', 'neutron.plugins.ml2.plugin.Ml2Plugin._retry_binding_revived_agents-796296'] for agent (5f15be97-aa06-4833-99d6-be77ecabc893), after_update _notify_loop /var/lib/kolla/venv/lib/python3.6/site-packages/neutron_lib/callbacks/manager.py:177
2025-04-03 02:09:28.434 26 DEBUG neutron_lib.callbacks.manager [req-509737a0-7f50-4445-97ba-e420f4115ae3 - - - - -] Publish callbacks ['neutron.services.segments.db._update_segment_host_mapping_for_agent-8762236888947', 'neutron.plugins.ml2.plugin.Ml2Plugin._retry_binding_revived_agents-796296'] for agent (2c64801f-2bb0-4339-b738-f3bfe565f0d4), after_update _notify_loop /var/lib/kolla/venv/lib/python3.6/site-packages/neutron_lib/callbacks/manager.py:177
2025-04-03 02:09:28.778 22 DEBUG neutron.wsgi [-] (22) accepted ('10.0.0.54', 45400) server /var/lib/kolla/venv/lib/python3.6/site-packages/eventlet/wsgi.py:1004
2025-04-03 02:09:28.782 22 INFO neutron.wsgi [-] 10.0.0.54 "GET / HTTP/1.1" status: 200 len: 227 time: 0.0032423
2025-04-03 02:09:36.769 27 DEBUG neutron_lib.callbacks.manager [req-6221fbb5-b7ab-424e-85dd-0b2a21d66dac - - - - -] Publish callbacks ['neutron.services.segments.db._update_segment_host_mapping_for_agent-8762236888947', 'neutron.plugins.ml2.plugin.Ml2Plugin._retry_binding_revived_agents-796296'] for agent (5f15be97-aa06-4833-99d6-be77ecabc893), after_update _notify_loop /var/lib/kolla/venv/lib/python3.6/site-packages/neutron_lib/callbacks/manager.py:177
2025-04-03 02:09:36.811 29 DEBUG neutron.db.agents_db [req-fc71edac-935b-4159-87c9-50984e039c8d - - - - -] Agent healthcheck: found 2 active agents agent_health_check /var/lib/kolla/venv/lib/python3.6/site-packages/neutron/db/agents_db.py:318
2025-04-03 02:09:58.434 24 DEBUG neutron_lib.callbacks.manager [req-509737a0-7f50-4445-97ba-e420f4115ae3 - - - - -] Publish callbacks ['neutron.services.segments.db._update_segment_host_mapping_for_agent-8762236888947', 'neutron.plugins.ml2.plugin.Ml2Plugin._retry_binding_revived_agents-796296'] for agent (2c64801f-2bb0-4339-b738-f3bfe565f0d4), after_update _notify_loop /var/lib/kolla/venv/lib/python3.6/site-packages/neutron_lib/callbacks/manager.py:177
2025-04-03 02:09:58.828 22 DEBUG neutron.wsgi [-] (22) accepted ('10.0.0.54', 40892) server /var/lib/kolla/venv/lib/python3.6/site-packages/eventlet/wsgi.py:1004
2025-04-03 02:09:58.832 22 INFO neutron.wsgi [-] 10.0.0.54 "GET / HTTP/1.1" status: 200 len: 227 time: 0.0029697
2025-04-03 02:10:06.774 23 DEBUG neutron_lib.callbacks.manager [req-0bf10549-b9cd-4c99-944a-ecd62b1159e6 - - - - -] Publish callbacks ['neutron.services.segments.db._update_segment_host_mapping_for_agent-8762236888947', 'neutron.plugins.ml2.plugin.Ml2Plugin._retry_binding_revived_agents-796296'] for agent (5f15be97-aa06-4833-99d6-be77ecabc893), after_update _notify_loop /var/lib/kolla/venv/lib/python3.6/site-packages/neutron_lib/callbacks/manager.py:177
2025-04-03 02:10:13.808 29 DEBUG neutron.db.agents_db [req-fc71edac-935b-4159-87c9-50984e039c8d - - - - -] Agent healthcheck: found 2 active agents agent_health_check /var/lib/kolla/venv/lib/python3.6/site-packages/neutron/db/agents_db.py:318
2025-04-03 02:10:28.435 25 DEBUG neutron_lib.callbacks.manager [req-509737a0-7f50-4445-97ba-e420f4115ae3 - - - - -] Publish callbacks ['neutron.services.segments.db._update_segment_host_mapping_for_agent-8762236888947', 'neutron.plugins.ml2.plugin.Ml2Plugin._retry_binding_revived_agents-796296'] for agent (2c64801f-2bb0-4339-b738-f3bfe565f0d4), after_update _notify_loop /var/lib/kolla/venv/lib/python3.6/site-packages/neutron_lib/callbacks/manager.py:177
2025-04-03 02:10:28.880 22 DEBUG neutron.wsgi [-] (22) accepted ('10.0.0.54', 32884) server /var/lib/kolla/venv/lib/python3.6/site-packages/eventlet/wsgi.py:1004
2025-04-03 02:10:28.884 22 INFO neutron.wsgi [-] 10.0.0.54 "GET / HTTP/1.1" status: 200 len: 227 time: 0.0030086
2025-04-03 02:10:36.774 28 DEBUG neutron_lib.callbacks.manager [req-d5b895b3-b939-4d0f-9374-84a24111e428 - - - - -] Publish callbacks ['neutron.services.segments.db._update_segment_host_mapping_for_agent-8762236888947', 'neutron.plugins.ml2.plugin.Ml2Plugin._retry_binding_revived_agents-796296'] for agent (5f15be97-aa06-4833-99d6-be77ecabc893), after_update _notify_loop /var/lib/kolla/venv/lib/python3.6/site-packages/neutron_lib/callbacks/manager.py:177
2025-04-03 02:10:50.806 29 DEBUG neutron.db.agents_db [req-fc71edac-935b-4159-87c9-50984e039c8d - - - - -] Agent healthcheck: found 2 active agents agent_health_check /var/lib/kolla/venv/lib/python3.6/site-packages/neutron/db/agents_db.py:318
2025-04-03 02:10:58.436 26 DEBUG neutron_lib.callbacks.manager [req-509737a0-7f50-4445-97ba-e420f4115ae3 - - - - -] Publish callbacks ['neutron.services.segments.db._update_segment_host_mapping_for_agent-8762236888947', 'neutron.plugins.ml2.plugin.Ml2Plugin._retry_binding_revived_agents-796296'] for agent (2c64801f-2bb0-4339-b738-f3bfe565f0d4), after_update _notify_loop /var/lib/kolla/venv/lib/python3.6/site-packages/neutron_lib/callbacks/manager.py:177
2025-04-03 02:10:58.929 22 DEBUG neutron.wsgi [-] (22) accepted ('10.0.0.54', 51022) server /var/lib/kolla/venv/lib/python3.6/site-packages/eventlet/wsgi.py:1004
2025-04-03 02:10:58.933 22 INFO neutron.wsgi [-] 10.0.0.54 "GET / HTTP/1.1" status: 200 len: 227 time: 0.0028615
2025-04-03 02:11:06.771 27 DEBUG neutron_lib.callbacks.manager [req-a9c4ddca-1c3f-4ba4-912d-e78b00598860 - - - - -] Publish callbacks ['neutron.services.segments.db._update_segment_host_mapping_for_agent-8762236888947', 'neutron.plugins.ml2.plugin.Ml2Plugin._retry_binding_revived_agents-796296'] for agent (5f15be97-aa06-4833-99d6-be77ecabc893), after_update _notify_loop /var/lib/kolla/venv/lib/python3.6/site-packages/neutron_lib/callbacks/manager.py:177
2025-04-03 02:11:27.813 29 DEBUG neutron.db.agents_db [req-fc71edac-935b-4159-87c9-50984e039c8d - - - - -] Agent healthcheck: found 2 active agents agent_health_check /var/lib/kolla/venv/lib/python3.6/site-packages/neutron/db/agents_db.py:318
2025-04-03 02:11:28.440 24 DEBUG neutron_lib.callbacks.manager [req-509737a0-7f50-4445-97ba-e420f4115ae3 - - - - -] Publish callbacks ['neutron.services.segments.db._update_segment_host_mapping_for_agent-8762236888947', 'neutron.plugins.ml2.plugin.Ml2Plugin._retry_binding_revived_agents-796296'] for agent (2c64801f-2bb0-4339-b738-f3bfe565f0d4), after_update _notify_loop /var/lib/kolla/venv/lib/python3.6/site-packages/neutron_lib/callbacks/manager.py:177
2025-04-03 02:11:28.978 22 DEBUG neutron.wsgi [-] (22) accepted ('10.0.0.54', 43562) server /var/lib/kolla/venv/lib/python3.6/site-packages/eventlet/wsgi.py:1004
2025-04-03 02:11:28.981 22 INFO neutron.wsgi [-] 10.0.0.54 "GET / HTTP/1.1" status: 200 len: 227 time: 0.0025294
2025-04-03 02:11:36.771 23 DEBUG neutron_lib.callbacks.manager [req-7ca73249-9017-4129-aed6-cd3a65af57dd - - - - -] Publish callbacks ['neutron.services.segments.db._update_segment_host_mapping_for_agent-8762236888947', 'neutron.plugins.ml2.plugin.Ml2Plugin._retry_binding_revived_agents-796296'] for agent (5f15be97-aa06-4833-99d6-be77ecabc893), after_update _notify_loop /var/lib/kolla/venv/lib/python3.6/site-packages/neutron_lib/callbacks/manager.py:177
2025-04-03 02:11:58.443 25 DEBUG neutron_lib.callbacks.manager [req-509737a0-7f50-4445-97ba-e420f4115ae3 - - - - -] Publish callbacks ['neutron.services.segments.db._update_segment_host_mapping_for_agent-8762236888947', 'neutron.plugins.ml2.plugin.Ml2Plugin._retry_binding_revived_agents-796296'] for agent (2c64801f-2bb0-4339-b738-f3bfe565f0d4), after_update _notify_loop /var/lib/kolla/venv/lib/python3.6/site-packages/neutron_lib/callbacks/manager.py:177
2025-04-03 02:11:59.029 22 DEBUG neutron.wsgi [-] (22) accepted ('10.0.0.54', 44728) server /var/lib/kolla/venv/lib/python3.6/site-packages/eventlet/wsgi.py:1004
2025-04-03 02:11:59.035 22 INFO neutron.wsgi [-] 10.0.0.54 "GET / HTTP/1.1" status: 200 len: 227 time: 0.0050445
2025-04-03 02:12:04.820 29 DEBUG neutron.db.agents_db [req-fc71edac-935b-4159-87c9-50984e039c8d - - - - -] Agent healthcheck: found 2 active agents agent_health_check /var/lib/kolla/venv/lib/python3.6/site-packages/neutron/db/agents_db.py:318
2025-04-03 02:12:06.774 28 DEBUG neutron_lib.callbacks.manager [req-bdc72dee-72cd-46a8-a05f-72045ba200fc - - - - -] Publish callbacks ['neutron.services.segments.db._update_segment_host_mapping_for_agent-8762236888947', 'neutron.plugins.ml2.plugin.Ml2Plugin._retry_binding_revived_agents-796296'] for agent (5f15be97-aa06-4833-99d6-be77ecabc893), after_update _notify_loop /var/lib/kolla/venv/lib/python3.6/site-packages/neutron_lib/callbacks/manager.py:177
2025-04-03 02:12:28.449 26 DEBUG neutron_lib.callbacks.manager [req-509737a0-7f50-4445-97ba-e420f4115ae3 - - - - -] Publish callbacks ['neutron.services.segments.db._update_segment_host_mapping_for_agent-8762236888947', 'neutron.plugins.ml2.plugin.Ml2Plugin._retry_binding_revived_agents-796296'] for agent (2c64801f-2bb0-4339-b738-f3bfe565f0d4), after_update _notify_loop /var/lib/kolla/venv/lib/python3.6/site-packages/neutron_lib/callbacks/manager.py:177
2025-04-03 02:12:29.081 22 DEBUG neutron.wsgi [-] (22) accepted ('10.0.0.54', 46238) server /var/lib/kolla/venv/lib/python3.6/site-packages/eventlet/wsgi.py:1004
2025-04-03 02:12:29.085 22 INFO neutron.wsgi [-] 10.0.0.54 "GET / HTTP/1.1" status: 200 len: 227 time: 0.0029495
2025-04-03 02:12:36.774 27 DEBUG neutron_lib.callbacks.manager [req-3eced312-6bed-40ac-b36b-1c9e410508dd - - - - -] Publish callbacks ['neutron.services.segments.db._update_segment_host_mapping_for_agent-8762236888947', 'neutron.plugins.ml2.plugin.Ml2Plugin._retry_binding_revived_agents-796296'] for agent (5f15be97-aa06-4833-99d6-be77ecabc893), after_update _notify_loop /var/lib/kolla/venv/lib/python3.6/site-packages/neutron_lib/callbacks/manager.py:177
2025-04-03 02:12:41.821 29 DEBUG neutron.db.agents_db [req-fc71edac-935b-4159-87c9-50984e039c8d - - - - -] Agent healthcheck: found 2 active agents agent_health_check /var/lib/kolla/venv/lib/python3.6/site-packages/neutron/db/agents_db.py:318
2025-04-03 02:12:58.449 24 DEBUG neutron_lib.callbacks.manager [req-509737a0-7f50-4445-97ba-e420f4115ae3 - - - - -] Publish callbacks ['neutron.services.segments.db._update_segment_host_mapping_for_agent-8762236888947', 'neutron.plugins.ml2.plugin.Ml2Plugin._retry_binding_revived_agents-796296'] for agent (2c64801f-2bb0-4339-b738-f3bfe565f0d4), after_update _notify_loop /var/lib/kolla/venv/lib/python3.6/site-packages/neutron_lib/callbacks/manager.py:177
2025-04-03 02:12:59.138 22 DEBUG neutron.wsgi [-] (22) accepted ('10.0.0.54', 35272) server /var/lib/kolla/venv/lib/python3.6/site-packages/eventlet/wsgi.py:1004
2025-04-03 02:12:59.143 22 INFO neutron.wsgi [-] 10.0.0.54 "GET / HTTP/1.1" status: 200 len: 227 time: 0.0030785
2025-04-03 02:13:06.772 23 DEBUG neutron_lib.callbacks.manager [req-51da7e58-3919-4a5c-beea-f81a6a17cf70 - - - - -] Publish callbacks ['neutron.services.segments.db._update_segment_host_mapping_for_agent-8762236888947', 'neutron.plugins.ml2.plugin.Ml2Plugin._retry_binding_revived_agents-796296'] for agent (5f15be97-aa06-4833-99d6-be77ecabc893), after_update _notify_loop /var/lib/kolla/venv/lib/python3.6/site-packages/neutron_lib/callbacks/manager.py:177
2025-04-03 02:13:18.818 29 DEBUG neutron.db.agents_db [req-fc71edac-935b-4159-87c9-50984e039c8d - - - - -] Agent healthcheck: found 2 active agents agent_health_check /var/lib/kolla/venv/lib/python3.6/site-packages/neutron/db/agents_db.py:318
2025-04-03 02:13:28.453 25 DEBUG neutron_lib.callbacks.manager [req-509737a0-7f50-4445-97ba-e420f4115ae3 - - - - -] Publish callbacks ['neutron.services.segments.db._update_segment_host_mapping_for_agent-8762236888947', 'neutron.plugins.ml2.plugin.Ml2Plugin._retry_binding_revived_agents-796296'] for agent (2c64801f-2bb0-4339-b738-f3bfe565f0d4), after_update _notify_loop /var/lib/kolla/venv/lib/python3.6/site-packages/neutron_lib/callbacks/manager.py:177
2025-04-03 02:13:29.203 22 DEBUG neutron.wsgi [-] (22) accepted ('10.0.0.54', 39898) server /var/lib/kolla/venv/lib/python3.6/site-packages/eventlet/wsgi.py:1004
2025-04-03 02:13:29.206 22 INFO neutron.wsgi [-] 10.0.0.54 "GET / HTTP/1.1" status: 200 len: 227 time: 0.0027161
2025-04-03 02:13:36.775 28 DEBUG neutron_lib.callbacks.manager [req-fbdaef97-2115-4d5d-a50b-14bb8108ccf8 - - - - -] Publish callbacks ['neutron.services.segments.db._update_segment_host_mapping_for_agent-8762236888947', 'neutron.plugins.ml2.plugin.Ml2Plugin._retry_binding_revived_agents-796296'] for agent (5f15be97-aa06-4833-99d6-be77ecabc893), after_update _notify_loop /var/lib/kolla/venv/lib/python3.6/site-packages/neutron_lib/callbacks/manager.py:177
2025-04-03 02:13:55.827 29 DEBUG neutron.db.agents_db [req-fc71edac-935b-4159-87c9-50984e039c8d - - - - -] Agent healthcheck: found 2 active agents agent_health_check /var/lib/kolla/venv/lib/python3.6/site-packages/neutron/db/agents_db.py:318
2025-04-03 02:13:58.455 26 DEBUG neutron_lib.callbacks.manager [req-509737a0-7f50-4445-97ba-e420f4115ae3 - - - - -] Publish callbacks ['neutron.services.segments.db._update_segment_host_mapping_for_agent-8762236888947', 'neutron.plugins.ml2.plugin.Ml2Plugin._retry_binding_revived_agents-796296'] for agent (2c64801f-2bb0-4339-b738-f3bfe565f0d4), after_update _notify_loop /var/lib/kolla/venv/lib/python3.6/site-packages/neutron_lib/callbacks/manager.py:177
2025-04-03 02:13:59.260 22 DEBUG neutron.wsgi [-] (22) accepted ('10.0.0.54', 39422) server /var/lib/kolla/venv/lib/python3.6/site-packages/eventlet/wsgi.py:1004
2025-04-03 02:13:59.267 22 INFO neutron.wsgi [-] 10.0.0.54 "GET / HTTP/1.1" status: 200 len: 227 time: 0.0041203
2025-04-03 02:14:06.773 27 DEBUG neutron_lib.callbacks.manager [req-a2613cc9-df78-4692-889b-2e2f2f6615cb - - - - -] Publish callbacks ['neutron.services.segments.db._update_segment_host_mapping_for_agent-8762236888947', 'neutron.plugins.ml2.plugin.Ml2Plugin._retry_binding_revived_agents-796296'] for agent (5f15be97-aa06-4833-99d6-be77ecabc893), after_update _notify_loop /var/lib/kolla/venv/lib/python3.6/site-packages/neutron_lib/callbacks/manager.py:177
2025-04-03 02:14:28.462 24 DEBUG neutron_lib.callbacks.manager [req-509737a0-7f50-4445-97ba-e420f4115ae3 - - - - -] Publish callbacks ['neutron.services.segments.db._update_segment_host_mapping_for_agent-8762236888947', 'neutron.plugins.ml2.plugin.Ml2Plugin._retry_binding_revived_agents-796296'] for agent (2c64801f-2bb0-4339-b738-f3bfe565f0d4), after_update _notify_loop /var/lib/kolla/venv/lib/python3.6/site-packages/neutron_lib/callbacks/manager.py:177
2025-04-03 02:14:29.317 22 DEBUG neutron.wsgi [-] (22) accepted ('10.0.0.54', 53018) server /var/lib/kolla/venv/lib/python3.6/site-packages/eventlet/wsgi.py:1004
2025-04-03 02:14:29.323 22 INFO neutron.wsgi [-] 10.0.0.54 "GET / HTTP/1.1" status: 200 len: 227 time: 0.0036161
2025-04-03 02:14:32.822 29 DEBUG neutron.db.agents_db [req-fc71edac-935b-4159-87c9-50984e039c8d - - - - -] Agent healthcheck: found 2 active agents agent_health_check /var/lib/kolla/venv/lib/python3.6/site-packages/neutron/db/agents_db.py:318
2025-04-03 02:14:36.770 23 DEBUG neutron_lib.callbacks.manager [req-79c8518b-a7d1-4dcf-adec-6716a18b4f84 - - - - -] Publish callbacks ['neutron.services.segments.db._update_segment_host_mapping_for_agent-8762236888947', 'neutron.plugins.ml2.plugin.Ml2Plugin._retry_binding_revived_agents-796296'] for agent (5f15be97-aa06-4833-99d6-be77ecabc893), after_update _notify_loop /var/lib/kolla/venv/lib/python3.6/site-packages/neutron_lib/callbacks/manager.py:177
2025-04-03 02:14:58.459 25 DEBUG neutron_lib.callbacks.manager [req-509737a0-7f50-4445-97ba-e420f4115ae3 - - - - -] Publish callbacks ['neutron.services.segments.db._update_segment_host_mapping_for_agent-8762236888947', 'neutron.plugins.ml2.plugin.Ml2Plugin._retry_binding_revived_agents-796296'] for agent (2c64801f-2bb0-4339-b738-f3bfe565f0d4), after_update _notify_loop /var/lib/kolla/venv/lib/python3.6/site-packages/neutron_lib/callbacks/manager.py:177
2025-04-03 02:14:59.373 22 DEBUG neutron.wsgi [-] (22) accepted ('10.0.0.54', 46348) server /var/lib/kolla/venv/lib/python3.6/site-packages/eventlet/wsgi.py:1004
2025-04-03 02:14:59.378 22 INFO neutron.wsgi [-] 10.0.0.54 "GET / HTTP/1.1" status: 200 len: 227 time: 0.0035470
2025-04-03 02:15:06.771 28 DEBUG neutron_lib.callbacks.manager [req-7e8f5cd5-9ad0-4064-ab1a-17daa389deeb - - - - -] Publish callbacks ['neutron.services.segments.db._update_segment_host_mapping_for_agent-8762236888947', 'neutron.plugins.ml2.plugin.Ml2Plugin._retry_binding_revived_agents-796296'] for agent (5f15be97-aa06-4833-99d6-be77ecabc893), after_update _notify_loop /var/lib/kolla/venv/lib/python3.6/site-packages/neutron_lib/callbacks/manager.py:177
2025-04-03 02:15:09.821 29 DEBUG neutron.db.agents_db [req-fc71edac-935b-4159-87c9-50984e039c8d - - - - -] Agent healthcheck: found 2 active agents agent_health_check /var/lib/kolla/venv/lib/python3.6/site-packages/neutron/db/agents_db.py:318
2025-04-03 02:15:28.462 26 DEBUG neutron_lib.callbacks.manager [req-509737a0-7f50-4445-97ba-e420f4115ae3 - - - - -] Publish callbacks ['neutron.services.segments.db._update_segment_host_mapping_for_agent-8762236888947', 'neutron.plugins.ml2.plugin.Ml2Plugin._retry_binding_revived_agents-796296'] for agent (2c64801f-2bb0-4339-b738-f3bfe565f0d4), after_update _notify_loop /var/lib/kolla/venv/lib/python3.6/site-packages/neutron_lib/callbacks/manager.py:177
2025-04-03 02:15:29.426 22 DEBUG neutron.wsgi [-] (22) accepted ('10.0.0.54', 42936) server /var/lib/kolla/venv/lib/python3.6/site-packages/eventlet/wsgi.py:1004
2025-04-03 02:15:29.430 22 INFO neutron.wsgi [-] 10.0.0.54 "GET / HTTP/1.1" status: 200 len: 227 time: 0.0037150
2025-04-03 02:15:36.769 27 DEBUG neutron_lib.callbacks.manager [req-32235e2a-f750-4519-ac33-2e42c95ef947 - - - - -] Publish callbacks ['neutron.services.segments.db._update_segment_host_mapping_for_agent-8762236888947', 'neutron.plugins.ml2.plugin.Ml2Plugin._retry_binding_revived_agents-796296'] for agent (5f15be97-aa06-4833-99d6-be77ecabc893), after_update _notify_loop /var/lib/kolla/venv/lib/python3.6/site-packages/neutron_lib/callbacks/manager.py:177
2025-04-03 02:15:46.822 29 DEBUG neutron.db.agents_db [req-fc71edac-935b-4159-87c9-50984e039c8d - - - - -] Agent healthcheck: found 2 active agents agent_health_check /var/lib/kolla/venv/lib/python3.6/site-packages/neutron/db/agents_db.py:318
2025-04-03 02:15:58.464 24 DEBUG neutron_lib.callbacks.manager [req-509737a0-7f50-4445-97ba-e420f4115ae3 - - - - -] Publish callbacks ['neutron.services.segments.db._update_segment_host_mapping_for_agent-8762236888947', 'neutron.plugins.ml2.plugin.Ml2Plugin._retry_binding_revived_agents-796296'] for agent (2c64801f-2bb0-4339-b738-f3bfe565f0d4), after_update _notify_loop /var/lib/kolla/venv/lib/python3.6/site-packages/neutron_lib/callbacks/manager.py:177
2025-04-03 02:15:59.476 22 DEBUG neutron.wsgi [-] (22) accepted ('10.0.0.54', 49618) server /var/lib/kolla/venv/lib/python3.6/site-packages/eventlet/wsgi.py:1004
2025-04-03 02:15:59.481 22 INFO neutron.wsgi [-] 10.0.0.54 "GET / HTTP/1.1" status: 200 len: 227 time: 0.0038054
2025-04-03 02:16:06.766 23 DEBUG neutron_lib.callbacks.manager [req-39c117db-93d8-44f1-86af-bf8f7ad7df75 - - - - -] Publish callbacks ['neutron.services.segments.db._update_segment_host_mapping_for_agent-8762236888947', 'neutron.plugins.ml2.plugin.Ml2Plugin._retry_binding_revived_agents-796296'] for agent (5f15be97-aa06-4833-99d6-be77ecabc893), after_update _notify_loop /var/lib/kolla/venv/lib/python3.6/site-packages/neutron_lib/callbacks/manager.py:177
2025-04-03 02:16:23.827 29 DEBUG neutron.db.agents_db [req-fc71edac-935b-4159-87c9-50984e039c8d - - - - -] Agent healthcheck: found 2 active agents agent_health_check /var/lib/kolla/venv/lib/python3.6/site-packages/neutron/db/agents_db.py:318
2025-04-03 02:16:28.467 25 DEBUG neutron_lib.callbacks.manager [req-509737a0-7f50-4445-97ba-e420f4115ae3 - - - - -] Publish callbacks ['neutron.services.segments.db._update_segment_host_mapping_for_agent-8762236888947', 'neutron.plugins.ml2.plugin.Ml2Plugin._retry_binding_revived_agents-796296'] for agent (2c64801f-2bb0-4339-b738-f3bfe565f0d4), after_update _notify_loop /var/lib/kolla/venv/lib/python3.6/site-packages/neutron_lib/callbacks/manager.py:177
2025-04-03 02:16:29.527 22 DEBUG neutron.wsgi [-] (22) accepted ('10.0.0.54', 49924) server /var/lib/kolla/venv/lib/python3.6/site-packages/eventlet/wsgi.py:1004
2025-04-03 02:16:29.530 22 INFO neutron.wsgi [-] 10.0.0.54 "GET / HTTP/1.1" status: 200 len: 227 time: 0.0025373
2025-04-03 02:16:36.767 28 DEBUG neutron_lib.callbacks.manager [req-af04bdc8-f23a-486b-9801-a9b97694bc6f - - - - -] Publish callbacks ['neutron.services.segments.db._update_segment_host_mapping_for_agent-8762236888947', 'neutron.plugins.ml2.plugin.Ml2Plugin._retry_binding_revived_agents-796296'] for agent (5f15be97-aa06-4833-99d6-be77ecabc893), after_update _notify_loop /var/lib/kolla/venv/lib/python3.6/site-packages/neutron_lib/callbacks/manager.py:177
2025-04-03 02:16:58.469 26 DEBUG neutron_lib.callbacks.manager [req-509737a0-7f50-4445-97ba-e420f4115ae3 - - - - -] Publish callbacks ['neutron.services.segments.db._update_segment_host_mapping_for_agent-8762236888947', 'neutron.plugins.ml2.plugin.Ml2Plugin._retry_binding_revived_agents-796296'] for agent (2c64801f-2bb0-4339-b738-f3bfe565f0d4), after_update _notify_loop /var/lib/kolla/venv/lib/python3.6/site-packages/neutron_lib/callbacks/manager.py:177
2025-04-03 02:16:59.578 22 DEBUG neutron.wsgi [-] (22) accepted ('10.0.0.54', 54980) server /var/lib/kolla/venv/lib/python3.6/site-packages/eventlet/wsgi.py:1004
2025-04-03 02:16:59.582 22 INFO neutron.wsgi [-] 10.0.0.54 "GET / HTTP/1.1" status: 200 len: 227 time: 0.0031319
2025-04-03 02:17:00.834 29 DEBUG neutron.db.agents_db [req-fc71edac-935b-4159-87c9-50984e039c8d - - - - -] Agent healthcheck: found 2 active agents agent_health_check /var/lib/kolla/venv/lib/python3.6/site-packages/neutron/db/agents_db.py:318
2025-04-03 02:17:06.765 27 DEBUG neutron_lib.callbacks.manager [req-954f06ba-8a57-4049-a218-11ce10e87e75 - - - - -] Publish callbacks ['neutron.services.segments.db._update_segment_host_mapping_for_agent-8762236888947', 'neutron.plugins.ml2.plugin.Ml2Plugin._retry_binding_revived_agents-796296'] for agent (5f15be97-aa06-4833-99d6-be77ecabc893), after_update _notify_loop /var/lib/kolla/venv/lib/python3.6/site-packages/neutron_lib/callbacks/manager.py:177
2025-04-03 02:17:28.478 24 DEBUG neutron_lib.callbacks.manager [req-509737a0-7f50-4445-97ba-e420f4115ae3 - - - - -] Publish callbacks ['neutron.services.segments.db._update_segment_host_mapping_for_agent-8762236888947', 'neutron.plugins.ml2.plugin.Ml2Plugin._retry_binding_revived_agents-796296'] for agent (2c64801f-2bb0-4339-b738-f3bfe565f0d4), after_update _notify_loop /var/lib/kolla/venv/lib/python3.6/site-packages/neutron_lib/callbacks/manager.py:177
2025-04-03 02:17:29.632 22 DEBUG neutron.wsgi [-] (22) accepted ('10.0.0.54', 37620) server /var/lib/kolla/venv/lib/python3.6/site-packages/eventlet/wsgi.py:1004
2025-04-03 02:17:29.635 22 INFO neutron.wsgi [-] 10.0.0.54 "GET / HTTP/1.1" status: 200 len: 227 time: 0.0026083
2025-04-03 02:17:36.762 23 DEBUG neutron_lib.callbacks.manager [req-86dc7e22-70ea-4700-9e3a-045d52141017 - - - - -] Publish callbacks ['neutron.services.segments.db._update_segment_host_mapping_for_agent-8762236888947', 'neutron.plugins.ml2.plugin.Ml2Plugin._retry_binding_revived_agents-796296'] for agent (5f15be97-aa06-4833-99d6-be77ecabc893), after_update _notify_loop /var/lib/kolla/venv/lib/python3.6/site-packages/neutron_lib/callbacks/manager.py:177
2025-04-03 02:17:37.842 29 DEBUG neutron.db.agents_db [req-fc71edac-935b-4159-87c9-50984e039c8d - - - - -] Agent healthcheck: found 2 active agents agent_health_check /var/lib/kolla/venv/lib/python3.6/site-packages/neutron/db/agents_db.py:318
2025-04-03 02:17:58.476 25 DEBUG neutron_lib.callbacks.manager [req-509737a0-7f50-4445-97ba-e420f4115ae3 - - - - -] Publish callbacks ['neutron.services.segments.db._update_segment_host_mapping_for_agent-8762236888947', 'neutron.plugins.ml2.plugin.Ml2Plugin._retry_binding_revived_agents-796296'] for agent (2c64801f-2bb0-4339-b738-f3bfe565f0d4), after_update _notify_loop /var/lib/kolla/venv/lib/python3.6/site-packages/neutron_lib/callbacks/manager.py:177
2025-04-03 02:17:59.683 22 DEBUG neutron.wsgi [-] (22) accepted ('10.0.0.54', 41926) server /var/lib/kolla/venv/lib/python3.6/site-packages/eventlet/wsgi.py:1004
2025-04-03 02:17:59.687 22 INFO neutron.wsgi [-] 10.0.0.54 "GET / HTTP/1.1" status: 200 len: 227 time: 0.0026498
2025-04-03 02:18:06.760 28 DEBUG neutron_lib.callbacks.manager [req-51c22ff5-dfec-4d8d-b5fa-cebbbe2e375a - - - - -] Publish callbacks ['neutron.services.segments.db._update_segment_host_mapping_for_agent-8762236888947', 'neutron.plugins.ml2.plugin.Ml2Plugin._retry_binding_revived_agents-796296'] for agent (5f15be97-aa06-4833-99d6-be77ecabc893), after_update _notify_loop /var/lib/kolla/venv/lib/python3.6/site-packages/neutron_lib/callbacks/manager.py:177
2025-04-03 02:18:14.838 29 DEBUG neutron.db.agents_db [req-fc71edac-935b-4159-87c9-50984e039c8d - - - - -] Agent healthcheck: found 2 active agents agent_health_check /var/lib/kolla/venv/lib/python3.6/site-packages/neutron/db/agents_db.py:318
2025-04-03 02:18:28.482 26 DEBUG neutron_lib.callbacks.manager [req-509737a0-7f50-4445-97ba-e420f4115ae3 - - - - -] Publish callbacks ['neutron.services.segments.db._update_segment_host_mapping_for_agent-8762236888947', 'neutron.plugins.ml2.plugin.Ml2Plugin._retry_binding_revived_agents-796296'] for agent (2c64801f-2bb0-4339-b738-f3bfe565f0d4), after_update _notify_loop /var/lib/kolla/venv/lib/python3.6/site-packages/neutron_lib/callbacks/manager.py:177
2025-04-03 02:18:29.747 22 DEBUG neutron.wsgi [-] (22) accepted ('10.0.0.54', 52012) server /var/lib/kolla/venv/lib/python3.6/site-packages/eventlet/wsgi.py:1004
2025-04-03 02:18:29.753 22 INFO neutron.wsgi [-] 10.0.0.54 "GET / HTTP/1.1" status: 200 len: 227 time: 0.0038350
2025-04-03 02:18:36.760 27 DEBUG neutron_lib.callbacks.manager [req-43cdd074-968f-4bc2-96c9-f975ff1731ec - - - - -] Publish callbacks ['neutron.services.segments.db._update_segment_host_mapping_for_agent-8762236888947', 'neutron.plugins.ml2.plugin.Ml2Plugin._retry_binding_revived_agents-796296'] for agent (5f15be97-aa06-4833-99d6-be77ecabc893), after_update _notify_loop /var/lib/kolla/venv/lib/python3.6/site-packages/neutron_lib/callbacks/manager.py:177
2025-04-03 02:18:51.847 29 DEBUG neutron.db.agents_db [req-fc71edac-935b-4159-87c9-50984e039c8d - - - - -] Agent healthcheck: found 2 active agents agent_health_check /var/lib/kolla/venv/lib/python3.6/site-packages/neutron/db/agents_db.py:318
2025-04-03 02:18:58.480 24 DEBUG neutron_lib.callbacks.manager [req-509737a0-7f50-4445-97ba-e420f4115ae3 - - - - -] Publish callbacks ['neutron.services.segments.db._update_segment_host_mapping_for_agent-8762236888947', 'neutron.plugins.ml2.plugin.Ml2Plugin._retry_binding_revived_agents-796296'] for agent (2c64801f-2bb0-4339-b738-f3bfe565f0d4), after_update _notify_loop /var/lib/kolla/venv/lib/python3.6/site-packages/neutron_lib/callbacks/manager.py:177
2025-04-03 02:18:59.800 22 DEBUG neutron.wsgi [-] (22) accepted ('10.0.0.54', 51748) server /var/lib/kolla/venv/lib/python3.6/site-packages/eventlet/wsgi.py:1004
2025-04-03 02:18:59.803 22 INFO neutron.wsgi [-] 10.0.0.54 "GET / HTTP/1.1" status: 200 len: 227 time: 0.0028489
2025-04-03 02:19:06.759 23 DEBUG neutron_lib.callbacks.manager [req-df04ea34-afd2-4e4a-b8f8-581ce0444040 - - - - -] Publish callbacks ['neutron.services.segments.db._update_segment_host_mapping_for_agent-8762236888947', 'neutron.plugins.ml2.plugin.Ml2Plugin._retry_binding_revived_agents-796296'] for agent (5f15be97-aa06-4833-99d6-be77ecabc893), after_update _notify_loop /var/lib/kolla/venv/lib/python3.6/site-packages/neutron_lib/callbacks/manager.py:177
2025-04-03 02:19:28.482 25 DEBUG neutron_lib.callbacks.manager [req-509737a0-7f50-4445-97ba-e420f4115ae3 - - - - -] Publish callbacks ['neutron.services.segments.db._update_segment_host_mapping_for_agent-8762236888947', 'neutron.plugins.ml2.plugin.Ml2Plugin._retry_binding_revived_agents-796296'] for agent (2c64801f-2bb0-4339-b738-f3bfe565f0d4), after_update _notify_loop /var/lib/kolla/venv/lib/python3.6/site-packages/neutron_lib/callbacks/manager.py:177
2025-04-03 02:19:28.844 29 DEBUG neutron.db.agents_db [req-fc71edac-935b-4159-87c9-50984e039c8d - - - - -] Agent healthcheck: found 2 active agents agent_health_check /var/lib/kolla/venv/lib/python3.6/site-packages/neutron/db/agents_db.py:318
2025-04-03 02:19:29.859 22 DEBUG neutron.wsgi [-] (22) accepted ('10.0.0.54', 57692) server /var/lib/kolla/venv/lib/python3.6/site-packages/eventlet/wsgi.py:1004
2025-04-03 02:19:29.863 22 INFO neutron.wsgi [-] 10.0.0.54 "GET / HTTP/1.1" status: 200 len: 227 time: 0.0032325
2025-04-03 02:19:36.758 28 DEBUG neutron_lib.callbacks.manager [req-9f759dc2-32b5-4b1d-87fb-8f642cc06ffa - - - - -] Publish callbacks ['neutron.services.segments.db._update_segment_host_mapping_for_agent-8762236888947', 'neutron.plugins.ml2.plugin.Ml2Plugin._retry_binding_revived_agents-796296'] for agent (5f15be97-aa06-4833-99d6-be77ecabc893), after_update _notify_loop /var/lib/kolla/venv/lib/python3.6/site-packages/neutron_lib/callbacks/manager.py:177
2025-04-03 02:19:51.141 7 INFO oslo_service.service [-] Caught SIGTERM, stopping children
2025-04-03 02:19:51.142 7 DEBUG oslo_concurrency.lockutils [-] Acquired lock "singleton_lock" lock /var/lib/kolla/venv/lib/python3.6/site-packages/oslo_concurrency/lockutils.py:294
2025-04-03 02:19:51.142 7 DEBUG oslo_concurrency.lockutils [-] Releasing lock "singleton_lock" lock /var/lib/kolla/venv/lib/python3.6/site-packages/oslo_concurrency/lockutils.py:312
2025-04-03 02:19:51.143 7 DEBUG oslo_service.service [-] Stop services. stop /var/lib/kolla/venv/lib/python3.6/site-packages/oslo_service/service.py:695
2025-04-03 02:19:51.143 7 DEBUG neutron.service [-] calling RpcWorker stop() stop /var/lib/kolla/venv/lib/python3.6/site-packages/neutron/service.py:138
2025-04-03 02:19:51.143 7 DEBUG neutron.service [-] calling RpcWorker stop() stop /var/lib/kolla/venv/lib/python3.6/site-packages/neutron/service.py:138
2025-04-03 02:19:51.143 7 DEBUG oslo_service.service [-] Killing children. stop /var/lib/kolla/venv/lib/python3.6/site-packages/oslo_service/service.py:700
2025-04-03 02:19:51.143 7 INFO oslo_service.service [-] Waiting on 8 children to exit
2025-04-03 02:19:51.144 22 INFO neutron.wsgi [-] (22) wsgi exited, is_accepting=True
2025-04-03 02:19:51.144 25 DEBUG neutron.service [-] calling RpcWorker stop() stop /var/lib/kolla/venv/lib/python3.6/site-packages/neutron/service.py:138
2025-04-03 02:19:51.144 27 DEBUG neutron.service [-] calling RpcWorker stop() stop /var/lib/kolla/venv/lib/python3.6/site-packages/neutron/service.py:138
2025-04-03 02:19:51.144 22 DEBUG oslo_concurrency.lockutils [req-3f01a79c-bd0f-4c38-b144-168c9cce70fc - - - - -] Acquired lock "singleton_lock" lock /var/lib/kolla/venv/lib/python3.6/site-packages/oslo_concurrency/lockutils.py:294
2025-04-03 02:19:51.145 22 DEBUG oslo_concurrency.lockutils [req-3f01a79c-bd0f-4c38-b144-168c9cce70fc - - - - -] Releasing lock "singleton_lock" lock /var/lib/kolla/venv/lib/python3.6/site-packages/oslo_concurrency/lockutils.py:312
2025-04-03 02:19:51.146 29 DEBUG neutron.service [-] calling RpcWorker stop() stop /var/lib/kolla/venv/lib/python3.6/site-packages/neutron/service.py:138
2025-04-03 02:19:51.144 27 DEBUG neutron.service [-] calling stop on stop /var/lib/kolla/venv/lib/python3.6/site-packages/neutron/service.py:141
2025-04-03 02:19:51.144 25 DEBUG neutron.service [-] calling stop on stop /var/lib/kolla/venv/lib/python3.6/site-packages/neutron/service.py:141
2025-04-03 02:19:51.147 29 DEBUG neutron.service [-] calling stop on stop /var/lib/kolla/venv/lib/python3.6/site-packages/neutron/service.py:141
2025-04-03 02:19:51.150 7 INFO oslo_service.service [-] Child 22 exited with status 0
2025-04-03 02:19:51.150 26 DEBUG neutron.service [-] calling RpcWorker stop() stop /var/lib/kolla/venv/lib/python3.6/site-packages/neutron/service.py:138
2025-04-03 02:19:51.150 26 DEBUG neutron.service [-] calling stop on stop /var/lib/kolla/venv/lib/python3.6/site-packages/neutron/service.py:141
2025-04-03 02:19:51.153 24 DEBUG neutron.service [-] calling RpcWorker stop() stop /var/lib/kolla/venv/lib/python3.6/site-packages/neutron/service.py:138
2025-04-03 02:19:51.154 24 DEBUG neutron.service [-] calling stop on stop /var/lib/kolla/venv/lib/python3.6/site-packages/neutron/service.py:141
2025-04-03 02:19:51.162 23 DEBUG neutron.service [-] calling RpcWorker stop() stop /var/lib/kolla/venv/lib/python3.6/site-packages/neutron/service.py:138
2025-04-03 02:19:51.164 28 DEBUG neutron.service [-] calling RpcWorker stop() stop /var/lib/kolla/venv/lib/python3.6/site-packages/neutron/service.py:138
2025-04-03 02:19:51.163 23 DEBUG neutron.service [-] calling stop on stop /var/lib/kolla/venv/lib/python3.6/site-packages/neutron/service.py:141
2025-04-03 02:19:51.164 28 DEBUG neutron.service [-] calling stop on stop /var/lib/kolla/venv/lib/python3.6/site-packages/neutron/service.py:141
2025-04-03 02:19:51.800 23 DEBUG neutron.service [-] calling stop on stop /var/lib/kolla/venv/lib/python3.6/site-packages/neutron/service.py:141
2025-04-03 02:19:51.805 24 DEBUG neutron.service [-] calling stop on stop /var/lib/kolla/venv/lib/python3.6/site-packages/neutron/service.py:141
2025-04-03 02:19:51.822 24 DEBUG neutron.service [-] calling stop on stop /var/lib/kolla/venv/lib/python3.6/site-packages/neutron/service.py:141
2025-04-03 02:19:51.828 27 DEBUG oslo_concurrency.lockutils [req-3f01a79c-bd0f-4c38-b144-168c9cce70fc - - - - -] Acquired lock "singleton_lock" lock /var/lib/kolla/venv/lib/python3.6/site-packages/oslo_concurrency/lockutils.py:294
2025-04-03 02:19:51.829 27 DEBUG oslo_concurrency.lockutils [req-3f01a79c-bd0f-4c38-b144-168c9cce70fc - - - - -] Releasing lock "singleton_lock" lock /var/lib/kolla/venv/lib/python3.6/site-packages/oslo_concurrency/lockutils.py:312
2025-04-03 02:19:51.829 25 DEBUG neutron.service [-] calling stop on stop /var/lib/kolla/venv/lib/python3.6/site-packages/neutron/service.py:141
2025-04-03 02:19:51.829 27 DEBUG neutron.service [req-3f01a79c-bd0f-4c38-b144-168c9cce70fc - - - - -] calling RpcWorker wait() _wait /var/lib/kolla/venv/lib/python3.6/site-packages/neutron/service.py:128
2025-04-03 02:19:51.829 27 DEBUG neutron.service [req-3f01a79c-bd0f-4c38-b144-168c9cce70fc - - - - -] calling wait on _wait /var/lib/kolla/venv/lib/python3.6/site-packages/neutron/service.py:131
2025-04-03 02:19:51.836 27 WARNING amqp [req-3f01a79c-bd0f-4c38-b144-168c9cce70fc - - - - -] Received method (60, 30) during closing channel 1. This method will be ignored
2025-04-03 02:19:51.838 27 DEBUG neutron.service [req-3f01a79c-bd0f-4c38-b144-168c9cce70fc - - - - -] returning from RpcWorker wait() _wait /var/lib/kolla/venv/lib/python3.6/site-packages/neutron/service.py:135
2025-04-03 02:19:51.843 7 INFO oslo_service.service [-] Child 27 exited with status 0
2025-04-03 02:19:51.843 23 DEBUG neutron.service [-] calling stop on stop /var/lib/kolla/venv/lib/python3.6/site-packages/neutron/service.py:141
2025-04-03 02:19:51.848 29 DEBUG oslo_concurrency.lockutils [req-3f01a79c-bd0f-4c38-b144-168c9cce70fc - - - - -] Acquired lock "singleton_lock" lock /var/lib/kolla/venv/lib/python3.6/site-packages/oslo_concurrency/lockutils.py:294
2025-04-03 02:19:51.848 29 DEBUG oslo_concurrency.lockutils [req-3f01a79c-bd0f-4c38-b144-168c9cce70fc - - - - -] Releasing lock "singleton_lock" lock /var/lib/kolla/venv/lib/python3.6/site-packages/oslo_concurrency/lockutils.py:312
2025-04-03 02:19:51.848 29 DEBUG neutron.service [req-3f01a79c-bd0f-4c38-b144-168c9cce70fc - - - - -] calling RpcWorker wait() _wait /var/lib/kolla/venv/lib/python3.6/site-packages/neutron/service.py:128
2025-04-03 02:19:51.848 29 DEBUG neutron.service [req-3f01a79c-bd0f-4c38-b144-168c9cce70fc - - - - -] calling wait on _wait /var/lib/kolla/venv/lib/python3.6/site-packages/neutron/service.py:131
2025-04-03 02:19:51.852 26 DEBUG oslo_concurrency.lockutils [req-3f01a79c-bd0f-4c38-b144-168c9cce70fc - - - - -] Acquired lock "singleton_lock" lock /var/lib/kolla/venv/lib/python3.6/site-packages/oslo_concurrency/lockutils.py:294
2025-04-03 02:19:51.853 26 DEBUG oslo_concurrency.lockutils [req-3f01a79c-bd0f-4c38-b144-168c9cce70fc - - - - -] Releasing lock "singleton_lock" lock /var/lib/kolla/venv/lib/python3.6/site-packages/oslo_concurrency/lockutils.py:312
2025-04-03 02:19:51.854 26 DEBUG neutron.service [req-3f01a79c-bd0f-4c38-b144-168c9cce70fc - - - - -] calling RpcWorker wait() _wait /var/lib/kolla/venv/lib/python3.6/site-packages/neutron/service.py:128
2025-04-03 02:19:51.854 26 DEBUG neutron.service [req-3f01a79c-bd0f-4c38-b144-168c9cce70fc - - - - -] calling wait on _wait /var/lib/kolla/venv/lib/python3.6/site-packages/neutron/service.py:131
2025-04-03 02:19:51.853 25 DEBUG neutron.service [-] calling stop on stop /var/lib/kolla/venv/lib/python3.6/site-packages/neutron/service.py:141
2025-04-03 02:19:51.855 29 WARNING amqp [req-3f01a79c-bd0f-4c38-b144-168c9cce70fc - - - - -] Received method (60, 30) during closing channel 1. This method will be ignored
2025-04-03 02:19:51.855 29 DEBUG neutron.service [req-3f01a79c-bd0f-4c38-b144-168c9cce70fc - - - - -] returning from RpcWorker wait() _wait /var/lib/kolla/venv/lib/python3.6/site-packages/neutron/service.py:135
2025-04-03 02:19:51.859 26 WARNING amqp [req-3f01a79c-bd0f-4c38-b144-168c9cce70fc - - - - -] Received method (60, 30) during closing channel 1. This method will be ignored
2025-04-03 02:19:51.860 26 DEBUG neutron.service [req-3f01a79c-bd0f-4c38-b144-168c9cce70fc - - - - -] returning from RpcWorker wait() _wait /var/lib/kolla/venv/lib/python3.6/site-packages/neutron/service.py:135
2025-04-03 02:19:51.862 7 INFO oslo_service.service [-] Child 29 exited with status 0
2025-04-03 02:19:51.866 7 INFO oslo_service.service [-] Child 26 exited with status 0
2025-04-03 02:19:54.957 28 DEBUG oslo_concurrency.lockutils [req-3f01a79c-bd0f-4c38-b144-168c9cce70fc - - - - -] Acquired lock "singleton_lock" lock /var/lib/kolla/venv/lib/python3.6/site-packages/oslo_concurrency/lockutils.py:294
2025-04-03 02:19:54.957 28 DEBUG oslo_concurrency.lockutils [req-3f01a79c-bd0f-4c38-b144-168c9cce70fc - - - - -] Releasing lock "singleton_lock" lock /var/lib/kolla/venv/lib/python3.6/site-packages/oslo_concurrency/lockutils.py:312
2025-04-03 02:19:54.957 28 DEBUG neutron.service [req-3f01a79c-bd0f-4c38-b144-168c9cce70fc - - - - -] calling RpcWorker wait() _wait /var/lib/kolla/venv/lib/python3.6/site-packages/neutron/service.py:128
2025-04-03 02:19:54.958 28 DEBUG neutron.service [req-3f01a79c-bd0f-4c38-b144-168c9cce70fc - - - - -] calling wait on _wait /var/lib/kolla/venv/lib/python3.6/site-packages/neutron/service.py:131
2025-04-03 02:19:54.965 28 WARNING amqp [req-3f01a79c-bd0f-4c38-b144-168c9cce70fc - - - - -] Received method (60, 30) during closing channel 1. This method will be ignored
2025-04-03 02:19:54.966 28 DEBUG neutron.service [req-3f01a79c-bd0f-4c38-b144-168c9cce70fc - - - - -] returning from RpcWorker wait() _wait /var/lib/kolla/venv/lib/python3.6/site-packages/neutron/service.py:135
2025-04-03 02:19:54.974 7 INFO oslo_service.service [-] Child 28 exited with status 0
2025-04-03 02:19:54.976 23 DEBUG neutron.service [-] calling stop on stop /var/lib/kolla/venv/lib/python3.6/site-packages/neutron/service.py:141
2025-04-03 02:19:56.685 25 DEBUG neutron.service [-] calling stop on stop /var/lib/kolla/venv/lib/python3.6/site-packages/neutron/service.py:141
2025-04-03 02:19:56.685 24 DEBUG neutron.service [-] calling stop on stop /var/lib/kolla/venv/lib/python3.6/site-packages/neutron/service.py:141
2025-04-03 02:20:04.628 7 INFO neutron.common.config [-] Logging enabled!
2025-04-03 02:20:04.629 7 INFO neutron.common.config [-] /var/lib/kolla/venv/bin/neutron-server version 20.5.1.dev23
