2024-08-29 00:38:55.671 127500 INFO oslo_service.service [req-0a7dd262-57f5-4f00-b7b1-d8324ab2f1a7 - - - - -] Child 129006 killed by signal 15
2024-08-29 00:38:58.029 133098 DEBUG oslo_db.sqlalchemy.engines [req-65b5862f-87cb-4198-a5e7-4104eaa583e5 - - - - -] MySQL server mode set to STRICT_TRANS_TABLES,STRICT_ALL_TABLES,NO_ZERO_IN_DATE,NO_ZERO_DATE,ERROR_FOR_DIVISION_BY_ZERO,TRADITIONAL,NO_ENGINE_SUBSTITUTION _check_effective_sql_mode /usr/lib/python3/dist-packages/oslo_db/sqlalchemy/engines.py:314
2024-08-29 00:38:58.084 133098 DEBUG nova.scheduler.host_manager [req-65b5862f-87cb-4198-a5e7-4104eaa583e5 - - - - -] Found 1 cells: efb02dc1-7acb-49dd-a8a1-5956fdd69526 refresh_cells_caches /usr/lib/python3/dist-packages/nova/scheduler/host_manager.py:730
2024-08-29 00:38:58.085 133098 DEBUG nova.scheduler.host_manager [req-65b5862f-87cb-4198-a5e7-4104eaa583e5 - - - - -] Found 0 disabled cells: refresh_cells_caches /usr/lib/python3/dist-packages/nova/scheduler/host_manager.py:742
2024-08-29 00:38:58.090 133098 WARNING nova.scheduler.filters.availability_zone_filter [req-65b5862f-87cb-4198-a5e7-4104eaa583e5 - - - - -] The 'AvailabilityZoneFilter' is deprecated since the 24.0.0 (Xena) release. Since the 18.0.0 (Rocky) release, nova has supported mapping AZs to placement aggregates. The feature is enabled by the 'query_placement_for_availability_zone' config option and is now enabled by default. As such, the 'AvailabilityZoneFilter' is no longer required. Nova is currently configured to use both placement and the AvailabilityZoneFilter for AZ enforcement.
2024-08-29 00:38:58.177 133098 DEBUG nova.scheduler.host_manager [req-65b5862f-87cb-4198-a5e7-4104eaa583e5 - - - - -] START:_async_init_instance_info _async_init_instance_info /usr/lib/python3/dist-packages/nova/scheduler/host_manager.py:411
2024-08-29 00:38:58.180 133098 DEBUG oslo_concurrency.lockutils [req-c46ea542-9181-4d40-ba3a-8587a246234d - - - - -] Lock "efb02dc1-7acb-49dd-a8a1-5956fdd69526" acquired by "nova.context.set_target_cell..get_or_set_cached_cell_and_set_connections" :: waited 0.000s inner /usr/lib/python3/dist-packages/oslo_concurrency/lockutils.py:386
2024-08-29 00:38:58.181 133098 DEBUG oslo_concurrency.lockutils [req-c46ea542-9181-4d40-ba3a-8587a246234d - - - - -] Lock "efb02dc1-7acb-49dd-a8a1-5956fdd69526" "released" by "nova.context.set_target_cell..get_or_set_cached_cell_and_set_connections" :: held 0.002s inner /usr/lib/python3/dist-packages/oslo_concurrency/lockutils.py:400
2024-08-29 00:38:58.188 133098 DEBUG oslo_db.sqlalchemy.engines [req-c46ea542-9181-4d40-ba3a-8587a246234d - - - - -] MySQL server mode set to STRICT_TRANS_TABLES,STRICT_ALL_TABLES,NO_ZERO_IN_DATE,NO_ZERO_DATE,ERROR_FOR_DIVISION_BY_ZERO,TRADITIONAL,NO_ENGINE_SUBSTITUTION _check_effective_sql_mode /usr/lib/python3/dist-packages/oslo_db/sqlalchemy/engines.py:314
2024-08-29 00:38:58.200 133098 DEBUG nova.scheduler.host_manager [req-c46ea542-9181-4d40-ba3a-8587a246234d - - - - -] Total number of compute nodes: 0 _async_init_instance_info /usr/lib/python3/dist-packages/nova/scheduler/host_manager.py:424
2024-08-29 00:38:58.200 133098 DEBUG oslo_concurrency.lockutils [req-c46ea542-9181-4d40-ba3a-8587a246234d - - - - -] Lock "efb02dc1-7acb-49dd-a8a1-5956fdd69526" acquired by "nova.context.set_target_cell..get_or_set_cached_cell_and_set_connections" :: waited 0.000s inner /usr/lib/python3/dist-packages/oslo_concurrency/lockutils.py:386
2024-08-29 00:38:58.201 133098 DEBUG oslo_concurrency.lockutils [req-c46ea542-9181-4d40-ba3a-8587a246234d - - - - -] Lock "efb02dc1-7acb-49dd-a8a1-5956fdd69526" "released" by "nova.context.set_target_cell..get_or_set_cached_cell_and_set_connections" :: held 0.000s inner /usr/lib/python3/dist-packages/oslo_concurrency/lockutils.py:400
2024-08-29 00:38:58.265 133098 DEBUG nova.scheduler.host_manager [req-c46ea542-9181-4d40-ba3a-8587a246234d - - - - -] Adding 0 instances for hosts 10-20 _async_init_instance_info /usr/lib/python3/dist-packages/nova/scheduler/host_manager.py:443
2024-08-29 00:38:58.266 133098 DEBUG nova.scheduler.host_manager [req-c46ea542-9181-4d40-ba3a-8587a246234d - - - - -] END:_async_init_instance_info _async_init_instance_info /usr/lib/python3/dist-packages/nova/scheduler/host_manager.py:454
2024-08-29 00:39:00.426 133098 DEBUG nova.context [req-65b5862f-87cb-4198-a5e7-4104eaa583e5 - - - - -] Found 2 cells: 00000000-0000-0000-0000-000000000000(cell0),efb02dc1-7acb-49dd-a8a1-5956fdd69526(cell1) load_cells /usr/lib/python3/dist-packages/nova/context.py:464
2024-08-29 00:39:00.427 133098 DEBUG oslo_concurrency.lockutils [req-95fcca62-de3e-4db2-8e8c-17b8d9983427 - - - - -] Lock "00000000-0000-0000-0000-000000000000" acquired by "nova.context.set_target_cell..get_or_set_cached_cell_and_set_connections" :: waited 0.000s inner /usr/lib/python3/dist-packages/oslo_concurrency/lockutils.py:386
2024-08-29 00:39:00.428 133098 DEBUG oslo_concurrency.lockutils [req-95fcca62-de3e-4db2-8e8c-17b8d9983427 - - - - -] Lock "00000000-0000-0000-0000-000000000000" "released" by "nova.context.set_target_cell..get_or_set_cached_cell_and_set_connections" :: held 0.001s inner /usr/lib/python3/dist-packages/oslo_concurrency/lockutils.py:400
2024-08-29 00:39:00.429 133098 DEBUG oslo_concurrency.lockutils [req-95fcca62-de3e-4db2-8e8c-17b8d9983427 - - - - -] Lock "efb02dc1-7acb-49dd-a8a1-5956fdd69526" acquired by "nova.context.set_target_cell..get_or_set_cached_cell_and_set_connections" :: waited 0.000s inner /usr/lib/python3/dist-packages/oslo_concurrency/lockutils.py:386
2024-08-29 00:39:00.429 133098 DEBUG oslo_concurrency.lockutils [req-95fcca62-de3e-4db2-8e8c-17b8d9983427 - - - - -] Lock "efb02dc1-7acb-49dd-a8a1-5956fdd69526" "released" by "nova.context.set_target_cell..get_or_set_cached_cell_and_set_connections" :: held 0.000s inner /usr/lib/python3/dist-packages/oslo_concurrency/lockutils.py:400
2024-08-29 00:39:00.439 133098 DEBUG oslo_db.sqlalchemy.engines [req-95fcca62-de3e-4db2-8e8c-17b8d9983427 - - - - -] MySQL server mode set to STRICT_TRANS_TABLES,STRICT_ALL_TABLES,NO_ZERO_IN_DATE,NO_ZERO_DATE,ERROR_FOR_DIVISION_BY_ZERO,TRADITIONAL,NO_ENGINE_SUBSTITUTION _check_effective_sql_mode /usr/lib/python3/dist-packages/oslo_db/sqlalchemy/engines.py:314
2024-08-29 00:39:00.448 133098 DEBUG oslo_concurrency.lockutils [req-95fcca62-de3e-4db2-8e8c-17b8d9983427 - - - - -] Acquired lock "singleton_lock" lock /usr/lib/python3/dist-packages/oslo_concurrency/lockutils.py:294
2024-08-29 00:39:00.448 133098 DEBUG oslo_concurrency.lockutils [req-95fcca62-de3e-4db2-8e8c-17b8d9983427 - - - - -] Releasing lock "singleton_lock" lock /usr/lib/python3/dist-packages/oslo_concurrency/lockutils.py:312
2024-08-29 00:39:00.449 133098 INFO oslo_service.service [req-95fcca62-de3e-4db2-8e8c-17b8d9983427 - - - - -] Starting 4 workers
2024-08-29 00:39:00.453 133098 DEBUG oslo_service.service [req-95fcca62-de3e-4db2-8e8c-17b8d9983427 - - - - -] Started child 133839 _start_child /usr/lib/python3/dist-packages/oslo_service/service.py:575
2024-08-29 00:39:00.457 133839 INFO nova.service [-] Starting scheduler node (version 25.2.1)
2024-08-29 00:39:00.458 133098 DEBUG oslo_service.service [req-95fcca62-de3e-4db2-8e8c-17b8d9983427 - - - - -] Started child 133840 _start_child /usr/lib/python3/dist-packages/oslo_service/service.py:575
2024-08-29 00:39:00.463 133840 INFO nova.service [-] Starting scheduler node (version 25.2.1)
2024-08-29 00:39:00.463 133098 DEBUG oslo_service.service [req-95fcca62-de3e-4db2-8e8c-17b8d9983427 - - - - -] Started child 133841 _start_child /usr/lib/python3/dist-packages/oslo_service/service.py:575
2024-08-29 00:39:00.467 133841 INFO nova.service [-] Starting scheduler node (version 25.2.1)
2024-08-29 00:39:00.467 133098 DEBUG oslo_service.service [req-95fcca62-de3e-4db2-8e8c-17b8d9983427 - - - - -] Started child 133842 _start_child /usr/lib/python3/dist-packages/oslo_service/service.py:575
2024-08-29 00:39:00.469 133839 DEBUG oslo_db.sqlalchemy.engines [req-eb4b3868-6692-452b-bc80-bde94c9487ce - - - - -] MySQL server mode set to STRICT_TRANS_TABLES,STRICT_ALL_TABLES,NO_ZERO_IN_DATE,NO_ZERO_DATE,ERROR_FOR_DIVISION_BY_ZERO,TRADITIONAL,NO_ENGINE_SUBSTITUTION _check_effective_sql_mode /usr/lib/python3/dist-packages/oslo_db/sqlalchemy/engines.py:314
2024-08-29 00:39:00.470 133098 DEBUG oslo_service.service [req-95fcca62-de3e-4db2-8e8c-17b8d9983427 - - - - -] Full set of CONF: wait /usr/lib/python3/dist-packages/oslo_service/service.py:649
2024-08-29 00:39:00.470 133098 DEBUG oslo_service.service [req-95fcca62-de3e-4db2-8e8c-17b8d9983427 - - - - -] ******************************************************************************** log_opt_values /usr/lib/python3/dist-packages/oslo_config/cfg.py:2589
2024-08-29 00:39:00.470 133098 DEBUG oslo_service.service [req-95fcca62-de3e-4db2-8e8c-17b8d9983427 - - - - -] Configuration options gathered from: log_opt_values /usr/lib/python3/dist-packages/oslo_config/cfg.py:2590
2024-08-29 00:39:00.470 133098 DEBUG oslo_service.service [req-95fcca62-de3e-4db2-8e8c-17b8d9983427 - - - - -] command line args: ['--config-file=/etc/nova/nova.conf', '--log-file=/var/log/nova/nova-scheduler.log'] log_opt_values /usr/lib/python3/dist-packages/oslo_config/cfg.py:2591
2024-08-29 00:39:00.471 133098 DEBUG oslo_service.service [req-95fcca62-de3e-4db2-8e8c-17b8d9983427 - - - - -] config files: ['/etc/nova/nova.conf'] log_opt_values /usr/lib/python3/dist-packages/oslo_config/cfg.py:2592
2024-08-29 00:39:00.471 133098 DEBUG oslo_service.service [req-95fcca62-de3e-4db2-8e8c-17b8d9983427 - - - - -] ================================================================================ log_opt_values /usr/lib/python3/dist-packages/oslo_config/cfg.py:2594
2024-08-29 00:39:00.472 133098 DEBUG oslo_service.service [req-95fcca62-de3e-4db2-8e8c-17b8d9983427 - - - - -] allow_resize_to_same_host = False log_opt_values /usr/lib/python3/dist-packages/oslo_config/cfg.py:2602
2024-08-29 00:39:00.472 133098 DEBUG oslo_service.service [req-95fcca62-de3e-4db2-8e8c-17b8d9983427 - - - - -] arq_binding_timeout = 300 log_opt_values /usr/lib/python3/dist-packages/oslo_config/cfg.py:2602
2024-08-29 00:39:00.473 133098 DEBUG oslo_service.service [req-95fcca62-de3e-4db2-8e8c-17b8d9983427 - - - - -] block_device_allocate_retries = 60 log_opt_values /usr/lib/python3/dist-packages/oslo_config/cfg.py:2602
2024-08-29 00:39:00.473 133098 DEBUG oslo_service.service [req-95fcca62-de3e-4db2-8e8c-17b8d9983427 - - - - -] block_device_allocate_retries_interval = 3 log_opt_values /usr/lib/python3/dist-packages/oslo_config/cfg.py:2602
2024-08-29 00:39:00.473 133098 DEBUG oslo_service.service [req-95fcca62-de3e-4db2-8e8c-17b8d9983427 - - - - -] cert = self.pem log_opt_values /usr/lib/python3/dist-packages/oslo_config/cfg.py:2602
2024-08-29 00:39:00.472 133842 INFO nova.service [-] Starting scheduler node (version 25.2.1)
2024-08-29 00:39:00.473 133098 DEBUG oslo_service.service [req-95fcca62-de3e-4db2-8e8c-17b8d9983427 - - - - -] compute_driver = libvirt.LibvirtDriver log_opt_values /usr/lib/python3/dist-packages/oslo_config/cfg.py:2602
2024-08-29 00:39:00.473 133098 DEBUG oslo_service.service [req-95fcca62-de3e-4db2-8e8c-17b8d9983427 - - - - -] compute_monitors = [] log_opt_values /usr/lib/python3/dist-packages/oslo_config/cfg.py:2602
2024-08-29 00:39:00.474 133098 DEBUG oslo_service.service [req-95fcca62-de3e-4db2-8e8c-17b8d9983427 - - - - -] config_dir = [] log_opt_values /usr/lib/python3/dist-packages/oslo_config/cfg.py:2602
2024-08-29 00:39:00.474 133098 DEBUG oslo_service.service [req-95fcca62-de3e-4db2-8e8c-17b8d9983427 - - - - -] config_drive_format = iso9660 log_opt_values /usr/lib/python3/dist-packages/oslo_config/cfg.py:2602
2024-08-29 00:39:00.474 133098 DEBUG oslo_service.service [req-95fcca62-de3e-4db2-8e8c-17b8d9983427 - - - - -] config_file = ['/etc/nova/nova.conf'] log_opt_values /usr/lib/python3/dist-packages/oslo_config/cfg.py:2602
2024-08-29 00:39:00.474 133098 DEBUG oslo_service.service [req-95fcca62-de3e-4db2-8e8c-17b8d9983427 - - - - -] config_source = [] log_opt_values /usr/lib/python3/dist-packages/oslo_config/cfg.py:2602
2024-08-29 00:39:00.474 133098 DEBUG oslo_service.service [req-95fcca62-de3e-4db2-8e8c-17b8d9983427 - - - - -] console_host = juju-158c83-0-lxd-7 log_opt_values /usr/lib/python3/dist-packages/oslo_config/cfg.py:2602
2024-08-29 00:39:00.475 133098 DEBUG oslo_service.service [req-95fcca62-de3e-4db2-8e8c-17b8d9983427 - - - - -] control_exchange = nova log_opt_values /usr/lib/python3/dist-packages/oslo_config/cfg.py:2602
2024-08-29 00:39:00.475 133098 DEBUG oslo_service.service [req-95fcca62-de3e-4db2-8e8c-17b8d9983427 - - - - -] cpu_allocation_ratio = 2.0 log_opt_values /usr/lib/python3/dist-packages/oslo_config/cfg.py:2602
2024-08-29 00:39:00.475 133098 DEBUG oslo_service.service [req-95fcca62-de3e-4db2-8e8c-17b8d9983427 - - - - -] daemon = False log_opt_values /usr/lib/python3/dist-packages/oslo_config/cfg.py:2602
2024-08-29 00:39:00.475 133098 DEBUG oslo_service.service [req-95fcca62-de3e-4db2-8e8c-17b8d9983427 - - - - -] debug = True log_opt_values /usr/lib/python3/dist-packages/oslo_config/cfg.py:2602
2024-08-29 00:39:00.479 133098 DEBUG oslo_service.service [req-95fcca62-de3e-4db2-8e8c-17b8d9983427 - - - - -] default_access_ip_network_name = None log_opt_values /usr/lib/python3/dist-packages/oslo_config/cfg.py:2602
2024-08-29 00:39:00.478 133840 DEBUG oslo_db.sqlalchemy.engines [req-97114b97-a49c-4bdf-97d0-deda67a5e45c - - - - -] MySQL server mode set to STRICT_TRANS_TABLES,STRICT_ALL_TABLES,NO_ZERO_IN_DATE,NO_ZERO_DATE,ERROR_FOR_DIVISION_BY_ZERO,TRADITIONAL,NO_ENGINE_SUBSTITUTION _check_effective_sql_mode /usr/lib/python3/dist-packages/oslo_db/sqlalchemy/engines.py:314
2024-08-29 00:39:00.479 133098 DEBUG oslo_service.service [req-95fcca62-de3e-4db2-8e8c-17b8d9983427 - - - - -] default_availability_zone = nova log_opt_values /usr/lib/python3/dist-packages/oslo_config/cfg.py:2602
2024-08-29 00:39:00.479 133098 DEBUG oslo_service.service [req-95fcca62-de3e-4db2-8e8c-17b8d9983427 - - - - -] default_ephemeral_format = None log_opt_values /usr/lib/python3/dist-packages/oslo_config/cfg.py:2602
2024-08-29 00:39:00.480 133098 DEBUG oslo_service.service [req-95fcca62-de3e-4db2-8e8c-17b8d9983427 - - - - -] default_log_levels = ['amqp=WARN', 'amqplib=WARN', 'boto=WARN', 'qpid=WARN', 'sqlalchemy=WARN', 'suds=INFO', 'oslo.messaging=INFO', 'oslo_messaging=DEBUG', 'iso8601=WARN', 'requests.packages.urllib3.connectionpool=WARN', 'urllib3.connectionpool=WARN', 'websocket=WARN', 'requests.packages.urllib3.util.retry=WARN', 'urllib3.util.retry=WARN', 'keystonemiddleware=WARN', 'routes.middleware=WARN', 'stevedore=WARN', 'taskflow=WARN', 'keystoneauth=WARN', 'oslo.cache=INFO', 'dogpile.core.dogpile=INFO', 'glanceclient=WARN', 'oslo.privsep.daemon=INFO'] log_opt_values /usr/lib/python3/dist-packages/oslo_config/cfg.py:2602
2024-08-29 00:39:00.480 133098 DEBUG oslo_service.service [req-95fcca62-de3e-4db2-8e8c-17b8d9983427 - - - - -] default_schedule_zone = None log_opt_values /usr/lib/python3/dist-packages/oslo_config/cfg.py:2602
2024-08-29 00:39:00.481 133841 DEBUG oslo_db.sqlalchemy.engines [req-1100cea7-d00e-4665-9be1-5c9fc0a475d6 - - - - -] MySQL server mode set to STRICT_TRANS_TABLES,STRICT_ALL_TABLES,NO_ZERO_IN_DATE,NO_ZERO_DATE,ERROR_FOR_DIVISION_BY_ZERO,TRADITIONAL,NO_ENGINE_SUBSTITUTION _check_effective_sql_mode /usr/lib/python3/dist-packages/oslo_db/sqlalchemy/engines.py:314
2024-08-29 00:39:00.481 133098 DEBUG oslo_service.service [req-95fcca62-de3e-4db2-8e8c-17b8d9983427 - - - - -] disk_allocation_ratio = 1.0 log_opt_values /usr/lib/python3/dist-packages/oslo_config/cfg.py:2602
2024-08-29 00:39:00.481 133098 DEBUG oslo_service.service [req-95fcca62-de3e-4db2-8e8c-17b8d9983427 - - - - -] enable_new_services = True log_opt_values /usr/lib/python3/dist-packages/oslo_config/cfg.py:2602
2024-08-29 00:39:00.481 133098 DEBUG oslo_service.service [req-95fcca62-de3e-4db2-8e8c-17b8d9983427 - - - - -] enabled_apis = ['osapi_compute', 'metadata'] log_opt_values /usr/lib/python3/dist-packages/oslo_config/cfg.py:2602
2024-08-29 00:39:00.482 133098 DEBUG oslo_service.service [req-95fcca62-de3e-4db2-8e8c-17b8d9983427 - - - - -] enabled_ssl_apis = [] log_opt_values /usr/lib/python3/dist-packages/oslo_config/cfg.py:2602
2024-08-29 00:39:00.482 133098 DEBUG oslo_service.service [req-95fcca62-de3e-4db2-8e8c-17b8d9983427 - - - - -] fatal_deprecations = False log_opt_values /usr/lib/python3/dist-packages/oslo_config/cfg.py:2602
2024-08-29 00:39:00.482 133098 DEBUG oslo_service.service [req-95fcca62-de3e-4db2-8e8c-17b8d9983427 - - - - -] flat_injected = False log_opt_values /usr/lib/python3/dist-packages/oslo_config/cfg.py:2602
2024-08-29 00:39:00.482 133098 DEBUG oslo_service.service [req-95fcca62-de3e-4db2-8e8c-17b8d9983427 - - - - -] force_config_drive = False log_opt_values /usr/lib/python3/dist-packages/oslo_config/cfg.py:2602
2024-08-29 00:39:00.483 133098 DEBUG oslo_service.service [req-95fcca62-de3e-4db2-8e8c-17b8d9983427 - - - - -] force_raw_images = True log_opt_values /usr/lib/python3/dist-packages/oslo_config/cfg.py:2602
2024-08-29 00:39:00.483 133098 DEBUG oslo_service.service [req-95fcca62-de3e-4db2-8e8c-17b8d9983427 - - - - -] graceful_shutdown_timeout = 60 log_opt_values /usr/lib/python3/dist-packages/oslo_config/cfg.py:2602
2024-08-29 00:39:00.483 133098 DEBUG oslo_service.service [req-95fcca62-de3e-4db2-8e8c-17b8d9983427 - - - - -] heal_instance_info_cache_interval = 60 log_opt_values /usr/lib/python3/dist-packages/oslo_config/cfg.py:2602
2024-08-29 00:39:00.484 133098 DEBUG oslo_service.service [req-95fcca62-de3e-4db2-8e8c-17b8d9983427 - - - - -] host = juju-158c83-0-lxd-7 log_opt_values /usr/lib/python3/dist-packages/oslo_config/cfg.py:2602
2024-08-29 00:39:00.484 133098 DEBUG oslo_service.service [req-95fcca62-de3e-4db2-8e8c-17b8d9983427 - - - - -] initial_cpu_allocation_ratio = 16.0 log_opt_values /usr/lib/python3/dist-packages/oslo_config/cfg.py:2602
2024-08-29 00:39:00.484 133098 DEBUG oslo_service.service [req-95fcca62-de3e-4db2-8e8c-17b8d9983427 - - - - -] initial_disk_allocation_ratio = 1.0 log_opt_values /usr/lib/python3/dist-packages/oslo_config/cfg.py:2602
2024-08-29 00:39:00.484 133098 DEBUG oslo_service.service [req-95fcca62-de3e-4db2-8e8c-17b8d9983427 - - - - -] initial_ram_allocation_ratio = 1.5 log_opt_values /usr/lib/python3/dist-packages/oslo_config/cfg.py:2602
2024-08-29 00:39:00.485 133098 DEBUG oslo_service.service [req-95fcca62-de3e-4db2-8e8c-17b8d9983427 - - - - -] injected_network_template = /usr/lib/python3/dist-packages/nova/virt/interfaces.template log_opt_values /usr/lib/python3/dist-packages/oslo_config/cfg.py:2602
2024-08-29 00:39:00.485 133098 DEBUG oslo_service.service [req-95fcca62-de3e-4db2-8e8c-17b8d9983427 - - - - -] instance_build_timeout = 0 log_opt_values /usr/lib/python3/dist-packages/oslo_config/cfg.py:2602
2024-08-29 00:39:00.485 133098 DEBUG oslo_service.service [req-95fcca62-de3e-4db2-8e8c-17b8d9983427 - - - - -] instance_delete_interval = 300 log_opt_values /usr/lib/python3/dist-packages/oslo_config/cfg.py:2602
2024-08-29 00:39:00.485 133098 DEBUG oslo_service.service [req-95fcca62-de3e-4db2-8e8c-17b8d9983427 - - - - -] instance_format = [instance: %(uuid)s] log_opt_values /usr/lib/python3/dist-packages/oslo_config/cfg.py:2602
2024-08-29 00:39:00.485 133098 DEBUG oslo_service.service [req-95fcca62-de3e-4db2-8e8c-17b8d9983427 - - - - -] instance_name_template = instance-%08x log_opt_values /usr/lib/python3/dist-packages/oslo_config/cfg.py:2602
2024-08-29 00:39:00.485 133098 DEBUG oslo_service.service [req-95fcca62-de3e-4db2-8e8c-17b8d9983427 - - - - -] instance_usage_audit = False log_opt_values /usr/lib/python3/dist-packages/oslo_config/cfg.py:2602
2024-08-29 00:39:00.486 133098 DEBUG oslo_service.service [req-95fcca62-de3e-4db2-8e8c-17b8d9983427 - - - - -] instance_usage_audit_period = month log_opt_values /usr/lib/python3/dist-packages/oslo_config/cfg.py:2602
2024-08-29 00:39:00.486 133098 DEBUG oslo_service.service [req-95fcca62-de3e-4db2-8e8c-17b8d9983427 - - - - -] instance_uuid_format = [instance: %(uuid)s] log_opt_values /usr/lib/python3/dist-packages/oslo_config/cfg.py:2602
2024-08-29 00:39:00.487 133098 DEBUG oslo_service.service [req-95fcca62-de3e-4db2-8e8c-17b8d9983427 - - - - -] instances_path = /var/lib/nova/instances log_opt_values /usr/lib/python3/dist-packages/oslo_config/cfg.py:2602
2024-08-29 00:39:00.488 133098 DEBUG oslo_service.service [req-95fcca62-de3e-4db2-8e8c-17b8d9983427 - - - - -] internal_service_availability_zone = internal log_opt_values /usr/lib/python3/dist-packages/oslo_config/cfg.py:2602
2024-08-29 00:39:00.488 133098 DEBUG oslo_service.service [req-95fcca62-de3e-4db2-8e8c-17b8d9983427 - - - - -] key = None log_opt_values /usr/lib/python3/dist-packages/oslo_config/cfg.py:2602
2024-08-29 00:39:00.488 133098 DEBUG oslo_service.service [req-95fcca62-de3e-4db2-8e8c-17b8d9983427 - - - - -] live_migration_retry_count = 30 log_opt_values /usr/lib/python3/dist-packages/oslo_config/cfg.py:2602
2024-08-29 00:39:00.489 133098 DEBUG oslo_service.service [req-95fcca62-de3e-4db2-8e8c-17b8d9983427 - - - - -] log_config_append = None log_opt_values /usr/lib/python3/dist-packages/oslo_config/cfg.py:2602
2024-08-29 00:39:00.489 133098 DEBUG oslo_service.service [req-95fcca62-de3e-4db2-8e8c-17b8d9983427 - - - - -] log_date_format = %Y-%m-%d %H:%M:%S log_opt_values /usr/lib/python3/dist-packages/oslo_config/cfg.py:2602
2024-08-29 00:39:00.492 133839 DEBUG nova.service [req-eb4b3868-6692-452b-bc80-bde94c9487ce - - - - -] Creating RPC server for service scheduler start /usr/lib/python3/dist-packages/nova/service.py:182
2024-08-29 00:39:00.492 133098 DEBUG oslo_service.service [req-95fcca62-de3e-4db2-8e8c-17b8d9983427 - - - - -] log_dir = /var/log/nova log_opt_values /usr/lib/python3/dist-packages/oslo_config/cfg.py:2602
2024-08-29 00:39:00.492 133098 DEBUG oslo_service.service [req-95fcca62-de3e-4db2-8e8c-17b8d9983427 - - - - -] log_file = /var/log/nova/nova-scheduler.log log_opt_values /usr/lib/python3/dist-packages/oslo_config/cfg.py:2602
2024-08-29 00:39:00.492 133098 DEBUG oslo_service.service [req-95fcca62-de3e-4db2-8e8c-17b8d9983427 - - - - -] log_options = True log_opt_values /usr/lib/python3/dist-packages/oslo_config/cfg.py:2602
2024-08-29 00:39:00.493 133098 DEBUG oslo_service.service [req-95fcca62-de3e-4db2-8e8c-17b8d9983427 - - - - -] log_rotate_interval = 1 log_opt_values /usr/lib/python3/dist-packages/oslo_config/cfg.py:2602
2024-08-29 00:39:00.493 133098 DEBUG oslo_service.service [req-95fcca62-de3e-4db2-8e8c-17b8d9983427 - - - - -] log_rotate_interval_type = days log_opt_values /usr/lib/python3/dist-packages/oslo_config/cfg.py:2602
2024-08-29 00:39:00.493 133098 DEBUG oslo_service.service [req-95fcca62-de3e-4db2-8e8c-17b8d9983427 - - - - -] log_rotation_type = none log_opt_values /usr/lib/python3/dist-packages/oslo_config/cfg.py:2602
2024-08-29 00:39:00.493 133098 DEBUG oslo_service.service [req-95fcca62-de3e-4db2-8e8c-17b8d9983427 - - - - -] logging_context_format_string = %(asctime)s.%(msecs)03d %(process)d %(levelname)s %(name)s [%(request_id)s %(user_identity)s] %(instance)s%(message)s log_opt_values /usr/lib/python3/dist-packages/oslo_config/cfg.py:2602
2024-08-29 00:39:00.493 133098 DEBUG oslo_service.service [req-95fcca62-de3e-4db2-8e8c-17b8d9983427 - - - - -] logging_debug_format_suffix = %(funcName)s %(pathname)s:%(lineno)d log_opt_values /usr/lib/python3/dist-packages/oslo_config/cfg.py:2602
2024-08-29 00:39:00.494 133098 DEBUG oslo_service.service [req-95fcca62-de3e-4db2-8e8c-17b8d9983427 - - - - -] logging_default_format_string = %(asctime)s.%(msecs)03d %(process)d %(levelname)s %(name)s [-] %(instance)s%(message)s log_opt_values /usr/lib/python3/dist-packages/oslo_config/cfg.py:2602
2024-08-29 00:39:00.494 133098 DEBUG oslo_service.service [req-95fcca62-de3e-4db2-8e8c-17b8d9983427 - - - - -] logging_exception_prefix = %(asctime)s.%(msecs)03d %(process)d ERROR %(name)s %(instance)s log_opt_values /usr/lib/python3/dist-packages/oslo_config/cfg.py:2602
2024-08-29 00:39:00.494 133098 DEBUG oslo_service.service [req-95fcca62-de3e-4db2-8e8c-17b8d9983427 - - - - -] logging_user_identity_format = %(user)s %(project)s %(domain)s %(user_domain)s %(project_domain)s log_opt_values /usr/lib/python3/dist-packages/oslo_config/cfg.py:2602
2024-08-29 00:39:00.494 133098 DEBUG oslo_service.service [req-95fcca62-de3e-4db2-8e8c-17b8d9983427 - - - - -] long_rpc_timeout = 1800 log_opt_values /usr/lib/python3/dist-packages/oslo_config/cfg.py:2602
2024-08-29 00:39:00.495 133098 DEBUG oslo_service.service [req-95fcca62-de3e-4db2-8e8c-17b8d9983427 - - - - -] max_concurrent_builds = 10 log_opt_values /usr/lib/python3/dist-packages/oslo_config/cfg.py:2602
2024-08-29 00:39:00.495 133098 DEBUG oslo_service.service [req-95fcca62-de3e-4db2-8e8c-17b8d9983427 - - - - -] max_concurrent_live_migrations = 1 log_opt_values /usr/lib/python3/dist-packages/oslo_config/cfg.py:2602
2024-08-29 00:39:00.495 133098 DEBUG oslo_service.service [req-95fcca62-de3e-4db2-8e8c-17b8d9983427 - - - - -] max_concurrent_snapshots = 5 log_opt_values /usr/lib/python3/dist-packages/oslo_config/cfg.py:2602
2024-08-29 00:39:00.496 133098 DEBUG oslo_service.service [req-95fcca62-de3e-4db2-8e8c-17b8d9983427 - - - - -] max_local_block_devices = 3 log_opt_values /usr/lib/python3/dist-packages/oslo_config/cfg.py:2602
2024-08-29 00:39:00.496 133098 DEBUG oslo_service.service [req-95fcca62-de3e-4db2-8e8c-17b8d9983427 - - - - -] max_logfile_count = 30 log_opt_values /usr/lib/python3/dist-packages/oslo_config/cfg.py:2602
2024-08-29 00:39:00.496 133098 DEBUG oslo_service.service [req-95fcca62-de3e-4db2-8e8c-17b8d9983427 - - - - -] max_logfile_size_mb = 200 log_opt_values /usr/lib/python3/dist-packages/oslo_config/cfg.py:2602
2024-08-29 00:39:00.496 133098 DEBUG oslo_service.service [req-95fcca62-de3e-4db2-8e8c-17b8d9983427 - - - - -] maximum_instance_delete_attempts = 5 log_opt_values /usr/lib/python3/dist-packages/oslo_config/cfg.py:2602
2024-08-29 00:39:00.496 133098 DEBUG oslo_service.service [req-95fcca62-de3e-4db2-8e8c-17b8d9983427 - - - - -] metadata_listen = 0.0.0.0 log_opt_values /usr/lib/python3/dist-packages/oslo_config/cfg.py:2602
2024-08-29 00:39:00.497 133098 DEBUG oslo_service.service [req-95fcca62-de3e-4db2-8e8c-17b8d9983427 - - - - -] metadata_listen_port = 8765 log_opt_values /usr/lib/python3/dist-packages/oslo_config/cfg.py:2602
2024-08-29 00:39:00.497 133098 DEBUG oslo_service.service [req-95fcca62-de3e-4db2-8e8c-17b8d9983427 - - - - -] metadata_workers = None log_opt_values /usr/lib/python3/dist-packages/oslo_config/cfg.py:2602
2024-08-29 00:39:00.497 133098 DEBUG oslo_service.service [req-95fcca62-de3e-4db2-8e8c-17b8d9983427 - - - - -] migrate_max_retries = -1 log_opt_values /usr/lib/python3/dist-packages/oslo_config/cfg.py:2602
2024-08-29 00:39:00.498 133098 DEBUG oslo_service.service [req-95fcca62-de3e-4db2-8e8c-17b8d9983427 - - - - -] mkisofs_cmd = genisoimage log_opt_values /usr/lib/python3/dist-packages/oslo_config/cfg.py:2602
2024-08-29 00:39:00.498 133098 DEBUG oslo_service.service [req-95fcca62-de3e-4db2-8e8c-17b8d9983427 - - - - -] my_block_storage_ip = 252.17.11.138 log_opt_values /usr/lib/python3/dist-packages/oslo_config/cfg.py:2602
2024-08-29 00:39:00.498 133098 DEBUG oslo_service.service [req-95fcca62-de3e-4db2-8e8c-17b8d9983427 - - - - -] my_ip = 252.17.11.138 log_opt_values /usr/lib/python3/dist-packages/oslo_config/cfg.py:2602
2024-08-29 00:39:00.498 133098 DEBUG oslo_service.service [req-95fcca62-de3e-4db2-8e8c-17b8d9983427 - - - - -] network_allocate_retries = 0 log_opt_values /usr/lib/python3/dist-packages/oslo_config/cfg.py:2602
2024-08-29 00:39:00.499 133098 DEBUG oslo_service.service [req-95fcca62-de3e-4db2-8e8c-17b8d9983427 - - - - -] non_inheritable_image_properties = ['cache_in_nova', 'bittorrent'] log_opt_values /usr/lib/python3/dist-packages/oslo_config/cfg.py:2602
2024-08-29 00:39:00.499 133098 DEBUG oslo_service.service [req-95fcca62-de3e-4db2-8e8c-17b8d9983427 - - - - -] osapi_compute_listen = 0.0.0.0 log_opt_values /usr/lib/python3/dist-packages/oslo_config/cfg.py:2602
2024-08-29 00:39:00.499 133098 DEBUG oslo_service.service [req-95fcca62-de3e-4db2-8e8c-17b8d9983427 - - - - -] osapi_compute_listen_port = 8764 log_opt_values /usr/lib/python3/dist-packages/oslo_config/cfg.py:2602
2024-08-29 00:39:00.500 133098 DEBUG oslo_service.service [req-95fcca62-de3e-4db2-8e8c-17b8d9983427 - - - - -] osapi_compute_unique_server_name_scope = log_opt_values /usr/lib/python3/dist-packages/oslo_config/cfg.py:2602
2024-08-29 00:39:00.502 133098 DEBUG oslo_service.service [req-95fcca62-de3e-4db2-8e8c-17b8d9983427 - - - - -] osapi_compute_workers = 4 log_opt_values /usr/lib/python3/dist-packages/oslo_config/cfg.py:2602
2024-08-29 00:39:00.502 133098 DEBUG oslo_service.service [req-95fcca62-de3e-4db2-8e8c-17b8d9983427 - - - - -] password_length = 12 log_opt_values /usr/lib/python3/dist-packages/oslo_config/cfg.py:2602
2024-08-29 00:39:00.502 133098 DEBUG oslo_service.service [req-95fcca62-de3e-4db2-8e8c-17b8d9983427 - - - - -] periodic_enable = True log_opt_values /usr/lib/python3/dist-packages/oslo_config/cfg.py:2602
2024-08-29 00:39:00.503 133098 DEBUG oslo_service.service [req-95fcca62-de3e-4db2-8e8c-17b8d9983427 - - - - -] periodic_fuzzy_delay = 60 log_opt_values /usr/lib/python3/dist-packages/oslo_config/cfg.py:2602
2024-08-29 00:39:00.504 133842 DEBUG oslo_db.sqlalchemy.engines [req-6d247f13-ad48-4d5b-8ae8-ea0d1e714ec9 - - - - -] MySQL server mode set to STRICT_TRANS_TABLES,STRICT_ALL_TABLES,NO_ZERO_IN_DATE,NO_ZERO_DATE,ERROR_FOR_DIVISION_BY_ZERO,TRADITIONAL,NO_ENGINE_SUBSTITUTION _check_effective_sql_mode /usr/lib/python3/dist-packages/oslo_db/sqlalchemy/engines.py:314
2024-08-29 00:39:00.509 133098 DEBUG oslo_service.service [req-95fcca62-de3e-4db2-8e8c-17b8d9983427 - - - - -] pointer_model = usbtablet log_opt_values /usr/lib/python3/dist-packages/oslo_config/cfg.py:2602
2024-08-29 00:39:00.510 133098 DEBUG oslo_service.service [req-95fcca62-de3e-4db2-8e8c-17b8d9983427 - - - - -] preallocate_images = none log_opt_values /usr/lib/python3/dist-packages/oslo_config/cfg.py:2602
2024-08-29 00:39:00.511 133098 DEBUG oslo_service.service [req-95fcca62-de3e-4db2-8e8c-17b8d9983427 - - - - -] publish_errors = False log_opt_values /usr/lib/python3/dist-packages/oslo_config/cfg.py:2602
2024-08-29 00:39:00.511 133098 DEBUG oslo_service.service [req-95fcca62-de3e-4db2-8e8c-17b8d9983427 - - - - -] pybasedir = /usr/lib/python3/dist-packages log_opt_values /usr/lib/python3/dist-packages/oslo_config/cfg.py:2602
2024-08-29 00:39:00.511 133098 DEBUG oslo_service.service [req-95fcca62-de3e-4db2-8e8c-17b8d9983427 - - - - -] ram_allocation_ratio = 0.98 log_opt_values /usr/lib/python3/dist-packages/oslo_config/cfg.py:2602
2024-08-29 00:39:00.513 133098 DEBUG oslo_service.service [req-95fcca62-de3e-4db2-8e8c-17b8d9983427 - - - - -] rate_limit_burst = 0 log_opt_values /usr/lib/python3/dist-packages/oslo_config/cfg.py:2602
2024-08-29 00:39:00.517 133840 DEBUG nova.service [req-97114b97-a49c-4bdf-97d0-deda67a5e45c - - - - -] Creating RPC server for service scheduler start /usr/lib/python3/dist-packages/nova/service.py:182
2024-08-29 00:39:00.522 133839 DEBUG oslo_messaging._drivers.amqpdriver [-] Listener is running poll /usr/lib/python3/dist-packages/oslo_messaging/_drivers/amqpdriver.py:343
2024-08-29 00:39:00.523 133839 DEBUG oslo_messaging._drivers.amqpdriver [-] AMQPListener connection consume poll /usr/lib/python3/dist-packages/oslo_messaging/_drivers/amqpdriver.py:357
2024-08-29 00:39:00.528 133098 DEBUG oslo_service.service [req-95fcca62-de3e-4db2-8e8c-17b8d9983427 - - - - -] rate_limit_except_level = CRITICAL log_opt_values /usr/lib/python3/dist-packages/oslo_config/cfg.py:2602
2024-08-29 00:39:00.529 133098 DEBUG oslo_service.service [req-95fcca62-de3e-4db2-8e8c-17b8d9983427 - - - - -] rate_limit_interval = 0 log_opt_values /usr/lib/python3/dist-packages/oslo_config/cfg.py:2602
2024-08-29 00:39:00.529 133098 DEBUG oslo_service.service [req-95fcca62-de3e-4db2-8e8c-17b8d9983427 - - - - -] reboot_timeout = 0 log_opt_values /usr/lib/python3/dist-packages/oslo_config/cfg.py:2602
2024-08-29 00:39:00.529 133098 DEBUG oslo_service.service [req-95fcca62-de3e-4db2-8e8c-17b8d9983427 - - - - -] reclaim_instance_interval = 0 log_opt_values /usr/lib/python3/dist-packages/oslo_config/cfg.py:2602
2024-08-29 00:39:00.529 133098 DEBUG oslo_service.service [req-95fcca62-de3e-4db2-8e8c-17b8d9983427 - - - - -] record = None log_opt_values /usr/lib/python3/dist-packages/oslo_config/cfg.py:2602
2024-08-29 00:39:00.531 133098 DEBUG oslo_service.service [req-95fcca62-de3e-4db2-8e8c-17b8d9983427 - - - - -] report_interval = 10 log_opt_values /usr/lib/python3/dist-packages/oslo_config/cfg.py:2602
2024-08-29 00:39:00.532 133098 DEBUG oslo_service.service [req-95fcca62-de3e-4db2-8e8c-17b8d9983427 - - - - -] rescue_timeout = 0 log_opt_values /usr/lib/python3/dist-packages/oslo_config/cfg.py:2602
2024-08-29 00:39:00.534 133098 DEBUG oslo_service.service [req-95fcca62-de3e-4db2-8e8c-17b8d9983427 - - - - -] reserved_host_cpus = 0 log_opt_values /usr/lib/python3/dist-packages/oslo_config/cfg.py:2602
2024-08-29 00:39:00.532 133839 DEBUG nova.service [req-eb4b3868-6692-452b-bc80-bde94c9487ce - - - - -] Join ServiceGroup membership for this service scheduler start /usr/lib/python3/dist-packages/nova/service.py:199
2024-08-29 00:39:00.536 133841 DEBUG nova.service [req-1100cea7-d00e-4665-9be1-5c9fc0a475d6 - - - - -] Creating RPC server for service scheduler start /usr/lib/python3/dist-packages/nova/service.py:182
2024-08-29 00:39:00.534 133098 DEBUG oslo_service.service [req-95fcca62-de3e-4db2-8e8c-17b8d9983427 - - - - -] reserved_host_disk_mb = 0 log_opt_values /usr/lib/python3/dist-packages/oslo_config/cfg.py:2602
2024-08-29 00:39:00.537 133098 DEBUG oslo_service.service [req-95fcca62-de3e-4db2-8e8c-17b8d9983427 - - - - -] reserved_host_memory_mb = 512 log_opt_values /usr/lib/python3/dist-packages/oslo_config/cfg.py:2602
2024-08-29 00:39:00.536 133839 DEBUG nova.servicegroup.drivers.db [req-eb4b3868-6692-452b-bc80-bde94c9487ce - - - - -] DB_Driver: join new ServiceGroup member juju-158c83-0-lxd-7 to the scheduler group, service = join /usr/lib/python3/dist-packages/nova/servicegroup/drivers/db.py:44
2024-08-29 00:39:00.540 133098 DEBUG oslo_service.service [req-95fcca62-de3e-4db2-8e8c-17b8d9983427 - - - - -] reserved_huge_pages = None log_opt_values /usr/lib/python3/dist-packages/oslo_config/cfg.py:2602
2024-08-29 00:39:00.541 133098 DEBUG oslo_service.service [req-95fcca62-de3e-4db2-8e8c-17b8d9983427 - - - - -] resize_confirm_window = 0 log_opt_values /usr/lib/python3/dist-packages/oslo_config/cfg.py:2602
2024-08-29 00:39:00.542 133839 DEBUG oslo_messaging._drivers.amqpdriver [-] AMQPListener connection timeout poll /usr/lib/python3/dist-packages/oslo_messaging/_drivers/amqpdriver.py:360
2024-08-29 00:39:00.544 133098 DEBUG oslo_service.service [req-95fcca62-de3e-4db2-8e8c-17b8d9983427 - - - - -] resize_fs_using_block_device = False log_opt_values /usr/lib/python3/dist-packages/oslo_config/cfg.py:2602
2024-08-29 00:39:00.545 133842 DEBUG nova.service [req-6d247f13-ad48-4d5b-8ae8-ea0d1e714ec9 - - - - -] Creating RPC server for service scheduler start /usr/lib/python3/dist-packages/nova/service.py:182
2024-08-29 00:39:00.545 133098 DEBUG oslo_service.service [req-95fcca62-de3e-4db2-8e8c-17b8d9983427 - - - - -] resume_guests_state_on_host_boot = False log_opt_values /usr/lib/python3/dist-packages/oslo_config/cfg.py:2602
2024-08-29 00:39:00.544 133839 DEBUG oslo_messaging._drivers.amqpdriver [-] Listener is running poll /usr/lib/python3/dist-packages/oslo_messaging/_drivers/amqpdriver.py:343
2024-08-29 00:39:00.545 133839 DEBUG oslo_messaging._drivers.amqpdriver [-] AMQPListener connection consume poll /usr/lib/python3/dist-packages/oslo_messaging/_drivers/amqpdriver.py:357
2024-08-29 00:39:00.545 133098 DEBUG oslo_service.service [req-95fcca62-de3e-4db2-8e8c-17b8d9983427 - - - - -] rootwrap_config = /etc/nova/rootwrap.conf log_opt_values /usr/lib/python3/dist-packages/oslo_config/cfg.py:2602
2024-08-29 00:39:00.545 133098 DEBUG oslo_service.service [req-95fcca62-de3e-4db2-8e8c-17b8d9983427 - - - - -] run_external_periodic_tasks = True log_opt_values /usr/lib/python3/dist-packages/oslo_config/cfg.py:2602
2024-08-29 00:39:00.546 133098 DEBUG oslo_service.service [req-95fcca62-de3e-4db2-8e8c-17b8d9983427 - - - - -] running_deleted_instance_action = reap log_opt_values /usr/lib/python3/dist-packages/oslo_config/cfg.py:2602
2024-08-29 00:39:00.546 133098 DEBUG oslo_service.service [req-95fcca62-de3e-4db2-8e8c-17b8d9983427 - - - - -] running_deleted_instance_poll_interval = 1800 log_opt_values /usr/lib/python3/dist-packages/oslo_config/cfg.py:2602
2024-08-29 00:39:00.547 133098 DEBUG oslo_service.service [req-95fcca62-de3e-4db2-8e8c-17b8d9983427 - - - - -] running_deleted_instance_timeout = 0 log_opt_values /usr/lib/python3/dist-packages/oslo_config/cfg.py:2602
2024-08-29 00:39:00.548 133098 DEBUG oslo_service.service [req-95fcca62-de3e-4db2-8e8c-17b8d9983427 - - - - -] scheduler_instance_sync_interval = 120 log_opt_values /usr/lib/python3/dist-packages/oslo_config/cfg.py:2602
2024-08-29 00:39:00.549 133098 DEBUG oslo_service.service [req-95fcca62-de3e-4db2-8e8c-17b8d9983427 - - - - -] service_down_time = 60 log_opt_values /usr/lib/python3/dist-packages/oslo_config/cfg.py:2602
2024-08-29 00:39:00.550 133098 DEBUG oslo_service.service [req-95fcca62-de3e-4db2-8e8c-17b8d9983427 - - - - -] servicegroup_driver = db log_opt_values /usr/lib/python3/dist-packages/oslo_config/cfg.py:2602
2024-08-29 00:39:00.551 133098 DEBUG oslo_service.service [req-95fcca62-de3e-4db2-8e8c-17b8d9983427 - - - - -] shelved_offload_time = 0 log_opt_values /usr/lib/python3/dist-packages/oslo_config/cfg.py:2602
2024-08-29 00:39:00.551 133098 DEBUG oslo_service.service [req-95fcca62-de3e-4db2-8e8c-17b8d9983427 - - - - -] shelved_poll_interval = 3600 log_opt_values /usr/lib/python3/dist-packages/oslo_config/cfg.py:2602
2024-08-29 00:39:00.554 133098 DEBUG oslo_service.service [req-95fcca62-de3e-4db2-8e8c-17b8d9983427 - - - - -] shutdown_timeout = 60 log_opt_values /usr/lib/python3/dist-packages/oslo_config/cfg.py:2602
2024-08-29 00:39:00.555 133098 DEBUG oslo_service.service [req-95fcca62-de3e-4db2-8e8c-17b8d9983427 - - - - -] source_is_ipv6 = False log_opt_values /usr/lib/python3/dist-packages/oslo_config/cfg.py:2602
2024-08-29 00:39:00.556 133098 DEBUG oslo_service.service [req-95fcca62-de3e-4db2-8e8c-17b8d9983427 - - - - -] ssl_only = False log_opt_values /usr/lib/python3/dist-packages/oslo_config/cfg.py:2602
2024-08-29 00:39:00.556 133098 DEBUG oslo_service.service [req-95fcca62-de3e-4db2-8e8c-17b8d9983427 - - - - -] state_path = /var/lib/nova log_opt_values /usr/lib/python3/dist-packages/oslo_config/cfg.py:2602
2024-08-29 00:39:00.556 133098 DEBUG oslo_service.service [req-95fcca62-de3e-4db2-8e8c-17b8d9983427 - - - - -] sync_power_state_interval = 600 log_opt_values /usr/lib/python3/dist-packages/oslo_config/cfg.py:2602
2024-08-29 00:39:00.556 133098 DEBUG oslo_service.service [req-95fcca62-de3e-4db2-8e8c-17b8d9983427 - - - - -] sync_power_state_pool_size = 1000 log_opt_values /usr/lib/python3/dist-packages/oslo_config/cfg.py:2602
2024-08-29 00:39:00.557 133098 DEBUG oslo_service.service [req-95fcca62-de3e-4db2-8e8c-17b8d9983427 - - - - -] syslog_log_facility = LOG_USER log_opt_values /usr/lib/python3/dist-packages/oslo_config/cfg.py:2602
2024-08-29 00:39:00.557 133098 DEBUG oslo_service.service [req-95fcca62-de3e-4db2-8e8c-17b8d9983427 - - - - -] tempdir = None log_opt_values /usr/lib/python3/dist-packages/oslo_config/cfg.py:2602
2024-08-29 00:39:00.560 133098 DEBUG oslo_service.service [req-95fcca62-de3e-4db2-8e8c-17b8d9983427 - - - - -] timeout_nbd = 10 log_opt_values /usr/lib/python3/dist-packages/oslo_config/cfg.py:2602
2024-08-29 00:39:00.562 133098 DEBUG oslo_service.service [req-95fcca62-de3e-4db2-8e8c-17b8d9983427 - - - - -] transport_url = **** log_opt_values /usr/lib/python3/dist-packages/oslo_config/cfg.py:2602
2024-08-29 00:39:00.562 133098 DEBUG oslo_service.service [req-95fcca62-de3e-4db2-8e8c-17b8d9983427 - - - - -] update_resources_interval = 0 log_opt_values /usr/lib/python3/dist-packages/oslo_config/cfg.py:2602
2024-08-29 00:39:00.565 133098 DEBUG oslo_service.service [req-95fcca62-de3e-4db2-8e8c-17b8d9983427 - - - - -] use_cow_images = True log_opt_values /usr/lib/python3/dist-packages/oslo_config/cfg.py:2602
2024-08-29 00:39:00.566 133098 DEBUG oslo_service.service [req-95fcca62-de3e-4db2-8e8c-17b8d9983427 - - - - -] use_eventlog = False log_opt_values /usr/lib/python3/dist-packages/oslo_config/cfg.py:2602
2024-08-29 00:39:00.567 133098 DEBUG oslo_service.service [req-95fcca62-de3e-4db2-8e8c-17b8d9983427 - - - - -] use_journal = False log_opt_values /usr/lib/python3/dist-packages/oslo_config/cfg.py:2602
2024-08-29 00:39:00.567 133098 DEBUG oslo_service.service [req-95fcca62-de3e-4db2-8e8c-17b8d9983427 - - - - -] use_json = False log_opt_values /usr/lib/python3/dist-packages/oslo_config/cfg.py:2602
2024-08-29 00:39:00.568 133098 DEBUG oslo_service.service [req-95fcca62-de3e-4db2-8e8c-17b8d9983427 - - - - -] use_rootwrap_daemon = False log_opt_values /usr/lib/python3/dist-packages/oslo_config/cfg.py:2602
2024-08-29 00:39:00.568 133098 DEBUG oslo_service.service [req-95fcca62-de3e-4db2-8e8c-17b8d9983427 - - - - -] use_stderr = False log_opt_values /usr/lib/python3/dist-packages/oslo_config/cfg.py:2602
2024-08-29 00:39:00.568 133098 DEBUG oslo_service.service [req-95fcca62-de3e-4db2-8e8c-17b8d9983427 - - - - -] use_syslog = False log_opt_values /usr/lib/python3/dist-packages/oslo_config/cfg.py:2602
2024-08-29 00:39:00.569 133098 DEBUG oslo_service.service [req-95fcca62-de3e-4db2-8e8c-17b8d9983427 - - - - -] vcpu_pin_set = None log_opt_values /usr/lib/python3/dist-packages/oslo_config/cfg.py:2602
2024-08-29 00:39:00.569 133098 DEBUG oslo_service.service [req-95fcca62-de3e-4db2-8e8c-17b8d9983427 - - - - -] vif_plugging_is_fatal = True log_opt_values /usr/lib/python3/dist-packages/oslo_config/cfg.py:2602
2024-08-29 00:39:00.569 133098 DEBUG oslo_service.service [req-95fcca62-de3e-4db2-8e8c-17b8d9983427 - - - - -] vif_plugging_timeout = 300 log_opt_values /usr/lib/python3/dist-packages/oslo_config/cfg.py:2602
2024-08-29 00:39:00.569 133098 DEBUG oslo_service.service [req-95fcca62-de3e-4db2-8e8c-17b8d9983427 - - - - -] virt_mkfs = [] log_opt_values /usr/lib/python3/dist-packages/oslo_config/cfg.py:2602
2024-08-29 00:39:00.569 133098 DEBUG oslo_service.service [req-95fcca62-de3e-4db2-8e8c-17b8d9983427 - - - - -] volume_usage_poll_interval = 0 log_opt_values /usr/lib/python3/dist-packages/oslo_config/cfg.py:2602
2024-08-29 00:39:00.570 133098 DEBUG oslo_service.service [req-95fcca62-de3e-4db2-8e8c-17b8d9983427 - - - - -] watch_log_file = False log_opt_values /usr/lib/python3/dist-packages/oslo_config/cfg.py:2602
2024-08-29 00:39:00.577 133098 DEBUG oslo_service.service [req-95fcca62-de3e-4db2-8e8c-17b8d9983427 - - - - -] web = /usr/share/spice-html5 log_opt_values /usr/lib/python3/dist-packages/oslo_config/cfg.py:2602
2024-08-29 00:39:00.577 133098 DEBUG oslo_service.service [req-95fcca62-de3e-4db2-8e8c-17b8d9983427 - - - - -] oslo_concurrency.disable_process_locking = False log_opt_values /usr/lib/python3/dist-packages/oslo_config/cfg.py:2609
2024-08-29 00:39:00.578 133098 DEBUG oslo_service.service [req-95fcca62-de3e-4db2-8e8c-17b8d9983427 - - - - -] oslo_concurrency.lock_path = /var/lock/nova log_opt_values /usr/lib/python3/dist-packages/oslo_config/cfg.py:2609
2024-08-29 00:39:00.576 133840 DEBUG oslo_messaging._drivers.amqpdriver [-] Listener is running poll /usr/lib/python3/dist-packages/oslo_messaging/_drivers/amqpdriver.py:343
2024-08-29 00:39:00.578 133098 WARNING oslo_config.cfg [req-95fcca62-de3e-4db2-8e8c-17b8d9983427 - - - - -] Deprecated: Option "auth_strategy" from group "api" is deprecated for removal ( The only non-default choice, ``noauth2``, is for internal development and testing purposes only and should not be used in deployments. This option and its middleware, NoAuthMiddleware[V2_18], will be removed in a future release. ). Its value may be silently ignored in the future.
2024-08-29 00:39:00.578 133840 DEBUG oslo_messaging._drivers.amqpdriver [-] AMQPListener connection consume poll /usr/lib/python3/dist-packages/oslo_messaging/_drivers/amqpdriver.py:357
2024-08-29 00:39:00.578 133098 DEBUG oslo_service.service [req-95fcca62-de3e-4db2-8e8c-17b8d9983427 - - - - -] api.auth_strategy = keystone log_opt_values /usr/lib/python3/dist-packages/oslo_config/cfg.py:2609
2024-08-29 00:39:00.579 133098 DEBUG oslo_service.service [req-95fcca62-de3e-4db2-8e8c-17b8d9983427 - - - - -] api.compute_link_prefix = None log_opt_values /usr/lib/python3/dist-packages/oslo_config/cfg.py:2609
2024-08-29 00:39:00.579 133098 DEBUG oslo_service.service [req-95fcca62-de3e-4db2-8e8c-17b8d9983427 - - - - -] api.config_drive_skip_versions = 1.0 2007-01-19 2007-03-01 2007-08-29 2007-10-10 2007-12-15 2008-02-01 2008-09-01 log_opt_values /usr/lib/python3/dist-packages/oslo_config/cfg.py:2609
2024-08-29 00:39:00.579 133098 DEBUG oslo_service.service [req-95fcca62-de3e-4db2-8e8c-17b8d9983427 - - - - -] api.dhcp_domain = novalocal log_opt_values /usr/lib/python3/dist-packages/oslo_config/cfg.py:2609
2024-08-29 00:39:00.580 133098 DEBUG oslo_service.service [req-95fcca62-de3e-4db2-8e8c-17b8d9983427 - - - - -] api.enable_instance_password = True log_opt_values /usr/lib/python3/dist-packages/oslo_config/cfg.py:2609
2024-08-29 00:39:00.581 133098 DEBUG oslo_service.service [req-95fcca62-de3e-4db2-8e8c-17b8d9983427 - - - - -] api.glance_link_prefix = None log_opt_values /usr/lib/python3/dist-packages/oslo_config/cfg.py:2609
2024-08-29 00:39:00.581 133098 DEBUG oslo_service.service [req-95fcca62-de3e-4db2-8e8c-17b8d9983427 - - - - -] api.instance_list_cells_batch_fixed_size = 100 log_opt_values /usr/lib/python3/dist-packages/oslo_config/cfg.py:2609
2024-08-29 00:39:00.582 133098 DEBUG oslo_service.service [req-95fcca62-de3e-4db2-8e8c-17b8d9983427 - - - - -] api.instance_list_cells_batch_strategy = distributed log_opt_values /usr/lib/python3/dist-packages/oslo_config/cfg.py:2609
2024-08-29 00:39:00.582 133098 DEBUG oslo_service.service [req-95fcca62-de3e-4db2-8e8c-17b8d9983427 - - - - -] api.instance_list_per_project_cells = False log_opt_values /usr/lib/python3/dist-packages/oslo_config/cfg.py:2609
2024-08-29 00:39:00.582 133098 DEBUG oslo_service.service [req-95fcca62-de3e-4db2-8e8c-17b8d9983427 - - - - -] api.list_records_by_skipping_down_cells = True log_opt_values /usr/lib/python3/dist-packages/oslo_config/cfg.py:2609
2024-08-29 00:39:00.583 133098 DEBUG oslo_service.service [req-95fcca62-de3e-4db2-8e8c-17b8d9983427 - - - - -] api.local_metadata_per_cell = False log_opt_values /usr/lib/python3/dist-packages/oslo_config/cfg.py:2609
2024-08-29 00:39:00.583 133840 DEBUG nova.service [req-97114b97-a49c-4bdf-97d0-deda67a5e45c - - - - -] Join ServiceGroup membership for this service scheduler start /usr/lib/python3/dist-packages/nova/service.py:199
2024-08-29 00:39:00.583 133098 DEBUG oslo_service.service [req-95fcca62-de3e-4db2-8e8c-17b8d9983427 - - - - -] api.max_limit = 1000 log_opt_values /usr/lib/python3/dist-packages/oslo_config/cfg.py:2609
2024-08-29 00:39:00.583 133840 DEBUG nova.servicegroup.drivers.db [req-97114b97-a49c-4bdf-97d0-deda67a5e45c - - - - -] DB_Driver: join new ServiceGroup member juju-158c83-0-lxd-7 to the scheduler group, service = join /usr/lib/python3/dist-packages/nova/servicegroup/drivers/db.py:44
2024-08-29 00:39:00.584 133098 DEBUG oslo_service.service [req-95fcca62-de3e-4db2-8e8c-17b8d9983427 - - - - -] api.metadata_cache_expiration = 15 log_opt_values /usr/lib/python3/dist-packages/oslo_config/cfg.py:2609
2024-08-29 00:39:00.584 133098 DEBUG oslo_service.service [req-95fcca62-de3e-4db2-8e8c-17b8d9983427 - - - - -] api.neutron_default_tenant_id = default log_opt_values /usr/lib/python3/dist-packages/oslo_config/cfg.py:2609
2024-08-29 00:39:00.585 133842 DEBUG oslo_messaging._drivers.amqpdriver [-] Listener is running poll /usr/lib/python3/dist-packages/oslo_messaging/_drivers/amqpdriver.py:343
2024-08-29 00:39:00.585 133842 DEBUG oslo_messaging._drivers.amqpdriver [-] AMQPListener connection consume poll /usr/lib/python3/dist-packages/oslo_messaging/_drivers/amqpdriver.py:357
2024-08-29 00:39:00.585 133098 DEBUG oslo_service.service [req-95fcca62-de3e-4db2-8e8c-17b8d9983427 - - - - -] api.use_forwarded_for = False log_opt_values /usr/lib/python3/dist-packages/oslo_config/cfg.py:2609
2024-08-29 00:39:00.585 133840 DEBUG oslo_messaging._drivers.amqpdriver [-] AMQPListener connection timeout poll /usr/lib/python3/dist-packages/oslo_messaging/_drivers/amqpdriver.py:360
2024-08-29 00:39:00.586 133098 DEBUG oslo_service.service [req-95fcca62-de3e-4db2-8e8c-17b8d9983427 - - - - -] api.use_neutron_default_nets = False log_opt_values /usr/lib/python3/dist-packages/oslo_config/cfg.py:2609
2024-08-29 00:39:00.586 133840 DEBUG oslo_messaging._drivers.amqpdriver [-] Listener is running poll /usr/lib/python3/dist-packages/oslo_messaging/_drivers/amqpdriver.py:343
2024-08-29 00:39:00.586 133840 DEBUG oslo_messaging._drivers.amqpdriver [-] AMQPListener connection consume poll /usr/lib/python3/dist-packages/oslo_messaging/_drivers/amqpdriver.py:357
2024-08-29 00:39:00.586 133098 DEBUG oslo_service.service [req-95fcca62-de3e-4db2-8e8c-17b8d9983427 - - - - -] api.vendordata_dynamic_connect_timeout = 5 log_opt_values /usr/lib/python3/dist-packages/oslo_config/cfg.py:2609
2024-08-29 00:39:00.586 133842 DEBUG nova.service [req-6d247f13-ad48-4d5b-8ae8-ea0d1e714ec9 - - - - -] Join ServiceGroup membership for this service scheduler start /usr/lib/python3/dist-packages/nova/service.py:199
