2024-08-29 00:37:26.661 36361 DEBUG oslo_service.service [-] cache.config_prefix = cache.oslo log_opt_values /usr/lib/python3/dist-packages/oslo_config/cfg.py:2609
2024-08-29 00:37:26.661 36361 DEBUG oslo_service.service [-] cache.debug_cache_backend = False log_opt_values /usr/lib/python3/dist-packages/oslo_config/cfg.py:2609
2024-08-29 00:37:26.661 36361 DEBUG oslo_service.service [-] cache.enabled = False log_opt_values /usr/lib/python3/dist-packages/oslo_config/cfg.py:2609
2024-08-29 00:37:26.661 36361 DEBUG oslo_service.service [-] cache.expiration_time = 600 log_opt_values /usr/lib/python3/dist-packages/oslo_config/cfg.py:2609
2024-08-29 00:37:26.662 36361 DEBUG oslo_service.service [-] cache.memcache_dead_retry = 300 log_opt_values /usr/lib/python3/dist-packages/oslo_config/cfg.py:2609
2024-08-29 00:37:26.662 36361 DEBUG oslo_service.service [-] cache.memcache_pool_connection_get_timeout = 10 log_opt_values /usr/lib/python3/dist-packages/oslo_config/cfg.py:2609
2024-08-29 00:37:26.662 36361 DEBUG oslo_service.service [-] cache.memcache_pool_flush_on_reconnect = False log_opt_values /usr/lib/python3/dist-packages/oslo_config/cfg.py:2609
2024-08-29 00:37:26.662 36361 DEBUG oslo_service.service [-] cache.memcache_pool_maxsize = 10 log_opt_values /usr/lib/python3/dist-packages/oslo_config/cfg.py:2609
2024-08-29 00:37:26.662 36361 DEBUG oslo_service.service [-] cache.memcache_pool_unused_timeout = 60 log_opt_values /usr/lib/python3/dist-packages/oslo_config/cfg.py:2609
2024-08-29 00:37:26.662 36361 DEBUG oslo_service.service [-] cache.memcache_servers = ['localhost:11211'] log_opt_values /usr/lib/python3/dist-packages/oslo_config/cfg.py:2609
2024-08-29 00:37:26.662 36361 DEBUG oslo_service.service [-] cache.memcache_socket_timeout = 1.0 log_opt_values /usr/lib/python3/dist-packages/oslo_config/cfg.py:2609
2024-08-29 00:37:26.662 36361 DEBUG oslo_service.service [-] cache.proxies = [] log_opt_values /usr/lib/python3/dist-packages/oslo_config/cfg.py:2609
2024-08-29 00:37:26.663 36361 DEBUG oslo_service.service [-] cache.tls_allowed_ciphers = None log_opt_values /usr/lib/python3/dist-packages/oslo_config/cfg.py:2609
2024-08-29 00:37:26.663 36361 DEBUG oslo_service.service [-] cache.tls_cafile = None log_opt_values /usr/lib/python3/dist-packages/oslo_config/cfg.py:2609
2024-08-29 00:37:26.663 36361 DEBUG oslo_service.service [-] cache.tls_certfile = None log_opt_values /usr/lib/python3/dist-packages/oslo_config/cfg.py:2609
2024-08-29 00:37:26.663 36361 DEBUG oslo_service.service [-] cache.tls_enabled = False log_opt_values /usr/lib/python3/dist-packages/oslo_config/cfg.py:2609
2024-08-29 00:37:26.663 36361 DEBUG oslo_service.service [-] cache.tls_keyfile = None log_opt_values /usr/lib/python3/dist-packages/oslo_config/cfg.py:2609
2024-08-29 00:37:26.663 36361 DEBUG oslo_service.service [-] constraint_validation_cache.caching = True log_opt_values /usr/lib/python3/dist-packages/oslo_config/cfg.py:2609
2024-08-29 00:37:26.663 36361 DEBUG oslo_service.service [-] constraint_validation_cache.expiration_time = 60 log_opt_values /usr/lib/python3/dist-packages/oslo_config/cfg.py:2609
2024-08-29 00:37:26.664 36361 DEBUG oslo_service.service [-] service_extension_cache.caching = True log_opt_values /usr/lib/python3/dist-packages/oslo_config/cfg.py:2609
2024-08-29 00:37:26.664 36361 DEBUG oslo_service.service [-] service_extension_cache.expiration_time = 3600 log_opt_values /usr/lib/python3/dist-packages/oslo_config/cfg.py:2609
2024-08-29 00:37:26.664 36361 DEBUG oslo_service.service [-] resource_finder_cache.caching = True log_opt_values /usr/lib/python3/dist-packages/oslo_config/cfg.py:2609
2024-08-29 00:37:26.664 36361 DEBUG oslo_service.service [-] resource_finder_cache.expiration_time = 3600 log_opt_values /usr/lib/python3/dist-packages/oslo_config/cfg.py:2609
2024-08-29 00:37:26.664 36361 DEBUG oslo_service.service [-] yaql.limit_iterators = 200 log_opt_values /usr/lib/python3/dist-packages/oslo_config/cfg.py:2609
2024-08-29 00:37:26.664 36361 DEBUG oslo_service.service [-] yaql.memory_quota = 10000 log_opt_values /usr/lib/python3/dist-packages/oslo_config/cfg.py:2609
2024-08-29 00:37:26.664 36361 DEBUG oslo_service.service [-] ******************************************************************************** log_opt_values /usr/lib/python3/dist-packages/oslo_config/cfg.py:2613
2024-08-29 00:37:26.692 36576 INFO heat.engine.worker [-] Starting engine_worker (1.4) in engine ece1f76d-4acb-4258-b50a-5b4448840221.
2024-08-29 00:37:26.777 36573 DEBUG oslo_db.sqlalchemy.engines [req-a6e763b0-25f9-4b55-83c4-9fb9586ffbbd - - - - -] MySQL server mode set to STRICT_TRANS_TABLES,STRICT_ALL_TABLES,NO_ZERO_IN_DATE,NO_ZERO_DATE,ERROR_FOR_DIVISION_BY_ZERO,TRADITIONAL,NO_ENGINE_SUBSTITUTION _check_effective_sql_mode /usr/lib/python3/dist-packages/oslo_db/sqlalchemy/engines.py:314
2024-08-29 00:37:26.783 36575 DEBUG oslo_db.sqlalchemy.engines [req-8948f03e-aabd-4fc9-8d55-4b4f1784608c - - - - -] MySQL server mode set to STRICT_TRANS_TABLES,STRICT_ALL_TABLES,NO_ZERO_IN_DATE,NO_ZERO_DATE,ERROR_FOR_DIVISION_BY_ZERO,TRADITIONAL,NO_ENGINE_SUBSTITUTION _check_effective_sql_mode /usr/lib/python3/dist-packages/oslo_db/sqlalchemy/engines.py:314
2024-08-29 00:37:26.783 36576 DEBUG oslo_db.sqlalchemy.engines [req-c790c17f-54b9-4675-aed2-80d547184427 - - - - -] MySQL server mode set to STRICT_TRANS_TABLES,STRICT_ALL_TABLES,NO_ZERO_IN_DATE,NO_ZERO_DATE,ERROR_FOR_DIVISION_BY_ZERO,TRADITIONAL,NO_ENGINE_SUBSTITUTION _check_effective_sql_mode /usr/lib/python3/dist-packages/oslo_db/sqlalchemy/engines.py:314
2024-08-29 00:37:26.789 36574 DEBUG oslo_db.sqlalchemy.engines [req-653019cb-7cd8-4850-a749-ecbd455791b6 - - - - -] MySQL server mode set to STRICT_TRANS_TABLES,STRICT_ALL_TABLES,NO_ZERO_IN_DATE,NO_ZERO_DATE,ERROR_FOR_DIVISION_BY_ZERO,TRADITIONAL,NO_ENGINE_SUBSTITUTION _check_effective_sql_mode /usr/lib/python3/dist-packages/oslo_db/sqlalchemy/engines.py:314
2024-08-29 00:37:26.862 36573 DEBUG heat.engine.service [req-4d376535-4735-43e5-a1c6-75a2bc36dd6b - - - - -] Service cbc69582-7a23-45a1-afba-f68426b2237f is started service_manage_report /usr/lib/python3/dist-packages/heat/engine/service.py:2363
2024-08-29 00:37:26.877 36574 DEBUG heat.engine.service [req-316fa879-4d0a-4104-b086-f556af41e662 - - - - -] Service 79d07704-928c-42e1-8295-669b1946bb60 is started service_manage_report /usr/lib/python3/dist-packages/heat/engine/service.py:2363
2024-08-29 00:37:26.899 36575 DEBUG heat.engine.service [req-a9982ba7-acf4-4ae2-9be7-9fada965b89a - - - - -] Service 41270169-0350-4f12-87d1-bc157c4bd7a1 is started service_manage_report /usr/lib/python3/dist-packages/heat/engine/service.py:2363
2024-08-29 00:37:26.904 36573 DEBUG heat.engine.service [req-4d376535-4735-43e5-a1c6-75a2bc36dd6b - - - - -] Service cbc69582-7a23-45a1-afba-f68426b2237f is updated service_manage_report /usr/lib/python3/dist-packages/heat/engine/service.py:2370
2024-08-29 00:37:26.905 36576 DEBUG heat.engine.service [req-ab6c7839-fe32-44cc-a1ad-32e2a3abb74e - - - - -] Service bdaad590-665e-4244-8070-6c623aed30c3 is started service_manage_report /usr/lib/python3/dist-packages/heat/engine/service.py:2363
2024-08-29 00:37:26.908 36574 DEBUG heat.engine.service [req-316fa879-4d0a-4104-b086-f556af41e662 - - - - -] Service 79d07704-928c-42e1-8295-669b1946bb60 is updated service_manage_report /usr/lib/python3/dist-packages/heat/engine/service.py:2370
2024-08-29 00:37:26.921 36575 DEBUG heat.engine.service [req-a9982ba7-acf4-4ae2-9be7-9fada965b89a - - - - -] Service 41270169-0350-4f12-87d1-bc157c4bd7a1 is updated service_manage_report /usr/lib/python3/dist-packages/heat/engine/service.py:2370
2024-08-29 00:37:26.938 36576 DEBUG heat.engine.service [req-ab6c7839-fe32-44cc-a1ad-32e2a3abb74e - - - - -] Service bdaad590-665e-4244-8070-6c623aed30c3 is updated service_manage_report /usr/lib/python3/dist-packages/heat/engine/service.py:2370
2024-08-29 00:38:26.858 36573 DEBUG heat.engine.service [req-96b28e95-3aad-4240-a609-9075a0bbc461 - - - - -] Service cbc69582-7a23-45a1-afba-f68426b2237f is updated service_manage_report /usr/lib/python3/dist-packages/heat/engine/service.py:2370
2024-08-29 00:38:26.873 36574 DEBUG heat.engine.service [req-f48ac306-4bbd-492a-b734-d209fd6d90da - - - - -] Service 79d07704-928c-42e1-8295-669b1946bb60 is updated service_manage_report /usr/lib/python3/dist-packages/heat/engine/service.py:2370
2024-08-29 00:38:26.875 36575 DEBUG heat.engine.service [req-9316fbe9-9100-422b-a61b-bb0041a732b5 - - - - -] Service 41270169-0350-4f12-87d1-bc157c4bd7a1 is updated service_manage_report /usr/lib/python3/dist-packages/heat/engine/service.py:2370
2024-08-29 00:38:26.892 36576 DEBUG heat.engine.service [req-993c5180-763a-4d77-97d1-65a6e5470114 - - - - -] Service bdaad590-665e-4244-8070-6c623aed30c3 is updated service_manage_report /usr/lib/python3/dist-packages/heat/engine/service.py:2370
2024-08-29 00:39:26.867 36573 DEBUG heat.engine.service [req-42aeb33b-f7ce-4a74-baae-3cf7c263f090 - - - - -] Service cbc69582-7a23-45a1-afba-f68426b2237f is updated service_manage_report /usr/lib/python3/dist-packages/heat/engine/service.py:2370
2024-08-29 00:39:26.870 36574 DEBUG heat.engine.service [req-ac018d51-cf69-43a0-83e3-24018709126c - - - - -] Service 79d07704-928c-42e1-8295-669b1946bb60 is updated service_manage_report /usr/lib/python3/dist-packages/heat/engine/service.py:2370
2024-08-29 00:39:26.878 36575 DEBUG heat.engine.service [req-cdddcad3-1c48-4e15-83c4-3ca61d1262f5 - - - - -] Service 41270169-0350-4f12-87d1-bc157c4bd7a1 is updated service_manage_report /usr/lib/python3/dist-packages/heat/engine/service.py:2370
2024-08-29 00:39:26.897 36576 DEBUG heat.engine.service [req-09b85284-9170-4ea2-a839-c46b246f9824 - - - - -] Service bdaad590-665e-4244-8070-6c623aed30c3 is updated service_manage_report /usr/lib/python3/dist-packages/heat/engine/service.py:2370
2024-08-29 00:40:26.863 36573 DEBUG heat.engine.service [req-d7e4852f-ca77-4cfa-8688-fe8c8a26914d - - - - -] Service cbc69582-7a23-45a1-afba-f68426b2237f is updated service_manage_report /usr/lib/python3/dist-packages/heat/engine/service.py:2370
2024-08-29 00:40:26.865 36574 DEBUG heat.engine.service [req-453602f4-dbdf-4698-a4ae-208b3856707d - - - - -] Service 79d07704-928c-42e1-8295-669b1946bb60 is updated service_manage_report /usr/lib/python3/dist-packages/heat/engine/service.py:2370
2024-08-29 00:40:26.881 36575 DEBUG heat.engine.service [req-414008ed-dbc8-4cee-b97a-842b90e01947 - - - - -] Service 41270169-0350-4f12-87d1-bc157c4bd7a1 is updated service_manage_report /usr/lib/python3/dist-packages/heat/engine/service.py:2370
2024-08-29 00:40:26.901 36576 DEBUG heat.engine.service [req-852601e1-8f7e-491a-bb2b-b45f9aec8bd9 - - - - -] Service bdaad590-665e-4244-8070-6c623aed30c3 is updated service_manage_report /usr/lib/python3/dist-packages/heat/engine/service.py:2370
2024-08-29 00:41:26.861 36573 DEBUG heat.engine.service [req-b929b075-130f-4fff-8f4b-f3fe245c2a43 - - - - -] Service cbc69582-7a23-45a1-afba-f68426b2237f is updated service_manage_report /usr/lib/python3/dist-packages/heat/engine/service.py:2370
2024-08-29 00:41:26.870 36574 DEBUG heat.engine.service [req-3faa52ae-b570-4fd5-88f0-c3f4b8c9fc68 - - - - -] Service 79d07704-928c-42e1-8295-669b1946bb60 is updated service_manage_report /usr/lib/python3/dist-packages/heat/engine/service.py:2370
2024-08-29 00:41:26.883 36575 DEBUG heat.engine.service [req-c5e3907c-9329-4233-8731-87c3d92ed7ba - - - - -] Service 41270169-0350-4f12-87d1-bc157c4bd7a1 is updated service_manage_report /usr/lib/python3/dist-packages/heat/engine/service.py:2370
2024-08-29 00:41:26.905 36576 DEBUG heat.engine.service [req-c2482804-b205-44fe-afa2-2c5ef356ab3b - - - - -] Service bdaad590-665e-4244-8070-6c623aed30c3 is updated service_manage_report /usr/lib/python3/dist-packages/heat/engine/service.py:2370