2025-03-24 01:54:50.723 67806 DEBUG oslo_service.service [-] clients_cinder.http_log_debug = False log_opt_values /usr/lib/python3/dist-packages/oslo_config/cfg.py:2609
2025-03-24 01:54:50.723 67806 DEBUG oslo_service.service [-] clients_cinder.insecure = None log_opt_values /usr/lib/python3/dist-packages/oslo_config/cfg.py:2609
2025-03-24 01:54:50.723 67806 DEBUG oslo_service.service [-] clients_cinder.key_file = None log_opt_values /usr/lib/python3/dist-packages/oslo_config/cfg.py:2609
2025-03-24 01:54:50.723 67806 DEBUG oslo_service.service [-] clients_designate.ca_file = None log_opt_values /usr/lib/python3/dist-packages/oslo_config/cfg.py:2609
2025-03-24 01:54:50.723 67806 DEBUG oslo_service.service [-] clients_designate.cert_file = None log_opt_values /usr/lib/python3/dist-packages/oslo_config/cfg.py:2609
2025-03-24 01:54:50.723 67806 DEBUG oslo_service.service [-] clients_designate.endpoint_type = None log_opt_values /usr/lib/python3/dist-packages/oslo_config/cfg.py:2609
2025-03-24 01:54:50.723 67806 DEBUG oslo_service.service [-] clients_designate.insecure = None log_opt_values /usr/lib/python3/dist-packages/oslo_config/cfg.py:2609
2025-03-24 01:54:50.723 67806 DEBUG oslo_service.service [-] clients_designate.key_file = None log_opt_values /usr/lib/python3/dist-packages/oslo_config/cfg.py:2609
2025-03-24 01:54:50.724 67806 DEBUG oslo_service.service [-] clients_glance.ca_file = None log_opt_values /usr/lib/python3/dist-packages/oslo_config/cfg.py:2609
2025-03-24 01:54:50.725 67806 DEBUG oslo_service.service [-] clients_glance.cert_file = None log_opt_values /usr/lib/python3/dist-packages/oslo_config/cfg.py:2609
2025-03-24 01:54:50.725 67806 DEBUG oslo_service.service [-] clients_glance.endpoint_type = None log_opt_values /usr/lib/python3/dist-packages/oslo_config/cfg.py:2609
2025-03-24 01:54:50.725 67806 DEBUG oslo_service.service [-] clients_glance.insecure = None log_opt_values /usr/lib/python3/dist-packages/oslo_config/cfg.py:2609
2025-03-24 01:54:50.725 67806 DEBUG oslo_service.service [-] clients_glance.key_file = None log_opt_values /usr/lib/python3/dist-packages/oslo_config/cfg.py:2609
2025-03-24 01:54:50.725 67806 DEBUG oslo_service.service [-] clients_heat.ca_file = None log_opt_values /usr/lib/python3/dist-packages/oslo_config/cfg.py:2609
2025-03-24 01:54:50.727 67806 DEBUG oslo_service.service [-] clients_heat.cert_file = None log_opt_values /usr/lib/python3/dist-packages/oslo_config/cfg.py:2609
2025-03-24 01:54:50.728 67806 DEBUG oslo_service.service [-] clients_heat.endpoint_type = None log_opt_values /usr/lib/python3/dist-packages/oslo_config/cfg.py:2609
2025-03-24 01:54:50.728 67806 DEBUG oslo_service.service [-] clients_heat.insecure = None log_opt_values /usr/lib/python3/dist-packages/oslo_config/cfg.py:2609
2025-03-24 01:54:50.728 67806 DEBUG oslo_service.service [-] clients_heat.key_file = None log_opt_values /usr/lib/python3/dist-packages/oslo_config/cfg.py:2609
2025-03-24 01:54:50.728 67806 DEBUG oslo_service.service [-] clients_heat.url = log_opt_values /usr/lib/python3/dist-packages/oslo_config/cfg.py:2609
2025-03-24 01:54:50.728 67806 DEBUG oslo_service.service [-] clients_keystone.auth_uri = http://252.40.160.150:5050 log_opt_values /usr/lib/python3/dist-packages/oslo_config/cfg.py:2609
2025-03-24 01:54:50.728 67806 DEBUG oslo_service.service [-] clients_keystone.ca_file = None log_opt_values /usr/lib/python3/dist-packages/oslo_config/cfg.py:2609
2025-03-24 01:54:50.728 67806 DEBUG oslo_service.service [-] clients_keystone.cert_file = None log_opt_values /usr/lib/python3/dist-packages/oslo_config/cfg.py:2609
2025-03-24 01:54:50.728 67806 DEBUG oslo_service.service [-] clients_keystone.endpoint_type = None log_opt_values /usr/lib/python3/dist-packages/oslo_config/cfg.py:2609
2025-03-24 01:54:50.728 67806 DEBUG oslo_service.service [-] clients_keystone.insecure = None log_opt_values /usr/lib/python3/dist-packages/oslo_config/cfg.py:2609
2025-03-24 01:54:50.729 67806 DEBUG oslo_service.service [-] clients_keystone.key_file = None log_opt_values /usr/lib/python3/dist-packages/oslo_config/cfg.py:2609
2025-03-24 01:54:50.729 67806 DEBUG oslo_service.service [-] clients_magnum.ca_file = None log_opt_values /usr/lib/python3/dist-packages/oslo_config/cfg.py:2609
2025-03-24 01:54:50.729 67806 DEBUG oslo_service.service [-] clients_magnum.cert_file = None log_opt_values /usr/lib/python3/dist-packages/oslo_config/cfg.py:2609
2025-03-24 01:54:50.729 67806 DEBUG oslo_service.service [-] clients_magnum.endpoint_type = None log_opt_values /usr/lib/python3/dist-packages/oslo_config/cfg.py:2609
2025-03-24 01:54:50.729 67806 DEBUG oslo_service.service [-] clients_magnum.insecure = None log_opt_values /usr/lib/python3/dist-packages/oslo_config/cfg.py:2609
2025-03-24 01:54:50.729 67806 DEBUG oslo_service.service [-] clients_magnum.key_file = None log_opt_values /usr/lib/python3/dist-packages/oslo_config/cfg.py:2609
2025-03-24 01:54:50.729 67806 DEBUG oslo_service.service [-] clients_manila.ca_file = None log_opt_values /usr/lib/python3/dist-packages/oslo_config/cfg.py:2609
2025-03-24 01:54:50.729 67806 DEBUG oslo_service.service [-] clients_manila.cert_file = None log_opt_values /usr/lib/python3/dist-packages/oslo_config/cfg.py:2609
2025-03-24 01:54:50.729 67806 DEBUG oslo_service.service [-] clients_manila.endpoint_type = None log_opt_values /usr/lib/python3/dist-packages/oslo_config/cfg.py:2609
2025-03-24 01:54:50.730 67806 DEBUG oslo_service.service [-] clients_manila.insecure = None log_opt_values /usr/lib/python3/dist-packages/oslo_config/cfg.py:2609
2025-03-24 01:54:50.730 67806 DEBUG oslo_service.service [-] clients_manila.key_file = None log_opt_values /usr/lib/python3/dist-packages/oslo_config/cfg.py:2609
2025-03-24 01:54:50.730 67806 DEBUG oslo_service.service [-] clients_mistral.ca_file = None log_opt_values /usr/lib/python3/dist-packages/oslo_config/cfg.py:2609
2025-03-24 01:54:50.730 67806 DEBUG oslo_service.service [-] clients_mistral.cert_file = None log_opt_values /usr/lib/python3/dist-packages/oslo_config/cfg.py:2609
2025-03-24 01:54:50.730 67806 DEBUG oslo_service.service [-] clients_mistral.endpoint_type = None log_opt_values /usr/lib/python3/dist-packages/oslo_config/cfg.py:2609
2025-03-24 01:54:50.730 67806 DEBUG oslo_service.service [-] clients_mistral.insecure = None log_opt_values /usr/lib/python3/dist-packages/oslo_config/cfg.py:2609
2025-03-24 01:54:50.730 67806 DEBUG oslo_service.service [-] clients_mistral.key_file = None log_opt_values /usr/lib/python3/dist-packages/oslo_config/cfg.py:2609
2025-03-24 01:54:50.730 67806 DEBUG oslo_service.service [-] clients_monasca.ca_file = None log_opt_values /usr/lib/python3/dist-packages/oslo_config/cfg.py:2609
2025-03-24 01:54:50.730 67806 DEBUG oslo_service.service [-] clients_monasca.cert_file = None log_opt_values /usr/lib/python3/dist-packages/oslo_config/cfg.py:2609
2025-03-24 01:54:50.730 67806 DEBUG oslo_service.service [-] clients_monasca.endpoint_type = None log_opt_values /usr/lib/python3/dist-packages/oslo_config/cfg.py:2609
2025-03-24 01:54:50.731 67806 DEBUG oslo_service.service [-] clients_monasca.insecure = None log_opt_values /usr/lib/python3/dist-packages/oslo_config/cfg.py:2609
2025-03-24 01:54:50.731 67806 DEBUG oslo_service.service [-] clients_monasca.key_file = None log_opt_values /usr/lib/python3/dist-packages/oslo_config/cfg.py:2609
2025-03-24 01:54:50.731 67806 DEBUG oslo_service.service [-] clients_neutron.ca_file = None log_opt_values /usr/lib/python3/dist-packages/oslo_config/cfg.py:2609
2025-03-24 01:54:50.731 67806 DEBUG oslo_service.service [-] clients_neutron.cert_file = None log_opt_values /usr/lib/python3/dist-packages/oslo_config/cfg.py:2609
2025-03-24 01:54:50.731 67806 DEBUG oslo_service.service [-] clients_neutron.endpoint_type = None log_opt_values /usr/lib/python3/dist-packages/oslo_config/cfg.py:2609
2025-03-24 01:54:50.731 67806 DEBUG oslo_service.service [-] clients_neutron.insecure = None log_opt_values /usr/lib/python3/dist-packages/oslo_config/cfg.py:2609
2025-03-24 01:54:50.731 67806 DEBUG oslo_service.service [-] clients_neutron.key_file = None log_opt_values /usr/lib/python3/dist-packages/oslo_config/cfg.py:2609
2025-03-24 01:54:50.731 67806 DEBUG oslo_service.service [-] clients_nova.ca_file = None log_opt_values /usr/lib/python3/dist-packages/oslo_config/cfg.py:2609
2025-03-24 01:54:50.731 67806 DEBUG oslo_service.service [-] clients_nova.cert_file = None log_opt_values /usr/lib/python3/dist-packages/oslo_config/cfg.py:2609
2025-03-24 01:54:50.731 68024 INFO heat.engine.worker [-] Starting engine_worker (1.4) in engine c1fa896a-6b16-4f1e-bbdf-438d21b816bd.
2025-03-24 01:54:50.731 67806 DEBUG oslo_service.service [-] clients_nova.endpoint_type = None log_opt_values /usr/lib/python3/dist-packages/oslo_config/cfg.py:2609
2025-03-24 01:54:50.732 67806 DEBUG oslo_service.service [-] clients_nova.http_log_debug = False log_opt_values /usr/lib/python3/dist-packages/oslo_config/cfg.py:2609
2025-03-24 01:54:50.732 67806 DEBUG oslo_service.service [-] clients_nova.insecure = None log_opt_values /usr/lib/python3/dist-packages/oslo_config/cfg.py:2609
2025-03-24 01:54:50.732 67806 DEBUG oslo_service.service [-] clients_nova.key_file = None log_opt_values /usr/lib/python3/dist-packages/oslo_config/cfg.py:2609
2025-03-24 01:54:50.732 67806 DEBUG oslo_service.service [-] clients_octavia.ca_file = None log_opt_values /usr/lib/python3/dist-packages/oslo_config/cfg.py:2609
2025-03-24 01:54:50.732 67806 DEBUG oslo_service.service [-] clients_octavia.cert_file = None log_opt_values /usr/lib/python3/dist-packages/oslo_config/cfg.py:2609
2025-03-24 01:54:50.732 67806 DEBUG oslo_service.service [-] clients_octavia.endpoint_type = None log_opt_values /usr/lib/python3/dist-packages/oslo_config/cfg.py:2609
2025-03-24 01:54:50.732 67806 DEBUG oslo_service.service [-] clients_octavia.insecure = None log_opt_values /usr/lib/python3/dist-packages/oslo_config/cfg.py:2609
2025-03-24 01:54:50.733 68025 INFO heat.engine.worker [-] Starting engine_worker (1.4) in engine eed14710-3060-4171-b13a-808a99fd704b.
2025-03-24 01:54:50.734 67806 DEBUG oslo_service.service [-] clients_octavia.key_file = None log_opt_values /usr/lib/python3/dist-packages/oslo_config/cfg.py:2609
2025-03-24 01:54:50.734 67806 DEBUG oslo_service.service [-] clients_sahara.ca_file = None log_opt_values /usr/lib/python3/dist-packages/oslo_config/cfg.py:2609
2025-03-24 01:54:50.735 67806 DEBUG oslo_service.service [-] clients_sahara.cert_file = None log_opt_values /usr/lib/python3/dist-packages/oslo_config/cfg.py:2609
2025-03-24 01:54:50.735 67806 DEBUG oslo_service.service [-] clients_sahara.endpoint_type = None log_opt_values /usr/lib/python3/dist-packages/oslo_config/cfg.py:2609
2025-03-24 01:54:50.735 67806 DEBUG oslo_service.service [-] clients_sahara.insecure = None log_opt_values /usr/lib/python3/dist-packages/oslo_config/cfg.py:2609
2025-03-24 01:54:50.736 67806 DEBUG oslo_service.service [-] clients_sahara.key_file = None log_opt_values /usr/lib/python3/dist-packages/oslo_config/cfg.py:2609
2025-03-24 01:54:50.736 67806 DEBUG oslo_service.service [-] clients_senlin.ca_file = None log_opt_values /usr/lib/python3/dist-packages/oslo_config/cfg.py:2609
2025-03-24 01:54:50.736 67806 DEBUG oslo_service.service [-] clients_senlin.cert_file = None log_opt_values /usr/lib/python3/dist-packages/oslo_config/cfg.py:2609
2025-03-24 01:54:50.736 67806 DEBUG oslo_service.service [-] clients_senlin.endpoint_type = None log_opt_values /usr/lib/python3/dist-packages/oslo_config/cfg.py:2609
2025-03-24 01:54:50.736 67806 DEBUG oslo_service.service [-] clients_senlin.insecure = None log_opt_values /usr/lib/python3/dist-packages/oslo_config/cfg.py:2609
2025-03-24 01:54:50.736 67806 DEBUG oslo_service.service [-] clients_senlin.key_file = None log_opt_values /usr/lib/python3/dist-packages/oslo_config/cfg.py:2609
2025-03-24 01:54:50.736 67806 DEBUG oslo_service.service [-] clients_swift.ca_file = None log_opt_values /usr/lib/python3/dist-packages/oslo_config/cfg.py:2609
2025-03-24 01:54:50.736 67806 DEBUG oslo_service.service [-] clients_swift.cert_file = None log_opt_values /usr/lib/python3/dist-packages/oslo_config/cfg.py:2609
2025-03-24 01:54:50.736 67806 DEBUG oslo_service.service [-] clients_swift.endpoint_type = None log_opt_values /usr/lib/python3/dist-packages/oslo_config/cfg.py:2609
2025-03-24 01:54:50.736 67806 DEBUG oslo_service.service [-] clients_swift.insecure = None log_opt_values /usr/lib/python3/dist-packages/oslo_config/cfg.py:2609
2025-03-24 01:54:50.737 67806 DEBUG oslo_service.service [-] clients_swift.key_file = None log_opt_values /usr/lib/python3/dist-packages/oslo_config/cfg.py:2609
2025-03-24 01:54:50.737 67806 DEBUG oslo_service.service [-] clients_trove.ca_file = None log_opt_values /usr/lib/python3/dist-packages/oslo_config/cfg.py:2609
2025-03-24 01:54:50.737 67806 DEBUG oslo_service.service [-] clients_trove.cert_file = None log_opt_values /usr/lib/python3/dist-packages/oslo_config/cfg.py:2609
2025-03-24 01:54:50.737 67806 DEBUG oslo_service.service [-] clients_trove.endpoint_type = None log_opt_values /usr/lib/python3/dist-packages/oslo_config/cfg.py:2609
2025-03-24 01:54:50.737 67806 DEBUG oslo_service.service [-] clients_trove.insecure = None log_opt_values /usr/lib/python3/dist-packages/oslo_config/cfg.py:2609
2025-03-24 01:54:50.739 67806 DEBUG oslo_service.service [-] clients_trove.key_file = None log_opt_values /usr/lib/python3/dist-packages/oslo_config/cfg.py:2609
2025-03-24 01:54:50.740 67806 DEBUG oslo_service.service [-] clients_vitrage.ca_file = None log_opt_values /usr/lib/python3/dist-packages/oslo_config/cfg.py:2609
2025-03-24 01:54:50.740 67806 DEBUG oslo_service.service [-] clients_vitrage.cert_file = None log_opt_values /usr/lib/python3/dist-packages/oslo_config/cfg.py:2609
2025-03-24 01:54:50.740 67806 DEBUG oslo_service.service [-] clients_vitrage.endpoint_type = None log_opt_values /usr/lib/python3/dist-packages/oslo_config/cfg.py:2609
2025-03-24 01:54:50.740 67806 DEBUG oslo_service.service [-] clients_vitrage.insecure = None log_opt_values /usr/lib/python3/dist-packages/oslo_config/cfg.py:2609
2025-03-24 01:54:50.742 67806 DEBUG oslo_service.service [-] clients_vitrage.key_file = None log_opt_values /usr/lib/python3/dist-packages/oslo_config/cfg.py:2609
2025-03-24 01:54:50.742 67806 DEBUG oslo_service.service [-] clients_zaqar.ca_file = None log_opt_values /usr/lib/python3/dist-packages/oslo_config/cfg.py:2609
2025-03-24 01:54:50.742 67806 DEBUG oslo_service.service [-] clients_zaqar.cert_file = None log_opt_values /usr/lib/python3/dist-packages/oslo_config/cfg.py:2609
2025-03-24 01:54:50.744 67806 DEBUG oslo_service.service [-] clients_zaqar.endpoint_type = None log_opt_values /usr/lib/python3/dist-packages/oslo_config/cfg.py:2609
2025-03-24 01:54:50.745 67806 DEBUG oslo_service.service [-] clients_zaqar.insecure = None log_opt_values /usr/lib/python3/dist-packages/oslo_config/cfg.py:2609
2025-03-24 01:54:50.745 67806 DEBUG oslo_service.service [-] clients_zaqar.key_file = None log_opt_values /usr/lib/python3/dist-packages/oslo_config/cfg.py:2609
2025-03-24 01:54:50.745 67806 DEBUG oslo_service.service [-] database.backend = sqlalchemy log_opt_values /usr/lib/python3/dist-packages/oslo_config/cfg.py:2609
2025-03-24 01:54:50.745 67806 DEBUG oslo_service.service [-] database.connection = **** log_opt_values /usr/lib/python3/dist-packages/oslo_config/cfg.py:2609
2025-03-24 01:54:50.746 67806 DEBUG oslo_service.service [-] database.connection_debug = 0 log_opt_values /usr/lib/python3/dist-packages/oslo_config/cfg.py:2609
2025-03-24 01:54:50.746 67806 DEBUG oslo_service.service [-] database.connection_parameters = log_opt_values /usr/lib/python3/dist-packages/oslo_config/cfg.py:2609
2025-03-24 01:54:50.746 67806 DEBUG oslo_service.service [-] database.connection_recycle_time = 3600 log_opt_values /usr/lib/python3/dist-packages/oslo_config/cfg.py:2609
2025-03-24 01:54:50.746 67806 DEBUG oslo_service.service [-] database.connection_trace = False log_opt_values /usr/lib/python3/dist-packages/oslo_config/cfg.py:2609
2025-03-24 01:54:50.746 67806 DEBUG oslo_service.service [-] database.db_inc_retry_interval = True log_opt_values /usr/lib/python3/dist-packages/oslo_config/cfg.py:2609
2025-03-24 01:54:50.746 67806 DEBUG oslo_service.service [-] database.db_max_retries = 20 log_opt_values /usr/lib/python3/dist-packages/oslo_config/cfg.py:2609
2025-03-24 01:54:50.746 67806 DEBUG oslo_service.service [-] database.db_max_retry_interval = 10 log_opt_values /usr/lib/python3/dist-packages/oslo_config/cfg.py:2609
2025-03-24 01:54:50.746 67806 DEBUG oslo_service.service [-] database.db_retry_interval = 1 log_opt_values /usr/lib/python3/dist-packages/oslo_config/cfg.py:2609
2025-03-24 01:54:50.746 67806 DEBUG oslo_service.service [-] database.max_overflow = 50 log_opt_values /usr/lib/python3/dist-packages/oslo_config/cfg.py:2609
2025-03-24 01:54:50.747 67806 DEBUG oslo_service.service [-] database.max_pool_size = 5 log_opt_values /usr/lib/python3/dist-packages/oslo_config/cfg.py:2609
2025-03-24 01:54:50.747 67806 DEBUG oslo_service.service [-] database.max_retries = 10 log_opt_values /usr/lib/python3/dist-packages/oslo_config/cfg.py:2609
2025-03-24 01:54:50.747 67806 DEBUG oslo_service.service [-] database.mysql_enable_ndb = False log_opt_values /usr/lib/python3/dist-packages/oslo_config/cfg.py:2609
2025-03-24 01:54:50.747 67806 DEBUG oslo_service.service [-] database.mysql_sql_mode = TRADITIONAL log_opt_values /usr/lib/python3/dist-packages/oslo_config/cfg.py:2609
2025-03-24 01:54:50.747 67806 DEBUG oslo_service.service [-] database.pool_timeout = None log_opt_values /usr/lib/python3/dist-packages/oslo_config/cfg.py:2609
2025-03-24 01:54:50.747 67806 DEBUG oslo_service.service [-] database.retry_interval = 10 log_opt_values /usr/lib/python3/dist-packages/oslo_config/cfg.py:2609
2025-03-24 01:54:50.747 67806 DEBUG oslo_service.service [-] database.slave_connection = **** log_opt_values /usr/lib/python3/dist-packages/oslo_config/cfg.py:2609
2025-03-24 01:54:50.747 67806 DEBUG oslo_service.service [-] database.sqlite_synchronous = True log_opt_values /usr/lib/python3/dist-packages/oslo_config/cfg.py:2609
2025-03-24 01:54:50.748 67806 DEBUG oslo_service.service [-] database.use_db_reconnect = False log_opt_values /usr/lib/python3/dist-packages/oslo_config/cfg.py:2609
2025-03-24 01:54:50.748 67806 DEBUG oslo_service.service [-] oslo_messaging_metrics.metrics_buffer_size = 1000 log_opt_values /usr/lib/python3/dist-packages/oslo_config/cfg.py:2609
2025-03-24 01:54:50.748 67806 DEBUG oslo_service.service [-] oslo_messaging_metrics.metrics_enabled = False log_opt_values /usr/lib/python3/dist-packages/oslo_config/cfg.py:2609
2025-03-24 01:54:50.748 67806 DEBUG oslo_service.service [-] oslo_messaging_metrics.metrics_process_name = log_opt_values /usr/lib/python3/dist-packages/oslo_config/cfg.py:2609
2025-03-24 01:54:50.748 67806 DEBUG oslo_service.service [-] oslo_messaging_metrics.metrics_socket_file = /var/tmp/metrics_collector.sock log_opt_values /usr/lib/python3/dist-packages/oslo_config/cfg.py:2609
2025-03-24 01:54:50.748 67806 DEBUG oslo_service.service [-] oslo_messaging_metrics.metrics_thread_stop_timeout = 10 log_opt_values /usr/lib/python3/dist-packages/oslo_config/cfg.py:2609
2025-03-24 01:54:50.748 67806 DEBUG oslo_service.service [-] oslo_policy.enforce_new_defaults = False log_opt_values /usr/lib/python3/dist-packages/oslo_config/cfg.py:2609
2025-03-24 01:54:50.748 67806 DEBUG oslo_service.service [-] oslo_policy.enforce_scope = False log_opt_values /usr/lib/python3/dist-packages/oslo_config/cfg.py:2609
2025-03-24 01:54:50.751 67806 DEBUG oslo_service.service [-] oslo_policy.policy_default_rule = default log_opt_values /usr/lib/python3/dist-packages/oslo_config/cfg.py:2609
2025-03-24 01:54:50.751 67806 DEBUG oslo_service.service [-] oslo_policy.policy_dirs = ['policy.d'] log_opt_values /usr/lib/python3/dist-packages/oslo_config/cfg.py:2609
2025-03-24 01:54:50.752 67806 DEBUG oslo_service.service [-] oslo_policy.policy_file = policy.yaml log_opt_values /usr/lib/python3/dist-packages/oslo_config/cfg.py:2609
2025-03-24 01:54:50.752 67806 DEBUG oslo_service.service [-] oslo_policy.remote_content_type = application/x-www-form-urlencoded log_opt_values /usr/lib/python3/dist-packages/oslo_config/cfg.py:2609
2025-03-24 01:54:50.752 67806 DEBUG oslo_service.service [-] oslo_policy.remote_ssl_ca_crt_file = None log_opt_values /usr/lib/python3/dist-packages/oslo_config/cfg.py:2609
2025-03-24 01:54:50.752 67806 DEBUG oslo_service.service [-] oslo_policy.remote_ssl_client_crt_file = None log_opt_values /usr/lib/python3/dist-packages/oslo_config/cfg.py:2609
2025-03-24 01:54:50.752 67806 DEBUG oslo_service.service [-] oslo_policy.remote_ssl_client_key_file = None log_opt_values /usr/lib/python3/dist-packages/oslo_config/cfg.py:2609
2025-03-24 01:54:50.752 67806 DEBUG oslo_service.service [-] oslo_policy.remote_ssl_verify_server_crt = False log_opt_values /usr/lib/python3/dist-packages/oslo_config/cfg.py:2609
2025-03-24 01:54:50.752 67806 DEBUG oslo_service.service [-] trustee.auth_section = None log_opt_values /usr/lib/python3/dist-packages/oslo_config/cfg.py:2609
2025-03-24 01:54:50.753 67806 WARNING oslo_config.cfg [-] Deprecated: Option "auth_plugin" from group "trustee" is deprecated. Use option "auth_type" from group "trustee".
2025-03-24 01:54:50.753 67806 DEBUG oslo_service.service [-] trustee.auth_type = password log_opt_values /usr/lib/python3/dist-packages/oslo_config/cfg.py:2609
2025-03-24 01:54:50.753 67806 DEBUG oslo_service.service [-] oslo_versionedobjects.fatal_exception_format_errors = False log_opt_values /usr/lib/python3/dist-packages/oslo_config/cfg.py:2609
2025-03-24 01:54:50.753 67806 DEBUG oslo_service.service [-] oslo_messaging_rabbit.amqp_auto_delete = False log_opt_values /usr/lib/python3/dist-packages/oslo_config/cfg.py:2609
2025-03-24 01:54:50.753 67806 DEBUG oslo_service.service [-] oslo_messaging_rabbit.amqp_durable_queues = False log_opt_values /usr/lib/python3/dist-packages/oslo_config/cfg.py:2609
2025-03-24 01:54:50.753 67806 DEBUG oslo_service.service [-] oslo_messaging_rabbit.conn_pool_min_size = 2 log_opt_values /usr/lib/python3/dist-packages/oslo_config/cfg.py:2609
2025-03-24 01:54:50.753 67806 DEBUG oslo_service.service [-] oslo_messaging_rabbit.conn_pool_ttl = 1200 log_opt_values /usr/lib/python3/dist-packages/oslo_config/cfg.py:2609
2025-03-24 01:54:50.755 67806 DEBUG oslo_service.service [-] oslo_messaging_rabbit.direct_mandatory_flag = True log_opt_values /usr/lib/python3/dist-packages/oslo_config/cfg.py:2609
2025-03-24 01:54:50.755 67806 DEBUG oslo_service.service [-] oslo_messaging_rabbit.enable_cancel_on_failover = False log_opt_values /usr/lib/python3/dist-packages/oslo_config/cfg.py:2609
2025-03-24 01:54:50.755 67806 DEBUG oslo_service.service [-] oslo_messaging_rabbit.heartbeat_in_pthread = True log_opt_values /usr/lib/python3/dist-packages/oslo_config/cfg.py:2609
2025-03-24 01:54:50.755 67806 DEBUG oslo_service.service [-] oslo_messaging_rabbit.heartbeat_rate = 2 log_opt_values /usr/lib/python3/dist-packages/oslo_config/cfg.py:2609
2025-03-24 01:54:50.756 67806 DEBUG oslo_service.service [-] oslo_messaging_rabbit.heartbeat_timeout_threshold = 60 log_opt_values /usr/lib/python3/dist-packages/oslo_config/cfg.py:2609
2025-03-24 01:54:50.756 67806 DEBUG oslo_service.service [-] oslo_messaging_rabbit.kombu_compression = None log_opt_values /usr/lib/python3/dist-packages/oslo_config/cfg.py:2609
2025-03-24 01:54:50.756 67806 DEBUG oslo_service.service [-] oslo_messaging_rabbit.kombu_failover_strategy = round-robin log_opt_values /usr/lib/python3/dist-packages/oslo_config/cfg.py:2609
2025-03-24 01:54:50.756 67806 DEBUG oslo_service.service [-] oslo_messaging_rabbit.kombu_missing_consumer_retry_timeout = 60 log_opt_values /usr/lib/python3/dist-packages/oslo_config/cfg.py:2609
2025-03-24 01:54:50.757 67806 DEBUG oslo_service.service [-] oslo_messaging_rabbit.kombu_reconnect_delay = 1.0 log_opt_values /usr/lib/python3/dist-packages/oslo_config/cfg.py:2609
2025-03-24 01:54:50.757 67806 DEBUG oslo_service.service [-] oslo_messaging_rabbit.rabbit_ha_queues = False log_opt_values /usr/lib/python3/dist-packages/oslo_config/cfg.py:2609
2025-03-24 01:54:50.757 67806 DEBUG oslo_service.service [-] oslo_messaging_rabbit.rabbit_interval_max = 30 log_opt_values /usr/lib/python3/dist-packages/oslo_config/cfg.py:2609
2025-03-24 01:54:50.757 67806 DEBUG oslo_service.service [-] oslo_messaging_rabbit.rabbit_login_method = AMQPLAIN log_opt_values /usr/lib/python3/dist-packages/oslo_config/cfg.py:2609
2025-03-24 01:54:50.757 67806 DEBUG oslo_service.service [-] oslo_messaging_rabbit.rabbit_qos_prefetch_count = 0 log_opt_values /usr/lib/python3/dist-packages/oslo_config/cfg.py:2609
2025-03-24 01:54:50.757 67806 DEBUG oslo_service.service [-] oslo_messaging_rabbit.rabbit_quorum_queue = False log_opt_values /usr/lib/python3/dist-packages/oslo_config/cfg.py:2609
2025-03-24 01:54:50.757 67806 DEBUG oslo_service.service [-] oslo_messaging_rabbit.rabbit_retry_backoff = 2 log_opt_values /usr/lib/python3/dist-packages/oslo_config/cfg.py:2609
2025-03-24 01:54:50.759 67806 DEBUG oslo_service.service [-] oslo_messaging_rabbit.rabbit_retry_interval = 1 log_opt_values /usr/lib/python3/dist-packages/oslo_config/cfg.py:2609
2025-03-24 01:54:50.759 67806 DEBUG oslo_service.service [-] oslo_messaging_rabbit.rabbit_transient_queues_ttl = 1800 log_opt_values /usr/lib/python3/dist-packages/oslo_config/cfg.py:2609
2025-03-24 01:54:50.759 67806 DEBUG oslo_service.service [-] oslo_messaging_rabbit.rpc_conn_pool_size = 30 log_opt_values /usr/lib/python3/dist-packages/oslo_config/cfg.py:2609
2025-03-24 01:54:50.759 67806 DEBUG oslo_service.service [-] oslo_messaging_rabbit.ssl = False log_opt_values /usr/lib/python3/dist-packages/oslo_config/cfg.py:2609
2025-03-24 01:54:50.760 67806 DEBUG oslo_service.service [-] oslo_messaging_rabbit.ssl_ca_file = log_opt_values /usr/lib/python3/dist-packages/oslo_config/cfg.py:2609
2025-03-24 01:54:50.761 67806 DEBUG oslo_service.service [-] oslo_messaging_rabbit.ssl_cert_file = log_opt_values /usr/lib/python3/dist-packages/oslo_config/cfg.py:2609
2025-03-24 01:54:50.761 67806 DEBUG oslo_service.service [-] oslo_messaging_rabbit.ssl_key_file = log_opt_values /usr/lib/python3/dist-packages/oslo_config/cfg.py:2609
2025-03-24 01:54:50.762 68026 INFO heat.engine.worker [-] Starting engine_worker (1.4) in engine 24cef9f4-6a3c-4778-b0ac-3b0745f21576.
2025-03-24 01:54:50.761 67806 DEBUG oslo_service.service [-] oslo_messaging_rabbit.ssl_version = log_opt_values /usr/lib/python3/dist-packages/oslo_config/cfg.py:2609
2025-03-24 01:54:50.769 67806 DEBUG oslo_service.service [-] oslo_messaging_notifications.driver = [] log_opt_values /usr/lib/python3/dist-packages/oslo_config/cfg.py:2609
2025-03-24 01:54:50.769 67806 DEBUG oslo_service.service [-] oslo_messaging_notifications.retry = -1 log_opt_values /usr/lib/python3/dist-packages/oslo_config/cfg.py:2609
2025-03-24 01:54:50.770 67806 DEBUG oslo_service.service [-] oslo_messaging_notifications.topics = ['notifications'] log_opt_values /usr/lib/python3/dist-packages/oslo_config/cfg.py:2609
2025-03-24 01:54:50.771 67806 DEBUG oslo_service.service [-] oslo_messaging_notifications.transport_url = **** log_opt_values /usr/lib/python3/dist-packages/oslo_config/cfg.py:2609
2025-03-24 01:54:50.771 67806 DEBUG oslo_service.service [-] cache.backend = dogpile.cache.null log_opt_values /usr/lib/python3/dist-packages/oslo_config/cfg.py:2609
2025-03-24 01:54:50.771 67806 DEBUG oslo_service.service [-] cache.backend_argument = **** log_opt_values /usr/lib/python3/dist-packages/oslo_config/cfg.py:2609
2025-03-24 01:54:50.772 67806 DEBUG oslo_service.service [-] cache.config_prefix = cache.oslo log_opt_values /usr/lib/python3/dist-packages/oslo_config/cfg.py:2609
2025-03-24 01:54:50.772 67806 DEBUG oslo_service.service [-] cache.debug_cache_backend = False log_opt_values /usr/lib/python3/dist-packages/oslo_config/cfg.py:2609
2025-03-24 01:54:50.772 67806 DEBUG oslo_service.service [-] cache.enabled = False log_opt_values /usr/lib/python3/dist-packages/oslo_config/cfg.py:2609
2025-03-24 01:54:50.772 67806 DEBUG oslo_service.service [-] cache.expiration_time = 600 log_opt_values /usr/lib/python3/dist-packages/oslo_config/cfg.py:2609
2025-03-24 01:54:50.772 67806 DEBUG oslo_service.service [-] cache.memcache_dead_retry = 300 log_opt_values /usr/lib/python3/dist-packages/oslo_config/cfg.py:2609
2025-03-24 01:54:50.775 67806 DEBUG oslo_service.service [-] cache.memcache_pool_connection_get_timeout = 10 log_opt_values /usr/lib/python3/dist-packages/oslo_config/cfg.py:2609
2025-03-24 01:54:50.775 67806 DEBUG oslo_service.service [-] cache.memcache_pool_flush_on_reconnect = False log_opt_values /usr/lib/python3/dist-packages/oslo_config/cfg.py:2609
2025-03-24 01:54:50.775 67806 DEBUG oslo_service.service [-] cache.memcache_pool_maxsize = 10 log_opt_values /usr/lib/python3/dist-packages/oslo_config/cfg.py:2609
2025-03-24 01:54:50.775 67806 DEBUG oslo_service.service [-] cache.memcache_pool_unused_timeout = 60 log_opt_values /usr/lib/python3/dist-packages/oslo_config/cfg.py:2609
2025-03-24 01:54:50.775 67806 DEBUG oslo_service.service [-] cache.memcache_servers = ['localhost:11211'] log_opt_values /usr/lib/python3/dist-packages/oslo_config/cfg.py:2609
2025-03-24 01:54:50.775 67806 DEBUG oslo_service.service [-] cache.memcache_socket_timeout = 1.0 log_opt_values /usr/lib/python3/dist-packages/oslo_config/cfg.py:2609
2025-03-24 01:54:50.775 67806 DEBUG oslo_service.service [-] cache.proxies = [] log_opt_values /usr/lib/python3/dist-packages/oslo_config/cfg.py:2609
2025-03-24 01:54:50.777 67806 DEBUG oslo_service.service [-] cache.tls_allowed_ciphers = None log_opt_values /usr/lib/python3/dist-packages/oslo_config/cfg.py:2609
2025-03-24 01:54:50.777 67806 DEBUG oslo_service.service [-] cache.tls_cafile = None log_opt_values /usr/lib/python3/dist-packages/oslo_config/cfg.py:2609
2025-03-24 01:54:50.778 67806 DEBUG oslo_service.service [-] cache.tls_certfile = None log_opt_values /usr/lib/python3/dist-packages/oslo_config/cfg.py:2609
2025-03-24 01:54:50.778 67806 DEBUG oslo_service.service [-] cache.tls_enabled = False log_opt_values /usr/lib/python3/dist-packages/oslo_config/cfg.py:2609
2025-03-24 01:54:50.779 67806 DEBUG oslo_service.service [-] cache.tls_keyfile = None log_opt_values /usr/lib/python3/dist-packages/oslo_config/cfg.py:2609
2025-03-24 01:54:50.780 67806 DEBUG oslo_service.service [-] constraint_validation_cache.caching = True log_opt_values /usr/lib/python3/dist-packages/oslo_config/cfg.py:2609
2025-03-24 01:54:50.780 67806 DEBUG oslo_service.service [-] constraint_validation_cache.expiration_time = 60 log_opt_values /usr/lib/python3/dist-packages/oslo_config/cfg.py:2609
2025-03-24 01:54:50.780 67806 DEBUG oslo_service.service [-] service_extension_cache.caching = True log_opt_values /usr/lib/python3/dist-packages/oslo_config/cfg.py:2609
2025-03-24 01:54:50.780 67806 DEBUG oslo_service.service [-] service_extension_cache.expiration_time = 3600 log_opt_values /usr/lib/python3/dist-packages/oslo_config/cfg.py:2609
2025-03-24 01:54:50.780 67806 DEBUG oslo_service.service [-] resource_finder_cache.caching = True log_opt_values /usr/lib/python3/dist-packages/oslo_config/cfg.py:2609
2025-03-24 01:54:50.780 67806 DEBUG oslo_service.service [-] resource_finder_cache.expiration_time = 3600 log_opt_values /usr/lib/python3/dist-packages/oslo_config/cfg.py:2609
2025-03-24 01:54:50.781 67806 DEBUG oslo_service.service [-] yaql.limit_iterators = 200 log_opt_values /usr/lib/python3/dist-packages/oslo_config/cfg.py:2609
2025-03-24 01:54:50.781 67806 DEBUG oslo_service.service [-] yaql.memory_quota = 10000 log_opt_values /usr/lib/python3/dist-packages/oslo_config/cfg.py:2609
2025-03-24 01:54:50.781 67806 DEBUG oslo_service.service [-] ******************************************************************************** log_opt_values /usr/lib/python3/dist-packages/oslo_config/cfg.py:2613
2025-03-24 01:54:50.818 68023 DEBUG oslo_db.sqlalchemy.engines [req-f5b0d403-944e-49e5-a4e7-870139ce160c - - - - -] MySQL server mode set to STRICT_TRANS_TABLES,STRICT_ALL_TABLES,NO_ZERO_IN_DATE,NO_ZERO_DATE,ERROR_FOR_DIVISION_BY_ZERO,TRADITIONAL,NO_ENGINE_SUBSTITUTION _check_effective_sql_mode /usr/lib/python3/dist-packages/oslo_db/sqlalchemy/engines.py:314
2025-03-24 01:54:50.856 68024 DEBUG oslo_db.sqlalchemy.engines [req-4d6f549d-73bd-46e6-9276-26639fc1c86b - - - - -] MySQL server mode set to STRICT_TRANS_TABLES,STRICT_ALL_TABLES,NO_ZERO_IN_DATE,NO_ZERO_DATE,ERROR_FOR_DIVISION_BY_ZERO,TRADITIONAL,NO_ENGINE_SUBSTITUTION _check_effective_sql_mode /usr/lib/python3/dist-packages/oslo_db/sqlalchemy/engines.py:314
2025-03-24 01:54:50.863 68026 DEBUG oslo_db.sqlalchemy.engines [req-96dff763-8c24-4475-a10b-936a9723017c - - - - -] MySQL server mode set to STRICT_TRANS_TABLES,STRICT_ALL_TABLES,NO_ZERO_IN_DATE,NO_ZERO_DATE,ERROR_FOR_DIVISION_BY_ZERO,TRADITIONAL,NO_ENGINE_SUBSTITUTION _check_effective_sql_mode /usr/lib/python3/dist-packages/oslo_db/sqlalchemy/engines.py:314
2025-03-24 01:54:50.865 68025 DEBUG oslo_db.sqlalchemy.engines [req-0136734b-8e6b-41f4-abb5-8a30c5f4a683 - - - - -] MySQL server mode set to STRICT_TRANS_TABLES,STRICT_ALL_TABLES,NO_ZERO_IN_DATE,NO_ZERO_DATE,ERROR_FOR_DIVISION_BY_ZERO,TRADITIONAL,NO_ENGINE_SUBSTITUTION _check_effective_sql_mode /usr/lib/python3/dist-packages/oslo_db/sqlalchemy/engines.py:314
2025-03-24 01:54:50.957 68023 DEBUG heat.engine.service [req-ffc9f373-1654-4868-a4cb-3d2d41b777d0 - - - - -] Service bf3089dd-68af-4457-b9aa-8dddf830258e is started service_manage_report /usr/lib/python3/dist-packages/heat/engine/service.py:2363
2025-03-24 01:54:50.959 68024 DEBUG heat.engine.service [req-b3d7a277-7040-40b1-a010-35b8826b05ad - - - - -] Service a3ab118b-8df9-4f4a-9c38-9a17db80741e is started service_manage_report /usr/lib/python3/dist-packages/heat/engine/service.py:2363
2025-03-24 01:54:50.970 68026 DEBUG heat.engine.service [req-efdb92b2-380a-48aa-bd18-3211060720d1 - - - - -] Service ec8feeee-dbcb-4426-89db-975c25b42b83 is started service_manage_report /usr/lib/python3/dist-packages/heat/engine/service.py:2363
2025-03-24 01:54:50.982 68023 DEBUG heat.engine.service [req-ffc9f373-1654-4868-a4cb-3d2d41b777d0 - - - - -] Service bf3089dd-68af-4457-b9aa-8dddf830258e is updated service_manage_report /usr/lib/python3/dist-packages/heat/engine/service.py:2370
2025-03-24 01:54:50.985 68024 DEBUG heat.engine.service [req-b3d7a277-7040-40b1-a010-35b8826b05ad - - - - -] Service a3ab118b-8df9-4f4a-9c38-9a17db80741e is updated service_manage_report /usr/lib/python3/dist-packages/heat/engine/service.py:2370
2025-03-24 01:54:50.994 68026 DEBUG heat.engine.service [req-efdb92b2-380a-48aa-bd18-3211060720d1 - - - - -] Service ec8feeee-dbcb-4426-89db-975c25b42b83 is updated service_manage_report /usr/lib/python3/dist-packages/heat/engine/service.py:2370
2025-03-24 01:54:50.999 68025 DEBUG heat.engine.service [req-d0ddb500-38d3-4145-912e-7cd39673b7bf - - - - -] Service fa4bf3bc-312c-468a-9712-64ea8fb46b1d is started service_manage_report /usr/lib/python3/dist-packages/heat/engine/service.py:2363
2025-03-24 01:54:51.018 68025 DEBUG heat.engine.service [req-d0ddb500-38d3-4145-912e-7cd39673b7bf - - - - -] Service fa4bf3bc-312c-468a-9712-64ea8fb46b1d is updated service_manage_report /usr/lib/python3/dist-packages/heat/engine/service.py:2370
2025-03-24 01:55:50.930 68023 DEBUG heat.engine.service [req-fd46ca4f-9f3f-432d-9143-d0cba0c7feac - - - - -] Service bf3089dd-68af-4457-b9aa-8dddf830258e is updated service_manage_report /usr/lib/python3/dist-packages/heat/engine/service.py:2370
2025-03-24 01:55:50.952 68026 DEBUG heat.engine.service [req-7949e091-9a72-477b-bdfa-9613a1777190 - - - - -] Service ec8feeee-dbcb-4426-89db-975c25b42b83 is updated service_manage_report /usr/lib/python3/dist-packages/heat/engine/service.py:2370
2025-03-24 01:55:50.956 68024 DEBUG heat.engine.service [req-f5d4069d-0e8a-4e46-ba2f-e9c2c10b6caa - - - - -] Service a3ab118b-8df9-4f4a-9c38-9a17db80741e is updated service_manage_report /usr/lib/python3/dist-packages/heat/engine/service.py:2370
2025-03-24 01:55:50.993 68025 DEBUG heat.engine.service [req-c3a29585-b58f-4439-be4d-fc85b9ab2df8 - - - - -] Service fa4bf3bc-312c-468a-9712-64ea8fb46b1d is updated service_manage_report /usr/lib/python3/dist-packages/heat/engine/service.py:2370
2025-03-24 01:56:50.926 68023 DEBUG heat.engine.service [req-6264bc4e-8551-4900-b35a-825ff3b2e99e - - - - -] Service bf3089dd-68af-4457-b9aa-8dddf830258e is updated service_manage_report /usr/lib/python3/dist-packages/heat/engine/service.py:2370
2025-03-24 01:56:50.948 68026 DEBUG heat.engine.service [req-227d4982-6910-47a7-bd96-61c90ed9ef10 - - - - -] Service ec8feeee-dbcb-4426-89db-975c25b42b83 is updated service_manage_report /usr/lib/python3/dist-packages/heat/engine/service.py:2370
2025-03-24 01:56:50.952 68024 DEBUG heat.engine.service [req-cd51d170-6747-4d33-8774-ca8735707ec5 - - - - -] Service a3ab118b-8df9-4f4a-9c38-9a17db80741e is updated service_manage_report /usr/lib/python3/dist-packages/heat/engine/service.py:2370
2025-03-24 01:56:50.998 68025 DEBUG heat.engine.service [req-fd67ec97-42a8-4c75-a2f0-0e78230159a8 - - - - -] Service fa4bf3bc-312c-468a-9712-64ea8fb46b1d is updated service_manage_report /usr/lib/python3/dist-packages/heat/engine/service.py:2370
2025-03-24 01:57:50.922 68023 DEBUG heat.engine.service [req-10c9774d-74f7-4979-9987-0adfe484518a - - - - -] Service bf3089dd-68af-4457-b9aa-8dddf830258e is updated service_manage_report /usr/lib/python3/dist-packages/heat/engine/service.py:2370
2025-03-24 01:57:50.942 68026 DEBUG heat.engine.service [req-0a50e843-840d-4e77-a9ba-6965fc1a2353 - - - - -] Service ec8feeee-dbcb-4426-89db-975c25b42b83 is updated service_manage_report /usr/lib/python3/dist-packages/heat/engine/service.py:2370
2025-03-24 01:57:50.955 68024 DEBUG heat.engine.service [req-6adbb001-9365-4b89-bef7-11844c091140 - - - - -] Service a3ab118b-8df9-4f4a-9c38-9a17db80741e is updated service_manage_report /usr/lib/python3/dist-packages/heat/engine/service.py:2370
2025-03-24 01:57:51.002 68025 DEBUG heat.engine.service [req-b48fc4e9-8818-4f64-abd8-28b673f8bf07 - - - - -] Service fa4bf3bc-312c-468a-9712-64ea8fb46b1d is updated service_manage_report /usr/lib/python3/dist-packages/heat/engine/service.py:2370
2025-03-24 01:58:50.918 68023 DEBUG heat.engine.service [req-712f83fe-448d-4d7d-b659-f858d3dfb007 - - - - -] Service bf3089dd-68af-4457-b9aa-8dddf830258e is updated service_manage_report /usr/lib/python3/dist-packages/heat/engine/service.py:2370
2025-03-24 01:58:50.945 68026 DEBUG heat.engine.service [req-6f82a789-24ca-466c-bc33-083f800d6fdd - - - - -] Service ec8feeee-dbcb-4426-89db-975c25b42b83 is updated service_manage_report /usr/lib/python3/dist-packages/heat/engine/service.py:2370
2025-03-24 01:58:50.958 68024 DEBUG heat.engine.service [req-bf74d0d7-4c60-468d-b34d-4d14c5347425 - - - - -] Service a3ab118b-8df9-4f4a-9c38-9a17db80741e is updated service_manage_report /usr/lib/python3/dist-packages/heat/engine/service.py:2370
2025-03-24 01:58:51.010 68025 DEBUG heat.engine.service [req-9166b222-26f9-40c8-a1b3-525dcbdcb0d1 - - - - -] Service fa4bf3bc-312c-468a-9712-64ea8fb46b1d is updated service_manage_report /usr/lib/python3/dist-packages/heat/engine/service.py:2370
2025-03-24 01:59:50.922 68023 DEBUG heat.engine.service [req-3c1677af-f11b-4467-8ccb-4e1f8a1c47a1 - - - - -] Service bf3089dd-68af-4457-b9aa-8dddf830258e is updated service_manage_report /usr/lib/python3/dist-packages/heat/engine/service.py:2370
2025-03-24 01:59:50.950 68026 DEBUG heat.engine.service [req-4a465768-62aa-4c10-8bf5-1e315a9e000b - - - - -] Service ec8feeee-dbcb-4426-89db-975c25b42b83 is updated service_manage_report /usr/lib/python3/dist-packages/heat/engine/service.py:2370
2025-03-24 01:59:50.960 68024 DEBUG heat.engine.service [req-93e48428-b2a4-457b-81ce-878525e5fd52 - - - - -] Service a3ab118b-8df9-4f4a-9c38-9a17db80741e is updated service_manage_report /usr/lib/python3/dist-packages/heat/engine/service.py:2370
2025-03-24 01:59:51.005 68025 DEBUG heat.engine.service [req-94b8e540-342e-44ad-8e37-a17f77a5289c - - - - -] Service fa4bf3bc-312c-468a-9712-64ea8fb46b1d is updated service_manage_report /usr/lib/python3/dist-packages/heat/engine/service.py:2370
2025-03-24 02:00:50.926 68023 DEBUG heat.engine.service [req-8e11fdeb-06b2-4d53-b895-b19810b6afe0 - - - - -] Service bf3089dd-68af-4457-b9aa-8dddf830258e is updated service_manage_report /usr/lib/python3/dist-packages/heat/engine/service.py:2370
2025-03-24 02:00:50.956 68026 DEBUG heat.engine.service [req-f05a7cdb-8b40-45ba-acc8-ce4185838102 - - - - -] Service ec8feeee-dbcb-4426-89db-975c25b42b83 is updated service_manage_report /usr/lib/python3/dist-packages/heat/engine/service.py:2370
2025-03-24 02:00:50.966 68024 DEBUG heat.engine.service [req-fcbf84b7-bb38-42d6-a341-bd69867059a1 - - - - -] Service a3ab118b-8df9-4f4a-9c38-9a17db80741e is updated service_manage_report /usr/lib/python3/dist-packages/heat/engine/service.py:2370
2025-03-24 02:00:51.010 68025 DEBUG heat.engine.service [req-9287db78-bfb1-4f02-894c-0e9e4f02ccbc - - - - -] Service fa4bf3bc-312c-468a-9712-64ea8fb46b1d is updated service_manage_report /usr/lib/python3/dist-packages/heat/engine/service.py:2370
2025-03-24 02:01:50.934 68023 DEBUG heat.engine.service [req-89e1661c-fbf5-4e16-a96a-7f1c0acf0be3 - - - - -] Service bf3089dd-68af-4457-b9aa-8dddf830258e is updated service_manage_report /usr/lib/python3/dist-packages/heat/engine/service.py:2370
2025-03-24 02:01:50.962 68026 DEBUG heat.engine.service [req-4494a638-8ae9-4321-a21d-ddeb3407a9d1 - - - - -] Service ec8feeee-dbcb-4426-89db-975c25b42b83 is updated service_manage_report /usr/lib/python3/dist-packages/heat/engine/service.py:2370
2025-03-24 02:01:50.971 68024 DEBUG heat.engine.service [req-37337fd2-55bb-431a-a28a-37bc29517e60 - - - - -] Service a3ab118b-8df9-4f4a-9c38-9a17db80741e is updated service_manage_report /usr/lib/python3/dist-packages/heat/engine/service.py:2370
2025-03-24 02:01:51.017 68025 DEBUG heat.engine.service [req-70171854-9d7e-4ebc-9b39-fad6430bd33f - - - - -] Service fa4bf3bc-312c-468a-9712-64ea8fb46b1d is updated service_manage_report /usr/lib/python3/dist-packages/heat/engine/service.py:2370
2025-03-24 02:02:50.928 68023 DEBUG heat.engine.service [req-f4848be4-3f63-4278-8b41-0570f21b1f74 - - - - -] Service bf3089dd-68af-4457-b9aa-8dddf830258e is updated service_manage_report /usr/lib/python3/dist-packages/heat/engine/service.py:2370
2025-03-24 02:02:50.967 68026 DEBUG heat.engine.service [req-8d0797e7-90b9-480e-9893-55fd4013b1c0 - - - - -] Service ec8feeee-dbcb-4426-89db-975c25b42b83 is updated service_manage_report /usr/lib/python3/dist-packages/heat/engine/service.py:2370
2025-03-24 02:02:50.974 68024 DEBUG heat.engine.service [req-3affc16e-a942-4a3e-a2bc-7d565cd618ec - - - - -] Service a3ab118b-8df9-4f4a-9c38-9a17db80741e is updated service_manage_report /usr/lib/python3/dist-packages/heat/engine/service.py:2370
2025-03-24 02:02:51.013 68025 DEBUG heat.engine.service [req-dba58013-e2ff-42e9-b13f-af1f2e318f03 - - - - -] Service fa4bf3bc-312c-468a-9712-64ea8fb46b1d is updated service_manage_report /usr/lib/python3/dist-packages/heat/engine/service.py:2370
2025-03-24 02:03:50.934 68023 DEBUG heat.engine.service [req-31f692e1-4d64-47f0-80dc-e3c8a5f5f8d6 - - - - -] Service bf3089dd-68af-4457-b9aa-8dddf830258e is updated service_manage_report /usr/lib/python3/dist-packages/heat/engine/service.py:2370
2025-03-24 02:03:50.971 68026 DEBUG heat.engine.service [req-ae36946e-f8ac-486d-9395-810ae8ef5a14 - - - - -] Service ec8feeee-dbcb-4426-89db-975c25b42b83 is updated service_manage_report /usr/lib/python3/dist-packages/heat/engine/service.py:2370
2025-03-24 02:03:50.977 68024 DEBUG heat.engine.service [req-ea06f4ca-3406-4a9b-bc76-d0574e8a18d8 - - - - -] Service a3ab118b-8df9-4f4a-9c38-9a17db80741e is updated service_manage_report /usr/lib/python3/dist-packages/heat/engine/service.py:2370
2025-03-24 02:03:51.008 68025 DEBUG heat.engine.service [req-d536577c-0ad9-4729-8f82-c54c31bbdf06 - - - - -] Service fa4bf3bc-312c-468a-9712-64ea8fb46b1d is updated service_manage_report /usr/lib/python3/dist-packages/heat/engine/service.py:2370
2025-03-24 02:04:50.941 68023 DEBUG heat.engine.service [req-8082196c-dcdf-408d-8ac6-1147d71a71f3 - - - - -] Service bf3089dd-68af-4457-b9aa-8dddf830258e is updated service_manage_report /usr/lib/python3/dist-packages/heat/engine/service.py:2370
2025-03-24 02:04:50.982 68026 DEBUG heat.engine.service [req-baba0165-ba41-47ba-bfaf-dc76d6907ed5 - - - - -] Service ec8feeee-dbcb-4426-89db-975c25b42b83 is updated service_manage_report /usr/lib/python3/dist-packages/heat/engine/service.py:2370
2025-03-24 02:04:50.984 68024 DEBUG heat.engine.service [req-dfd599c1-c1f4-4631-a47c-8604f161763b - - - - -] Service a3ab118b-8df9-4f4a-9c38-9a17db80741e is updated service_manage_report /usr/lib/python3/dist-packages/heat/engine/service.py:2370
2025-03-24 02:04:51.012 68025 DEBUG heat.engine.service [req-dd43ed30-0f78-4628-9b69-b45296e7b1fd - - - - -] Service fa4bf3bc-312c-468a-9712-64ea8fb46b1d is updated service_manage_report /usr/lib/python3/dist-packages/heat/engine/service.py:2370
2025-03-24 02:05:50.935 68023 DEBUG heat.engine.service [req-a3b92f71-47e6-4544-adcc-d7ca68c55aaa - - - - -] Service bf3089dd-68af-4457-b9aa-8dddf830258e is updated service_manage_report /usr/lib/python3/dist-packages/heat/engine/service.py:2370
2025-03-24 02:05:50.980 68024 DEBUG heat.engine.service [req-a371c2e4-a1da-4446-8d5a-b48f94b0d282 - - - - -] Service a3ab118b-8df9-4f4a-9c38-9a17db80741e is updated service_manage_report /usr/lib/python3/dist-packages/heat/engine/service.py:2370
2025-03-24 02:05:50.988 68026 DEBUG heat.engine.service [req-631df34d-8649-42c0-a05c-d02b1202fec1 - - - - -] Service ec8feeee-dbcb-4426-89db-975c25b42b83 is updated service_manage_report /usr/lib/python3/dist-packages/heat/engine/service.py:2370
2025-03-24 02:05:51.017 68025 DEBUG heat.engine.service [req-05643adb-66b9-4498-b8af-f817d7ee4f08 - - - - -] Service fa4bf3bc-312c-468a-9712-64ea8fb46b1d is updated service_manage_report /usr/lib/python3/dist-packages/heat/engine/service.py:2370
2025-03-24 02:06:50.941 68023 DEBUG heat.engine.service [req-ae1e500a-ce76-4b88-9e03-9eed3d60a894 - - - - -] Service bf3089dd-68af-4457-b9aa-8dddf830258e is updated service_manage_report /usr/lib/python3/dist-packages/heat/engine/service.py:2370
2025-03-24 02:06:50.983 68026 DEBUG heat.engine.service [req-161229ac-8853-4d2c-a21e-a3a65256380b - - - - -] Service ec8feeee-dbcb-4426-89db-975c25b42b83 is updated service_manage_report /usr/lib/python3/dist-packages/heat/engine/service.py:2370
2025-03-24 02:06:50.985 68024 DEBUG heat.engine.service [req-ae19750a-44ea-4353-a34d-5fbf42b53f44 - - - - -] Service a3ab118b-8df9-4f4a-9c38-9a17db80741e is updated service_manage_report /usr/lib/python3/dist-packages/heat/engine/service.py:2370
2025-03-24 02:06:51.010 68025 DEBUG heat.engine.service [req-f123c476-e29f-40c7-a38c-1c288b6dd4ef - - - - -] Service fa4bf3bc-312c-468a-9712-64ea8fb46b1d is updated service_manage_report /usr/lib/python3/dist-packages/heat/engine/service.py:2370
2025-03-24 02:07:50.946 68023 DEBUG heat.engine.service [req-0725741f-2bf8-4822-a625-7c619504c970 - - - - -] Service bf3089dd-68af-4457-b9aa-8dddf830258e is updated service_manage_report /usr/lib/python3/dist-packages/heat/engine/service.py:2370
2025-03-24 02:07:50.986 68026 DEBUG heat.engine.service [req-cae5f057-bbf4-4eed-8da6-b182d2c48d26 - - - - -] Service ec8feeee-dbcb-4426-89db-975c25b42b83 is updated service_manage_report /usr/lib/python3/dist-packages/heat/engine/service.py:2370
2025-03-24 02:07:50.991 68024 DEBUG heat.engine.service [req-04a6bedc-e1c0-47fc-9dc5-d7c41826d927 - - - - -] Service a3ab118b-8df9-4f4a-9c38-9a17db80741e is updated service_manage_report /usr/lib/python3/dist-packages/heat/engine/service.py:2370
2025-03-24 02:07:51.013 68025 DEBUG heat.engine.service [req-ed8155e6-0de5-4e45-a2cf-1bd2baf87be7 - - - - -] Service fa4bf3bc-312c-468a-9712-64ea8fb46b1d is updated service_manage_report /usr/lib/python3/dist-packages/heat/engine/service.py:2370
2025-03-24 02:08:50.949 68023 DEBUG heat.engine.service [req-0c42e3e8-4151-47fa-aff1-8071cfb40ec7 - - - - -] Service bf3089dd-68af-4457-b9aa-8dddf830258e is updated service_manage_report /usr/lib/python3/dist-packages/heat/engine/service.py:2370
2025-03-24 02:08:50.991 68026 DEBUG heat.engine.service [req-3b7c62fd-aa45-4dec-a5aa-defb684a8bca - - - - -] Service ec8feeee-dbcb-4426-89db-975c25b42b83 is updated service_manage_report /usr/lib/python3/dist-packages/heat/engine/service.py:2370
2025-03-24 02:08:50.996 68024 DEBUG heat.engine.service [req-79be1d90-59e7-4496-a91c-a28c05ef61e4 - - - - -] Service a3ab118b-8df9-4f4a-9c38-9a17db80741e is updated service_manage_report /usr/lib/python3/dist-packages/heat/engine/service.py:2370
2025-03-24 02:08:51.020 68025 DEBUG heat.engine.service [req-da78bce4-7685-43a4-928a-5926eafe9746 - - - - -] Service fa4bf3bc-312c-468a-9712-64ea8fb46b1d is updated service_manage_report /usr/lib/python3/dist-packages/heat/engine/service.py:2370
2025-03-24 02:09:50.954 68023 DEBUG heat.engine.service [req-21f74ea2-4827-46f5-8314-ed75e4e49d68 - - - - -] Service bf3089dd-68af-4457-b9aa-8dddf830258e is updated service_manage_report /usr/lib/python3/dist-packages/heat/engine/service.py:2370
2025-03-24 02:09:50.996 68026 DEBUG heat.engine.service [req-dcd93406-4254-4b82-ac6f-b9b7232d43a0 - - - - -] Service ec8feeee-dbcb-4426-89db-975c25b42b83 is updated service_manage_report /usr/lib/python3/dist-packages/heat/engine/service.py:2370
