2025-03-24 00:31:24.783 35645 DEBUG oslo_service.service [-] clients_neutron.key_file = None log_opt_values /usr/lib/python3/dist-packages/oslo_config/cfg.py:2609
2025-03-24 00:31:24.783 35645 DEBUG oslo_service.service [-] clients_nova.ca_file = None log_opt_values /usr/lib/python3/dist-packages/oslo_config/cfg.py:2609
2025-03-24 00:31:24.783 35645 DEBUG oslo_service.service [-] clients_nova.cert_file = None log_opt_values /usr/lib/python3/dist-packages/oslo_config/cfg.py:2609
2025-03-24 00:31:24.783 35645 DEBUG oslo_service.service [-] clients_nova.endpoint_type = None log_opt_values /usr/lib/python3/dist-packages/oslo_config/cfg.py:2609
2025-03-24 00:31:24.784 35645 DEBUG oslo_service.service [-] clients_nova.http_log_debug = False log_opt_values /usr/lib/python3/dist-packages/oslo_config/cfg.py:2609
2025-03-24 00:31:24.784 35645 DEBUG oslo_service.service [-] clients_nova.insecure = None log_opt_values /usr/lib/python3/dist-packages/oslo_config/cfg.py:2609
2025-03-24 00:31:24.784 35645 DEBUG oslo_service.service [-] clients_nova.key_file = None log_opt_values /usr/lib/python3/dist-packages/oslo_config/cfg.py:2609
2025-03-24 00:31:24.784 35645 DEBUG oslo_service.service [-] clients_octavia.ca_file = None log_opt_values /usr/lib/python3/dist-packages/oslo_config/cfg.py:2609
2025-03-24 00:31:24.784 35645 DEBUG oslo_service.service [-] clients_octavia.cert_file = None log_opt_values /usr/lib/python3/dist-packages/oslo_config/cfg.py:2609
2025-03-24 00:31:24.784 35645 DEBUG oslo_service.service [-] clients_octavia.endpoint_type = None log_opt_values /usr/lib/python3/dist-packages/oslo_config/cfg.py:2609
2025-03-24 00:31:24.784 35645 DEBUG oslo_service.service [-] clients_octavia.insecure = None log_opt_values /usr/lib/python3/dist-packages/oslo_config/cfg.py:2609
2025-03-24 00:31:24.784 35645 DEBUG oslo_service.service [-] clients_octavia.key_file = None log_opt_values /usr/lib/python3/dist-packages/oslo_config/cfg.py:2609
2025-03-24 00:31:24.784 35645 DEBUG oslo_service.service [-] clients_sahara.ca_file = None log_opt_values /usr/lib/python3/dist-packages/oslo_config/cfg.py:2609
2025-03-24 00:31:24.786 35645 DEBUG oslo_service.service [-] clients_sahara.cert_file = None log_opt_values /usr/lib/python3/dist-packages/oslo_config/cfg.py:2609
2025-03-24 00:31:24.786 35645 DEBUG oslo_service.service [-] clients_sahara.endpoint_type = None log_opt_values /usr/lib/python3/dist-packages/oslo_config/cfg.py:2609
2025-03-24 00:31:24.786 35645 DEBUG oslo_service.service [-] clients_sahara.insecure = None log_opt_values /usr/lib/python3/dist-packages/oslo_config/cfg.py:2609
2025-03-24 00:31:24.786 35645 DEBUG oslo_service.service [-] clients_sahara.key_file = None log_opt_values /usr/lib/python3/dist-packages/oslo_config/cfg.py:2609
2025-03-24 00:31:24.787 35645 DEBUG oslo_service.service [-] clients_senlin.ca_file = None log_opt_values /usr/lib/python3/dist-packages/oslo_config/cfg.py:2609
2025-03-24 00:31:24.787 35645 DEBUG oslo_service.service [-] clients_senlin.cert_file = None log_opt_values /usr/lib/python3/dist-packages/oslo_config/cfg.py:2609
2025-03-24 00:31:24.787 35645 DEBUG oslo_service.service [-] clients_senlin.endpoint_type = None log_opt_values /usr/lib/python3/dist-packages/oslo_config/cfg.py:2609
2025-03-24 00:31:24.787 35645 DEBUG oslo_service.service [-] clients_senlin.insecure = None log_opt_values /usr/lib/python3/dist-packages/oslo_config/cfg.py:2609
2025-03-24 00:31:24.787 35645 DEBUG oslo_service.service [-] clients_senlin.key_file = None log_opt_values /usr/lib/python3/dist-packages/oslo_config/cfg.py:2609
2025-03-24 00:31:24.787 35645 DEBUG oslo_service.service [-] clients_swift.ca_file = None log_opt_values /usr/lib/python3/dist-packages/oslo_config/cfg.py:2609
2025-03-24 00:31:24.787 35645 DEBUG oslo_service.service [-] clients_swift.cert_file = None log_opt_values /usr/lib/python3/dist-packages/oslo_config/cfg.py:2609
2025-03-24 00:31:24.787 35645 DEBUG oslo_service.service [-] clients_swift.endpoint_type = None log_opt_values /usr/lib/python3/dist-packages/oslo_config/cfg.py:2609
2025-03-24 00:31:24.788 35645 DEBUG oslo_service.service [-] clients_swift.insecure = None log_opt_values /usr/lib/python3/dist-packages/oslo_config/cfg.py:2609
2025-03-24 00:31:24.788 35645 DEBUG oslo_service.service [-] clients_swift.key_file = None log_opt_values /usr/lib/python3/dist-packages/oslo_config/cfg.py:2609
2025-03-24 00:31:24.788 35645 DEBUG oslo_service.service [-] clients_trove.ca_file = None log_opt_values /usr/lib/python3/dist-packages/oslo_config/cfg.py:2609
2025-03-24 00:31:24.788 35645 DEBUG oslo_service.service [-] clients_trove.cert_file = None log_opt_values /usr/lib/python3/dist-packages/oslo_config/cfg.py:2609
2025-03-24 00:31:24.788 35645 DEBUG oslo_service.service [-] clients_trove.endpoint_type = None log_opt_values /usr/lib/python3/dist-packages/oslo_config/cfg.py:2609
2025-03-24 00:31:24.788 35645 DEBUG oslo_service.service [-] clients_trove.insecure = None log_opt_values /usr/lib/python3/dist-packages/oslo_config/cfg.py:2609
2025-03-24 00:31:24.788 35645 DEBUG oslo_service.service [-] clients_trove.key_file = None log_opt_values /usr/lib/python3/dist-packages/oslo_config/cfg.py:2609
2025-03-24 00:31:24.788 35645 DEBUG oslo_service.service [-] clients_vitrage.ca_file = None log_opt_values /usr/lib/python3/dist-packages/oslo_config/cfg.py:2609
2025-03-24 00:31:24.788 35645 DEBUG oslo_service.service [-] clients_vitrage.cert_file = None log_opt_values /usr/lib/python3/dist-packages/oslo_config/cfg.py:2609
2025-03-24 00:31:24.791 35645 DEBUG oslo_service.service [-] clients_vitrage.endpoint_type = None log_opt_values /usr/lib/python3/dist-packages/oslo_config/cfg.py:2609
2025-03-24 00:31:24.791 35645 DEBUG oslo_service.service [-] clients_vitrage.insecure = None log_opt_values /usr/lib/python3/dist-packages/oslo_config/cfg.py:2609
2025-03-24 00:31:24.791 35645 DEBUG oslo_service.service [-] clients_vitrage.key_file = None log_opt_values /usr/lib/python3/dist-packages/oslo_config/cfg.py:2609
2025-03-24 00:31:24.791 35645 DEBUG oslo_service.service [-] clients_zaqar.ca_file = None log_opt_values /usr/lib/python3/dist-packages/oslo_config/cfg.py:2609
2025-03-24 00:31:24.792 35645 DEBUG oslo_service.service [-] clients_zaqar.cert_file = None log_opt_values /usr/lib/python3/dist-packages/oslo_config/cfg.py:2609
2025-03-24 00:31:24.792 35645 DEBUG oslo_service.service [-] clients_zaqar.endpoint_type = None log_opt_values /usr/lib/python3/dist-packages/oslo_config/cfg.py:2609
2025-03-24 00:31:24.792 35645 DEBUG oslo_service.service [-] clients_zaqar.insecure = None log_opt_values /usr/lib/python3/dist-packages/oslo_config/cfg.py:2609
2025-03-24 00:31:24.792 35645 DEBUG oslo_service.service [-] clients_zaqar.key_file = None log_opt_values /usr/lib/python3/dist-packages/oslo_config/cfg.py:2609
2025-03-24 00:31:24.792 35645 DEBUG oslo_service.service [-] database.backend = sqlalchemy log_opt_values /usr/lib/python3/dist-packages/oslo_config/cfg.py:2609
2025-03-24 00:31:24.792 35645 DEBUG oslo_service.service [-] database.connection = **** log_opt_values /usr/lib/python3/dist-packages/oslo_config/cfg.py:2609
2025-03-24 00:31:24.792 35645 DEBUG oslo_service.service [-] database.connection_debug = 0 log_opt_values /usr/lib/python3/dist-packages/oslo_config/cfg.py:2609
2025-03-24 00:31:24.793 35645 DEBUG oslo_service.service [-] database.connection_parameters = log_opt_values /usr/lib/python3/dist-packages/oslo_config/cfg.py:2609
2025-03-24 00:31:24.793 35645 DEBUG oslo_service.service [-] database.connection_recycle_time = 3600 log_opt_values /usr/lib/python3/dist-packages/oslo_config/cfg.py:2609
2025-03-24 00:31:24.793 35645 DEBUG oslo_service.service [-] database.connection_trace = False log_opt_values /usr/lib/python3/dist-packages/oslo_config/cfg.py:2609
2025-03-24 00:31:24.793 35645 DEBUG oslo_service.service [-] database.db_inc_retry_interval = True log_opt_values /usr/lib/python3/dist-packages/oslo_config/cfg.py:2609
2025-03-24 00:31:24.793 35645 DEBUG oslo_service.service [-] database.db_max_retries = 20 log_opt_values /usr/lib/python3/dist-packages/oslo_config/cfg.py:2609
2025-03-24 00:31:24.794 35645 DEBUG oslo_service.service [-] database.db_max_retry_interval = 10 log_opt_values /usr/lib/python3/dist-packages/oslo_config/cfg.py:2609
2025-03-24 00:31:24.794 35645 DEBUG oslo_service.service [-] database.db_retry_interval = 1 log_opt_values /usr/lib/python3/dist-packages/oslo_config/cfg.py:2609
2025-03-24 00:31:24.794 35645 DEBUG oslo_service.service [-] database.max_overflow = 50 log_opt_values /usr/lib/python3/dist-packages/oslo_config/cfg.py:2609
2025-03-24 00:31:24.794 35645 DEBUG oslo_service.service [-] database.max_pool_size = 5 log_opt_values /usr/lib/python3/dist-packages/oslo_config/cfg.py:2609
2025-03-24 00:31:24.794 35645 DEBUG oslo_service.service [-] database.max_retries = 10 log_opt_values /usr/lib/python3/dist-packages/oslo_config/cfg.py:2609
2025-03-24 00:31:24.794 35645 DEBUG oslo_service.service [-] database.mysql_enable_ndb = False log_opt_values /usr/lib/python3/dist-packages/oslo_config/cfg.py:2609
2025-03-24 00:31:24.794 35645 DEBUG oslo_service.service [-] database.mysql_sql_mode = TRADITIONAL log_opt_values /usr/lib/python3/dist-packages/oslo_config/cfg.py:2609
2025-03-24 00:31:24.794 35645 DEBUG oslo_service.service [-] database.pool_timeout = None log_opt_values /usr/lib/python3/dist-packages/oslo_config/cfg.py:2609
2025-03-24 00:31:24.795 35645 DEBUG oslo_service.service [-] database.retry_interval = 10 log_opt_values /usr/lib/python3/dist-packages/oslo_config/cfg.py:2609
2025-03-24 00:31:24.795 35645 DEBUG oslo_service.service [-] database.slave_connection = **** log_opt_values /usr/lib/python3/dist-packages/oslo_config/cfg.py:2609
2025-03-24 00:31:24.795 35645 DEBUG oslo_service.service [-] database.sqlite_synchronous = True log_opt_values /usr/lib/python3/dist-packages/oslo_config/cfg.py:2609
2025-03-24 00:31:24.795 35645 DEBUG oslo_service.service [-] database.use_db_reconnect = False log_opt_values /usr/lib/python3/dist-packages/oslo_config/cfg.py:2609
2025-03-24 00:31:24.795 35645 DEBUG oslo_service.service [-] oslo_messaging_metrics.metrics_buffer_size = 1000 log_opt_values /usr/lib/python3/dist-packages/oslo_config/cfg.py:2609
2025-03-24 00:31:24.795 35645 DEBUG oslo_service.service [-] oslo_messaging_metrics.metrics_enabled = False log_opt_values /usr/lib/python3/dist-packages/oslo_config/cfg.py:2609
2025-03-24 00:31:24.795 35645 DEBUG oslo_service.service [-] oslo_messaging_metrics.metrics_process_name = log_opt_values /usr/lib/python3/dist-packages/oslo_config/cfg.py:2609
2025-03-24 00:31:24.796 35645 DEBUG oslo_service.service [-] oslo_messaging_metrics.metrics_socket_file = /var/tmp/metrics_collector.sock log_opt_values /usr/lib/python3/dist-packages/oslo_config/cfg.py:2609
2025-03-24 00:31:24.796 35645 DEBUG oslo_service.service [-] oslo_messaging_metrics.metrics_thread_stop_timeout = 10 log_opt_values /usr/lib/python3/dist-packages/oslo_config/cfg.py:2609
2025-03-24 00:31:24.796 35645 DEBUG oslo_service.service [-] oslo_policy.enforce_new_defaults = False log_opt_values /usr/lib/python3/dist-packages/oslo_config/cfg.py:2609
2025-03-24 00:31:24.796 35645 DEBUG oslo_service.service [-] oslo_policy.enforce_scope = False log_opt_values /usr/lib/python3/dist-packages/oslo_config/cfg.py:2609
2025-03-24 00:31:24.796 35645 DEBUG oslo_service.service [-] oslo_policy.policy_default_rule = default log_opt_values /usr/lib/python3/dist-packages/oslo_config/cfg.py:2609
2025-03-24 00:31:24.796 35645 DEBUG oslo_service.service [-] oslo_policy.policy_dirs = ['policy.d'] log_opt_values /usr/lib/python3/dist-packages/oslo_config/cfg.py:2609
2025-03-24 00:31:24.796 35645 DEBUG oslo_service.service [-] oslo_policy.policy_file = policy.yaml log_opt_values /usr/lib/python3/dist-packages/oslo_config/cfg.py:2609
2025-03-24 00:31:24.797 35645 DEBUG oslo_service.service [-] oslo_policy.remote_content_type = application/x-www-form-urlencoded log_opt_values /usr/lib/python3/dist-packages/oslo_config/cfg.py:2609
2025-03-24 00:31:24.797 35645 DEBUG oslo_service.service [-] oslo_policy.remote_ssl_ca_crt_file = None log_opt_values /usr/lib/python3/dist-packages/oslo_config/cfg.py:2609
2025-03-24 00:31:24.797 35645 DEBUG oslo_service.service [-] oslo_policy.remote_ssl_client_crt_file = None log_opt_values /usr/lib/python3/dist-packages/oslo_config/cfg.py:2609
2025-03-24 00:31:24.797 35645 DEBUG oslo_service.service [-] oslo_policy.remote_ssl_client_key_file = None log_opt_values /usr/lib/python3/dist-packages/oslo_config/cfg.py:2609
2025-03-24 00:31:24.797 35645 DEBUG oslo_service.service [-] oslo_policy.remote_ssl_verify_server_crt = False log_opt_values /usr/lib/python3/dist-packages/oslo_config/cfg.py:2609
2025-03-24 00:31:24.797 35645 DEBUG oslo_service.service [-] trustee.auth_section = None log_opt_values /usr/lib/python3/dist-packages/oslo_config/cfg.py:2609
2025-03-24 00:31:24.798 35645 WARNING oslo_config.cfg [-] Deprecated: Option "auth_plugin" from group "trustee" is deprecated. Use option "auth_type" from group "trustee".
2025-03-24 00:31:24.798 35645 DEBUG oslo_service.service [-] trustee.auth_type = password log_opt_values /usr/lib/python3/dist-packages/oslo_config/cfg.py:2609
2025-03-24 00:31:24.798 35645 DEBUG oslo_service.service [-] oslo_versionedobjects.fatal_exception_format_errors = False log_opt_values /usr/lib/python3/dist-packages/oslo_config/cfg.py:2609
2025-03-24 00:31:24.798 35645 DEBUG oslo_service.service [-] oslo_messaging_rabbit.amqp_auto_delete = False log_opt_values /usr/lib/python3/dist-packages/oslo_config/cfg.py:2609
2025-03-24 00:31:24.799 35645 DEBUG oslo_service.service [-] oslo_messaging_rabbit.amqp_durable_queues = False log_opt_values /usr/lib/python3/dist-packages/oslo_config/cfg.py:2609
2025-03-24 00:31:24.799 35645 DEBUG oslo_service.service [-] oslo_messaging_rabbit.conn_pool_min_size = 2 log_opt_values /usr/lib/python3/dist-packages/oslo_config/cfg.py:2609
2025-03-24 00:31:24.799 35645 DEBUG oslo_service.service [-] oslo_messaging_rabbit.conn_pool_ttl = 1200 log_opt_values /usr/lib/python3/dist-packages/oslo_config/cfg.py:2609
2025-03-24 00:31:24.800 35645 DEBUG oslo_service.service [-] oslo_messaging_rabbit.direct_mandatory_flag = True log_opt_values /usr/lib/python3/dist-packages/oslo_config/cfg.py:2609
2025-03-24 00:31:24.800 35645 DEBUG oslo_service.service [-] oslo_messaging_rabbit.enable_cancel_on_failover = False log_opt_values /usr/lib/python3/dist-packages/oslo_config/cfg.py:2609
2025-03-24 00:31:24.800 35645 DEBUG oslo_service.service [-] oslo_messaging_rabbit.heartbeat_in_pthread = True log_opt_values /usr/lib/python3/dist-packages/oslo_config/cfg.py:2609
2025-03-24 00:31:24.800 35645 DEBUG oslo_service.service [-] oslo_messaging_rabbit.heartbeat_rate = 2 log_opt_values /usr/lib/python3/dist-packages/oslo_config/cfg.py:2609
2025-03-24 00:31:24.800 35645 DEBUG oslo_service.service [-] oslo_messaging_rabbit.heartbeat_timeout_threshold = 60 log_opt_values /usr/lib/python3/dist-packages/oslo_config/cfg.py:2609
2025-03-24 00:31:24.800 35645 DEBUG oslo_service.service [-] oslo_messaging_rabbit.kombu_compression = None log_opt_values /usr/lib/python3/dist-packages/oslo_config/cfg.py:2609
2025-03-24 00:31:24.800 35645 DEBUG oslo_service.service [-] oslo_messaging_rabbit.kombu_failover_strategy = round-robin log_opt_values /usr/lib/python3/dist-packages/oslo_config/cfg.py:2609
2025-03-24 00:31:24.800 35645 DEBUG oslo_service.service [-] oslo_messaging_rabbit.kombu_missing_consumer_retry_timeout = 60 log_opt_values /usr/lib/python3/dist-packages/oslo_config/cfg.py:2609
2025-03-24 00:31:24.800 35645 DEBUG oslo_service.service [-] oslo_messaging_rabbit.kombu_reconnect_delay = 1.0 log_opt_values /usr/lib/python3/dist-packages/oslo_config/cfg.py:2609
2025-03-24 00:31:24.801 35645 DEBUG oslo_service.service [-] oslo_messaging_rabbit.rabbit_ha_queues = False log_opt_values /usr/lib/python3/dist-packages/oslo_config/cfg.py:2609
2025-03-24 00:31:24.801 35645 DEBUG oslo_service.service [-] oslo_messaging_rabbit.rabbit_interval_max = 30 log_opt_values /usr/lib/python3/dist-packages/oslo_config/cfg.py:2609
2025-03-24 00:31:24.801 35645 DEBUG oslo_service.service [-] oslo_messaging_rabbit.rabbit_login_method = AMQPLAIN log_opt_values /usr/lib/python3/dist-packages/oslo_config/cfg.py:2609
2025-03-24 00:31:24.801 35645 DEBUG oslo_service.service [-] oslo_messaging_rabbit.rabbit_qos_prefetch_count = 0 log_opt_values /usr/lib/python3/dist-packages/oslo_config/cfg.py:2609
2025-03-24 00:31:24.802 35645 DEBUG oslo_service.service [-] oslo_messaging_rabbit.rabbit_quorum_queue = False log_opt_values /usr/lib/python3/dist-packages/oslo_config/cfg.py:2609
2025-03-24 00:31:24.802 35645 DEBUG oslo_service.service [-] oslo_messaging_rabbit.rabbit_retry_backoff = 2 log_opt_values /usr/lib/python3/dist-packages/oslo_config/cfg.py:2609
2025-03-24 00:31:24.802 35645 DEBUG oslo_service.service [-] oslo_messaging_rabbit.rabbit_retry_interval = 1 log_opt_values /usr/lib/python3/dist-packages/oslo_config/cfg.py:2609
2025-03-24 00:31:24.802 35645 DEBUG oslo_service.service [-] oslo_messaging_rabbit.rabbit_transient_queues_ttl = 1800 log_opt_values /usr/lib/python3/dist-packages/oslo_config/cfg.py:2609
2025-03-24 00:31:24.802 35645 DEBUG oslo_service.service [-] oslo_messaging_rabbit.rpc_conn_pool_size = 30 log_opt_values /usr/lib/python3/dist-packages/oslo_config/cfg.py:2609
2025-03-24 00:31:24.802 35645 DEBUG oslo_service.service [-] oslo_messaging_rabbit.ssl = False log_opt_values /usr/lib/python3/dist-packages/oslo_config/cfg.py:2609
2025-03-24 00:31:24.803 35645 DEBUG oslo_service.service [-] oslo_messaging_rabbit.ssl_ca_file = log_opt_values /usr/lib/python3/dist-packages/oslo_config/cfg.py:2609
2025-03-24 00:31:24.803 35645 DEBUG oslo_service.service [-] oslo_messaging_rabbit.ssl_cert_file = log_opt_values /usr/lib/python3/dist-packages/oslo_config/cfg.py:2609
2025-03-24 00:31:24.803 35645 DEBUG oslo_service.service [-] oslo_messaging_rabbit.ssl_key_file = log_opt_values /usr/lib/python3/dist-packages/oslo_config/cfg.py:2609
2025-03-24 00:31:24.803 35645 DEBUG oslo_service.service [-] oslo_messaging_rabbit.ssl_version = log_opt_values /usr/lib/python3/dist-packages/oslo_config/cfg.py:2609
2025-03-24 00:31:24.803 35645 DEBUG oslo_service.service [-] oslo_messaging_notifications.driver = [] log_opt_values /usr/lib/python3/dist-packages/oslo_config/cfg.py:2609
2025-03-24 00:31:24.803 35645 DEBUG oslo_service.service [-] oslo_messaging_notifications.retry = -1 log_opt_values /usr/lib/python3/dist-packages/oslo_config/cfg.py:2609
2025-03-24 00:31:24.803 35645 DEBUG oslo_service.service [-] oslo_messaging_notifications.topics = ['notifications'] log_opt_values /usr/lib/python3/dist-packages/oslo_config/cfg.py:2609
2025-03-24 00:31:24.803 35645 DEBUG oslo_service.service [-] oslo_messaging_notifications.transport_url = **** log_opt_values /usr/lib/python3/dist-packages/oslo_config/cfg.py:2609
2025-03-24 00:31:24.804 35645 DEBUG oslo_service.service [-] cache.backend = dogpile.cache.null log_opt_values /usr/lib/python3/dist-packages/oslo_config/cfg.py:2609
2025-03-24 00:31:24.804 35645 DEBUG oslo_service.service [-] cache.backend_argument = **** log_opt_values /usr/lib/python3/dist-packages/oslo_config/cfg.py:2609
2025-03-24 00:31:24.804 35645 DEBUG oslo_service.service [-] cache.config_prefix = cache.oslo log_opt_values /usr/lib/python3/dist-packages/oslo_config/cfg.py:2609
2025-03-24 00:31:24.804 35645 DEBUG oslo_service.service [-] cache.debug_cache_backend = False log_opt_values /usr/lib/python3/dist-packages/oslo_config/cfg.py:2609
2025-03-24 00:31:24.807 35645 DEBUG oslo_service.service [-] cache.enabled = False log_opt_values /usr/lib/python3/dist-packages/oslo_config/cfg.py:2609
2025-03-24 00:31:24.808 35645 DEBUG oslo_service.service [-] cache.expiration_time = 600 log_opt_values /usr/lib/python3/dist-packages/oslo_config/cfg.py:2609
2025-03-24 00:31:24.808 35645 DEBUG oslo_service.service [-] cache.memcache_dead_retry = 300 log_opt_values /usr/lib/python3/dist-packages/oslo_config/cfg.py:2609
2025-03-24 00:31:24.808 35645 DEBUG oslo_service.service [-] cache.memcache_pool_connection_get_timeout = 10 log_opt_values /usr/lib/python3/dist-packages/oslo_config/cfg.py:2609
2025-03-24 00:31:24.808 35645 DEBUG oslo_service.service [-] cache.memcache_pool_flush_on_reconnect = False log_opt_values /usr/lib/python3/dist-packages/oslo_config/cfg.py:2609
2025-03-24 00:31:24.808 35645 DEBUG oslo_service.service [-] cache.memcache_pool_maxsize = 10 log_opt_values /usr/lib/python3/dist-packages/oslo_config/cfg.py:2609
2025-03-24 00:31:24.808 35645 DEBUG oslo_service.service [-] cache.memcache_pool_unused_timeout = 60 log_opt_values /usr/lib/python3/dist-packages/oslo_config/cfg.py:2609
2025-03-24 00:31:24.808 35645 DEBUG oslo_service.service [-] cache.memcache_servers = ['localhost:11211'] log_opt_values /usr/lib/python3/dist-packages/oslo_config/cfg.py:2609
2025-03-24 00:31:24.809 35645 DEBUG oslo_service.service [-] cache.memcache_socket_timeout = 1.0 log_opt_values /usr/lib/python3/dist-packages/oslo_config/cfg.py:2609
2025-03-24 00:31:24.809 35645 DEBUG oslo_service.service [-] cache.proxies = [] log_opt_values /usr/lib/python3/dist-packages/oslo_config/cfg.py:2609
2025-03-24 00:31:24.809 35645 DEBUG oslo_service.service [-] cache.tls_allowed_ciphers = None log_opt_values /usr/lib/python3/dist-packages/oslo_config/cfg.py:2609
2025-03-24 00:31:24.809 35645 DEBUG oslo_service.service [-] cache.tls_cafile = None log_opt_values /usr/lib/python3/dist-packages/oslo_config/cfg.py:2609
2025-03-24 00:31:24.809 35645 DEBUG oslo_service.service [-] cache.tls_certfile = None log_opt_values /usr/lib/python3/dist-packages/oslo_config/cfg.py:2609
2025-03-24 00:31:24.809 35645 DEBUG oslo_service.service [-] cache.tls_enabled = False log_opt_values /usr/lib/python3/dist-packages/oslo_config/cfg.py:2609
2025-03-24 00:31:24.811 35645 DEBUG oslo_service.service [-] cache.tls_keyfile = None log_opt_values /usr/lib/python3/dist-packages/oslo_config/cfg.py:2609
2025-03-24 00:31:24.811 35645 DEBUG oslo_service.service [-] constraint_validation_cache.caching = True log_opt_values /usr/lib/python3/dist-packages/oslo_config/cfg.py:2609
2025-03-24 00:31:24.811 35645 DEBUG oslo_service.service [-] constraint_validation_cache.expiration_time = 60 log_opt_values /usr/lib/python3/dist-packages/oslo_config/cfg.py:2609
2025-03-24 00:31:24.812 35645 DEBUG oslo_service.service [-] service_extension_cache.caching = True log_opt_values /usr/lib/python3/dist-packages/oslo_config/cfg.py:2609
2025-03-24 00:31:24.812 35645 DEBUG oslo_service.service [-] service_extension_cache.expiration_time = 3600 log_opt_values /usr/lib/python3/dist-packages/oslo_config/cfg.py:2609
2025-03-24 00:31:24.812 35645 DEBUG oslo_service.service [-] resource_finder_cache.caching = True log_opt_values /usr/lib/python3/dist-packages/oslo_config/cfg.py:2609
2025-03-24 00:31:24.813 35645 DEBUG oslo_service.service [-] resource_finder_cache.expiration_time = 3600 log_opt_values /usr/lib/python3/dist-packages/oslo_config/cfg.py:2609
2025-03-24 00:31:24.813 35645 DEBUG oslo_service.service [-] yaql.limit_iterators = 200 log_opt_values /usr/lib/python3/dist-packages/oslo_config/cfg.py:2609
2025-03-24 00:31:24.814 35645 DEBUG oslo_service.service [-] yaql.memory_quota = 10000 log_opt_values /usr/lib/python3/dist-packages/oslo_config/cfg.py:2609
2025-03-24 00:31:24.815 35645 DEBUG oslo_service.service [-] ******************************************************************************** log_opt_values /usr/lib/python3/dist-packages/oslo_config/cfg.py:2613
2025-03-24 00:31:24.831 35856 DEBUG oslo_db.sqlalchemy.engines [req-f732b6af-a29c-4a6e-ba30-f2cc969870aa - - - - -] MySQL server mode set to STRICT_TRANS_TABLES,STRICT_ALL_TABLES,NO_ZERO_IN_DATE,NO_ZERO_DATE,ERROR_FOR_DIVISION_BY_ZERO,TRADITIONAL,NO_ENGINE_SUBSTITUTION _check_effective_sql_mode /usr/lib/python3/dist-packages/oslo_db/sqlalchemy/engines.py:314
2025-03-24 00:31:24.842 35858 DEBUG oslo_db.sqlalchemy.engines [req-4c3191ce-97b0-4926-b218-a796f0bb8a13 - - - - -] MySQL server mode set to STRICT_TRANS_TABLES,STRICT_ALL_TABLES,NO_ZERO_IN_DATE,NO_ZERO_DATE,ERROR_FOR_DIVISION_BY_ZERO,TRADITIONAL,NO_ENGINE_SUBSTITUTION _check_effective_sql_mode /usr/lib/python3/dist-packages/oslo_db/sqlalchemy/engines.py:314
2025-03-24 00:31:24.851 35859 DEBUG oslo_db.sqlalchemy.engines [req-be4b9488-1994-46c2-ac81-7b8483c700b5 - - - - -] MySQL server mode set to STRICT_TRANS_TABLES,STRICT_ALL_TABLES,NO_ZERO_IN_DATE,NO_ZERO_DATE,ERROR_FOR_DIVISION_BY_ZERO,TRADITIONAL,NO_ENGINE_SUBSTITUTION _check_effective_sql_mode /usr/lib/python3/dist-packages/oslo_db/sqlalchemy/engines.py:314
2025-03-24 00:31:24.860 35857 DEBUG oslo_db.sqlalchemy.engines [req-cf0cef24-a417-4aad-926a-0ec0afe74d99 - - - - -] MySQL server mode set to STRICT_TRANS_TABLES,STRICT_ALL_TABLES,NO_ZERO_IN_DATE,NO_ZERO_DATE,ERROR_FOR_DIVISION_BY_ZERO,TRADITIONAL,NO_ENGINE_SUBSTITUTION _check_effective_sql_mode /usr/lib/python3/dist-packages/oslo_db/sqlalchemy/engines.py:314
2025-03-24 00:31:24.906 35856 DEBUG heat.engine.service [req-95e173ac-abcd-4340-9135-5629e66a6297 - - - - -] Service a666772d-e397-48c0-9b51-c82c576a9bc1 is started service_manage_report /usr/lib/python3/dist-packages/heat/engine/service.py:2363
2025-03-24 00:31:24.930 35858 DEBUG heat.engine.service [req-8d7074da-31a0-4375-8d89-d0514904e390 - - - - -] Service d700c901-f3e3-4ab4-89c9-5652942890dc is started service_manage_report /usr/lib/python3/dist-packages/heat/engine/service.py:2363
2025-03-24 00:31:24.942 35857 DEBUG heat.engine.service [req-0285875d-804a-410c-bb1a-8780a07a15d7 - - - - -] Service 86f65ee0-7d6e-4ca9-b46a-c81f4e90f8a3 is started service_manage_report /usr/lib/python3/dist-packages/heat/engine/service.py:2363
2025-03-24 00:31:24.943 35856 DEBUG heat.engine.service [req-95e173ac-abcd-4340-9135-5629e66a6297 - - - - -] Service a666772d-e397-48c0-9b51-c82c576a9bc1 is updated service_manage_report /usr/lib/python3/dist-packages/heat/engine/service.py:2370
2025-03-24 00:31:24.953 35858 DEBUG heat.engine.service [req-8d7074da-31a0-4375-8d89-d0514904e390 - - - - -] Service d700c901-f3e3-4ab4-89c9-5652942890dc is updated service_manage_report /usr/lib/python3/dist-packages/heat/engine/service.py:2370
2025-03-24 00:31:24.963 35857 DEBUG heat.engine.service [req-0285875d-804a-410c-bb1a-8780a07a15d7 - - - - -] Service 86f65ee0-7d6e-4ca9-b46a-c81f4e90f8a3 is updated service_manage_report /usr/lib/python3/dist-packages/heat/engine/service.py:2370
2025-03-24 00:31:24.972 35859 DEBUG heat.engine.service [req-1cda7898-6bce-4dcd-8a85-cea453ad5bbb - - - - -] Service df75e8ca-668b-434d-ada8-9f25bc389137 is started service_manage_report /usr/lib/python3/dist-packages/heat/engine/service.py:2363
2025-03-24 00:31:24.997 35859 DEBUG heat.engine.service [req-1cda7898-6bce-4dcd-8a85-cea453ad5bbb - - - - -] Service df75e8ca-668b-434d-ada8-9f25bc389137 is updated service_manage_report /usr/lib/python3/dist-packages/heat/engine/service.py:2370
2025-03-24 00:32:24.910 35856 DEBUG heat.engine.service [req-6e14cdd6-1419-4078-be36-390c7cdae95e - - - - -] Service a666772d-e397-48c0-9b51-c82c576a9bc1 is updated service_manage_report /usr/lib/python3/dist-packages/heat/engine/service.py:2370
2025-03-24 00:32:24.916 35858 DEBUG heat.engine.service [req-f0411f92-57d9-4f5f-94ef-e52bc33ce473 - - - - -] Service d700c901-f3e3-4ab4-89c9-5652942890dc is updated service_manage_report /usr/lib/python3/dist-packages/heat/engine/service.py:2370
2025-03-24 00:32:24.941 35857 DEBUG heat.engine.service [req-fbcf6a50-9a47-4ad0-a0b6-b5c0fad88546 - - - - -] Service 86f65ee0-7d6e-4ca9-b46a-c81f4e90f8a3 is updated service_manage_report /usr/lib/python3/dist-packages/heat/engine/service.py:2370
2025-03-24 00:32:24.971 35859 DEBUG heat.engine.service [req-2e1cd14e-aaa5-4827-a495-d8a6779139cd - - - - -] Service df75e8ca-668b-434d-ada8-9f25bc389137 is updated service_manage_report /usr/lib/python3/dist-packages/heat/engine/service.py:2370
2025-03-24 00:33:24.897 35856 DEBUG heat.engine.service [req-8d79a120-ed25-490a-9aeb-2952ac3790f4 - - - - -] Service a666772d-e397-48c0-9b51-c82c576a9bc1 is updated service_manage_report /usr/lib/python3/dist-packages/heat/engine/service.py:2370
2025-03-24 00:33:24.910 35858 DEBUG heat.engine.service [req-4ebc8b24-00c3-4c7f-9ece-406521bfb852 - - - - -] Service d700c901-f3e3-4ab4-89c9-5652942890dc is updated service_manage_report /usr/lib/python3/dist-packages/heat/engine/service.py:2370
2025-03-24 00:33:24.924 35857 DEBUG heat.engine.service [req-367cb413-00b2-4337-8613-d68670f18099 - - - - -] Service 86f65ee0-7d6e-4ca9-b46a-c81f4e90f8a3 is updated service_manage_report /usr/lib/python3/dist-packages/heat/engine/service.py:2370
2025-03-24 00:33:24.964 35859 DEBUG heat.engine.service [req-e648496a-f683-471a-a508-51925850def1 - - - - -] Service df75e8ca-668b-434d-ada8-9f25bc389137 is updated service_manage_report /usr/lib/python3/dist-packages/heat/engine/service.py:2370
2025-03-24 00:34:24.892 35856 DEBUG heat.engine.service [req-076251d1-6381-49b3-b119-854b7a8ff65d - - - - -] Service a666772d-e397-48c0-9b51-c82c576a9bc1 is updated service_manage_report /usr/lib/python3/dist-packages/heat/engine/service.py:2370
2025-03-24 00:34:24.915 35858 DEBUG heat.engine.service [req-020a23f3-61ea-4adf-8a73-a47bb1cb2986 - - - - -] Service d700c901-f3e3-4ab4-89c9-5652942890dc is updated service_manage_report /usr/lib/python3/dist-packages/heat/engine/service.py:2370
2025-03-24 00:34:24.928 35857 DEBUG heat.engine.service [req-66d1b91b-3ab9-462d-ac4b-0437c13d0708 - - - - -] Service 86f65ee0-7d6e-4ca9-b46a-c81f4e90f8a3 is updated service_manage_report /usr/lib/python3/dist-packages/heat/engine/service.py:2370
2025-03-24 00:34:24.968 35859 DEBUG heat.engine.service [req-c17bd046-32de-4679-9f66-eac76e8993d6 - - - - -] Service df75e8ca-668b-434d-ada8-9f25bc389137 is updated service_manage_report /usr/lib/python3/dist-packages/heat/engine/service.py:2370
2025-03-24 00:35:24.896 35856 DEBUG heat.engine.service [req-1cfcaae7-1ef5-4495-85ea-104eee256d71 - - - - -] Service a666772d-e397-48c0-9b51-c82c576a9bc1 is updated service_manage_report /usr/lib/python3/dist-packages/heat/engine/service.py:2370
2025-03-24 00:35:24.919 35858 DEBUG heat.engine.service [req-30906968-8cf6-4960-9f06-a9554e06cb43 - - - - -] Service d700c901-f3e3-4ab4-89c9-5652942890dc is updated service_manage_report /usr/lib/python3/dist-packages/heat/engine/service.py:2370
2025-03-24 00:35:24.930 35857 DEBUG heat.engine.service [req-754ecf9d-a4a2-4607-a59c-d7f2d4d3d3b6 - - - - -] Service 86f65ee0-7d6e-4ca9-b46a-c81f4e90f8a3 is updated service_manage_report /usr/lib/python3/dist-packages/heat/engine/service.py:2370
2025-03-24 00:35:24.972 35859 DEBUG heat.engine.service [req-dfbae0a3-f4d8-4123-9471-3d6626dd5ad6 - - - - -] Service df75e8ca-668b-434d-ada8-9f25bc389137 is updated service_manage_report /usr/lib/python3/dist-packages/heat/engine/service.py:2370
2025-03-24 00:36:24.900 35856 DEBUG heat.engine.service [req-83e113e3-f92e-4178-b2e0-8e63cc4dc13e - - - - -] Service a666772d-e397-48c0-9b51-c82c576a9bc1 is updated service_manage_report /usr/lib/python3/dist-packages/heat/engine/service.py:2370
2025-03-24 00:36:24.926 35858 DEBUG heat.engine.service [req-d21371a3-5428-4f41-a354-2e687bec3838 - - - - -] Service d700c901-f3e3-4ab4-89c9-5652942890dc is updated service_manage_report /usr/lib/python3/dist-packages/heat/engine/service.py:2370
2025-03-24 00:36:24.932 35857 DEBUG heat.engine.service [req-595812ae-e033-4d71-9439-174d3861ac44 - - - - -] Service 86f65ee0-7d6e-4ca9-b46a-c81f4e90f8a3 is updated service_manage_report /usr/lib/python3/dist-packages/heat/engine/service.py:2370
2025-03-24 00:36:24.976 35859 DEBUG heat.engine.service [req-3ba02fb4-aede-4d48-aafb-662f8dee7deb - - - - -] Service df75e8ca-668b-434d-ada8-9f25bc389137 is updated service_manage_report /usr/lib/python3/dist-packages/heat/engine/service.py:2370
2025-03-24 00:37:24.903 35856 DEBUG heat.engine.service [req-30a069bb-bd0b-48d0-b6e7-732cf7ae0389 - - - - -] Service a666772d-e397-48c0-9b51-c82c576a9bc1 is updated service_manage_report /usr/lib/python3/dist-packages/heat/engine/service.py:2370
2025-03-24 00:37:24.919 35858 DEBUG heat.engine.service [req-513dc896-84fb-462c-9cba-c126a9dd78bc - - - - -] Service d700c901-f3e3-4ab4-89c9-5652942890dc is updated service_manage_report /usr/lib/python3/dist-packages/heat/engine/service.py:2370
2025-03-24 00:37:24.934 35857 DEBUG heat.engine.service [req-475578f8-a904-46b4-8d39-9f58660908ce - - - - -] Service 86f65ee0-7d6e-4ca9-b46a-c81f4e90f8a3 is updated service_manage_report /usr/lib/python3/dist-packages/heat/engine/service.py:2370
2025-03-24 00:37:24.980 35859 DEBUG heat.engine.service [req-5af72564-a7ac-4657-9e65-6b04c6adf4ae - - - - -] Service df75e8ca-668b-434d-ada8-9f25bc389137 is updated service_manage_report /usr/lib/python3/dist-packages/heat/engine/service.py:2370
2025-03-24 00:38:24.906 35856 DEBUG heat.engine.service [req-04352f60-2428-401a-a235-65c663f87c15 - - - - -] Service a666772d-e397-48c0-9b51-c82c576a9bc1 is updated service_manage_report /usr/lib/python3/dist-packages/heat/engine/service.py:2370
2025-03-24 00:38:24.923 35858 DEBUG heat.engine.service [req-8fe3ad9a-5aeb-4312-863d-e08f6ffa946f - - - - -] Service d700c901-f3e3-4ab4-89c9-5652942890dc is updated service_manage_report /usr/lib/python3/dist-packages/heat/engine/service.py:2370
2025-03-24 00:38:24.937 35857 DEBUG heat.engine.service [req-8bb18ce5-970e-42e4-afda-a8b44f799114 - - - - -] Service 86f65ee0-7d6e-4ca9-b46a-c81f4e90f8a3 is updated service_manage_report /usr/lib/python3/dist-packages/heat/engine/service.py:2370
2025-03-24 00:38:24.990 35859 DEBUG heat.engine.service [req-950db136-896b-4912-9f0a-5c402171d862 - - - - -] Service df75e8ca-668b-434d-ada8-9f25bc389137 is updated service_manage_report /usr/lib/python3/dist-packages/heat/engine/service.py:2370
2025-03-24 00:39:24.910 35856 DEBUG heat.engine.service [req-9a058fe7-2683-43ef-bdcc-4a7490cb93a4 - - - - -] Service a666772d-e397-48c0-9b51-c82c576a9bc1 is updated service_manage_report /usr/lib/python3/dist-packages/heat/engine/service.py:2370
2025-03-24 00:39:24.925 35858 DEBUG heat.engine.service [req-9d90de35-e27b-4352-982d-f8d4d7cc6a67 - - - - -] Service d700c901-f3e3-4ab4-89c9-5652942890dc is updated service_manage_report /usr/lib/python3/dist-packages/heat/engine/service.py:2370
2025-03-24 00:39:24.940 35857 DEBUG heat.engine.service [req-6e636865-fa5b-440e-803f-e3cd5eef7116 - - - - -] Service 86f65ee0-7d6e-4ca9-b46a-c81f4e90f8a3 is updated service_manage_report /usr/lib/python3/dist-packages/heat/engine/service.py:2370
2025-03-24 00:39:24.984 35859 DEBUG heat.engine.service [req-83f0d634-cc10-4fe8-a106-5ea4b05eb133 - - - - -] Service df75e8ca-668b-434d-ada8-9f25bc389137 is updated service_manage_report /usr/lib/python3/dist-packages/heat/engine/service.py:2370
2025-03-24 00:40:24.911 35856 DEBUG heat.engine.service [req-e752958b-2be6-42f4-9a6b-de5974d8a41d - - - - -] Service a666772d-e397-48c0-9b51-c82c576a9bc1 is updated service_manage_report /usr/lib/python3/dist-packages/heat/engine/service.py:2370
2025-03-24 00:40:24.928 35858 DEBUG heat.engine.service [req-93a94039-8916-49a7-a329-aa331843885a - - - - -] Service d700c901-f3e3-4ab4-89c9-5652942890dc is updated service_manage_report /usr/lib/python3/dist-packages/heat/engine/service.py:2370
2025-03-24 00:40:24.944 35857 DEBUG heat.engine.service [req-9fedcb14-46d5-404d-a257-cff73da0d733 - - - - -] Service 86f65ee0-7d6e-4ca9-b46a-c81f4e90f8a3 is updated service_manage_report /usr/lib/python3/dist-packages/heat/engine/service.py:2370
2025-03-24 00:40:24.995 35859 DEBUG heat.engine.service [req-a2f544c6-bf5a-40da-9bc0-bf9505a9d4b0 - - - - -] Service df75e8ca-668b-434d-ada8-9f25bc389137 is updated service_manage_report /usr/lib/python3/dist-packages/heat/engine/service.py:2370
2025-03-24 00:41:24.917 35856 DEBUG heat.engine.service [req-4162ce73-d42d-45f8-9371-bbd336976e6a - - - - -] Service a666772d-e397-48c0-9b51-c82c576a9bc1 is updated service_manage_report /usr/lib/python3/dist-packages/heat/engine/service.py:2370
2025-03-24 00:41:24.930 35858 DEBUG heat.engine.service [req-b79aa4bf-9995-4c26-8c81-2eac2bf61d0d - - - - -] Service d700c901-f3e3-4ab4-89c9-5652942890dc is updated service_manage_report /usr/lib/python3/dist-packages/heat/engine/service.py:2370
2025-03-24 00:41:24.946 35857 DEBUG heat.engine.service [req-83ae1031-a57c-4fa4-9f8d-c85deef09638 - - - - -] Service 86f65ee0-7d6e-4ca9-b46a-c81f4e90f8a3 is updated service_manage_report /usr/lib/python3/dist-packages/heat/engine/service.py:2370
2025-03-24 00:41:24.986 35859 DEBUG heat.engine.service [req-f371fa48-ce65-4d4e-92e3-2cf937f9a3c7 - - - - -] Service df75e8ca-668b-434d-ada8-9f25bc389137 is updated service_manage_report /usr/lib/python3/dist-packages/heat/engine/service.py:2370
2025-03-24 00:42:24.920 35856 DEBUG heat.engine.service [req-7d26ae92-d37f-40d6-b290-6d07e2007397 - - - - -] Service a666772d-e397-48c0-9b51-c82c576a9bc1 is updated service_manage_report /usr/lib/python3/dist-packages/heat/engine/service.py:2370
2025-03-24 00:42:24.933 35858 DEBUG heat.engine.service [req-8e4c68a3-229a-4a7e-97c1-3e5bab27f73d - - - - -] Service d700c901-f3e3-4ab4-89c9-5652942890dc is updated service_manage_report /usr/lib/python3/dist-packages/heat/engine/service.py:2370
2025-03-24 00:42:24.947 35857 DEBUG heat.engine.service [req-0cf7b8c0-2d65-4fcd-ada0-abada3661a87 - - - - -] Service 86f65ee0-7d6e-4ca9-b46a-c81f4e90f8a3 is updated service_manage_report /usr/lib/python3/dist-packages/heat/engine/service.py:2370
2025-03-24 00:42:24.989 35859 DEBUG heat.engine.service [req-b805ceac-573c-4bd9-a826-c52b6df36570 - - - - -] Service df75e8ca-668b-434d-ada8-9f25bc389137 is updated service_manage_report /usr/lib/python3/dist-packages/heat/engine/service.py:2370
2025-03-24 00:43:24.925 35856 DEBUG heat.engine.service [req-7888f502-b93f-4811-b713-84eb6427cdeb - - - - -] Service a666772d-e397-48c0-9b51-c82c576a9bc1 is updated service_manage_report /usr/lib/python3/dist-packages/heat/engine/service.py:2370
2025-03-24 00:43:24.937 35858 DEBUG heat.engine.service [req-b92707c6-8df1-410a-8a1b-ab7f7d0cbd16 - - - - -] Service d700c901-f3e3-4ab4-89c9-5652942890dc is updated service_manage_report /usr/lib/python3/dist-packages/heat/engine/service.py:2370
2025-03-24 00:43:24.949 35857 DEBUG heat.engine.service [req-7ca605dd-51a7-43f0-b4ab-96b8d1cc0099 - - - - -] Service 86f65ee0-7d6e-4ca9-b46a-c81f4e90f8a3 is updated service_manage_report /usr/lib/python3/dist-packages/heat/engine/service.py:2370
2025-03-24 00:43:24.993 35859 DEBUG heat.engine.service [req-8f9528f0-d501-4e2b-a17e-9a47be4f14d7 - - - - -] Service df75e8ca-668b-434d-ada8-9f25bc389137 is updated service_manage_report /usr/lib/python3/dist-packages/heat/engine/service.py:2370
2025-03-24 00:44:24.930 35856 DEBUG heat.engine.service [req-ddcb74e1-45b0-4a62-97be-2d6318add95e - - - - -] Service a666772d-e397-48c0-9b51-c82c576a9bc1 is updated service_manage_report /usr/lib/python3/dist-packages/heat/engine/service.py:2370
2025-03-24 00:44:24.946 35858 DEBUG heat.engine.service [req-3464b26b-c0f8-4493-be36-47303fa3e39b - - - - -] Service d700c901-f3e3-4ab4-89c9-5652942890dc is updated service_manage_report /usr/lib/python3/dist-packages/heat/engine/service.py:2370
2025-03-24 00:44:24.952 35857 DEBUG heat.engine.service [req-c006b96a-faa1-42b9-8d34-49277fdb151d - - - - -] Service 86f65ee0-7d6e-4ca9-b46a-c81f4e90f8a3 is updated service_manage_report /usr/lib/python3/dist-packages/heat/engine/service.py:2370
2025-03-24 00:44:25.004 35859 DEBUG heat.engine.service [req-6291e3ce-f3d0-4ba9-a959-df6587a03a9d - - - - -] Service df75e8ca-668b-434d-ada8-9f25bc389137 is updated service_manage_report /usr/lib/python3/dist-packages/heat/engine/service.py:2370
2025-03-24 00:45:24.934 35856 DEBUG heat.engine.service [req-5e862df8-5e06-42b9-82da-bef3655928c3 - - - - -] Service a666772d-e397-48c0-9b51-c82c576a9bc1 is updated service_manage_report /usr/lib/python3/dist-packages/heat/engine/service.py:2370
2025-03-24 00:45:24.937 35858 DEBUG heat.engine.service [req-579a769a-8c61-497d-814e-7a52c42dd1f9 - - - - -] Service d700c901-f3e3-4ab4-89c9-5652942890dc is updated service_manage_report /usr/lib/python3/dist-packages/heat/engine/service.py:2370
2025-03-24 00:45:24.955 35857 DEBUG heat.engine.service [req-d02e4329-08a9-4ce8-98cb-05b661cf6799 - - - - -] Service 86f65ee0-7d6e-4ca9-b46a-c81f4e90f8a3 is updated service_manage_report /usr/lib/python3/dist-packages/heat/engine/service.py:2370
2025-03-24 00:45:24.997 35859 DEBUG heat.engine.service [req-d6ac8d04-77da-4731-8810-be7438345a71 - - - - -] Service df75e8ca-668b-434d-ada8-9f25bc389137 is updated service_manage_report /usr/lib/python3/dist-packages/heat/engine/service.py:2370
2025-03-24 00:46:24.939 35856 DEBUG heat.engine.service [req-adae6827-a6df-4637-a4ef-b1d33b08c4e9 - - - - -] Service a666772d-e397-48c0-9b51-c82c576a9bc1 is updated service_manage_report /usr/lib/python3/dist-packages/heat/engine/service.py:2370
2025-03-24 00:46:24.942 35858 DEBUG heat.engine.service [req-c3242835-4c6a-401d-8761-f7eaff1d5e64 - - - - -] Service d700c901-f3e3-4ab4-89c9-5652942890dc is updated service_manage_report /usr/lib/python3/dist-packages/heat/engine/service.py:2370
2025-03-24 00:46:24.958 35857 DEBUG heat.engine.service [req-cee5f1cc-41ce-48ba-9b3f-59fb738736b5 - - - - -] Service 86f65ee0-7d6e-4ca9-b46a-c81f4e90f8a3 is updated service_manage_report /usr/lib/python3/dist-packages/heat/engine/service.py:2370
2025-03-24 00:46:25.000 35859 DEBUG heat.engine.service [req-e3440995-d649-457a-8fb7-2e19829198db - - - - -] Service df75e8ca-668b-434d-ada8-9f25bc389137 is updated service_manage_report /usr/lib/python3/dist-packages/heat/engine/service.py:2370
2025-03-24 00:47:24.942 35856 DEBUG heat.engine.service [req-4d8d8277-2a97-4594-b095-8bc168f37c33 - - - - -] Service a666772d-e397-48c0-9b51-c82c576a9bc1 is updated service_manage_report /usr/lib/python3/dist-packages/heat/engine/service.py:2370
2025-03-24 00:47:24.944 35858 DEBUG heat.engine.service [req-48b8a0a6-cc7a-41a4-a069-0e8415f15fda - - - - -] Service d700c901-f3e3-4ab4-89c9-5652942890dc is updated service_manage_report /usr/lib/python3/dist-packages/heat/engine/service.py:2370
2025-03-24 00:47:24.960 35857 DEBUG heat.engine.service [req-086b1427-80e3-489a-b298-afb9f2f6115d - - - - -] Service 86f65ee0-7d6e-4ca9-b46a-c81f4e90f8a3 is updated service_manage_report /usr/lib/python3/dist-packages/heat/engine/service.py:2370
2025-03-24 00:47:25.003 35859 DEBUG heat.engine.service [req-c494b724-25e6-4c91-818a-439f5c22448d - - - - -] Service df75e8ca-668b-434d-ada8-9f25bc389137 is updated service_manage_report /usr/lib/python3/dist-packages/heat/engine/service.py:2370
2025-03-24 00:48:24.946 35856 DEBUG heat.engine.service [req-db4b9a71-378e-4ac5-af9f-39032588f6c8 - - - - -] Service a666772d-e397-48c0-9b51-c82c576a9bc1 is updated service_manage_report /usr/lib/python3/dist-packages/heat/engine/service.py:2370
2025-03-24 00:48:24.949 35858 DEBUG heat.engine.service [req-d8e20dc7-c42e-4534-81db-c614d0301481 - - - - -] Service d700c901-f3e3-4ab4-89c9-5652942890dc is updated service_manage_report /usr/lib/python3/dist-packages/heat/engine/service.py:2370
2025-03-24 00:48:24.963 35857 DEBUG heat.engine.service [req-2c927c4e-bd42-4432-85d1-ce3f1e22b2a0 - - - - -] Service 86f65ee0-7d6e-4ca9-b46a-c81f4e90f8a3 is updated service_manage_report /usr/lib/python3/dist-packages/heat/engine/service.py:2370
2025-03-24 00:48:25.006 35859 DEBUG heat.engine.service [req-0941d5b0-1534-45ff-b79e-b43d8d199d0c - - - - -] Service df75e8ca-668b-434d-ada8-9f25bc389137 is updated service_manage_report /usr/lib/python3/dist-packages/heat/engine/service.py:2370
2025-03-24 00:49:24.949 35856 DEBUG heat.engine.service [req-fe7793a6-b0c5-41f9-befb-7349ada2f797 - - - - -] Service a666772d-e397-48c0-9b51-c82c576a9bc1 is updated service_manage_report /usr/lib/python3/dist-packages/heat/engine/service.py:2370
2025-03-24 00:49:24.952 35858 DEBUG heat.engine.service [req-7e29d6fb-a3f6-4c85-a24e-b8c502261187 - - - - -] Service d700c901-f3e3-4ab4-89c9-5652942890dc is updated service_manage_report /usr/lib/python3/dist-packages/heat/engine/service.py:2370
2025-03-24 00:49:24.965 35857 DEBUG heat.engine.service [req-7fabf563-24a0-44f1-9dae-019445bb9dfa - - - - -] Service 86f65ee0-7d6e-4ca9-b46a-c81f4e90f8a3 is updated service_manage_report /usr/lib/python3/dist-packages/heat/engine/service.py:2370
2025-03-24 00:49:25.011 35859 DEBUG heat.engine.service [req-f819571a-0186-45a5-bf2d-745a6f3c8732 - - - - -] Service df75e8ca-668b-434d-ada8-9f25bc389137 is updated service_manage_report /usr/lib/python3/dist-packages/heat/engine/service.py:2370
2025-03-24 00:50:24.954 35856 DEBUG heat.engine.service [req-5d5a5cb7-1f88-49e8-a059-17a34dd8d16d - - - - -] Service a666772d-e397-48c0-9b51-c82c576a9bc1 is updated service_manage_report /usr/lib/python3/dist-packages/heat/engine/service.py:2370
2025-03-24 00:50:24.958 35858 DEBUG heat.engine.service [req-23aa3188-6c87-4a96-9ae8-88e75ae9fc6c - - - - -] Service d700c901-f3e3-4ab4-89c9-5652942890dc is updated service_manage_report /usr/lib/python3/dist-packages/heat/engine/service.py:2370
2025-03-24 00:50:24.967 35857 DEBUG heat.engine.service [req-f8be0c75-6a7c-402c-a998-d0864929ca09 - - - - -] Service 86f65ee0-7d6e-4ca9-b46a-c81f4e90f8a3 is updated service_manage_report /usr/lib/python3/dist-packages/heat/engine/service.py:2370
2025-03-24 00:50:25.015 35859 DEBUG heat.engine.service [req-e777cb99-93e1-4e94-8bd0-8fd735bafb39 - - - - -] Service df75e8ca-668b-434d-ada8-9f25bc389137 is updated service_manage_report /usr/lib/python3/dist-packages/heat/engine/service.py:2370
2025-03-24 00:51:24.952 35858 DEBUG heat.engine.service [req-f6c892db-7263-4963-be24-23fab47efe0f - - - - -] Service d700c901-f3e3-4ab4-89c9-5652942890dc is updated service_manage_report /usr/lib/python3/dist-packages/heat/engine/service.py:2370
2025-03-24 00:51:24.956 35856 DEBUG heat.engine.service [req-f2bdd305-afcf-4217-8410-ea2d27184078 - - - - -] Service a666772d-e397-48c0-9b51-c82c576a9bc1 is updated service_manage_report /usr/lib/python3/dist-packages/heat/engine/service.py:2370
2025-03-24 00:51:24.970 35857 DEBUG heat.engine.service [req-ad2cbbb8-a85d-4651-bd5a-903048b84d65 - - - - -] Service 86f65ee0-7d6e-4ca9-b46a-c81f4e90f8a3 is updated service_manage_report /usr/lib/python3/dist-packages/heat/engine/service.py:2370
2025-03-24 00:51:25.018 35859 DEBUG heat.engine.service [req-40c41e8d-15b7-48cf-80dd-cca52302c292 - - - - -] Service df75e8ca-668b-434d-ada8-9f25bc389137 is updated service_manage_report /usr/lib/python3/dist-packages/heat/engine/service.py:2370
2025-03-24 00:52:24.955 35858 DEBUG heat.engine.service [req-4f2867e9-44d5-4d93-9cea-6ca05557ca28 - - - - -] Service d700c901-f3e3-4ab4-89c9-5652942890dc is updated service_manage_report /usr/lib/python3/dist-packages/heat/engine/service.py:2370
2025-03-24 00:52:24.962 35856 DEBUG heat.engine.service [req-8703e5fd-44f7-4e5c-a220-549b2a8ef199 - - - - -] Service a666772d-e397-48c0-9b51-c82c576a9bc1 is updated service_manage_report /usr/lib/python3/dist-packages/heat/engine/service.py:2370
2025-03-24 00:52:24.974 35857 DEBUG heat.engine.service [req-9cb1d082-da2b-47e0-95e7-b8e048406739 - - - - -] Service 86f65ee0-7d6e-4ca9-b46a-c81f4e90f8a3 is updated service_manage_report /usr/lib/python3/dist-packages/heat/engine/service.py:2370
2025-03-24 00:52:25.022 35859 DEBUG heat.engine.service [req-dc279072-acf6-40a8-8756-d5438c2a252d - - - - -] Service df75e8ca-668b-434d-ada8-9f25bc389137 is updated service_manage_report /usr/lib/python3/dist-packages/heat/engine/service.py:2370
2025-03-24 00:53:24.962 35858 DEBUG heat.engine.service [req-2918c787-0c81-4c3f-9ae3-8e5498504f07 - - - - -] Service d700c901-f3e3-4ab4-89c9-5652942890dc is updated service_manage_report /usr/lib/python3/dist-packages/heat/engine/service.py:2370
2025-03-24 00:53:24.966 35856 DEBUG heat.engine.service [req-bad1b03e-89c2-4efb-a70f-e55bc6bd7d24 - - - - -] Service a666772d-e397-48c0-9b51-c82c576a9bc1 is updated service_manage_report /usr/lib/python3/dist-packages/heat/engine/service.py:2370
2025-03-24 00:53:24.976 35857 DEBUG heat.engine.service [req-b17fc97d-9d2d-4dfb-9f70-058b6e4f21cd - - - - -] Service 86f65ee0-7d6e-4ca9-b46a-c81f4e90f8a3 is updated service_manage_report /usr/lib/python3/dist-packages/heat/engine/service.py:2370
2025-03-24 00:53:25.025 35859 DEBUG heat.engine.service [req-ec52ddc9-7a9b-4fdf-8c7b-06a85c289a1e - - - - -] Service df75e8ca-668b-434d-ada8-9f25bc389137 is updated service_manage_report /usr/lib/python3/dist-packages/heat/engine/service.py:2370
2025-03-24 00:54:24.954 35858 DEBUG heat.engine.service [req-14c53878-9265-4ac0-b3b2-c31bfd34a203 - - - - -] Service d700c901-f3e3-4ab4-89c9-5652942890dc is updated service_manage_report /usr/lib/python3/dist-packages/heat/engine/service.py:2370
2025-03-24 00:54:24.969 35856 DEBUG heat.engine.service [req-c6c7f321-68da-47f7-8e29-8fb0a22fe20b - - - - -] Service a666772d-e397-48c0-9b51-c82c576a9bc1 is updated service_manage_report /usr/lib/python3/dist-packages/heat/engine/service.py:2370
2025-03-24 00:54:24.979 35857 DEBUG heat.engine.service [req-c6bb8f54-f3a1-4eff-9af1-7fe0b50751a1 - - - - -] Service 86f65ee0-7d6e-4ca9-b46a-c81f4e90f8a3 is updated service_manage_report /usr/lib/python3/dist-packages/heat/engine/service.py:2370
2025-03-24 00:54:25.032 35859 DEBUG heat.engine.service [req-66f72a16-e1fd-4b33-86b6-868966224ee8 - - - - -] Service df75e8ca-668b-434d-ada8-9f25bc389137 is updated service_manage_report /usr/lib/python3/dist-packages/heat/engine/service.py:2370
2025-03-24 00:55:24.958 35858 DEBUG heat.engine.service [req-aa46e361-5186-41ae-83fa-b1b29b042fc0 - - - - -] Service d700c901-f3e3-4ab4-89c9-5652942890dc is updated service_manage_report /usr/lib/python3/dist-packages/heat/engine/service.py:2370
