2025-03-20 00:35:07.878 145428 DEBUG oslo_service.service [req-73e88057-8cd1-4bce-a654-94fe331adf1e - - - - -] password_length = 12 log_opt_values /usr/lib/python3/dist-packages/oslo_config/cfg.py:2602
2025-03-20 00:35:07.879 145428 DEBUG oslo_service.service [req-73e88057-8cd1-4bce-a654-94fe331adf1e - - - - -] periodic_enable = True log_opt_values /usr/lib/python3/dist-packages/oslo_config/cfg.py:2602
2025-03-20 00:35:07.879 145428 DEBUG oslo_service.service [req-73e88057-8cd1-4bce-a654-94fe331adf1e - - - - -] periodic_fuzzy_delay = 60 log_opt_values /usr/lib/python3/dist-packages/oslo_config/cfg.py:2602
2025-03-20 00:35:07.879 145428 DEBUG oslo_service.service [req-73e88057-8cd1-4bce-a654-94fe331adf1e - - - - -] pointer_model = usbtablet log_opt_values /usr/lib/python3/dist-packages/oslo_config/cfg.py:2602
2025-03-20 00:35:07.879 145428 DEBUG oslo_service.service [req-73e88057-8cd1-4bce-a654-94fe331adf1e - - - - -] preallocate_images = none log_opt_values /usr/lib/python3/dist-packages/oslo_config/cfg.py:2602
2025-03-20 00:35:07.879 145428 DEBUG oslo_service.service [req-73e88057-8cd1-4bce-a654-94fe331adf1e - - - - -] publish_errors = False log_opt_values /usr/lib/python3/dist-packages/oslo_config/cfg.py:2602
2025-03-20 00:35:07.879 145428 DEBUG oslo_service.service [req-73e88057-8cd1-4bce-a654-94fe331adf1e - - - - -] pybasedir = /usr/lib/python3/dist-packages log_opt_values /usr/lib/python3/dist-packages/oslo_config/cfg.py:2602
2025-03-20 00:35:07.879 145428 DEBUG oslo_service.service [req-73e88057-8cd1-4bce-a654-94fe331adf1e - - - - -] ram_allocation_ratio = 0.98 log_opt_values /usr/lib/python3/dist-packages/oslo_config/cfg.py:2602
2025-03-20 00:35:07.880 145428 DEBUG oslo_service.service [req-73e88057-8cd1-4bce-a654-94fe331adf1e - - - - -] rate_limit_burst = 0 log_opt_values /usr/lib/python3/dist-packages/oslo_config/cfg.py:2602
2025-03-20 00:35:07.880 145428 DEBUG oslo_service.service [req-73e88057-8cd1-4bce-a654-94fe331adf1e - - - - -] rate_limit_except_level = CRITICAL log_opt_values /usr/lib/python3/dist-packages/oslo_config/cfg.py:2602
2025-03-20 00:35:07.880 145428 DEBUG oslo_service.service [req-73e88057-8cd1-4bce-a654-94fe331adf1e - - - - -] rate_limit_interval = 0 log_opt_values /usr/lib/python3/dist-packages/oslo_config/cfg.py:2602
2025-03-20 00:35:07.880 145428 DEBUG oslo_service.service [req-73e88057-8cd1-4bce-a654-94fe331adf1e - - - - -] reboot_timeout = 0 log_opt_values /usr/lib/python3/dist-packages/oslo_config/cfg.py:2602
2025-03-20 00:35:07.880 145428 DEBUG oslo_service.service [req-73e88057-8cd1-4bce-a654-94fe331adf1e - - - - -] reclaim_instance_interval = 0 log_opt_values /usr/lib/python3/dist-packages/oslo_config/cfg.py:2602
2025-03-20 00:35:07.881 145428 DEBUG oslo_service.service [req-73e88057-8cd1-4bce-a654-94fe331adf1e - - - - -] record = None log_opt_values /usr/lib/python3/dist-packages/oslo_config/cfg.py:2602
2025-03-20 00:35:07.881 145428 DEBUG oslo_service.service [req-73e88057-8cd1-4bce-a654-94fe331adf1e - - - - -] report_interval = 10 log_opt_values /usr/lib/python3/dist-packages/oslo_config/cfg.py:2602
2025-03-20 00:35:07.881 145428 DEBUG oslo_service.service [req-73e88057-8cd1-4bce-a654-94fe331adf1e - - - - -] rescue_timeout = 0 log_opt_values /usr/lib/python3/dist-packages/oslo_config/cfg.py:2602
2025-03-20 00:35:07.881 145428 DEBUG oslo_service.service [req-73e88057-8cd1-4bce-a654-94fe331adf1e - - - - -] reserved_host_cpus = 0 log_opt_values /usr/lib/python3/dist-packages/oslo_config/cfg.py:2602
2025-03-20 00:35:07.881 145428 DEBUG oslo_service.service [req-73e88057-8cd1-4bce-a654-94fe331adf1e - - - - -] reserved_host_disk_mb = 0 log_opt_values /usr/lib/python3/dist-packages/oslo_config/cfg.py:2602
2025-03-20 00:35:07.881 145428 DEBUG oslo_service.service [req-73e88057-8cd1-4bce-a654-94fe331adf1e - - - - -] reserved_host_memory_mb = 512 log_opt_values /usr/lib/python3/dist-packages/oslo_config/cfg.py:2602
2025-03-20 00:35:07.881 145428 DEBUG oslo_service.service [req-73e88057-8cd1-4bce-a654-94fe331adf1e - - - - -] reserved_huge_pages = None log_opt_values /usr/lib/python3/dist-packages/oslo_config/cfg.py:2602
2025-03-20 00:35:07.882 145428 DEBUG oslo_service.service [req-73e88057-8cd1-4bce-a654-94fe331adf1e - - - - -] resize_confirm_window = 0 log_opt_values /usr/lib/python3/dist-packages/oslo_config/cfg.py:2602
2025-03-20 00:35:07.882 145428 DEBUG oslo_service.service [req-73e88057-8cd1-4bce-a654-94fe331adf1e - - - - -] resize_fs_using_block_device = False log_opt_values /usr/lib/python3/dist-packages/oslo_config/cfg.py:2602
2025-03-20 00:35:07.882 145428 DEBUG oslo_service.service [req-73e88057-8cd1-4bce-a654-94fe331adf1e - - - - -] resume_guests_state_on_host_boot = False log_opt_values /usr/lib/python3/dist-packages/oslo_config/cfg.py:2602
2025-03-20 00:35:07.882 145428 DEBUG oslo_service.service [req-73e88057-8cd1-4bce-a654-94fe331adf1e - - - - -] rootwrap_config = /etc/nova/rootwrap.conf log_opt_values /usr/lib/python3/dist-packages/oslo_config/cfg.py:2602
2025-03-20 00:35:07.882 145428 DEBUG oslo_service.service [req-73e88057-8cd1-4bce-a654-94fe331adf1e - - - - -] run_external_periodic_tasks = True log_opt_values /usr/lib/python3/dist-packages/oslo_config/cfg.py:2602
2025-03-20 00:35:07.882 145428 DEBUG oslo_service.service [req-73e88057-8cd1-4bce-a654-94fe331adf1e - - - - -] running_deleted_instance_action = reap log_opt_values /usr/lib/python3/dist-packages/oslo_config/cfg.py:2602
2025-03-20 00:35:07.883 145428 DEBUG oslo_service.service [req-73e88057-8cd1-4bce-a654-94fe331adf1e - - - - -] running_deleted_instance_poll_interval = 1800 log_opt_values /usr/lib/python3/dist-packages/oslo_config/cfg.py:2602
2025-03-20 00:35:07.883 145428 DEBUG oslo_service.service [req-73e88057-8cd1-4bce-a654-94fe331adf1e - - - - -] running_deleted_instance_timeout = 0 log_opt_values /usr/lib/python3/dist-packages/oslo_config/cfg.py:2602
2025-03-20 00:35:07.883 145428 DEBUG oslo_service.service [req-73e88057-8cd1-4bce-a654-94fe331adf1e - - - - -] scheduler_instance_sync_interval = 120 log_opt_values /usr/lib/python3/dist-packages/oslo_config/cfg.py:2602
2025-03-20 00:35:07.883 145428 DEBUG oslo_service.service [req-73e88057-8cd1-4bce-a654-94fe331adf1e - - - - -] service_down_time = 60 log_opt_values /usr/lib/python3/dist-packages/oslo_config/cfg.py:2602
2025-03-20 00:35:07.883 145428 DEBUG oslo_service.service [req-73e88057-8cd1-4bce-a654-94fe331adf1e - - - - -] servicegroup_driver = db log_opt_values /usr/lib/python3/dist-packages/oslo_config/cfg.py:2602
2025-03-20 00:35:07.883 145428 DEBUG oslo_service.service [req-73e88057-8cd1-4bce-a654-94fe331adf1e - - - - -] shelved_offload_time = 0 log_opt_values /usr/lib/python3/dist-packages/oslo_config/cfg.py:2602
2025-03-20 00:35:07.883 145428 DEBUG oslo_service.service [req-73e88057-8cd1-4bce-a654-94fe331adf1e - - - - -] shelved_poll_interval = 3600 log_opt_values /usr/lib/python3/dist-packages/oslo_config/cfg.py:2602
2025-03-20 00:35:07.884 145428 DEBUG oslo_service.service [req-73e88057-8cd1-4bce-a654-94fe331adf1e - - - - -] shutdown_timeout = 60 log_opt_values /usr/lib/python3/dist-packages/oslo_config/cfg.py:2602
2025-03-20 00:35:07.884 145428 DEBUG oslo_service.service [req-73e88057-8cd1-4bce-a654-94fe331adf1e - - - - -] source_is_ipv6 = False log_opt_values /usr/lib/python3/dist-packages/oslo_config/cfg.py:2602
2025-03-20 00:35:07.884 145428 DEBUG oslo_service.service [req-73e88057-8cd1-4bce-a654-94fe331adf1e - - - - -] ssl_only = False log_opt_values /usr/lib/python3/dist-packages/oslo_config/cfg.py:2602
2025-03-20 00:35:07.884 145428 DEBUG oslo_service.service [req-73e88057-8cd1-4bce-a654-94fe331adf1e - - - - -] state_path = /var/lib/nova log_opt_values /usr/lib/python3/dist-packages/oslo_config/cfg.py:2602
2025-03-20 00:35:07.884 145428 DEBUG oslo_service.service [req-73e88057-8cd1-4bce-a654-94fe331adf1e - - - - -] sync_power_state_interval = 600 log_opt_values /usr/lib/python3/dist-packages/oslo_config/cfg.py:2602
2025-03-20 00:35:07.884 145428 DEBUG oslo_service.service [req-73e88057-8cd1-4bce-a654-94fe331adf1e - - - - -] sync_power_state_pool_size = 1000 log_opt_values /usr/lib/python3/dist-packages/oslo_config/cfg.py:2602
2025-03-20 00:35:07.885 145428 DEBUG oslo_service.service [req-73e88057-8cd1-4bce-a654-94fe331adf1e - - - - -] syslog_log_facility = LOG_USER log_opt_values /usr/lib/python3/dist-packages/oslo_config/cfg.py:2602
2025-03-20 00:35:07.885 145428 DEBUG oslo_service.service [req-73e88057-8cd1-4bce-a654-94fe331adf1e - - - - -] tempdir = None log_opt_values /usr/lib/python3/dist-packages/oslo_config/cfg.py:2602
2025-03-20 00:35:07.885 145428 DEBUG oslo_service.service [req-73e88057-8cd1-4bce-a654-94fe331adf1e - - - - -] timeout_nbd = 10 log_opt_values /usr/lib/python3/dist-packages/oslo_config/cfg.py:2602
2025-03-20 00:35:07.885 145428 DEBUG oslo_service.service [req-73e88057-8cd1-4bce-a654-94fe331adf1e - - - - -] transport_url = **** log_opt_values /usr/lib/python3/dist-packages/oslo_config/cfg.py:2602
2025-03-20 00:35:07.885 145428 DEBUG oslo_service.service [req-73e88057-8cd1-4bce-a654-94fe331adf1e - - - - -] update_resources_interval = 0 log_opt_values /usr/lib/python3/dist-packages/oslo_config/cfg.py:2602
2025-03-20 00:35:07.885 145428 DEBUG oslo_service.service [req-73e88057-8cd1-4bce-a654-94fe331adf1e - - - - -] use_cow_images = True log_opt_values /usr/lib/python3/dist-packages/oslo_config/cfg.py:2602
2025-03-20 00:35:07.886 145428 DEBUG oslo_service.service [req-73e88057-8cd1-4bce-a654-94fe331adf1e - - - - -] use_eventlog = False log_opt_values /usr/lib/python3/dist-packages/oslo_config/cfg.py:2602
2025-03-20 00:35:07.886 145428 DEBUG oslo_service.service [req-73e88057-8cd1-4bce-a654-94fe331adf1e - - - - -] use_journal = False log_opt_values /usr/lib/python3/dist-packages/oslo_config/cfg.py:2602
2025-03-20 00:35:07.886 145428 DEBUG oslo_service.service [req-73e88057-8cd1-4bce-a654-94fe331adf1e - - - - -] use_json = False log_opt_values /usr/lib/python3/dist-packages/oslo_config/cfg.py:2602
2025-03-20 00:35:07.886 145428 DEBUG oslo_service.service [req-73e88057-8cd1-4bce-a654-94fe331adf1e - - - - -] use_rootwrap_daemon = False log_opt_values /usr/lib/python3/dist-packages/oslo_config/cfg.py:2602
2025-03-20 00:35:07.886 145428 DEBUG oslo_service.service [req-73e88057-8cd1-4bce-a654-94fe331adf1e - - - - -] use_stderr = False log_opt_values /usr/lib/python3/dist-packages/oslo_config/cfg.py:2602
2025-03-20 00:35:07.886 145428 DEBUG oslo_service.service [req-73e88057-8cd1-4bce-a654-94fe331adf1e - - - - -] use_syslog = False log_opt_values /usr/lib/python3/dist-packages/oslo_config/cfg.py:2602
2025-03-20 00:35:07.886 145428 DEBUG oslo_service.service [req-73e88057-8cd1-4bce-a654-94fe331adf1e - - - - -] vcpu_pin_set = None log_opt_values /usr/lib/python3/dist-packages/oslo_config/cfg.py:2602
2025-03-20 00:35:07.887 145428 DEBUG oslo_service.service [req-73e88057-8cd1-4bce-a654-94fe331adf1e - - - - -] vif_plugging_is_fatal = True log_opt_values /usr/lib/python3/dist-packages/oslo_config/cfg.py:2602
2025-03-20 00:35:07.887 145428 DEBUG oslo_service.service [req-73e88057-8cd1-4bce-a654-94fe331adf1e - - - - -] vif_plugging_timeout = 300 log_opt_values /usr/lib/python3/dist-packages/oslo_config/cfg.py:2602
2025-03-20 00:35:07.887 145428 DEBUG oslo_service.service [req-73e88057-8cd1-4bce-a654-94fe331adf1e - - - - -] virt_mkfs = [] log_opt_values /usr/lib/python3/dist-packages/oslo_config/cfg.py:2602
2025-03-20 00:35:07.887 145428 DEBUG oslo_service.service [req-73e88057-8cd1-4bce-a654-94fe331adf1e - - - - -] volume_usage_poll_interval = 0 log_opt_values /usr/lib/python3/dist-packages/oslo_config/cfg.py:2602
2025-03-20 00:35:07.887 145428 DEBUG oslo_service.service [req-73e88057-8cd1-4bce-a654-94fe331adf1e - - - - -] watch_log_file = False log_opt_values /usr/lib/python3/dist-packages/oslo_config/cfg.py:2602
2025-03-20 00:35:07.887 145428 DEBUG oslo_service.service [req-73e88057-8cd1-4bce-a654-94fe331adf1e - - - - -] web = /usr/share/spice-html5 log_opt_values /usr/lib/python3/dist-packages/oslo_config/cfg.py:2602
2025-03-20 00:35:07.888 145428 DEBUG oslo_service.service [req-73e88057-8cd1-4bce-a654-94fe331adf1e - - - - -] oslo_concurrency.disable_process_locking = False log_opt_values /usr/lib/python3/dist-packages/oslo_config/cfg.py:2609
2025-03-20 00:35:07.888 145428 DEBUG oslo_service.service [req-73e88057-8cd1-4bce-a654-94fe331adf1e - - - - -] oslo_concurrency.lock_path = /var/lock/nova log_opt_values /usr/lib/python3/dist-packages/oslo_config/cfg.py:2609
2025-03-20 00:35:07.888 145428 WARNING oslo_config.cfg [req-73e88057-8cd1-4bce-a654-94fe331adf1e - - - - -] Deprecated: Option "auth_strategy" from group "api" is deprecated for removal ( The only non-default choice, ``noauth2``, is for internal development and testing purposes only and should not be used in deployments. This option and its middleware, NoAuthMiddleware[V2_18], will be removed in a future release. ). Its value may be silently ignored in the future.
2025-03-20 00:35:07.888 145749 DEBUG nova.service [req-a75d9b60-57db-49e1-82ab-af2ab8653f4d - - - - -] Creating RPC server for service scheduler start /usr/lib/python3/dist-packages/nova/service.py:182
2025-03-20 00:35:07.889 145428 DEBUG oslo_service.service [req-73e88057-8cd1-4bce-a654-94fe331adf1e - - - - -] api.auth_strategy = keystone log_opt_values /usr/lib/python3/dist-packages/oslo_config/cfg.py:2609
2025-03-20 00:35:07.889 145428 DEBUG oslo_service.service [req-73e88057-8cd1-4bce-a654-94fe331adf1e - - - - -] api.compute_link_prefix = None log_opt_values /usr/lib/python3/dist-packages/oslo_config/cfg.py:2609
2025-03-20 00:35:07.889 145428 DEBUG oslo_service.service [req-73e88057-8cd1-4bce-a654-94fe331adf1e - - - - -] api.config_drive_skip_versions = 1.0 2007-01-19 2007-03-01 2007-08-29 2007-10-10 2007-12-15 2008-02-01 2008-09-01 log_opt_values /usr/lib/python3/dist-packages/oslo_config/cfg.py:2609
2025-03-20 00:35:07.889 145428 DEBUG oslo_service.service [req-73e88057-8cd1-4bce-a654-94fe331adf1e - - - - -] api.dhcp_domain = novalocal log_opt_values /usr/lib/python3/dist-packages/oslo_config/cfg.py:2609
2025-03-20 00:35:07.889 145428 DEBUG oslo_service.service [req-73e88057-8cd1-4bce-a654-94fe331adf1e - - - - -] api.enable_instance_password = True log_opt_values /usr/lib/python3/dist-packages/oslo_config/cfg.py:2609
2025-03-20 00:35:07.890 145428 DEBUG oslo_service.service [req-73e88057-8cd1-4bce-a654-94fe331adf1e - - - - -] api.glance_link_prefix = None log_opt_values /usr/lib/python3/dist-packages/oslo_config/cfg.py:2609
2025-03-20 00:35:07.890 145428 DEBUG oslo_service.service [req-73e88057-8cd1-4bce-a654-94fe331adf1e - - - - -] api.instance_list_cells_batch_fixed_size = 100 log_opt_values /usr/lib/python3/dist-packages/oslo_config/cfg.py:2609
2025-03-20 00:35:07.890 145428 DEBUG oslo_service.service [req-73e88057-8cd1-4bce-a654-94fe331adf1e - - - - -] api.instance_list_cells_batch_strategy = distributed log_opt_values /usr/lib/python3/dist-packages/oslo_config/cfg.py:2609
2025-03-20 00:35:07.890 145428 DEBUG oslo_service.service [req-73e88057-8cd1-4bce-a654-94fe331adf1e - - - - -] api.instance_list_per_project_cells = False log_opt_values /usr/lib/python3/dist-packages/oslo_config/cfg.py:2609
2025-03-20 00:35:07.890 145428 DEBUG oslo_service.service [req-73e88057-8cd1-4bce-a654-94fe331adf1e - - - - -] api.list_records_by_skipping_down_cells = True log_opt_values /usr/lib/python3/dist-packages/oslo_config/cfg.py:2609
2025-03-20 00:35:07.890 145428 DEBUG oslo_service.service [req-73e88057-8cd1-4bce-a654-94fe331adf1e - - - - -] api.local_metadata_per_cell = False log_opt_values /usr/lib/python3/dist-packages/oslo_config/cfg.py:2609
2025-03-20 00:35:07.891 145428 DEBUG oslo_service.service [req-73e88057-8cd1-4bce-a654-94fe331adf1e - - - - -] api.max_limit = 1000 log_opt_values /usr/lib/python3/dist-packages/oslo_config/cfg.py:2609
2025-03-20 00:35:07.891 145428 DEBUG oslo_service.service [req-73e88057-8cd1-4bce-a654-94fe331adf1e - - - - -] api.metadata_cache_expiration = 15 log_opt_values /usr/lib/python3/dist-packages/oslo_config/cfg.py:2609
2025-03-20 00:35:07.891 145428 DEBUG oslo_service.service [req-73e88057-8cd1-4bce-a654-94fe331adf1e - - - - -] api.neutron_default_tenant_id = default log_opt_values /usr/lib/python3/dist-packages/oslo_config/cfg.py:2609
2025-03-20 00:35:07.891 145428 DEBUG oslo_service.service [req-73e88057-8cd1-4bce-a654-94fe331adf1e - - - - -] api.use_forwarded_for = False log_opt_values /usr/lib/python3/dist-packages/oslo_config/cfg.py:2609
2025-03-20 00:35:07.891 145428 DEBUG oslo_service.service [req-73e88057-8cd1-4bce-a654-94fe331adf1e - - - - -] api.use_neutron_default_nets = False log_opt_values /usr/lib/python3/dist-packages/oslo_config/cfg.py:2609
2025-03-20 00:35:07.891 145428 DEBUG oslo_service.service [req-73e88057-8cd1-4bce-a654-94fe331adf1e - - - - -] api.vendordata_dynamic_connect_timeout = 5 log_opt_values /usr/lib/python3/dist-packages/oslo_config/cfg.py:2609
2025-03-20 00:35:07.891 145428 DEBUG oslo_service.service [req-73e88057-8cd1-4bce-a654-94fe331adf1e - - - - -] api.vendordata_dynamic_failure_fatal = False log_opt_values /usr/lib/python3/dist-packages/oslo_config/cfg.py:2609
2025-03-20 00:35:07.892 145428 DEBUG oslo_service.service [req-73e88057-8cd1-4bce-a654-94fe331adf1e - - - - -] api.vendordata_dynamic_read_timeout = 5 log_opt_values /usr/lib/python3/dist-packages/oslo_config/cfg.py:2609
2025-03-20 00:35:07.892 145428 DEBUG oslo_service.service [req-73e88057-8cd1-4bce-a654-94fe331adf1e - - - - -] api.vendordata_dynamic_ssl_certfile = log_opt_values /usr/lib/python3/dist-packages/oslo_config/cfg.py:2609
2025-03-20 00:35:07.892 145428 DEBUG oslo_service.service [req-73e88057-8cd1-4bce-a654-94fe331adf1e - - - - -] api.vendordata_dynamic_targets = [] log_opt_values /usr/lib/python3/dist-packages/oslo_config/cfg.py:2609
2025-03-20 00:35:07.892 145428 DEBUG oslo_service.service [req-73e88057-8cd1-4bce-a654-94fe331adf1e - - - - -] api.vendordata_jsonfile_path = None log_opt_values /usr/lib/python3/dist-packages/oslo_config/cfg.py:2609
2025-03-20 00:35:07.892 145428 DEBUG oslo_service.service [req-73e88057-8cd1-4bce-a654-94fe331adf1e - - - - -] api.vendordata_providers = ['StaticJSON'] log_opt_values /usr/lib/python3/dist-packages/oslo_config/cfg.py:2609
2025-03-20 00:35:07.892 145428 DEBUG oslo_service.service [req-73e88057-8cd1-4bce-a654-94fe331adf1e - - - - -] cache.backend = dogpile.cache.null log_opt_values /usr/lib/python3/dist-packages/oslo_config/cfg.py:2609
2025-03-20 00:35:07.893 145428 DEBUG oslo_service.service [req-73e88057-8cd1-4bce-a654-94fe331adf1e - - - - -] cache.backend_argument = **** log_opt_values /usr/lib/python3/dist-packages/oslo_config/cfg.py:2609
2025-03-20 00:35:07.893 145428 DEBUG oslo_service.service [req-73e88057-8cd1-4bce-a654-94fe331adf1e - - - - -] cache.config_prefix = cache.oslo log_opt_values /usr/lib/python3/dist-packages/oslo_config/cfg.py:2609
2025-03-20 00:35:07.893 145428 DEBUG oslo_service.service [req-73e88057-8cd1-4bce-a654-94fe331adf1e - - - - -] cache.debug_cache_backend = False log_opt_values /usr/lib/python3/dist-packages/oslo_config/cfg.py:2609
2025-03-20 00:35:07.893 145428 DEBUG oslo_service.service [req-73e88057-8cd1-4bce-a654-94fe331adf1e - - - - -] cache.enabled = False log_opt_values /usr/lib/python3/dist-packages/oslo_config/cfg.py:2609
2025-03-20 00:35:07.893 145428 DEBUG oslo_service.service [req-73e88057-8cd1-4bce-a654-94fe331adf1e - - - - -] cache.expiration_time = 600 log_opt_values /usr/lib/python3/dist-packages/oslo_config/cfg.py:2609
2025-03-20 00:35:07.893 145428 DEBUG oslo_service.service [req-73e88057-8cd1-4bce-a654-94fe331adf1e - - - - -] cache.memcache_dead_retry = 300 log_opt_values /usr/lib/python3/dist-packages/oslo_config/cfg.py:2609
2025-03-20 00:35:07.894 145428 DEBUG oslo_service.service [req-73e88057-8cd1-4bce-a654-94fe331adf1e - - - - -] cache.memcache_pool_connection_get_timeout = 10 log_opt_values /usr/lib/python3/dist-packages/oslo_config/cfg.py:2609
2025-03-20 00:35:07.894 145428 DEBUG oslo_service.service [req-73e88057-8cd1-4bce-a654-94fe331adf1e - - - - -] cache.memcache_pool_flush_on_reconnect = False log_opt_values /usr/lib/python3/dist-packages/oslo_config/cfg.py:2609
2025-03-20 00:35:07.894 145428 DEBUG oslo_service.service [req-73e88057-8cd1-4bce-a654-94fe331adf1e - - - - -] cache.memcache_pool_maxsize = 10 log_opt_values /usr/lib/python3/dist-packages/oslo_config/cfg.py:2609
2025-03-20 00:35:07.894 145428 DEBUG oslo_service.service [req-73e88057-8cd1-4bce-a654-94fe331adf1e - - - - -] cache.memcache_pool_unused_timeout = 60 log_opt_values /usr/lib/python3/dist-packages/oslo_config/cfg.py:2609
2025-03-20 00:35:07.894 145428 DEBUG oslo_service.service [req-73e88057-8cd1-4bce-a654-94fe331adf1e - - - - -] cache.memcache_servers = ['localhost:11211'] log_opt_values /usr/lib/python3/dist-packages/oslo_config/cfg.py:2609
2025-03-20 00:35:07.894 145428 DEBUG oslo_service.service [req-73e88057-8cd1-4bce-a654-94fe331adf1e - - - - -] cache.memcache_socket_timeout = 1.0 log_opt_values /usr/lib/python3/dist-packages/oslo_config/cfg.py:2609
2025-03-20 00:35:07.895 145428 DEBUG oslo_service.service [req-73e88057-8cd1-4bce-a654-94fe331adf1e - - - - -] cache.proxies = [] log_opt_values /usr/lib/python3/dist-packages/oslo_config/cfg.py:2609
2025-03-20 00:35:07.895 145428 DEBUG oslo_service.service [req-73e88057-8cd1-4bce-a654-94fe331adf1e - - - - -] cache.tls_allowed_ciphers = None log_opt_values /usr/lib/python3/dist-packages/oslo_config/cfg.py:2609
2025-03-20 00:35:07.895 145428 DEBUG oslo_service.service [req-73e88057-8cd1-4bce-a654-94fe331adf1e - - - - -] cache.tls_cafile = None log_opt_values /usr/lib/python3/dist-packages/oslo_config/cfg.py:2609
2025-03-20 00:35:07.895 145428 DEBUG oslo_service.service [req-73e88057-8cd1-4bce-a654-94fe331adf1e - - - - -] cache.tls_certfile = None log_opt_values /usr/lib/python3/dist-packages/oslo_config/cfg.py:2609
2025-03-20 00:35:07.896 145750 DEBUG nova.service [req-309daec0-a524-4c47-ab7f-2cfb2c19a03d - - - - -] Creating RPC server for service scheduler start /usr/lib/python3/dist-packages/nova/service.py:182
2025-03-20 00:35:07.897 145428 DEBUG oslo_service.service [req-73e88057-8cd1-4bce-a654-94fe331adf1e - - - - -] cache.tls_enabled = False log_opt_values /usr/lib/python3/dist-packages/oslo_config/cfg.py:2609
2025-03-20 00:35:07.898 145428 DEBUG oslo_service.service [req-73e88057-8cd1-4bce-a654-94fe331adf1e - - - - -] cache.tls_keyfile = None log_opt_values /usr/lib/python3/dist-packages/oslo_config/cfg.py:2609
2025-03-20 00:35:07.900 145428 DEBUG oslo_service.service [req-73e88057-8cd1-4bce-a654-94fe331adf1e - - - - -] cinder.auth_section = None log_opt_values /usr/lib/python3/dist-packages/oslo_config/cfg.py:2609
2025-03-20 00:35:07.901 145428 DEBUG oslo_service.service [req-73e88057-8cd1-4bce-a654-94fe331adf1e - - - - -] cinder.auth_type = None log_opt_values /usr/lib/python3/dist-packages/oslo_config/cfg.py:2609
2025-03-20 00:35:07.902 145428 DEBUG oslo_service.service [req-73e88057-8cd1-4bce-a654-94fe331adf1e - - - - -] cinder.cafile = None log_opt_values /usr/lib/python3/dist-packages/oslo_config/cfg.py:2609
2025-03-20 00:35:07.902 145428 DEBUG oslo_service.service [req-73e88057-8cd1-4bce-a654-94fe331adf1e - - - - -] cinder.catalog_info = volumev3::publicURL log_opt_values /usr/lib/python3/dist-packages/oslo_config/cfg.py:2609
2025-03-20 00:35:07.902 145428 DEBUG oslo_service.service [req-73e88057-8cd1-4bce-a654-94fe331adf1e - - - - -] cinder.certfile = None log_opt_values /usr/lib/python3/dist-packages/oslo_config/cfg.py:2609
2025-03-20 00:35:07.902 145747 DEBUG oslo_messaging._drivers.amqpdriver [-] Listener is running poll /usr/lib/python3/dist-packages/oslo_messaging/_drivers/amqpdriver.py:343
2025-03-20 00:35:07.903 145747 DEBUG oslo_messaging._drivers.amqpdriver [-] AMQPListener connection consume poll /usr/lib/python3/dist-packages/oslo_messaging/_drivers/amqpdriver.py:357
2025-03-20 00:35:07.902 145428 DEBUG oslo_service.service [req-73e88057-8cd1-4bce-a654-94fe331adf1e - - - - -] cinder.collect_timing = False log_opt_values /usr/lib/python3/dist-packages/oslo_config/cfg.py:2609
2025-03-20 00:35:07.904 145428 DEBUG oslo_service.service [req-73e88057-8cd1-4bce-a654-94fe331adf1e - - - - -] cinder.cross_az_attach = True log_opt_values /usr/lib/python3/dist-packages/oslo_config/cfg.py:2609
2025-03-20 00:35:07.905 145748 DEBUG nova.service [req-55984970-9fe1-4f51-8e62-f0e188b04721 - - - - -] Creating RPC server for service scheduler start /usr/lib/python3/dist-packages/nova/service.py:182
2025-03-20 00:35:07.905 145428 DEBUG oslo_service.service [req-73e88057-8cd1-4bce-a654-94fe331adf1e - - - - -] cinder.debug = False log_opt_values /usr/lib/python3/dist-packages/oslo_config/cfg.py:2609
2025-03-20 00:35:07.905 145428 DEBUG oslo_service.service [req-73e88057-8cd1-4bce-a654-94fe331adf1e - - - - -] cinder.endpoint_template = None log_opt_values /usr/lib/python3/dist-packages/oslo_config/cfg.py:2609
2025-03-20 00:35:07.907 145747 DEBUG nova.service [req-3a6479c0-0e48-4d5f-9b35-53d323ee5a42 - - - - -] Join ServiceGroup membership for this service scheduler start /usr/lib/python3/dist-packages/nova/service.py:199
2025-03-20 00:35:07.907 145428 DEBUG oslo_service.service [req-73e88057-8cd1-4bce-a654-94fe331adf1e - - - - -] cinder.http_retries = 3 log_opt_values /usr/lib/python3/dist-packages/oslo_config/cfg.py:2609
2025-03-20 00:35:07.910 145428 DEBUG oslo_service.service [req-73e88057-8cd1-4bce-a654-94fe331adf1e - - - - -] cinder.insecure = False log_opt_values /usr/lib/python3/dist-packages/oslo_config/cfg.py:2609
2025-03-20 00:35:07.910 145428 DEBUG oslo_service.service [req-73e88057-8cd1-4bce-a654-94fe331adf1e - - - - -] cinder.keyfile = None log_opt_values /usr/lib/python3/dist-packages/oslo_config/cfg.py:2609
2025-03-20 00:35:07.910 145428 DEBUG oslo_service.service [req-73e88057-8cd1-4bce-a654-94fe331adf1e - - - - -] cinder.os_region_name = None log_opt_values /usr/lib/python3/dist-packages/oslo_config/cfg.py:2609
2025-03-20 00:35:07.910 145428 DEBUG oslo_service.service [req-73e88057-8cd1-4bce-a654-94fe331adf1e - - - - -] cinder.split_loggers = False log_opt_values /usr/lib/python3/dist-packages/oslo_config/cfg.py:2609
2025-03-20 00:35:07.908 145747 DEBUG nova.servicegroup.drivers.db [req-3a6479c0-0e48-4d5f-9b35-53d323ee5a42 - - - - -] DB_Driver: join new ServiceGroup member juju-b35f85-0-lxd-7 to the scheduler group, service = join /usr/lib/python3/dist-packages/nova/servicegroup/drivers/db.py:44
2025-03-20 00:35:07.911 145747 DEBUG oslo_messaging._drivers.amqpdriver [-] AMQPListener connection timeout poll /usr/lib/python3/dist-packages/oslo_messaging/_drivers/amqpdriver.py:360
2025-03-20 00:35:07.912 145747 DEBUG oslo_messaging._drivers.amqpdriver [-] Listener is running poll /usr/lib/python3/dist-packages/oslo_messaging/_drivers/amqpdriver.py:343
2025-03-20 00:35:07.910 145428 DEBUG oslo_service.service [req-73e88057-8cd1-4bce-a654-94fe331adf1e - - - - -] cinder.timeout = None log_opt_values /usr/lib/python3/dist-packages/oslo_config/cfg.py:2609
2025-03-20 00:35:07.913 145747 DEBUG oslo_messaging._drivers.amqpdriver [-] AMQPListener connection consume poll /usr/lib/python3/dist-packages/oslo_messaging/_drivers/amqpdriver.py:357
2025-03-20 00:35:07.915 145428 DEBUG oslo_service.service [req-73e88057-8cd1-4bce-a654-94fe331adf1e - - - - -] compute.consecutive_build_service_disable_threshold = 10 log_opt_values /usr/lib/python3/dist-packages/oslo_config/cfg.py:2609
2025-03-20 00:35:07.916 145428 DEBUG oslo_service.service [req-73e88057-8cd1-4bce-a654-94fe331adf1e - - - - -] compute.cpu_dedicated_set = None log_opt_values /usr/lib/python3/dist-packages/oslo_config/cfg.py:2609
2025-03-20 00:35:07.916 145428 DEBUG oslo_service.service [req-73e88057-8cd1-4bce-a654-94fe331adf1e - - - - -] compute.cpu_shared_set = None log_opt_values /usr/lib/python3/dist-packages/oslo_config/cfg.py:2609
2025-03-20 00:35:07.916 145428 DEBUG oslo_service.service [req-73e88057-8cd1-4bce-a654-94fe331adf1e - - - - -] compute.image_type_exclude_list = [] log_opt_values /usr/lib/python3/dist-packages/oslo_config/cfg.py:2609
2025-03-20 00:35:07.917 145428 DEBUG oslo_service.service [req-73e88057-8cd1-4bce-a654-94fe331adf1e - - - - -] compute.live_migration_wait_for_vif_plug = True log_opt_values /usr/lib/python3/dist-packages/oslo_config/cfg.py:2609
2025-03-20 00:35:07.917 145428 DEBUG oslo_service.service [req-73e88057-8cd1-4bce-a654-94fe331adf1e - - - - -] compute.max_concurrent_disk_ops = 0 log_opt_values /usr/lib/python3/dist-packages/oslo_config/cfg.py:2609
2025-03-20 00:35:07.918 145428 DEBUG oslo_service.service [req-73e88057-8cd1-4bce-a654-94fe331adf1e - - - - -] compute.max_disk_devices_to_attach = -1 log_opt_values /usr/lib/python3/dist-packages/oslo_config/cfg.py:2609
2025-03-20 00:35:07.918 145428 DEBUG oslo_service.service [req-73e88057-8cd1-4bce-a654-94fe331adf1e - - - - -] compute.packing_host_numa_cells_allocation_strategy = True log_opt_values /usr/lib/python3/dist-packages/oslo_config/cfg.py:2609
2025-03-20 00:35:07.920 145428 DEBUG oslo_service.service [req-73e88057-8cd1-4bce-a654-94fe331adf1e - - - - -] compute.provider_config_location = /etc/nova/provider_config/ log_opt_values /usr/lib/python3/dist-packages/oslo_config/cfg.py:2609
2025-03-20 00:35:07.920 145428 DEBUG oslo_service.service [req-73e88057-8cd1-4bce-a654-94fe331adf1e - - - - -] compute.resource_provider_association_refresh = 300 log_opt_values /usr/lib/python3/dist-packages/oslo_config/cfg.py:2609
2025-03-20 00:35:07.920 145428 DEBUG oslo_service.service [req-73e88057-8cd1-4bce-a654-94fe331adf1e - - - - -] compute.shutdown_retry_interval = 10 log_opt_values /usr/lib/python3/dist-packages/oslo_config/cfg.py:2609
2025-03-20 00:35:07.920 145428 DEBUG oslo_service.service [req-73e88057-8cd1-4bce-a654-94fe331adf1e - - - - -] compute.vmdk_allowed_types = ['streamOptimized', 'monolithicSparse'] log_opt_values /usr/lib/python3/dist-packages/oslo_config/cfg.py:2609
2025-03-20 00:35:07.921 145428 DEBUG oslo_service.service [req-73e88057-8cd1-4bce-a654-94fe331adf1e - - - - -] conductor.workers = 4 log_opt_values /usr/lib/python3/dist-packages/oslo_config/cfg.py:2609
2025-03-20 00:35:07.920 145749 DEBUG oslo_messaging._drivers.amqpdriver [-] Listener is running poll /usr/lib/python3/dist-packages/oslo_messaging/_drivers/amqpdriver.py:343
2025-03-20 00:35:07.921 145428 DEBUG oslo_service.service [req-73e88057-8cd1-4bce-a654-94fe331adf1e - - - - -] console.allowed_origins = [] log_opt_values /usr/lib/python3/dist-packages/oslo_config/cfg.py:2609
2025-03-20 00:35:07.921 145749 DEBUG oslo_messaging._drivers.amqpdriver [-] AMQPListener connection consume poll /usr/lib/python3/dist-packages/oslo_messaging/_drivers/amqpdriver.py:357
2025-03-20 00:35:07.921 145428 DEBUG oslo_service.service [req-73e88057-8cd1-4bce-a654-94fe331adf1e - - - - -] console.ssl_ciphers = None log_opt_values /usr/lib/python3/dist-packages/oslo_config/cfg.py:2609
2025-03-20 00:35:07.922 145428 DEBUG oslo_service.service [req-73e88057-8cd1-4bce-a654-94fe331adf1e - - - - -] console.ssl_minimum_version = default log_opt_values /usr/lib/python3/dist-packages/oslo_config/cfg.py:2609
2025-03-20 00:35:07.922 145428 DEBUG oslo_service.service [req-73e88057-8cd1-4bce-a654-94fe331adf1e - - - - -] consoleauth.token_ttl = 600 log_opt_values /usr/lib/python3/dist-packages/oslo_config/cfg.py:2609
2025-03-20 00:35:07.922 145428 DEBUG oslo_service.service [req-73e88057-8cd1-4bce-a654-94fe331adf1e - - - - -] cyborg.cafile = None log_opt_values /usr/lib/python3/dist-packages/oslo_config/cfg.py:2609
2025-03-20 00:35:07.923 145428 DEBUG oslo_service.service [req-73e88057-8cd1-4bce-a654-94fe331adf1e - - - - -] cyborg.certfile = None log_opt_values /usr/lib/python3/dist-packages/oslo_config/cfg.py:2609
2025-03-20 00:35:07.923 145428 DEBUG oslo_service.service [req-73e88057-8cd1-4bce-a654-94fe331adf1e - - - - -] cyborg.collect_timing = False log_opt_values /usr/lib/python3/dist-packages/oslo_config/cfg.py:2609
2025-03-20 00:35:07.923 145428 DEBUG oslo_service.service [req-73e88057-8cd1-4bce-a654-94fe331adf1e - - - - -] cyborg.connect_retries = None log_opt_values /usr/lib/python3/dist-packages/oslo_config/cfg.py:2609
2025-03-20 00:35:07.923 145428 DEBUG oslo_service.service [req-73e88057-8cd1-4bce-a654-94fe331adf1e - - - - -] cyborg.connect_retry_delay = None log_opt_values /usr/lib/python3/dist-packages/oslo_config/cfg.py:2609
2025-03-20 00:35:07.924 145428 DEBUG oslo_service.service [req-73e88057-8cd1-4bce-a654-94fe331adf1e - - - - -] cyborg.endpoint_override = None log_opt_values /usr/lib/python3/dist-packages/oslo_config/cfg.py:2609
2025-03-20 00:35:07.924 145428 DEBUG oslo_service.service [req-73e88057-8cd1-4bce-a654-94fe331adf1e - - - - -] cyborg.insecure = False log_opt_values /usr/lib/python3/dist-packages/oslo_config/cfg.py:2609
2025-03-20 00:35:07.924 145428 DEBUG oslo_service.service [req-73e88057-8cd1-4bce-a654-94fe331adf1e - - - - -] cyborg.keyfile = None log_opt_values /usr/lib/python3/dist-packages/oslo_config/cfg.py:2609
2025-03-20 00:35:07.924 145428 DEBUG oslo_service.service [req-73e88057-8cd1-4bce-a654-94fe331adf1e - - - - -] cyborg.max_version = None log_opt_values /usr/lib/python3/dist-packages/oslo_config/cfg.py:2609
2025-03-20 00:35:07.925 145428 DEBUG oslo_service.service [req-73e88057-8cd1-4bce-a654-94fe331adf1e - - - - -] cyborg.min_version = None log_opt_values /usr/lib/python3/dist-packages/oslo_config/cfg.py:2609
2025-03-20 00:35:07.925 145428 DEBUG oslo_service.service [req-73e88057-8cd1-4bce-a654-94fe331adf1e - - - - -] cyborg.region_name = None log_opt_values /usr/lib/python3/dist-packages/oslo_config/cfg.py:2609
2025-03-20 00:35:07.925 145428 DEBUG oslo_service.service [req-73e88057-8cd1-4bce-a654-94fe331adf1e - - - - -] cyborg.service_name = None log_opt_values /usr/lib/python3/dist-packages/oslo_config/cfg.py:2609
2025-03-20 00:35:07.925 145428 DEBUG oslo_service.service [req-73e88057-8cd1-4bce-a654-94fe331adf1e - - - - -] cyborg.service_type = accelerator log_opt_values /usr/lib/python3/dist-packages/oslo_config/cfg.py:2609
2025-03-20 00:35:07.925 145428 DEBUG oslo_service.service [req-73e88057-8cd1-4bce-a654-94fe331adf1e - - - - -] cyborg.split_loggers = False log_opt_values /usr/lib/python3/dist-packages/oslo_config/cfg.py:2609
2025-03-20 00:35:07.926 145428 DEBUG oslo_service.service [req-73e88057-8cd1-4bce-a654-94fe331adf1e - - - - -] cyborg.status_code_retries = None log_opt_values /usr/lib/python3/dist-packages/oslo_config/cfg.py:2609
2025-03-20 00:35:07.926 145428 DEBUG oslo_service.service [req-73e88057-8cd1-4bce-a654-94fe331adf1e - - - - -] cyborg.status_code_retry_delay = None log_opt_values /usr/lib/python3/dist-packages/oslo_config/cfg.py:2609
2025-03-20 00:35:07.926 145428 DEBUG oslo_service.service [req-73e88057-8cd1-4bce-a654-94fe331adf1e - - - - -] cyborg.timeout = None log_opt_values /usr/lib/python3/dist-packages/oslo_config/cfg.py:2609
2025-03-20 00:35:07.926 145428 DEBUG oslo_service.service [req-73e88057-8cd1-4bce-a654-94fe331adf1e - - - - -] cyborg.valid_interfaces = ['internal', 'public'] log_opt_values /usr/lib/python3/dist-packages/oslo_config/cfg.py:2609
2025-03-20 00:35:07.926 145428 DEBUG oslo_service.service [req-73e88057-8cd1-4bce-a654-94fe331adf1e - - - - -] cyborg.version = None log_opt_values /usr/lib/python3/dist-packages/oslo_config/cfg.py:2609
2025-03-20 00:35:07.926 145428 DEBUG oslo_service.service [req-73e88057-8cd1-4bce-a654-94fe331adf1e - - - - -] database.backend = sqlalchemy log_opt_values /usr/lib/python3/dist-packages/oslo_config/cfg.py:2609
2025-03-20 00:35:07.927 145428 DEBUG oslo_service.service [req-73e88057-8cd1-4bce-a654-94fe331adf1e - - - - -] database.connection = **** log_opt_values /usr/lib/python3/dist-packages/oslo_config/cfg.py:2609
2025-03-20 00:35:07.926 145750 DEBUG oslo_messaging._drivers.amqpdriver [-] Listener is running poll /usr/lib/python3/dist-packages/oslo_messaging/_drivers/amqpdriver.py:343
2025-03-20 00:35:07.922 145749 DEBUG nova.service [req-a75d9b60-57db-49e1-82ab-af2ab8653f4d - - - - -] Join ServiceGroup membership for this service scheduler start /usr/lib/python3/dist-packages/nova/service.py:199
2025-03-20 00:35:07.927 145750 DEBUG oslo_messaging._drivers.amqpdriver [-] AMQPListener connection consume poll /usr/lib/python3/dist-packages/oslo_messaging/_drivers/amqpdriver.py:357
2025-03-20 00:35:07.927 145428 DEBUG oslo_service.service [req-73e88057-8cd1-4bce-a654-94fe331adf1e - - - - -] database.connection_debug = 0 log_opt_values /usr/lib/python3/dist-packages/oslo_config/cfg.py:2609
2025-03-20 00:35:07.927 145749 DEBUG nova.servicegroup.drivers.db [req-a75d9b60-57db-49e1-82ab-af2ab8653f4d - - - - -] DB_Driver: join new ServiceGroup member juju-b35f85-0-lxd-7 to the scheduler group, service = join /usr/lib/python3/dist-packages/nova/servicegroup/drivers/db.py:44
2025-03-20 00:35:07.927 145428 DEBUG oslo_service.service [req-73e88057-8cd1-4bce-a654-94fe331adf1e - - - - -] database.connection_parameters = log_opt_values /usr/lib/python3/dist-packages/oslo_config/cfg.py:2609
2025-03-20 00:35:07.927 145428 DEBUG oslo_service.service [req-73e88057-8cd1-4bce-a654-94fe331adf1e - - - - -] database.connection_recycle_time = 3600 log_opt_values /usr/lib/python3/dist-packages/oslo_config/cfg.py:2609
2025-03-20 00:35:07.928 145428 DEBUG oslo_service.service [req-73e88057-8cd1-4bce-a654-94fe331adf1e - - - - -] database.connection_trace = False log_opt_values /usr/lib/python3/dist-packages/oslo_config/cfg.py:2609
2025-03-20 00:35:07.927 145748 DEBUG oslo_messaging._drivers.amqpdriver [-] Listener is running poll /usr/lib/python3/dist-packages/oslo_messaging/_drivers/amqpdriver.py:343
2025-03-20 00:35:07.928 145428 DEBUG oslo_service.service [req-73e88057-8cd1-4bce-a654-94fe331adf1e - - - - -] database.db_inc_retry_interval = True log_opt_values /usr/lib/python3/dist-packages/oslo_config/cfg.py:2609
2025-03-20 00:35:07.927 145750 DEBUG nova.service [req-309daec0-a524-4c47-ab7f-2cfb2c19a03d - - - - -] Join ServiceGroup membership for this service scheduler start /usr/lib/python3/dist-packages/nova/service.py:199
2025-03-20 00:35:07.928 145748 DEBUG oslo_messaging._drivers.amqpdriver [-] AMQPListener connection consume poll /usr/lib/python3/dist-packages/oslo_messaging/_drivers/amqpdriver.py:357
2025-03-20 00:35:07.928 145428 DEBUG oslo_service.service [req-73e88057-8cd1-4bce-a654-94fe331adf1e - - - - -] database.db_max_retries = 20 log_opt_values /usr/lib/python3/dist-packages/oslo_config/cfg.py:2609
2025-03-20 00:35:07.928 145428 DEBUG oslo_service.service [req-73e88057-8cd1-4bce-a654-94fe331adf1e - - - - -] database.db_max_retry_interval = 10 log_opt_values /usr/lib/python3/dist-packages/oslo_config/cfg.py:2609
2025-03-20 00:35:07.928 145750 DEBUG nova.servicegroup.drivers.db [req-309daec0-a524-4c47-ab7f-2cfb2c19a03d - - - - -] DB_Driver: join new ServiceGroup member juju-b35f85-0-lxd-7 to the scheduler group, service = join /usr/lib/python3/dist-packages/nova/servicegroup/drivers/db.py:44
2025-03-20 00:35:07.928 145428 DEBUG oslo_service.service [req-73e88057-8cd1-4bce-a654-94fe331adf1e - - - - -] database.db_retry_interval = 1 log_opt_values /usr/lib/python3/dist-packages/oslo_config/cfg.py:2609
2025-03-20 00:35:07.929 145428 DEBUG oslo_service.service [req-73e88057-8cd1-4bce-a654-94fe331adf1e - - - - -] database.max_overflow = 50 log_opt_values /usr/lib/python3/dist-packages/oslo_config/cfg.py:2609
2025-03-20 00:35:07.929 145428 DEBUG oslo_service.service [req-73e88057-8cd1-4bce-a654-94fe331adf1e - - - - -] database.max_pool_size = 4 log_opt_values /usr/lib/python3/dist-packages/oslo_config/cfg.py:2609
2025-03-20 00:35:07.929 145428 DEBUG oslo_service.service [req-73e88057-8cd1-4bce-a654-94fe331adf1e - - - - -] database.max_retries = 10 log_opt_values /usr/lib/python3/dist-packages/oslo_config/cfg.py:2609
2025-03-20 00:35:07.928 145748 DEBUG nova.service [req-55984970-9fe1-4f51-8e62-f0e188b04721 - - - - -] Join ServiceGroup membership for this service scheduler start /usr/lib/python3/dist-packages/nova/service.py:199
2025-03-20 00:35:07.929 145428 DEBUG oslo_service.service [req-73e88057-8cd1-4bce-a654-94fe331adf1e - - - - -] database.mysql_enable_ndb = False log_opt_values /usr/lib/python3/dist-packages/oslo_config/cfg.py:2609
2025-03-20 00:35:07.929 145748 DEBUG nova.servicegroup.drivers.db [req-55984970-9fe1-4f51-8e62-f0e188b04721 - - - - -] DB_Driver: join new ServiceGroup member juju-b35f85-0-lxd-7 to the scheduler group, service = join /usr/lib/python3/dist-packages/nova/servicegroup/drivers/db.py:44
2025-03-20 00:35:07.930 145428 DEBUG oslo_service.service [req-73e88057-8cd1-4bce-a654-94fe331adf1e - - - - -] database.mysql_sql_mode = TRADITIONAL log_opt_values /usr/lib/python3/dist-packages/oslo_config/cfg.py:2609
2025-03-20 00:35:07.930 145749 DEBUG oslo_messaging._drivers.amqpdriver [-] AMQPListener connection timeout poll /usr/lib/python3/dist-packages/oslo_messaging/_drivers/amqpdriver.py:360
2025-03-20 00:35:07.930 145428 DEBUG oslo_service.service [req-73e88057-8cd1-4bce-a654-94fe331adf1e - - - - -] database.pool_timeout = None log_opt_values /usr/lib/python3/dist-packages/oslo_config/cfg.py:2609
2025-03-20 00:35:07.930 145749 DEBUG oslo_messaging._drivers.amqpdriver [-] Listener is running poll /usr/lib/python3/dist-packages/oslo_messaging/_drivers/amqpdriver.py:343
2025-03-20 00:35:07.930 145749 DEBUG oslo_messaging._drivers.amqpdriver [-] AMQPListener connection consume poll /usr/lib/python3/dist-packages/oslo_messaging/_drivers/amqpdriver.py:357
2025-03-20 00:35:07.930 145428 DEBUG oslo_service.service [req-73e88057-8cd1-4bce-a654-94fe331adf1e - - - - -] database.retry_interval = 10 log_opt_values /usr/lib/python3/dist-packages/oslo_config/cfg.py:2609
2025-03-20 00:35:07.930 145428 DEBUG oslo_service.service [req-73e88057-8cd1-4bce-a654-94fe331adf1e - - - - -] database.slave_connection = **** log_opt_values /usr/lib/python3/dist-packages/oslo_config/cfg.py:2609
2025-03-20 00:35:07.930 145428 DEBUG oslo_service.service [req-73e88057-8cd1-4bce-a654-94fe331adf1e - - - - -] database.sqlite_synchronous = True log_opt_values /usr/lib/python3/dist-packages/oslo_config/cfg.py:2609
2025-03-20 00:35:07.931 145428 DEBUG oslo_service.service [req-73e88057-8cd1-4bce-a654-94fe331adf1e - - - - -] database.use_db_reconnect = False log_opt_values /usr/lib/python3/dist-packages/oslo_config/cfg.py:2609
2025-03-20 00:35:07.931 145750 DEBUG oslo_messaging._drivers.amqpdriver [-] AMQPListener connection timeout poll /usr/lib/python3/dist-packages/oslo_messaging/_drivers/amqpdriver.py:360
2025-03-20 00:35:07.931 145750 DEBUG oslo_messaging._drivers.amqpdriver [-] Listener is running poll /usr/lib/python3/dist-packages/oslo_messaging/_drivers/amqpdriver.py:343
2025-03-20 00:35:07.931 145428 DEBUG oslo_service.service [req-73e88057-8cd1-4bce-a654-94fe331adf1e - - - - -] api_database.backend = sqlalchemy log_opt_values /usr/lib/python3/dist-packages/oslo_config/cfg.py:2609
2025-03-20 00:35:07.932 145750 DEBUG oslo_messaging._drivers.amqpdriver [-] AMQPListener connection consume poll /usr/lib/python3/dist-packages/oslo_messaging/_drivers/amqpdriver.py:357
2025-03-20 00:35:07.932 145428 DEBUG oslo_service.service [req-73e88057-8cd1-4bce-a654-94fe331adf1e - - - - -] api_database.connection = **** log_opt_values /usr/lib/python3/dist-packages/oslo_config/cfg.py:2609
2025-03-20 00:35:07.932 145748 DEBUG oslo_messaging._drivers.amqpdriver [-] AMQPListener connection timeout poll /usr/lib/python3/dist-packages/oslo_messaging/_drivers/amqpdriver.py:360
2025-03-20 00:35:07.932 145428 DEBUG oslo_service.service [req-73e88057-8cd1-4bce-a654-94fe331adf1e - - - - -] api_database.connection_debug = 0 log_opt_values /usr/lib/python3/dist-packages/oslo_config/cfg.py:2609
2025-03-20 00:35:07.932 145748 DEBUG oslo_messaging._drivers.amqpdriver [-] Listener is running poll /usr/lib/python3/dist-packages/oslo_messaging/_drivers/amqpdriver.py:343
2025-03-20 00:35:07.932 145748 DEBUG oslo_messaging._drivers.amqpdriver [-] AMQPListener connection consume poll /usr/lib/python3/dist-packages/oslo_messaging/_drivers/amqpdriver.py:357
2025-03-20 00:35:07.932 145428 DEBUG oslo_service.service [req-73e88057-8cd1-4bce-a654-94fe331adf1e - - - - -] api_database.connection_parameters = log_opt_values /usr/lib/python3/dist-packages/oslo_config/cfg.py:2609
2025-03-20 00:35:07.933 145428 DEBUG oslo_service.service [req-73e88057-8cd1-4bce-a654-94fe331adf1e - - - - -] api_database.connection_recycle_time = 3600 log_opt_values /usr/lib/python3/dist-packages/oslo_config/cfg.py:2609
2025-03-20 00:35:07.933 145428 DEBUG oslo_service.service [req-73e88057-8cd1-4bce-a654-94fe331adf1e - - - - -] api_database.connection_trace = False log_opt_values /usr/lib/python3/dist-packages/oslo_config/cfg.py:2609
2025-03-20 00:35:07.933 145428 DEBUG oslo_service.service [req-73e88057-8cd1-4bce-a654-94fe331adf1e - - - - -] api_database.db_inc_retry_interval = True log_opt_values /usr/lib/python3/dist-packages/oslo_config/cfg.py:2609
2025-03-20 00:35:07.933 145428 DEBUG oslo_service.service [req-73e88057-8cd1-4bce-a654-94fe331adf1e - - - - -] api_database.db_max_retries = 20 log_opt_values /usr/lib/python3/dist-packages/oslo_config/cfg.py:2609
2025-03-20 00:35:07.935 145428 DEBUG oslo_service.service [req-73e88057-8cd1-4bce-a654-94fe331adf1e - - - - -] api_database.db_max_retry_interval = 10 log_opt_values /usr/lib/python3/dist-packages/oslo_config/cfg.py:2609
2025-03-20 00:35:07.935 145428 DEBUG oslo_service.service [req-73e88057-8cd1-4bce-a654-94fe331adf1e - - - - -] api_database.db_retry_interval = 1 log_opt_values /usr/lib/python3/dist-packages/oslo_config/cfg.py:2609
2025-03-20 00:35:07.935 145428 DEBUG oslo_service.service [req-73e88057-8cd1-4bce-a654-94fe331adf1e - - - - -] api_database.max_overflow = 50 log_opt_values /usr/lib/python3/dist-packages/oslo_config/cfg.py:2609
2025-03-20 00:35:07.935 145428 DEBUG oslo_service.service [req-73e88057-8cd1-4bce-a654-94fe331adf1e - - - - -] api_database.max_pool_size = 4 log_opt_values /usr/lib/python3/dist-packages/oslo_config/cfg.py:2609
2025-03-20 00:35:07.935 145428 DEBUG oslo_service.service [req-73e88057-8cd1-4bce-a654-94fe331adf1e - - - - -] api_database.max_retries = 10 log_opt_values /usr/lib/python3/dist-packages/oslo_config/cfg.py:2609
2025-03-20 00:35:07.936 145428 DEBUG oslo_service.service [req-73e88057-8cd1-4bce-a654-94fe331adf1e - - - - -] api_database.mysql_enable_ndb = False log_opt_values /usr/lib/python3/dist-packages/oslo_config/cfg.py:2609
2025-03-20 00:35:07.936 145428 DEBUG oslo_service.service [req-73e88057-8cd1-4bce-a654-94fe331adf1e - - - - -] api_database.mysql_sql_mode = TRADITIONAL log_opt_values /usr/lib/python3/dist-packages/oslo_config/cfg.py:2609
2025-03-20 00:35:07.936 145428 DEBUG oslo_service.service [req-73e88057-8cd1-4bce-a654-94fe331adf1e - - - - -] api_database.pool_timeout = None log_opt_values /usr/lib/python3/dist-packages/oslo_config/cfg.py:2609
2025-03-20 00:35:07.936 145428 DEBUG oslo_service.service [req-73e88057-8cd1-4bce-a654-94fe331adf1e - - - - -] api_database.retry_interval = 10 log_opt_values /usr/lib/python3/dist-packages/oslo_config/cfg.py:2609
2025-03-20 00:35:07.937 145428 DEBUG oslo_service.service [req-73e88057-8cd1-4bce-a654-94fe331adf1e - - - - -] api_database.slave_connection = **** log_opt_values /usr/lib/python3/dist-packages/oslo_config/cfg.py:2609
2025-03-20 00:35:07.937 145428 DEBUG oslo_service.service [req-73e88057-8cd1-4bce-a654-94fe331adf1e - - - - -] api_database.sqlite_synchronous = True log_opt_values /usr/lib/python3/dist-packages/oslo_config/cfg.py:2609
2025-03-20 00:35:07.937 145428 DEBUG oslo_service.service [req-73e88057-8cd1-4bce-a654-94fe331adf1e - - - - -] devices.enabled_mdev_types = [] log_opt_values /usr/lib/python3/dist-packages/oslo_config/cfg.py:2609
2025-03-20 00:35:07.937 145428 DEBUG oslo_service.service [req-73e88057-8cd1-4bce-a654-94fe331adf1e - - - - -] ephemeral_storage_encryption.cipher = aes-xts-plain64 log_opt_values /usr/lib/python3/dist-packages/oslo_config/cfg.py:2609
2025-03-20 00:35:07.938 145428 DEBUG oslo_service.service [req-73e88057-8cd1-4bce-a654-94fe331adf1e - - - - -] ephemeral_storage_encryption.enabled = False log_opt_values /usr/lib/python3/dist-packages/oslo_config/cfg.py:2609
2025-03-20 00:35:07.938 145428 DEBUG oslo_service.service [req-73e88057-8cd1-4bce-a654-94fe331adf1e - - - - -] ephemeral_storage_encryption.key_size = 512 log_opt_values /usr/lib/python3/dist-packages/oslo_config/cfg.py:2609
2025-03-20 00:35:07.938 145428 WARNING oslo_config.cfg [req-73e88057-8cd1-4bce-a654-94fe331adf1e - - - - -] Deprecated: Option "api_servers" from group "glance" is deprecated for removal ( Support for image service configuration via standard keystoneauth1 Adapter options was added in the 17.0.0 Queens release. The api_servers option was retained temporarily to allow consumers time to cut over to a real load balancing solution. ). Its value may be silently ignored in the future.
2025-03-20 00:35:07.938 145428 DEBUG oslo_service.service [req-73e88057-8cd1-4bce-a654-94fe331adf1e - - - - -] glance.api_servers = ['http://252.54.132.123:9292'] log_opt_values /usr/lib/python3/dist-packages/oslo_config/cfg.py:2609
2025-03-20 00:35:07.938 145428 DEBUG oslo_service.service [req-73e88057-8cd1-4bce-a654-94fe331adf1e - - - - -] glance.cafile = None log_opt_values /usr/lib/python3/dist-packages/oslo_config/cfg.py:2609
2025-03-20 00:35:07.939 145428 DEBUG oslo_service.service [req-73e88057-8cd1-4bce-a654-94fe331adf1e - - - - -] glance.certfile = None log_opt_values /usr/lib/python3/dist-packages/oslo_config/cfg.py:2609
2025-03-20 00:35:07.939 145428 DEBUG oslo_service.service [req-73e88057-8cd1-4bce-a654-94fe331adf1e - - - - -] glance.collect_timing = False log_opt_values /usr/lib/python3/dist-packages/oslo_config/cfg.py:2609
