2025-03-20 00:35:08.031 145428 DEBUG oslo_service.service [req-73e88057-8cd1-4bce-a654-94fe331adf1e - - - - -] oslo_messaging_metrics.metrics_buffer_size = 1000 log_opt_values /usr/lib/python3/dist-packages/oslo_config/cfg.py:2609
2025-03-20 00:35:08.032 145428 DEBUG oslo_service.service [req-73e88057-8cd1-4bce-a654-94fe331adf1e - - - - -] oslo_messaging_metrics.metrics_enabled = False log_opt_values /usr/lib/python3/dist-packages/oslo_config/cfg.py:2609
2025-03-20 00:35:08.032 145428 DEBUG oslo_service.service [req-73e88057-8cd1-4bce-a654-94fe331adf1e - - - - -] oslo_messaging_metrics.metrics_process_name = log_opt_values /usr/lib/python3/dist-packages/oslo_config/cfg.py:2609
2025-03-20 00:35:08.032 145428 DEBUG oslo_service.service [req-73e88057-8cd1-4bce-a654-94fe331adf1e - - - - -] oslo_messaging_metrics.metrics_socket_file = /var/tmp/metrics_collector.sock log_opt_values /usr/lib/python3/dist-packages/oslo_config/cfg.py:2609
2025-03-20 00:35:08.032 145428 DEBUG oslo_service.service [req-73e88057-8cd1-4bce-a654-94fe331adf1e - - - - -] oslo_messaging_metrics.metrics_thread_stop_timeout = 10 log_opt_values /usr/lib/python3/dist-packages/oslo_config/cfg.py:2609
2025-03-20 00:35:08.032 145428 DEBUG oslo_service.service [req-73e88057-8cd1-4bce-a654-94fe331adf1e - - - - -] oslo_policy.enforce_new_defaults = False log_opt_values /usr/lib/python3/dist-packages/oslo_config/cfg.py:2609
2025-03-20 00:35:08.033 145428 DEBUG oslo_service.service [req-73e88057-8cd1-4bce-a654-94fe331adf1e - - - - -] oslo_policy.enforce_scope = False log_opt_values /usr/lib/python3/dist-packages/oslo_config/cfg.py:2609
2025-03-20 00:35:08.033 145428 DEBUG oslo_service.service [req-73e88057-8cd1-4bce-a654-94fe331adf1e - - - - -] oslo_policy.policy_default_rule = default log_opt_values /usr/lib/python3/dist-packages/oslo_config/cfg.py:2609
2025-03-20 00:35:08.033 145428 DEBUG oslo_service.service [req-73e88057-8cd1-4bce-a654-94fe331adf1e - - - - -] oslo_policy.policy_dirs = ['policy.d'] log_opt_values /usr/lib/python3/dist-packages/oslo_config/cfg.py:2609
2025-03-20 00:35:08.033 145428 DEBUG oslo_service.service [req-73e88057-8cd1-4bce-a654-94fe331adf1e - - - - -] oslo_policy.policy_file = policy.yaml log_opt_values /usr/lib/python3/dist-packages/oslo_config/cfg.py:2609
2025-03-20 00:35:08.033 145428 DEBUG oslo_service.service [req-73e88057-8cd1-4bce-a654-94fe331adf1e - - - - -] oslo_policy.remote_content_type = application/x-www-form-urlencoded log_opt_values /usr/lib/python3/dist-packages/oslo_config/cfg.py:2609
2025-03-20 00:35:08.033 145428 DEBUG oslo_service.service [req-73e88057-8cd1-4bce-a654-94fe331adf1e - - - - -] oslo_policy.remote_ssl_ca_crt_file = None log_opt_values /usr/lib/python3/dist-packages/oslo_config/cfg.py:2609
2025-03-20 00:35:08.034 145428 DEBUG oslo_service.service [req-73e88057-8cd1-4bce-a654-94fe331adf1e - - - - -] oslo_policy.remote_ssl_client_crt_file = None log_opt_values /usr/lib/python3/dist-packages/oslo_config/cfg.py:2609
2025-03-20 00:35:08.034 145428 DEBUG oslo_service.service [req-73e88057-8cd1-4bce-a654-94fe331adf1e - - - - -] oslo_policy.remote_ssl_client_key_file = None log_opt_values /usr/lib/python3/dist-packages/oslo_config/cfg.py:2609
2025-03-20 00:35:08.034 145428 DEBUG oslo_service.service [req-73e88057-8cd1-4bce-a654-94fe331adf1e - - - - -] oslo_policy.remote_ssl_verify_server_crt = False log_opt_values /usr/lib/python3/dist-packages/oslo_config/cfg.py:2609
2025-03-20 00:35:08.034 145428 DEBUG oslo_service.service [req-73e88057-8cd1-4bce-a654-94fe331adf1e - - - - -] oslo_versionedobjects.fatal_exception_format_errors = False log_opt_values /usr/lib/python3/dist-packages/oslo_config/cfg.py:2609
2025-03-20 00:35:08.034 145428 DEBUG oslo_service.service [req-73e88057-8cd1-4bce-a654-94fe331adf1e - - - - -] oslo_middleware.http_basic_auth_user_file = /etc/htpasswd log_opt_values /usr/lib/python3/dist-packages/oslo_config/cfg.py:2609
2025-03-20 00:35:08.034 145428 DEBUG oslo_service.service [req-73e88057-8cd1-4bce-a654-94fe331adf1e - - - - -] profiler.connection_string = messaging:// log_opt_values /usr/lib/python3/dist-packages/oslo_config/cfg.py:2609
2025-03-20 00:35:08.035 145428 DEBUG oslo_service.service [req-73e88057-8cd1-4bce-a654-94fe331adf1e - - - - -] profiler.enabled = False log_opt_values /usr/lib/python3/dist-packages/oslo_config/cfg.py:2609
2025-03-20 00:35:08.035 145428 DEBUG oslo_service.service [req-73e88057-8cd1-4bce-a654-94fe331adf1e - - - - -] profiler.es_doc_type = notification log_opt_values /usr/lib/python3/dist-packages/oslo_config/cfg.py:2609
2025-03-20 00:35:08.035 145428 DEBUG oslo_service.service [req-73e88057-8cd1-4bce-a654-94fe331adf1e - - - - -] profiler.es_scroll_size = 10000 log_opt_values /usr/lib/python3/dist-packages/oslo_config/cfg.py:2609
2025-03-20 00:35:08.035 145428 DEBUG oslo_service.service [req-73e88057-8cd1-4bce-a654-94fe331adf1e - - - - -] profiler.es_scroll_time = 2m log_opt_values /usr/lib/python3/dist-packages/oslo_config/cfg.py:2609
2025-03-20 00:35:08.035 145428 DEBUG oslo_service.service [req-73e88057-8cd1-4bce-a654-94fe331adf1e - - - - -] profiler.filter_error_trace = False log_opt_values /usr/lib/python3/dist-packages/oslo_config/cfg.py:2609
2025-03-20 00:35:08.035 145428 DEBUG oslo_service.service [req-73e88057-8cd1-4bce-a654-94fe331adf1e - - - - -] profiler.hmac_keys = SECRET_KEY log_opt_values /usr/lib/python3/dist-packages/oslo_config/cfg.py:2609
2025-03-20 00:35:08.036 145428 DEBUG oslo_service.service [req-73e88057-8cd1-4bce-a654-94fe331adf1e - - - - -] profiler.sentinel_service_name = mymaster log_opt_values /usr/lib/python3/dist-packages/oslo_config/cfg.py:2609
2025-03-20 00:35:08.036 145428 DEBUG oslo_service.service [req-73e88057-8cd1-4bce-a654-94fe331adf1e - - - - -] profiler.socket_timeout = 0.1 log_opt_values /usr/lib/python3/dist-packages/oslo_config/cfg.py:2609
2025-03-20 00:35:08.036 145428 DEBUG oslo_service.service [req-73e88057-8cd1-4bce-a654-94fe331adf1e - - - - -] profiler.trace_sqlalchemy = False log_opt_values /usr/lib/python3/dist-packages/oslo_config/cfg.py:2609
2025-03-20 00:35:08.036 145428 DEBUG oslo_service.service [req-73e88057-8cd1-4bce-a654-94fe331adf1e - - - - -] remote_debug.host = None log_opt_values /usr/lib/python3/dist-packages/oslo_config/cfg.py:2609
2025-03-20 00:35:08.036 145428 DEBUG oslo_service.service [req-73e88057-8cd1-4bce-a654-94fe331adf1e - - - - -] remote_debug.port = None log_opt_values /usr/lib/python3/dist-packages/oslo_config/cfg.py:2609
2025-03-20 00:35:08.036 145428 DEBUG oslo_service.service [req-73e88057-8cd1-4bce-a654-94fe331adf1e - - - - -] oslo_messaging_rabbit.amqp_auto_delete = False log_opt_values /usr/lib/python3/dist-packages/oslo_config/cfg.py:2609
2025-03-20 00:35:08.037 145428 DEBUG oslo_service.service [req-73e88057-8cd1-4bce-a654-94fe331adf1e - - - - -] oslo_messaging_rabbit.amqp_durable_queues = False log_opt_values /usr/lib/python3/dist-packages/oslo_config/cfg.py:2609
2025-03-20 00:35:08.037 145428 DEBUG oslo_service.service [req-73e88057-8cd1-4bce-a654-94fe331adf1e - - - - -] oslo_messaging_rabbit.conn_pool_min_size = 2 log_opt_values /usr/lib/python3/dist-packages/oslo_config/cfg.py:2609
2025-03-20 00:35:08.037 145428 DEBUG oslo_service.service [req-73e88057-8cd1-4bce-a654-94fe331adf1e - - - - -] oslo_messaging_rabbit.conn_pool_ttl = 1200 log_opt_values /usr/lib/python3/dist-packages/oslo_config/cfg.py:2609
2025-03-20 00:35:08.037 145428 DEBUG oslo_service.service [req-73e88057-8cd1-4bce-a654-94fe331adf1e - - - - -] oslo_messaging_rabbit.direct_mandatory_flag = True log_opt_values /usr/lib/python3/dist-packages/oslo_config/cfg.py:2609
2025-03-20 00:35:08.037 145428 DEBUG oslo_service.service [req-73e88057-8cd1-4bce-a654-94fe331adf1e - - - - -] oslo_messaging_rabbit.enable_cancel_on_failover = False log_opt_values /usr/lib/python3/dist-packages/oslo_config/cfg.py:2609
2025-03-20 00:35:08.037 145428 DEBUG oslo_service.service [req-73e88057-8cd1-4bce-a654-94fe331adf1e - - - - -] oslo_messaging_rabbit.heartbeat_in_pthread = True log_opt_values /usr/lib/python3/dist-packages/oslo_config/cfg.py:2609
2025-03-20 00:35:08.038 145428 DEBUG oslo_service.service [req-73e88057-8cd1-4bce-a654-94fe331adf1e - - - - -] oslo_messaging_rabbit.heartbeat_rate = 2 log_opt_values /usr/lib/python3/dist-packages/oslo_config/cfg.py:2609
2025-03-20 00:35:08.038 145428 DEBUG oslo_service.service [req-73e88057-8cd1-4bce-a654-94fe331adf1e - - - - -] oslo_messaging_rabbit.heartbeat_timeout_threshold = 60 log_opt_values /usr/lib/python3/dist-packages/oslo_config/cfg.py:2609
2025-03-20 00:35:08.038 145428 DEBUG oslo_service.service [req-73e88057-8cd1-4bce-a654-94fe331adf1e - - - - -] oslo_messaging_rabbit.kombu_compression = None log_opt_values /usr/lib/python3/dist-packages/oslo_config/cfg.py:2609
2025-03-20 00:35:08.038 145428 DEBUG oslo_service.service [req-73e88057-8cd1-4bce-a654-94fe331adf1e - - - - -] oslo_messaging_rabbit.kombu_failover_strategy = round-robin log_opt_values /usr/lib/python3/dist-packages/oslo_config/cfg.py:2609
2025-03-20 00:35:08.038 145428 DEBUG oslo_service.service [req-73e88057-8cd1-4bce-a654-94fe331adf1e - - - - -] oslo_messaging_rabbit.kombu_missing_consumer_retry_timeout = 60 log_opt_values /usr/lib/python3/dist-packages/oslo_config/cfg.py:2609
2025-03-20 00:35:08.038 145428 DEBUG oslo_service.service [req-73e88057-8cd1-4bce-a654-94fe331adf1e - - - - -] oslo_messaging_rabbit.kombu_reconnect_delay = 1.0 log_opt_values /usr/lib/python3/dist-packages/oslo_config/cfg.py:2609
2025-03-20 00:35:08.038 145428 DEBUG oslo_service.service [req-73e88057-8cd1-4bce-a654-94fe331adf1e - - - - -] oslo_messaging_rabbit.rabbit_ha_queues = False log_opt_values /usr/lib/python3/dist-packages/oslo_config/cfg.py:2609
2025-03-20 00:35:08.039 145428 DEBUG oslo_service.service [req-73e88057-8cd1-4bce-a654-94fe331adf1e - - - - -] oslo_messaging_rabbit.rabbit_interval_max = 30 log_opt_values /usr/lib/python3/dist-packages/oslo_config/cfg.py:2609
2025-03-20 00:35:08.039 145428 DEBUG oslo_service.service [req-73e88057-8cd1-4bce-a654-94fe331adf1e - - - - -] oslo_messaging_rabbit.rabbit_login_method = AMQPLAIN log_opt_values /usr/lib/python3/dist-packages/oslo_config/cfg.py:2609
2025-03-20 00:35:08.039 145428 DEBUG oslo_service.service [req-73e88057-8cd1-4bce-a654-94fe331adf1e - - - - -] oslo_messaging_rabbit.rabbit_qos_prefetch_count = 0 log_opt_values /usr/lib/python3/dist-packages/oslo_config/cfg.py:2609
2025-03-20 00:35:08.039 145428 DEBUG oslo_service.service [req-73e88057-8cd1-4bce-a654-94fe331adf1e - - - - -] oslo_messaging_rabbit.rabbit_quorum_queue = False log_opt_values /usr/lib/python3/dist-packages/oslo_config/cfg.py:2609
2025-03-20 00:35:08.039 145428 DEBUG oslo_service.service [req-73e88057-8cd1-4bce-a654-94fe331adf1e - - - - -] oslo_messaging_rabbit.rabbit_retry_backoff = 2 log_opt_values /usr/lib/python3/dist-packages/oslo_config/cfg.py:2609
2025-03-20 00:35:08.039 145428 DEBUG oslo_service.service [req-73e88057-8cd1-4bce-a654-94fe331adf1e - - - - -] oslo_messaging_rabbit.rabbit_retry_interval = 1 log_opt_values /usr/lib/python3/dist-packages/oslo_config/cfg.py:2609
2025-03-20 00:35:08.040 145428 DEBUG oslo_service.service [req-73e88057-8cd1-4bce-a654-94fe331adf1e - - - - -] oslo_messaging_rabbit.rabbit_transient_queues_ttl = 1800 log_opt_values /usr/lib/python3/dist-packages/oslo_config/cfg.py:2609
2025-03-20 00:35:08.040 145428 DEBUG oslo_service.service [req-73e88057-8cd1-4bce-a654-94fe331adf1e - - - - -] oslo_messaging_rabbit.rpc_conn_pool_size = 30 log_opt_values /usr/lib/python3/dist-packages/oslo_config/cfg.py:2609
2025-03-20 00:35:08.040 145428 DEBUG oslo_service.service [req-73e88057-8cd1-4bce-a654-94fe331adf1e - - - - -] oslo_messaging_rabbit.ssl = False log_opt_values /usr/lib/python3/dist-packages/oslo_config/cfg.py:2609
2025-03-20 00:35:08.040 145428 DEBUG oslo_service.service [req-73e88057-8cd1-4bce-a654-94fe331adf1e - - - - -] oslo_messaging_rabbit.ssl_ca_file = log_opt_values /usr/lib/python3/dist-packages/oslo_config/cfg.py:2609
2025-03-20 00:35:08.040 145428 DEBUG oslo_service.service [req-73e88057-8cd1-4bce-a654-94fe331adf1e - - - - -] oslo_messaging_rabbit.ssl_cert_file = log_opt_values /usr/lib/python3/dist-packages/oslo_config/cfg.py:2609
2025-03-20 00:35:08.041 145428 DEBUG oslo_service.service [req-73e88057-8cd1-4bce-a654-94fe331adf1e - - - - -] oslo_messaging_rabbit.ssl_key_file = log_opt_values /usr/lib/python3/dist-packages/oslo_config/cfg.py:2609
2025-03-20 00:35:08.041 145428 DEBUG oslo_service.service [req-73e88057-8cd1-4bce-a654-94fe331adf1e - - - - -] oslo_messaging_rabbit.ssl_version = log_opt_values /usr/lib/python3/dist-packages/oslo_config/cfg.py:2609
2025-03-20 00:35:08.041 145428 DEBUG oslo_service.service [req-73e88057-8cd1-4bce-a654-94fe331adf1e - - - - -] oslo_messaging_notifications.driver = ['messagingv2'] log_opt_values /usr/lib/python3/dist-packages/oslo_config/cfg.py:2609
2025-03-20 00:35:08.041 145428 DEBUG oslo_service.service [req-73e88057-8cd1-4bce-a654-94fe331adf1e - - - - -] oslo_messaging_notifications.retry = -1 log_opt_values /usr/lib/python3/dist-packages/oslo_config/cfg.py:2609
2025-03-20 00:35:08.041 145428 DEBUG oslo_service.service [req-73e88057-8cd1-4bce-a654-94fe331adf1e - - - - -] oslo_messaging_notifications.topics = ['notifications'] log_opt_values /usr/lib/python3/dist-packages/oslo_config/cfg.py:2609
2025-03-20 00:35:08.041 145428 DEBUG oslo_service.service [req-73e88057-8cd1-4bce-a654-94fe331adf1e - - - - -] oslo_messaging_notifications.transport_url = **** log_opt_values /usr/lib/python3/dist-packages/oslo_config/cfg.py:2609
2025-03-20 00:35:08.042 145428 DEBUG oslo_service.service [req-73e88057-8cd1-4bce-a654-94fe331adf1e - - - - -] oslo_limit.auth_section = None log_opt_values /usr/lib/python3/dist-packages/oslo_config/cfg.py:2609
2025-03-20 00:35:08.042 145428 DEBUG oslo_service.service [req-73e88057-8cd1-4bce-a654-94fe331adf1e - - - - -] oslo_limit.auth_type = None log_opt_values /usr/lib/python3/dist-packages/oslo_config/cfg.py:2609
2025-03-20 00:35:08.042 145428 DEBUG oslo_service.service [req-73e88057-8cd1-4bce-a654-94fe331adf1e - - - - -] oslo_limit.cafile = None log_opt_values /usr/lib/python3/dist-packages/oslo_config/cfg.py:2609
2025-03-20 00:35:08.042 145428 DEBUG oslo_service.service [req-73e88057-8cd1-4bce-a654-94fe331adf1e - - - - -] oslo_limit.certfile = None log_opt_values /usr/lib/python3/dist-packages/oslo_config/cfg.py:2609
2025-03-20 00:35:08.042 145428 DEBUG oslo_service.service [req-73e88057-8cd1-4bce-a654-94fe331adf1e - - - - -] oslo_limit.collect_timing = False log_opt_values /usr/lib/python3/dist-packages/oslo_config/cfg.py:2609
2025-03-20 00:35:08.042 145428 DEBUG oslo_service.service [req-73e88057-8cd1-4bce-a654-94fe331adf1e - - - - -] oslo_limit.connect_retries = None log_opt_values /usr/lib/python3/dist-packages/oslo_config/cfg.py:2609
2025-03-20 00:35:08.042 145428 DEBUG oslo_service.service [req-73e88057-8cd1-4bce-a654-94fe331adf1e - - - - -] oslo_limit.connect_retry_delay = None log_opt_values /usr/lib/python3/dist-packages/oslo_config/cfg.py:2609
2025-03-20 00:35:08.043 145428 DEBUG oslo_service.service [req-73e88057-8cd1-4bce-a654-94fe331adf1e - - - - -] oslo_limit.endpoint_id = None log_opt_values /usr/lib/python3/dist-packages/oslo_config/cfg.py:2609
2025-03-20 00:35:08.043 145428 DEBUG oslo_service.service [req-73e88057-8cd1-4bce-a654-94fe331adf1e - - - - -] oslo_limit.endpoint_override = None log_opt_values /usr/lib/python3/dist-packages/oslo_config/cfg.py:2609
2025-03-20 00:35:08.043 145428 DEBUG oslo_service.service [req-73e88057-8cd1-4bce-a654-94fe331adf1e - - - - -] oslo_limit.insecure = False log_opt_values /usr/lib/python3/dist-packages/oslo_config/cfg.py:2609
2025-03-20 00:35:08.043 145428 DEBUG oslo_service.service [req-73e88057-8cd1-4bce-a654-94fe331adf1e - - - - -] oslo_limit.keyfile = None log_opt_values /usr/lib/python3/dist-packages/oslo_config/cfg.py:2609
2025-03-20 00:35:08.043 145428 DEBUG oslo_service.service [req-73e88057-8cd1-4bce-a654-94fe331adf1e - - - - -] oslo_limit.max_version = None log_opt_values /usr/lib/python3/dist-packages/oslo_config/cfg.py:2609
2025-03-20 00:35:08.043 145428 DEBUG oslo_service.service [req-73e88057-8cd1-4bce-a654-94fe331adf1e - - - - -] oslo_limit.min_version = None log_opt_values /usr/lib/python3/dist-packages/oslo_config/cfg.py:2609
2025-03-20 00:35:08.044 145428 DEBUG oslo_service.service [req-73e88057-8cd1-4bce-a654-94fe331adf1e - - - - -] oslo_limit.region_name = None log_opt_values /usr/lib/python3/dist-packages/oslo_config/cfg.py:2609
2025-03-20 00:35:08.044 145428 DEBUG oslo_service.service [req-73e88057-8cd1-4bce-a654-94fe331adf1e - - - - -] oslo_limit.service_name = None log_opt_values /usr/lib/python3/dist-packages/oslo_config/cfg.py:2609
2025-03-20 00:35:08.044 145428 DEBUG oslo_service.service [req-73e88057-8cd1-4bce-a654-94fe331adf1e - - - - -] oslo_limit.service_type = None log_opt_values /usr/lib/python3/dist-packages/oslo_config/cfg.py:2609
2025-03-20 00:35:08.044 145428 DEBUG oslo_service.service [req-73e88057-8cd1-4bce-a654-94fe331adf1e - - - - -] oslo_limit.split_loggers = False log_opt_values /usr/lib/python3/dist-packages/oslo_config/cfg.py:2609
2025-03-20 00:35:08.044 145428 DEBUG oslo_service.service [req-73e88057-8cd1-4bce-a654-94fe331adf1e - - - - -] oslo_limit.status_code_retries = None log_opt_values /usr/lib/python3/dist-packages/oslo_config/cfg.py:2609
2025-03-20 00:35:08.044 145428 DEBUG oslo_service.service [req-73e88057-8cd1-4bce-a654-94fe331adf1e - - - - -] oslo_limit.status_code_retry_delay = None log_opt_values /usr/lib/python3/dist-packages/oslo_config/cfg.py:2609
2025-03-20 00:35:08.044 145428 DEBUG oslo_service.service [req-73e88057-8cd1-4bce-a654-94fe331adf1e - - - - -] oslo_limit.timeout = None log_opt_values /usr/lib/python3/dist-packages/oslo_config/cfg.py:2609
2025-03-20 00:35:08.045 145428 DEBUG oslo_service.service [req-73e88057-8cd1-4bce-a654-94fe331adf1e - - - - -] oslo_limit.valid_interfaces = None log_opt_values /usr/lib/python3/dist-packages/oslo_config/cfg.py:2609
2025-03-20 00:35:08.045 145428 DEBUG oslo_service.service [req-73e88057-8cd1-4bce-a654-94fe331adf1e - - - - -] oslo_limit.version = None log_opt_values /usr/lib/python3/dist-packages/oslo_config/cfg.py:2609
2025-03-20 00:35:08.045 145428 DEBUG oslo_service.service [req-73e88057-8cd1-4bce-a654-94fe331adf1e - - - - -] oslo_reports.file_event_handler = None log_opt_values /usr/lib/python3/dist-packages/oslo_config/cfg.py:2609
2025-03-20 00:35:08.045 145428 DEBUG oslo_service.service [req-73e88057-8cd1-4bce-a654-94fe331adf1e - - - - -] oslo_reports.file_event_handler_interval = 1 log_opt_values /usr/lib/python3/dist-packages/oslo_config/cfg.py:2609
2025-03-20 00:35:08.045 145428 DEBUG oslo_service.service [req-73e88057-8cd1-4bce-a654-94fe331adf1e - - - - -] oslo_reports.log_dir = None log_opt_values /usr/lib/python3/dist-packages/oslo_config/cfg.py:2609
2025-03-20 00:35:08.045 145428 DEBUG oslo_service.service [req-73e88057-8cd1-4bce-a654-94fe331adf1e - - - - -] ******************************************************************************** log_opt_values /usr/lib/python3/dist-packages/oslo_config/cfg.py:2613
2025-03-20 00:35:08.918 145747 DEBUG oslo_messaging._drivers.amqpdriver [-] AMQPListener connection timeout poll /usr/lib/python3/dist-packages/oslo_messaging/_drivers/amqpdriver.py:360
2025-03-20 00:35:08.918 145747 DEBUG oslo_messaging._drivers.amqpdriver [-] Listener is running poll /usr/lib/python3/dist-packages/oslo_messaging/_drivers/amqpdriver.py:343
2025-03-20 00:35:08.918 145747 DEBUG oslo_messaging._drivers.amqpdriver [-] AMQPListener connection consume poll /usr/lib/python3/dist-packages/oslo_messaging/_drivers/amqpdriver.py:357
2025-03-20 00:35:08.932 145749 DEBUG oslo_messaging._drivers.amqpdriver [-] AMQPListener connection timeout poll /usr/lib/python3/dist-packages/oslo_messaging/_drivers/amqpdriver.py:360
2025-03-20 00:35:08.932 145749 DEBUG oslo_messaging._drivers.amqpdriver [-] Listener is running poll /usr/lib/python3/dist-packages/oslo_messaging/_drivers/amqpdriver.py:343
2025-03-20 00:35:08.932 145749 DEBUG oslo_messaging._drivers.amqpdriver [-] AMQPListener connection consume poll /usr/lib/python3/dist-packages/oslo_messaging/_drivers/amqpdriver.py:357
2025-03-20 00:35:08.933 145750 DEBUG oslo_messaging._drivers.amqpdriver [-] AMQPListener connection timeout poll /usr/lib/python3/dist-packages/oslo_messaging/_drivers/amqpdriver.py:360
2025-03-20 00:35:08.933 145750 DEBUG oslo_messaging._drivers.amqpdriver [-] Listener is running poll /usr/lib/python3/dist-packages/oslo_messaging/_drivers/amqpdriver.py:343
2025-03-20 00:35:08.934 145750 DEBUG oslo_messaging._drivers.amqpdriver [-] AMQPListener connection consume poll /usr/lib/python3/dist-packages/oslo_messaging/_drivers/amqpdriver.py:357
2025-03-20 00:35:08.934 145748 DEBUG oslo_messaging._drivers.amqpdriver [-] AMQPListener connection timeout poll /usr/lib/python3/dist-packages/oslo_messaging/_drivers/amqpdriver.py:360
2025-03-20 00:35:08.934 145748 DEBUG oslo_messaging._drivers.amqpdriver [-] Listener is running poll /usr/lib/python3/dist-packages/oslo_messaging/_drivers/amqpdriver.py:343
2025-03-20 00:35:08.934 145748 DEBUG oslo_messaging._drivers.amqpdriver [-] AMQPListener connection consume poll /usr/lib/python3/dist-packages/oslo_messaging/_drivers/amqpdriver.py:357
2025-03-20 00:35:10.920 145747 DEBUG oslo_messaging._drivers.amqpdriver [-] AMQPListener connection timeout poll /usr/lib/python3/dist-packages/oslo_messaging/_drivers/amqpdriver.py:360
2025-03-20 00:35:10.921 145747 DEBUG oslo_messaging._drivers.amqpdriver [-] Listener is running poll /usr/lib/python3/dist-packages/oslo_messaging/_drivers/amqpdriver.py:343
2025-03-20 00:35:10.921 145747 DEBUG oslo_messaging._drivers.amqpdriver [-] AMQPListener connection consume poll /usr/lib/python3/dist-packages/oslo_messaging/_drivers/amqpdriver.py:357
2025-03-20 00:35:10.934 145749 DEBUG oslo_messaging._drivers.amqpdriver [-] AMQPListener connection timeout poll /usr/lib/python3/dist-packages/oslo_messaging/_drivers/amqpdriver.py:360
2025-03-20 00:35:10.935 145749 DEBUG oslo_messaging._drivers.amqpdriver [-] Listener is running poll /usr/lib/python3/dist-packages/oslo_messaging/_drivers/amqpdriver.py:343
2025-03-20 00:35:10.935 145749 DEBUG oslo_messaging._drivers.amqpdriver [-] AMQPListener connection consume poll /usr/lib/python3/dist-packages/oslo_messaging/_drivers/amqpdriver.py:357
2025-03-20 00:35:10.936 145750 DEBUG oslo_messaging._drivers.amqpdriver [-] AMQPListener connection timeout poll /usr/lib/python3/dist-packages/oslo_messaging/_drivers/amqpdriver.py:360
2025-03-20 00:35:10.936 145750 DEBUG oslo_messaging._drivers.amqpdriver [-] Listener is running poll /usr/lib/python3/dist-packages/oslo_messaging/_drivers/amqpdriver.py:343
2025-03-20 00:35:10.937 145750 DEBUG oslo_messaging._drivers.amqpdriver [-] AMQPListener connection consume poll /usr/lib/python3/dist-packages/oslo_messaging/_drivers/amqpdriver.py:357
2025-03-20 00:35:10.936 145748 DEBUG oslo_messaging._drivers.amqpdriver [-] AMQPListener connection timeout poll /usr/lib/python3/dist-packages/oslo_messaging/_drivers/amqpdriver.py:360
2025-03-20 00:35:10.937 145748 DEBUG oslo_messaging._drivers.amqpdriver [-] Listener is running poll /usr/lib/python3/dist-packages/oslo_messaging/_drivers/amqpdriver.py:343
2025-03-20 00:35:10.937 145748 DEBUG oslo_messaging._drivers.amqpdriver [-] AMQPListener connection consume poll /usr/lib/python3/dist-packages/oslo_messaging/_drivers/amqpdriver.py:357
2025-03-20 00:35:14.923 145747 DEBUG oslo_messaging._drivers.amqpdriver [-] AMQPListener connection timeout poll /usr/lib/python3/dist-packages/oslo_messaging/_drivers/amqpdriver.py:360
2025-03-20 00:35:14.924 145747 DEBUG oslo_messaging._drivers.amqpdriver [-] Listener is running poll /usr/lib/python3/dist-packages/oslo_messaging/_drivers/amqpdriver.py:343
2025-03-20 00:35:14.924 145747 DEBUG oslo_messaging._drivers.amqpdriver [-] AMQPListener connection consume poll /usr/lib/python3/dist-packages/oslo_messaging/_drivers/amqpdriver.py:357
2025-03-20 00:35:14.937 145749 DEBUG oslo_messaging._drivers.amqpdriver [-] AMQPListener connection timeout poll /usr/lib/python3/dist-packages/oslo_messaging/_drivers/amqpdriver.py:360
2025-03-20 00:35:14.937 145749 DEBUG oslo_messaging._drivers.amqpdriver [-] Listener is running poll /usr/lib/python3/dist-packages/oslo_messaging/_drivers/amqpdriver.py:343
2025-03-20 00:35:14.938 145749 DEBUG oslo_messaging._drivers.amqpdriver [-] AMQPListener connection consume poll /usr/lib/python3/dist-packages/oslo_messaging/_drivers/amqpdriver.py:357
2025-03-20 00:35:14.939 145750 DEBUG oslo_messaging._drivers.amqpdriver [-] AMQPListener connection timeout poll /usr/lib/python3/dist-packages/oslo_messaging/_drivers/amqpdriver.py:360
2025-03-20 00:35:14.939 145750 DEBUG oslo_messaging._drivers.amqpdriver [-] Listener is running poll /usr/lib/python3/dist-packages/oslo_messaging/_drivers/amqpdriver.py:343
2025-03-20 00:35:14.939 145750 DEBUG oslo_messaging._drivers.amqpdriver [-] AMQPListener connection consume poll /usr/lib/python3/dist-packages/oslo_messaging/_drivers/amqpdriver.py:357
2025-03-20 00:35:14.940 145748 DEBUG oslo_messaging._drivers.amqpdriver [-] AMQPListener connection timeout poll /usr/lib/python3/dist-packages/oslo_messaging/_drivers/amqpdriver.py:360
2025-03-20 00:35:14.940 145748 DEBUG oslo_messaging._drivers.amqpdriver [-] Listener is running poll /usr/lib/python3/dist-packages/oslo_messaging/_drivers/amqpdriver.py:343
2025-03-20 00:35:14.940 145748 DEBUG oslo_messaging._drivers.amqpdriver [-] AMQPListener connection consume poll /usr/lib/python3/dist-packages/oslo_messaging/_drivers/amqpdriver.py:357
2025-03-20 00:35:22.923 145747 DEBUG oslo_service.periodic_task [req-2e895a0b-3686-4ba0-94c9-7ad5aa9bdc9f - - - - -] Running periodic task SchedulerManager._discover_hosts_in_cells run_periodic_tasks /usr/lib/python3/dist-packages/oslo_service/periodic_task.py:210
2025-03-20 00:35:22.924 145747 DEBUG oslo_db.sqlalchemy.engines [req-2e895a0b-3686-4ba0-94c9-7ad5aa9bdc9f - - - - -] Parent process 145428 forked (145747) with an open database connection, which is being discarded and recreated. checkout /usr/lib/python3/dist-packages/oslo_db/sqlalchemy/engines.py:413
2025-03-20 00:35:22.926 145747 DEBUG oslo_messaging._drivers.amqpdriver [-] AMQPListener connection timeout poll /usr/lib/python3/dist-packages/oslo_messaging/_drivers/amqpdriver.py:360
2025-03-20 00:35:22.926 145747 DEBUG oslo_messaging._drivers.amqpdriver [-] Listener is running poll /usr/lib/python3/dist-packages/oslo_messaging/_drivers/amqpdriver.py:343
2025-03-20 00:35:22.926 145747 DEBUG oslo_messaging._drivers.amqpdriver [-] AMQPListener connection consume poll /usr/lib/python3/dist-packages/oslo_messaging/_drivers/amqpdriver.py:357
2025-03-20 00:35:22.933 145747 DEBUG oslo_concurrency.lockutils [req-2e895a0b-3686-4ba0-94c9-7ad5aa9bdc9f - - - - -] Lock "d707ff7e-fa1a-4b66-b5ca-1bfd5bfc655e" acquired by "nova.context.set_target_cell..get_or_set_cached_cell_and_set_connections" :: waited 0.000s inner /usr/lib/python3/dist-packages/oslo_concurrency/lockutils.py:386
2025-03-20 00:35:22.934 145747 DEBUG oslo_concurrency.lockutils [req-2e895a0b-3686-4ba0-94c9-7ad5aa9bdc9f - - - - -] Lock "d707ff7e-fa1a-4b66-b5ca-1bfd5bfc655e" "released" by "nova.context.set_target_cell..get_or_set_cached_cell_and_set_connections" :: held 0.002s inner /usr/lib/python3/dist-packages/oslo_concurrency/lockutils.py:400
2025-03-20 00:35:22.938 145749 DEBUG oslo_messaging._drivers.amqpdriver [-] AMQPListener connection timeout poll /usr/lib/python3/dist-packages/oslo_messaging/_drivers/amqpdriver.py:360
2025-03-20 00:35:22.939 145749 DEBUG oslo_messaging._drivers.amqpdriver [-] Listener is running poll /usr/lib/python3/dist-packages/oslo_messaging/_drivers/amqpdriver.py:343
2025-03-20 00:35:22.939 145749 DEBUG oslo_messaging._drivers.amqpdriver [-] AMQPListener connection consume poll /usr/lib/python3/dist-packages/oslo_messaging/_drivers/amqpdriver.py:357
2025-03-20 00:35:22.940 145747 DEBUG oslo_db.sqlalchemy.engines [req-2e895a0b-3686-4ba0-94c9-7ad5aa9bdc9f - - - - -] MySQL server mode set to STRICT_TRANS_TABLES,STRICT_ALL_TABLES,NO_ZERO_IN_DATE,NO_ZERO_DATE,ERROR_FOR_DIVISION_BY_ZERO,TRADITIONAL,NO_ENGINE_SUBSTITUTION _check_effective_sql_mode /usr/lib/python3/dist-packages/oslo_db/sqlalchemy/engines.py:314
2025-03-20 00:35:22.941 145750 DEBUG oslo_messaging._drivers.amqpdriver [-] AMQPListener connection timeout poll /usr/lib/python3/dist-packages/oslo_messaging/_drivers/amqpdriver.py:360
2025-03-20 00:35:22.941 145748 DEBUG oslo_messaging._drivers.amqpdriver [-] AMQPListener connection timeout poll /usr/lib/python3/dist-packages/oslo_messaging/_drivers/amqpdriver.py:360
2025-03-20 00:35:22.942 145750 DEBUG oslo_messaging._drivers.amqpdriver [-] Listener is running poll /usr/lib/python3/dist-packages/oslo_messaging/_drivers/amqpdriver.py:343
2025-03-20 00:35:22.942 145748 DEBUG oslo_messaging._drivers.amqpdriver [-] Listener is running poll /usr/lib/python3/dist-packages/oslo_messaging/_drivers/amqpdriver.py:343
2025-03-20 00:35:22.942 145750 DEBUG oslo_messaging._drivers.amqpdriver [-] AMQPListener connection consume poll /usr/lib/python3/dist-packages/oslo_messaging/_drivers/amqpdriver.py:357
2025-03-20 00:35:22.943 145748 DEBUG oslo_messaging._drivers.amqpdriver [-] AMQPListener connection consume poll /usr/lib/python3/dist-packages/oslo_messaging/_drivers/amqpdriver.py:357
2025-03-20 00:35:22.996 145747 INFO nova.scheduler.manager [req-2e895a0b-3686-4ba0-94c9-7ad5aa9bdc9f - - - - -] Discovered 1 new hosts: cell1:cn-jenkins-deploy-platform-juju-os-483-1
2025-03-20 00:35:29.938 145748 DEBUG oslo_service.periodic_task [req-39de243f-48b2-4c3c-80a3-d2bb147acb3c - - - - -] Running periodic task SchedulerManager._discover_hosts_in_cells run_periodic_tasks /usr/lib/python3/dist-packages/oslo_service/periodic_task.py:210
2025-03-20 00:35:29.939 145748 DEBUG oslo_db.sqlalchemy.engines [req-39de243f-48b2-4c3c-80a3-d2bb147acb3c - - - - -] Parent process 145428 forked (145748) with an open database connection, which is being discarded and recreated. checkout /usr/lib/python3/dist-packages/oslo_db/sqlalchemy/engines.py:413
2025-03-20 00:35:29.945 145748 DEBUG oslo_concurrency.lockutils [req-39de243f-48b2-4c3c-80a3-d2bb147acb3c - - - - -] Lock "d707ff7e-fa1a-4b66-b5ca-1bfd5bfc655e" acquired by "nova.context.set_target_cell..get_or_set_cached_cell_and_set_connections" :: waited 0.000s inner /usr/lib/python3/dist-packages/oslo_concurrency/lockutils.py:386
2025-03-20 00:35:29.947 145748 DEBUG oslo_concurrency.lockutils [req-39de243f-48b2-4c3c-80a3-d2bb147acb3c - - - - -] Lock "d707ff7e-fa1a-4b66-b5ca-1bfd5bfc655e" "released" by "nova.context.set_target_cell..get_or_set_cached_cell_and_set_connections" :: held 0.001s inner /usr/lib/python3/dist-packages/oslo_concurrency/lockutils.py:400
2025-03-20 00:35:29.952 145748 DEBUG oslo_db.sqlalchemy.engines [req-39de243f-48b2-4c3c-80a3-d2bb147acb3c - - - - -] MySQL server mode set to STRICT_TRANS_TABLES,STRICT_ALL_TABLES,NO_ZERO_IN_DATE,NO_ZERO_DATE,ERROR_FOR_DIVISION_BY_ZERO,TRADITIONAL,NO_ENGINE_SUBSTITUTION _check_effective_sql_mode /usr/lib/python3/dist-packages/oslo_db/sqlalchemy/engines.py:314
2025-03-20 00:35:30.937 145750 DEBUG oslo_service.periodic_task [req-0e135ad3-ea2a-4086-bd01-cf6c6d8ffc5e - - - - -] Running periodic task SchedulerManager._discover_hosts_in_cells run_periodic_tasks /usr/lib/python3/dist-packages/oslo_service/periodic_task.py:210
2025-03-20 00:35:30.938 145750 DEBUG oslo_db.sqlalchemy.engines [req-0e135ad3-ea2a-4086-bd01-cf6c6d8ffc5e - - - - -] Parent process 145428 forked (145750) with an open database connection, which is being discarded and recreated. checkout /usr/lib/python3/dist-packages/oslo_db/sqlalchemy/engines.py:413
2025-03-20 00:35:30.946 145750 DEBUG oslo_concurrency.lockutils [req-0e135ad3-ea2a-4086-bd01-cf6c6d8ffc5e - - - - -] Lock "d707ff7e-fa1a-4b66-b5ca-1bfd5bfc655e" acquired by "nova.context.set_target_cell..get_or_set_cached_cell_and_set_connections" :: waited 0.000s inner /usr/lib/python3/dist-packages/oslo_concurrency/lockutils.py:386
2025-03-20 00:35:30.947 145750 DEBUG oslo_concurrency.lockutils [req-0e135ad3-ea2a-4086-bd01-cf6c6d8ffc5e - - - - -] Lock "d707ff7e-fa1a-4b66-b5ca-1bfd5bfc655e" "released" by "nova.context.set_target_cell..get_or_set_cached_cell_and_set_connections" :: held 0.002s inner /usr/lib/python3/dist-packages/oslo_concurrency/lockutils.py:400
2025-03-20 00:35:30.953 145750 DEBUG oslo_db.sqlalchemy.engines [req-0e135ad3-ea2a-4086-bd01-cf6c6d8ffc5e - - - - -] MySQL server mode set to STRICT_TRANS_TABLES,STRICT_ALL_TABLES,NO_ZERO_IN_DATE,NO_ZERO_DATE,ERROR_FOR_DIVISION_BY_ZERO,TRADITIONAL,NO_ENGINE_SUBSTITUTION _check_effective_sql_mode /usr/lib/python3/dist-packages/oslo_db/sqlalchemy/engines.py:314
2025-03-20 00:35:46.933 145749 DEBUG oslo_service.periodic_task [req-28e0edc4-c12c-4661-a211-1e51772383eb - - - - -] Running periodic task SchedulerManager._discover_hosts_in_cells run_periodic_tasks /usr/lib/python3/dist-packages/oslo_service/periodic_task.py:210
2025-03-20 00:35:46.934 145749 DEBUG oslo_db.sqlalchemy.engines [req-28e0edc4-c12c-4661-a211-1e51772383eb - - - - -] Parent process 145428 forked (145749) with an open database connection, which is being discarded and recreated. checkout /usr/lib/python3/dist-packages/oslo_db/sqlalchemy/engines.py:413
2025-03-20 00:35:46.940 145749 DEBUG oslo_concurrency.lockutils [req-28e0edc4-c12c-4661-a211-1e51772383eb - - - - -] Lock "d707ff7e-fa1a-4b66-b5ca-1bfd5bfc655e" acquired by "nova.context.set_target_cell..get_or_set_cached_cell_and_set_connections" :: waited 0.000s inner /usr/lib/python3/dist-packages/oslo_concurrency/lockutils.py:386
2025-03-20 00:35:46.942 145749 DEBUG oslo_concurrency.lockutils [req-28e0edc4-c12c-4661-a211-1e51772383eb - - - - -] Lock "d707ff7e-fa1a-4b66-b5ca-1bfd5bfc655e" "released" by "nova.context.set_target_cell..get_or_set_cached_cell_and_set_connections" :: held 0.002s inner /usr/lib/python3/dist-packages/oslo_concurrency/lockutils.py:400
2025-03-20 00:35:46.947 145749 DEBUG oslo_db.sqlalchemy.engines [req-28e0edc4-c12c-4661-a211-1e51772383eb - - - - -] MySQL server mode set to STRICT_TRANS_TABLES,STRICT_ALL_TABLES,NO_ZERO_IN_DATE,NO_ZERO_DATE,ERROR_FOR_DIVISION_BY_ZERO,TRADITIONAL,NO_ENGINE_SUBSTITUTION _check_effective_sql_mode /usr/lib/python3/dist-packages/oslo_db/sqlalchemy/engines.py:314
2025-03-20 00:35:52.897 145747 DEBUG oslo_messaging._drivers.amqpdriver [-] AMQPListener connection timeout poll /usr/lib/python3/dist-packages/oslo_messaging/_drivers/amqpdriver.py:360
2025-03-20 00:35:52.898 145747 DEBUG oslo_messaging._drivers.amqpdriver [-] Listener is running poll /usr/lib/python3/dist-packages/oslo_messaging/_drivers/amqpdriver.py:343
2025-03-20 00:35:52.898 145747 DEBUG oslo_messaging._drivers.amqpdriver [-] AMQPListener connection consume poll /usr/lib/python3/dist-packages/oslo_messaging/_drivers/amqpdriver.py:357
2025-03-20 00:35:52.916 145749 DEBUG oslo_messaging._drivers.amqpdriver [-] AMQPListener connection timeout poll /usr/lib/python3/dist-packages/oslo_messaging/_drivers/amqpdriver.py:360
2025-03-20 00:35:52.916 145749 DEBUG oslo_messaging._drivers.amqpdriver [-] Listener is running poll /usr/lib/python3/dist-packages/oslo_messaging/_drivers/amqpdriver.py:343
2025-03-20 00:35:52.916 145749 DEBUG oslo_messaging._drivers.amqpdriver [-] AMQPListener connection consume poll /usr/lib/python3/dist-packages/oslo_messaging/_drivers/amqpdriver.py:357
2025-03-20 00:35:52.928 145750 DEBUG oslo_messaging._drivers.amqpdriver [-] AMQPListener connection timeout poll /usr/lib/python3/dist-packages/oslo_messaging/_drivers/amqpdriver.py:360
2025-03-20 00:35:52.929 145750 DEBUG oslo_messaging._drivers.amqpdriver [-] Listener is running poll /usr/lib/python3/dist-packages/oslo_messaging/_drivers/amqpdriver.py:343
2025-03-20 00:35:52.929 145750 DEBUG oslo_messaging._drivers.amqpdriver [-] AMQPListener connection consume poll /usr/lib/python3/dist-packages/oslo_messaging/_drivers/amqpdriver.py:357
2025-03-20 00:35:52.930 145748 DEBUG oslo_messaging._drivers.amqpdriver [-] AMQPListener connection timeout poll /usr/lib/python3/dist-packages/oslo_messaging/_drivers/amqpdriver.py:360
2025-03-20 00:35:52.931 145748 DEBUG oslo_messaging._drivers.amqpdriver [-] Listener is running poll /usr/lib/python3/dist-packages/oslo_messaging/_drivers/amqpdriver.py:343
2025-03-20 00:35:52.931 145748 DEBUG oslo_messaging._drivers.amqpdriver [-] AMQPListener connection consume poll /usr/lib/python3/dist-packages/oslo_messaging/_drivers/amqpdriver.py:357
2025-03-20 00:35:52.997 145747 DEBUG oslo_service.periodic_task [req-2e895a0b-3686-4ba0-94c9-7ad5aa9bdc9f - - - - -] Running periodic task SchedulerManager._discover_hosts_in_cells run_periodic_tasks /usr/lib/python3/dist-packages/oslo_service/periodic_task.py:210
2025-03-20 00:35:53.001 145747 DEBUG oslo_concurrency.lockutils [req-bd032c14-118f-4144-8121-3fc4fd09309a - - - - -] Lock "d707ff7e-fa1a-4b66-b5ca-1bfd5bfc655e" acquired by "nova.context.set_target_cell..get_or_set_cached_cell_and_set_connections" :: waited 0.000s inner /usr/lib/python3/dist-packages/oslo_concurrency/lockutils.py:386
2025-03-20 00:35:53.001 145747 DEBUG oslo_concurrency.lockutils [req-bd032c14-118f-4144-8121-3fc4fd09309a - - - - -] Lock "d707ff7e-fa1a-4b66-b5ca-1bfd5bfc655e" "released" by "nova.context.set_target_cell..get_or_set_cached_cell_and_set_connections" :: held 0.000s inner /usr/lib/python3/dist-packages/oslo_concurrency/lockutils.py:400
2025-03-20 00:35:59.969 145748 DEBUG oslo_service.periodic_task [req-39de243f-48b2-4c3c-80a3-d2bb147acb3c - - - - -] Running periodic task SchedulerManager._discover_hosts_in_cells run_periodic_tasks /usr/lib/python3/dist-packages/oslo_service/periodic_task.py:210
2025-03-20 00:35:59.973 145748 DEBUG oslo_concurrency.lockutils [req-9f7330e1-ab65-45c7-b053-aec764f66d75 - - - - -] Lock "d707ff7e-fa1a-4b66-b5ca-1bfd5bfc655e" acquired by "nova.context.set_target_cell..get_or_set_cached_cell_and_set_connections" :: waited 0.000s inner /usr/lib/python3/dist-packages/oslo_concurrency/lockutils.py:386
2025-03-20 00:35:59.973 145748 DEBUG oslo_concurrency.lockutils [req-9f7330e1-ab65-45c7-b053-aec764f66d75 - - - - -] Lock "d707ff7e-fa1a-4b66-b5ca-1bfd5bfc655e" "released" by "nova.context.set_target_cell..get_or_set_cached_cell_and_set_connections" :: held 0.000s inner /usr/lib/python3/dist-packages/oslo_concurrency/lockutils.py:400
2025-03-20 00:36:00.970 145750 DEBUG oslo_service.periodic_task [req-0e135ad3-ea2a-4086-bd01-cf6c6d8ffc5e - - - - -] Running periodic task SchedulerManager._discover_hosts_in_cells run_periodic_tasks /usr/lib/python3/dist-packages/oslo_service/periodic_task.py:210
2025-03-20 00:36:00.974 145750 DEBUG oslo_concurrency.lockutils [req-a916014d-33f5-429c-b91d-eb607ec0a36b - - - - -] Lock "d707ff7e-fa1a-4b66-b5ca-1bfd5bfc655e" acquired by "nova.context.set_target_cell..get_or_set_cached_cell_and_set_connections" :: waited 0.000s inner /usr/lib/python3/dist-packages/oslo_concurrency/lockutils.py:386
2025-03-20 00:36:00.974 145750 DEBUG oslo_concurrency.lockutils [req-a916014d-33f5-429c-b91d-eb607ec0a36b - - - - -] Lock "d707ff7e-fa1a-4b66-b5ca-1bfd5bfc655e" "released" by "nova.context.set_target_cell..get_or_set_cached_cell_and_set_connections" :: held 0.000s inner /usr/lib/python3/dist-packages/oslo_concurrency/lockutils.py:400
2025-03-20 00:36:16.961 145749 DEBUG oslo_service.periodic_task [req-28e0edc4-c12c-4661-a211-1e51772383eb - - - - -] Running periodic task SchedulerManager._discover_hosts_in_cells run_periodic_tasks /usr/lib/python3/dist-packages/oslo_service/periodic_task.py:210
2025-03-20 00:36:16.965 145749 DEBUG oslo_concurrency.lockutils [req-46875cc8-65fc-4630-9c98-39530f2e3542 - - - - -] Lock "d707ff7e-fa1a-4b66-b5ca-1bfd5bfc655e" acquired by "nova.context.set_target_cell..get_or_set_cached_cell_and_set_connections" :: waited 0.000s inner /usr/lib/python3/dist-packages/oslo_concurrency/lockutils.py:386
2025-03-20 00:36:16.965 145749 DEBUG oslo_concurrency.lockutils [req-46875cc8-65fc-4630-9c98-39530f2e3542 - - - - -] Lock "d707ff7e-fa1a-4b66-b5ca-1bfd5bfc655e" "released" by "nova.context.set_target_cell..get_or_set_cached_cell_and_set_connections" :: held 0.000s inner /usr/lib/python3/dist-packages/oslo_concurrency/lockutils.py:400
2025-03-20 00:36:23.006 145747 DEBUG oslo_service.periodic_task [req-bd032c14-118f-4144-8121-3fc4fd09309a - - - - -] Running periodic task SchedulerManager._discover_hosts_in_cells run_periodic_tasks /usr/lib/python3/dist-packages/oslo_service/periodic_task.py:210
2025-03-20 00:36:23.010 145747 DEBUG oslo_concurrency.lockutils [req-15c51e69-f57b-4747-af84-6c6828178f5a - - - - -] Lock "d707ff7e-fa1a-4b66-b5ca-1bfd5bfc655e" acquired by "nova.context.set_target_cell..get_or_set_cached_cell_and_set_connections" :: waited 0.000s inner /usr/lib/python3/dist-packages/oslo_concurrency/lockutils.py:386
2025-03-20 00:36:23.011 145747 DEBUG oslo_concurrency.lockutils [req-15c51e69-f57b-4747-af84-6c6828178f5a - - - - -] Lock "d707ff7e-fa1a-4b66-b5ca-1bfd5bfc655e" "released" by "nova.context.set_target_cell..get_or_set_cached_cell_and_set_connections" :: held 0.000s inner /usr/lib/python3/dist-packages/oslo_concurrency/lockutils.py:400
2025-03-20 00:36:24.899 145747 DEBUG oslo_messaging._drivers.amqpdriver [-] AMQPListener connection timeout poll /usr/lib/python3/dist-packages/oslo_messaging/_drivers/amqpdriver.py:360
2025-03-20 00:36:24.899 145747 DEBUG oslo_messaging._drivers.amqpdriver [-] Listener is running poll /usr/lib/python3/dist-packages/oslo_messaging/_drivers/amqpdriver.py:343
2025-03-20 00:36:24.899 145747 DEBUG oslo_messaging._drivers.amqpdriver [-] AMQPListener connection consume poll /usr/lib/python3/dist-packages/oslo_messaging/_drivers/amqpdriver.py:357
2025-03-20 00:36:24.919 145749 DEBUG oslo_messaging._drivers.amqpdriver [-] AMQPListener connection timeout poll /usr/lib/python3/dist-packages/oslo_messaging/_drivers/amqpdriver.py:360
2025-03-20 00:36:24.920 145749 DEBUG oslo_messaging._drivers.amqpdriver [-] Listener is running poll /usr/lib/python3/dist-packages/oslo_messaging/_drivers/amqpdriver.py:343
2025-03-20 00:36:24.920 145749 DEBUG oslo_messaging._drivers.amqpdriver [-] AMQPListener connection consume poll /usr/lib/python3/dist-packages/oslo_messaging/_drivers/amqpdriver.py:357
2025-03-20 00:36:24.931 145750 DEBUG oslo_messaging._drivers.amqpdriver [-] AMQPListener connection timeout poll /usr/lib/python3/dist-packages/oslo_messaging/_drivers/amqpdriver.py:360
2025-03-20 00:36:24.931 145750 DEBUG oslo_messaging._drivers.amqpdriver [-] Listener is running poll /usr/lib/python3/dist-packages/oslo_messaging/_drivers/amqpdriver.py:343
2025-03-20 00:36:24.931 145750 DEBUG oslo_messaging._drivers.amqpdriver [-] AMQPListener connection consume poll /usr/lib/python3/dist-packages/oslo_messaging/_drivers/amqpdriver.py:357
2025-03-20 00:36:24.933 145748 DEBUG oslo_messaging._drivers.amqpdriver [-] AMQPListener connection timeout poll /usr/lib/python3/dist-packages/oslo_messaging/_drivers/amqpdriver.py:360
2025-03-20 00:36:24.934 145748 DEBUG oslo_messaging._drivers.amqpdriver [-] Listener is running poll /usr/lib/python3/dist-packages/oslo_messaging/_drivers/amqpdriver.py:343
2025-03-20 00:36:24.934 145748 DEBUG oslo_messaging._drivers.amqpdriver [-] AMQPListener connection consume poll /usr/lib/python3/dist-packages/oslo_messaging/_drivers/amqpdriver.py:357
2025-03-20 00:36:30.940 145748 DEBUG oslo_service.periodic_task [req-9f7330e1-ab65-45c7-b053-aec764f66d75 - - - - -] Running periodic task SchedulerManager._discover_hosts_in_cells run_periodic_tasks /usr/lib/python3/dist-packages/oslo_service/periodic_task.py:210
2025-03-20 00:36:30.944 145748 DEBUG oslo_concurrency.lockutils [req-4e659e2b-179a-4725-a9d3-ffe88f8f76cf - - - - -] Lock "d707ff7e-fa1a-4b66-b5ca-1bfd5bfc655e" acquired by "nova.context.set_target_cell..get_or_set_cached_cell_and_set_connections" :: waited 0.000s inner /usr/lib/python3/dist-packages/oslo_concurrency/lockutils.py:386
2025-03-20 00:36:30.945 145748 DEBUG oslo_concurrency.lockutils [req-4e659e2b-179a-4725-a9d3-ffe88f8f76cf - - - - -] Lock "d707ff7e-fa1a-4b66-b5ca-1bfd5bfc655e" "released" by "nova.context.set_target_cell..get_or_set_cached_cell_and_set_connections" :: held 0.000s inner /usr/lib/python3/dist-packages/oslo_concurrency/lockutils.py:400
2025-03-20 00:36:31.939 145750 DEBUG oslo_service.periodic_task [req-a916014d-33f5-429c-b91d-eb607ec0a36b - - - - -] Running periodic task SchedulerManager._discover_hosts_in_cells run_periodic_tasks /usr/lib/python3/dist-packages/oslo_service/periodic_task.py:210
2025-03-20 00:36:31.944 145750 DEBUG oslo_concurrency.lockutils [req-6584e6d5-2420-40a5-9346-6c2fb597f000 - - - - -] Lock "d707ff7e-fa1a-4b66-b5ca-1bfd5bfc655e" acquired by "nova.context.set_target_cell..get_or_set_cached_cell_and_set_connections" :: waited 0.000s inner /usr/lib/python3/dist-packages/oslo_concurrency/lockutils.py:386
2025-03-20 00:36:31.944 145750 DEBUG oslo_concurrency.lockutils [req-6584e6d5-2420-40a5-9346-6c2fb597f000 - - - - -] Lock "d707ff7e-fa1a-4b66-b5ca-1bfd5bfc655e" "released" by "nova.context.set_target_cell..get_or_set_cached_cell_and_set_connections" :: held 0.000s inner /usr/lib/python3/dist-packages/oslo_concurrency/lockutils.py:400
2025-03-20 00:36:34.989 145428 INFO oslo_service.service [req-73e88057-8cd1-4bce-a654-94fe331adf1e - - - - -] Caught SIGTERM, stopping children
2025-03-20 00:36:34.990 145428 DEBUG oslo_concurrency.lockutils [req-73e88057-8cd1-4bce-a654-94fe331adf1e - - - - -] Acquired lock "singleton_lock" lock /usr/lib/python3/dist-packages/oslo_concurrency/lockutils.py:294
2025-03-20 00:36:34.990 145428 DEBUG oslo_concurrency.lockutils [req-73e88057-8cd1-4bce-a654-94fe331adf1e - - - - -] Releasing lock "singleton_lock" lock /usr/lib/python3/dist-packages/oslo_concurrency/lockutils.py:312
2025-03-20 00:36:34.990 145428 DEBUG oslo_service.service [req-73e88057-8cd1-4bce-a654-94fe331adf1e - - - - -] Stop services. stop /usr/lib/python3/dist-packages/oslo_service/service.py:695
2025-03-20 00:36:34.990 145428 DEBUG oslo_service.service [req-73e88057-8cd1-4bce-a654-94fe331adf1e - - - - -] Killing children. stop /usr/lib/python3/dist-packages/oslo_service/service.py:700
2025-03-20 00:36:34.991 145428 INFO oslo_service.service [req-73e88057-8cd1-4bce-a654-94fe331adf1e - - - - -] Waiting on 4 children to exit
2025-03-20 00:36:34.996 145428 INFO oslo_service.service [req-73e88057-8cd1-4bce-a654-94fe331adf1e - - - - -] Child 145750 killed by signal 15
2025-03-20 00:36:34.997 145428 INFO oslo_service.service [req-73e88057-8cd1-4bce-a654-94fe331adf1e - - - - -] Child 145749 killed by signal 15
2025-03-20 00:36:34.998 145428 INFO oslo_service.service [req-73e88057-8cd1-4bce-a654-94fe331adf1e - - - - -] Child 145748 killed by signal 15
2025-03-20 00:36:34.999 145428 INFO oslo_service.service [req-73e88057-8cd1-4bce-a654-94fe331adf1e - - - - -] Child 145747 killed by signal 15
2025-03-20 00:36:36.608 156643 DEBUG oslo_db.sqlalchemy.engines [req-146945c0-0ff8-4bd3-b40c-0d38fd3b3ec8 - - - - -] MySQL server mode set to STRICT_TRANS_TABLES,STRICT_ALL_TABLES,NO_ZERO_IN_DATE,NO_ZERO_DATE,ERROR_FOR_DIVISION_BY_ZERO,TRADITIONAL,NO_ENGINE_SUBSTITUTION _check_effective_sql_mode /usr/lib/python3/dist-packages/oslo_db/sqlalchemy/engines.py:314
2025-03-20 00:36:36.641 156643 DEBUG nova.scheduler.host_manager [req-146945c0-0ff8-4bd3-b40c-0d38fd3b3ec8 - - - - -] Found 1 cells: d707ff7e-fa1a-4b66-b5ca-1bfd5bfc655e refresh_cells_caches /usr/lib/python3/dist-packages/nova/scheduler/host_manager.py:730
2025-03-20 00:36:36.641 156643 DEBUG nova.scheduler.host_manager [req-146945c0-0ff8-4bd3-b40c-0d38fd3b3ec8 - - - - -] Found 0 disabled cells: refresh_cells_caches /usr/lib/python3/dist-packages/nova/scheduler/host_manager.py:742
2025-03-20 00:36:36.646 156643 WARNING nova.scheduler.filters.availability_zone_filter [req-146945c0-0ff8-4bd3-b40c-0d38fd3b3ec8 - - - - -] The 'AvailabilityZoneFilter' is deprecated since the 24.0.0 (Xena) release. Since the 18.0.0 (Rocky) release, nova has supported mapping AZs to placement aggregates. The feature is enabled by the 'query_placement_for_availability_zone' config option and is now enabled by default. As such, the 'AvailabilityZoneFilter' is no longer required. Nova is currently configured to use both placement and the AvailabilityZoneFilter for AZ enforcement.
2025-03-20 00:36:36.732 156643 DEBUG nova.scheduler.host_manager [req-146945c0-0ff8-4bd3-b40c-0d38fd3b3ec8 - - - - -] START:_async_init_instance_info _async_init_instance_info /usr/lib/python3/dist-packages/nova/scheduler/host_manager.py:411
2025-03-20 00:36:36.734 156643 DEBUG oslo_concurrency.lockutils [req-57c42bb6-1e30-484e-99f7-c7a8098cc17d - - - - -] Lock "d707ff7e-fa1a-4b66-b5ca-1bfd5bfc655e" acquired by "nova.context.set_target_cell..get_or_set_cached_cell_and_set_connections" :: waited 0.000s inner /usr/lib/python3/dist-packages/oslo_concurrency/lockutils.py:386
2025-03-20 00:36:36.735 156643 DEBUG oslo_concurrency.lockutils [req-57c42bb6-1e30-484e-99f7-c7a8098cc17d - - - - -] Lock "d707ff7e-fa1a-4b66-b5ca-1bfd5bfc655e" "released" by "nova.context.set_target_cell..get_or_set_cached_cell_and_set_connections" :: held 0.001s inner /usr/lib/python3/dist-packages/oslo_concurrency/lockutils.py:400
2025-03-20 00:36:36.740 156643 DEBUG oslo_db.sqlalchemy.engines [req-57c42bb6-1e30-484e-99f7-c7a8098cc17d - - - - -] MySQL server mode set to STRICT_TRANS_TABLES,STRICT_ALL_TABLES,NO_ZERO_IN_DATE,NO_ZERO_DATE,ERROR_FOR_DIVISION_BY_ZERO,TRADITIONAL,NO_ENGINE_SUBSTITUTION _check_effective_sql_mode /usr/lib/python3/dist-packages/oslo_db/sqlalchemy/engines.py:314
