2025-03-20 00:33:52.720 35999 DEBUG oslo_service.service [-] database.retry_interval = 10 log_opt_values /usr/lib/python3/dist-packages/oslo_config/cfg.py:2609
2025-03-20 00:33:52.721 35999 DEBUG oslo_service.service [-] database.slave_connection = **** log_opt_values /usr/lib/python3/dist-packages/oslo_config/cfg.py:2609
2025-03-20 00:33:52.721 35999 DEBUG oslo_service.service [-] database.sqlite_synchronous = True log_opt_values /usr/lib/python3/dist-packages/oslo_config/cfg.py:2609
2025-03-20 00:33:52.721 35999 DEBUG oslo_service.service [-] database.use_db_reconnect = False log_opt_values /usr/lib/python3/dist-packages/oslo_config/cfg.py:2609
2025-03-20 00:33:52.721 35999 DEBUG oslo_service.service [-] oslo_messaging_metrics.metrics_buffer_size = 1000 log_opt_values /usr/lib/python3/dist-packages/oslo_config/cfg.py:2609
2025-03-20 00:33:52.721 35999 DEBUG oslo_service.service [-] oslo_messaging_metrics.metrics_enabled = False log_opt_values /usr/lib/python3/dist-packages/oslo_config/cfg.py:2609
2025-03-20 00:33:52.721 35999 DEBUG oslo_service.service [-] oslo_messaging_metrics.metrics_process_name = log_opt_values /usr/lib/python3/dist-packages/oslo_config/cfg.py:2609
2025-03-20 00:33:52.721 35999 DEBUG oslo_service.service [-] oslo_messaging_metrics.metrics_socket_file = /var/tmp/metrics_collector.sock log_opt_values /usr/lib/python3/dist-packages/oslo_config/cfg.py:2609
2025-03-20 00:33:52.721 35999 DEBUG oslo_service.service [-] oslo_messaging_metrics.metrics_thread_stop_timeout = 10 log_opt_values /usr/lib/python3/dist-packages/oslo_config/cfg.py:2609
2025-03-20 00:33:52.722 35999 DEBUG oslo_service.service [-] oslo_policy.enforce_new_defaults = False log_opt_values /usr/lib/python3/dist-packages/oslo_config/cfg.py:2609
2025-03-20 00:33:52.722 35999 DEBUG oslo_service.service [-] oslo_policy.enforce_scope = False log_opt_values /usr/lib/python3/dist-packages/oslo_config/cfg.py:2609
2025-03-20 00:33:52.722 35999 DEBUG oslo_service.service [-] oslo_policy.policy_default_rule = default log_opt_values /usr/lib/python3/dist-packages/oslo_config/cfg.py:2609
2025-03-20 00:33:52.722 35999 DEBUG oslo_service.service [-] oslo_policy.policy_dirs = ['policy.d'] log_opt_values /usr/lib/python3/dist-packages/oslo_config/cfg.py:2609
2025-03-20 00:33:52.722 35999 DEBUG oslo_service.service [-] oslo_policy.policy_file = policy.yaml log_opt_values /usr/lib/python3/dist-packages/oslo_config/cfg.py:2609
2025-03-20 00:33:52.722 35999 DEBUG oslo_service.service [-] oslo_policy.remote_content_type = application/x-www-form-urlencoded log_opt_values /usr/lib/python3/dist-packages/oslo_config/cfg.py:2609
2025-03-20 00:33:52.731 35999 DEBUG oslo_service.service [-] oslo_policy.remote_ssl_ca_crt_file = None log_opt_values /usr/lib/python3/dist-packages/oslo_config/cfg.py:2609
2025-03-20 00:33:52.731 35999 DEBUG oslo_service.service [-] oslo_policy.remote_ssl_client_crt_file = None log_opt_values /usr/lib/python3/dist-packages/oslo_config/cfg.py:2609
2025-03-20 00:33:52.731 35999 DEBUG oslo_service.service [-] oslo_policy.remote_ssl_client_key_file = None log_opt_values /usr/lib/python3/dist-packages/oslo_config/cfg.py:2609
2025-03-20 00:33:52.731 35999 DEBUG oslo_service.service [-] oslo_policy.remote_ssl_verify_server_crt = False log_opt_values /usr/lib/python3/dist-packages/oslo_config/cfg.py:2609
2025-03-20 00:33:52.731 35999 DEBUG oslo_service.service [-] trustee.auth_section = None log_opt_values /usr/lib/python3/dist-packages/oslo_config/cfg.py:2609
2025-03-20 00:33:52.732 35999 WARNING oslo_config.cfg [-] Deprecated: Option "auth_plugin" from group "trustee" is deprecated. Use option "auth_type" from group "trustee".
2025-03-20 00:33:52.732 35999 DEBUG oslo_service.service [-] trustee.auth_type = password log_opt_values /usr/lib/python3/dist-packages/oslo_config/cfg.py:2609
2025-03-20 00:33:52.732 35999 DEBUG oslo_service.service [-] oslo_versionedobjects.fatal_exception_format_errors = False log_opt_values /usr/lib/python3/dist-packages/oslo_config/cfg.py:2609
2025-03-20 00:33:52.732 35999 DEBUG oslo_service.service [-] oslo_messaging_rabbit.amqp_auto_delete = False log_opt_values /usr/lib/python3/dist-packages/oslo_config/cfg.py:2609
2025-03-20 00:33:52.732 35999 DEBUG oslo_service.service [-] oslo_messaging_rabbit.amqp_durable_queues = False log_opt_values /usr/lib/python3/dist-packages/oslo_config/cfg.py:2609
2025-03-20 00:33:52.732 35999 DEBUG oslo_service.service [-] oslo_messaging_rabbit.conn_pool_min_size = 2 log_opt_values /usr/lib/python3/dist-packages/oslo_config/cfg.py:2609
2025-03-20 00:33:52.733 35999 DEBUG oslo_service.service [-] oslo_messaging_rabbit.conn_pool_ttl = 1200 log_opt_values /usr/lib/python3/dist-packages/oslo_config/cfg.py:2609
2025-03-20 00:33:52.733 35999 DEBUG oslo_service.service [-] oslo_messaging_rabbit.direct_mandatory_flag = True log_opt_values /usr/lib/python3/dist-packages/oslo_config/cfg.py:2609
2025-03-20 00:33:52.733 35999 DEBUG oslo_service.service [-] oslo_messaging_rabbit.enable_cancel_on_failover = False log_opt_values /usr/lib/python3/dist-packages/oslo_config/cfg.py:2609
2025-03-20 00:33:52.733 35999 DEBUG oslo_service.service [-] oslo_messaging_rabbit.heartbeat_in_pthread = True log_opt_values /usr/lib/python3/dist-packages/oslo_config/cfg.py:2609
2025-03-20 00:33:52.733 35999 DEBUG oslo_service.service [-] oslo_messaging_rabbit.heartbeat_rate = 2 log_opt_values /usr/lib/python3/dist-packages/oslo_config/cfg.py:2609
2025-03-20 00:33:52.733 35999 DEBUG oslo_service.service [-] oslo_messaging_rabbit.heartbeat_timeout_threshold = 60 log_opt_values /usr/lib/python3/dist-packages/oslo_config/cfg.py:2609
2025-03-20 00:33:52.733 35999 DEBUG oslo_service.service [-] oslo_messaging_rabbit.kombu_compression = None log_opt_values /usr/lib/python3/dist-packages/oslo_config/cfg.py:2609
2025-03-20 00:33:52.733 35999 DEBUG oslo_service.service [-] oslo_messaging_rabbit.kombu_failover_strategy = round-robin log_opt_values /usr/lib/python3/dist-packages/oslo_config/cfg.py:2609
2025-03-20 00:33:52.733 35999 DEBUG oslo_service.service [-] oslo_messaging_rabbit.kombu_missing_consumer_retry_timeout = 60 log_opt_values /usr/lib/python3/dist-packages/oslo_config/cfg.py:2609
2025-03-20 00:33:52.739 35999 DEBUG oslo_service.service [-] oslo_messaging_rabbit.kombu_reconnect_delay = 1.0 log_opt_values /usr/lib/python3/dist-packages/oslo_config/cfg.py:2609
2025-03-20 00:33:52.739 35999 DEBUG oslo_service.service [-] oslo_messaging_rabbit.rabbit_ha_queues = False log_opt_values /usr/lib/python3/dist-packages/oslo_config/cfg.py:2609
2025-03-20 00:33:52.740 35999 DEBUG oslo_service.service [-] oslo_messaging_rabbit.rabbit_interval_max = 30 log_opt_values /usr/lib/python3/dist-packages/oslo_config/cfg.py:2609
2025-03-20 00:33:52.740 35999 DEBUG oslo_service.service [-] oslo_messaging_rabbit.rabbit_login_method = AMQPLAIN log_opt_values /usr/lib/python3/dist-packages/oslo_config/cfg.py:2609
2025-03-20 00:33:52.740 35999 DEBUG oslo_service.service [-] oslo_messaging_rabbit.rabbit_qos_prefetch_count = 0 log_opt_values /usr/lib/python3/dist-packages/oslo_config/cfg.py:2609
2025-03-20 00:33:52.740 35999 DEBUG oslo_service.service [-] oslo_messaging_rabbit.rabbit_quorum_queue = False log_opt_values /usr/lib/python3/dist-packages/oslo_config/cfg.py:2609
2025-03-20 00:33:52.740 35999 DEBUG oslo_service.service [-] oslo_messaging_rabbit.rabbit_retry_backoff = 2 log_opt_values /usr/lib/python3/dist-packages/oslo_config/cfg.py:2609
2025-03-20 00:33:52.740 35999 DEBUG oslo_service.service [-] oslo_messaging_rabbit.rabbit_retry_interval = 1 log_opt_values /usr/lib/python3/dist-packages/oslo_config/cfg.py:2609
2025-03-20 00:33:52.740 35999 DEBUG oslo_service.service [-] oslo_messaging_rabbit.rabbit_transient_queues_ttl = 1800 log_opt_values /usr/lib/python3/dist-packages/oslo_config/cfg.py:2609
2025-03-20 00:33:52.741 35999 DEBUG oslo_service.service [-] oslo_messaging_rabbit.rpc_conn_pool_size = 30 log_opt_values /usr/lib/python3/dist-packages/oslo_config/cfg.py:2609
2025-03-20 00:33:52.741 35999 DEBUG oslo_service.service [-] oslo_messaging_rabbit.ssl = False log_opt_values /usr/lib/python3/dist-packages/oslo_config/cfg.py:2609
2025-03-20 00:33:52.741 35999 DEBUG oslo_service.service [-] oslo_messaging_rabbit.ssl_ca_file = log_opt_values /usr/lib/python3/dist-packages/oslo_config/cfg.py:2609
2025-03-20 00:33:52.741 35999 DEBUG oslo_service.service [-] oslo_messaging_rabbit.ssl_cert_file = log_opt_values /usr/lib/python3/dist-packages/oslo_config/cfg.py:2609
2025-03-20 00:33:52.744 35999 DEBUG oslo_service.service [-] oslo_messaging_rabbit.ssl_key_file = log_opt_values /usr/lib/python3/dist-packages/oslo_config/cfg.py:2609
2025-03-20 00:33:52.744 36215 DEBUG oslo_db.sqlalchemy.engines [req-2bf5c05b-ec28-476b-917a-bb9cf757b743 - - - - -] MySQL server mode set to STRICT_TRANS_TABLES,STRICT_ALL_TABLES,NO_ZERO_IN_DATE,NO_ZERO_DATE,ERROR_FOR_DIVISION_BY_ZERO,TRADITIONAL,NO_ENGINE_SUBSTITUTION _check_effective_sql_mode /usr/lib/python3/dist-packages/oslo_db/sqlalchemy/engines.py:314
2025-03-20 00:33:52.744 35999 DEBUG oslo_service.service [-] oslo_messaging_rabbit.ssl_version = log_opt_values /usr/lib/python3/dist-packages/oslo_config/cfg.py:2609
2025-03-20 00:33:52.744 35999 DEBUG oslo_service.service [-] oslo_messaging_notifications.driver = [] log_opt_values /usr/lib/python3/dist-packages/oslo_config/cfg.py:2609
2025-03-20 00:33:52.744 35999 DEBUG oslo_service.service [-] oslo_messaging_notifications.retry = -1 log_opt_values /usr/lib/python3/dist-packages/oslo_config/cfg.py:2609
2025-03-20 00:33:52.745 35999 DEBUG oslo_service.service [-] oslo_messaging_notifications.topics = ['notifications'] log_opt_values /usr/lib/python3/dist-packages/oslo_config/cfg.py:2609
2025-03-20 00:33:52.746 35999 DEBUG oslo_service.service [-] oslo_messaging_notifications.transport_url = **** log_opt_values /usr/lib/python3/dist-packages/oslo_config/cfg.py:2609
2025-03-20 00:33:52.746 35999 DEBUG oslo_service.service [-] cache.backend = dogpile.cache.null log_opt_values /usr/lib/python3/dist-packages/oslo_config/cfg.py:2609
2025-03-20 00:33:52.746 35999 DEBUG oslo_service.service [-] cache.backend_argument = **** log_opt_values /usr/lib/python3/dist-packages/oslo_config/cfg.py:2609
2025-03-20 00:33:52.746 35999 DEBUG oslo_service.service [-] cache.config_prefix = cache.oslo log_opt_values /usr/lib/python3/dist-packages/oslo_config/cfg.py:2609
2025-03-20 00:33:52.746 35999 DEBUG oslo_service.service [-] cache.debug_cache_backend = False log_opt_values /usr/lib/python3/dist-packages/oslo_config/cfg.py:2609
2025-03-20 00:33:52.746 35999 DEBUG oslo_service.service [-] cache.enabled = False log_opt_values /usr/lib/python3/dist-packages/oslo_config/cfg.py:2609
2025-03-20 00:33:52.746 35999 DEBUG oslo_service.service [-] cache.expiration_time = 600 log_opt_values /usr/lib/python3/dist-packages/oslo_config/cfg.py:2609
2025-03-20 00:33:52.747 35999 DEBUG oslo_service.service [-] cache.memcache_dead_retry = 300 log_opt_values /usr/lib/python3/dist-packages/oslo_config/cfg.py:2609
2025-03-20 00:33:52.747 35999 DEBUG oslo_service.service [-] cache.memcache_pool_connection_get_timeout = 10 log_opt_values /usr/lib/python3/dist-packages/oslo_config/cfg.py:2609
2025-03-20 00:33:52.747 35999 DEBUG oslo_service.service [-] cache.memcache_pool_flush_on_reconnect = False log_opt_values /usr/lib/python3/dist-packages/oslo_config/cfg.py:2609
2025-03-20 00:33:52.747 35999 DEBUG oslo_service.service [-] cache.memcache_pool_maxsize = 10 log_opt_values /usr/lib/python3/dist-packages/oslo_config/cfg.py:2609
2025-03-20 00:33:52.747 35999 DEBUG oslo_service.service [-] cache.memcache_pool_unused_timeout = 60 log_opt_values /usr/lib/python3/dist-packages/oslo_config/cfg.py:2609
2025-03-20 00:33:52.747 35999 DEBUG oslo_service.service [-] cache.memcache_servers = ['localhost:11211'] log_opt_values /usr/lib/python3/dist-packages/oslo_config/cfg.py:2609
2025-03-20 00:33:52.747 35999 DEBUG oslo_service.service [-] cache.memcache_socket_timeout = 1.0 log_opt_values /usr/lib/python3/dist-packages/oslo_config/cfg.py:2609
2025-03-20 00:33:52.747 35999 DEBUG oslo_service.service [-] cache.proxies = [] log_opt_values /usr/lib/python3/dist-packages/oslo_config/cfg.py:2609
2025-03-20 00:33:52.747 35999 DEBUG oslo_service.service [-] cache.tls_allowed_ciphers = None log_opt_values /usr/lib/python3/dist-packages/oslo_config/cfg.py:2609
2025-03-20 00:33:52.748 35999 DEBUG oslo_service.service [-] cache.tls_cafile = None log_opt_values /usr/lib/python3/dist-packages/oslo_config/cfg.py:2609
2025-03-20 00:33:52.748 35999 DEBUG oslo_service.service [-] cache.tls_certfile = None log_opt_values /usr/lib/python3/dist-packages/oslo_config/cfg.py:2609
2025-03-20 00:33:52.748 35999 DEBUG oslo_service.service [-] cache.tls_enabled = False log_opt_values /usr/lib/python3/dist-packages/oslo_config/cfg.py:2609
2025-03-20 00:33:52.748 35999 DEBUG oslo_service.service [-] cache.tls_keyfile = None log_opt_values /usr/lib/python3/dist-packages/oslo_config/cfg.py:2609
2025-03-20 00:33:52.748 35999 DEBUG oslo_service.service [-] constraint_validation_cache.caching = True log_opt_values /usr/lib/python3/dist-packages/oslo_config/cfg.py:2609
2025-03-20 00:33:52.748 35999 DEBUG oslo_service.service [-] constraint_validation_cache.expiration_time = 60 log_opt_values /usr/lib/python3/dist-packages/oslo_config/cfg.py:2609
2025-03-20 00:33:52.748 35999 DEBUG oslo_service.service [-] service_extension_cache.caching = True log_opt_values /usr/lib/python3/dist-packages/oslo_config/cfg.py:2609
2025-03-20 00:33:52.748 35999 DEBUG oslo_service.service [-] service_extension_cache.expiration_time = 3600 log_opt_values /usr/lib/python3/dist-packages/oslo_config/cfg.py:2609
2025-03-20 00:33:52.748 35999 DEBUG oslo_service.service [-] resource_finder_cache.caching = True log_opt_values /usr/lib/python3/dist-packages/oslo_config/cfg.py:2609
2025-03-20 00:33:52.749 35999 DEBUG oslo_service.service [-] resource_finder_cache.expiration_time = 3600 log_opt_values /usr/lib/python3/dist-packages/oslo_config/cfg.py:2609
2025-03-20 00:33:52.749 35999 DEBUG oslo_service.service [-] yaql.limit_iterators = 200 log_opt_values /usr/lib/python3/dist-packages/oslo_config/cfg.py:2609
2025-03-20 00:33:52.749 35999 DEBUG oslo_service.service [-] yaql.memory_quota = 10000 log_opt_values /usr/lib/python3/dist-packages/oslo_config/cfg.py:2609
2025-03-20 00:33:52.749 35999 DEBUG oslo_service.service [-] ******************************************************************************** log_opt_values /usr/lib/python3/dist-packages/oslo_config/cfg.py:2613
2025-03-20 00:33:52.770 36217 DEBUG oslo_db.sqlalchemy.engines [req-d8e1c58f-af9f-413d-b742-a4144de6f254 - - - - -] MySQL server mode set to STRICT_TRANS_TABLES,STRICT_ALL_TABLES,NO_ZERO_IN_DATE,NO_ZERO_DATE,ERROR_FOR_DIVISION_BY_ZERO,TRADITIONAL,NO_ENGINE_SUBSTITUTION _check_effective_sql_mode /usr/lib/python3/dist-packages/oslo_db/sqlalchemy/engines.py:314
2025-03-20 00:33:52.834 36218 DEBUG heat.engine.service [req-78510140-937c-44f6-a17f-b37e1c335680 - - - - -] Service fb99deaf-c941-49a1-9b54-b3f3579a0e7c is started service_manage_report /usr/lib/python3/dist-packages/heat/engine/service.py:2363
2025-03-20 00:33:52.852 36216 DEBUG heat.engine.service [req-cd3d45cf-1b3d-47d8-bede-2770fca136fb - - - - -] Service 114c3ae3-2e36-4fe9-92eb-94e4d8a36a0e is started service_manage_report /usr/lib/python3/dist-packages/heat/engine/service.py:2363
2025-03-20 00:33:52.870 36218 DEBUG heat.engine.service [req-78510140-937c-44f6-a17f-b37e1c335680 - - - - -] Service fb99deaf-c941-49a1-9b54-b3f3579a0e7c is updated service_manage_report /usr/lib/python3/dist-packages/heat/engine/service.py:2370
2025-03-20 00:33:52.885 36215 DEBUG heat.engine.service [req-bc13bb2d-5ed0-4bfd-9e90-3a21ae4c976f - - - - -] Service 66af2359-7b33-4930-b95e-a513b82389d6 is started service_manage_report /usr/lib/python3/dist-packages/heat/engine/service.py:2363
2025-03-20 00:33:52.888 36216 DEBUG heat.engine.service [req-cd3d45cf-1b3d-47d8-bede-2770fca136fb - - - - -] Service 114c3ae3-2e36-4fe9-92eb-94e4d8a36a0e is updated service_manage_report /usr/lib/python3/dist-packages/heat/engine/service.py:2370
2025-03-20 00:33:52.896 36217 DEBUG heat.engine.service [req-2a3b94dc-26a1-44ec-a040-ca9d48cb1dfc - - - - -] Service e5c70954-5d6c-4f53-95e5-2be7bdc1b8eb is started service_manage_report /usr/lib/python3/dist-packages/heat/engine/service.py:2363
2025-03-20 00:33:52.919 36217 DEBUG heat.engine.service [req-2a3b94dc-26a1-44ec-a040-ca9d48cb1dfc - - - - -] Service e5c70954-5d6c-4f53-95e5-2be7bdc1b8eb is updated service_manage_report /usr/lib/python3/dist-packages/heat/engine/service.py:2370
2025-03-20 00:33:52.921 36215 DEBUG heat.engine.service [req-bc13bb2d-5ed0-4bfd-9e90-3a21ae4c976f - - - - -] Service 66af2359-7b33-4930-b95e-a513b82389d6 is updated service_manage_report /usr/lib/python3/dist-packages/heat/engine/service.py:2370
2025-03-20 00:34:52.819 36216 DEBUG heat.engine.service [req-55c3b7d6-421f-4965-8f05-f9e2e8162cfb - - - - -] Service 114c3ae3-2e36-4fe9-92eb-94e4d8a36a0e is updated service_manage_report /usr/lib/python3/dist-packages/heat/engine/service.py:2370
2025-03-20 00:34:52.824 36218 DEBUG heat.engine.service [req-7dcd597d-a448-47c7-ba16-8e8d46eeed0b - - - - -] Service fb99deaf-c941-49a1-9b54-b3f3579a0e7c is updated service_manage_report /usr/lib/python3/dist-packages/heat/engine/service.py:2370
2025-03-20 00:34:52.865 36217 DEBUG heat.engine.service [req-d33cafa7-7d82-4420-ab47-a5d612da1435 - - - - -] Service e5c70954-5d6c-4f53-95e5-2be7bdc1b8eb is updated service_manage_report /usr/lib/python3/dist-packages/heat/engine/service.py:2370
2025-03-20 00:34:52.873 36215 DEBUG heat.engine.service [req-55485d9f-4551-4b28-9583-b2e5e90c47bd - - - - -] Service 66af2359-7b33-4930-b95e-a513b82389d6 is updated service_manage_report /usr/lib/python3/dist-packages/heat/engine/service.py:2370
2025-03-20 00:35:52.816 36216 DEBUG heat.engine.service [req-dcdaf4e7-2bf3-4812-8acc-4f4ec71d69f6 - - - - -] Service 114c3ae3-2e36-4fe9-92eb-94e4d8a36a0e is updated service_manage_report /usr/lib/python3/dist-packages/heat/engine/service.py:2370
2025-03-20 00:35:52.828 36218 DEBUG heat.engine.service [req-76b4987c-aac1-4a93-a519-d3c6ef3ae8c3 - - - - -] Service fb99deaf-c941-49a1-9b54-b3f3579a0e7c is updated service_manage_report /usr/lib/python3/dist-packages/heat/engine/service.py:2370
2025-03-20 00:35:52.859 36217 DEBUG heat.engine.service [req-b925a268-3c59-4a45-89d5-cd7cea1325e8 - - - - -] Service e5c70954-5d6c-4f53-95e5-2be7bdc1b8eb is updated service_manage_report /usr/lib/python3/dist-packages/heat/engine/service.py:2370
2025-03-20 00:35:52.866 36215 DEBUG heat.engine.service [req-928b54db-ed2c-4d46-9951-845505f25536 - - - - -] Service 66af2359-7b33-4930-b95e-a513b82389d6 is updated service_manage_report /usr/lib/python3/dist-packages/heat/engine/service.py:2370
2025-03-20 00:36:52.814 36216 DEBUG heat.engine.service [req-1d8a01eb-2fe7-4614-bada-849976a26826 - - - - -] Service 114c3ae3-2e36-4fe9-92eb-94e4d8a36a0e is updated service_manage_report /usr/lib/python3/dist-packages/heat/engine/service.py:2370
2025-03-20 00:36:52.837 36218 DEBUG heat.engine.service [req-69306bde-1da2-44d9-91e5-08797a5488c1 - - - - -] Service fb99deaf-c941-49a1-9b54-b3f3579a0e7c is updated service_manage_report /usr/lib/python3/dist-packages/heat/engine/service.py:2370
2025-03-20 00:36:52.870 36217 DEBUG heat.engine.service [req-48c2b2dc-b319-4ebd-b1cd-5334456e42f4 - - - - -] Service e5c70954-5d6c-4f53-95e5-2be7bdc1b8eb is updated service_manage_report /usr/lib/python3/dist-packages/heat/engine/service.py:2370
2025-03-20 00:36:52.876 36215 DEBUG heat.engine.service [req-39e9ceab-7f74-4618-a6cb-f771e32c53f3 - - - - -] Service 66af2359-7b33-4930-b95e-a513b82389d6 is updated service_manage_report /usr/lib/python3/dist-packages/heat/engine/service.py:2370
2025-03-20 00:37:52.809 36216 DEBUG heat.engine.service [req-e47e5f9c-03c3-4e19-8b91-f0db43b672fb - - - - -] Service 114c3ae3-2e36-4fe9-92eb-94e4d8a36a0e is updated service_manage_report /usr/lib/python3/dist-packages/heat/engine/service.py:2370
2025-03-20 00:37:52.834 36218 DEBUG heat.engine.service [req-92b1e41e-45b4-4475-8ffe-a539500dd2cd - - - - -] Service fb99deaf-c941-49a1-9b54-b3f3579a0e7c is updated service_manage_report /usr/lib/python3/dist-packages/heat/engine/service.py:2370
2025-03-20 00:37:52.870 36217 DEBUG heat.engine.service [req-3ecebfba-954e-4b7a-ad5f-a9e1c2b3d5cc - - - - -] Service e5c70954-5d6c-4f53-95e5-2be7bdc1b8eb is updated service_manage_report /usr/lib/python3/dist-packages/heat/engine/service.py:2370
2025-03-20 00:37:52.872 36215 DEBUG heat.engine.service [req-66420362-1399-4699-918b-2c0864f88c79 - - - - -] Service 66af2359-7b33-4930-b95e-a513b82389d6 is updated service_manage_report /usr/lib/python3/dist-packages/heat/engine/service.py:2370
2025-03-20 00:38:52.837 36216 DEBUG heat.engine.service [req-a0f6ab14-74aa-4548-ab7b-80b69dfac76c - - - - -] Service 114c3ae3-2e36-4fe9-92eb-94e4d8a36a0e is updated service_manage_report /usr/lib/python3/dist-packages/heat/engine/service.py:2370
2025-03-20 00:38:52.842 36218 DEBUG heat.engine.service [req-a737cff0-22f9-4eb8-ba70-44368167750e - - - - -] Service fb99deaf-c941-49a1-9b54-b3f3579a0e7c is updated service_manage_report /usr/lib/python3/dist-packages/heat/engine/service.py:2370
2025-03-20 00:38:52.885 36217 DEBUG heat.engine.service [req-b65ce7b6-f6b2-4601-aff1-02d47d32c1e7 - - - - -] Service e5c70954-5d6c-4f53-95e5-2be7bdc1b8eb is updated service_manage_report /usr/lib/python3/dist-packages/heat/engine/service.py:2370
2025-03-20 00:38:52.888 36215 DEBUG heat.engine.service [req-ec47150f-78f5-4d80-8050-fcf521bf822a - - - - -] Service 66af2359-7b33-4930-b95e-a513b82389d6 is updated service_manage_report /usr/lib/python3/dist-packages/heat/engine/service.py:2370
2025-03-20 00:39:52.813 36216 DEBUG heat.engine.service [req-1a003e39-3c52-427d-aaea-6dcaa12c0df7 - - - - -] Service 114c3ae3-2e36-4fe9-92eb-94e4d8a36a0e is updated service_manage_report /usr/lib/python3/dist-packages/heat/engine/service.py:2370
2025-03-20 00:39:52.826 36218 DEBUG heat.engine.service [req-ad4cfa8c-2a75-41f9-ba09-d0065cdcd6ca - - - - -] Service fb99deaf-c941-49a1-9b54-b3f3579a0e7c is updated service_manage_report /usr/lib/python3/dist-packages/heat/engine/service.py:2370
2025-03-20 00:39:52.872 36217 DEBUG heat.engine.service [req-5d1b5989-7c2f-42f5-a8ef-b6b77faf1331 - - - - -] Service e5c70954-5d6c-4f53-95e5-2be7bdc1b8eb is updated service_manage_report /usr/lib/python3/dist-packages/heat/engine/service.py:2370
2025-03-20 00:39:52.882 36215 DEBUG heat.engine.service [req-09d79801-a57f-42ce-a2a1-eb814c85454b - - - - -] Service 66af2359-7b33-4930-b95e-a513b82389d6 is updated service_manage_report /usr/lib/python3/dist-packages/heat/engine/service.py:2370
2025-03-20 00:40:52.809 36216 DEBUG heat.engine.service [req-e3b4cb06-c723-4a42-8005-f05796cb64d1 - - - - -] Service 114c3ae3-2e36-4fe9-92eb-94e4d8a36a0e is updated service_manage_report /usr/lib/python3/dist-packages/heat/engine/service.py:2370
2025-03-20 00:40:52.831 36218 DEBUG heat.engine.service [req-884ba076-f4e9-44a8-a53e-418a0666c42f - - - - -] Service fb99deaf-c941-49a1-9b54-b3f3579a0e7c is updated service_manage_report /usr/lib/python3/dist-packages/heat/engine/service.py:2370
2025-03-20 00:40:52.868 36217 DEBUG heat.engine.service [req-c67c40d3-3bef-4d8b-854c-f45dfa078ff1 - - - - -] Service e5c70954-5d6c-4f53-95e5-2be7bdc1b8eb is updated service_manage_report /usr/lib/python3/dist-packages/heat/engine/service.py:2370
2025-03-20 00:40:52.885 36215 DEBUG heat.engine.service [req-4e0fe3ac-9406-4b90-969e-5dfc3c546209 - - - - -] Service 66af2359-7b33-4930-b95e-a513b82389d6 is updated service_manage_report /usr/lib/python3/dist-packages/heat/engine/service.py:2370
2025-03-20 00:41:52.812 36216 DEBUG heat.engine.service [req-06a96b5f-a745-4fd7-98f1-081775c653ea - - - - -] Service 114c3ae3-2e36-4fe9-92eb-94e4d8a36a0e is updated service_manage_report /usr/lib/python3/dist-packages/heat/engine/service.py:2370
2025-03-20 00:41:52.834 36218 DEBUG heat.engine.service [req-a1d82116-6e39-4081-97b5-634003047003 - - - - -] Service fb99deaf-c941-49a1-9b54-b3f3579a0e7c is updated service_manage_report /usr/lib/python3/dist-packages/heat/engine/service.py:2370
2025-03-20 00:41:52.862 36217 DEBUG heat.engine.service [req-0a6e2c9b-1cff-4860-af35-a11c8e428279 - - - - -] Service e5c70954-5d6c-4f53-95e5-2be7bdc1b8eb is updated service_manage_report /usr/lib/python3/dist-packages/heat/engine/service.py:2370
2025-03-20 00:41:52.888 36215 DEBUG heat.engine.service [req-bb32f482-b055-477f-a32e-0bf78f7ed8b5 - - - - -] Service 66af2359-7b33-4930-b95e-a513b82389d6 is updated service_manage_report /usr/lib/python3/dist-packages/heat/engine/service.py:2370
2025-03-20 00:42:52.817 36216 DEBUG heat.engine.service [req-5dc4e43d-8090-4b5e-be92-694412b9a755 - - - - -] Service 114c3ae3-2e36-4fe9-92eb-94e4d8a36a0e is updated service_manage_report /usr/lib/python3/dist-packages/heat/engine/service.py:2370
2025-03-20 00:42:52.839 36218 DEBUG heat.engine.service [req-d4f7a9a2-c496-4f6b-aa10-2cc08c199a0f - - - - -] Service fb99deaf-c941-49a1-9b54-b3f3579a0e7c is updated service_manage_report /usr/lib/python3/dist-packages/heat/engine/service.py:2370
2025-03-20 00:42:52.867 36217 DEBUG heat.engine.service [req-72101692-ab57-45f0-adba-c4d3a744d964 - - - - -] Service e5c70954-5d6c-4f53-95e5-2be7bdc1b8eb is updated service_manage_report /usr/lib/python3/dist-packages/heat/engine/service.py:2370
2025-03-20 00:42:52.898 36215 DEBUG heat.engine.service [req-6603dc0b-77c5-4568-9cb5-f65466c305ad - - - - -] Service 66af2359-7b33-4930-b95e-a513b82389d6 is updated service_manage_report /usr/lib/python3/dist-packages/heat/engine/service.py:2370
2025-03-20 00:43:52.821 36216 DEBUG heat.engine.service [req-8626881d-ca1d-4d0e-bf3d-8f3da9f029f3 - - - - -] Service 114c3ae3-2e36-4fe9-92eb-94e4d8a36a0e is updated service_manage_report /usr/lib/python3/dist-packages/heat/engine/service.py:2370
2025-03-20 00:43:52.845 36218 DEBUG heat.engine.service [req-553d046b-3859-46cd-bef9-561bcf171ef3 - - - - -] Service fb99deaf-c941-49a1-9b54-b3f3579a0e7c is updated service_manage_report /usr/lib/python3/dist-packages/heat/engine/service.py:2370
2025-03-20 00:43:52.871 36217 DEBUG heat.engine.service [req-bb25ac1f-7a67-4536-b67d-3446632f96af - - - - -] Service e5c70954-5d6c-4f53-95e5-2be7bdc1b8eb is updated service_manage_report /usr/lib/python3/dist-packages/heat/engine/service.py:2370
2025-03-20 00:43:52.892 36215 DEBUG heat.engine.service [req-86e1edeb-cfdd-406c-ae83-03bf09a7f3b5 - - - - -] Service 66af2359-7b33-4930-b95e-a513b82389d6 is updated service_manage_report /usr/lib/python3/dist-packages/heat/engine/service.py:2370
2025-03-20 00:44:52.825 36216 DEBUG heat.engine.service [req-0184cf71-b2b9-4271-a980-c7552ec128c2 - - - - -] Service 114c3ae3-2e36-4fe9-92eb-94e4d8a36a0e is updated service_manage_report /usr/lib/python3/dist-packages/heat/engine/service.py:2370
2025-03-20 00:44:52.838 36218 DEBUG heat.engine.service [req-9cc64a16-96ee-4db2-a926-693876c9cc89 - - - - -] Service fb99deaf-c941-49a1-9b54-b3f3579a0e7c is updated service_manage_report /usr/lib/python3/dist-packages/heat/engine/service.py:2370
2025-03-20 00:44:52.876 36217 DEBUG heat.engine.service [req-f09eff5b-6c33-44e1-a323-f612db6769ad - - - - -] Service e5c70954-5d6c-4f53-95e5-2be7bdc1b8eb is updated service_manage_report /usr/lib/python3/dist-packages/heat/engine/service.py:2370
2025-03-20 00:44:52.896 36215 DEBUG heat.engine.service [req-0ff2104e-3ca0-47d8-9bb1-ba81bad1904d - - - - -] Service 66af2359-7b33-4930-b95e-a513b82389d6 is updated service_manage_report /usr/lib/python3/dist-packages/heat/engine/service.py:2370
2025-03-20 00:45:52.830 36216 DEBUG heat.engine.service [req-530c5ada-2428-4d42-9e1a-00985640757e - - - - -] Service 114c3ae3-2e36-4fe9-92eb-94e4d8a36a0e is updated service_manage_report /usr/lib/python3/dist-packages/heat/engine/service.py:2370
2025-03-20 00:45:52.842 36218 DEBUG heat.engine.service [req-ced0e789-dc3d-4eb4-bc26-a5ac567e28ff - - - - -] Service fb99deaf-c941-49a1-9b54-b3f3579a0e7c is updated service_manage_report /usr/lib/python3/dist-packages/heat/engine/service.py:2370
2025-03-20 00:45:52.880 36217 DEBUG heat.engine.service [req-82f9f064-c182-4c58-a49c-5345ec18ccfd - - - - -] Service e5c70954-5d6c-4f53-95e5-2be7bdc1b8eb is updated service_manage_report /usr/lib/python3/dist-packages/heat/engine/service.py:2370
2025-03-20 00:45:52.902 36215 DEBUG heat.engine.service [req-c0d3a691-eaf0-468c-bc38-546726163c89 - - - - -] Service 66af2359-7b33-4930-b95e-a513b82389d6 is updated service_manage_report /usr/lib/python3/dist-packages/heat/engine/service.py:2370
2025-03-20 00:46:52.834 36216 DEBUG heat.engine.service [req-ccbab207-c0f4-4094-aab0-0978aea0df4b - - - - -] Service 114c3ae3-2e36-4fe9-92eb-94e4d8a36a0e is updated service_manage_report /usr/lib/python3/dist-packages/heat/engine/service.py:2370
2025-03-20 00:46:52.845 36218 DEBUG heat.engine.service [req-ed3c1616-6d85-48cb-b598-c5ebf889aa8a - - - - -] Service fb99deaf-c941-49a1-9b54-b3f3579a0e7c is updated service_manage_report /usr/lib/python3/dist-packages/heat/engine/service.py:2370
2025-03-20 00:46:52.885 36217 DEBUG heat.engine.service [req-67b680a5-d30c-4f4b-8db8-70a8cf0e0bcf - - - - -] Service e5c70954-5d6c-4f53-95e5-2be7bdc1b8eb is updated service_manage_report /usr/lib/python3/dist-packages/heat/engine/service.py:2370
2025-03-20 00:46:52.906 36215 DEBUG heat.engine.service [req-27af7b80-b3fa-49ad-bb02-3a47d1b65cfa - - - - -] Service 66af2359-7b33-4930-b95e-a513b82389d6 is updated service_manage_report /usr/lib/python3/dist-packages/heat/engine/service.py:2370
2025-03-20 00:47:52.838 36216 DEBUG heat.engine.service [req-1b61bdad-35a6-4c08-b113-3003d5e51f6e - - - - -] Service 114c3ae3-2e36-4fe9-92eb-94e4d8a36a0e is updated service_manage_report /usr/lib/python3/dist-packages/heat/engine/service.py:2370
2025-03-20 00:47:52.851 36218 DEBUG heat.engine.service [req-8f9aec41-d576-443a-a312-e7ff2fdfe0ed - - - - -] Service fb99deaf-c941-49a1-9b54-b3f3579a0e7c is updated service_manage_report /usr/lib/python3/dist-packages/heat/engine/service.py:2370
2025-03-20 00:47:52.889 36217 DEBUG heat.engine.service [req-4942789c-e5ee-439f-9bf8-4c59709e6132 - - - - -] Service e5c70954-5d6c-4f53-95e5-2be7bdc1b8eb is updated service_manage_report /usr/lib/python3/dist-packages/heat/engine/service.py:2370
2025-03-20 00:47:52.910 36215 DEBUG heat.engine.service [req-fe42e4a3-de83-4715-9fbb-f31bc1ffcedf - - - - -] Service 66af2359-7b33-4930-b95e-a513b82389d6 is updated service_manage_report /usr/lib/python3/dist-packages/heat/engine/service.py:2370
2025-03-20 00:48:52.841 36216 DEBUG heat.engine.service [req-e4db99d6-92ba-4439-8b21-eabff5687097 - - - - -] Service 114c3ae3-2e36-4fe9-92eb-94e4d8a36a0e is updated service_manage_report /usr/lib/python3/dist-packages/heat/engine/service.py:2370
2025-03-20 00:48:52.857 36218 DEBUG heat.engine.service [req-e99a160a-ae1c-4234-9b4b-3b1c59f8a4ad - - - - -] Service fb99deaf-c941-49a1-9b54-b3f3579a0e7c is updated service_manage_report /usr/lib/python3/dist-packages/heat/engine/service.py:2370
2025-03-20 00:48:52.893 36217 DEBUG heat.engine.service [req-cd4e99ae-adbd-41b3-89c6-517628fb448a - - - - -] Service e5c70954-5d6c-4f53-95e5-2be7bdc1b8eb is updated service_manage_report /usr/lib/python3/dist-packages/heat/engine/service.py:2370
2025-03-20 00:48:52.914 36215 DEBUG heat.engine.service [req-2205b843-8a17-4517-a2e8-4c03eefa44df - - - - -] Service 66af2359-7b33-4930-b95e-a513b82389d6 is updated service_manage_report /usr/lib/python3/dist-packages/heat/engine/service.py:2370
2025-03-20 00:49:52.846 36216 DEBUG heat.engine.service [req-67348015-7a22-4d2b-93b5-a601964e8038 - - - - -] Service 114c3ae3-2e36-4fe9-92eb-94e4d8a36a0e is updated service_manage_report /usr/lib/python3/dist-packages/heat/engine/service.py:2370
2025-03-20 00:49:52.854 36218 DEBUG heat.engine.service [req-ef0f8649-2310-49d3-b533-84c790146719 - - - - -] Service fb99deaf-c941-49a1-9b54-b3f3579a0e7c is updated service_manage_report /usr/lib/python3/dist-packages/heat/engine/service.py:2370
2025-03-20 00:49:52.898 36217 DEBUG heat.engine.service [req-60d85a0e-20df-488f-bfec-f82f6bfa61ad - - - - -] Service e5c70954-5d6c-4f53-95e5-2be7bdc1b8eb is updated service_manage_report /usr/lib/python3/dist-packages/heat/engine/service.py:2370
2025-03-20 00:49:52.920 36215 DEBUG heat.engine.service [req-0bd6e5ad-5809-4e8c-a681-548200a6ee98 - - - - -] Service 66af2359-7b33-4930-b95e-a513b82389d6 is updated service_manage_report /usr/lib/python3/dist-packages/heat/engine/service.py:2370
2025-03-20 00:50:52.849 36218 DEBUG heat.engine.service [req-6c2ec1a0-3035-428d-8e4e-edf228dade5d - - - - -] Service fb99deaf-c941-49a1-9b54-b3f3579a0e7c is updated service_manage_report /usr/lib/python3/dist-packages/heat/engine/service.py:2370
2025-03-20 00:50:52.853 36216 DEBUG heat.engine.service [req-8764db8f-a8bf-45d5-94a9-d3ab59a8621c - - - - -] Service 114c3ae3-2e36-4fe9-92eb-94e4d8a36a0e is updated service_manage_report /usr/lib/python3/dist-packages/heat/engine/service.py:2370
2025-03-20 00:50:52.904 36217 DEBUG heat.engine.service [req-01b28131-2584-4bcc-85fe-6067ea875174 - - - - -] Service e5c70954-5d6c-4f53-95e5-2be7bdc1b8eb is updated service_manage_report /usr/lib/python3/dist-packages/heat/engine/service.py:2370
2025-03-20 00:50:52.913 36215 DEBUG heat.engine.service [req-2f2bc7e6-ffd2-4c3b-a119-581ff8c8eef3 - - - - -] Service 66af2359-7b33-4930-b95e-a513b82389d6 is updated service_manage_report /usr/lib/python3/dist-packages/heat/engine/service.py:2370
2025-03-20 00:51:52.858 36218 DEBUG heat.engine.service [req-b629a97d-b139-44b3-871b-2245068a81a9 - - - - -] Service fb99deaf-c941-49a1-9b54-b3f3579a0e7c is updated service_manage_report /usr/lib/python3/dist-packages/heat/engine/service.py:2370
2025-03-20 00:51:52.862 36216 DEBUG heat.engine.service [req-d9271342-4f0b-4950-8d39-34499bef4b1d - - - - -] Service 114c3ae3-2e36-4fe9-92eb-94e4d8a36a0e is updated service_manage_report /usr/lib/python3/dist-packages/heat/engine/service.py:2370
2025-03-20 00:51:52.899 36217 DEBUG heat.engine.service [req-6ea96a18-b5a1-4943-8ff5-3bdd57cdaae9 - - - - -] Service e5c70954-5d6c-4f53-95e5-2be7bdc1b8eb is updated service_manage_report /usr/lib/python3/dist-packages/heat/engine/service.py:2370
2025-03-20 00:51:52.916 36215 DEBUG heat.engine.service [req-758c6a19-9bc6-4a89-9f06-876bccc5faec - - - - -] Service 66af2359-7b33-4930-b95e-a513b82389d6 is updated service_manage_report /usr/lib/python3/dist-packages/heat/engine/service.py:2370
2025-03-20 00:52:52.853 36218 DEBUG heat.engine.service [req-1a30148e-e308-4d9e-a4b9-a5bdfefa5816 - - - - -] Service fb99deaf-c941-49a1-9b54-b3f3579a0e7c is updated service_manage_report /usr/lib/python3/dist-packages/heat/engine/service.py:2370
2025-03-20 00:52:52.855 36216 DEBUG heat.engine.service [req-759addbe-b80a-4fbc-a28a-2fb2519d73c4 - - - - -] Service 114c3ae3-2e36-4fe9-92eb-94e4d8a36a0e is updated service_manage_report /usr/lib/python3/dist-packages/heat/engine/service.py:2370
2025-03-20 00:52:52.904 36217 DEBUG heat.engine.service [req-63337837-0ae5-4705-8002-259bcccd8e8f - - - - -] Service e5c70954-5d6c-4f53-95e5-2be7bdc1b8eb is updated service_manage_report /usr/lib/python3/dist-packages/heat/engine/service.py:2370
2025-03-20 00:52:52.924 36215 DEBUG heat.engine.service [req-6212c4b4-7f57-4983-ac86-1b5fd47b438c - - - - -] Service 66af2359-7b33-4930-b95e-a513b82389d6 is updated service_manage_report /usr/lib/python3/dist-packages/heat/engine/service.py:2370
2025-03-20 00:53:52.858 36218 DEBUG heat.engine.service [req-dcc60f56-9c95-4ab7-aa82-bf7f07fdd098 - - - - -] Service fb99deaf-c941-49a1-9b54-b3f3579a0e7c is updated service_manage_report /usr/lib/python3/dist-packages/heat/engine/service.py:2370
2025-03-20 00:53:52.860 36216 DEBUG heat.engine.service [req-66c04139-f9d0-43f8-b6dd-2d5f46e7141e - - - - -] Service 114c3ae3-2e36-4fe9-92eb-94e4d8a36a0e is updated service_manage_report /usr/lib/python3/dist-packages/heat/engine/service.py:2370
2025-03-20 00:53:52.915 36217 DEBUG heat.engine.service [req-d4c93911-76a6-4684-bab5-1d859306a22c - - - - -] Service e5c70954-5d6c-4f53-95e5-2be7bdc1b8eb is updated service_manage_report /usr/lib/python3/dist-packages/heat/engine/service.py:2370
2025-03-20 00:53:52.918 36215 DEBUG heat.engine.service [req-f8922e67-586a-4253-ac82-ccb53bb98b31 - - - - -] Service 66af2359-7b33-4930-b95e-a513b82389d6 is updated service_manage_report /usr/lib/python3/dist-packages/heat/engine/service.py:2370
2025-03-20 00:54:52.866 36218 DEBUG heat.engine.service [req-e7f4b92c-ce37-4bcf-a945-9a82eb5bf078 - - - - -] Service fb99deaf-c941-49a1-9b54-b3f3579a0e7c is updated service_manage_report /usr/lib/python3/dist-packages/heat/engine/service.py:2370
2025-03-20 00:54:52.869 36216 DEBUG heat.engine.service [req-483558ee-5061-427c-b9c1-b878d5df39c1 - - - - -] Service 114c3ae3-2e36-4fe9-92eb-94e4d8a36a0e is updated service_manage_report /usr/lib/python3/dist-packages/heat/engine/service.py:2370
2025-03-20 00:54:52.909 36217 DEBUG heat.engine.service [req-c14d1731-9b9e-40ad-8180-4a9d2ee2f6c9 - - - - -] Service e5c70954-5d6c-4f53-95e5-2be7bdc1b8eb is updated service_manage_report /usr/lib/python3/dist-packages/heat/engine/service.py:2370
2025-03-20 00:54:52.925 36215 DEBUG heat.engine.service [req-22c178b8-b887-42b4-aa1b-ad390cf12f87 - - - - -] Service 66af2359-7b33-4930-b95e-a513b82389d6 is updated service_manage_report /usr/lib/python3/dist-packages/heat/engine/service.py:2370
2025-03-20 00:55:52.861 36218 DEBUG heat.engine.service [req-e44f8149-b4e2-420b-ab5d-51c4aa55f8fb - - - - -] Service fb99deaf-c941-49a1-9b54-b3f3579a0e7c is updated service_manage_report /usr/lib/python3/dist-packages/heat/engine/service.py:2370
2025-03-20 00:55:52.865 36216 DEBUG heat.engine.service [req-c01a441c-fe49-4664-907b-b00427a26312 - - - - -] Service 114c3ae3-2e36-4fe9-92eb-94e4d8a36a0e is updated service_manage_report /usr/lib/python3/dist-packages/heat/engine/service.py:2370
2025-03-20 00:55:52.912 36217 DEBUG heat.engine.service [req-d87556ce-559e-4a6e-98ad-5d5f3d68cdc7 - - - - -] Service e5c70954-5d6c-4f53-95e5-2be7bdc1b8eb is updated service_manage_report /usr/lib/python3/dist-packages/heat/engine/service.py:2370
2025-03-20 00:55:52.919 36215 DEBUG heat.engine.service [req-f7742a66-86a2-431a-a055-0fab7fa46215 - - - - -] Service 66af2359-7b33-4930-b95e-a513b82389d6 is updated service_manage_report /usr/lib/python3/dist-packages/heat/engine/service.py:2370
2025-03-20 00:56:52.856 36216 DEBUG heat.engine.service [req-335c75d7-7156-4aa4-9a8e-b6ca1473770a - - - - -] Service 114c3ae3-2e36-4fe9-92eb-94e4d8a36a0e is updated service_manage_report /usr/lib/python3/dist-packages/heat/engine/service.py:2370
2025-03-20 00:56:52.867 36218 DEBUG heat.engine.service [req-0f56a63c-317f-4182-9987-6da1a799b2a8 - - - - -] Service fb99deaf-c941-49a1-9b54-b3f3579a0e7c is updated service_manage_report /usr/lib/python3/dist-packages/heat/engine/service.py:2370
2025-03-20 00:56:52.916 36217 DEBUG heat.engine.service [req-44900fb4-b44e-429f-bde5-dcd4f4a6eb03 - - - - -] Service e5c70954-5d6c-4f53-95e5-2be7bdc1b8eb is updated service_manage_report /usr/lib/python3/dist-packages/heat/engine/service.py:2370
2025-03-20 00:56:52.922 36215 DEBUG heat.engine.service [req-f22945d8-3a72-414d-b943-5cd2ddb3420f - - - - -] Service 66af2359-7b33-4930-b95e-a513b82389d6 is updated service_manage_report /usr/lib/python3/dist-packages/heat/engine/service.py:2370
2025-03-20 00:57:52.860 36216 DEBUG heat.engine.service [req-68f4c4c9-708e-41e8-aa35-781c20c56d14 - - - - -] Service 114c3ae3-2e36-4fe9-92eb-94e4d8a36a0e is updated service_manage_report /usr/lib/python3/dist-packages/heat/engine/service.py:2370
2025-03-20 00:57:52.867 36218 DEBUG heat.engine.service [req-041fc9e4-00b1-4b0b-84a9-83ce7639949d - - - - -] Service fb99deaf-c941-49a1-9b54-b3f3579a0e7c is updated service_manage_report /usr/lib/python3/dist-packages/heat/engine/service.py:2370
2025-03-20 00:57:52.920 36217 DEBUG heat.engine.service [req-fc8dc20d-1a34-446b-b459-bc420a9db50e - - - - -] Service e5c70954-5d6c-4f53-95e5-2be7bdc1b8eb is updated service_manage_report /usr/lib/python3/dist-packages/heat/engine/service.py:2370
2025-03-20 00:57:52.928 36215 DEBUG heat.engine.service [req-3b679aff-f014-4fb0-a773-23ea91c4520c - - - - -] Service 66af2359-7b33-4930-b95e-a513b82389d6 is updated service_manage_report /usr/lib/python3/dist-packages/heat/engine/service.py:2370
2025-03-20 00:58:52.867 36216 DEBUG heat.engine.service [req-e9ce4dd4-e42e-42c3-a12e-077b6e29264f - - - - -] Service 114c3ae3-2e36-4fe9-92eb-94e4d8a36a0e is updated service_manage_report /usr/lib/python3/dist-packages/heat/engine/service.py:2370
2025-03-20 00:58:52.871 36218 DEBUG heat.engine.service [req-5e3bbf45-aeeb-4380-a824-5a0ddef6d439 - - - - -] Service fb99deaf-c941-49a1-9b54-b3f3579a0e7c is updated service_manage_report /usr/lib/python3/dist-packages/heat/engine/service.py:2370
2025-03-20 00:58:52.927 36217 DEBUG heat.engine.service [req-8dd52160-2deb-4bda-8e8d-c056dc21af41 - - - - -] Service e5c70954-5d6c-4f53-95e5-2be7bdc1b8eb is updated service_manage_report /usr/lib/python3/dist-packages/heat/engine/service.py:2370
2025-03-20 00:58:52.931 36215 DEBUG heat.engine.service [req-0202fcd8-6ea7-41bb-86ae-18340ce07b19 - - - - -] Service 66af2359-7b33-4930-b95e-a513b82389d6 is updated service_manage_report /usr/lib/python3/dist-packages/heat/engine/service.py:2370
2025-03-20 00:59:52.862 36216 DEBUG heat.engine.service [req-06619c6f-5bdd-489e-b58e-86dc34a4aa6b - - - - -] Service 114c3ae3-2e36-4fe9-92eb-94e4d8a36a0e is updated service_manage_report /usr/lib/python3/dist-packages/heat/engine/service.py:2370
2025-03-20 00:59:52.877 36218 DEBUG heat.engine.service [req-e1eef858-3153-422b-8823-4eb575585a47 - - - - -] Service fb99deaf-c941-49a1-9b54-b3f3579a0e7c is updated service_manage_report /usr/lib/python3/dist-packages/heat/engine/service.py:2370
2025-03-20 00:59:52.922 36217 DEBUG heat.engine.service [req-d190f60f-08df-42ea-9d0c-1d5408b74a6d - - - - -] Service e5c70954-5d6c-4f53-95e5-2be7bdc1b8eb is updated service_manage_report /usr/lib/python3/dist-packages/heat/engine/service.py:2370
2025-03-20 00:59:52.935 36215 DEBUG heat.engine.service [req-ee87337d-5ef3-4f24-9e65-c417683456fe - - - - -] Service 66af2359-7b33-4930-b95e-a513b82389d6 is updated service_manage_report /usr/lib/python3/dist-packages/heat/engine/service.py:2370
2025-03-20 01:00:52.866 36216 DEBUG heat.engine.service [req-e81c6ac5-2f2a-407a-ae8e-1d8fa1016a50 - - - - -] Service 114c3ae3-2e36-4fe9-92eb-94e4d8a36a0e is updated service_manage_report /usr/lib/python3/dist-packages/heat/engine/service.py:2370
2025-03-20 01:00:52.885 36218 DEBUG heat.engine.service [req-168a15cf-b77c-4549-98e6-0a18a863413a - - - - -] Service fb99deaf-c941-49a1-9b54-b3f3579a0e7c is updated service_manage_report /usr/lib/python3/dist-packages/heat/engine/service.py:2370
2025-03-20 01:00:52.928 36217 DEBUG heat.engine.service [req-6a0a61b1-fa8d-46d0-a2e9-fad39f0e27e8 - - - - -] Service e5c70954-5d6c-4f53-95e5-2be7bdc1b8eb is updated service_manage_report /usr/lib/python3/dist-packages/heat/engine/service.py:2370
2025-03-20 01:00:52.938 36215 DEBUG heat.engine.service [req-086a11f8-5b6a-45bc-99a8-5c9a34a7ee80 - - - - -] Service 66af2359-7b33-4930-b95e-a513b82389d6 is updated service_manage_report /usr/lib/python3/dist-packages/heat/engine/service.py:2370
2025-03-20 01:01:52.879 36216 DEBUG heat.engine.service [req-9af890dc-aba7-4195-92a2-d14016d425e8 - - - - -] Service 114c3ae3-2e36-4fe9-92eb-94e4d8a36a0e is updated service_manage_report /usr/lib/python3/dist-packages/heat/engine/service.py:2370
2025-03-20 01:01:52.881 36218 DEBUG heat.engine.service [req-65ffa894-8e70-432b-a28c-82b38e2385be - - - - -] Service fb99deaf-c941-49a1-9b54-b3f3579a0e7c is updated service_manage_report /usr/lib/python3/dist-packages/heat/engine/service.py:2370
2025-03-20 01:01:52.935 36217 DEBUG heat.engine.service [req-43879cc3-f5d3-46da-b905-5ac7460ab48c - - - - -] Service e5c70954-5d6c-4f53-95e5-2be7bdc1b8eb is updated service_manage_report /usr/lib/python3/dist-packages/heat/engine/service.py:2370
2025-03-20 01:01:52.947 36215 DEBUG heat.engine.service [req-5834e348-d66c-41b6-942b-f407d403719c - - - - -] Service 66af2359-7b33-4930-b95e-a513b82389d6 is updated service_manage_report /usr/lib/python3/dist-packages/heat/engine/service.py:2370
2025-03-20 01:02:52.874 36216 DEBUG heat.engine.service [req-4c8842e6-832a-4c4f-b645-83202b51df23 - - - - -] Service 114c3ae3-2e36-4fe9-92eb-94e4d8a36a0e is updated service_manage_report /usr/lib/python3/dist-packages/heat/engine/service.py:2370
2025-03-20 01:02:52.884 36218 DEBUG heat.engine.service [req-2d9b9608-9c58-4f17-a238-2d7300b972b7 - - - - -] Service fb99deaf-c941-49a1-9b54-b3f3579a0e7c is updated service_manage_report /usr/lib/python3/dist-packages/heat/engine/service.py:2370
2025-03-20 01:02:52.927 36217 DEBUG heat.engine.service [req-b33d21f0-b2fd-4cd9-adf2-ffdec82501b7 - - - - -] Service e5c70954-5d6c-4f53-95e5-2be7bdc1b8eb is updated service_manage_report /usr/lib/python3/dist-packages/heat/engine/service.py:2370
2025-03-20 01:02:52.942 36215 DEBUG heat.engine.service [req-353ff942-ffd3-4b4d-8fbc-8c74ac8f02bb - - - - -] Service 66af2359-7b33-4930-b95e-a513b82389d6 is updated service_manage_report /usr/lib/python3/dist-packages/heat/engine/service.py:2370
2025-03-20 01:03:52.878 36216 DEBUG heat.engine.service [req-819d2d56-d055-4c08-9651-269b2951307b - - - - -] Service 114c3ae3-2e36-4fe9-92eb-94e4d8a36a0e is updated service_manage_report /usr/lib/python3/dist-packages/heat/engine/service.py:2370
2025-03-20 01:03:52.887 36218 DEBUG heat.engine.service [req-92afbfa7-d3e8-45a8-97b5-a9866daa4240 - - - - -] Service fb99deaf-c941-49a1-9b54-b3f3579a0e7c is updated service_manage_report /usr/lib/python3/dist-packages/heat/engine/service.py:2370
2025-03-20 01:03:52.930 36217 DEBUG heat.engine.service [req-f7c53ffe-79c4-48da-8fee-7dc873831957 - - - - -] Service e5c70954-5d6c-4f53-95e5-2be7bdc1b8eb is updated service_manage_report /usr/lib/python3/dist-packages/heat/engine/service.py:2370
2025-03-20 01:03:52.945 36215 DEBUG heat.engine.service [req-fdf308da-082a-4551-a9d2-ece53f989c60 - - - - -] Service 66af2359-7b33-4930-b95e-a513b82389d6 is updated service_manage_report /usr/lib/python3/dist-packages/heat/engine/service.py:2370
2025-03-20 01:04:52.884 36216 DEBUG heat.engine.service [req-791ef1c4-a4a8-4857-92d1-db0449cff0a0 - - - - -] Service 114c3ae3-2e36-4fe9-92eb-94e4d8a36a0e is updated service_manage_report /usr/lib/python3/dist-packages/heat/engine/service.py:2370
2025-03-20 01:04:52.895 36218 DEBUG heat.engine.service [req-de99bf9a-5958-4ad8-9259-883b6a6b7d79 - - - - -] Service fb99deaf-c941-49a1-9b54-b3f3579a0e7c is updated service_manage_report /usr/lib/python3/dist-packages/heat/engine/service.py:2370
2025-03-20 01:04:52.936 36217 DEBUG heat.engine.service [req-fc4426a0-d583-4a55-8e2e-62f17d3cc71a - - - - -] Service e5c70954-5d6c-4f53-95e5-2be7bdc1b8eb is updated service_manage_report /usr/lib/python3/dist-packages/heat/engine/service.py:2370
2025-03-20 01:04:52.950 36215 DEBUG heat.engine.service [req-c2443179-19d6-483e-ba35-2399c42639ef - - - - -] Service 66af2359-7b33-4930-b95e-a513b82389d6 is updated service_manage_report /usr/lib/python3/dist-packages/heat/engine/service.py:2370
2025-03-20 01:05:52.889 36218 DEBUG heat.engine.service [req-21962e7d-46a1-4bed-9147-f2db3c0328fb - - - - -] Service fb99deaf-c941-49a1-9b54-b3f3579a0e7c is updated service_manage_report /usr/lib/python3/dist-packages/heat/engine/service.py:2370
2025-03-20 01:05:52.893 36216 DEBUG heat.engine.service [req-011ca188-7ddd-47a0-bdec-5add9a7037fe - - - - -] Service 114c3ae3-2e36-4fe9-92eb-94e4d8a36a0e is updated service_manage_report /usr/lib/python3/dist-packages/heat/engine/service.py:2370
2025-03-20 01:05:52.933 36217 DEBUG heat.engine.service [req-4968b7da-6630-41fd-8512-7f93b17e46d1 - - - - -] Service e5c70954-5d6c-4f53-95e5-2be7bdc1b8eb is updated service_manage_report /usr/lib/python3/dist-packages/heat/engine/service.py:2370
2025-03-20 01:05:52.954 36215 DEBUG heat.engine.service [req-a136553a-8f72-41c5-905f-11ddfede0370 - - - - -] Service 66af2359-7b33-4930-b95e-a513b82389d6 is updated service_manage_report /usr/lib/python3/dist-packages/heat/engine/service.py:2370
2025-03-20 01:06:52.889 36216 DEBUG heat.engine.service [req-bc695bd2-dd5f-401d-9f8d-6212176968c8 - - - - -] Service 114c3ae3-2e36-4fe9-92eb-94e4d8a36a0e is updated service_manage_report /usr/lib/python3/dist-packages/heat/engine/service.py:2370
2025-03-20 01:06:52.897 36218 DEBUG heat.engine.service [req-538aec96-f173-411a-a2e7-e9f8d9ca0c10 - - - - -] Service fb99deaf-c941-49a1-9b54-b3f3579a0e7c is updated service_manage_report /usr/lib/python3/dist-packages/heat/engine/service.py:2370
2025-03-20 01:06:52.927 36217 DEBUG heat.engine.service [req-9949a92e-7970-4e45-992a-f7d654ae8324 - - - - -] Service e5c70954-5d6c-4f53-95e5-2be7bdc1b8eb is updated service_manage_report /usr/lib/python3/dist-packages/heat/engine/service.py:2370
2025-03-20 01:06:52.962 36215 DEBUG heat.engine.service [req-ed34eefc-89be-4cc9-9b4b-7812362fd785 - - - - -] Service 66af2359-7b33-4930-b95e-a513b82389d6 is updated service_manage_report /usr/lib/python3/dist-packages/heat/engine/service.py:2370
2025-03-20 01:07:52.896 36216 DEBUG heat.engine.service [req-fb90e0dd-a137-4bbb-a874-13be5128ee65 - - - - -] Service 114c3ae3-2e36-4fe9-92eb-94e4d8a36a0e is updated service_manage_report /usr/lib/python3/dist-packages/heat/engine/service.py:2370
2025-03-20 01:07:52.900 36218 DEBUG heat.engine.service [req-2ce5af44-de0d-4da6-8b4c-930eda1dc558 - - - - -] Service fb99deaf-c941-49a1-9b54-b3f3579a0e7c is updated service_manage_report /usr/lib/python3/dist-packages/heat/engine/service.py:2370
