2025-03-20 02:00:48.470 72322 DEBUG oslo_service.service [-] clients_mistral.endpoint_type = None log_opt_values /usr/lib/python3/dist-packages/oslo_config/cfg.py:2609
2025-03-20 02:00:48.471 72322 DEBUG oslo_service.service [-] clients_mistral.insecure = None log_opt_values /usr/lib/python3/dist-packages/oslo_config/cfg.py:2609
2025-03-20 02:00:48.471 72322 DEBUG oslo_service.service [-] clients_mistral.key_file = None log_opt_values /usr/lib/python3/dist-packages/oslo_config/cfg.py:2609
2025-03-20 02:00:48.471 72322 DEBUG oslo_service.service [-] clients_monasca.ca_file = None log_opt_values /usr/lib/python3/dist-packages/oslo_config/cfg.py:2609
2025-03-20 02:00:48.471 72322 DEBUG oslo_service.service [-] clients_monasca.cert_file = None log_opt_values /usr/lib/python3/dist-packages/oslo_config/cfg.py:2609
2025-03-20 02:00:48.471 72322 DEBUG oslo_service.service [-] clients_monasca.endpoint_type = None log_opt_values /usr/lib/python3/dist-packages/oslo_config/cfg.py:2609
2025-03-20 02:00:48.471 72322 DEBUG oslo_service.service [-] clients_monasca.insecure = None log_opt_values /usr/lib/python3/dist-packages/oslo_config/cfg.py:2609
2025-03-20 02:00:48.471 72322 DEBUG oslo_service.service [-] clients_monasca.key_file = None log_opt_values /usr/lib/python3/dist-packages/oslo_config/cfg.py:2609
2025-03-20 02:00:48.472 72322 DEBUG oslo_service.service [-] clients_neutron.ca_file = None log_opt_values /usr/lib/python3/dist-packages/oslo_config/cfg.py:2609
2025-03-20 02:00:48.472 72322 DEBUG oslo_service.service [-] clients_neutron.cert_file = None log_opt_values /usr/lib/python3/dist-packages/oslo_config/cfg.py:2609
2025-03-20 02:00:48.472 72322 DEBUG oslo_service.service [-] clients_neutron.endpoint_type = None log_opt_values /usr/lib/python3/dist-packages/oslo_config/cfg.py:2609
2025-03-20 02:00:48.472 72322 DEBUG oslo_service.service [-] clients_neutron.insecure = None log_opt_values /usr/lib/python3/dist-packages/oslo_config/cfg.py:2609
2025-03-20 02:00:48.472 72322 DEBUG oslo_service.service [-] clients_neutron.key_file = None log_opt_values /usr/lib/python3/dist-packages/oslo_config/cfg.py:2609
2025-03-20 02:00:48.472 72322 DEBUG oslo_service.service [-] clients_nova.ca_file = None log_opt_values /usr/lib/python3/dist-packages/oslo_config/cfg.py:2609
2025-03-20 02:00:48.472 72322 DEBUG oslo_service.service [-] clients_nova.cert_file = None log_opt_values /usr/lib/python3/dist-packages/oslo_config/cfg.py:2609
2025-03-20 02:00:48.472 72322 DEBUG oslo_service.service [-] clients_nova.endpoint_type = None log_opt_values /usr/lib/python3/dist-packages/oslo_config/cfg.py:2609
2025-03-20 02:00:48.472 72322 DEBUG oslo_service.service [-] clients_nova.http_log_debug = False log_opt_values /usr/lib/python3/dist-packages/oslo_config/cfg.py:2609
2025-03-20 02:00:48.473 72322 DEBUG oslo_service.service [-] clients_nova.insecure = None log_opt_values /usr/lib/python3/dist-packages/oslo_config/cfg.py:2609
2025-03-20 02:00:48.473 72322 DEBUG oslo_service.service [-] clients_nova.key_file = None log_opt_values /usr/lib/python3/dist-packages/oslo_config/cfg.py:2609
2025-03-20 02:00:48.473 72322 DEBUG oslo_service.service [-] clients_octavia.ca_file = None log_opt_values /usr/lib/python3/dist-packages/oslo_config/cfg.py:2609
2025-03-20 02:00:48.473 72322 DEBUG oslo_service.service [-] clients_octavia.cert_file = None log_opt_values /usr/lib/python3/dist-packages/oslo_config/cfg.py:2609
2025-03-20 02:00:48.473 72322 DEBUG oslo_service.service [-] clients_octavia.endpoint_type = None log_opt_values /usr/lib/python3/dist-packages/oslo_config/cfg.py:2609
2025-03-20 02:00:48.473 72322 DEBUG oslo_service.service [-] clients_octavia.insecure = None log_opt_values /usr/lib/python3/dist-packages/oslo_config/cfg.py:2609
2025-03-20 02:00:48.473 72322 DEBUG oslo_service.service [-] clients_octavia.key_file = None log_opt_values /usr/lib/python3/dist-packages/oslo_config/cfg.py:2609
2025-03-20 02:00:48.473 72322 DEBUG oslo_service.service [-] clients_sahara.ca_file = None log_opt_values /usr/lib/python3/dist-packages/oslo_config/cfg.py:2609
2025-03-20 02:00:48.473 72322 DEBUG oslo_service.service [-] clients_sahara.cert_file = None log_opt_values /usr/lib/python3/dist-packages/oslo_config/cfg.py:2609
2025-03-20 02:00:48.474 72322 DEBUG oslo_service.service [-] clients_sahara.endpoint_type = None log_opt_values /usr/lib/python3/dist-packages/oslo_config/cfg.py:2609
2025-03-20 02:00:48.474 72322 DEBUG oslo_service.service [-] clients_sahara.insecure = None log_opt_values /usr/lib/python3/dist-packages/oslo_config/cfg.py:2609
2025-03-20 02:00:48.474 72322 DEBUG oslo_service.service [-] clients_sahara.key_file = None log_opt_values /usr/lib/python3/dist-packages/oslo_config/cfg.py:2609
2025-03-20 02:00:48.474 72322 DEBUG oslo_service.service [-] clients_senlin.ca_file = None log_opt_values /usr/lib/python3/dist-packages/oslo_config/cfg.py:2609
2025-03-20 02:00:48.475 72322 DEBUG oslo_service.service [-] clients_senlin.cert_file = None log_opt_values /usr/lib/python3/dist-packages/oslo_config/cfg.py:2609
2025-03-20 02:00:48.475 72322 DEBUG oslo_service.service [-] clients_senlin.endpoint_type = None log_opt_values /usr/lib/python3/dist-packages/oslo_config/cfg.py:2609
2025-03-20 02:00:48.475 72322 DEBUG oslo_service.service [-] clients_senlin.insecure = None log_opt_values /usr/lib/python3/dist-packages/oslo_config/cfg.py:2609
2025-03-20 02:00:48.476 72322 DEBUG oslo_service.service [-] clients_senlin.key_file = None log_opt_values /usr/lib/python3/dist-packages/oslo_config/cfg.py:2609
2025-03-20 02:00:48.476 72322 DEBUG oslo_service.service [-] clients_swift.ca_file = None log_opt_values /usr/lib/python3/dist-packages/oslo_config/cfg.py:2609
2025-03-20 02:00:48.476 72322 DEBUG oslo_service.service [-] clients_swift.cert_file = None log_opt_values /usr/lib/python3/dist-packages/oslo_config/cfg.py:2609
2025-03-20 02:00:48.477 72322 DEBUG oslo_service.service [-] clients_swift.endpoint_type = None log_opt_values /usr/lib/python3/dist-packages/oslo_config/cfg.py:2609
2025-03-20 02:00:48.477 72322 DEBUG oslo_service.service [-] clients_swift.insecure = None log_opt_values /usr/lib/python3/dist-packages/oslo_config/cfg.py:2609
2025-03-20 02:00:48.477 72322 DEBUG oslo_service.service [-] clients_swift.key_file = None log_opt_values /usr/lib/python3/dist-packages/oslo_config/cfg.py:2609
2025-03-20 02:00:48.477 72322 DEBUG oslo_service.service [-] clients_trove.ca_file = None log_opt_values /usr/lib/python3/dist-packages/oslo_config/cfg.py:2609
2025-03-20 02:00:48.477 72322 DEBUG oslo_service.service [-] clients_trove.cert_file = None log_opt_values /usr/lib/python3/dist-packages/oslo_config/cfg.py:2609
2025-03-20 02:00:48.478 72322 DEBUG oslo_service.service [-] clients_trove.endpoint_type = None log_opt_values /usr/lib/python3/dist-packages/oslo_config/cfg.py:2609
2025-03-20 02:00:48.478 72322 DEBUG oslo_service.service [-] clients_trove.insecure = None log_opt_values /usr/lib/python3/dist-packages/oslo_config/cfg.py:2609
2025-03-20 02:00:48.478 72322 DEBUG oslo_service.service [-] clients_trove.key_file = None log_opt_values /usr/lib/python3/dist-packages/oslo_config/cfg.py:2609
2025-03-20 02:00:48.478 72322 DEBUG oslo_service.service [-] clients_vitrage.ca_file = None log_opt_values /usr/lib/python3/dist-packages/oslo_config/cfg.py:2609
2025-03-20 02:00:48.478 72322 DEBUG oslo_service.service [-] clients_vitrage.cert_file = None log_opt_values /usr/lib/python3/dist-packages/oslo_config/cfg.py:2609
2025-03-20 02:00:48.478 72322 DEBUG oslo_service.service [-] clients_vitrage.endpoint_type = None log_opt_values /usr/lib/python3/dist-packages/oslo_config/cfg.py:2609
2025-03-20 02:00:48.478 72322 DEBUG oslo_service.service [-] clients_vitrage.insecure = None log_opt_values /usr/lib/python3/dist-packages/oslo_config/cfg.py:2609
2025-03-20 02:00:48.478 72322 DEBUG oslo_service.service [-] clients_vitrage.key_file = None log_opt_values /usr/lib/python3/dist-packages/oslo_config/cfg.py:2609
2025-03-20 02:00:48.479 72322 DEBUG oslo_service.service [-] clients_zaqar.ca_file = None log_opt_values /usr/lib/python3/dist-packages/oslo_config/cfg.py:2609
2025-03-20 02:00:48.479 72322 DEBUG oslo_service.service [-] clients_zaqar.cert_file = None log_opt_values /usr/lib/python3/dist-packages/oslo_config/cfg.py:2609
2025-03-20 02:00:48.479 72322 DEBUG oslo_service.service [-] clients_zaqar.endpoint_type = None log_opt_values /usr/lib/python3/dist-packages/oslo_config/cfg.py:2609
2025-03-20 02:00:48.479 72322 DEBUG oslo_service.service [-] clients_zaqar.insecure = None log_opt_values /usr/lib/python3/dist-packages/oslo_config/cfg.py:2609
2025-03-20 02:00:48.479 72322 DEBUG oslo_service.service [-] clients_zaqar.key_file = None log_opt_values /usr/lib/python3/dist-packages/oslo_config/cfg.py:2609
2025-03-20 02:00:48.479 72322 DEBUG oslo_service.service [-] database.backend = sqlalchemy log_opt_values /usr/lib/python3/dist-packages/oslo_config/cfg.py:2609
2025-03-20 02:00:48.479 72322 DEBUG oslo_service.service [-] database.connection = **** log_opt_values /usr/lib/python3/dist-packages/oslo_config/cfg.py:2609
2025-03-20 02:00:48.480 72322 DEBUG oslo_service.service [-] database.connection_debug = 0 log_opt_values /usr/lib/python3/dist-packages/oslo_config/cfg.py:2609
2025-03-20 02:00:48.480 72322 DEBUG oslo_service.service [-] database.connection_parameters = log_opt_values /usr/lib/python3/dist-packages/oslo_config/cfg.py:2609
2025-03-20 02:00:48.480 72322 DEBUG oslo_service.service [-] database.connection_recycle_time = 3600 log_opt_values /usr/lib/python3/dist-packages/oslo_config/cfg.py:2609
2025-03-20 02:00:48.480 72322 DEBUG oslo_service.service [-] database.connection_trace = False log_opt_values /usr/lib/python3/dist-packages/oslo_config/cfg.py:2609
2025-03-20 02:00:48.480 72322 DEBUG oslo_service.service [-] database.db_inc_retry_interval = True log_opt_values /usr/lib/python3/dist-packages/oslo_config/cfg.py:2609
2025-03-20 02:00:48.481 72322 DEBUG oslo_service.service [-] database.db_max_retries = 20 log_opt_values /usr/lib/python3/dist-packages/oslo_config/cfg.py:2609
2025-03-20 02:00:48.481 72322 DEBUG oslo_service.service [-] database.db_max_retry_interval = 10 log_opt_values /usr/lib/python3/dist-packages/oslo_config/cfg.py:2609
2025-03-20 02:00:48.481 72322 DEBUG oslo_service.service [-] database.db_retry_interval = 1 log_opt_values /usr/lib/python3/dist-packages/oslo_config/cfg.py:2609
2025-03-20 02:00:48.482 72322 DEBUG oslo_service.service [-] database.max_overflow = 50 log_opt_values /usr/lib/python3/dist-packages/oslo_config/cfg.py:2609
2025-03-20 02:00:48.483 72322 DEBUG oslo_service.service [-] database.max_pool_size = 5 log_opt_values /usr/lib/python3/dist-packages/oslo_config/cfg.py:2609
2025-03-20 02:00:48.484 72322 DEBUG oslo_service.service [-] database.max_retries = 10 log_opt_values /usr/lib/python3/dist-packages/oslo_config/cfg.py:2609
2025-03-20 02:00:48.484 72322 DEBUG oslo_service.service [-] database.mysql_enable_ndb = False log_opt_values /usr/lib/python3/dist-packages/oslo_config/cfg.py:2609
2025-03-20 02:00:48.484 72322 DEBUG oslo_service.service [-] database.mysql_sql_mode = TRADITIONAL log_opt_values /usr/lib/python3/dist-packages/oslo_config/cfg.py:2609
2025-03-20 02:00:48.484 72322 DEBUG oslo_service.service [-] database.pool_timeout = None log_opt_values /usr/lib/python3/dist-packages/oslo_config/cfg.py:2609
2025-03-20 02:00:48.485 72322 DEBUG oslo_service.service [-] database.retry_interval = 10 log_opt_values /usr/lib/python3/dist-packages/oslo_config/cfg.py:2609
2025-03-20 02:00:48.485 72322 DEBUG oslo_service.service [-] database.slave_connection = **** log_opt_values /usr/lib/python3/dist-packages/oslo_config/cfg.py:2609
2025-03-20 02:00:48.485 72322 DEBUG oslo_service.service [-] database.sqlite_synchronous = True log_opt_values /usr/lib/python3/dist-packages/oslo_config/cfg.py:2609
2025-03-20 02:00:48.485 72322 DEBUG oslo_service.service [-] database.use_db_reconnect = False log_opt_values /usr/lib/python3/dist-packages/oslo_config/cfg.py:2609
2025-03-20 02:00:48.485 72322 DEBUG oslo_service.service [-] oslo_messaging_metrics.metrics_buffer_size = 1000 log_opt_values /usr/lib/python3/dist-packages/oslo_config/cfg.py:2609
2025-03-20 02:00:48.485 72322 DEBUG oslo_service.service [-] oslo_messaging_metrics.metrics_enabled = False log_opt_values /usr/lib/python3/dist-packages/oslo_config/cfg.py:2609
2025-03-20 02:00:48.485 72322 DEBUG oslo_service.service [-] oslo_messaging_metrics.metrics_process_name = log_opt_values /usr/lib/python3/dist-packages/oslo_config/cfg.py:2609
2025-03-20 02:00:48.486 72322 DEBUG oslo_service.service [-] oslo_messaging_metrics.metrics_socket_file = /var/tmp/metrics_collector.sock log_opt_values /usr/lib/python3/dist-packages/oslo_config/cfg.py:2609
2025-03-20 02:00:48.486 72322 DEBUG oslo_service.service [-] oslo_messaging_metrics.metrics_thread_stop_timeout = 10 log_opt_values /usr/lib/python3/dist-packages/oslo_config/cfg.py:2609
2025-03-20 02:00:48.486 72322 DEBUG oslo_service.service [-] oslo_policy.enforce_new_defaults = False log_opt_values /usr/lib/python3/dist-packages/oslo_config/cfg.py:2609
2025-03-20 02:00:48.487 72322 DEBUG oslo_service.service [-] oslo_policy.enforce_scope = False log_opt_values /usr/lib/python3/dist-packages/oslo_config/cfg.py:2609
2025-03-20 02:00:48.487 72322 DEBUG oslo_service.service [-] oslo_policy.policy_default_rule = default log_opt_values /usr/lib/python3/dist-packages/oslo_config/cfg.py:2609
2025-03-20 02:00:48.487 72322 DEBUG oslo_service.service [-] oslo_policy.policy_dirs = ['policy.d'] log_opt_values /usr/lib/python3/dist-packages/oslo_config/cfg.py:2609
2025-03-20 02:00:48.487 72322 DEBUG oslo_service.service [-] oslo_policy.policy_file = policy.yaml log_opt_values /usr/lib/python3/dist-packages/oslo_config/cfg.py:2609
2025-03-20 02:00:48.487 72322 DEBUG oslo_service.service [-] oslo_policy.remote_content_type = application/x-www-form-urlencoded log_opt_values /usr/lib/python3/dist-packages/oslo_config/cfg.py:2609
2025-03-20 02:00:48.487 72322 DEBUG oslo_service.service [-] oslo_policy.remote_ssl_ca_crt_file = None log_opt_values /usr/lib/python3/dist-packages/oslo_config/cfg.py:2609
2025-03-20 02:00:48.487 72322 DEBUG oslo_service.service [-] oslo_policy.remote_ssl_client_crt_file = None log_opt_values /usr/lib/python3/dist-packages/oslo_config/cfg.py:2609
2025-03-20 02:00:48.488 72322 DEBUG oslo_service.service [-] oslo_policy.remote_ssl_client_key_file = None log_opt_values /usr/lib/python3/dist-packages/oslo_config/cfg.py:2609
2025-03-20 02:00:48.488 72322 DEBUG oslo_service.service [-] oslo_policy.remote_ssl_verify_server_crt = False log_opt_values /usr/lib/python3/dist-packages/oslo_config/cfg.py:2609
2025-03-20 02:00:48.488 72322 DEBUG oslo_service.service [-] trustee.auth_section = None log_opt_values /usr/lib/python3/dist-packages/oslo_config/cfg.py:2609
2025-03-20 02:00:48.488 72322 WARNING oslo_config.cfg [-] Deprecated: Option "auth_plugin" from group "trustee" is deprecated. Use option "auth_type" from group "trustee".
2025-03-20 02:00:48.488 72322 DEBUG oslo_service.service [-] trustee.auth_type = password log_opt_values /usr/lib/python3/dist-packages/oslo_config/cfg.py:2609
2025-03-20 02:00:48.489 72322 DEBUG oslo_service.service [-] oslo_versionedobjects.fatal_exception_format_errors = False log_opt_values /usr/lib/python3/dist-packages/oslo_config/cfg.py:2609
2025-03-20 02:00:48.489 72322 DEBUG oslo_service.service [-] oslo_messaging_rabbit.amqp_auto_delete = False log_opt_values /usr/lib/python3/dist-packages/oslo_config/cfg.py:2609
2025-03-20 02:00:48.489 72322 DEBUG oslo_service.service [-] oslo_messaging_rabbit.amqp_durable_queues = False log_opt_values /usr/lib/python3/dist-packages/oslo_config/cfg.py:2609
2025-03-20 02:00:48.489 72322 DEBUG oslo_service.service [-] oslo_messaging_rabbit.conn_pool_min_size = 2 log_opt_values /usr/lib/python3/dist-packages/oslo_config/cfg.py:2609
2025-03-20 02:00:48.489 72322 DEBUG oslo_service.service [-] oslo_messaging_rabbit.conn_pool_ttl = 1200 log_opt_values /usr/lib/python3/dist-packages/oslo_config/cfg.py:2609
2025-03-20 02:00:48.489 72322 DEBUG oslo_service.service [-] oslo_messaging_rabbit.direct_mandatory_flag = True log_opt_values /usr/lib/python3/dist-packages/oslo_config/cfg.py:2609
2025-03-20 02:00:48.489 72322 DEBUG oslo_service.service [-] oslo_messaging_rabbit.enable_cancel_on_failover = False log_opt_values /usr/lib/python3/dist-packages/oslo_config/cfg.py:2609
2025-03-20 02:00:48.489 72322 DEBUG oslo_service.service [-] oslo_messaging_rabbit.heartbeat_in_pthread = True log_opt_values /usr/lib/python3/dist-packages/oslo_config/cfg.py:2609
2025-03-20 02:00:48.490 72322 DEBUG oslo_service.service [-] oslo_messaging_rabbit.heartbeat_rate = 2 log_opt_values /usr/lib/python3/dist-packages/oslo_config/cfg.py:2609
2025-03-20 02:00:48.490 72322 DEBUG oslo_service.service [-] oslo_messaging_rabbit.heartbeat_timeout_threshold = 60 log_opt_values /usr/lib/python3/dist-packages/oslo_config/cfg.py:2609
2025-03-20 02:00:48.490 72322 DEBUG oslo_service.service [-] oslo_messaging_rabbit.kombu_compression = None log_opt_values /usr/lib/python3/dist-packages/oslo_config/cfg.py:2609
2025-03-20 02:00:48.490 72322 DEBUG oslo_service.service [-] oslo_messaging_rabbit.kombu_failover_strategy = round-robin log_opt_values /usr/lib/python3/dist-packages/oslo_config/cfg.py:2609
2025-03-20 02:00:48.490 72322 DEBUG oslo_service.service [-] oslo_messaging_rabbit.kombu_missing_consumer_retry_timeout = 60 log_opt_values /usr/lib/python3/dist-packages/oslo_config/cfg.py:2609
2025-03-20 02:00:48.490 72322 DEBUG oslo_service.service [-] oslo_messaging_rabbit.kombu_reconnect_delay = 1.0 log_opt_values /usr/lib/python3/dist-packages/oslo_config/cfg.py:2609
2025-03-20 02:00:48.491 72322 DEBUG oslo_service.service [-] oslo_messaging_rabbit.rabbit_ha_queues = False log_opt_values /usr/lib/python3/dist-packages/oslo_config/cfg.py:2609
2025-03-20 02:00:48.491 72322 DEBUG oslo_service.service [-] oslo_messaging_rabbit.rabbit_interval_max = 30 log_opt_values /usr/lib/python3/dist-packages/oslo_config/cfg.py:2609
2025-03-20 02:00:48.491 72322 DEBUG oslo_service.service [-] oslo_messaging_rabbit.rabbit_login_method = AMQPLAIN log_opt_values /usr/lib/python3/dist-packages/oslo_config/cfg.py:2609
2025-03-20 02:00:48.491 72322 DEBUG oslo_service.service [-] oslo_messaging_rabbit.rabbit_qos_prefetch_count = 0 log_opt_values /usr/lib/python3/dist-packages/oslo_config/cfg.py:2609
2025-03-20 02:00:48.491 72322 DEBUG oslo_service.service [-] oslo_messaging_rabbit.rabbit_quorum_queue = False log_opt_values /usr/lib/python3/dist-packages/oslo_config/cfg.py:2609
2025-03-20 02:00:48.491 72322 DEBUG oslo_service.service [-] oslo_messaging_rabbit.rabbit_retry_backoff = 2 log_opt_values /usr/lib/python3/dist-packages/oslo_config/cfg.py:2609
2025-03-20 02:00:48.491 72322 DEBUG oslo_service.service [-] oslo_messaging_rabbit.rabbit_retry_interval = 1 log_opt_values /usr/lib/python3/dist-packages/oslo_config/cfg.py:2609
2025-03-20 02:00:48.491 72322 DEBUG oslo_service.service [-] oslo_messaging_rabbit.rabbit_transient_queues_ttl = 1800 log_opt_values /usr/lib/python3/dist-packages/oslo_config/cfg.py:2609
2025-03-20 02:00:48.491 72322 DEBUG oslo_service.service [-] oslo_messaging_rabbit.rpc_conn_pool_size = 30 log_opt_values /usr/lib/python3/dist-packages/oslo_config/cfg.py:2609
2025-03-20 02:00:48.492 72322 DEBUG oslo_service.service [-] oslo_messaging_rabbit.ssl = False log_opt_values /usr/lib/python3/dist-packages/oslo_config/cfg.py:2609
2025-03-20 02:00:48.492 72322 DEBUG oslo_service.service [-] oslo_messaging_rabbit.ssl_ca_file = log_opt_values /usr/lib/python3/dist-packages/oslo_config/cfg.py:2609
2025-03-20 02:00:48.492 72322 DEBUG oslo_service.service [-] oslo_messaging_rabbit.ssl_cert_file = log_opt_values /usr/lib/python3/dist-packages/oslo_config/cfg.py:2609
2025-03-20 02:00:48.492 72322 DEBUG oslo_service.service [-] oslo_messaging_rabbit.ssl_key_file = log_opt_values /usr/lib/python3/dist-packages/oslo_config/cfg.py:2609
2025-03-20 02:00:48.492 72322 DEBUG oslo_service.service [-] oslo_messaging_rabbit.ssl_version = log_opt_values /usr/lib/python3/dist-packages/oslo_config/cfg.py:2609
2025-03-20 02:00:48.492 72322 DEBUG oslo_service.service [-] oslo_messaging_notifications.driver = [] log_opt_values /usr/lib/python3/dist-packages/oslo_config/cfg.py:2609
2025-03-20 02:00:48.492 72322 DEBUG oslo_service.service [-] oslo_messaging_notifications.retry = -1 log_opt_values /usr/lib/python3/dist-packages/oslo_config/cfg.py:2609
2025-03-20 02:00:48.493 72322 DEBUG oslo_service.service [-] oslo_messaging_notifications.topics = ['notifications'] log_opt_values /usr/lib/python3/dist-packages/oslo_config/cfg.py:2609
2025-03-20 02:00:48.493 72322 DEBUG oslo_service.service [-] oslo_messaging_notifications.transport_url = **** log_opt_values /usr/lib/python3/dist-packages/oslo_config/cfg.py:2609
2025-03-20 02:00:48.493 72322 DEBUG oslo_service.service [-] cache.backend = dogpile.cache.null log_opt_values /usr/lib/python3/dist-packages/oslo_config/cfg.py:2609
2025-03-20 02:00:48.493 72322 DEBUG oslo_service.service [-] cache.backend_argument = **** log_opt_values /usr/lib/python3/dist-packages/oslo_config/cfg.py:2609
2025-03-20 02:00:48.493 72322 DEBUG oslo_service.service [-] cache.config_prefix = cache.oslo log_opt_values /usr/lib/python3/dist-packages/oslo_config/cfg.py:2609
2025-03-20 02:00:48.493 72322 DEBUG oslo_service.service [-] cache.debug_cache_backend = False log_opt_values /usr/lib/python3/dist-packages/oslo_config/cfg.py:2609
2025-03-20 02:00:48.493 72322 DEBUG oslo_service.service [-] cache.enabled = False log_opt_values /usr/lib/python3/dist-packages/oslo_config/cfg.py:2609
2025-03-20 02:00:48.494 72322 DEBUG oslo_service.service [-] cache.expiration_time = 600 log_opt_values /usr/lib/python3/dist-packages/oslo_config/cfg.py:2609
2025-03-20 02:00:48.494 72322 DEBUG oslo_service.service [-] cache.memcache_dead_retry = 300 log_opt_values /usr/lib/python3/dist-packages/oslo_config/cfg.py:2609
2025-03-20 02:00:48.494 72322 DEBUG oslo_service.service [-] cache.memcache_pool_connection_get_timeout = 10 log_opt_values /usr/lib/python3/dist-packages/oslo_config/cfg.py:2609
2025-03-20 02:00:48.494 72322 DEBUG oslo_service.service [-] cache.memcache_pool_flush_on_reconnect = False log_opt_values /usr/lib/python3/dist-packages/oslo_config/cfg.py:2609
2025-03-20 02:00:48.494 72322 DEBUG oslo_service.service [-] cache.memcache_pool_maxsize = 10 log_opt_values /usr/lib/python3/dist-packages/oslo_config/cfg.py:2609
2025-03-20 02:00:48.494 72322 DEBUG oslo_service.service [-] cache.memcache_pool_unused_timeout = 60 log_opt_values /usr/lib/python3/dist-packages/oslo_config/cfg.py:2609
2025-03-20 02:00:48.494 72322 DEBUG oslo_service.service [-] cache.memcache_servers = ['localhost:11211'] log_opt_values /usr/lib/python3/dist-packages/oslo_config/cfg.py:2609
2025-03-20 02:00:48.494 72322 DEBUG oslo_service.service [-] cache.memcache_socket_timeout = 1.0 log_opt_values /usr/lib/python3/dist-packages/oslo_config/cfg.py:2609
2025-03-20 02:00:48.495 72322 DEBUG oslo_service.service [-] cache.proxies = [] log_opt_values /usr/lib/python3/dist-packages/oslo_config/cfg.py:2609
2025-03-20 02:00:48.495 72322 DEBUG oslo_service.service [-] cache.tls_allowed_ciphers = None log_opt_values /usr/lib/python3/dist-packages/oslo_config/cfg.py:2609
2025-03-20 02:00:48.495 72322 DEBUG oslo_service.service [-] cache.tls_cafile = None log_opt_values /usr/lib/python3/dist-packages/oslo_config/cfg.py:2609
2025-03-20 02:00:48.495 72322 DEBUG oslo_service.service [-] cache.tls_certfile = None log_opt_values /usr/lib/python3/dist-packages/oslo_config/cfg.py:2609
2025-03-20 02:00:48.495 72322 DEBUG oslo_service.service [-] cache.tls_enabled = False log_opt_values /usr/lib/python3/dist-packages/oslo_config/cfg.py:2609
2025-03-20 02:00:48.495 72322 DEBUG oslo_service.service [-] cache.tls_keyfile = None log_opt_values /usr/lib/python3/dist-packages/oslo_config/cfg.py:2609
2025-03-20 02:00:48.495 72322 DEBUG oslo_service.service [-] constraint_validation_cache.caching = True log_opt_values /usr/lib/python3/dist-packages/oslo_config/cfg.py:2609
2025-03-20 02:00:48.495 72322 DEBUG oslo_service.service [-] constraint_validation_cache.expiration_time = 60 log_opt_values /usr/lib/python3/dist-packages/oslo_config/cfg.py:2609
2025-03-20 02:00:48.495 72322 DEBUG oslo_service.service [-] service_extension_cache.caching = True log_opt_values /usr/lib/python3/dist-packages/oslo_config/cfg.py:2609
2025-03-20 02:00:48.496 72322 DEBUG oslo_service.service [-] service_extension_cache.expiration_time = 3600 log_opt_values /usr/lib/python3/dist-packages/oslo_config/cfg.py:2609
2025-03-20 02:00:48.496 72322 DEBUG oslo_service.service [-] resource_finder_cache.caching = True log_opt_values /usr/lib/python3/dist-packages/oslo_config/cfg.py:2609
2025-03-20 02:00:48.496 72322 DEBUG oslo_service.service [-] resource_finder_cache.expiration_time = 3600 log_opt_values /usr/lib/python3/dist-packages/oslo_config/cfg.py:2609
2025-03-20 02:00:48.496 72322 DEBUG oslo_service.service [-] yaql.limit_iterators = 200 log_opt_values /usr/lib/python3/dist-packages/oslo_config/cfg.py:2609
2025-03-20 02:00:48.496 72322 DEBUG oslo_service.service [-] yaql.memory_quota = 10000 log_opt_values /usr/lib/python3/dist-packages/oslo_config/cfg.py:2609
2025-03-20 02:00:48.496 72322 DEBUG oslo_service.service [-] ******************************************************************************** log_opt_values /usr/lib/python3/dist-packages/oslo_config/cfg.py:2613
2025-03-20 02:00:48.511 72555 DEBUG oslo_db.sqlalchemy.engines [req-91c9d0a6-5b54-4a83-9616-59aca206fb1b - - - - -] MySQL server mode set to STRICT_TRANS_TABLES,STRICT_ALL_TABLES,NO_ZERO_IN_DATE,NO_ZERO_DATE,ERROR_FOR_DIVISION_BY_ZERO,TRADITIONAL,NO_ENGINE_SUBSTITUTION _check_effective_sql_mode /usr/lib/python3/dist-packages/oslo_db/sqlalchemy/engines.py:314
2025-03-20 02:00:48.514 72556 DEBUG oslo_db.sqlalchemy.engines [req-45ef69e6-92f5-4b4d-a182-20c683a59957 - - - - -] MySQL server mode set to STRICT_TRANS_TABLES,STRICT_ALL_TABLES,NO_ZERO_IN_DATE,NO_ZERO_DATE,ERROR_FOR_DIVISION_BY_ZERO,TRADITIONAL,NO_ENGINE_SUBSTITUTION _check_effective_sql_mode /usr/lib/python3/dist-packages/oslo_db/sqlalchemy/engines.py:314
2025-03-20 02:00:48.521 72554 DEBUG oslo_db.sqlalchemy.engines [req-31359e26-3ac3-4f59-885d-d798b5c27616 - - - - -] MySQL server mode set to STRICT_TRANS_TABLES,STRICT_ALL_TABLES,NO_ZERO_IN_DATE,NO_ZERO_DATE,ERROR_FOR_DIVISION_BY_ZERO,TRADITIONAL,NO_ENGINE_SUBSTITUTION _check_effective_sql_mode /usr/lib/python3/dist-packages/oslo_db/sqlalchemy/engines.py:314
2025-03-20 02:00:48.530 72557 DEBUG oslo_db.sqlalchemy.engines [req-ab70430d-31e6-47a7-91d2-d4f700556481 - - - - -] MySQL server mode set to STRICT_TRANS_TABLES,STRICT_ALL_TABLES,NO_ZERO_IN_DATE,NO_ZERO_DATE,ERROR_FOR_DIVISION_BY_ZERO,TRADITIONAL,NO_ENGINE_SUBSTITUTION _check_effective_sql_mode /usr/lib/python3/dist-packages/oslo_db/sqlalchemy/engines.py:314
2025-03-20 02:00:48.587 72556 DEBUG heat.engine.service [req-53260c6d-b58c-4440-88c6-c17d851d36e9 - - - - -] Service b0fce95f-4e0c-4bb9-9066-05eac45fc2d2 is started service_manage_report /usr/lib/python3/dist-packages/heat/engine/service.py:2363
2025-03-20 02:00:48.597 72555 DEBUG heat.engine.service [req-6f2f86d5-9d85-4069-82e0-0f48445d9e41 - - - - -] Service c01b84b0-a1eb-4d13-9613-79d7a2ce2551 is started service_manage_report /usr/lib/python3/dist-packages/heat/engine/service.py:2363
2025-03-20 02:00:48.609 72554 DEBUG heat.engine.service [req-b5b4d9f3-319f-401b-a784-4f0dfabbe428 - - - - -] Service 759640ca-7214-433e-a59c-42fa69657571 is started service_manage_report /usr/lib/python3/dist-packages/heat/engine/service.py:2363
2025-03-20 02:00:48.612 72556 DEBUG heat.engine.service [req-53260c6d-b58c-4440-88c6-c17d851d36e9 - - - - -] Service b0fce95f-4e0c-4bb9-9066-05eac45fc2d2 is updated service_manage_report /usr/lib/python3/dist-packages/heat/engine/service.py:2370
2025-03-20 02:00:48.619 72557 DEBUG heat.engine.service [req-cc5f2043-36ea-4bb4-bdd3-cc0412dde45f - - - - -] Service 164e7967-25e4-4d07-a903-a8870fd126a5 is started service_manage_report /usr/lib/python3/dist-packages/heat/engine/service.py:2363
2025-03-20 02:00:48.620 72555 DEBUG heat.engine.service [req-6f2f86d5-9d85-4069-82e0-0f48445d9e41 - - - - -] Service c01b84b0-a1eb-4d13-9613-79d7a2ce2551 is updated service_manage_report /usr/lib/python3/dist-packages/heat/engine/service.py:2370
2025-03-20 02:00:48.625 72554 DEBUG heat.engine.service [req-b5b4d9f3-319f-401b-a784-4f0dfabbe428 - - - - -] Service 759640ca-7214-433e-a59c-42fa69657571 is updated service_manage_report /usr/lib/python3/dist-packages/heat/engine/service.py:2370
2025-03-20 02:00:48.635 72557 DEBUG heat.engine.service [req-cc5f2043-36ea-4bb4-bdd3-cc0412dde45f - - - - -] Service 164e7967-25e4-4d07-a903-a8870fd126a5 is updated service_manage_report /usr/lib/python3/dist-packages/heat/engine/service.py:2370
2025-03-20 02:01:48.576 72555 DEBUG heat.engine.service [req-e1e8fb45-c65a-42aa-b8f4-d5aedada425d - - - - -] Service c01b84b0-a1eb-4d13-9613-79d7a2ce2551 is updated service_manage_report /usr/lib/python3/dist-packages/heat/engine/service.py:2370
2025-03-20 02:01:48.583 72556 DEBUG heat.engine.service [req-7206f3fb-3f88-4842-bf1f-47966d6fe2eb - - - - -] Service b0fce95f-4e0c-4bb9-9066-05eac45fc2d2 is updated service_manage_report /usr/lib/python3/dist-packages/heat/engine/service.py:2370
2025-03-20 02:01:48.603 72554 DEBUG heat.engine.service [req-21b3e7a9-2b64-4b01-b619-28664f64731a - - - - -] Service 759640ca-7214-433e-a59c-42fa69657571 is updated service_manage_report /usr/lib/python3/dist-packages/heat/engine/service.py:2370
2025-03-20 02:01:48.612 72557 DEBUG heat.engine.service [req-7b479f6d-da52-4aa9-bc91-9f5581301197 - - - - -] Service 164e7967-25e4-4d07-a903-a8870fd126a5 is updated service_manage_report /usr/lib/python3/dist-packages/heat/engine/service.py:2370
2025-03-20 02:02:48.573 72555 DEBUG heat.engine.service [req-e21d93a5-9a7d-4a7f-8863-b792fbcf84c9 - - - - -] Service c01b84b0-a1eb-4d13-9613-79d7a2ce2551 is updated service_manage_report /usr/lib/python3/dist-packages/heat/engine/service.py:2370
2025-03-20 02:02:48.576 72556 DEBUG heat.engine.service [req-15503521-ef63-44a1-be38-4dd7eb343382 - - - - -] Service b0fce95f-4e0c-4bb9-9066-05eac45fc2d2 is updated service_manage_report /usr/lib/python3/dist-packages/heat/engine/service.py:2370
2025-03-20 02:02:48.596 72554 DEBUG heat.engine.service [req-61bd9fad-e164-449d-85a0-5f71ddd1cbd2 - - - - -] Service 759640ca-7214-433e-a59c-42fa69657571 is updated service_manage_report /usr/lib/python3/dist-packages/heat/engine/service.py:2370
2025-03-20 02:02:48.606 72557 DEBUG heat.engine.service [req-c3286afc-660b-4c2b-afc5-14fe44715915 - - - - -] Service 164e7967-25e4-4d07-a903-a8870fd126a5 is updated service_manage_report /usr/lib/python3/dist-packages/heat/engine/service.py:2370
2025-03-20 02:03:48.567 72555 DEBUG heat.engine.service [req-cfd6a3db-cd63-4dd3-a04e-dabe5903f903 - - - - -] Service c01b84b0-a1eb-4d13-9613-79d7a2ce2551 is updated service_manage_report /usr/lib/python3/dist-packages/heat/engine/service.py:2370
2025-03-20 02:03:48.580 72556 DEBUG heat.engine.service [req-3367e81f-4319-4bdd-a813-5e0701ff389e - - - - -] Service b0fce95f-4e0c-4bb9-9066-05eac45fc2d2 is updated service_manage_report /usr/lib/python3/dist-packages/heat/engine/service.py:2370
2025-03-20 02:03:48.600 72554 DEBUG heat.engine.service [req-e5b8b44b-2c11-4292-a9a5-dab796e3189d - - - - -] Service 759640ca-7214-433e-a59c-42fa69657571 is updated service_manage_report /usr/lib/python3/dist-packages/heat/engine/service.py:2370
2025-03-20 02:03:48.609 72557 DEBUG heat.engine.service [req-a61955c8-a3eb-4ecf-9058-72ef2bea56e4 - - - - -] Service 164e7967-25e4-4d07-a903-a8870fd126a5 is updated service_manage_report /usr/lib/python3/dist-packages/heat/engine/service.py:2370
2025-03-20 02:04:48.572 72555 DEBUG heat.engine.service [req-e3273109-d18d-4b4a-af96-d20d07667f04 - - - - -] Service c01b84b0-a1eb-4d13-9613-79d7a2ce2551 is updated service_manage_report /usr/lib/python3/dist-packages/heat/engine/service.py:2370
2025-03-20 02:04:48.584 72556 DEBUG heat.engine.service [req-aae28630-8d1b-47c9-83f4-f802635f9caf - - - - -] Service b0fce95f-4e0c-4bb9-9066-05eac45fc2d2 is updated service_manage_report /usr/lib/python3/dist-packages/heat/engine/service.py:2370
2025-03-20 02:04:48.607 72554 DEBUG heat.engine.service [req-85be06b6-ec5b-436d-b255-ed18d52ccaaa - - - - -] Service 759640ca-7214-433e-a59c-42fa69657571 is updated service_manage_report /usr/lib/python3/dist-packages/heat/engine/service.py:2370
2025-03-20 02:04:48.613 72557 DEBUG heat.engine.service [req-7288380c-80b0-468c-82b5-68d1ea27dec6 - - - - -] Service 164e7967-25e4-4d07-a903-a8870fd126a5 is updated service_manage_report /usr/lib/python3/dist-packages/heat/engine/service.py:2370
2025-03-20 02:05:48.578 72555 DEBUG heat.engine.service [req-7429853b-12d6-46eb-b04f-b2d98fe1896b - - - - -] Service c01b84b0-a1eb-4d13-9613-79d7a2ce2551 is updated service_manage_report /usr/lib/python3/dist-packages/heat/engine/service.py:2370
2025-03-20 02:05:48.589 72556 DEBUG heat.engine.service [req-6fac76fe-6f3c-4a31-9fe2-8a1cadfaf34d - - - - -] Service b0fce95f-4e0c-4bb9-9066-05eac45fc2d2 is updated service_manage_report /usr/lib/python3/dist-packages/heat/engine/service.py:2370
2025-03-20 02:05:48.603 72554 DEBUG heat.engine.service [req-4b970249-e6e1-48fa-846b-251ebb42522e - - - - -] Service 759640ca-7214-433e-a59c-42fa69657571 is updated service_manage_report /usr/lib/python3/dist-packages/heat/engine/service.py:2370
2025-03-20 02:05:48.622 72557 DEBUG heat.engine.service [req-e59492c1-e98a-4959-8d73-ccba15aa4db6 - - - - -] Service 164e7967-25e4-4d07-a903-a8870fd126a5 is updated service_manage_report /usr/lib/python3/dist-packages/heat/engine/service.py:2370
2025-03-20 02:06:48.585 72555 DEBUG heat.engine.service [req-8c6d4d75-0a05-4c4c-a74d-f1b9816e8860 - - - - -] Service c01b84b0-a1eb-4d13-9613-79d7a2ce2551 is updated service_manage_report /usr/lib/python3/dist-packages/heat/engine/service.py:2370
2025-03-20 02:06:48.601 72556 DEBUG heat.engine.service [req-54733bc5-218e-42ea-9d38-f4b3c50ed913 - - - - -] Service b0fce95f-4e0c-4bb9-9066-05eac45fc2d2 is updated service_manage_report /usr/lib/python3/dist-packages/heat/engine/service.py:2370
2025-03-20 02:06:48.602 72554 DEBUG heat.engine.service [req-1ac13531-f7f8-433a-a66d-02718d26bade - - - - -] Service 759640ca-7214-433e-a59c-42fa69657571 is updated service_manage_report /usr/lib/python3/dist-packages/heat/engine/service.py:2370
2025-03-20 02:06:48.616 72557 DEBUG heat.engine.service [req-b8c9bd31-d521-4e2e-937d-d310189c64db - - - - -] Service 164e7967-25e4-4d07-a903-a8870fd126a5 is updated service_manage_report /usr/lib/python3/dist-packages/heat/engine/service.py:2370
2025-03-20 02:07:48.582 72555 DEBUG heat.engine.service [req-9153a050-2687-49e2-b1da-41026bec709e - - - - -] Service c01b84b0-a1eb-4d13-9613-79d7a2ce2551 is updated service_manage_report /usr/lib/python3/dist-packages/heat/engine/service.py:2370
2025-03-20 02:07:48.597 72556 DEBUG heat.engine.service [req-a57f9e87-0c99-40fa-98d5-d52e9c72abf3 - - - - -] Service b0fce95f-4e0c-4bb9-9066-05eac45fc2d2 is updated service_manage_report /usr/lib/python3/dist-packages/heat/engine/service.py:2370
2025-03-20 02:07:48.598 72554 DEBUG heat.engine.service [req-c4493517-ed67-4f46-b2d0-07fd1ed7e186 - - - - -] Service 759640ca-7214-433e-a59c-42fa69657571 is updated service_manage_report /usr/lib/python3/dist-packages/heat/engine/service.py:2370
2025-03-20 02:07:48.620 72557 DEBUG heat.engine.service [req-14d4c1ef-708a-4795-b269-8b1a743f1edf - - - - -] Service 164e7967-25e4-4d07-a903-a8870fd126a5 is updated service_manage_report /usr/lib/python3/dist-packages/heat/engine/service.py:2370
2025-03-20 02:08:48.577 72555 DEBUG heat.engine.service [req-f153497e-55b6-48ef-917b-87dbdde2fa62 - - - - -] Service c01b84b0-a1eb-4d13-9613-79d7a2ce2551 is updated service_manage_report /usr/lib/python3/dist-packages/heat/engine/service.py:2370
2025-03-20 02:08:48.592 72556 DEBUG heat.engine.service [req-25625c7e-aa93-4012-a8d1-c0016cb5857c - - - - -] Service b0fce95f-4e0c-4bb9-9066-05eac45fc2d2 is updated service_manage_report /usr/lib/python3/dist-packages/heat/engine/service.py:2370
2025-03-20 02:08:48.603 72554 DEBUG heat.engine.service [req-e3d7f2ab-c3ec-47fa-bdac-68b543b891df - - - - -] Service 759640ca-7214-433e-a59c-42fa69657571 is updated service_manage_report /usr/lib/python3/dist-packages/heat/engine/service.py:2370
2025-03-20 02:08:48.623 72557 DEBUG heat.engine.service [req-8837899b-288d-4ca2-a4d5-d84b4c420320 - - - - -] Service 164e7967-25e4-4d07-a903-a8870fd126a5 is updated service_manage_report /usr/lib/python3/dist-packages/heat/engine/service.py:2370
2025-03-20 02:09:48.582 72555 DEBUG heat.engine.service [req-c0056d53-a651-47b1-b3de-80856165a6d4 - - - - -] Service c01b84b0-a1eb-4d13-9613-79d7a2ce2551 is updated service_manage_report /usr/lib/python3/dist-packages/heat/engine/service.py:2370
2025-03-20 02:09:48.596 72556 DEBUG heat.engine.service [req-b0618576-38b4-4c80-98fe-e404a5c6b2a6 - - - - -] Service b0fce95f-4e0c-4bb9-9066-05eac45fc2d2 is updated service_manage_report /usr/lib/python3/dist-packages/heat/engine/service.py:2370
2025-03-20 02:09:48.606 72554 DEBUG heat.engine.service [req-2eaff670-8a48-4636-b840-a98c037f9b1f - - - - -] Service 759640ca-7214-433e-a59c-42fa69657571 is updated service_manage_report /usr/lib/python3/dist-packages/heat/engine/service.py:2370
2025-03-20 02:09:48.631 72557 DEBUG heat.engine.service [req-f6ba1d88-8c10-49e8-9caa-5e936405a5b0 - - - - -] Service 164e7967-25e4-4d07-a903-a8870fd126a5 is updated service_manage_report /usr/lib/python3/dist-packages/heat/engine/service.py:2370
2025-03-20 02:10:48.578 72555 DEBUG heat.engine.service [req-9ed2ad2d-e9d1-44d3-8c95-8d1c33946e4a - - - - -] Service c01b84b0-a1eb-4d13-9613-79d7a2ce2551 is updated service_manage_report /usr/lib/python3/dist-packages/heat/engine/service.py:2370
2025-03-20 02:10:48.601 72556 DEBUG heat.engine.service [req-428b595c-9937-4c22-b5de-8fac7468b3dd - - - - -] Service b0fce95f-4e0c-4bb9-9066-05eac45fc2d2 is updated service_manage_report /usr/lib/python3/dist-packages/heat/engine/service.py:2370
2025-03-20 02:10:48.610 72554 DEBUG heat.engine.service [req-153d58a0-202e-47aa-8810-2ec5499abb68 - - - - -] Service 759640ca-7214-433e-a59c-42fa69657571 is updated service_manage_report /usr/lib/python3/dist-packages/heat/engine/service.py:2370
2025-03-20 02:10:48.627 72557 DEBUG heat.engine.service [req-ea3f1fa5-829b-45b2-92f5-227beb5b802f - - - - -] Service 164e7967-25e4-4d07-a903-a8870fd126a5 is updated service_manage_report /usr/lib/python3/dist-packages/heat/engine/service.py:2370
2025-03-20 02:11:48.583 72555 DEBUG heat.engine.service [req-f3ee70e9-d098-4874-ae92-4efb2c065e0d - - - - -] Service c01b84b0-a1eb-4d13-9613-79d7a2ce2551 is updated service_manage_report /usr/lib/python3/dist-packages/heat/engine/service.py:2370
2025-03-20 02:11:48.605 72556 DEBUG heat.engine.service [req-8fcba22d-5165-460d-971d-44bd9eb25380 - - - - -] Service b0fce95f-4e0c-4bb9-9066-05eac45fc2d2 is updated service_manage_report /usr/lib/python3/dist-packages/heat/engine/service.py:2370
2025-03-20 02:11:48.616 72554 DEBUG heat.engine.service [req-34abba6a-e19c-4bae-9657-71432339421e - - - - -] Service 759640ca-7214-433e-a59c-42fa69657571 is updated service_manage_report /usr/lib/python3/dist-packages/heat/engine/service.py:2370
2025-03-20 02:11:48.621 72557 DEBUG heat.engine.service [req-018179b0-4c01-4b0d-850d-e6ebfb464771 - - - - -] Service 164e7967-25e4-4d07-a903-a8870fd126a5 is updated service_manage_report /usr/lib/python3/dist-packages/heat/engine/service.py:2370
2025-03-20 02:12:48.593 72555 DEBUG heat.engine.service [req-79b2bd15-86ab-41f5-b18b-758c706886a8 - - - - -] Service c01b84b0-a1eb-4d13-9613-79d7a2ce2551 is updated service_manage_report /usr/lib/python3/dist-packages/heat/engine/service.py:2370
2025-03-20 02:12:48.616 72556 DEBUG heat.engine.service [req-8c2dc306-9e8f-46a2-a4ac-67895c3d82aa - - - - -] Service b0fce95f-4e0c-4bb9-9066-05eac45fc2d2 is updated service_manage_report /usr/lib/python3/dist-packages/heat/engine/service.py:2370
2025-03-20 02:12:48.629 72554 DEBUG heat.engine.service [req-3691ce20-a036-4960-a5d3-4d51da67ef0a - - - - -] Service 759640ca-7214-433e-a59c-42fa69657571 is updated service_manage_report /usr/lib/python3/dist-packages/heat/engine/service.py:2370
2025-03-20 02:12:48.630 72557 DEBUG heat.engine.service [req-f7df1cc9-92df-4046-901e-47bae8af986a - - - - -] Service 164e7967-25e4-4d07-a903-a8870fd126a5 is updated service_manage_report /usr/lib/python3/dist-packages/heat/engine/service.py:2370
2025-03-20 02:13:48.588 72555 DEBUG heat.engine.service [req-d9776f44-d025-4432-9bde-09b44d84cd03 - - - - -] Service c01b84b0-a1eb-4d13-9613-79d7a2ce2551 is updated service_manage_report /usr/lib/python3/dist-packages/heat/engine/service.py:2370
2025-03-20 02:13:48.610 72556 DEBUG heat.engine.service [req-722cac2c-daff-49cd-b98c-166bebafdcd4 - - - - -] Service b0fce95f-4e0c-4bb9-9066-05eac45fc2d2 is updated service_manage_report /usr/lib/python3/dist-packages/heat/engine/service.py:2370
2025-03-20 02:13:48.626 72554 DEBUG heat.engine.service [req-8c6c5e3f-03ff-4013-960b-f60427753125 - - - - -] Service 759640ca-7214-433e-a59c-42fa69657571 is updated service_manage_report /usr/lib/python3/dist-packages/heat/engine/service.py:2370
2025-03-20 02:13:48.628 72557 DEBUG heat.engine.service [req-bee72fd7-1947-45d9-8fd1-8069012c99e0 - - - - -] Service 164e7967-25e4-4d07-a903-a8870fd126a5 is updated service_manage_report /usr/lib/python3/dist-packages/heat/engine/service.py:2370
2025-03-20 02:14:48.592 72555 DEBUG heat.engine.service [req-4d581d19-1527-42ed-a8f5-f2114208275d - - - - -] Service c01b84b0-a1eb-4d13-9613-79d7a2ce2551 is updated service_manage_report /usr/lib/python3/dist-packages/heat/engine/service.py:2370
2025-03-20 02:14:48.618 72556 DEBUG heat.engine.service [req-554fd471-5b8e-4832-bdb7-c7f6af4f653d - - - - -] Service b0fce95f-4e0c-4bb9-9066-05eac45fc2d2 is updated service_manage_report /usr/lib/python3/dist-packages/heat/engine/service.py:2370
2025-03-20 02:14:48.622 72554 DEBUG heat.engine.service [req-f76d5723-1a93-4c9d-ae74-b0d016f4d8bb - - - - -] Service 759640ca-7214-433e-a59c-42fa69657571 is updated service_manage_report /usr/lib/python3/dist-packages/heat/engine/service.py:2370
2025-03-20 02:14:48.628 72557 DEBUG heat.engine.service [req-f6a95405-2705-4e24-b850-05721d3b0aef - - - - -] Service 164e7967-25e4-4d07-a903-a8870fd126a5 is updated service_manage_report /usr/lib/python3/dist-packages/heat/engine/service.py:2370
2025-03-20 02:15:48.598 72555 DEBUG heat.engine.service [req-bf51ea8b-a542-4479-a6a4-22e0f6befda8 - - - - -] Service c01b84b0-a1eb-4d13-9613-79d7a2ce2551 is updated service_manage_report /usr/lib/python3/dist-packages/heat/engine/service.py:2370
2025-03-20 02:15:48.612 72556 DEBUG heat.engine.service [req-f9bcc744-2c47-4c03-a312-9ab069f7b07a - - - - -] Service b0fce95f-4e0c-4bb9-9066-05eac45fc2d2 is updated service_manage_report /usr/lib/python3/dist-packages/heat/engine/service.py:2370
2025-03-20 02:15:48.616 72554 DEBUG heat.engine.service [req-e1952158-0770-4b6f-ab6d-184f840e9b9a - - - - -] Service 759640ca-7214-433e-a59c-42fa69657571 is updated service_manage_report /usr/lib/python3/dist-packages/heat/engine/service.py:2370
2025-03-20 02:15:48.623 72557 DEBUG heat.engine.service [req-e4f43fe9-f728-4088-8e78-77c7d77d56be - - - - -] Service 164e7967-25e4-4d07-a903-a8870fd126a5 is updated service_manage_report /usr/lib/python3/dist-packages/heat/engine/service.py:2370
2025-03-20 02:16:48.603 72555 DEBUG heat.engine.service [req-82c15fa7-897a-4599-8b40-97d41a365686 - - - - -] Service c01b84b0-a1eb-4d13-9613-79d7a2ce2551 is updated service_manage_report /usr/lib/python3/dist-packages/heat/engine/service.py:2370
2025-03-20 02:16:48.615 72556 DEBUG heat.engine.service [req-194d491a-980b-4af2-8170-f765d3bf1a87 - - - - -] Service b0fce95f-4e0c-4bb9-9066-05eac45fc2d2 is updated service_manage_report /usr/lib/python3/dist-packages/heat/engine/service.py:2370
2025-03-20 02:16:48.618 72554 DEBUG heat.engine.service [req-2c291f13-42d0-4c3b-a7b9-7b78f37b2bb8 - - - - -] Service 759640ca-7214-433e-a59c-42fa69657571 is updated service_manage_report /usr/lib/python3/dist-packages/heat/engine/service.py:2370
2025-03-20 02:16:48.629 72557 DEBUG heat.engine.service [req-a1e4d4f7-2905-4c36-b2e4-d4b08a7aada9 - - - - -] Service 164e7967-25e4-4d07-a903-a8870fd126a5 is updated service_manage_report /usr/lib/python3/dist-packages/heat/engine/service.py:2370
2025-03-20 02:17:48.608 72555 DEBUG heat.engine.service [req-5f61ce4f-85f1-4985-8535-67f26dac561c - - - - -] Service c01b84b0-a1eb-4d13-9613-79d7a2ce2551 is updated service_manage_report /usr/lib/python3/dist-packages/heat/engine/service.py:2370
2025-03-20 02:17:48.623 72556 DEBUG heat.engine.service [req-d6adb478-2ed8-4e46-a50d-57a0aeb852b0 - - - - -] Service b0fce95f-4e0c-4bb9-9066-05eac45fc2d2 is updated service_manage_report /usr/lib/python3/dist-packages/heat/engine/service.py:2370
2025-03-20 02:17:48.625 72554 DEBUG heat.engine.service [req-788390f8-85b9-4a9a-8501-d642d216dc5f - - - - -] Service 759640ca-7214-433e-a59c-42fa69657571 is updated service_manage_report /usr/lib/python3/dist-packages/heat/engine/service.py:2370
2025-03-20 02:17:48.625 72557 DEBUG heat.engine.service [req-3d838cce-457c-43c7-b1e4-f291f3709124 - - - - -] Service 164e7967-25e4-4d07-a903-a8870fd126a5 is updated service_manage_report /usr/lib/python3/dist-packages/heat/engine/service.py:2370
2025-03-20 02:18:48.616 72555 DEBUG heat.engine.service [req-f3a33bd8-2ca4-4c7b-975b-c1abd5c10a97 - - - - -] Service c01b84b0-a1eb-4d13-9613-79d7a2ce2551 is updated service_manage_report /usr/lib/python3/dist-packages/heat/engine/service.py:2370
2025-03-20 02:18:48.622 72554 DEBUG heat.engine.service [req-3b820567-5871-4673-a836-2acac42a17ea - - - - -] Service 759640ca-7214-433e-a59c-42fa69657571 is updated service_manage_report /usr/lib/python3/dist-packages/heat/engine/service.py:2370
2025-03-20 02:18:48.625 72556 DEBUG heat.engine.service [req-e21ce7e1-ddfb-4656-a8b0-3dc1581db622 - - - - -] Service b0fce95f-4e0c-4bb9-9066-05eac45fc2d2 is updated service_manage_report /usr/lib/python3/dist-packages/heat/engine/service.py:2370
2025-03-20 02:18:48.633 72557 DEBUG heat.engine.service [req-3005ee36-6ac8-47ba-bc62-cdc2e1ba0ad4 - - - - -] Service 164e7967-25e4-4d07-a903-a8870fd126a5 is updated service_manage_report /usr/lib/python3/dist-packages/heat/engine/service.py:2370
2025-03-20 02:19:48.611 72555 DEBUG heat.engine.service [req-7e2cb66a-f97b-4c06-b893-4512506a2982 - - - - -] Service c01b84b0-a1eb-4d13-9613-79d7a2ce2551 is updated service_manage_report /usr/lib/python3/dist-packages/heat/engine/service.py:2370
2025-03-20 02:19:48.615 72554 DEBUG heat.engine.service [req-e467060e-8ba7-4a87-8684-9cd4dc85ece8 - - - - -] Service 759640ca-7214-433e-a59c-42fa69657571 is updated service_manage_report /usr/lib/python3/dist-packages/heat/engine/service.py:2370
2025-03-20 02:19:48.619 72556 DEBUG heat.engine.service [req-bb5db2b3-1d2b-4bc2-badd-be56e060706c - - - - -] Service b0fce95f-4e0c-4bb9-9066-05eac45fc2d2 is updated service_manage_report /usr/lib/python3/dist-packages/heat/engine/service.py:2370
2025-03-20 02:19:48.626 72557 DEBUG heat.engine.service [req-4bd723e7-641c-4ac7-b830-b6e872bb543e - - - - -] Service 164e7967-25e4-4d07-a903-a8870fd126a5 is updated service_manage_report /usr/lib/python3/dist-packages/heat/engine/service.py:2370
2025-03-20 02:20:48.615 72555 DEBUG heat.engine.service [req-3a7f2dce-f4c9-4922-b4e7-9e84695924f7 - - - - -] Service c01b84b0-a1eb-4d13-9613-79d7a2ce2551 is updated service_manage_report /usr/lib/python3/dist-packages/heat/engine/service.py:2370
2025-03-20 02:20:48.618 72554 DEBUG heat.engine.service [req-918f2832-c207-4bad-a060-f9bf8124e63c - - - - -] Service 759640ca-7214-433e-a59c-42fa69657571 is updated service_manage_report /usr/lib/python3/dist-packages/heat/engine/service.py:2370
2025-03-20 02:20:48.623 72556 DEBUG heat.engine.service [req-da455da3-c19f-479b-ae59-6bec6c5ef9e6 - - - - -] Service b0fce95f-4e0c-4bb9-9066-05eac45fc2d2 is updated service_manage_report /usr/lib/python3/dist-packages/heat/engine/service.py:2370
2025-03-20 02:20:48.631 72557 DEBUG heat.engine.service [req-fa52cfa7-8478-4150-bd99-d241b589732b - - - - -] Service 164e7967-25e4-4d07-a903-a8870fd126a5 is updated service_manage_report /usr/lib/python3/dist-packages/heat/engine/service.py:2370
2025-03-20 02:21:48.624 72555 DEBUG heat.engine.service [req-a21f8a49-1fd5-4faf-888f-34d6bb6b9b09 - - - - -] Service c01b84b0-a1eb-4d13-9613-79d7a2ce2551 is updated service_manage_report /usr/lib/python3/dist-packages/heat/engine/service.py:2370
2025-03-20 02:21:48.628 72556 DEBUG heat.engine.service [req-772c9028-a86b-47d8-9b2e-689958fb244a - - - - -] Service b0fce95f-4e0c-4bb9-9066-05eac45fc2d2 is updated service_manage_report /usr/lib/python3/dist-packages/heat/engine/service.py:2370
2025-03-20 02:21:48.628 72554 DEBUG heat.engine.service [req-ac33d1c3-5a4f-417d-b57a-3f1a4b0b9a86 - - - - -] Service 759640ca-7214-433e-a59c-42fa69657571 is updated service_manage_report /usr/lib/python3/dist-packages/heat/engine/service.py:2370
2025-03-20 02:21:48.640 72557 DEBUG heat.engine.service [req-a2f9d4f3-ca7d-4dbb-ab8b-1a7d48b01136 - - - - -] Service 164e7967-25e4-4d07-a903-a8870fd126a5 is updated service_manage_report /usr/lib/python3/dist-packages/heat/engine/service.py:2370
2025-03-20 02:22:48.622 72555 DEBUG heat.engine.service [req-c198d810-14e2-40b0-8f84-4a759b08272a - - - - -] Service c01b84b0-a1eb-4d13-9613-79d7a2ce2551 is updated service_manage_report /usr/lib/python3/dist-packages/heat/engine/service.py:2370
