2025-03-20 02:07:23.965 7 DEBUG oslo_service.service [-] ml2_type_gre.tunnel_id_ranges = [] log_opt_values /var/lib/kolla/venv/lib/python3.6/site-packages/oslo_config/cfg.py:2611
2025-03-20 02:07:23.965 7 DEBUG oslo_service.service [-] ml2_type_vlan.network_vlan_ranges = [] log_opt_values /var/lib/kolla/venv/lib/python3.6/site-packages/oslo_config/cfg.py:2611
2025-03-20 02:07:23.965 7 DEBUG oslo_service.service [-] ml2_type_vxlan.vni_ranges = [] log_opt_values /var/lib/kolla/venv/lib/python3.6/site-packages/oslo_config/cfg.py:2611
2025-03-20 02:07:23.965 7 DEBUG oslo_service.service [-] ml2_type_vxlan.vxlan_group = None log_opt_values /var/lib/kolla/venv/lib/python3.6/site-packages/oslo_config/cfg.py:2611
2025-03-20 02:07:23.965 7 DEBUG oslo_service.service [-] database.backend = sqlalchemy log_opt_values /var/lib/kolla/venv/lib/python3.6/site-packages/oslo_config/cfg.py:2611
2025-03-20 02:07:23.965 7 DEBUG oslo_service.service [-] database.connection = **** log_opt_values /var/lib/kolla/venv/lib/python3.6/site-packages/oslo_config/cfg.py:2611
2025-03-20 02:07:23.965 7 DEBUG oslo_service.service [-] database.connection_debug = 0 log_opt_values /var/lib/kolla/venv/lib/python3.6/site-packages/oslo_config/cfg.py:2611
2025-03-20 02:07:23.965 7 DEBUG oslo_service.service [-] database.connection_parameters = log_opt_values /var/lib/kolla/venv/lib/python3.6/site-packages/oslo_config/cfg.py:2611
2025-03-20 02:07:23.965 7 DEBUG oslo_service.service [-] database.connection_recycle_time = 10 log_opt_values /var/lib/kolla/venv/lib/python3.6/site-packages/oslo_config/cfg.py:2611
2025-03-20 02:07:23.965 7 DEBUG oslo_service.service [-] database.connection_trace = False log_opt_values /var/lib/kolla/venv/lib/python3.6/site-packages/oslo_config/cfg.py:2611
2025-03-20 02:07:23.965 7 DEBUG oslo_service.service [-] database.db_inc_retry_interval = True log_opt_values /var/lib/kolla/venv/lib/python3.6/site-packages/oslo_config/cfg.py:2611
2025-03-20 02:07:23.965 7 DEBUG oslo_service.service [-] database.db_max_retries = 20 log_opt_values /var/lib/kolla/venv/lib/python3.6/site-packages/oslo_config/cfg.py:2611
2025-03-20 02:07:23.965 7 DEBUG oslo_service.service [-] database.db_max_retry_interval = 10 log_opt_values /var/lib/kolla/venv/lib/python3.6/site-packages/oslo_config/cfg.py:2611
2025-03-20 02:07:23.965 7 DEBUG oslo_service.service [-] database.db_retry_interval = 1 log_opt_values /var/lib/kolla/venv/lib/python3.6/site-packages/oslo_config/cfg.py:2611
2025-03-20 02:07:23.965 7 DEBUG oslo_service.service [-] database.max_overflow = 50 log_opt_values /var/lib/kolla/venv/lib/python3.6/site-packages/oslo_config/cfg.py:2611
2025-03-20 02:07:23.966 7 DEBUG oslo_service.service [-] database.max_pool_size = 1 log_opt_values /var/lib/kolla/venv/lib/python3.6/site-packages/oslo_config/cfg.py:2611
2025-03-20 02:07:23.966 7 DEBUG oslo_service.service [-] database.max_retries = -1 log_opt_values /var/lib/kolla/venv/lib/python3.6/site-packages/oslo_config/cfg.py:2611
2025-03-20 02:07:23.966 7 DEBUG oslo_service.service [-] database.mysql_enable_ndb = False log_opt_values /var/lib/kolla/venv/lib/python3.6/site-packages/oslo_config/cfg.py:2611
2025-03-20 02:07:23.966 7 DEBUG oslo_service.service [-] database.mysql_sql_mode = TRADITIONAL log_opt_values /var/lib/kolla/venv/lib/python3.6/site-packages/oslo_config/cfg.py:2611
2025-03-20 02:07:23.966 7 DEBUG oslo_service.service [-] database.pool_timeout = None log_opt_values /var/lib/kolla/venv/lib/python3.6/site-packages/oslo_config/cfg.py:2611
2025-03-20 02:07:23.966 7 DEBUG oslo_service.service [-] database.retry_interval = 10 log_opt_values /var/lib/kolla/venv/lib/python3.6/site-packages/oslo_config/cfg.py:2611
2025-03-20 02:07:23.966 7 DEBUG oslo_service.service [-] database.slave_connection = **** log_opt_values /var/lib/kolla/venv/lib/python3.6/site-packages/oslo_config/cfg.py:2611
2025-03-20 02:07:23.966 7 DEBUG oslo_service.service [-] database.sqlite_synchronous = True log_opt_values /var/lib/kolla/venv/lib/python3.6/site-packages/oslo_config/cfg.py:2611
2025-03-20 02:07:23.966 7 DEBUG oslo_service.service [-] database.use_db_reconnect = False log_opt_values /var/lib/kolla/venv/lib/python3.6/site-packages/oslo_config/cfg.py:2611
2025-03-20 02:07:23.966 7 DEBUG oslo_service.service [-] ******************************************************************************** log_opt_values /var/lib/kolla/venv/lib/python3.6/site-packages/oslo_config/cfg.py:2613
2025-03-20 02:07:25.923 22 DEBUG neutron.wsgi [-] (22) accepted ('10.0.0.33', 38004) server /var/lib/kolla/venv/lib/python3.6/site-packages/eventlet/wsgi.py:1004
2025-03-20 02:07:25.929 22 INFO neutron.wsgi [-] 10.0.0.33 "GET / HTTP/1.1" status: 200 len: 227 time: 0.0047150
2025-03-20 02:07:28.397 23 DEBUG neutron.api.rpc.handlers.dhcp_rpc [req-74f22465-7d43-4497-b62d-a14688921c82 - - - - -] get_active_networks_info from cn-jenkins-deploy-platform-ansible-os-2926-1 get_active_networks_info /var/lib/kolla/venv/lib/python3.6/site-packages/neutron/api/rpc/handlers/dhcp_rpc.py:159
2025-03-20 02:07:28.417 27 DEBUG neutron_lib.callbacks.manager [req-524dfc1d-1e23-4871-b163-2ea68880b0d0 - - - - -] Publish callbacks ['neutron.services.segments.db._update_segment_host_mapping_for_agent-8761030275648', 'neutron.services.l3_router.l3_router_plugin.DVRResourceOperationHandler.create_fip_agent_gw_ports-587965'] for agent (963d744c-ca7c-4a0d-a9b3-d58ab600f0d4), after_create _notify_loop /var/lib/kolla/venv/lib/python3.6/site-packages/neutron_lib/callbacks/manager.py:177
2025-03-20 02:07:28.431 23 DEBUG neutron.scheduler.dhcp_agent_scheduler [req-74f22465-7d43-4497-b62d-a14688921c82 - - - - -] No non-hosted networks auto_schedule_networks /var/lib/kolla/venv/lib/python3.6/site-packages/neutron/scheduler/dhcp_agent_scheduler.py:60
2025-03-20 02:07:48.757 28 DEBUG neutron_lib.callbacks.manager [req-76610497-ab78-4d15-9493-f747f3e11bb6 - - - - -] Publish callbacks ['neutron.services.segments.db._update_segment_host_mapping_for_agent-8761030275648', 'neutron.services.l3_router.l3_router_plugin.DVRResourceOperationHandler.create_fip_agent_gw_ports-587965'] for agent (282c6d2f-6bf0-4590-9c0c-84f5ab007fb9), after_create _notify_loop /var/lib/kolla/venv/lib/python3.6/site-packages/neutron_lib/callbacks/manager.py:177
2025-03-20 02:07:55.969 22 DEBUG neutron.wsgi [-] (22) accepted ('10.0.0.33', 45108) server /var/lib/kolla/venv/lib/python3.6/site-packages/eventlet/wsgi.py:1004
2025-03-20 02:07:55.973 22 INFO neutron.wsgi [-] 10.0.0.33 "GET / HTTP/1.1" status: 200 len: 227 time: 0.0030332
2025-03-20 02:07:58.401 26 DEBUG neutron_lib.callbacks.manager [req-25982a29-914c-4e97-a74f-316ba3c624c2 - - - - -] Publish callbacks ['neutron.services.segments.db._update_segment_host_mapping_for_agent-8761030275648', 'neutron.plugins.ml2.plugin.Ml2Plugin._retry_binding_revived_agents--9223372036851345385'] for agent (963d744c-ca7c-4a0d-a9b3-d58ab600f0d4), after_update _notify_loop /var/lib/kolla/venv/lib/python3.6/site-packages/neutron_lib/callbacks/manager.py:177
2025-03-20 02:08:18.733 23 DEBUG neutron_lib.callbacks.manager [req-76610497-ab78-4d15-9493-f747f3e11bb6 - - - - -] Publish callbacks ['neutron.services.segments.db._update_segment_host_mapping_for_agent-8761030275648', 'neutron.plugins.ml2.plugin.Ml2Plugin._retry_binding_revived_agents--9223372036851345385'] for agent (282c6d2f-6bf0-4590-9c0c-84f5ab007fb9), after_update _notify_loop /var/lib/kolla/venv/lib/python3.6/site-packages/neutron_lib/callbacks/manager.py:177
2025-03-20 02:08:25.928 29 DEBUG neutron.db.agents_db [req-962f51a2-d5fd-45dc-9e2d-6ac2f9ee5a4d - - - - -] Agent healthcheck: found 2 active agents agent_health_check /var/lib/kolla/venv/lib/python3.6/site-packages/neutron/db/agents_db.py:318
2025-03-20 02:08:26.013 22 DEBUG neutron.wsgi [-] (22) accepted ('10.0.0.33', 45528) server /var/lib/kolla/venv/lib/python3.6/site-packages/eventlet/wsgi.py:1004
2025-03-20 02:08:26.016 22 INFO neutron.wsgi [-] 10.0.0.33 "GET / HTTP/1.1" status: 200 len: 227 time: 0.0024927
2025-03-20 02:08:28.404 25 DEBUG neutron_lib.callbacks.manager [req-c8c96bf5-33ef-4aee-910f-9295667479a6 - - - - -] Publish callbacks ['neutron.services.segments.db._update_segment_host_mapping_for_agent-8761030275648', 'neutron.plugins.ml2.plugin.Ml2Plugin._retry_binding_revived_agents--9223372036851345385'] for agent (963d744c-ca7c-4a0d-a9b3-d58ab600f0d4), after_update _notify_loop /var/lib/kolla/venv/lib/python3.6/site-packages/neutron_lib/callbacks/manager.py:177
2025-03-20 02:08:48.743 24 DEBUG neutron_lib.callbacks.manager [req-76610497-ab78-4d15-9493-f747f3e11bb6 - - - - -] Publish callbacks ['neutron.services.segments.db._update_segment_host_mapping_for_agent-8761030275648', 'neutron.plugins.ml2.plugin.Ml2Plugin._retry_binding_revived_agents--9223372036851345385'] for agent (282c6d2f-6bf0-4590-9c0c-84f5ab007fb9), after_update _notify_loop /var/lib/kolla/venv/lib/python3.6/site-packages/neutron_lib/callbacks/manager.py:177
2025-03-20 02:08:56.062 22 DEBUG neutron.wsgi [-] (22) accepted ('10.0.0.33', 59868) server /var/lib/kolla/venv/lib/python3.6/site-packages/eventlet/wsgi.py:1004
2025-03-20 02:08:56.065 22 INFO neutron.wsgi [-] 10.0.0.33 "GET / HTTP/1.1" status: 200 len: 227 time: 0.0025065
2025-03-20 02:08:58.395 27 DEBUG neutron_lib.callbacks.manager [req-ae691b04-4210-4a21-a38e-d408f9673199 - - - - -] Publish callbacks ['neutron.services.segments.db._update_segment_host_mapping_for_agent-8761030275648', 'neutron.plugins.ml2.plugin.Ml2Plugin._retry_binding_revived_agents--9223372036851345385'] for agent (963d744c-ca7c-4a0d-a9b3-d58ab600f0d4), after_update _notify_loop /var/lib/kolla/venv/lib/python3.6/site-packages/neutron_lib/callbacks/manager.py:177
2025-03-20 02:09:02.927 29 DEBUG neutron.db.agents_db [req-962f51a2-d5fd-45dc-9e2d-6ac2f9ee5a4d - - - - -] Agent healthcheck: found 2 active agents agent_health_check /var/lib/kolla/venv/lib/python3.6/site-packages/neutron/db/agents_db.py:318
2025-03-20 02:09:18.799 28 DEBUG neutron_lib.callbacks.manager [req-76610497-ab78-4d15-9493-f747f3e11bb6 - - - - -] Publish callbacks ['neutron.services.segments.db._update_segment_host_mapping_for_agent-8761030275648', 'neutron.plugins.ml2.plugin.Ml2Plugin._retry_binding_revived_agents--9223372036851345385'] for agent (282c6d2f-6bf0-4590-9c0c-84f5ab007fb9), after_update _notify_loop /var/lib/kolla/venv/lib/python3.6/site-packages/neutron_lib/callbacks/manager.py:177
2025-03-20 02:09:26.105 22 DEBUG neutron.wsgi [-] (22) accepted ('10.0.0.33', 50998) server /var/lib/kolla/venv/lib/python3.6/site-packages/eventlet/wsgi.py:1004
2025-03-20 02:09:26.108 22 INFO neutron.wsgi [-] 10.0.0.33 "GET / HTTP/1.1" status: 200 len: 227 time: 0.0024312
2025-03-20 02:09:28.389 26 DEBUG neutron_lib.callbacks.manager [req-58043d7d-3c81-4c55-9105-ae85484474a9 - - - - -] Publish callbacks ['neutron.services.segments.db._update_segment_host_mapping_for_agent-8761030275648', 'neutron.plugins.ml2.plugin.Ml2Plugin._retry_binding_revived_agents--9223372036851345385'] for agent (963d744c-ca7c-4a0d-a9b3-d58ab600f0d4), after_update _notify_loop /var/lib/kolla/venv/lib/python3.6/site-packages/neutron_lib/callbacks/manager.py:177
2025-03-20 02:09:39.932 29 DEBUG neutron.db.agents_db [req-962f51a2-d5fd-45dc-9e2d-6ac2f9ee5a4d - - - - -] Agent healthcheck: found 2 active agents agent_health_check /var/lib/kolla/venv/lib/python3.6/site-packages/neutron/db/agents_db.py:318
2025-03-20 02:09:48.734 23 DEBUG neutron_lib.callbacks.manager [req-76610497-ab78-4d15-9493-f747f3e11bb6 - - - - -] Publish callbacks ['neutron.services.segments.db._update_segment_host_mapping_for_agent-8761030275648', 'neutron.plugins.ml2.plugin.Ml2Plugin._retry_binding_revived_agents--9223372036851345385'] for agent (282c6d2f-6bf0-4590-9c0c-84f5ab007fb9), after_update _notify_loop /var/lib/kolla/venv/lib/python3.6/site-packages/neutron_lib/callbacks/manager.py:177
2025-03-20 02:09:56.149 22 DEBUG neutron.wsgi [-] (22) accepted ('10.0.0.33', 56600) server /var/lib/kolla/venv/lib/python3.6/site-packages/eventlet/wsgi.py:1004
2025-03-20 02:09:56.154 22 INFO neutron.wsgi [-] 10.0.0.33 "GET / HTTP/1.1" status: 200 len: 227 time: 0.0042901
2025-03-20 02:09:58.394 25 DEBUG neutron_lib.callbacks.manager [req-4f2f70cf-d98e-4946-b7e3-1966d32586e0 - - - - -] Publish callbacks ['neutron.services.segments.db._update_segment_host_mapping_for_agent-8761030275648', 'neutron.plugins.ml2.plugin.Ml2Plugin._retry_binding_revived_agents--9223372036851345385'] for agent (963d744c-ca7c-4a0d-a9b3-d58ab600f0d4), after_update _notify_loop /var/lib/kolla/venv/lib/python3.6/site-packages/neutron_lib/callbacks/manager.py:177
2025-03-20 02:10:16.940 29 DEBUG neutron.db.agents_db [req-962f51a2-d5fd-45dc-9e2d-6ac2f9ee5a4d - - - - -] Agent healthcheck: found 2 active agents agent_health_check /var/lib/kolla/venv/lib/python3.6/site-packages/neutron/db/agents_db.py:318
2025-03-20 02:10:18.736 24 DEBUG neutron_lib.callbacks.manager [req-76610497-ab78-4d15-9493-f747f3e11bb6 - - - - -] Publish callbacks ['neutron.services.segments.db._update_segment_host_mapping_for_agent-8761030275648', 'neutron.plugins.ml2.plugin.Ml2Plugin._retry_binding_revived_agents--9223372036851345385'] for agent (282c6d2f-6bf0-4590-9c0c-84f5ab007fb9), after_update _notify_loop /var/lib/kolla/venv/lib/python3.6/site-packages/neutron_lib/callbacks/manager.py:177
2025-03-20 02:10:26.195 22 DEBUG neutron.wsgi [-] (22) accepted ('10.0.0.33', 57194) server /var/lib/kolla/venv/lib/python3.6/site-packages/eventlet/wsgi.py:1004
2025-03-20 02:10:26.198 22 INFO neutron.wsgi [-] 10.0.0.33 "GET / HTTP/1.1" status: 200 len: 227 time: 0.0024905
2025-03-20 02:10:28.399 27 DEBUG neutron_lib.callbacks.manager [req-0b9ba144-fe3e-4944-81f1-1d1e9c098ebb - - - - -] Publish callbacks ['neutron.services.segments.db._update_segment_host_mapping_for_agent-8761030275648', 'neutron.plugins.ml2.plugin.Ml2Plugin._retry_binding_revived_agents--9223372036851345385'] for agent (963d744c-ca7c-4a0d-a9b3-d58ab600f0d4), after_update _notify_loop /var/lib/kolla/venv/lib/python3.6/site-packages/neutron_lib/callbacks/manager.py:177
2025-03-20 02:10:48.739 28 DEBUG neutron_lib.callbacks.manager [req-76610497-ab78-4d15-9493-f747f3e11bb6 - - - - -] Publish callbacks ['neutron.services.segments.db._update_segment_host_mapping_for_agent-8761030275648', 'neutron.plugins.ml2.plugin.Ml2Plugin._retry_binding_revived_agents--9223372036851345385'] for agent (282c6d2f-6bf0-4590-9c0c-84f5ab007fb9), after_update _notify_loop /var/lib/kolla/venv/lib/python3.6/site-packages/neutron_lib/callbacks/manager.py:177
2025-03-20 02:10:53.946 29 DEBUG neutron.db.agents_db [req-962f51a2-d5fd-45dc-9e2d-6ac2f9ee5a4d - - - - -] Agent healthcheck: found 2 active agents agent_health_check /var/lib/kolla/venv/lib/python3.6/site-packages/neutron/db/agents_db.py:318
2025-03-20 02:10:56.238 22 DEBUG neutron.wsgi [-] (22) accepted ('10.0.0.33', 44020) server /var/lib/kolla/venv/lib/python3.6/site-packages/eventlet/wsgi.py:1004
2025-03-20 02:10:56.241 22 INFO neutron.wsgi [-] 10.0.0.33 "GET / HTTP/1.1" status: 200 len: 227 time: 0.0025151
2025-03-20 02:10:58.403 26 DEBUG neutron_lib.callbacks.manager [req-52792a41-9be4-4c8b-8157-3657cc0396d6 - - - - -] Publish callbacks ['neutron.services.segments.db._update_segment_host_mapping_for_agent-8761030275648', 'neutron.plugins.ml2.plugin.Ml2Plugin._retry_binding_revived_agents--9223372036851345385'] for agent (963d744c-ca7c-4a0d-a9b3-d58ab600f0d4), after_update _notify_loop /var/lib/kolla/venv/lib/python3.6/site-packages/neutron_lib/callbacks/manager.py:177
2025-03-20 02:11:18.740 23 DEBUG neutron_lib.callbacks.manager [req-76610497-ab78-4d15-9493-f747f3e11bb6 - - - - -] Publish callbacks ['neutron.services.segments.db._update_segment_host_mapping_for_agent-8761030275648', 'neutron.plugins.ml2.plugin.Ml2Plugin._retry_binding_revived_agents--9223372036851345385'] for agent (282c6d2f-6bf0-4590-9c0c-84f5ab007fb9), after_update _notify_loop /var/lib/kolla/venv/lib/python3.6/site-packages/neutron_lib/callbacks/manager.py:177
2025-03-20 02:11:26.283 22 DEBUG neutron.wsgi [-] (22) accepted ('10.0.0.33', 56332) server /var/lib/kolla/venv/lib/python3.6/site-packages/eventlet/wsgi.py:1004
2025-03-20 02:11:26.286 22 INFO neutron.wsgi [-] 10.0.0.33 "GET / HTTP/1.1" status: 200 len: 227 time: 0.0024016
2025-03-20 02:11:28.407 25 DEBUG neutron_lib.callbacks.manager [req-17dc9b90-f394-4c18-849a-677046079a66 - - - - -] Publish callbacks ['neutron.services.segments.db._update_segment_host_mapping_for_agent-8761030275648', 'neutron.plugins.ml2.plugin.Ml2Plugin._retry_binding_revived_agents--9223372036851345385'] for agent (963d744c-ca7c-4a0d-a9b3-d58ab600f0d4), after_update _notify_loop /var/lib/kolla/venv/lib/python3.6/site-packages/neutron_lib/callbacks/manager.py:177
2025-03-20 02:11:30.952 29 DEBUG neutron.db.agents_db [req-962f51a2-d5fd-45dc-9e2d-6ac2f9ee5a4d - - - - -] Agent healthcheck: found 2 active agents agent_health_check /var/lib/kolla/venv/lib/python3.6/site-packages/neutron/db/agents_db.py:318
2025-03-20 02:11:48.741 24 DEBUG neutron_lib.callbacks.manager [req-76610497-ab78-4d15-9493-f747f3e11bb6 - - - - -] Publish callbacks ['neutron.services.segments.db._update_segment_host_mapping_for_agent-8761030275648', 'neutron.plugins.ml2.plugin.Ml2Plugin._retry_binding_revived_agents--9223372036851345385'] for agent (282c6d2f-6bf0-4590-9c0c-84f5ab007fb9), after_update _notify_loop /var/lib/kolla/venv/lib/python3.6/site-packages/neutron_lib/callbacks/manager.py:177
2025-03-20 02:11:56.327 22 DEBUG neutron.wsgi [-] (22) accepted ('10.0.0.33', 43080) server /var/lib/kolla/venv/lib/python3.6/site-packages/eventlet/wsgi.py:1004
2025-03-20 02:11:56.331 22 INFO neutron.wsgi [-] 10.0.0.33 "GET / HTTP/1.1" status: 200 len: 227 time: 0.0027084
2025-03-20 02:11:58.411 27 DEBUG neutron_lib.callbacks.manager [req-f9ced46b-420e-4efc-8a2c-b0b5650654c4 - - - - -] Publish callbacks ['neutron.services.segments.db._update_segment_host_mapping_for_agent-8761030275648', 'neutron.plugins.ml2.plugin.Ml2Plugin._retry_binding_revived_agents--9223372036851345385'] for agent (963d744c-ca7c-4a0d-a9b3-d58ab600f0d4), after_update _notify_loop /var/lib/kolla/venv/lib/python3.6/site-packages/neutron_lib/callbacks/manager.py:177
2025-03-20 02:12:07.960 29 DEBUG neutron.db.agents_db [req-962f51a2-d5fd-45dc-9e2d-6ac2f9ee5a4d - - - - -] Agent healthcheck: found 2 active agents agent_health_check /var/lib/kolla/venv/lib/python3.6/site-packages/neutron/db/agents_db.py:318
2025-03-20 02:12:18.743 28 DEBUG neutron_lib.callbacks.manager [req-76610497-ab78-4d15-9493-f747f3e11bb6 - - - - -] Publish callbacks ['neutron.services.segments.db._update_segment_host_mapping_for_agent-8761030275648', 'neutron.plugins.ml2.plugin.Ml2Plugin._retry_binding_revived_agents--9223372036851345385'] for agent (282c6d2f-6bf0-4590-9c0c-84f5ab007fb9), after_update _notify_loop /var/lib/kolla/venv/lib/python3.6/site-packages/neutron_lib/callbacks/manager.py:177
2025-03-20 02:12:26.374 22 DEBUG neutron.wsgi [-] (22) accepted ('10.0.0.33', 56158) server /var/lib/kolla/venv/lib/python3.6/site-packages/eventlet/wsgi.py:1004
2025-03-20 02:12:26.378 22 INFO neutron.wsgi [-] 10.0.0.33 "GET / HTTP/1.1" status: 200 len: 227 time: 0.0035603
2025-03-20 02:12:28.415 26 DEBUG neutron_lib.callbacks.manager [req-da97f578-9595-4d95-ab5e-251af2be60c1 - - - - -] Publish callbacks ['neutron.services.segments.db._update_segment_host_mapping_for_agent-8761030275648', 'neutron.plugins.ml2.plugin.Ml2Plugin._retry_binding_revived_agents--9223372036851345385'] for agent (963d744c-ca7c-4a0d-a9b3-d58ab600f0d4), after_update _notify_loop /var/lib/kolla/venv/lib/python3.6/site-packages/neutron_lib/callbacks/manager.py:177
2025-03-20 02:12:44.967 29 DEBUG neutron.db.agents_db [req-962f51a2-d5fd-45dc-9e2d-6ac2f9ee5a4d - - - - -] Agent healthcheck: found 2 active agents agent_health_check /var/lib/kolla/venv/lib/python3.6/site-packages/neutron/db/agents_db.py:318
2025-03-20 02:12:48.747 23 DEBUG neutron_lib.callbacks.manager [req-76610497-ab78-4d15-9493-f747f3e11bb6 - - - - -] Publish callbacks ['neutron.services.segments.db._update_segment_host_mapping_for_agent-8761030275648', 'neutron.plugins.ml2.plugin.Ml2Plugin._retry_binding_revived_agents--9223372036851345385'] for agent (282c6d2f-6bf0-4590-9c0c-84f5ab007fb9), after_update _notify_loop /var/lib/kolla/venv/lib/python3.6/site-packages/neutron_lib/callbacks/manager.py:177
2025-03-20 02:12:56.418 22 DEBUG neutron.wsgi [-] (22) accepted ('10.0.0.33', 59550) server /var/lib/kolla/venv/lib/python3.6/site-packages/eventlet/wsgi.py:1004
2025-03-20 02:12:56.421 22 INFO neutron.wsgi [-] 10.0.0.33 "GET / HTTP/1.1" status: 200 len: 227 time: 0.0025511
2025-03-20 02:12:58.419 25 DEBUG neutron_lib.callbacks.manager [req-64e53866-a93b-48cb-8122-9588b5637850 - - - - -] Publish callbacks ['neutron.services.segments.db._update_segment_host_mapping_for_agent-8761030275648', 'neutron.plugins.ml2.plugin.Ml2Plugin._retry_binding_revived_agents--9223372036851345385'] for agent (963d744c-ca7c-4a0d-a9b3-d58ab600f0d4), after_update _notify_loop /var/lib/kolla/venv/lib/python3.6/site-packages/neutron_lib/callbacks/manager.py:177
2025-03-20 02:13:18.750 24 DEBUG neutron_lib.callbacks.manager [req-76610497-ab78-4d15-9493-f747f3e11bb6 - - - - -] Publish callbacks ['neutron.services.segments.db._update_segment_host_mapping_for_agent-8761030275648', 'neutron.plugins.ml2.plugin.Ml2Plugin._retry_binding_revived_agents--9223372036851345385'] for agent (282c6d2f-6bf0-4590-9c0c-84f5ab007fb9), after_update _notify_loop /var/lib/kolla/venv/lib/python3.6/site-packages/neutron_lib/callbacks/manager.py:177
2025-03-20 02:13:21.972 29 DEBUG neutron.db.agents_db [req-962f51a2-d5fd-45dc-9e2d-6ac2f9ee5a4d - - - - -] Agent healthcheck: found 2 active agents agent_health_check /var/lib/kolla/venv/lib/python3.6/site-packages/neutron/db/agents_db.py:318
2025-03-20 02:13:26.468 22 DEBUG neutron.wsgi [-] (22) accepted ('10.0.0.33', 49650) server /var/lib/kolla/venv/lib/python3.6/site-packages/eventlet/wsgi.py:1004
2025-03-20 02:13:26.471 22 INFO neutron.wsgi [-] 10.0.0.33 "GET / HTTP/1.1" status: 200 len: 227 time: 0.0023856
2025-03-20 02:13:28.427 27 DEBUG neutron_lib.callbacks.manager [req-1e57a01f-68a9-4e2a-951a-0feb7ae1cc24 - - - - -] Publish callbacks ['neutron.services.segments.db._update_segment_host_mapping_for_agent-8761030275648', 'neutron.plugins.ml2.plugin.Ml2Plugin._retry_binding_revived_agents--9223372036851345385'] for agent (963d744c-ca7c-4a0d-a9b3-d58ab600f0d4), after_update _notify_loop /var/lib/kolla/venv/lib/python3.6/site-packages/neutron_lib/callbacks/manager.py:177
2025-03-20 02:13:48.752 28 DEBUG neutron_lib.callbacks.manager [req-76610497-ab78-4d15-9493-f747f3e11bb6 - - - - -] Publish callbacks ['neutron.services.segments.db._update_segment_host_mapping_for_agent-8761030275648', 'neutron.plugins.ml2.plugin.Ml2Plugin._retry_binding_revived_agents--9223372036851345385'] for agent (282c6d2f-6bf0-4590-9c0c-84f5ab007fb9), after_update _notify_loop /var/lib/kolla/venv/lib/python3.6/site-packages/neutron_lib/callbacks/manager.py:177
2025-03-20 02:13:56.513 22 DEBUG neutron.wsgi [-] (22) accepted ('10.0.0.33', 47666) server /var/lib/kolla/venv/lib/python3.6/site-packages/eventlet/wsgi.py:1004
2025-03-20 02:13:56.516 22 INFO neutron.wsgi [-] 10.0.0.33 "GET / HTTP/1.1" status: 200 len: 227 time: 0.0023432
2025-03-20 02:13:58.421 26 DEBUG neutron_lib.callbacks.manager [req-0c4f6523-03d2-406d-abf2-2ae5ea971a96 - - - - -] Publish callbacks ['neutron.services.segments.db._update_segment_host_mapping_for_agent-8761030275648', 'neutron.plugins.ml2.plugin.Ml2Plugin._retry_binding_revived_agents--9223372036851345385'] for agent (963d744c-ca7c-4a0d-a9b3-d58ab600f0d4), after_update _notify_loop /var/lib/kolla/venv/lib/python3.6/site-packages/neutron_lib/callbacks/manager.py:177
2025-03-20 02:13:58.978 29 DEBUG neutron.db.agents_db [req-962f51a2-d5fd-45dc-9e2d-6ac2f9ee5a4d - - - - -] Agent healthcheck: found 2 active agents agent_health_check /var/lib/kolla/venv/lib/python3.6/site-packages/neutron/db/agents_db.py:318
2025-03-20 02:14:18.751 23 DEBUG neutron_lib.callbacks.manager [req-76610497-ab78-4d15-9493-f747f3e11bb6 - - - - -] Publish callbacks ['neutron.services.segments.db._update_segment_host_mapping_for_agent-8761030275648', 'neutron.plugins.ml2.plugin.Ml2Plugin._retry_binding_revived_agents--9223372036851345385'] for agent (282c6d2f-6bf0-4590-9c0c-84f5ab007fb9), after_update _notify_loop /var/lib/kolla/venv/lib/python3.6/site-packages/neutron_lib/callbacks/manager.py:177
2025-03-20 02:14:26.555 22 DEBUG neutron.wsgi [-] (22) accepted ('10.0.0.33', 33746) server /var/lib/kolla/venv/lib/python3.6/site-packages/eventlet/wsgi.py:1004
2025-03-20 02:14:26.558 22 INFO neutron.wsgi [-] 10.0.0.33 "GET / HTTP/1.1" status: 200 len: 227 time: 0.0025191
2025-03-20 02:14:28.425 25 DEBUG neutron_lib.callbacks.manager [req-341fcbe3-3754-474d-aac6-5981300271f5 - - - - -] Publish callbacks ['neutron.services.segments.db._update_segment_host_mapping_for_agent-8761030275648', 'neutron.plugins.ml2.plugin.Ml2Plugin._retry_binding_revived_agents--9223372036851345385'] for agent (963d744c-ca7c-4a0d-a9b3-d58ab600f0d4), after_update _notify_loop /var/lib/kolla/venv/lib/python3.6/site-packages/neutron_lib/callbacks/manager.py:177
2025-03-20 02:14:35.985 29 DEBUG neutron.db.agents_db [req-962f51a2-d5fd-45dc-9e2d-6ac2f9ee5a4d - - - - -] Agent healthcheck: found 2 active agents agent_health_check /var/lib/kolla/venv/lib/python3.6/site-packages/neutron/db/agents_db.py:318
2025-03-20 02:14:48.754 24 DEBUG neutron_lib.callbacks.manager [req-76610497-ab78-4d15-9493-f747f3e11bb6 - - - - -] Publish callbacks ['neutron.services.segments.db._update_segment_host_mapping_for_agent-8761030275648', 'neutron.plugins.ml2.plugin.Ml2Plugin._retry_binding_revived_agents--9223372036851345385'] for agent (282c6d2f-6bf0-4590-9c0c-84f5ab007fb9), after_update _notify_loop /var/lib/kolla/venv/lib/python3.6/site-packages/neutron_lib/callbacks/manager.py:177
2025-03-20 02:14:56.597 22 DEBUG neutron.wsgi [-] (22) accepted ('10.0.0.33', 53338) server /var/lib/kolla/venv/lib/python3.6/site-packages/eventlet/wsgi.py:1004
2025-03-20 02:14:56.601 22 INFO neutron.wsgi [-] 10.0.0.33 "GET / HTTP/1.1" status: 200 len: 227 time: 0.0027797
2025-03-20 02:14:58.429 27 DEBUG neutron_lib.callbacks.manager [req-84f3fc02-32e5-4394-8ae3-c76a210c4252 - - - - -] Publish callbacks ['neutron.services.segments.db._update_segment_host_mapping_for_agent-8761030275648', 'neutron.plugins.ml2.plugin.Ml2Plugin._retry_binding_revived_agents--9223372036851345385'] for agent (963d744c-ca7c-4a0d-a9b3-d58ab600f0d4), after_update _notify_loop /var/lib/kolla/venv/lib/python3.6/site-packages/neutron_lib/callbacks/manager.py:177
2025-03-20 02:15:12.993 29 DEBUG neutron.db.agents_db [req-962f51a2-d5fd-45dc-9e2d-6ac2f9ee5a4d - - - - -] Agent healthcheck: found 2 active agents agent_health_check /var/lib/kolla/venv/lib/python3.6/site-packages/neutron/db/agents_db.py:318
2025-03-20 02:15:18.755 28 DEBUG neutron_lib.callbacks.manager [req-76610497-ab78-4d15-9493-f747f3e11bb6 - - - - -] Publish callbacks ['neutron.services.segments.db._update_segment_host_mapping_for_agent-8761030275648', 'neutron.plugins.ml2.plugin.Ml2Plugin._retry_binding_revived_agents--9223372036851345385'] for agent (282c6d2f-6bf0-4590-9c0c-84f5ab007fb9), after_update _notify_loop /var/lib/kolla/venv/lib/python3.6/site-packages/neutron_lib/callbacks/manager.py:177
2025-03-20 02:15:26.639 22 DEBUG neutron.wsgi [-] (22) accepted ('10.0.0.33', 54682) server /var/lib/kolla/venv/lib/python3.6/site-packages/eventlet/wsgi.py:1004
2025-03-20 02:15:26.642 22 INFO neutron.wsgi [-] 10.0.0.33 "GET / HTTP/1.1" status: 200 len: 227 time: 0.0023720
2025-03-20 02:15:28.434 26 DEBUG neutron_lib.callbacks.manager [req-39bf52a8-e04d-4601-9286-9c024707052d - - - - -] Publish callbacks ['neutron.services.segments.db._update_segment_host_mapping_for_agent-8761030275648', 'neutron.plugins.ml2.plugin.Ml2Plugin._retry_binding_revived_agents--9223372036851345385'] for agent (963d744c-ca7c-4a0d-a9b3-d58ab600f0d4), after_update _notify_loop /var/lib/kolla/venv/lib/python3.6/site-packages/neutron_lib/callbacks/manager.py:177
2025-03-20 02:15:48.760 23 DEBUG neutron_lib.callbacks.manager [req-76610497-ab78-4d15-9493-f747f3e11bb6 - - - - -] Publish callbacks ['neutron.services.segments.db._update_segment_host_mapping_for_agent-8761030275648', 'neutron.plugins.ml2.plugin.Ml2Plugin._retry_binding_revived_agents--9223372036851345385'] for agent (282c6d2f-6bf0-4590-9c0c-84f5ab007fb9), after_update _notify_loop /var/lib/kolla/venv/lib/python3.6/site-packages/neutron_lib/callbacks/manager.py:177
2025-03-20 02:15:49.989 29 DEBUG neutron.db.agents_db [req-962f51a2-d5fd-45dc-9e2d-6ac2f9ee5a4d - - - - -] Agent healthcheck: found 2 active agents agent_health_check /var/lib/kolla/venv/lib/python3.6/site-packages/neutron/db/agents_db.py:318
2025-03-20 02:15:56.683 22 DEBUG neutron.wsgi [-] (22) accepted ('10.0.0.33', 51572) server /var/lib/kolla/venv/lib/python3.6/site-packages/eventlet/wsgi.py:1004
2025-03-20 02:15:56.686 22 INFO neutron.wsgi [-] 10.0.0.33 "GET / HTTP/1.1" status: 200 len: 227 time: 0.0025573
2025-03-20 02:15:58.438 25 DEBUG neutron_lib.callbacks.manager [req-2b1d0c29-7c21-47d6-8dd5-5642613ac6d1 - - - - -] Publish callbacks ['neutron.services.segments.db._update_segment_host_mapping_for_agent-8761030275648', 'neutron.plugins.ml2.plugin.Ml2Plugin._retry_binding_revived_agents--9223372036851345385'] for agent (963d744c-ca7c-4a0d-a9b3-d58ab600f0d4), after_update _notify_loop /var/lib/kolla/venv/lib/python3.6/site-packages/neutron_lib/callbacks/manager.py:177
2025-03-20 02:16:18.760 24 DEBUG neutron_lib.callbacks.manager [req-76610497-ab78-4d15-9493-f747f3e11bb6 - - - - -] Publish callbacks ['neutron.services.segments.db._update_segment_host_mapping_for_agent-8761030275648', 'neutron.plugins.ml2.plugin.Ml2Plugin._retry_binding_revived_agents--9223372036851345385'] for agent (282c6d2f-6bf0-4590-9c0c-84f5ab007fb9), after_update _notify_loop /var/lib/kolla/venv/lib/python3.6/site-packages/neutron_lib/callbacks/manager.py:177
2025-03-20 02:16:26.726 22 DEBUG neutron.wsgi [-] (22) accepted ('10.0.0.33', 45044) server /var/lib/kolla/venv/lib/python3.6/site-packages/eventlet/wsgi.py:1004
2025-03-20 02:16:26.729 22 INFO neutron.wsgi [-] 10.0.0.33 "GET / HTTP/1.1" status: 200 len: 227 time: 0.0025969
2025-03-20 02:16:26.995 29 DEBUG neutron.db.agents_db [req-962f51a2-d5fd-45dc-9e2d-6ac2f9ee5a4d - - - - -] Agent healthcheck: found 2 active agents agent_health_check /var/lib/kolla/venv/lib/python3.6/site-packages/neutron/db/agents_db.py:318
2025-03-20 02:16:28.442 27 DEBUG neutron_lib.callbacks.manager [req-6d1054d6-600e-4b24-814c-bceaf50a7746 - - - - -] Publish callbacks ['neutron.services.segments.db._update_segment_host_mapping_for_agent-8761030275648', 'neutron.plugins.ml2.plugin.Ml2Plugin._retry_binding_revived_agents--9223372036851345385'] for agent (963d744c-ca7c-4a0d-a9b3-d58ab600f0d4), after_update _notify_loop /var/lib/kolla/venv/lib/python3.6/site-packages/neutron_lib/callbacks/manager.py:177
2025-03-20 02:16:48.762 28 DEBUG neutron_lib.callbacks.manager [req-76610497-ab78-4d15-9493-f747f3e11bb6 - - - - -] Publish callbacks ['neutron.services.segments.db._update_segment_host_mapping_for_agent-8761030275648', 'neutron.plugins.ml2.plugin.Ml2Plugin._retry_binding_revived_agents--9223372036851345385'] for agent (282c6d2f-6bf0-4590-9c0c-84f5ab007fb9), after_update _notify_loop /var/lib/kolla/venv/lib/python3.6/site-packages/neutron_lib/callbacks/manager.py:177
2025-03-20 02:16:56.772 22 DEBUG neutron.wsgi [-] (22) accepted ('10.0.0.33', 53608) server /var/lib/kolla/venv/lib/python3.6/site-packages/eventlet/wsgi.py:1004
2025-03-20 02:16:56.775 22 INFO neutron.wsgi [-] 10.0.0.33 "GET / HTTP/1.1" status: 200 len: 227 time: 0.0023651
2025-03-20 02:16:58.596 26 DEBUG neutron_lib.callbacks.manager [req-9af2dedf-3242-4506-aece-7a0bf277cb0d - - - - -] Publish callbacks ['neutron.services.segments.db._update_segment_host_mapping_for_agent-8761030275648', 'neutron.plugins.ml2.plugin.Ml2Plugin._retry_binding_revived_agents--9223372036851345385'] for agent (963d744c-ca7c-4a0d-a9b3-d58ab600f0d4), after_update _notify_loop /var/lib/kolla/venv/lib/python3.6/site-packages/neutron_lib/callbacks/manager.py:177
2025-03-20 02:17:04.001 29 DEBUG neutron.db.agents_db [req-962f51a2-d5fd-45dc-9e2d-6ac2f9ee5a4d - - - - -] Agent healthcheck: found 2 active agents agent_health_check /var/lib/kolla/venv/lib/python3.6/site-packages/neutron/db/agents_db.py:318
2025-03-20 02:17:18.764 23 DEBUG neutron_lib.callbacks.manager [req-76610497-ab78-4d15-9493-f747f3e11bb6 - - - - -] Publish callbacks ['neutron.services.segments.db._update_segment_host_mapping_for_agent-8761030275648', 'neutron.plugins.ml2.plugin.Ml2Plugin._retry_binding_revived_agents--9223372036851345385'] for agent (282c6d2f-6bf0-4590-9c0c-84f5ab007fb9), after_update _notify_loop /var/lib/kolla/venv/lib/python3.6/site-packages/neutron_lib/callbacks/manager.py:177
2025-03-20 02:17:26.815 22 DEBUG neutron.wsgi [-] (22) accepted ('10.0.0.33', 39488) server /var/lib/kolla/venv/lib/python3.6/site-packages/eventlet/wsgi.py:1004
2025-03-20 02:17:26.818 22 INFO neutron.wsgi [-] 10.0.0.33 "GET / HTTP/1.1" status: 200 len: 227 time: 0.0027997
2025-03-20 02:17:28.451 25 DEBUG neutron_lib.callbacks.manager [req-7c19781a-380e-41e5-a5a7-4e7acdb81857 - - - - -] Publish callbacks ['neutron.services.segments.db._update_segment_host_mapping_for_agent-8761030275648', 'neutron.plugins.ml2.plugin.Ml2Plugin._retry_binding_revived_agents--9223372036851345385'] for agent (963d744c-ca7c-4a0d-a9b3-d58ab600f0d4), after_update _notify_loop /var/lib/kolla/venv/lib/python3.6/site-packages/neutron_lib/callbacks/manager.py:177
2025-03-20 02:17:41.008 29 DEBUG neutron.db.agents_db [req-962f51a2-d5fd-45dc-9e2d-6ac2f9ee5a4d - - - - -] Agent healthcheck: found 2 active agents agent_health_check /var/lib/kolla/venv/lib/python3.6/site-packages/neutron/db/agents_db.py:318
2025-03-20 02:17:48.766 24 DEBUG neutron_lib.callbacks.manager [req-76610497-ab78-4d15-9493-f747f3e11bb6 - - - - -] Publish callbacks ['neutron.services.segments.db._update_segment_host_mapping_for_agent-8761030275648', 'neutron.plugins.ml2.plugin.Ml2Plugin._retry_binding_revived_agents--9223372036851345385'] for agent (282c6d2f-6bf0-4590-9c0c-84f5ab007fb9), after_update _notify_loop /var/lib/kolla/venv/lib/python3.6/site-packages/neutron_lib/callbacks/manager.py:177
2025-03-20 02:17:56.867 22 DEBUG neutron.wsgi [-] (22) accepted ('10.0.0.33', 60270) server /var/lib/kolla/venv/lib/python3.6/site-packages/eventlet/wsgi.py:1004
2025-03-20 02:17:56.871 22 INFO neutron.wsgi [-] 10.0.0.33 "GET / HTTP/1.1" status: 200 len: 227 time: 0.0025630
2025-03-20 02:17:58.147 7 INFO oslo_service.service [-] Caught SIGTERM, stopping children
2025-03-20 02:17:58.148 7 DEBUG oslo_concurrency.lockutils [-] Acquired lock "singleton_lock" lock /var/lib/kolla/venv/lib/python3.6/site-packages/oslo_concurrency/lockutils.py:294
2025-03-20 02:17:58.148 7 DEBUG oslo_concurrency.lockutils [-] Releasing lock "singleton_lock" lock /var/lib/kolla/venv/lib/python3.6/site-packages/oslo_concurrency/lockutils.py:312
2025-03-20 02:17:58.148 7 DEBUG oslo_service.service [-] Stop services. stop /var/lib/kolla/venv/lib/python3.6/site-packages/oslo_service/service.py:695
2025-03-20 02:17:58.148 7 DEBUG neutron.service [-] calling RpcWorker stop() stop /var/lib/kolla/venv/lib/python3.6/site-packages/neutron/service.py:138
2025-03-20 02:17:58.148 7 DEBUG neutron.service [-] calling RpcWorker stop() stop /var/lib/kolla/venv/lib/python3.6/site-packages/neutron/service.py:138
2025-03-20 02:17:58.149 7 DEBUG oslo_service.service [-] Killing children. stop /var/lib/kolla/venv/lib/python3.6/site-packages/oslo_service/service.py:700
2025-03-20 02:17:58.149 7 INFO oslo_service.service [-] Waiting on 8 children to exit
2025-03-20 02:17:58.149 22 INFO neutron.wsgi [-] (22) wsgi exited, is_accepting=True
2025-03-20 02:17:58.149 26 DEBUG neutron.service [-] calling RpcWorker stop() stop /var/lib/kolla/venv/lib/python3.6/site-packages/neutron/service.py:138
2025-03-20 02:17:58.150 22 DEBUG oslo_concurrency.lockutils [req-947fb3e7-2df5-4b7e-9a24-d46b06c67301 - - - - -] Acquired lock "singleton_lock" lock /var/lib/kolla/venv/lib/python3.6/site-packages/oslo_concurrency/lockutils.py:294
2025-03-20 02:17:58.150 22 DEBUG oslo_concurrency.lockutils [req-947fb3e7-2df5-4b7e-9a24-d46b06c67301 - - - - -] Releasing lock "singleton_lock" lock /var/lib/kolla/venv/lib/python3.6/site-packages/oslo_concurrency/lockutils.py:312
2025-03-20 02:17:58.150 26 DEBUG neutron.service [-] calling stop on stop /var/lib/kolla/venv/lib/python3.6/site-packages/neutron/service.py:141
2025-03-20 02:17:58.152 23 DEBUG neutron.service [-] calling RpcWorker stop() stop /var/lib/kolla/venv/lib/python3.6/site-packages/neutron/service.py:138
2025-03-20 02:17:58.153 29 DEBUG neutron.service [-] calling RpcWorker stop() stop /var/lib/kolla/venv/lib/python3.6/site-packages/neutron/service.py:138
2025-03-20 02:17:58.152 23 DEBUG neutron.service [-] calling stop on stop /var/lib/kolla/venv/lib/python3.6/site-packages/neutron/service.py:141
2025-03-20 02:17:58.153 29 DEBUG neutron.service [-] calling stop on stop /var/lib/kolla/venv/lib/python3.6/site-packages/neutron/service.py:141
2025-03-20 02:17:58.154 24 DEBUG neutron.service [-] calling RpcWorker stop() stop /var/lib/kolla/venv/lib/python3.6/site-packages/neutron/service.py:138
2025-03-20 02:17:58.155 24 DEBUG neutron.service [-] calling stop on stop /var/lib/kolla/venv/lib/python3.6/site-packages/neutron/service.py:141
2025-03-20 02:17:58.157 25 DEBUG neutron.service [-] calling RpcWorker stop() stop /var/lib/kolla/venv/lib/python3.6/site-packages/neutron/service.py:138
2025-03-20 02:17:58.158 25 DEBUG neutron.service [-] calling stop on stop /var/lib/kolla/venv/lib/python3.6/site-packages/neutron/service.py:141
2025-03-20 02:17:58.160 28 DEBUG neutron.service [-] calling RpcWorker stop() stop /var/lib/kolla/venv/lib/python3.6/site-packages/neutron/service.py:138
2025-03-20 02:17:58.160 7 INFO oslo_service.service [-] Child 22 exited with status 0
2025-03-20 02:17:58.160 28 DEBUG neutron.service [-] calling stop on stop /var/lib/kolla/venv/lib/python3.6/site-packages/neutron/service.py:141
2025-03-20 02:17:58.164 27 DEBUG neutron.service [-] calling RpcWorker stop() stop /var/lib/kolla/venv/lib/python3.6/site-packages/neutron/service.py:138
2025-03-20 02:17:58.165 27 DEBUG neutron.service [-] calling stop on stop /var/lib/kolla/venv/lib/python3.6/site-packages/neutron/service.py:141
2025-03-20 02:17:58.448 27 DEBUG oslo_concurrency.lockutils [req-947fb3e7-2df5-4b7e-9a24-d46b06c67301 - - - - -] Acquired lock "singleton_lock" lock /var/lib/kolla/venv/lib/python3.6/site-packages/oslo_concurrency/lockutils.py:294
2025-03-20 02:17:58.448 27 DEBUG oslo_concurrency.lockutils [req-947fb3e7-2df5-4b7e-9a24-d46b06c67301 - - - - -] Releasing lock "singleton_lock" lock /var/lib/kolla/venv/lib/python3.6/site-packages/oslo_concurrency/lockutils.py:312
2025-03-20 02:17:58.448 27 DEBUG neutron.service [req-947fb3e7-2df5-4b7e-9a24-d46b06c67301 - - - - -] calling RpcWorker wait() _wait /var/lib/kolla/venv/lib/python3.6/site-packages/neutron/service.py:128
2025-03-20 02:17:58.448 27 DEBUG neutron.service [req-947fb3e7-2df5-4b7e-9a24-d46b06c67301 - - - - -] calling wait on _wait /var/lib/kolla/venv/lib/python3.6/site-packages/neutron/service.py:131
2025-03-20 02:17:58.455 27 DEBUG neutron_lib.callbacks.manager [req-94339794-92b4-4f35-8330-0ca6f956424a - - - - -] Publish callbacks ['neutron.services.segments.db._update_segment_host_mapping_for_agent-8761030275648', 'neutron.plugins.ml2.plugin.Ml2Plugin._retry_binding_revived_agents--9223372036851345385'] for agent (963d744c-ca7c-4a0d-a9b3-d58ab600f0d4), after_update _notify_loop /var/lib/kolla/venv/lib/python3.6/site-packages/neutron_lib/callbacks/manager.py:177
2025-03-20 02:17:58.463 27 WARNING amqp [req-947fb3e7-2df5-4b7e-9a24-d46b06c67301 - - - - -] Received method (60, 30) during closing channel 1. This method will be ignored
2025-03-20 02:17:58.463 27 DEBUG neutron.service [req-947fb3e7-2df5-4b7e-9a24-d46b06c67301 - - - - -] returning from RpcWorker wait() _wait /var/lib/kolla/venv/lib/python3.6/site-packages/neutron/service.py:135
2025-03-20 02:17:58.468 7 INFO oslo_service.service [-] Child 27 exited with status 0
2025-03-20 02:17:58.925 23 DEBUG neutron.service [-] calling stop on stop /var/lib/kolla/venv/lib/python3.6/site-packages/neutron/service.py:141
2025-03-20 02:17:58.931 25 DEBUG neutron.service [-] calling stop on stop /var/lib/kolla/venv/lib/python3.6/site-packages/neutron/service.py:141
2025-03-20 02:17:58.935 26 DEBUG oslo_concurrency.lockutils [req-947fb3e7-2df5-4b7e-9a24-d46b06c67301 - - - - -] Acquired lock "singleton_lock" lock /var/lib/kolla/venv/lib/python3.6/site-packages/oslo_concurrency/lockutils.py:294
2025-03-20 02:17:58.935 26 DEBUG oslo_concurrency.lockutils [req-947fb3e7-2df5-4b7e-9a24-d46b06c67301 - - - - -] Releasing lock "singleton_lock" lock /var/lib/kolla/venv/lib/python3.6/site-packages/oslo_concurrency/lockutils.py:312
2025-03-20 02:17:58.935 26 DEBUG neutron.service [req-947fb3e7-2df5-4b7e-9a24-d46b06c67301 - - - - -] calling RpcWorker wait() _wait /var/lib/kolla/venv/lib/python3.6/site-packages/neutron/service.py:128
2025-03-20 02:17:58.935 26 DEBUG neutron.service [req-947fb3e7-2df5-4b7e-9a24-d46b06c67301 - - - - -] calling wait on _wait /var/lib/kolla/venv/lib/python3.6/site-packages/neutron/service.py:131
2025-03-20 02:17:58.940 28 DEBUG oslo_concurrency.lockutils [req-947fb3e7-2df5-4b7e-9a24-d46b06c67301 - - - - -] Acquired lock "singleton_lock" lock /var/lib/kolla/venv/lib/python3.6/site-packages/oslo_concurrency/lockutils.py:294
2025-03-20 02:17:58.940 28 DEBUG oslo_concurrency.lockutils [req-947fb3e7-2df5-4b7e-9a24-d46b06c67301 - - - - -] Releasing lock "singleton_lock" lock /var/lib/kolla/venv/lib/python3.6/site-packages/oslo_concurrency/lockutils.py:312
2025-03-20 02:17:58.941 28 DEBUG neutron.service [req-947fb3e7-2df5-4b7e-9a24-d46b06c67301 - - - - -] calling RpcWorker wait() _wait /var/lib/kolla/venv/lib/python3.6/site-packages/neutron/service.py:128
2025-03-20 02:17:58.941 23 DEBUG neutron.service [-] calling stop on stop /var/lib/kolla/venv/lib/python3.6/site-packages/neutron/service.py:141
2025-03-20 02:17:58.941 28 DEBUG neutron.service [req-947fb3e7-2df5-4b7e-9a24-d46b06c67301 - - - - -] calling wait on _wait /var/lib/kolla/venv/lib/python3.6/site-packages/neutron/service.py:131
2025-03-20 02:17:58.942 26 WARNING amqp [req-947fb3e7-2df5-4b7e-9a24-d46b06c67301 - - - - -] Received method (60, 30) during closing channel 1. This method will be ignored
2025-03-20 02:17:58.942 26 DEBUG neutron.service [req-947fb3e7-2df5-4b7e-9a24-d46b06c67301 - - - - -] returning from RpcWorker wait() _wait /var/lib/kolla/venv/lib/python3.6/site-packages/neutron/service.py:135
2025-03-20 02:17:58.945 29 DEBUG oslo_concurrency.lockutils [req-947fb3e7-2df5-4b7e-9a24-d46b06c67301 - - - - -] Acquired lock "singleton_lock" lock /var/lib/kolla/venv/lib/python3.6/site-packages/oslo_concurrency/lockutils.py:294
2025-03-20 02:17:58.945 29 DEBUG oslo_concurrency.lockutils [req-947fb3e7-2df5-4b7e-9a24-d46b06c67301 - - - - -] Releasing lock "singleton_lock" lock /var/lib/kolla/venv/lib/python3.6/site-packages/oslo_concurrency/lockutils.py:312
2025-03-20 02:17:58.945 29 DEBUG neutron.service [req-947fb3e7-2df5-4b7e-9a24-d46b06c67301 - - - - -] calling RpcWorker wait() _wait /var/lib/kolla/venv/lib/python3.6/site-packages/neutron/service.py:128
2025-03-20 02:17:58.946 29 DEBUG neutron.service [req-947fb3e7-2df5-4b7e-9a24-d46b06c67301 - - - - -] calling wait on _wait /var/lib/kolla/venv/lib/python3.6/site-packages/neutron/service.py:131
2025-03-20 02:17:58.946 28 WARNING amqp [req-947fb3e7-2df5-4b7e-9a24-d46b06c67301 - - - - -] Received method (60, 30) during closing channel 1. This method will be ignored
2025-03-20 02:17:58.946 25 DEBUG neutron.service [-] calling stop on stop /var/lib/kolla/venv/lib/python3.6/site-packages/neutron/service.py:141
2025-03-20 02:17:58.947 28 DEBUG neutron.service [req-947fb3e7-2df5-4b7e-9a24-d46b06c67301 - - - - -] returning from RpcWorker wait() _wait /var/lib/kolla/venv/lib/python3.6/site-packages/neutron/service.py:135
2025-03-20 02:17:58.947 7 INFO oslo_service.service [-] Child 26 exited with status 0
2025-03-20 02:17:58.950 29 WARNING amqp [req-947fb3e7-2df5-4b7e-9a24-d46b06c67301 - - - - -] Received method (60, 30) during closing channel 1. This method will be ignored
2025-03-20 02:17:58.950 7 INFO oslo_service.service [-] Child 28 exited with status 0
2025-03-20 02:17:58.952 29 DEBUG neutron.service [req-947fb3e7-2df5-4b7e-9a24-d46b06c67301 - - - - -] returning from RpcWorker wait() _wait /var/lib/kolla/venv/lib/python3.6/site-packages/neutron/service.py:135
2025-03-20 02:17:58.956 7 INFO oslo_service.service [-] Child 29 exited with status 0
2025-03-20 02:17:58.957 23 DEBUG neutron.service [-] calling stop on stop /var/lib/kolla/venv/lib/python3.6/site-packages/neutron/service.py:141
2025-03-20 02:17:58.959 24 DEBUG neutron.service [-] calling stop on stop /var/lib/kolla/venv/lib/python3.6/site-packages/neutron/service.py:141
2025-03-20 02:17:58.967 23 DEBUG oslo_concurrency.lockutils [req-947fb3e7-2df5-4b7e-9a24-d46b06c67301 - - - - -] Acquired lock "singleton_lock" lock /var/lib/kolla/venv/lib/python3.6/site-packages/oslo_concurrency/lockutils.py:294
2025-03-20 02:17:58.967 23 DEBUG oslo_concurrency.lockutils [req-947fb3e7-2df5-4b7e-9a24-d46b06c67301 - - - - -] Releasing lock "singleton_lock" lock /var/lib/kolla/venv/lib/python3.6/site-packages/oslo_concurrency/lockutils.py:312
2025-03-20 02:17:58.967 23 DEBUG neutron.service [req-947fb3e7-2df5-4b7e-9a24-d46b06c67301 - - - - -] calling RpcWorker wait() _wait /var/lib/kolla/venv/lib/python3.6/site-packages/neutron/service.py:128
2025-03-20 02:17:58.968 23 DEBUG neutron.service [req-947fb3e7-2df5-4b7e-9a24-d46b06c67301 - - - - -] calling wait on _wait /var/lib/kolla/venv/lib/python3.6/site-packages/neutron/service.py:131
2025-03-20 02:17:58.969 24 DEBUG neutron.service [-] calling stop on stop /var/lib/kolla/venv/lib/python3.6/site-packages/neutron/service.py:141
2025-03-20 02:17:58.973 23 WARNING amqp [req-947fb3e7-2df5-4b7e-9a24-d46b06c67301 - - - - -] Received method (60, 30) during closing channel 1. This method will be ignored
2025-03-20 02:17:58.973 23 DEBUG neutron.service [req-947fb3e7-2df5-4b7e-9a24-d46b06c67301 - - - - -] calling wait on _wait /var/lib/kolla/venv/lib/python3.6/site-packages/neutron/service.py:131
2025-03-20 02:17:58.978 23 WARNING amqp [req-947fb3e7-2df5-4b7e-9a24-d46b06c67301 - - - - -] Received method (60, 30) during closing channel 1. This method will be ignored
2025-03-20 02:17:58.979 23 DEBUG neutron.service [req-947fb3e7-2df5-4b7e-9a24-d46b06c67301 - - - - -] calling wait on _wait /var/lib/kolla/venv/lib/python3.6/site-packages/neutron/service.py:131
2025-03-20 02:17:58.983 23 WARNING amqp [req-947fb3e7-2df5-4b7e-9a24-d46b06c67301 - - - - -] Received method (60, 30) during closing channel 1. This method will be ignored
2025-03-20 02:17:58.983 23 DEBUG neutron.service [req-947fb3e7-2df5-4b7e-9a24-d46b06c67301 - - - - -] calling wait on _wait /var/lib/kolla/venv/lib/python3.6/site-packages/neutron/service.py:131
2025-03-20 02:17:58.988 23 WARNING amqp [req-947fb3e7-2df5-4b7e-9a24-d46b06c67301 - - - - -] Received method (60, 30) during closing channel 1. This method will be ignored
2025-03-20 02:17:58.988 23 DEBUG neutron.service [req-947fb3e7-2df5-4b7e-9a24-d46b06c67301 - - - - -] returning from RpcWorker wait() _wait /var/lib/kolla/venv/lib/python3.6/site-packages/neutron/service.py:135
2025-03-20 02:17:58.993 7 INFO oslo_service.service [-] Child 23 exited with status 0
2025-03-20 02:18:01.651 25 DEBUG neutron.service [-] calling stop on stop /var/lib/kolla/venv/lib/python3.6/site-packages/neutron/service.py:141
2025-03-20 02:18:01.961 24 DEBUG neutron.service [-] calling stop on stop /var/lib/kolla/venv/lib/python3.6/site-packages/neutron/service.py:141
2025-03-20 02:18:03.974 25 DEBUG oslo_concurrency.lockutils [req-947fb3e7-2df5-4b7e-9a24-d46b06c67301 - - - - -] Acquired lock "singleton_lock" lock /var/lib/kolla/venv/lib/python3.6/site-packages/oslo_concurrency/lockutils.py:294
2025-03-20 02:18:03.975 25 DEBUG oslo_concurrency.lockutils [req-947fb3e7-2df5-4b7e-9a24-d46b06c67301 - - - - -] Releasing lock "singleton_lock" lock /var/lib/kolla/venv/lib/python3.6/site-packages/oslo_concurrency/lockutils.py:312
2025-03-20 02:18:03.975 25 DEBUG neutron.service [req-947fb3e7-2df5-4b7e-9a24-d46b06c67301 - - - - -] calling RpcWorker wait() _wait /var/lib/kolla/venv/lib/python3.6/site-packages/neutron/service.py:128
2025-03-20 02:18:03.975 25 DEBUG neutron.service [req-947fb3e7-2df5-4b7e-9a24-d46b06c67301 - - - - -] calling wait on _wait /var/lib/kolla/venv/lib/python3.6/site-packages/neutron/service.py:131
2025-03-20 02:18:03.982 25 WARNING amqp [req-947fb3e7-2df5-4b7e-9a24-d46b06c67301 - - - - -] Received method (60, 30) during closing channel 1. This method will be ignored
2025-03-20 02:18:03.983 25 DEBUG neutron.service [req-947fb3e7-2df5-4b7e-9a24-d46b06c67301 - - - - -] calling wait on _wait /var/lib/kolla/venv/lib/python3.6/site-packages/neutron/service.py:131
2025-03-20 02:18:03.987 24 DEBUG oslo_concurrency.lockutils [req-947fb3e7-2df5-4b7e-9a24-d46b06c67301 - - - - -] Acquired lock "singleton_lock" lock /var/lib/kolla/venv/lib/python3.6/site-packages/oslo_concurrency/lockutils.py:294
2025-03-20 02:18:03.988 24 DEBUG oslo_concurrency.lockutils [req-947fb3e7-2df5-4b7e-9a24-d46b06c67301 - - - - -] Releasing lock "singleton_lock" lock /var/lib/kolla/venv/lib/python3.6/site-packages/oslo_concurrency/lockutils.py:312
