2024-08-27 07:30:42.594 121003 DEBUG oslo_service.service [req-99715c98-7b89-44a6-b9c5-52d500481545 - - - - -] use_json = False log_opt_values /usr/lib/python3/dist-packages/oslo_config/cfg.py:2602
2024-08-27 07:30:42.595 121003 DEBUG oslo_service.service [req-99715c98-7b89-44a6-b9c5-52d500481545 - - - - -] use_rootwrap_daemon = False log_opt_values /usr/lib/python3/dist-packages/oslo_config/cfg.py:2602
2024-08-27 07:30:42.595 121003 DEBUG oslo_service.service [req-99715c98-7b89-44a6-b9c5-52d500481545 - - - - -] use_stderr = False log_opt_values /usr/lib/python3/dist-packages/oslo_config/cfg.py:2602
2024-08-27 07:30:42.595 121003 DEBUG oslo_service.service [req-99715c98-7b89-44a6-b9c5-52d500481545 - - - - -] use_syslog = False log_opt_values /usr/lib/python3/dist-packages/oslo_config/cfg.py:2602
2024-08-27 07:30:42.595 121003 DEBUG oslo_service.service [req-99715c98-7b89-44a6-b9c5-52d500481545 - - - - -] vcpu_pin_set = None log_opt_values /usr/lib/python3/dist-packages/oslo_config/cfg.py:2602
2024-08-27 07:30:42.595 121003 DEBUG oslo_service.service [req-99715c98-7b89-44a6-b9c5-52d500481545 - - - - -] vif_plugging_is_fatal = True log_opt_values /usr/lib/python3/dist-packages/oslo_config/cfg.py:2602
2024-08-27 07:30:42.595 121003 DEBUG oslo_service.service [req-99715c98-7b89-44a6-b9c5-52d500481545 - - - - -] vif_plugging_timeout = 300 log_opt_values /usr/lib/python3/dist-packages/oslo_config/cfg.py:2602
2024-08-27 07:30:42.596 121003 DEBUG oslo_service.service [req-99715c98-7b89-44a6-b9c5-52d500481545 - - - - -] virt_mkfs = [] log_opt_values /usr/lib/python3/dist-packages/oslo_config/cfg.py:2602
2024-08-27 07:30:42.596 121003 DEBUG oslo_service.service [req-99715c98-7b89-44a6-b9c5-52d500481545 - - - - -] volume_usage_poll_interval = 0 log_opt_values /usr/lib/python3/dist-packages/oslo_config/cfg.py:2602
2024-08-27 07:30:42.596 121003 DEBUG oslo_service.service [req-99715c98-7b89-44a6-b9c5-52d500481545 - - - - -] watch_log_file = False log_opt_values /usr/lib/python3/dist-packages/oslo_config/cfg.py:2602
2024-08-27 07:30:42.596 121003 DEBUG oslo_service.service [req-99715c98-7b89-44a6-b9c5-52d500481545 - - - - -] web = /usr/share/spice-html5 log_opt_values /usr/lib/python3/dist-packages/oslo_config/cfg.py:2602
2024-08-27 07:30:42.597 121003 DEBUG oslo_service.service [req-99715c98-7b89-44a6-b9c5-52d500481545 - - - - -] oslo_concurrency.disable_process_locking = False log_opt_values /usr/lib/python3/dist-packages/oslo_config/cfg.py:2609
2024-08-27 07:30:42.597 121003 DEBUG oslo_service.service [req-99715c98-7b89-44a6-b9c5-52d500481545 - - - - -] oslo_concurrency.lock_path = /var/lock/nova log_opt_values /usr/lib/python3/dist-packages/oslo_config/cfg.py:2609
2024-08-27 07:30:42.597 121003 WARNING oslo_config.cfg [req-99715c98-7b89-44a6-b9c5-52d500481545 - - - - -] Deprecated: Option "auth_strategy" from group "api" is deprecated for removal ( The only non-default choice, ``noauth2``, is for internal development and testing purposes only and should not be used in deployments. This option and its middleware, NoAuthMiddleware[V2_18], will be removed in a future release. ). Its value may be silently ignored in the future.
2024-08-27 07:30:42.597 121003 DEBUG oslo_service.service [req-99715c98-7b89-44a6-b9c5-52d500481545 - - - - -] api.auth_strategy = keystone log_opt_values /usr/lib/python3/dist-packages/oslo_config/cfg.py:2609
2024-08-27 07:30:42.598 121003 DEBUG oslo_service.service [req-99715c98-7b89-44a6-b9c5-52d500481545 - - - - -] api.compute_link_prefix = None log_opt_values /usr/lib/python3/dist-packages/oslo_config/cfg.py:2609
2024-08-27 07:30:42.598 121003 DEBUG oslo_service.service [req-99715c98-7b89-44a6-b9c5-52d500481545 - - - - -] api.config_drive_skip_versions = 1.0 2007-01-19 2007-03-01 2007-08-29 2007-10-10 2007-12-15 2008-02-01 2008-09-01 log_opt_values /usr/lib/python3/dist-packages/oslo_config/cfg.py:2609
2024-08-27 07:30:42.598 121003 DEBUG oslo_service.service [req-99715c98-7b89-44a6-b9c5-52d500481545 - - - - -] api.dhcp_domain = novalocal log_opt_values /usr/lib/python3/dist-packages/oslo_config/cfg.py:2609
2024-08-27 07:30:42.598 121003 DEBUG oslo_service.service [req-99715c98-7b89-44a6-b9c5-52d500481545 - - - - -] api.enable_instance_password = True log_opt_values /usr/lib/python3/dist-packages/oslo_config/cfg.py:2609
2024-08-27 07:30:42.599 121003 DEBUG oslo_service.service [req-99715c98-7b89-44a6-b9c5-52d500481545 - - - - -] api.glance_link_prefix = None log_opt_values /usr/lib/python3/dist-packages/oslo_config/cfg.py:2609
2024-08-27 07:30:42.599 121003 DEBUG oslo_service.service [req-99715c98-7b89-44a6-b9c5-52d500481545 - - - - -] api.instance_list_cells_batch_fixed_size = 100 log_opt_values /usr/lib/python3/dist-packages/oslo_config/cfg.py:2609
2024-08-27 07:30:42.599 121003 DEBUG oslo_service.service [req-99715c98-7b89-44a6-b9c5-52d500481545 - - - - -] api.instance_list_cells_batch_strategy = distributed log_opt_values /usr/lib/python3/dist-packages/oslo_config/cfg.py:2609
2024-08-27 07:30:42.599 121003 DEBUG oslo_service.service [req-99715c98-7b89-44a6-b9c5-52d500481545 - - - - -] api.instance_list_per_project_cells = False log_opt_values /usr/lib/python3/dist-packages/oslo_config/cfg.py:2609
2024-08-27 07:30:42.599 121003 DEBUG oslo_service.service [req-99715c98-7b89-44a6-b9c5-52d500481545 - - - - -] api.list_records_by_skipping_down_cells = True log_opt_values /usr/lib/python3/dist-packages/oslo_config/cfg.py:2609
2024-08-27 07:30:42.599 121003 DEBUG oslo_service.service [req-99715c98-7b89-44a6-b9c5-52d500481545 - - - - -] api.local_metadata_per_cell = False log_opt_values /usr/lib/python3/dist-packages/oslo_config/cfg.py:2609
2024-08-27 07:30:42.600 121003 DEBUG oslo_service.service [req-99715c98-7b89-44a6-b9c5-52d500481545 - - - - -] api.max_limit = 1000 log_opt_values /usr/lib/python3/dist-packages/oslo_config/cfg.py:2609
2024-08-27 07:30:42.600 121003 DEBUG oslo_service.service [req-99715c98-7b89-44a6-b9c5-52d500481545 - - - - -] api.metadata_cache_expiration = 15 log_opt_values /usr/lib/python3/dist-packages/oslo_config/cfg.py:2609
2024-08-27 07:30:42.600 121003 DEBUG oslo_service.service [req-99715c98-7b89-44a6-b9c5-52d500481545 - - - - -] api.neutron_default_tenant_id = default log_opt_values /usr/lib/python3/dist-packages/oslo_config/cfg.py:2609
2024-08-27 07:30:42.600 121003 DEBUG oslo_service.service [req-99715c98-7b89-44a6-b9c5-52d500481545 - - - - -] api.use_forwarded_for = False log_opt_values /usr/lib/python3/dist-packages/oslo_config/cfg.py:2609
2024-08-27 07:30:42.600 121003 DEBUG oslo_service.service [req-99715c98-7b89-44a6-b9c5-52d500481545 - - - - -] api.use_neutron_default_nets = False log_opt_values /usr/lib/python3/dist-packages/oslo_config/cfg.py:2609
2024-08-27 07:30:42.601 121003 DEBUG oslo_service.service [req-99715c98-7b89-44a6-b9c5-52d500481545 - - - - -] api.vendordata_dynamic_connect_timeout = 5 log_opt_values /usr/lib/python3/dist-packages/oslo_config/cfg.py:2609
2024-08-27 07:30:42.601 121003 DEBUG oslo_service.service [req-99715c98-7b89-44a6-b9c5-52d500481545 - - - - -] api.vendordata_dynamic_failure_fatal = False log_opt_values /usr/lib/python3/dist-packages/oslo_config/cfg.py:2609
2024-08-27 07:30:42.601 121003 DEBUG oslo_service.service [req-99715c98-7b89-44a6-b9c5-52d500481545 - - - - -] api.vendordata_dynamic_read_timeout = 5 log_opt_values /usr/lib/python3/dist-packages/oslo_config/cfg.py:2609
2024-08-27 07:30:42.601 121003 DEBUG oslo_service.service [req-99715c98-7b89-44a6-b9c5-52d500481545 - - - - -] api.vendordata_dynamic_ssl_certfile = log_opt_values /usr/lib/python3/dist-packages/oslo_config/cfg.py:2609
2024-08-27 07:30:42.601 121003 DEBUG oslo_service.service [req-99715c98-7b89-44a6-b9c5-52d500481545 - - - - -] api.vendordata_dynamic_targets = [] log_opt_values /usr/lib/python3/dist-packages/oslo_config/cfg.py:2609
2024-08-27 07:30:42.601 121003 DEBUG oslo_service.service [req-99715c98-7b89-44a6-b9c5-52d500481545 - - - - -] api.vendordata_jsonfile_path = None log_opt_values /usr/lib/python3/dist-packages/oslo_config/cfg.py:2609
2024-08-27 07:30:42.602 121003 DEBUG oslo_service.service [req-99715c98-7b89-44a6-b9c5-52d500481545 - - - - -] api.vendordata_providers = ['StaticJSON'] log_opt_values /usr/lib/python3/dist-packages/oslo_config/cfg.py:2609
2024-08-27 07:30:42.602 121003 DEBUG oslo_service.service [req-99715c98-7b89-44a6-b9c5-52d500481545 - - - - -] cache.backend = dogpile.cache.null log_opt_values /usr/lib/python3/dist-packages/oslo_config/cfg.py:2609
2024-08-27 07:30:42.602 121003 DEBUG oslo_service.service [req-99715c98-7b89-44a6-b9c5-52d500481545 - - - - -] cache.backend_argument = **** log_opt_values /usr/lib/python3/dist-packages/oslo_config/cfg.py:2609
2024-08-27 07:30:42.602 121003 DEBUG oslo_service.service [req-99715c98-7b89-44a6-b9c5-52d500481545 - - - - -] cache.config_prefix = cache.oslo log_opt_values /usr/lib/python3/dist-packages/oslo_config/cfg.py:2609
2024-08-27 07:30:42.602 121003 DEBUG oslo_service.service [req-99715c98-7b89-44a6-b9c5-52d500481545 - - - - -] cache.debug_cache_backend = False log_opt_values /usr/lib/python3/dist-packages/oslo_config/cfg.py:2609
2024-08-27 07:30:42.603 121003 DEBUG oslo_service.service [req-99715c98-7b89-44a6-b9c5-52d500481545 - - - - -] cache.enabled = False log_opt_values /usr/lib/python3/dist-packages/oslo_config/cfg.py:2609
2024-08-27 07:30:42.603 121003 DEBUG oslo_service.service [req-99715c98-7b89-44a6-b9c5-52d500481545 - - - - -] cache.expiration_time = 600 log_opt_values /usr/lib/python3/dist-packages/oslo_config/cfg.py:2609
2024-08-27 07:30:42.603 121003 DEBUG oslo_service.service [req-99715c98-7b89-44a6-b9c5-52d500481545 - - - - -] cache.memcache_dead_retry = 300 log_opt_values /usr/lib/python3/dist-packages/oslo_config/cfg.py:2609
2024-08-27 07:30:42.603 121003 DEBUG oslo_service.service [req-99715c98-7b89-44a6-b9c5-52d500481545 - - - - -] cache.memcache_pool_connection_get_timeout = 10 log_opt_values /usr/lib/python3/dist-packages/oslo_config/cfg.py:2609
2024-08-27 07:30:42.604 121003 DEBUG oslo_service.service [req-99715c98-7b89-44a6-b9c5-52d500481545 - - - - -] cache.memcache_pool_flush_on_reconnect = False log_opt_values /usr/lib/python3/dist-packages/oslo_config/cfg.py:2609
2024-08-27 07:30:42.604 121003 DEBUG oslo_service.service [req-99715c98-7b89-44a6-b9c5-52d500481545 - - - - -] cache.memcache_pool_maxsize = 10 log_opt_values /usr/lib/python3/dist-packages/oslo_config/cfg.py:2609
2024-08-27 07:30:42.604 121003 DEBUG oslo_service.service [req-99715c98-7b89-44a6-b9c5-52d500481545 - - - - -] cache.memcache_pool_unused_timeout = 60 log_opt_values /usr/lib/python3/dist-packages/oslo_config/cfg.py:2609
2024-08-27 07:30:42.604 121003 DEBUG oslo_service.service [req-99715c98-7b89-44a6-b9c5-52d500481545 - - - - -] cache.memcache_servers = ['localhost:11211'] log_opt_values /usr/lib/python3/dist-packages/oslo_config/cfg.py:2609
2024-08-27 07:30:42.604 121003 DEBUG oslo_service.service [req-99715c98-7b89-44a6-b9c5-52d500481545 - - - - -] cache.memcache_socket_timeout = 1.0 log_opt_values /usr/lib/python3/dist-packages/oslo_config/cfg.py:2609
2024-08-27 07:30:42.604 121003 DEBUG oslo_service.service [req-99715c98-7b89-44a6-b9c5-52d500481545 - - - - -] cache.proxies = [] log_opt_values /usr/lib/python3/dist-packages/oslo_config/cfg.py:2609
2024-08-27 07:30:42.605 121003 DEBUG oslo_service.service [req-99715c98-7b89-44a6-b9c5-52d500481545 - - - - -] cache.tls_allowed_ciphers = None log_opt_values /usr/lib/python3/dist-packages/oslo_config/cfg.py:2609
2024-08-27 07:30:42.605 121003 DEBUG oslo_service.service [req-99715c98-7b89-44a6-b9c5-52d500481545 - - - - -] cache.tls_cafile = None log_opt_values /usr/lib/python3/dist-packages/oslo_config/cfg.py:2609
2024-08-27 07:30:42.605 121003 DEBUG oslo_service.service [req-99715c98-7b89-44a6-b9c5-52d500481545 - - - - -] cache.tls_certfile = None log_opt_values /usr/lib/python3/dist-packages/oslo_config/cfg.py:2609
2024-08-27 07:30:42.605 121003 DEBUG oslo_service.service [req-99715c98-7b89-44a6-b9c5-52d500481545 - - - - -] cache.tls_enabled = False log_opt_values /usr/lib/python3/dist-packages/oslo_config/cfg.py:2609
2024-08-27 07:30:42.605 121003 DEBUG oslo_service.service [req-99715c98-7b89-44a6-b9c5-52d500481545 - - - - -] cache.tls_keyfile = None log_opt_values /usr/lib/python3/dist-packages/oslo_config/cfg.py:2609
2024-08-27 07:30:42.606 121003 DEBUG oslo_service.service [req-99715c98-7b89-44a6-b9c5-52d500481545 - - - - -] cinder.auth_section = None log_opt_values /usr/lib/python3/dist-packages/oslo_config/cfg.py:2609
2024-08-27 07:30:42.606 121003 DEBUG oslo_service.service [req-99715c98-7b89-44a6-b9c5-52d500481545 - - - - -] cinder.auth_type = None log_opt_values /usr/lib/python3/dist-packages/oslo_config/cfg.py:2609
2024-08-27 07:30:42.606 121003 DEBUG oslo_service.service [req-99715c98-7b89-44a6-b9c5-52d500481545 - - - - -] cinder.cafile = None log_opt_values /usr/lib/python3/dist-packages/oslo_config/cfg.py:2609
2024-08-27 07:30:42.606 121003 DEBUG oslo_service.service [req-99715c98-7b89-44a6-b9c5-52d500481545 - - - - -] cinder.catalog_info = volumev3::publicURL log_opt_values /usr/lib/python3/dist-packages/oslo_config/cfg.py:2609
2024-08-27 07:30:42.606 121003 DEBUG oslo_service.service [req-99715c98-7b89-44a6-b9c5-52d500481545 - - - - -] cinder.certfile = None log_opt_values /usr/lib/python3/dist-packages/oslo_config/cfg.py:2609
2024-08-27 07:30:42.606 121003 DEBUG oslo_service.service [req-99715c98-7b89-44a6-b9c5-52d500481545 - - - - -] cinder.collect_timing = False log_opt_values /usr/lib/python3/dist-packages/oslo_config/cfg.py:2609
2024-08-27 07:30:42.607 121003 DEBUG oslo_service.service [req-99715c98-7b89-44a6-b9c5-52d500481545 - - - - -] cinder.cross_az_attach = True log_opt_values /usr/lib/python3/dist-packages/oslo_config/cfg.py:2609
2024-08-27 07:30:42.607 121003 DEBUG oslo_service.service [req-99715c98-7b89-44a6-b9c5-52d500481545 - - - - -] cinder.debug = False log_opt_values /usr/lib/python3/dist-packages/oslo_config/cfg.py:2609
2024-08-27 07:30:42.607 121003 DEBUG oslo_service.service [req-99715c98-7b89-44a6-b9c5-52d500481545 - - - - -] cinder.endpoint_template = None log_opt_values /usr/lib/python3/dist-packages/oslo_config/cfg.py:2609
2024-08-27 07:30:42.607 121003 DEBUG oslo_service.service [req-99715c98-7b89-44a6-b9c5-52d500481545 - - - - -] cinder.http_retries = 3 log_opt_values /usr/lib/python3/dist-packages/oslo_config/cfg.py:2609
2024-08-27 07:30:42.607 121003 DEBUG oslo_service.service [req-99715c98-7b89-44a6-b9c5-52d500481545 - - - - -] cinder.insecure = False log_opt_values /usr/lib/python3/dist-packages/oslo_config/cfg.py:2609
2024-08-27 07:30:42.608 121003 DEBUG oslo_service.service [req-99715c98-7b89-44a6-b9c5-52d500481545 - - - - -] cinder.keyfile = None log_opt_values /usr/lib/python3/dist-packages/oslo_config/cfg.py:2609
2024-08-27 07:30:42.608 121003 DEBUG oslo_service.service [req-99715c98-7b89-44a6-b9c5-52d500481545 - - - - -] cinder.os_region_name = None log_opt_values /usr/lib/python3/dist-packages/oslo_config/cfg.py:2609
2024-08-27 07:30:42.608 121003 DEBUG oslo_service.service [req-99715c98-7b89-44a6-b9c5-52d500481545 - - - - -] cinder.split_loggers = False log_opt_values /usr/lib/python3/dist-packages/oslo_config/cfg.py:2609
2024-08-27 07:30:42.608 121003 DEBUG oslo_service.service [req-99715c98-7b89-44a6-b9c5-52d500481545 - - - - -] cinder.timeout = None log_opt_values /usr/lib/python3/dist-packages/oslo_config/cfg.py:2609
2024-08-27 07:30:42.608 121003 DEBUG oslo_service.service [req-99715c98-7b89-44a6-b9c5-52d500481545 - - - - -] compute.consecutive_build_service_disable_threshold = 10 log_opt_values /usr/lib/python3/dist-packages/oslo_config/cfg.py:2609
2024-08-27 07:30:42.609 121003 DEBUG oslo_service.service [req-99715c98-7b89-44a6-b9c5-52d500481545 - - - - -] compute.cpu_dedicated_set = None log_opt_values /usr/lib/python3/dist-packages/oslo_config/cfg.py:2609
2024-08-27 07:30:42.609 121003 DEBUG oslo_service.service [req-99715c98-7b89-44a6-b9c5-52d500481545 - - - - -] compute.cpu_shared_set = None log_opt_values /usr/lib/python3/dist-packages/oslo_config/cfg.py:2609
2024-08-27 07:30:42.609 121003 DEBUG oslo_service.service [req-99715c98-7b89-44a6-b9c5-52d500481545 - - - - -] compute.image_type_exclude_list = [] log_opt_values /usr/lib/python3/dist-packages/oslo_config/cfg.py:2609
2024-08-27 07:30:42.609 121003 DEBUG oslo_service.service [req-99715c98-7b89-44a6-b9c5-52d500481545 - - - - -] compute.live_migration_wait_for_vif_plug = True log_opt_values /usr/lib/python3/dist-packages/oslo_config/cfg.py:2609
2024-08-27 07:30:42.609 121003 DEBUG oslo_service.service [req-99715c98-7b89-44a6-b9c5-52d500481545 - - - - -] compute.max_concurrent_disk_ops = 0 log_opt_values /usr/lib/python3/dist-packages/oslo_config/cfg.py:2609
2024-08-27 07:30:42.610 121003 DEBUG oslo_service.service [req-99715c98-7b89-44a6-b9c5-52d500481545 - - - - -] compute.max_disk_devices_to_attach = -1 log_opt_values /usr/lib/python3/dist-packages/oslo_config/cfg.py:2609
2024-08-27 07:30:42.610 121003 DEBUG oslo_service.service [req-99715c98-7b89-44a6-b9c5-52d500481545 - - - - -] compute.packing_host_numa_cells_allocation_strategy = True log_opt_values /usr/lib/python3/dist-packages/oslo_config/cfg.py:2609
2024-08-27 07:30:42.610 121003 DEBUG oslo_service.service [req-99715c98-7b89-44a6-b9c5-52d500481545 - - - - -] compute.provider_config_location = /etc/nova/provider_config/ log_opt_values /usr/lib/python3/dist-packages/oslo_config/cfg.py:2609
2024-08-27 07:30:42.610 121003 DEBUG oslo_service.service [req-99715c98-7b89-44a6-b9c5-52d500481545 - - - - -] compute.resource_provider_association_refresh = 300 log_opt_values /usr/lib/python3/dist-packages/oslo_config/cfg.py:2609
2024-08-27 07:30:42.610 121003 DEBUG oslo_service.service [req-99715c98-7b89-44a6-b9c5-52d500481545 - - - - -] compute.shutdown_retry_interval = 10 log_opt_values /usr/lib/python3/dist-packages/oslo_config/cfg.py:2609
2024-08-27 07:30:42.610 121003 DEBUG oslo_service.service [req-99715c98-7b89-44a6-b9c5-52d500481545 - - - - -] compute.vmdk_allowed_types = ['streamOptimized', 'monolithicSparse'] log_opt_values /usr/lib/python3/dist-packages/oslo_config/cfg.py:2609
2024-08-27 07:30:42.611 121003 DEBUG oslo_service.service [req-99715c98-7b89-44a6-b9c5-52d500481545 - - - - -] conductor.workers = 4 log_opt_values /usr/lib/python3/dist-packages/oslo_config/cfg.py:2609
2024-08-27 07:30:42.611 121003 DEBUG oslo_service.service [req-99715c98-7b89-44a6-b9c5-52d500481545 - - - - -] console.allowed_origins = [] log_opt_values /usr/lib/python3/dist-packages/oslo_config/cfg.py:2609
2024-08-27 07:30:42.611 121003 DEBUG oslo_service.service [req-99715c98-7b89-44a6-b9c5-52d500481545 - - - - -] console.ssl_ciphers = None log_opt_values /usr/lib/python3/dist-packages/oslo_config/cfg.py:2609
2024-08-27 07:30:42.611 121003 DEBUG oslo_service.service [req-99715c98-7b89-44a6-b9c5-52d500481545 - - - - -] console.ssl_minimum_version = default log_opt_values /usr/lib/python3/dist-packages/oslo_config/cfg.py:2609
2024-08-27 07:30:42.611 121003 DEBUG oslo_service.service [req-99715c98-7b89-44a6-b9c5-52d500481545 - - - - -] consoleauth.token_ttl = 600 log_opt_values /usr/lib/python3/dist-packages/oslo_config/cfg.py:2609
2024-08-27 07:30:42.612 121003 DEBUG oslo_service.service [req-99715c98-7b89-44a6-b9c5-52d500481545 - - - - -] cyborg.cafile = None log_opt_values /usr/lib/python3/dist-packages/oslo_config/cfg.py:2609
2024-08-27 07:30:42.612 121003 DEBUG oslo_service.service [req-99715c98-7b89-44a6-b9c5-52d500481545 - - - - -] cyborg.certfile = None log_opt_values /usr/lib/python3/dist-packages/oslo_config/cfg.py:2609
2024-08-27 07:30:42.612 121003 DEBUG oslo_service.service [req-99715c98-7b89-44a6-b9c5-52d500481545 - - - - -] cyborg.collect_timing = False log_opt_values /usr/lib/python3/dist-packages/oslo_config/cfg.py:2609
2024-08-27 07:30:42.612 121003 DEBUG oslo_service.service [req-99715c98-7b89-44a6-b9c5-52d500481545 - - - - -] cyborg.connect_retries = None log_opt_values /usr/lib/python3/dist-packages/oslo_config/cfg.py:2609
2024-08-27 07:30:42.612 121003 DEBUG oslo_service.service [req-99715c98-7b89-44a6-b9c5-52d500481545 - - - - -] cyborg.connect_retry_delay = None log_opt_values /usr/lib/python3/dist-packages/oslo_config/cfg.py:2609
2024-08-27 07:30:42.613 121003 DEBUG oslo_service.service [req-99715c98-7b89-44a6-b9c5-52d500481545 - - - - -] cyborg.endpoint_override = None log_opt_values /usr/lib/python3/dist-packages/oslo_config/cfg.py:2609
2024-08-27 07:30:42.613 121003 DEBUG oslo_service.service [req-99715c98-7b89-44a6-b9c5-52d500481545 - - - - -] cyborg.insecure = False log_opt_values /usr/lib/python3/dist-packages/oslo_config/cfg.py:2609
2024-08-27 07:30:42.613 121003 DEBUG oslo_service.service [req-99715c98-7b89-44a6-b9c5-52d500481545 - - - - -] cyborg.keyfile = None log_opt_values /usr/lib/python3/dist-packages/oslo_config/cfg.py:2609
2024-08-27 07:30:42.613 121003 DEBUG oslo_service.service [req-99715c98-7b89-44a6-b9c5-52d500481545 - - - - -] cyborg.max_version = None log_opt_values /usr/lib/python3/dist-packages/oslo_config/cfg.py:2609
2024-08-27 07:30:42.613 121003 DEBUG oslo_service.service [req-99715c98-7b89-44a6-b9c5-52d500481545 - - - - -] cyborg.min_version = None log_opt_values /usr/lib/python3/dist-packages/oslo_config/cfg.py:2609
2024-08-27 07:30:42.614 121003 DEBUG oslo_service.service [req-99715c98-7b89-44a6-b9c5-52d500481545 - - - - -] cyborg.region_name = None log_opt_values /usr/lib/python3/dist-packages/oslo_config/cfg.py:2609
2024-08-27 07:30:42.614 121003 DEBUG oslo_service.service [req-99715c98-7b89-44a6-b9c5-52d500481545 - - - - -] cyborg.service_name = None log_opt_values /usr/lib/python3/dist-packages/oslo_config/cfg.py:2609
2024-08-27 07:30:42.614 121003 DEBUG oslo_service.service [req-99715c98-7b89-44a6-b9c5-52d500481545 - - - - -] cyborg.service_type = accelerator log_opt_values /usr/lib/python3/dist-packages/oslo_config/cfg.py:2609
2024-08-27 07:30:42.614 121003 DEBUG oslo_service.service [req-99715c98-7b89-44a6-b9c5-52d500481545 - - - - -] cyborg.split_loggers = False log_opt_values /usr/lib/python3/dist-packages/oslo_config/cfg.py:2609
2024-08-27 07:30:42.614 121003 DEBUG oslo_service.service [req-99715c98-7b89-44a6-b9c5-52d500481545 - - - - -] cyborg.status_code_retries = None log_opt_values /usr/lib/python3/dist-packages/oslo_config/cfg.py:2609
2024-08-27 07:30:42.614 121003 DEBUG oslo_service.service [req-99715c98-7b89-44a6-b9c5-52d500481545 - - - - -] cyborg.status_code_retry_delay = None log_opt_values /usr/lib/python3/dist-packages/oslo_config/cfg.py:2609
2024-08-27 07:30:42.614 121003 DEBUG oslo_service.service [req-99715c98-7b89-44a6-b9c5-52d500481545 - - - - -] cyborg.timeout = None log_opt_values /usr/lib/python3/dist-packages/oslo_config/cfg.py:2609
2024-08-27 07:30:42.615 121003 DEBUG oslo_service.service [req-99715c98-7b89-44a6-b9c5-52d500481545 - - - - -] cyborg.valid_interfaces = ['internal', 'public'] log_opt_values /usr/lib/python3/dist-packages/oslo_config/cfg.py:2609
2024-08-27 07:30:42.615 121003 DEBUG oslo_service.service [req-99715c98-7b89-44a6-b9c5-52d500481545 - - - - -] cyborg.version = None log_opt_values /usr/lib/python3/dist-packages/oslo_config/cfg.py:2609
2024-08-27 07:30:42.615 121003 DEBUG oslo_service.service [req-99715c98-7b89-44a6-b9c5-52d500481545 - - - - -] database.backend = sqlalchemy log_opt_values /usr/lib/python3/dist-packages/oslo_config/cfg.py:2609
2024-08-27 07:30:42.615 121003 DEBUG oslo_service.service [req-99715c98-7b89-44a6-b9c5-52d500481545 - - - - -] database.connection = **** log_opt_values /usr/lib/python3/dist-packages/oslo_config/cfg.py:2609
2024-08-27 07:30:42.615 121003 DEBUG oslo_service.service [req-99715c98-7b89-44a6-b9c5-52d500481545 - - - - -] database.connection_debug = 0 log_opt_values /usr/lib/python3/dist-packages/oslo_config/cfg.py:2609
2024-08-27 07:30:42.616 121003 DEBUG oslo_service.service [req-99715c98-7b89-44a6-b9c5-52d500481545 - - - - -] database.connection_parameters = log_opt_values /usr/lib/python3/dist-packages/oslo_config/cfg.py:2609
2024-08-27 07:30:42.616 121003 DEBUG oslo_service.service [req-99715c98-7b89-44a6-b9c5-52d500481545 - - - - -] database.connection_recycle_time = 3600 log_opt_values /usr/lib/python3/dist-packages/oslo_config/cfg.py:2609
2024-08-27 07:30:42.616 121003 DEBUG oslo_service.service [req-99715c98-7b89-44a6-b9c5-52d500481545 - - - - -] database.connection_trace = False log_opt_values /usr/lib/python3/dist-packages/oslo_config/cfg.py:2609
2024-08-27 07:30:42.616 121003 DEBUG oslo_service.service [req-99715c98-7b89-44a6-b9c5-52d500481545 - - - - -] database.db_inc_retry_interval = True log_opt_values /usr/lib/python3/dist-packages/oslo_config/cfg.py:2609
2024-08-27 07:30:42.616 121003 DEBUG oslo_service.service [req-99715c98-7b89-44a6-b9c5-52d500481545 - - - - -] database.db_max_retries = 20 log_opt_values /usr/lib/python3/dist-packages/oslo_config/cfg.py:2609
2024-08-27 07:30:42.616 121003 DEBUG oslo_service.service [req-99715c98-7b89-44a6-b9c5-52d500481545 - - - - -] database.db_max_retry_interval = 10 log_opt_values /usr/lib/python3/dist-packages/oslo_config/cfg.py:2609
2024-08-27 07:30:42.617 121003 DEBUG oslo_service.service [req-99715c98-7b89-44a6-b9c5-52d500481545 - - - - -] database.db_retry_interval = 1 log_opt_values /usr/lib/python3/dist-packages/oslo_config/cfg.py:2609
2024-08-27 07:30:42.617 121003 DEBUG oslo_service.service [req-99715c98-7b89-44a6-b9c5-52d500481545 - - - - -] database.max_overflow = 50 log_opt_values /usr/lib/python3/dist-packages/oslo_config/cfg.py:2609
2024-08-27 07:30:42.617 121003 DEBUG oslo_service.service [req-99715c98-7b89-44a6-b9c5-52d500481545 - - - - -] database.max_pool_size = 4 log_opt_values /usr/lib/python3/dist-packages/oslo_config/cfg.py:2609
2024-08-27 07:30:42.617 121003 DEBUG oslo_service.service [req-99715c98-7b89-44a6-b9c5-52d500481545 - - - - -] database.max_retries = 10 log_opt_values /usr/lib/python3/dist-packages/oslo_config/cfg.py:2609
2024-08-27 07:30:42.617 121003 DEBUG oslo_service.service [req-99715c98-7b89-44a6-b9c5-52d500481545 - - - - -] database.mysql_enable_ndb = False log_opt_values /usr/lib/python3/dist-packages/oslo_config/cfg.py:2609
2024-08-27 07:30:42.617 121003 DEBUG oslo_service.service [req-99715c98-7b89-44a6-b9c5-52d500481545 - - - - -] database.mysql_sql_mode = TRADITIONAL log_opt_values /usr/lib/python3/dist-packages/oslo_config/cfg.py:2609
2024-08-27 07:30:42.618 121003 DEBUG oslo_service.service [req-99715c98-7b89-44a6-b9c5-52d500481545 - - - - -] database.pool_timeout = None log_opt_values /usr/lib/python3/dist-packages/oslo_config/cfg.py:2609
2024-08-27 07:30:42.618 121003 DEBUG oslo_service.service [req-99715c98-7b89-44a6-b9c5-52d500481545 - - - - -] database.retry_interval = 10 log_opt_values /usr/lib/python3/dist-packages/oslo_config/cfg.py:2609
2024-08-27 07:30:42.618 121003 DEBUG oslo_service.service [req-99715c98-7b89-44a6-b9c5-52d500481545 - - - - -] database.slave_connection = **** log_opt_values /usr/lib/python3/dist-packages/oslo_config/cfg.py:2609
2024-08-27 07:30:42.618 121003 DEBUG oslo_service.service [req-99715c98-7b89-44a6-b9c5-52d500481545 - - - - -] database.sqlite_synchronous = True log_opt_values /usr/lib/python3/dist-packages/oslo_config/cfg.py:2609
2024-08-27 07:30:42.618 121003 DEBUG oslo_service.service [req-99715c98-7b89-44a6-b9c5-52d500481545 - - - - -] database.use_db_reconnect = False log_opt_values /usr/lib/python3/dist-packages/oslo_config/cfg.py:2609
2024-08-27 07:30:42.619 121003 DEBUG oslo_service.service [req-99715c98-7b89-44a6-b9c5-52d500481545 - - - - -] api_database.backend = sqlalchemy log_opt_values /usr/lib/python3/dist-packages/oslo_config/cfg.py:2609
2024-08-27 07:30:42.619 121003 DEBUG oslo_service.service [req-99715c98-7b89-44a6-b9c5-52d500481545 - - - - -] api_database.connection = **** log_opt_values /usr/lib/python3/dist-packages/oslo_config/cfg.py:2609
2024-08-27 07:30:42.619 121003 DEBUG oslo_service.service [req-99715c98-7b89-44a6-b9c5-52d500481545 - - - - -] api_database.connection_debug = 0 log_opt_values /usr/lib/python3/dist-packages/oslo_config/cfg.py:2609
2024-08-27 07:30:42.619 121003 DEBUG oslo_service.service [req-99715c98-7b89-44a6-b9c5-52d500481545 - - - - -] api_database.connection_parameters = log_opt_values /usr/lib/python3/dist-packages/oslo_config/cfg.py:2609
2024-08-27 07:30:42.619 121003 DEBUG oslo_service.service [req-99715c98-7b89-44a6-b9c5-52d500481545 - - - - -] api_database.connection_recycle_time = 3600 log_opt_values /usr/lib/python3/dist-packages/oslo_config/cfg.py:2609
2024-08-27 07:30:42.619 121003 DEBUG oslo_service.service [req-99715c98-7b89-44a6-b9c5-52d500481545 - - - - -] api_database.connection_trace = False log_opt_values /usr/lib/python3/dist-packages/oslo_config/cfg.py:2609
2024-08-27 07:30:42.620 121003 DEBUG oslo_service.service [req-99715c98-7b89-44a6-b9c5-52d500481545 - - - - -] api_database.db_inc_retry_interval = True log_opt_values /usr/lib/python3/dist-packages/oslo_config/cfg.py:2609
2024-08-27 07:30:42.620 121003 DEBUG oslo_service.service [req-99715c98-7b89-44a6-b9c5-52d500481545 - - - - -] api_database.db_max_retries = 20 log_opt_values /usr/lib/python3/dist-packages/oslo_config/cfg.py:2609
2024-08-27 07:30:42.620 121003 DEBUG oslo_service.service [req-99715c98-7b89-44a6-b9c5-52d500481545 - - - - -] api_database.db_max_retry_interval = 10 log_opt_values /usr/lib/python3/dist-packages/oslo_config/cfg.py:2609
2024-08-27 07:30:42.620 121003 DEBUG oslo_service.service [req-99715c98-7b89-44a6-b9c5-52d500481545 - - - - -] api_database.db_retry_interval = 1 log_opt_values /usr/lib/python3/dist-packages/oslo_config/cfg.py:2609
2024-08-27 07:30:42.620 121003 DEBUG oslo_service.service [req-99715c98-7b89-44a6-b9c5-52d500481545 - - - - -] api_database.max_overflow = 50 log_opt_values /usr/lib/python3/dist-packages/oslo_config/cfg.py:2609
2024-08-27 07:30:42.621 121003 DEBUG oslo_service.service [req-99715c98-7b89-44a6-b9c5-52d500481545 - - - - -] api_database.max_pool_size = 4 log_opt_values /usr/lib/python3/dist-packages/oslo_config/cfg.py:2609
2024-08-27 07:30:42.621 121003 DEBUG oslo_service.service [req-99715c98-7b89-44a6-b9c5-52d500481545 - - - - -] api_database.max_retries = 10 log_opt_values /usr/lib/python3/dist-packages/oslo_config/cfg.py:2609
2024-08-27 07:30:42.621 121003 DEBUG oslo_service.service [req-99715c98-7b89-44a6-b9c5-52d500481545 - - - - -] api_database.mysql_enable_ndb = False log_opt_values /usr/lib/python3/dist-packages/oslo_config/cfg.py:2609
2024-08-27 07:30:42.621 123054 DEBUG oslo_messaging._drivers.amqpdriver [-] Listener is running poll /usr/lib/python3/dist-packages/oslo_messaging/_drivers/amqpdriver.py:343
2024-08-27 07:30:42.621 121003 DEBUG oslo_service.service [req-99715c98-7b89-44a6-b9c5-52d500481545 - - - - -] api_database.mysql_sql_mode = TRADITIONAL log_opt_values /usr/lib/python3/dist-packages/oslo_config/cfg.py:2609
2024-08-27 07:30:42.621 123054 DEBUG oslo_messaging._drivers.amqpdriver [-] AMQPListener connection consume poll /usr/lib/python3/dist-packages/oslo_messaging/_drivers/amqpdriver.py:357
2024-08-27 07:30:42.621 121003 DEBUG oslo_service.service [req-99715c98-7b89-44a6-b9c5-52d500481545 - - - - -] api_database.pool_timeout = None log_opt_values /usr/lib/python3/dist-packages/oslo_config/cfg.py:2609
2024-08-27 07:30:42.621 121003 DEBUG oslo_service.service [req-99715c98-7b89-44a6-b9c5-52d500481545 - - - - -] api_database.retry_interval = 10 log_opt_values /usr/lib/python3/dist-packages/oslo_config/cfg.py:2609
2024-08-27 07:30:42.622 121003 DEBUG oslo_service.service [req-99715c98-7b89-44a6-b9c5-52d500481545 - - - - -] api_database.slave_connection = **** log_opt_values /usr/lib/python3/dist-packages/oslo_config/cfg.py:2609
2024-08-27 07:30:42.622 121003 DEBUG oslo_service.service [req-99715c98-7b89-44a6-b9c5-52d500481545 - - - - -] api_database.sqlite_synchronous = True log_opt_values /usr/lib/python3/dist-packages/oslo_config/cfg.py:2609
2024-08-27 07:30:42.622 123054 DEBUG nova.service [req-526bd369-a7ef-4666-8273-2c59d7c3d6ab - - - - -] Join ServiceGroup membership for this service scheduler start /usr/lib/python3/dist-packages/nova/service.py:199
2024-08-27 07:30:42.622 121003 DEBUG oslo_service.service [req-99715c98-7b89-44a6-b9c5-52d500481545 - - - - -] devices.enabled_mdev_types = [] log_opt_values /usr/lib/python3/dist-packages/oslo_config/cfg.py:2609
2024-08-27 07:30:42.622 123054 DEBUG nova.servicegroup.drivers.db [req-526bd369-a7ef-4666-8273-2c59d7c3d6ab - - - - -] DB_Driver: join new ServiceGroup member juju-de28ce-0-lxd-7 to the scheduler group, service = join /usr/lib/python3/dist-packages/nova/servicegroup/drivers/db.py:44
2024-08-27 07:30:42.622 121003 DEBUG oslo_service.service [req-99715c98-7b89-44a6-b9c5-52d500481545 - - - - -] ephemeral_storage_encryption.cipher = aes-xts-plain64 log_opt_values /usr/lib/python3/dist-packages/oslo_config/cfg.py:2609
2024-08-27 07:30:42.622 121003 DEBUG oslo_service.service [req-99715c98-7b89-44a6-b9c5-52d500481545 - - - - -] ephemeral_storage_encryption.enabled = False log_opt_values /usr/lib/python3/dist-packages/oslo_config/cfg.py:2609
2024-08-27 07:30:42.622 121003 DEBUG oslo_service.service [req-99715c98-7b89-44a6-b9c5-52d500481545 - - - - -] ephemeral_storage_encryption.key_size = 512 log_opt_values /usr/lib/python3/dist-packages/oslo_config/cfg.py:2609
2024-08-27 07:30:42.622 123048 DEBUG oslo_messaging._drivers.amqpdriver [-] Listener is running poll /usr/lib/python3/dist-packages/oslo_messaging/_drivers/amqpdriver.py:343
2024-08-27 07:30:42.623 121003 WARNING oslo_config.cfg [req-99715c98-7b89-44a6-b9c5-52d500481545 - - - - -] Deprecated: Option "api_servers" from group "glance" is deprecated for removal ( Support for image service configuration via standard keystoneauth1 Adapter options was added in the 17.0.0 Queens release. The api_servers option was retained temporarily to allow consumers time to cut over to a real load balancing solution. ). Its value may be silently ignored in the future.
2024-08-27 07:30:42.623 123048 DEBUG oslo_messaging._drivers.amqpdriver [-] AMQPListener connection consume poll /usr/lib/python3/dist-packages/oslo_messaging/_drivers/amqpdriver.py:357
2024-08-27 07:30:42.623 121003 DEBUG oslo_service.service [req-99715c98-7b89-44a6-b9c5-52d500481545 - - - - -] glance.api_servers = ['http://252.34.207.145:9292'] log_opt_values /usr/lib/python3/dist-packages/oslo_config/cfg.py:2609
2024-08-27 07:30:42.623 121003 DEBUG oslo_service.service [req-99715c98-7b89-44a6-b9c5-52d500481545 - - - - -] glance.cafile = None log_opt_values /usr/lib/python3/dist-packages/oslo_config/cfg.py:2609
2024-08-27 07:30:42.623 121003 DEBUG oslo_service.service [req-99715c98-7b89-44a6-b9c5-52d500481545 - - - - -] glance.certfile = None log_opt_values /usr/lib/python3/dist-packages/oslo_config/cfg.py:2609
2024-08-27 07:30:42.623 123042 DEBUG oslo_messaging._drivers.amqpdriver [-] Listener is running poll /usr/lib/python3/dist-packages/oslo_messaging/_drivers/amqpdriver.py:343
2024-08-27 07:30:42.624 121003 DEBUG oslo_service.service [req-99715c98-7b89-44a6-b9c5-52d500481545 - - - - -] glance.collect_timing = False log_opt_values /usr/lib/python3/dist-packages/oslo_config/cfg.py:2609
2024-08-27 07:30:42.624 123042 DEBUG oslo_messaging._drivers.amqpdriver [-] AMQPListener connection consume poll /usr/lib/python3/dist-packages/oslo_messaging/_drivers/amqpdriver.py:357
2024-08-27 07:30:42.624 121003 DEBUG oslo_service.service [req-99715c98-7b89-44a6-b9c5-52d500481545 - - - - -] glance.connect_retries = None log_opt_values /usr/lib/python3/dist-packages/oslo_config/cfg.py:2609
2024-08-27 07:30:42.624 121003 DEBUG oslo_service.service [req-99715c98-7b89-44a6-b9c5-52d500481545 - - - - -] glance.connect_retry_delay = None log_opt_values /usr/lib/python3/dist-packages/oslo_config/cfg.py:2609
2024-08-27 07:30:42.624 121003 DEBUG oslo_service.service [req-99715c98-7b89-44a6-b9c5-52d500481545 - - - - -] glance.debug = False log_opt_values /usr/lib/python3/dist-packages/oslo_config/cfg.py:2609
2024-08-27 07:30:42.624 121003 DEBUG oslo_service.service [req-99715c98-7b89-44a6-b9c5-52d500481545 - - - - -] glance.default_trusted_certificate_ids = [] log_opt_values /usr/lib/python3/dist-packages/oslo_config/cfg.py:2609
2024-08-27 07:30:42.625 121003 DEBUG oslo_service.service [req-99715c98-7b89-44a6-b9c5-52d500481545 - - - - -] glance.enable_certificate_validation = False log_opt_values /usr/lib/python3/dist-packages/oslo_config/cfg.py:2609
2024-08-27 07:30:42.624 123042 DEBUG nova.service [req-ad345f1b-2391-4ba0-a518-28c7ab5e32d9 - - - - -] Join ServiceGroup membership for this service scheduler start /usr/lib/python3/dist-packages/nova/service.py:199
2024-08-27 07:30:42.624 123047 DEBUG oslo_messaging._drivers.amqpdriver [-] Listener is running poll /usr/lib/python3/dist-packages/oslo_messaging/_drivers/amqpdriver.py:343
2024-08-27 07:30:42.625 121003 DEBUG oslo_service.service [req-99715c98-7b89-44a6-b9c5-52d500481545 - - - - -] glance.enable_rbd_download = False log_opt_values /usr/lib/python3/dist-packages/oslo_config/cfg.py:2609
2024-08-27 07:30:42.625 123047 DEBUG oslo_messaging._drivers.amqpdriver [-] AMQPListener connection consume poll /usr/lib/python3/dist-packages/oslo_messaging/_drivers/amqpdriver.py:357
2024-08-27 07:30:42.625 121003 DEBUG oslo_service.service [req-99715c98-7b89-44a6-b9c5-52d500481545 - - - - -] glance.endpoint_override = None log_opt_values /usr/lib/python3/dist-packages/oslo_config/cfg.py:2609
2024-08-27 07:30:42.625 123042 DEBUG nova.servicegroup.drivers.db [req-ad345f1b-2391-4ba0-a518-28c7ab5e32d9 - - - - -] DB_Driver: join new ServiceGroup member juju-de28ce-0-lxd-7 to the scheduler group, service = join /usr/lib/python3/dist-packages/nova/servicegroup/drivers/db.py:44
2024-08-27 07:30:42.625 123048 DEBUG nova.service [req-dc128974-7c8f-428a-a9bd-cf6d2fb9519b - - - - -] Join ServiceGroup membership for this service scheduler start /usr/lib/python3/dist-packages/nova/service.py:199
2024-08-27 07:30:42.625 121003 DEBUG oslo_service.service [req-99715c98-7b89-44a6-b9c5-52d500481545 - - - - -] glance.insecure = False log_opt_values /usr/lib/python3/dist-packages/oslo_config/cfg.py:2609
2024-08-27 07:30:42.625 121003 DEBUG oslo_service.service [req-99715c98-7b89-44a6-b9c5-52d500481545 - - - - -] glance.keyfile = None log_opt_values /usr/lib/python3/dist-packages/oslo_config/cfg.py:2609
2024-08-27 07:30:42.625 123048 DEBUG nova.servicegroup.drivers.db [req-dc128974-7c8f-428a-a9bd-cf6d2fb9519b - - - - -] DB_Driver: join new ServiceGroup member juju-de28ce-0-lxd-7 to the scheduler group, service = join /usr/lib/python3/dist-packages/nova/servicegroup/drivers/db.py:44
2024-08-27 07:30:42.625 121003 DEBUG oslo_service.service [req-99715c98-7b89-44a6-b9c5-52d500481545 - - - - -] glance.max_version = None log_opt_values /usr/lib/python3/dist-packages/oslo_config/cfg.py:2609
2024-08-27 07:30:42.625 121003 DEBUG oslo_service.service [req-99715c98-7b89-44a6-b9c5-52d500481545 - - - - -] glance.min_version = None log_opt_values /usr/lib/python3/dist-packages/oslo_config/cfg.py:2609
2024-08-27 07:30:42.625 123047 DEBUG nova.service [req-1de71742-7b50-4a4b-8b16-0d09f20a7295 - - - - -] Join ServiceGroup membership for this service scheduler start /usr/lib/python3/dist-packages/nova/service.py:199
2024-08-27 07:30:42.626 121003 DEBUG oslo_service.service [req-99715c98-7b89-44a6-b9c5-52d500481545 - - - - -] glance.num_retries = 3 log_opt_values /usr/lib/python3/dist-packages/oslo_config/cfg.py:2609
2024-08-27 07:30:42.626 121003 DEBUG oslo_service.service [req-99715c98-7b89-44a6-b9c5-52d500481545 - - - - -] glance.rbd_ceph_conf = log_opt_values /usr/lib/python3/dist-packages/oslo_config/cfg.py:2609
2024-08-27 07:30:42.626 123047 DEBUG nova.servicegroup.drivers.db [req-1de71742-7b50-4a4b-8b16-0d09f20a7295 - - - - -] DB_Driver: join new ServiceGroup member juju-de28ce-0-lxd-7 to the scheduler group, service = join /usr/lib/python3/dist-packages/nova/servicegroup/drivers/db.py:44
2024-08-27 07:30:42.626 121003 DEBUG oslo_service.service [req-99715c98-7b89-44a6-b9c5-52d500481545 - - - - -] glance.rbd_connect_timeout = 5 log_opt_values /usr/lib/python3/dist-packages/oslo_config/cfg.py:2609
2024-08-27 07:30:42.626 121003 DEBUG oslo_service.service [req-99715c98-7b89-44a6-b9c5-52d500481545 - - - - -] glance.rbd_pool = log_opt_values /usr/lib/python3/dist-packages/oslo_config/cfg.py:2609
2024-08-27 07:30:42.626 121003 DEBUG oslo_service.service [req-99715c98-7b89-44a6-b9c5-52d500481545 - - - - -] glance.rbd_user = log_opt_values /usr/lib/python3/dist-packages/oslo_config/cfg.py:2609
2024-08-27 07:30:42.627 121003 DEBUG oslo_service.service [req-99715c98-7b89-44a6-b9c5-52d500481545 - - - - -] glance.region_name = None log_opt_values /usr/lib/python3/dist-packages/oslo_config/cfg.py:2609
2024-08-27 07:30:42.627 123042 DEBUG oslo_messaging._drivers.amqpdriver [-] AMQPListener connection timeout poll /usr/lib/python3/dist-packages/oslo_messaging/_drivers/amqpdriver.py:360
2024-08-27 07:30:42.627 123042 DEBUG oslo_messaging._drivers.amqpdriver [-] Listener is running poll /usr/lib/python3/dist-packages/oslo_messaging/_drivers/amqpdriver.py:343
2024-08-27 07:30:42.627 123042 DEBUG oslo_messaging._drivers.amqpdriver [-] AMQPListener connection consume poll /usr/lib/python3/dist-packages/oslo_messaging/_drivers/amqpdriver.py:357
2024-08-27 07:30:42.627 121003 DEBUG oslo_service.service [req-99715c98-7b89-44a6-b9c5-52d500481545 - - - - -] glance.service_name = None log_opt_values /usr/lib/python3/dist-packages/oslo_config/cfg.py:2609
2024-08-27 07:30:42.627 123054 DEBUG oslo_messaging._drivers.amqpdriver [-] AMQPListener connection timeout poll /usr/lib/python3/dist-packages/oslo_messaging/_drivers/amqpdriver.py:360
2024-08-27 07:30:42.628 123054 DEBUG oslo_messaging._drivers.amqpdriver [-] Listener is running poll /usr/lib/python3/dist-packages/oslo_messaging/_drivers/amqpdriver.py:343
2024-08-27 07:30:42.628 123054 DEBUG oslo_messaging._drivers.amqpdriver [-] AMQPListener connection consume poll /usr/lib/python3/dist-packages/oslo_messaging/_drivers/amqpdriver.py:357
2024-08-27 07:30:42.628 123047 DEBUG oslo_messaging._drivers.amqpdriver [-] AMQPListener connection timeout poll /usr/lib/python3/dist-packages/oslo_messaging/_drivers/amqpdriver.py:360
2024-08-27 07:30:42.628 123047 DEBUG oslo_messaging._drivers.amqpdriver [-] Listener is running poll /usr/lib/python3/dist-packages/oslo_messaging/_drivers/amqpdriver.py:343
2024-08-27 07:30:42.628 123047 DEBUG oslo_messaging._drivers.amqpdriver [-] AMQPListener connection consume poll /usr/lib/python3/dist-packages/oslo_messaging/_drivers/amqpdriver.py:357
2024-08-27 07:30:42.628 121003 DEBUG oslo_service.service [req-99715c98-7b89-44a6-b9c5-52d500481545 - - - - -] glance.service_type = image log_opt_values /usr/lib/python3/dist-packages/oslo_config/cfg.py:2609
2024-08-27 07:30:42.632 121003 DEBUG oslo_service.service [req-99715c98-7b89-44a6-b9c5-52d500481545 - - - - -] glance.split_loggers = False log_opt_values /usr/lib/python3/dist-packages/oslo_config/cfg.py:2609
2024-08-27 07:30:42.632 121003 DEBUG oslo_service.service [req-99715c98-7b89-44a6-b9c5-52d500481545 - - - - -] glance.status_code_retries = None log_opt_values /usr/lib/python3/dist-packages/oslo_config/cfg.py:2609
2024-08-27 07:30:42.632 121003 DEBUG oslo_service.service [req-99715c98-7b89-44a6-b9c5-52d500481545 - - - - -] glance.status_code_retry_delay = None log_opt_values /usr/lib/python3/dist-packages/oslo_config/cfg.py:2609
2024-08-27 07:30:42.632 121003 DEBUG oslo_service.service [req-99715c98-7b89-44a6-b9c5-52d500481545 - - - - -] glance.timeout = None log_opt_values /usr/lib/python3/dist-packages/oslo_config/cfg.py:2609
2024-08-27 07:30:42.632 123048 DEBUG oslo_messaging._drivers.amqpdriver [-] AMQPListener connection timeout poll /usr/lib/python3/dist-packages/oslo_messaging/_drivers/amqpdriver.py:360
2024-08-27 07:30:42.633 121003 DEBUG oslo_service.service [req-99715c98-7b89-44a6-b9c5-52d500481545 - - - - -] glance.valid_interfaces = ['internal', 'public'] log_opt_values /usr/lib/python3/dist-packages/oslo_config/cfg.py:2609
2024-08-27 07:30:42.633 123048 DEBUG oslo_messaging._drivers.amqpdriver [-] Listener is running poll /usr/lib/python3/dist-packages/oslo_messaging/_drivers/amqpdriver.py:343
2024-08-27 07:30:42.633 121003 DEBUG oslo_service.service [req-99715c98-7b89-44a6-b9c5-52d500481545 - - - - -] glance.verify_glance_signatures = False log_opt_values /usr/lib/python3/dist-packages/oslo_config/cfg.py:2609
2024-08-27 07:30:42.633 123048 DEBUG oslo_messaging._drivers.amqpdriver [-] AMQPListener connection consume poll /usr/lib/python3/dist-packages/oslo_messaging/_drivers/amqpdriver.py:357
2024-08-27 07:30:42.633 121003 DEBUG oslo_service.service [req-99715c98-7b89-44a6-b9c5-52d500481545 - - - - -] glance.version = None log_opt_values /usr/lib/python3/dist-packages/oslo_config/cfg.py:2609
2024-08-27 07:30:42.633 121003 DEBUG oslo_service.service [req-99715c98-7b89-44a6-b9c5-52d500481545 - - - - -] guestfs.debug = False log_opt_values /usr/lib/python3/dist-packages/oslo_config/cfg.py:2609
2024-08-27 07:30:42.633 121003 DEBUG oslo_service.service [req-99715c98-7b89-44a6-b9c5-52d500481545 - - - - -] hyperv.config_drive_cdrom = False log_opt_values /usr/lib/python3/dist-packages/oslo_config/cfg.py:2609
2024-08-27 07:30:42.634 121003 DEBUG oslo_service.service [req-99715c98-7b89-44a6-b9c5-52d500481545 - - - - -] hyperv.config_drive_inject_password = False log_opt_values /usr/lib/python3/dist-packages/oslo_config/cfg.py:2609
2024-08-27 07:30:42.634 121003 DEBUG oslo_service.service [req-99715c98-7b89-44a6-b9c5-52d500481545 - - - - -] hyperv.dynamic_memory_ratio = 1.0 log_opt_values /usr/lib/python3/dist-packages/oslo_config/cfg.py:2609
2024-08-27 07:30:42.635 121003 DEBUG oslo_service.service [req-99715c98-7b89-44a6-b9c5-52d500481545 - - - - -] hyperv.enable_instance_metrics_collection = False log_opt_values /usr/lib/python3/dist-packages/oslo_config/cfg.py:2609
2024-08-27 07:30:42.635 121003 DEBUG oslo_service.service [req-99715c98-7b89-44a6-b9c5-52d500481545 - - - - -] hyperv.enable_remotefx = False log_opt_values /usr/lib/python3/dist-packages/oslo_config/cfg.py:2609
2024-08-27 07:30:42.635 121003 DEBUG oslo_service.service [req-99715c98-7b89-44a6-b9c5-52d500481545 - - - - -] hyperv.instances_path_share = log_opt_values /usr/lib/python3/dist-packages/oslo_config/cfg.py:2609
2024-08-27 07:30:42.636 121003 DEBUG oslo_service.service [req-99715c98-7b89-44a6-b9c5-52d500481545 - - - - -] hyperv.iscsi_initiator_list = [] log_opt_values /usr/lib/python3/dist-packages/oslo_config/cfg.py:2609
2024-08-27 07:30:42.636 121003 DEBUG oslo_service.service [req-99715c98-7b89-44a6-b9c5-52d500481545 - - - - -] hyperv.limit_cpu_features = False log_opt_values /usr/lib/python3/dist-packages/oslo_config/cfg.py:2609
2024-08-27 07:30:42.636 121003 DEBUG oslo_service.service [req-99715c98-7b89-44a6-b9c5-52d500481545 - - - - -] hyperv.mounted_disk_query_retry_count = 10 log_opt_values /usr/lib/python3/dist-packages/oslo_config/cfg.py:2609
2024-08-27 07:30:42.636 121003 DEBUG oslo_service.service [req-99715c98-7b89-44a6-b9c5-52d500481545 - - - - -] hyperv.mounted_disk_query_retry_interval = 5 log_opt_values /usr/lib/python3/dist-packages/oslo_config/cfg.py:2609
2024-08-27 07:30:42.638 121003 DEBUG oslo_service.service [req-99715c98-7b89-44a6-b9c5-52d500481545 - - - - -] hyperv.power_state_check_timeframe = 60 log_opt_values /usr/lib/python3/dist-packages/oslo_config/cfg.py:2609
2024-08-27 07:30:42.638 121003 DEBUG oslo_service.service [req-99715c98-7b89-44a6-b9c5-52d500481545 - - - - -] hyperv.power_state_event_polling_interval = 2 log_opt_values /usr/lib/python3/dist-packages/oslo_config/cfg.py:2609
2024-08-27 07:30:42.638 121003 DEBUG oslo_service.service [req-99715c98-7b89-44a6-b9c5-52d500481545 - - - - -] hyperv.qemu_img_cmd = qemu-img.exe log_opt_values /usr/lib/python3/dist-packages/oslo_config/cfg.py:2609
2024-08-27 07:30:42.638 121003 DEBUG oslo_service.service [req-99715c98-7b89-44a6-b9c5-52d500481545 - - - - -] hyperv.use_multipath_io = False log_opt_values /usr/lib/python3/dist-packages/oslo_config/cfg.py:2609
2024-08-27 07:30:42.639 121003 DEBUG oslo_service.service [req-99715c98-7b89-44a6-b9c5-52d500481545 - - - - -] hyperv.volume_attach_retry_count = 10 log_opt_values /usr/lib/python3/dist-packages/oslo_config/cfg.py:2609
2024-08-27 07:30:42.639 121003 DEBUG oslo_service.service [req-99715c98-7b89-44a6-b9c5-52d500481545 - - - - -] hyperv.volume_attach_retry_interval = 5 log_opt_values /usr/lib/python3/dist-packages/oslo_config/cfg.py:2609
2024-08-27 07:30:42.639 121003 DEBUG oslo_service.service [req-99715c98-7b89-44a6-b9c5-52d500481545 - - - - -] hyperv.vswitch_name = None log_opt_values /usr/lib/python3/dist-packages/oslo_config/cfg.py:2609
2024-08-27 07:30:42.639 121003 DEBUG oslo_service.service [req-99715c98-7b89-44a6-b9c5-52d500481545 - - - - -] hyperv.wait_soft_reboot_seconds = 60 log_opt_values /usr/lib/python3/dist-packages/oslo_config/cfg.py:2609
2024-08-27 07:30:42.639 121003 DEBUG oslo_service.service [req-99715c98-7b89-44a6-b9c5-52d500481545 - - - - -] mks.enabled = False log_opt_values /usr/lib/python3/dist-packages/oslo_config/cfg.py:2609
2024-08-27 07:30:42.642 121003 DEBUG oslo_service.service [req-99715c98-7b89-44a6-b9c5-52d500481545 - - - - -] mks.mksproxy_base_url = http://127.0.0.1:6090/ log_opt_values /usr/lib/python3/dist-packages/oslo_config/cfg.py:2609
2024-08-27 07:30:42.642 121003 DEBUG oslo_service.service [req-99715c98-7b89-44a6-b9c5-52d500481545 - - - - -] image_cache.manager_interval = 2400 log_opt_values /usr/lib/python3/dist-packages/oslo_config/cfg.py:2609
2024-08-27 07:30:42.643 121003 DEBUG oslo_service.service [req-99715c98-7b89-44a6-b9c5-52d500481545 - - - - -] image_cache.precache_concurrency = 1 log_opt_values /usr/lib/python3/dist-packages/oslo_config/cfg.py:2609
