2024-08-27 07:30:42.811 121480 DEBUG oslo_service.service [req-2b152281-2c81-40f4-99d7-8bb9314b3bc1 - - - - -] cache.tls_cafile = None log_opt_values /usr/lib/python3/dist-packages/oslo_config/cfg.py:2609
2024-08-27 07:30:42.811 121480 DEBUG oslo_service.service [req-2b152281-2c81-40f4-99d7-8bb9314b3bc1 - - - - -] cache.tls_certfile = None log_opt_values /usr/lib/python3/dist-packages/oslo_config/cfg.py:2609
2024-08-27 07:30:42.811 121480 DEBUG oslo_service.service [req-2b152281-2c81-40f4-99d7-8bb9314b3bc1 - - - - -] cache.tls_enabled = False log_opt_values /usr/lib/python3/dist-packages/oslo_config/cfg.py:2609
2024-08-27 07:30:42.811 121480 DEBUG oslo_service.service [req-2b152281-2c81-40f4-99d7-8bb9314b3bc1 - - - - -] cache.tls_keyfile = None log_opt_values /usr/lib/python3/dist-packages/oslo_config/cfg.py:2609
2024-08-27 07:30:42.811 121480 DEBUG oslo_service.service [req-2b152281-2c81-40f4-99d7-8bb9314b3bc1 - - - - -] cinder.auth_section = None log_opt_values /usr/lib/python3/dist-packages/oslo_config/cfg.py:2609
2024-08-27 07:30:42.812 121480 DEBUG oslo_service.service [req-2b152281-2c81-40f4-99d7-8bb9314b3bc1 - - - - -] cinder.auth_type = None log_opt_values /usr/lib/python3/dist-packages/oslo_config/cfg.py:2609
2024-08-27 07:30:42.812 121480 DEBUG oslo_service.service [req-2b152281-2c81-40f4-99d7-8bb9314b3bc1 - - - - -] cinder.cafile = None log_opt_values /usr/lib/python3/dist-packages/oslo_config/cfg.py:2609
2024-08-27 07:30:42.812 121480 DEBUG oslo_service.service [req-2b152281-2c81-40f4-99d7-8bb9314b3bc1 - - - - -] cinder.catalog_info = volumev3::publicURL log_opt_values /usr/lib/python3/dist-packages/oslo_config/cfg.py:2609
2024-08-27 07:30:42.812 121480 DEBUG oslo_service.service [req-2b152281-2c81-40f4-99d7-8bb9314b3bc1 - - - - -] cinder.certfile = None log_opt_values /usr/lib/python3/dist-packages/oslo_config/cfg.py:2609
2024-08-27 07:30:42.812 121480 DEBUG oslo_service.service [req-2b152281-2c81-40f4-99d7-8bb9314b3bc1 - - - - -] cinder.collect_timing = False log_opt_values /usr/lib/python3/dist-packages/oslo_config/cfg.py:2609
2024-08-27 07:30:42.812 121480 DEBUG oslo_service.service [req-2b152281-2c81-40f4-99d7-8bb9314b3bc1 - - - - -] cinder.cross_az_attach = True log_opt_values /usr/lib/python3/dist-packages/oslo_config/cfg.py:2609
2024-08-27 07:30:42.813 121480 DEBUG oslo_service.service [req-2b152281-2c81-40f4-99d7-8bb9314b3bc1 - - - - -] cinder.debug = False log_opt_values /usr/lib/python3/dist-packages/oslo_config/cfg.py:2609
2024-08-27 07:30:42.813 121480 DEBUG oslo_service.service [req-2b152281-2c81-40f4-99d7-8bb9314b3bc1 - - - - -] cinder.endpoint_template = None log_opt_values /usr/lib/python3/dist-packages/oslo_config/cfg.py:2609
2024-08-27 07:30:42.813 121480 DEBUG oslo_service.service [req-2b152281-2c81-40f4-99d7-8bb9314b3bc1 - - - - -] cinder.http_retries = 3 log_opt_values /usr/lib/python3/dist-packages/oslo_config/cfg.py:2609
2024-08-27 07:30:42.813 121480 DEBUG oslo_service.service [req-2b152281-2c81-40f4-99d7-8bb9314b3bc1 - - - - -] cinder.insecure = False log_opt_values /usr/lib/python3/dist-packages/oslo_config/cfg.py:2609
2024-08-27 07:30:42.813 121480 DEBUG oslo_service.service [req-2b152281-2c81-40f4-99d7-8bb9314b3bc1 - - - - -] cinder.keyfile = None log_opt_values /usr/lib/python3/dist-packages/oslo_config/cfg.py:2609
2024-08-27 07:30:42.813 121480 DEBUG oslo_service.service [req-2b152281-2c81-40f4-99d7-8bb9314b3bc1 - - - - -] cinder.os_region_name = None log_opt_values /usr/lib/python3/dist-packages/oslo_config/cfg.py:2609
2024-08-27 07:30:42.814 121480 DEBUG oslo_service.service [req-2b152281-2c81-40f4-99d7-8bb9314b3bc1 - - - - -] cinder.split_loggers = False log_opt_values /usr/lib/python3/dist-packages/oslo_config/cfg.py:2609
2024-08-27 07:30:42.814 121480 DEBUG oslo_service.service [req-2b152281-2c81-40f4-99d7-8bb9314b3bc1 - - - - -] cinder.timeout = None log_opt_values /usr/lib/python3/dist-packages/oslo_config/cfg.py:2609
2024-08-27 07:30:42.814 121480 DEBUG oslo_service.service [req-2b152281-2c81-40f4-99d7-8bb9314b3bc1 - - - - -] compute.consecutive_build_service_disable_threshold = 10 log_opt_values /usr/lib/python3/dist-packages/oslo_config/cfg.py:2609
2024-08-27 07:30:42.814 121480 DEBUG oslo_service.service [req-2b152281-2c81-40f4-99d7-8bb9314b3bc1 - - - - -] compute.cpu_dedicated_set = None log_opt_values /usr/lib/python3/dist-packages/oslo_config/cfg.py:2609
2024-08-27 07:30:42.814 121480 DEBUG oslo_service.service [req-2b152281-2c81-40f4-99d7-8bb9314b3bc1 - - - - -] compute.cpu_shared_set = None log_opt_values /usr/lib/python3/dist-packages/oslo_config/cfg.py:2609
2024-08-27 07:30:42.814 121480 DEBUG oslo_service.service [req-2b152281-2c81-40f4-99d7-8bb9314b3bc1 - - - - -] compute.image_type_exclude_list = [] log_opt_values /usr/lib/python3/dist-packages/oslo_config/cfg.py:2609
2024-08-27 07:30:42.815 121480 DEBUG oslo_service.service [req-2b152281-2c81-40f4-99d7-8bb9314b3bc1 - - - - -] compute.live_migration_wait_for_vif_plug = True log_opt_values /usr/lib/python3/dist-packages/oslo_config/cfg.py:2609
2024-08-27 07:30:42.815 121480 DEBUG oslo_service.service [req-2b152281-2c81-40f4-99d7-8bb9314b3bc1 - - - - -] compute.max_concurrent_disk_ops = 0 log_opt_values /usr/lib/python3/dist-packages/oslo_config/cfg.py:2609
2024-08-27 07:30:42.815 121480 DEBUG oslo_service.service [req-2b152281-2c81-40f4-99d7-8bb9314b3bc1 - - - - -] compute.max_disk_devices_to_attach = -1 log_opt_values /usr/lib/python3/dist-packages/oslo_config/cfg.py:2609
2024-08-27 07:30:42.815 121480 DEBUG oslo_service.service [req-2b152281-2c81-40f4-99d7-8bb9314b3bc1 - - - - -] compute.packing_host_numa_cells_allocation_strategy = True log_opt_values /usr/lib/python3/dist-packages/oslo_config/cfg.py:2609
2024-08-27 07:30:42.815 121480 DEBUG oslo_service.service [req-2b152281-2c81-40f4-99d7-8bb9314b3bc1 - - - - -] compute.provider_config_location = /etc/nova/provider_config/ log_opt_values /usr/lib/python3/dist-packages/oslo_config/cfg.py:2609
2024-08-27 07:30:42.815 121480 DEBUG oslo_service.service [req-2b152281-2c81-40f4-99d7-8bb9314b3bc1 - - - - -] compute.resource_provider_association_refresh = 300 log_opt_values /usr/lib/python3/dist-packages/oslo_config/cfg.py:2609
2024-08-27 07:30:42.816 121480 DEBUG oslo_service.service [req-2b152281-2c81-40f4-99d7-8bb9314b3bc1 - - - - -] compute.shutdown_retry_interval = 10 log_opt_values /usr/lib/python3/dist-packages/oslo_config/cfg.py:2609
2024-08-27 07:30:42.816 121480 DEBUG oslo_service.service [req-2b152281-2c81-40f4-99d7-8bb9314b3bc1 - - - - -] compute.vmdk_allowed_types = ['streamOptimized', 'monolithicSparse'] log_opt_values /usr/lib/python3/dist-packages/oslo_config/cfg.py:2609
2024-08-27 07:30:42.816 121480 DEBUG oslo_service.service [req-2b152281-2c81-40f4-99d7-8bb9314b3bc1 - - - - -] conductor.workers = 4 log_opt_values /usr/lib/python3/dist-packages/oslo_config/cfg.py:2609
2024-08-27 07:30:42.816 121480 DEBUG oslo_service.service [req-2b152281-2c81-40f4-99d7-8bb9314b3bc1 - - - - -] console.allowed_origins = [] log_opt_values /usr/lib/python3/dist-packages/oslo_config/cfg.py:2609
2024-08-27 07:30:42.817 121480 DEBUG oslo_service.service [req-2b152281-2c81-40f4-99d7-8bb9314b3bc1 - - - - -] console.ssl_ciphers = None log_opt_values /usr/lib/python3/dist-packages/oslo_config/cfg.py:2609
2024-08-27 07:30:42.817 121480 DEBUG oslo_service.service [req-2b152281-2c81-40f4-99d7-8bb9314b3bc1 - - - - -] console.ssl_minimum_version = default log_opt_values /usr/lib/python3/dist-packages/oslo_config/cfg.py:2609
2024-08-27 07:30:42.816 123120 DEBUG nova.service [req-ad82927a-7589-41f5-8884-82553f4a8e51 - - - - -] Creating RPC server for service conductor start /usr/lib/python3/dist-packages/nova/service.py:182
2024-08-27 07:30:42.817 121480 DEBUG oslo_service.service [req-2b152281-2c81-40f4-99d7-8bb9314b3bc1 - - - - -] consoleauth.token_ttl = 600 log_opt_values /usr/lib/python3/dist-packages/oslo_config/cfg.py:2609
2024-08-27 07:30:42.817 121480 DEBUG oslo_service.service [req-2b152281-2c81-40f4-99d7-8bb9314b3bc1 - - - - -] cyborg.cafile = None log_opt_values /usr/lib/python3/dist-packages/oslo_config/cfg.py:2609
2024-08-27 07:30:42.818 121480 DEBUG oslo_service.service [req-2b152281-2c81-40f4-99d7-8bb9314b3bc1 - - - - -] cyborg.certfile = None log_opt_values /usr/lib/python3/dist-packages/oslo_config/cfg.py:2609
2024-08-27 07:30:42.818 121480 DEBUG oslo_service.service [req-2b152281-2c81-40f4-99d7-8bb9314b3bc1 - - - - -] cyborg.collect_timing = False log_opt_values /usr/lib/python3/dist-packages/oslo_config/cfg.py:2609
2024-08-27 07:30:42.818 121480 DEBUG oslo_service.service [req-2b152281-2c81-40f4-99d7-8bb9314b3bc1 - - - - -] cyborg.connect_retries = None log_opt_values /usr/lib/python3/dist-packages/oslo_config/cfg.py:2609
2024-08-27 07:30:42.818 121480 DEBUG oslo_service.service [req-2b152281-2c81-40f4-99d7-8bb9314b3bc1 - - - - -] cyborg.connect_retry_delay = None log_opt_values /usr/lib/python3/dist-packages/oslo_config/cfg.py:2609
2024-08-27 07:30:42.818 121480 DEBUG oslo_service.service [req-2b152281-2c81-40f4-99d7-8bb9314b3bc1 - - - - -] cyborg.endpoint_override = None log_opt_values /usr/lib/python3/dist-packages/oslo_config/cfg.py:2609
2024-08-27 07:30:42.818 121480 DEBUG oslo_service.service [req-2b152281-2c81-40f4-99d7-8bb9314b3bc1 - - - - -] cyborg.insecure = False log_opt_values /usr/lib/python3/dist-packages/oslo_config/cfg.py:2609
2024-08-27 07:30:42.819 121480 DEBUG oslo_service.service [req-2b152281-2c81-40f4-99d7-8bb9314b3bc1 - - - - -] cyborg.keyfile = None log_opt_values /usr/lib/python3/dist-packages/oslo_config/cfg.py:2609
2024-08-27 07:30:42.819 121480 DEBUG oslo_service.service [req-2b152281-2c81-40f4-99d7-8bb9314b3bc1 - - - - -] cyborg.max_version = None log_opt_values /usr/lib/python3/dist-packages/oslo_config/cfg.py:2609
2024-08-27 07:30:42.819 121480 DEBUG oslo_service.service [req-2b152281-2c81-40f4-99d7-8bb9314b3bc1 - - - - -] cyborg.min_version = None log_opt_values /usr/lib/python3/dist-packages/oslo_config/cfg.py:2609
2024-08-27 07:30:42.819 121480 DEBUG oslo_service.service [req-2b152281-2c81-40f4-99d7-8bb9314b3bc1 - - - - -] cyborg.region_name = None log_opt_values /usr/lib/python3/dist-packages/oslo_config/cfg.py:2609
2024-08-27 07:30:42.819 121480 DEBUG oslo_service.service [req-2b152281-2c81-40f4-99d7-8bb9314b3bc1 - - - - -] cyborg.service_name = None log_opt_values /usr/lib/python3/dist-packages/oslo_config/cfg.py:2609
2024-08-27 07:30:42.819 121480 DEBUG oslo_service.service [req-2b152281-2c81-40f4-99d7-8bb9314b3bc1 - - - - -] cyborg.service_type = accelerator log_opt_values /usr/lib/python3/dist-packages/oslo_config/cfg.py:2609
2024-08-27 07:30:42.819 123119 DEBUG nova.service [req-4f2835a9-f6b7-4497-9b50-836ff08acbec - - - - -] Creating RPC server for service conductor start /usr/lib/python3/dist-packages/nova/service.py:182
2024-08-27 07:30:42.819 121480 DEBUG oslo_service.service [req-2b152281-2c81-40f4-99d7-8bb9314b3bc1 - - - - -] cyborg.split_loggers = False log_opt_values /usr/lib/python3/dist-packages/oslo_config/cfg.py:2609
2024-08-27 07:30:42.820 121480 DEBUG oslo_service.service [req-2b152281-2c81-40f4-99d7-8bb9314b3bc1 - - - - -] cyborg.status_code_retries = None log_opt_values /usr/lib/python3/dist-packages/oslo_config/cfg.py:2609
2024-08-27 07:30:42.820 121480 DEBUG oslo_service.service [req-2b152281-2c81-40f4-99d7-8bb9314b3bc1 - - - - -] cyborg.status_code_retry_delay = None log_opt_values /usr/lib/python3/dist-packages/oslo_config/cfg.py:2609
2024-08-27 07:30:42.820 121480 DEBUG oslo_service.service [req-2b152281-2c81-40f4-99d7-8bb9314b3bc1 - - - - -] cyborg.timeout = None log_opt_values /usr/lib/python3/dist-packages/oslo_config/cfg.py:2609
2024-08-27 07:30:42.820 121480 DEBUG oslo_service.service [req-2b152281-2c81-40f4-99d7-8bb9314b3bc1 - - - - -] cyborg.valid_interfaces = ['internal', 'public'] log_opt_values /usr/lib/python3/dist-packages/oslo_config/cfg.py:2609
2024-08-27 07:30:42.820 121480 DEBUG oslo_service.service [req-2b152281-2c81-40f4-99d7-8bb9314b3bc1 - - - - -] cyborg.version = None log_opt_values /usr/lib/python3/dist-packages/oslo_config/cfg.py:2609
2024-08-27 07:30:42.821 121480 DEBUG oslo_service.service [req-2b152281-2c81-40f4-99d7-8bb9314b3bc1 - - - - -] database.backend = sqlalchemy log_opt_values /usr/lib/python3/dist-packages/oslo_config/cfg.py:2609
2024-08-27 07:30:42.821 121480 DEBUG oslo_service.service [req-2b152281-2c81-40f4-99d7-8bb9314b3bc1 - - - - -] database.connection = **** log_opt_values /usr/lib/python3/dist-packages/oslo_config/cfg.py:2609
2024-08-27 07:30:42.821 121480 DEBUG oslo_service.service [req-2b152281-2c81-40f4-99d7-8bb9314b3bc1 - - - - -] database.connection_debug = 0 log_opt_values /usr/lib/python3/dist-packages/oslo_config/cfg.py:2609
2024-08-27 07:30:42.821 121480 DEBUG oslo_service.service [req-2b152281-2c81-40f4-99d7-8bb9314b3bc1 - - - - -] database.connection_parameters = log_opt_values /usr/lib/python3/dist-packages/oslo_config/cfg.py:2609
2024-08-27 07:30:42.821 121480 DEBUG oslo_service.service [req-2b152281-2c81-40f4-99d7-8bb9314b3bc1 - - - - -] database.connection_recycle_time = 3600 log_opt_values /usr/lib/python3/dist-packages/oslo_config/cfg.py:2609
2024-08-27 07:30:42.822 121480 DEBUG oslo_service.service [req-2b152281-2c81-40f4-99d7-8bb9314b3bc1 - - - - -] database.connection_trace = False log_opt_values /usr/lib/python3/dist-packages/oslo_config/cfg.py:2609
2024-08-27 07:30:42.822 121480 DEBUG oslo_service.service [req-2b152281-2c81-40f4-99d7-8bb9314b3bc1 - - - - -] database.db_inc_retry_interval = True log_opt_values /usr/lib/python3/dist-packages/oslo_config/cfg.py:2609
2024-08-27 07:30:42.822 121480 DEBUG oslo_service.service [req-2b152281-2c81-40f4-99d7-8bb9314b3bc1 - - - - -] database.db_max_retries = 20 log_opt_values /usr/lib/python3/dist-packages/oslo_config/cfg.py:2609
2024-08-27 07:30:42.822 121480 DEBUG oslo_service.service [req-2b152281-2c81-40f4-99d7-8bb9314b3bc1 - - - - -] database.db_max_retry_interval = 10 log_opt_values /usr/lib/python3/dist-packages/oslo_config/cfg.py:2609
2024-08-27 07:30:42.822 121480 DEBUG oslo_service.service [req-2b152281-2c81-40f4-99d7-8bb9314b3bc1 - - - - -] database.db_retry_interval = 1 log_opt_values /usr/lib/python3/dist-packages/oslo_config/cfg.py:2609
2024-08-27 07:30:42.823 121480 DEBUG oslo_service.service [req-2b152281-2c81-40f4-99d7-8bb9314b3bc1 - - - - -] database.max_overflow = 50 log_opt_values /usr/lib/python3/dist-packages/oslo_config/cfg.py:2609
2024-08-27 07:30:42.823 121480 DEBUG oslo_service.service [req-2b152281-2c81-40f4-99d7-8bb9314b3bc1 - - - - -] database.max_pool_size = 4 log_opt_values /usr/lib/python3/dist-packages/oslo_config/cfg.py:2609
2024-08-27 07:30:42.823 121480 DEBUG oslo_service.service [req-2b152281-2c81-40f4-99d7-8bb9314b3bc1 - - - - -] database.max_retries = 10 log_opt_values /usr/lib/python3/dist-packages/oslo_config/cfg.py:2609
2024-08-27 07:30:42.823 121480 DEBUG oslo_service.service [req-2b152281-2c81-40f4-99d7-8bb9314b3bc1 - - - - -] database.mysql_enable_ndb = False log_opt_values /usr/lib/python3/dist-packages/oslo_config/cfg.py:2609
2024-08-27 07:30:42.823 121480 DEBUG oslo_service.service [req-2b152281-2c81-40f4-99d7-8bb9314b3bc1 - - - - -] database.mysql_sql_mode = TRADITIONAL log_opt_values /usr/lib/python3/dist-packages/oslo_config/cfg.py:2609
2024-08-27 07:30:42.823 121480 DEBUG oslo_service.service [req-2b152281-2c81-40f4-99d7-8bb9314b3bc1 - - - - -] database.pool_timeout = None log_opt_values /usr/lib/python3/dist-packages/oslo_config/cfg.py:2609
2024-08-27 07:30:42.824 121480 DEBUG oslo_service.service [req-2b152281-2c81-40f4-99d7-8bb9314b3bc1 - - - - -] database.retry_interval = 10 log_opt_values /usr/lib/python3/dist-packages/oslo_config/cfg.py:2609
2024-08-27 07:30:42.824 121480 DEBUG oslo_service.service [req-2b152281-2c81-40f4-99d7-8bb9314b3bc1 - - - - -] database.slave_connection = **** log_opt_values /usr/lib/python3/dist-packages/oslo_config/cfg.py:2609
2024-08-27 07:30:42.824 121480 DEBUG oslo_service.service [req-2b152281-2c81-40f4-99d7-8bb9314b3bc1 - - - - -] database.sqlite_synchronous = True log_opt_values /usr/lib/python3/dist-packages/oslo_config/cfg.py:2609
2024-08-27 07:30:42.824 121480 DEBUG oslo_service.service [req-2b152281-2c81-40f4-99d7-8bb9314b3bc1 - - - - -] database.use_db_reconnect = False log_opt_values /usr/lib/python3/dist-packages/oslo_config/cfg.py:2609
2024-08-27 07:30:42.824 121480 DEBUG oslo_service.service [req-2b152281-2c81-40f4-99d7-8bb9314b3bc1 - - - - -] api_database.backend = sqlalchemy log_opt_values /usr/lib/python3/dist-packages/oslo_config/cfg.py:2609
2024-08-27 07:30:42.825 121480 DEBUG oslo_service.service [req-2b152281-2c81-40f4-99d7-8bb9314b3bc1 - - - - -] api_database.connection = **** log_opt_values /usr/lib/python3/dist-packages/oslo_config/cfg.py:2609
2024-08-27 07:30:42.825 121480 DEBUG oslo_service.service [req-2b152281-2c81-40f4-99d7-8bb9314b3bc1 - - - - -] api_database.connection_debug = 0 log_opt_values /usr/lib/python3/dist-packages/oslo_config/cfg.py:2609
2024-08-27 07:30:42.825 121480 DEBUG oslo_service.service [req-2b152281-2c81-40f4-99d7-8bb9314b3bc1 - - - - -] api_database.connection_parameters = log_opt_values /usr/lib/python3/dist-packages/oslo_config/cfg.py:2609
2024-08-27 07:30:42.825 121480 DEBUG oslo_service.service [req-2b152281-2c81-40f4-99d7-8bb9314b3bc1 - - - - -] api_database.connection_recycle_time = 3600 log_opt_values /usr/lib/python3/dist-packages/oslo_config/cfg.py:2609
2024-08-27 07:30:42.825 121480 DEBUG oslo_service.service [req-2b152281-2c81-40f4-99d7-8bb9314b3bc1 - - - - -] api_database.connection_trace = False log_opt_values /usr/lib/python3/dist-packages/oslo_config/cfg.py:2609
2024-08-27 07:30:42.825 123117 DEBUG oslo_messaging._drivers.amqpdriver [-] Listener is running poll /usr/lib/python3/dist-packages/oslo_messaging/_drivers/amqpdriver.py:343
2024-08-27 07:30:42.825 121480 DEBUG oslo_service.service [req-2b152281-2c81-40f4-99d7-8bb9314b3bc1 - - - - -] api_database.db_inc_retry_interval = True log_opt_values /usr/lib/python3/dist-packages/oslo_config/cfg.py:2609
2024-08-27 07:30:42.825 123117 DEBUG oslo_messaging._drivers.amqpdriver [-] AMQPListener connection consume poll /usr/lib/python3/dist-packages/oslo_messaging/_drivers/amqpdriver.py:357
2024-08-27 07:30:42.826 121480 DEBUG oslo_service.service [req-2b152281-2c81-40f4-99d7-8bb9314b3bc1 - - - - -] api_database.db_max_retries = 20 log_opt_values /usr/lib/python3/dist-packages/oslo_config/cfg.py:2609
2024-08-27 07:30:42.826 121480 DEBUG oslo_service.service [req-2b152281-2c81-40f4-99d7-8bb9314b3bc1 - - - - -] api_database.db_max_retry_interval = 10 log_opt_values /usr/lib/python3/dist-packages/oslo_config/cfg.py:2609
2024-08-27 07:30:42.826 121480 DEBUG oslo_service.service [req-2b152281-2c81-40f4-99d7-8bb9314b3bc1 - - - - -] api_database.db_retry_interval = 1 log_opt_values /usr/lib/python3/dist-packages/oslo_config/cfg.py:2609
2024-08-27 07:30:42.826 123117 DEBUG nova.service [req-bf08e57b-f7ac-4a95-b58f-b896eaed6473 - - - - -] Join ServiceGroup membership for this service conductor start /usr/lib/python3/dist-packages/nova/service.py:199
2024-08-27 07:30:42.826 121480 DEBUG oslo_service.service [req-2b152281-2c81-40f4-99d7-8bb9314b3bc1 - - - - -] api_database.max_overflow = 50 log_opt_values /usr/lib/python3/dist-packages/oslo_config/cfg.py:2609
2024-08-27 07:30:42.826 121480 DEBUG oslo_service.service [req-2b152281-2c81-40f4-99d7-8bb9314b3bc1 - - - - -] api_database.max_pool_size = 4 log_opt_values /usr/lib/python3/dist-packages/oslo_config/cfg.py:2609
2024-08-27 07:30:42.826 123117 DEBUG nova.servicegroup.drivers.db [req-bf08e57b-f7ac-4a95-b58f-b896eaed6473 - - - - -] DB_Driver: join new ServiceGroup member juju-de28ce-0-lxd-7 to the conductor group, service = join /usr/lib/python3/dist-packages/nova/servicegroup/drivers/db.py:44
2024-08-27 07:30:42.827 121480 DEBUG oslo_service.service [req-2b152281-2c81-40f4-99d7-8bb9314b3bc1 - - - - -] api_database.max_retries = 10 log_opt_values /usr/lib/python3/dist-packages/oslo_config/cfg.py:2609
2024-08-27 07:30:42.827 121480 DEBUG oslo_service.service [req-2b152281-2c81-40f4-99d7-8bb9314b3bc1 - - - - -] api_database.mysql_enable_ndb = False log_opt_values /usr/lib/python3/dist-packages/oslo_config/cfg.py:2609
2024-08-27 07:30:42.827 121480 DEBUG oslo_service.service [req-2b152281-2c81-40f4-99d7-8bb9314b3bc1 - - - - -] api_database.mysql_sql_mode = TRADITIONAL log_opt_values /usr/lib/python3/dist-packages/oslo_config/cfg.py:2609
2024-08-27 07:30:42.827 121480 DEBUG oslo_service.service [req-2b152281-2c81-40f4-99d7-8bb9314b3bc1 - - - - -] api_database.pool_timeout = None log_opt_values /usr/lib/python3/dist-packages/oslo_config/cfg.py:2609
2024-08-27 07:30:42.828 121480 DEBUG oslo_service.service [req-2b152281-2c81-40f4-99d7-8bb9314b3bc1 - - - - -] api_database.retry_interval = 10 log_opt_values /usr/lib/python3/dist-packages/oslo_config/cfg.py:2609
2024-08-27 07:30:42.828 121480 DEBUG oslo_service.service [req-2b152281-2c81-40f4-99d7-8bb9314b3bc1 - - - - -] api_database.slave_connection = **** log_opt_values /usr/lib/python3/dist-packages/oslo_config/cfg.py:2609
2024-08-27 07:30:42.828 121480 DEBUG oslo_service.service [req-2b152281-2c81-40f4-99d7-8bb9314b3bc1 - - - - -] api_database.sqlite_synchronous = True log_opt_values /usr/lib/python3/dist-packages/oslo_config/cfg.py:2609
2024-08-27 07:30:42.828 121480 DEBUG oslo_service.service [req-2b152281-2c81-40f4-99d7-8bb9314b3bc1 - - - - -] devices.enabled_mdev_types = [] log_opt_values /usr/lib/python3/dist-packages/oslo_config/cfg.py:2609
2024-08-27 07:30:42.828 121480 DEBUG oslo_service.service [req-2b152281-2c81-40f4-99d7-8bb9314b3bc1 - - - - -] ephemeral_storage_encryption.cipher = aes-xts-plain64 log_opt_values /usr/lib/python3/dist-packages/oslo_config/cfg.py:2609
2024-08-27 07:30:42.829 121480 DEBUG oslo_service.service [req-2b152281-2c81-40f4-99d7-8bb9314b3bc1 - - - - -] ephemeral_storage_encryption.enabled = False log_opt_values /usr/lib/python3/dist-packages/oslo_config/cfg.py:2609
2024-08-27 07:30:42.829 121480 DEBUG oslo_service.service [req-2b152281-2c81-40f4-99d7-8bb9314b3bc1 - - - - -] ephemeral_storage_encryption.key_size = 512 log_opt_values /usr/lib/python3/dist-packages/oslo_config/cfg.py:2609
2024-08-27 07:30:42.829 121480 WARNING oslo_config.cfg [req-2b152281-2c81-40f4-99d7-8bb9314b3bc1 - - - - -] Deprecated: Option "api_servers" from group "glance" is deprecated for removal ( Support for image service configuration via standard keystoneauth1 Adapter options was added in the 17.0.0 Queens release. The api_servers option was retained temporarily to allow consumers time to cut over to a real load balancing solution. ). Its value may be silently ignored in the future.
2024-08-27 07:30:42.829 123117 DEBUG oslo_messaging._drivers.amqpdriver [-] AMQPListener connection timeout poll /usr/lib/python3/dist-packages/oslo_messaging/_drivers/amqpdriver.py:360
2024-08-27 07:30:42.829 121480 DEBUG oslo_service.service [req-2b152281-2c81-40f4-99d7-8bb9314b3bc1 - - - - -] glance.api_servers = ['http://252.34.207.145:9292'] log_opt_values /usr/lib/python3/dist-packages/oslo_config/cfg.py:2609
2024-08-27 07:30:42.829 123117 DEBUG oslo_messaging._drivers.amqpdriver [-] Listener is running poll /usr/lib/python3/dist-packages/oslo_messaging/_drivers/amqpdriver.py:343
2024-08-27 07:30:42.829 121480 DEBUG oslo_service.service [req-2b152281-2c81-40f4-99d7-8bb9314b3bc1 - - - - -] glance.cafile = None log_opt_values /usr/lib/python3/dist-packages/oslo_config/cfg.py:2609
2024-08-27 07:30:42.829 123117 DEBUG oslo_messaging._drivers.amqpdriver [-] AMQPListener connection consume poll /usr/lib/python3/dist-packages/oslo_messaging/_drivers/amqpdriver.py:357
2024-08-27 07:30:42.830 121480 DEBUG oslo_service.service [req-2b152281-2c81-40f4-99d7-8bb9314b3bc1 - - - - -] glance.certfile = None log_opt_values /usr/lib/python3/dist-packages/oslo_config/cfg.py:2609
2024-08-27 07:30:42.830 121480 DEBUG oslo_service.service [req-2b152281-2c81-40f4-99d7-8bb9314b3bc1 - - - - -] glance.collect_timing = False log_opt_values /usr/lib/python3/dist-packages/oslo_config/cfg.py:2609
2024-08-27 07:30:42.830 121480 DEBUG oslo_service.service [req-2b152281-2c81-40f4-99d7-8bb9314b3bc1 - - - - -] glance.connect_retries = None log_opt_values /usr/lib/python3/dist-packages/oslo_config/cfg.py:2609
2024-08-27 07:30:42.830 121480 DEBUG oslo_service.service [req-2b152281-2c81-40f4-99d7-8bb9314b3bc1 - - - - -] glance.connect_retry_delay = None log_opt_values /usr/lib/python3/dist-packages/oslo_config/cfg.py:2609
2024-08-27 07:30:42.830 121480 DEBUG oslo_service.service [req-2b152281-2c81-40f4-99d7-8bb9314b3bc1 - - - - -] glance.debug = False log_opt_values /usr/lib/python3/dist-packages/oslo_config/cfg.py:2609
2024-08-27 07:30:42.830 121480 DEBUG oslo_service.service [req-2b152281-2c81-40f4-99d7-8bb9314b3bc1 - - - - -] glance.default_trusted_certificate_ids = [] log_opt_values /usr/lib/python3/dist-packages/oslo_config/cfg.py:2609
2024-08-27 07:30:42.831 121480 DEBUG oslo_service.service [req-2b152281-2c81-40f4-99d7-8bb9314b3bc1 - - - - -] glance.enable_certificate_validation = False log_opt_values /usr/lib/python3/dist-packages/oslo_config/cfg.py:2609
2024-08-27 07:30:42.831 121480 DEBUG oslo_service.service [req-2b152281-2c81-40f4-99d7-8bb9314b3bc1 - - - - -] glance.enable_rbd_download = False log_opt_values /usr/lib/python3/dist-packages/oslo_config/cfg.py:2609
2024-08-27 07:30:42.831 121480 DEBUG oslo_service.service [req-2b152281-2c81-40f4-99d7-8bb9314b3bc1 - - - - -] glance.endpoint_override = None log_opt_values /usr/lib/python3/dist-packages/oslo_config/cfg.py:2609
2024-08-27 07:30:42.831 121480 DEBUG oslo_service.service [req-2b152281-2c81-40f4-99d7-8bb9314b3bc1 - - - - -] glance.insecure = False log_opt_values /usr/lib/python3/dist-packages/oslo_config/cfg.py:2609
2024-08-27 07:30:42.831 121480 DEBUG oslo_service.service [req-2b152281-2c81-40f4-99d7-8bb9314b3bc1 - - - - -] glance.keyfile = None log_opt_values /usr/lib/python3/dist-packages/oslo_config/cfg.py:2609
2024-08-27 07:30:42.832 121480 DEBUG oslo_service.service [req-2b152281-2c81-40f4-99d7-8bb9314b3bc1 - - - - -] glance.max_version = None log_opt_values /usr/lib/python3/dist-packages/oslo_config/cfg.py:2609
2024-08-27 07:30:42.832 121480 DEBUG oslo_service.service [req-2b152281-2c81-40f4-99d7-8bb9314b3bc1 - - - - -] glance.min_version = None log_opt_values /usr/lib/python3/dist-packages/oslo_config/cfg.py:2609
2024-08-27 07:30:42.832 121480 DEBUG oslo_service.service [req-2b152281-2c81-40f4-99d7-8bb9314b3bc1 - - - - -] glance.num_retries = 3 log_opt_values /usr/lib/python3/dist-packages/oslo_config/cfg.py:2609
2024-08-27 07:30:42.832 121480 DEBUG oslo_service.service [req-2b152281-2c81-40f4-99d7-8bb9314b3bc1 - - - - -] glance.rbd_ceph_conf = log_opt_values /usr/lib/python3/dist-packages/oslo_config/cfg.py:2609
2024-08-27 07:30:42.832 121480 DEBUG oslo_service.service [req-2b152281-2c81-40f4-99d7-8bb9314b3bc1 - - - - -] glance.rbd_connect_timeout = 5 log_opt_values /usr/lib/python3/dist-packages/oslo_config/cfg.py:2609
2024-08-27 07:30:42.832 121480 DEBUG oslo_service.service [req-2b152281-2c81-40f4-99d7-8bb9314b3bc1 - - - - -] glance.rbd_pool = log_opt_values /usr/lib/python3/dist-packages/oslo_config/cfg.py:2609
2024-08-27 07:30:42.833 121480 DEBUG oslo_service.service [req-2b152281-2c81-40f4-99d7-8bb9314b3bc1 - - - - -] glance.rbd_user = log_opt_values /usr/lib/python3/dist-packages/oslo_config/cfg.py:2609
2024-08-27 07:30:42.832 123118 DEBUG oslo_messaging._drivers.amqpdriver [-] Listener is running poll /usr/lib/python3/dist-packages/oslo_messaging/_drivers/amqpdriver.py:343
2024-08-27 07:30:42.833 121480 DEBUG oslo_service.service [req-2b152281-2c81-40f4-99d7-8bb9314b3bc1 - - - - -] glance.region_name = None log_opt_values /usr/lib/python3/dist-packages/oslo_config/cfg.py:2609
2024-08-27 07:30:42.833 121480 DEBUG oslo_service.service [req-2b152281-2c81-40f4-99d7-8bb9314b3bc1 - - - - -] glance.service_name = None log_opt_values /usr/lib/python3/dist-packages/oslo_config/cfg.py:2609
2024-08-27 07:30:42.833 123118 DEBUG oslo_messaging._drivers.amqpdriver [-] AMQPListener connection consume poll /usr/lib/python3/dist-packages/oslo_messaging/_drivers/amqpdriver.py:357
2024-08-27 07:30:42.833 121480 DEBUG oslo_service.service [req-2b152281-2c81-40f4-99d7-8bb9314b3bc1 - - - - -] glance.service_type = image log_opt_values /usr/lib/python3/dist-packages/oslo_config/cfg.py:2609
2024-08-27 07:30:42.833 121480 DEBUG oslo_service.service [req-2b152281-2c81-40f4-99d7-8bb9314b3bc1 - - - - -] glance.split_loggers = False log_opt_values /usr/lib/python3/dist-packages/oslo_config/cfg.py:2609
2024-08-27 07:30:42.833 121480 DEBUG oslo_service.service [req-2b152281-2c81-40f4-99d7-8bb9314b3bc1 - - - - -] glance.status_code_retries = None log_opt_values /usr/lib/python3/dist-packages/oslo_config/cfg.py:2609
2024-08-27 07:30:42.834 121480 DEBUG oslo_service.service [req-2b152281-2c81-40f4-99d7-8bb9314b3bc1 - - - - -] glance.status_code_retry_delay = None log_opt_values /usr/lib/python3/dist-packages/oslo_config/cfg.py:2609
2024-08-27 07:30:42.834 121480 DEBUG oslo_service.service [req-2b152281-2c81-40f4-99d7-8bb9314b3bc1 - - - - -] glance.timeout = None log_opt_values /usr/lib/python3/dist-packages/oslo_config/cfg.py:2609
2024-08-27 07:30:42.834 123118 DEBUG nova.service [req-65c0bce4-45aa-4ffe-b15d-5b0cd3c4ae8b - - - - -] Join ServiceGroup membership for this service conductor start /usr/lib/python3/dist-packages/nova/service.py:199
2024-08-27 07:30:42.834 121480 DEBUG oslo_service.service [req-2b152281-2c81-40f4-99d7-8bb9314b3bc1 - - - - -] glance.valid_interfaces = ['internal', 'public'] log_opt_values /usr/lib/python3/dist-packages/oslo_config/cfg.py:2609
2024-08-27 07:30:42.834 121480 DEBUG oslo_service.service [req-2b152281-2c81-40f4-99d7-8bb9314b3bc1 - - - - -] glance.verify_glance_signatures = False log_opt_values /usr/lib/python3/dist-packages/oslo_config/cfg.py:2609
2024-08-27 07:30:42.834 123118 DEBUG nova.servicegroup.drivers.db [req-65c0bce4-45aa-4ffe-b15d-5b0cd3c4ae8b - - - - -] DB_Driver: join new ServiceGroup member juju-de28ce-0-lxd-7 to the conductor group, service = join /usr/lib/python3/dist-packages/nova/servicegroup/drivers/db.py:44
2024-08-27 07:30:42.834 121480 DEBUG oslo_service.service [req-2b152281-2c81-40f4-99d7-8bb9314b3bc1 - - - - -] glance.version = None log_opt_values /usr/lib/python3/dist-packages/oslo_config/cfg.py:2609
2024-08-27 07:30:42.834 121480 DEBUG oslo_service.service [req-2b152281-2c81-40f4-99d7-8bb9314b3bc1 - - - - -] guestfs.debug = False log_opt_values /usr/lib/python3/dist-packages/oslo_config/cfg.py:2609
2024-08-27 07:30:42.835 121480 DEBUG oslo_service.service [req-2b152281-2c81-40f4-99d7-8bb9314b3bc1 - - - - -] hyperv.config_drive_cdrom = False log_opt_values /usr/lib/python3/dist-packages/oslo_config/cfg.py:2609
2024-08-27 07:30:42.835 121480 DEBUG oslo_service.service [req-2b152281-2c81-40f4-99d7-8bb9314b3bc1 - - - - -] hyperv.config_drive_inject_password = False log_opt_values /usr/lib/python3/dist-packages/oslo_config/cfg.py:2609
2024-08-27 07:30:42.835 121480 DEBUG oslo_service.service [req-2b152281-2c81-40f4-99d7-8bb9314b3bc1 - - - - -] hyperv.dynamic_memory_ratio = 1.0 log_opt_values /usr/lib/python3/dist-packages/oslo_config/cfg.py:2609
2024-08-27 07:30:42.835 121480 DEBUG oslo_service.service [req-2b152281-2c81-40f4-99d7-8bb9314b3bc1 - - - - -] hyperv.enable_instance_metrics_collection = False log_opt_values /usr/lib/python3/dist-packages/oslo_config/cfg.py:2609
2024-08-27 07:30:42.835 121480 DEBUG oslo_service.service [req-2b152281-2c81-40f4-99d7-8bb9314b3bc1 - - - - -] hyperv.enable_remotefx = False log_opt_values /usr/lib/python3/dist-packages/oslo_config/cfg.py:2609
2024-08-27 07:30:42.835 121480 DEBUG oslo_service.service [req-2b152281-2c81-40f4-99d7-8bb9314b3bc1 - - - - -] hyperv.instances_path_share = log_opt_values /usr/lib/python3/dist-packages/oslo_config/cfg.py:2609
2024-08-27 07:30:42.836 121480 DEBUG oslo_service.service [req-2b152281-2c81-40f4-99d7-8bb9314b3bc1 - - - - -] hyperv.iscsi_initiator_list = [] log_opt_values /usr/lib/python3/dist-packages/oslo_config/cfg.py:2609
2024-08-27 07:30:42.836 121480 DEBUG oslo_service.service [req-2b152281-2c81-40f4-99d7-8bb9314b3bc1 - - - - -] hyperv.limit_cpu_features = False log_opt_values /usr/lib/python3/dist-packages/oslo_config/cfg.py:2609
2024-08-27 07:30:42.836 121480 DEBUG oslo_service.service [req-2b152281-2c81-40f4-99d7-8bb9314b3bc1 - - - - -] hyperv.mounted_disk_query_retry_count = 10 log_opt_values /usr/lib/python3/dist-packages/oslo_config/cfg.py:2609
2024-08-27 07:30:42.836 121480 DEBUG oslo_service.service [req-2b152281-2c81-40f4-99d7-8bb9314b3bc1 - - - - -] hyperv.mounted_disk_query_retry_interval = 5 log_opt_values /usr/lib/python3/dist-packages/oslo_config/cfg.py:2609
2024-08-27 07:30:42.836 121480 DEBUG oslo_service.service [req-2b152281-2c81-40f4-99d7-8bb9314b3bc1 - - - - -] hyperv.power_state_check_timeframe = 60 log_opt_values /usr/lib/python3/dist-packages/oslo_config/cfg.py:2609
2024-08-27 07:30:42.836 121480 DEBUG oslo_service.service [req-2b152281-2c81-40f4-99d7-8bb9314b3bc1 - - - - -] hyperv.power_state_event_polling_interval = 2 log_opt_values /usr/lib/python3/dist-packages/oslo_config/cfg.py:2609
2024-08-27 07:30:42.837 123118 DEBUG oslo_messaging._drivers.amqpdriver [-] AMQPListener connection timeout poll /usr/lib/python3/dist-packages/oslo_messaging/_drivers/amqpdriver.py:360
2024-08-27 07:30:42.837 121480 DEBUG oslo_service.service [req-2b152281-2c81-40f4-99d7-8bb9314b3bc1 - - - - -] hyperv.qemu_img_cmd = qemu-img.exe log_opt_values /usr/lib/python3/dist-packages/oslo_config/cfg.py:2609
2024-08-27 07:30:42.837 123118 DEBUG oslo_messaging._drivers.amqpdriver [-] Listener is running poll /usr/lib/python3/dist-packages/oslo_messaging/_drivers/amqpdriver.py:343
2024-08-27 07:30:42.837 121480 DEBUG oslo_service.service [req-2b152281-2c81-40f4-99d7-8bb9314b3bc1 - - - - -] hyperv.use_multipath_io = False log_opt_values /usr/lib/python3/dist-packages/oslo_config/cfg.py:2609
2024-08-27 07:30:42.837 123118 DEBUG oslo_messaging._drivers.amqpdriver [-] AMQPListener connection consume poll /usr/lib/python3/dist-packages/oslo_messaging/_drivers/amqpdriver.py:357
2024-08-27 07:30:42.837 121480 DEBUG oslo_service.service [req-2b152281-2c81-40f4-99d7-8bb9314b3bc1 - - - - -] hyperv.volume_attach_retry_count = 10 log_opt_values /usr/lib/python3/dist-packages/oslo_config/cfg.py:2609
2024-08-27 07:30:42.837 121480 DEBUG oslo_service.service [req-2b152281-2c81-40f4-99d7-8bb9314b3bc1 - - - - -] hyperv.volume_attach_retry_interval = 5 log_opt_values /usr/lib/python3/dist-packages/oslo_config/cfg.py:2609
2024-08-27 07:30:42.838 121480 DEBUG oslo_service.service [req-2b152281-2c81-40f4-99d7-8bb9314b3bc1 - - - - -] hyperv.vswitch_name = None log_opt_values /usr/lib/python3/dist-packages/oslo_config/cfg.py:2609
2024-08-27 07:30:42.838 121480 DEBUG oslo_service.service [req-2b152281-2c81-40f4-99d7-8bb9314b3bc1 - - - - -] hyperv.wait_soft_reboot_seconds = 60 log_opt_values /usr/lib/python3/dist-packages/oslo_config/cfg.py:2609
2024-08-27 07:30:42.838 121480 DEBUG oslo_service.service [req-2b152281-2c81-40f4-99d7-8bb9314b3bc1 - - - - -] mks.enabled = False log_opt_values /usr/lib/python3/dist-packages/oslo_config/cfg.py:2609
2024-08-27 07:30:42.839 121480 DEBUG oslo_service.service [req-2b152281-2c81-40f4-99d7-8bb9314b3bc1 - - - - -] mks.mksproxy_base_url = http://127.0.0.1:6090/ log_opt_values /usr/lib/python3/dist-packages/oslo_config/cfg.py:2609
2024-08-27 07:30:42.839 121480 DEBUG oslo_service.service [req-2b152281-2c81-40f4-99d7-8bb9314b3bc1 - - - - -] image_cache.manager_interval = 2400 log_opt_values /usr/lib/python3/dist-packages/oslo_config/cfg.py:2609
2024-08-27 07:30:42.839 121480 DEBUG oslo_service.service [req-2b152281-2c81-40f4-99d7-8bb9314b3bc1 - - - - -] image_cache.precache_concurrency = 1 log_opt_values /usr/lib/python3/dist-packages/oslo_config/cfg.py:2609
2024-08-27 07:30:42.839 121480 DEBUG oslo_service.service [req-2b152281-2c81-40f4-99d7-8bb9314b3bc1 - - - - -] image_cache.remove_unused_base_images = True log_opt_values /usr/lib/python3/dist-packages/oslo_config/cfg.py:2609
2024-08-27 07:30:42.839 121480 DEBUG oslo_service.service [req-2b152281-2c81-40f4-99d7-8bb9314b3bc1 - - - - -] image_cache.remove_unused_original_minimum_age_seconds = 86400 log_opt_values /usr/lib/python3/dist-packages/oslo_config/cfg.py:2609
2024-08-27 07:30:42.839 121480 DEBUG oslo_service.service [req-2b152281-2c81-40f4-99d7-8bb9314b3bc1 - - - - -] image_cache.remove_unused_resized_minimum_age_seconds = 3600 log_opt_values /usr/lib/python3/dist-packages/oslo_config/cfg.py:2609
2024-08-27 07:30:42.840 121480 DEBUG oslo_service.service [req-2b152281-2c81-40f4-99d7-8bb9314b3bc1 - - - - -] image_cache.subdirectory_name = _base log_opt_values /usr/lib/python3/dist-packages/oslo_config/cfg.py:2609
2024-08-27 07:30:42.840 121480 DEBUG oslo_service.service [req-2b152281-2c81-40f4-99d7-8bb9314b3bc1 - - - - -] ironic.api_max_retries = 60 log_opt_values /usr/lib/python3/dist-packages/oslo_config/cfg.py:2609
2024-08-27 07:30:42.840 121480 DEBUG oslo_service.service [req-2b152281-2c81-40f4-99d7-8bb9314b3bc1 - - - - -] ironic.api_retry_interval = 2 log_opt_values /usr/lib/python3/dist-packages/oslo_config/cfg.py:2609
2024-08-27 07:30:42.840 121480 DEBUG oslo_service.service [req-2b152281-2c81-40f4-99d7-8bb9314b3bc1 - - - - -] ironic.auth_section = None log_opt_values /usr/lib/python3/dist-packages/oslo_config/cfg.py:2609
2024-08-27 07:30:42.840 121480 DEBUG oslo_service.service [req-2b152281-2c81-40f4-99d7-8bb9314b3bc1 - - - - -] ironic.auth_type = None log_opt_values /usr/lib/python3/dist-packages/oslo_config/cfg.py:2609
2024-08-27 07:30:42.841 121480 DEBUG oslo_service.service [req-2b152281-2c81-40f4-99d7-8bb9314b3bc1 - - - - -] ironic.cafile = None log_opt_values /usr/lib/python3/dist-packages/oslo_config/cfg.py:2609
2024-08-27 07:30:42.841 121480 DEBUG oslo_service.service [req-2b152281-2c81-40f4-99d7-8bb9314b3bc1 - - - - -] ironic.certfile = None log_opt_values /usr/lib/python3/dist-packages/oslo_config/cfg.py:2609
2024-08-27 07:30:42.841 121480 DEBUG oslo_service.service [req-2b152281-2c81-40f4-99d7-8bb9314b3bc1 - - - - -] ironic.collect_timing = False log_opt_values /usr/lib/python3/dist-packages/oslo_config/cfg.py:2609
2024-08-27 07:30:42.841 121480 DEBUG oslo_service.service [req-2b152281-2c81-40f4-99d7-8bb9314b3bc1 - - - - -] ironic.connect_retries = None log_opt_values /usr/lib/python3/dist-packages/oslo_config/cfg.py:2609
2024-08-27 07:30:42.842 121480 DEBUG oslo_service.service [req-2b152281-2c81-40f4-99d7-8bb9314b3bc1 - - - - -] ironic.connect_retry_delay = None log_opt_values /usr/lib/python3/dist-packages/oslo_config/cfg.py:2609
2024-08-27 07:30:42.842 121480 DEBUG oslo_service.service [req-2b152281-2c81-40f4-99d7-8bb9314b3bc1 - - - - -] ironic.endpoint_override = None log_opt_values /usr/lib/python3/dist-packages/oslo_config/cfg.py:2609
2024-08-27 07:30:42.843 121480 DEBUG oslo_service.service [req-2b152281-2c81-40f4-99d7-8bb9314b3bc1 - - - - -] ironic.insecure = False log_opt_values /usr/lib/python3/dist-packages/oslo_config/cfg.py:2609
2024-08-27 07:30:42.843 121480 DEBUG oslo_service.service [req-2b152281-2c81-40f4-99d7-8bb9314b3bc1 - - - - -] ironic.keyfile = None log_opt_values /usr/lib/python3/dist-packages/oslo_config/cfg.py:2609
2024-08-27 07:30:42.843 121480 DEBUG oslo_service.service [req-2b152281-2c81-40f4-99d7-8bb9314b3bc1 - - - - -] ironic.max_version = None log_opt_values /usr/lib/python3/dist-packages/oslo_config/cfg.py:2609
2024-08-27 07:30:42.843 121480 DEBUG oslo_service.service [req-2b152281-2c81-40f4-99d7-8bb9314b3bc1 - - - - -] ironic.min_version = None log_opt_values /usr/lib/python3/dist-packages/oslo_config/cfg.py:2609
2024-08-27 07:30:42.843 121480 DEBUG oslo_service.service [req-2b152281-2c81-40f4-99d7-8bb9314b3bc1 - - - - -] ironic.partition_key = None log_opt_values /usr/lib/python3/dist-packages/oslo_config/cfg.py:2609
2024-08-27 07:30:42.843 121480 DEBUG oslo_service.service [req-2b152281-2c81-40f4-99d7-8bb9314b3bc1 - - - - -] ironic.peer_list = [] log_opt_values /usr/lib/python3/dist-packages/oslo_config/cfg.py:2609
2024-08-27 07:30:42.844 121480 DEBUG oslo_service.service [req-2b152281-2c81-40f4-99d7-8bb9314b3bc1 - - - - -] ironic.region_name = None log_opt_values /usr/lib/python3/dist-packages/oslo_config/cfg.py:2609
2024-08-27 07:30:42.844 121480 DEBUG oslo_service.service [req-2b152281-2c81-40f4-99d7-8bb9314b3bc1 - - - - -] ironic.serial_console_state_timeout = 10 log_opt_values /usr/lib/python3/dist-packages/oslo_config/cfg.py:2609
2024-08-27 07:30:42.845 121480 DEBUG oslo_service.service [req-2b152281-2c81-40f4-99d7-8bb9314b3bc1 - - - - -] ironic.service_name = None log_opt_values /usr/lib/python3/dist-packages/oslo_config/cfg.py:2609
2024-08-27 07:30:42.845 121480 DEBUG oslo_service.service [req-2b152281-2c81-40f4-99d7-8bb9314b3bc1 - - - - -] ironic.service_type = baremetal log_opt_values /usr/lib/python3/dist-packages/oslo_config/cfg.py:2609
2024-08-27 07:30:42.845 121480 DEBUG oslo_service.service [req-2b152281-2c81-40f4-99d7-8bb9314b3bc1 - - - - -] ironic.split_loggers = False log_opt_values /usr/lib/python3/dist-packages/oslo_config/cfg.py:2609
2024-08-27 07:30:42.845 121480 DEBUG oslo_service.service [req-2b152281-2c81-40f4-99d7-8bb9314b3bc1 - - - - -] ironic.status_code_retries = None log_opt_values /usr/lib/python3/dist-packages/oslo_config/cfg.py:2609
2024-08-27 07:30:42.845 121480 DEBUG oslo_service.service [req-2b152281-2c81-40f4-99d7-8bb9314b3bc1 - - - - -] ironic.status_code_retry_delay = None log_opt_values /usr/lib/python3/dist-packages/oslo_config/cfg.py:2609
2024-08-27 07:30:42.846 121480 DEBUG oslo_service.service [req-2b152281-2c81-40f4-99d7-8bb9314b3bc1 - - - - -] ironic.timeout = None log_opt_values /usr/lib/python3/dist-packages/oslo_config/cfg.py:2609
2024-08-27 07:30:42.846 121480 DEBUG oslo_service.service [req-2b152281-2c81-40f4-99d7-8bb9314b3bc1 - - - - -] ironic.valid_interfaces = ['internal', 'public'] log_opt_values /usr/lib/python3/dist-packages/oslo_config/cfg.py:2609
2024-08-27 07:30:42.846 121480 DEBUG oslo_service.service [req-2b152281-2c81-40f4-99d7-8bb9314b3bc1 - - - - -] ironic.version = None log_opt_values /usr/lib/python3/dist-packages/oslo_config/cfg.py:2609
2024-08-27 07:30:42.846 121480 DEBUG oslo_service.service [req-2b152281-2c81-40f4-99d7-8bb9314b3bc1 - - - - -] key_manager.backend = barbican log_opt_values /usr/lib/python3/dist-packages/oslo_config/cfg.py:2609
2024-08-27 07:30:42.846 123120 DEBUG oslo_messaging._drivers.amqpdriver [-] Listener is running poll /usr/lib/python3/dist-packages/oslo_messaging/_drivers/amqpdriver.py:343
2024-08-27 07:30:42.846 121480 DEBUG oslo_service.service [req-2b152281-2c81-40f4-99d7-8bb9314b3bc1 - - - - -] key_manager.fixed_key = **** log_opt_values /usr/lib/python3/dist-packages/oslo_config/cfg.py:2609
2024-08-27 07:30:42.847 123120 DEBUG oslo_messaging._drivers.amqpdriver [-] AMQPListener connection consume poll /usr/lib/python3/dist-packages/oslo_messaging/_drivers/amqpdriver.py:357
2024-08-27 07:30:42.847 121480 DEBUG oslo_service.service [req-2b152281-2c81-40f4-99d7-8bb9314b3bc1 - - - - -] barbican.auth_endpoint = http://localhost/identity/v3 log_opt_values /usr/lib/python3/dist-packages/oslo_config/cfg.py:2609
2024-08-27 07:30:42.847 121480 DEBUG oslo_service.service [req-2b152281-2c81-40f4-99d7-8bb9314b3bc1 - - - - -] barbican.barbican_api_version = None log_opt_values /usr/lib/python3/dist-packages/oslo_config/cfg.py:2609
2024-08-27 07:30:42.847 121480 DEBUG oslo_service.service [req-2b152281-2c81-40f4-99d7-8bb9314b3bc1 - - - - -] barbican.barbican_endpoint = None log_opt_values /usr/lib/python3/dist-packages/oslo_config/cfg.py:2609
2024-08-27 07:30:42.847 121480 DEBUG oslo_service.service [req-2b152281-2c81-40f4-99d7-8bb9314b3bc1 - - - - -] barbican.barbican_endpoint_type = public log_opt_values /usr/lib/python3/dist-packages/oslo_config/cfg.py:2609
2024-08-27 07:30:42.848 123120 DEBUG nova.service [req-ad82927a-7589-41f5-8884-82553f4a8e51 - - - - -] Join ServiceGroup membership for this service conductor start /usr/lib/python3/dist-packages/nova/service.py:199
2024-08-27 07:30:42.848 121480 DEBUG oslo_service.service [req-2b152281-2c81-40f4-99d7-8bb9314b3bc1 - - - - -] barbican.barbican_region_name = None log_opt_values /usr/lib/python3/dist-packages/oslo_config/cfg.py:2609
2024-08-27 07:30:42.849 121480 DEBUG oslo_service.service [req-2b152281-2c81-40f4-99d7-8bb9314b3bc1 - - - - -] barbican.cafile = None log_opt_values /usr/lib/python3/dist-packages/oslo_config/cfg.py:2609
2024-08-27 07:30:42.849 123120 DEBUG nova.servicegroup.drivers.db [req-ad82927a-7589-41f5-8884-82553f4a8e51 - - - - -] DB_Driver: join new ServiceGroup member juju-de28ce-0-lxd-7 to the conductor group, service = join /usr/lib/python3/dist-packages/nova/servicegroup/drivers/db.py:44
2024-08-27 07:30:42.849 121480 DEBUG oslo_service.service [req-2b152281-2c81-40f4-99d7-8bb9314b3bc1 - - - - -] barbican.certfile = None log_opt_values /usr/lib/python3/dist-packages/oslo_config/cfg.py:2609
2024-08-27 07:30:42.849 121480 DEBUG oslo_service.service [req-2b152281-2c81-40f4-99d7-8bb9314b3bc1 - - - - -] barbican.collect_timing = False log_opt_values /usr/lib/python3/dist-packages/oslo_config/cfg.py:2609
2024-08-27 07:30:42.849 121480 DEBUG oslo_service.service [req-2b152281-2c81-40f4-99d7-8bb9314b3bc1 - - - - -] barbican.insecure = False log_opt_values /usr/lib/python3/dist-packages/oslo_config/cfg.py:2609
2024-08-27 07:30:42.849 121480 DEBUG oslo_service.service [req-2b152281-2c81-40f4-99d7-8bb9314b3bc1 - - - - -] barbican.keyfile = None log_opt_values /usr/lib/python3/dist-packages/oslo_config/cfg.py:2609
2024-08-27 07:30:42.849 123120 DEBUG oslo_messaging._drivers.amqpdriver [-] AMQPListener connection timeout poll /usr/lib/python3/dist-packages/oslo_messaging/_drivers/amqpdriver.py:360
2024-08-27 07:30:42.849 123120 DEBUG oslo_messaging._drivers.amqpdriver [-] Listener is running poll /usr/lib/python3/dist-packages/oslo_messaging/_drivers/amqpdriver.py:343
2024-08-27 07:30:42.849 121480 DEBUG oslo_service.service [req-2b152281-2c81-40f4-99d7-8bb9314b3bc1 - - - - -] barbican.number_of_retries = 60 log_opt_values /usr/lib/python3/dist-packages/oslo_config/cfg.py:2609
2024-08-27 07:30:42.850 123120 DEBUG oslo_messaging._drivers.amqpdriver [-] AMQPListener connection consume poll /usr/lib/python3/dist-packages/oslo_messaging/_drivers/amqpdriver.py:357
2024-08-27 07:30:42.850 121480 DEBUG oslo_service.service [req-2b152281-2c81-40f4-99d7-8bb9314b3bc1 - - - - -] barbican.retry_delay = 1 log_opt_values /usr/lib/python3/dist-packages/oslo_config/cfg.py:2609
2024-08-27 07:30:42.851 121480 DEBUG oslo_service.service [req-2b152281-2c81-40f4-99d7-8bb9314b3bc1 - - - - -] barbican.send_service_user_token = False log_opt_values /usr/lib/python3/dist-packages/oslo_config/cfg.py:2609
2024-08-27 07:30:42.851 121480 DEBUG oslo_service.service [req-2b152281-2c81-40f4-99d7-8bb9314b3bc1 - - - - -] barbican.split_loggers = False log_opt_values /usr/lib/python3/dist-packages/oslo_config/cfg.py:2609
2024-08-27 07:30:42.851 121480 DEBUG oslo_service.service [req-2b152281-2c81-40f4-99d7-8bb9314b3bc1 - - - - -] barbican.timeout = None log_opt_values /usr/lib/python3/dist-packages/oslo_config/cfg.py:2609
2024-08-27 07:30:42.851 121480 DEBUG oslo_service.service [req-2b152281-2c81-40f4-99d7-8bb9314b3bc1 - - - - -] barbican.verify_ssl = True log_opt_values /usr/lib/python3/dist-packages/oslo_config/cfg.py:2609
2024-08-27 07:30:42.851 121480 DEBUG oslo_service.service [req-2b152281-2c81-40f4-99d7-8bb9314b3bc1 - - - - -] barbican.verify_ssl_path = None log_opt_values /usr/lib/python3/dist-packages/oslo_config/cfg.py:2609
2024-08-27 07:30:42.852 121480 DEBUG oslo_service.service [req-2b152281-2c81-40f4-99d7-8bb9314b3bc1 - - - - -] barbican_service_user.auth_section = None log_opt_values /usr/lib/python3/dist-packages/oslo_config/cfg.py:2609
2024-08-27 07:30:42.853 121480 DEBUG oslo_service.service [req-2b152281-2c81-40f4-99d7-8bb9314b3bc1 - - - - -] barbican_service_user.auth_type = None log_opt_values /usr/lib/python3/dist-packages/oslo_config/cfg.py:2609
2024-08-27 07:30:42.853 121480 DEBUG oslo_service.service [req-2b152281-2c81-40f4-99d7-8bb9314b3bc1 - - - - -] barbican_service_user.cafile = None log_opt_values /usr/lib/python3/dist-packages/oslo_config/cfg.py:2609
2024-08-27 07:30:42.853 121480 DEBUG oslo_service.service [req-2b152281-2c81-40f4-99d7-8bb9314b3bc1 - - - - -] barbican_service_user.certfile = None log_opt_values /usr/lib/python3/dist-packages/oslo_config/cfg.py:2609
2024-08-27 07:30:42.853 121480 DEBUG oslo_service.service [req-2b152281-2c81-40f4-99d7-8bb9314b3bc1 - - - - -] barbican_service_user.collect_timing = False log_opt_values /usr/lib/python3/dist-packages/oslo_config/cfg.py:2609
2024-08-27 07:30:42.853 121480 DEBUG oslo_service.service [req-2b152281-2c81-40f4-99d7-8bb9314b3bc1 - - - - -] barbican_service_user.insecure = False log_opt_values /usr/lib/python3/dist-packages/oslo_config/cfg.py:2609
2024-08-27 07:30:42.854 121480 DEBUG oslo_service.service [req-2b152281-2c81-40f4-99d7-8bb9314b3bc1 - - - - -] barbican_service_user.keyfile = None log_opt_values /usr/lib/python3/dist-packages/oslo_config/cfg.py:2609
2024-08-27 07:30:42.854 121480 DEBUG oslo_service.service [req-2b152281-2c81-40f4-99d7-8bb9314b3bc1 - - - - -] barbican_service_user.split_loggers = False log_opt_values /usr/lib/python3/dist-packages/oslo_config/cfg.py:2609
2024-08-27 07:30:42.854 121480 DEBUG oslo_service.service [req-2b152281-2c81-40f4-99d7-8bb9314b3bc1 - - - - -] barbican_service_user.timeout = None log_opt_values /usr/lib/python3/dist-packages/oslo_config/cfg.py:2609
