2024-08-27 08:18:46.272 62076 DEBUG oslo_service.service [-] oslo_messaging_rabbit.rabbit_interval_max = 30 log_opt_values /usr/lib/python3/dist-packages/oslo_config/cfg.py:2609
2024-08-27 08:18:46.272 62076 DEBUG oslo_service.service [-] oslo_messaging_rabbit.rabbit_login_method = AMQPLAIN log_opt_values /usr/lib/python3/dist-packages/oslo_config/cfg.py:2609
2024-08-27 08:18:46.272 62076 DEBUG oslo_service.service [-] oslo_messaging_rabbit.rabbit_qos_prefetch_count = 0 log_opt_values /usr/lib/python3/dist-packages/oslo_config/cfg.py:2609
2024-08-27 08:18:46.273 62076 DEBUG oslo_service.service [-] oslo_messaging_rabbit.rabbit_quorum_queue = False log_opt_values /usr/lib/python3/dist-packages/oslo_config/cfg.py:2609
2024-08-27 08:18:46.273 62076 DEBUG oslo_service.service [-] oslo_messaging_rabbit.rabbit_retry_backoff = 2 log_opt_values /usr/lib/python3/dist-packages/oslo_config/cfg.py:2609
2024-08-27 08:18:46.273 62076 DEBUG oslo_service.service [-] oslo_messaging_rabbit.rabbit_retry_interval = 1 log_opt_values /usr/lib/python3/dist-packages/oslo_config/cfg.py:2609
2024-08-27 08:18:46.273 62076 DEBUG oslo_service.service [-] oslo_messaging_rabbit.rabbit_transient_queues_ttl = 1800 log_opt_values /usr/lib/python3/dist-packages/oslo_config/cfg.py:2609
2024-08-27 08:18:46.273 62076 DEBUG oslo_service.service [-] oslo_messaging_rabbit.rpc_conn_pool_size = 30 log_opt_values /usr/lib/python3/dist-packages/oslo_config/cfg.py:2609
2024-08-27 08:18:46.273 62076 DEBUG oslo_service.service [-] oslo_messaging_rabbit.ssl = False log_opt_values /usr/lib/python3/dist-packages/oslo_config/cfg.py:2609
2024-08-27 08:18:46.273 62076 DEBUG oslo_service.service [-] oslo_messaging_rabbit.ssl_ca_file = log_opt_values /usr/lib/python3/dist-packages/oslo_config/cfg.py:2609
2024-08-27 08:18:46.273 62076 DEBUG oslo_service.service [-] oslo_messaging_rabbit.ssl_cert_file = log_opt_values /usr/lib/python3/dist-packages/oslo_config/cfg.py:2609
2024-08-27 08:18:46.274 62076 DEBUG oslo_service.service [-] oslo_messaging_rabbit.ssl_key_file = log_opt_values /usr/lib/python3/dist-packages/oslo_config/cfg.py:2609
2024-08-27 08:18:46.274 62076 DEBUG oslo_service.service [-] oslo_messaging_rabbit.ssl_version = log_opt_values /usr/lib/python3/dist-packages/oslo_config/cfg.py:2609
2024-08-27 08:18:46.274 62076 DEBUG oslo_service.service [-] oslo_messaging_notifications.driver = [] log_opt_values /usr/lib/python3/dist-packages/oslo_config/cfg.py:2609
2024-08-27 08:18:46.274 62076 DEBUG oslo_service.service [-] oslo_messaging_notifications.retry = -1 log_opt_values /usr/lib/python3/dist-packages/oslo_config/cfg.py:2609
2024-08-27 08:18:46.274 62076 DEBUG oslo_service.service [-] oslo_messaging_notifications.topics = ['notifications'] log_opt_values /usr/lib/python3/dist-packages/oslo_config/cfg.py:2609
2024-08-27 08:18:46.274 62076 DEBUG oslo_service.service [-] oslo_messaging_notifications.transport_url = **** log_opt_values /usr/lib/python3/dist-packages/oslo_config/cfg.py:2609
2024-08-27 08:18:46.274 62076 DEBUG oslo_service.service [-] cache.backend = dogpile.cache.null log_opt_values /usr/lib/python3/dist-packages/oslo_config/cfg.py:2609
2024-08-27 08:18:46.274 62076 DEBUG oslo_service.service [-] cache.backend_argument = **** log_opt_values /usr/lib/python3/dist-packages/oslo_config/cfg.py:2609
2024-08-27 08:18:46.275 62076 DEBUG oslo_service.service [-] cache.config_prefix = cache.oslo log_opt_values /usr/lib/python3/dist-packages/oslo_config/cfg.py:2609
2024-08-27 08:18:46.275 62076 DEBUG oslo_service.service [-] cache.debug_cache_backend = False log_opt_values /usr/lib/python3/dist-packages/oslo_config/cfg.py:2609
2024-08-27 08:18:46.275 62076 DEBUG oslo_service.service [-] cache.enabled = False log_opt_values /usr/lib/python3/dist-packages/oslo_config/cfg.py:2609
2024-08-27 08:18:46.275 62076 DEBUG oslo_service.service [-] cache.expiration_time = 600 log_opt_values /usr/lib/python3/dist-packages/oslo_config/cfg.py:2609
2024-08-27 08:18:46.275 62076 DEBUG oslo_service.service [-] cache.memcache_dead_retry = 300 log_opt_values /usr/lib/python3/dist-packages/oslo_config/cfg.py:2609
2024-08-27 08:18:46.275 62076 DEBUG oslo_service.service [-] cache.memcache_pool_connection_get_timeout = 10 log_opt_values /usr/lib/python3/dist-packages/oslo_config/cfg.py:2609
2024-08-27 08:18:46.275 62076 DEBUG oslo_service.service [-] cache.memcache_pool_flush_on_reconnect = False log_opt_values /usr/lib/python3/dist-packages/oslo_config/cfg.py:2609
2024-08-27 08:18:46.275 62076 DEBUG oslo_service.service [-] cache.memcache_pool_maxsize = 10 log_opt_values /usr/lib/python3/dist-packages/oslo_config/cfg.py:2609
2024-08-27 08:18:46.275 62076 DEBUG oslo_service.service [-] cache.memcache_pool_unused_timeout = 60 log_opt_values /usr/lib/python3/dist-packages/oslo_config/cfg.py:2609
2024-08-27 08:18:46.276 62076 DEBUG oslo_service.service [-] cache.memcache_servers = ['localhost:11211'] log_opt_values /usr/lib/python3/dist-packages/oslo_config/cfg.py:2609
2024-08-27 08:18:46.276 62076 DEBUG oslo_service.service [-] cache.memcache_socket_timeout = 1.0 log_opt_values /usr/lib/python3/dist-packages/oslo_config/cfg.py:2609
2024-08-27 08:18:46.276 62076 DEBUG oslo_service.service [-] cache.proxies = [] log_opt_values /usr/lib/python3/dist-packages/oslo_config/cfg.py:2609
2024-08-27 08:18:46.276 62076 DEBUG oslo_service.service [-] cache.tls_allowed_ciphers = None log_opt_values /usr/lib/python3/dist-packages/oslo_config/cfg.py:2609
2024-08-27 08:18:46.276 62076 DEBUG oslo_service.service [-] cache.tls_cafile = None log_opt_values /usr/lib/python3/dist-packages/oslo_config/cfg.py:2609
2024-08-27 08:18:46.276 62076 DEBUG oslo_service.service [-] cache.tls_certfile = None log_opt_values /usr/lib/python3/dist-packages/oslo_config/cfg.py:2609
2024-08-27 08:18:46.276 62076 DEBUG oslo_service.service [-] cache.tls_enabled = False log_opt_values /usr/lib/python3/dist-packages/oslo_config/cfg.py:2609
2024-08-27 08:18:46.276 62076 DEBUG oslo_service.service [-] cache.tls_keyfile = None log_opt_values /usr/lib/python3/dist-packages/oslo_config/cfg.py:2609
2024-08-27 08:18:46.276 62076 DEBUG oslo_service.service [-] constraint_validation_cache.caching = True log_opt_values /usr/lib/python3/dist-packages/oslo_config/cfg.py:2609
2024-08-27 08:18:46.277 62076 DEBUG oslo_service.service [-] constraint_validation_cache.expiration_time = 60 log_opt_values /usr/lib/python3/dist-packages/oslo_config/cfg.py:2609
2024-08-27 08:18:46.277 62076 DEBUG oslo_service.service [-] service_extension_cache.caching = True log_opt_values /usr/lib/python3/dist-packages/oslo_config/cfg.py:2609
2024-08-27 08:18:46.277 62076 DEBUG oslo_service.service [-] service_extension_cache.expiration_time = 3600 log_opt_values /usr/lib/python3/dist-packages/oslo_config/cfg.py:2609
2024-08-27 08:18:46.277 62076 DEBUG oslo_service.service [-] resource_finder_cache.caching = True log_opt_values /usr/lib/python3/dist-packages/oslo_config/cfg.py:2609
2024-08-27 08:18:46.277 62076 DEBUG oslo_service.service [-] resource_finder_cache.expiration_time = 3600 log_opt_values /usr/lib/python3/dist-packages/oslo_config/cfg.py:2609
2024-08-27 08:18:46.277 62076 DEBUG oslo_service.service [-] yaql.limit_iterators = 200 log_opt_values /usr/lib/python3/dist-packages/oslo_config/cfg.py:2609
2024-08-27 08:18:46.277 62076 DEBUG oslo_service.service [-] yaql.memory_quota = 10000 log_opt_values /usr/lib/python3/dist-packages/oslo_config/cfg.py:2609
2024-08-27 08:18:46.277 62076 DEBUG oslo_service.service [-] ******************************************************************************** log_opt_values /usr/lib/python3/dist-packages/oslo_config/cfg.py:2613
2024-08-27 08:18:46.282 62290 DEBUG oslo_db.sqlalchemy.engines [req-ebf06d47-fdb5-4a8f-ae1b-4da865011ba6 - - - - -] MySQL server mode set to STRICT_TRANS_TABLES,STRICT_ALL_TABLES,NO_ZERO_IN_DATE,NO_ZERO_DATE,ERROR_FOR_DIVISION_BY_ZERO,TRADITIONAL,NO_ENGINE_SUBSTITUTION _check_effective_sql_mode /usr/lib/python3/dist-packages/oslo_db/sqlalchemy/engines.py:314
2024-08-27 08:18:46.292 62289 DEBUG oslo_db.sqlalchemy.engines [req-766d9e4b-d20e-4cfd-b346-409b3430e8c3 - - - - -] MySQL server mode set to STRICT_TRANS_TABLES,STRICT_ALL_TABLES,NO_ZERO_IN_DATE,NO_ZERO_DATE,ERROR_FOR_DIVISION_BY_ZERO,TRADITIONAL,NO_ENGINE_SUBSTITUTION _check_effective_sql_mode /usr/lib/python3/dist-packages/oslo_db/sqlalchemy/engines.py:314
2024-08-27 08:18:46.308 62291 DEBUG oslo_db.sqlalchemy.engines [req-5af9809b-bfa2-4bf1-8b76-15b1bd1a7f75 - - - - -] MySQL server mode set to STRICT_TRANS_TABLES,STRICT_ALL_TABLES,NO_ZERO_IN_DATE,NO_ZERO_DATE,ERROR_FOR_DIVISION_BY_ZERO,TRADITIONAL,NO_ENGINE_SUBSTITUTION _check_effective_sql_mode /usr/lib/python3/dist-packages/oslo_db/sqlalchemy/engines.py:314
2024-08-27 08:18:46.327 62292 DEBUG oslo_db.sqlalchemy.engines [req-78bab490-7605-460f-ae53-245565c775f7 - - - - -] MySQL server mode set to STRICT_TRANS_TABLES,STRICT_ALL_TABLES,NO_ZERO_IN_DATE,NO_ZERO_DATE,ERROR_FOR_DIVISION_BY_ZERO,TRADITIONAL,NO_ENGINE_SUBSTITUTION _check_effective_sql_mode /usr/lib/python3/dist-packages/oslo_db/sqlalchemy/engines.py:314
2024-08-27 08:18:46.945 62292 DEBUG heat.engine.service [req-57d3a47e-2917-4497-9e0c-6f2b533b4c6d - - - - -] Service fb32a567-f38b-4db3-97ef-4991e078ec3e is started service_manage_report /usr/lib/python3/dist-packages/heat/engine/service.py:2363
2024-08-27 08:18:46.947 62291 DEBUG heat.engine.service [req-fa491e98-4b49-41b0-a287-46e03ea9d679 - - - - -] Service 743a0bfc-52d6-4c74-ab40-513e46beb3ed is started service_manage_report /usr/lib/python3/dist-packages/heat/engine/service.py:2363
2024-08-27 08:18:46.947 62289 DEBUG heat.engine.service [req-a44f397e-d2b8-4454-bb40-6f25b2c16395 - - - - -] Service 3f19dd67-96ca-4633-ad0b-31d3b6979355 is started service_manage_report /usr/lib/python3/dist-packages/heat/engine/service.py:2363
2024-08-27 08:18:46.948 62290 DEBUG heat.engine.service [req-80c81b8c-8f9c-4a7c-86c2-e1b67ac137bd - - - - -] Service 8534324c-f0c9-4da5-b3b7-6d7c11027283 is started service_manage_report /usr/lib/python3/dist-packages/heat/engine/service.py:2363
2024-08-27 08:18:46.970 62292 DEBUG heat.engine.service [req-57d3a47e-2917-4497-9e0c-6f2b533b4c6d - - - - -] Service fb32a567-f38b-4db3-97ef-4991e078ec3e is updated service_manage_report /usr/lib/python3/dist-packages/heat/engine/service.py:2370
2024-08-27 08:18:47.013 62291 DEBUG heat.engine.service [req-fa491e98-4b49-41b0-a287-46e03ea9d679 - - - - -] Service 743a0bfc-52d6-4c74-ab40-513e46beb3ed is updated service_manage_report /usr/lib/python3/dist-packages/heat/engine/service.py:2370
2024-08-27 08:18:47.014 62290 DEBUG heat.engine.service [req-80c81b8c-8f9c-4a7c-86c2-e1b67ac137bd - - - - -] Service 8534324c-f0c9-4da5-b3b7-6d7c11027283 is updated service_manage_report /usr/lib/python3/dist-packages/heat/engine/service.py:2370
2024-08-27 08:18:49.541 62289 DEBUG heat.engine.service [req-a44f397e-d2b8-4454-bb40-6f25b2c16395 - - - - -] Service 3f19dd67-96ca-4633-ad0b-31d3b6979355 is updated service_manage_report /usr/lib/python3/dist-packages/heat/engine/service.py:2370
2024-08-27 08:19:46.574 62291 DEBUG heat.engine.service [req-7de8f7c7-ecfa-4f76-9e35-32c3a10508c1 - - - - -] Service 743a0bfc-52d6-4c74-ab40-513e46beb3ed is updated service_manage_report /usr/lib/python3/dist-packages/heat/engine/service.py:2370
2024-08-27 08:19:46.574 62289 DEBUG heat.engine.service [req-9312a3ce-1c29-4cf8-89cd-a4d4119b95b9 - - - - -] Service 3f19dd67-96ca-4633-ad0b-31d3b6979355 is updated service_manage_report /usr/lib/python3/dist-packages/heat/engine/service.py:2370
2024-08-27 08:19:46.575 62292 DEBUG heat.engine.service [req-d1b3f3d3-e622-4896-98cb-645d3e448939 - - - - -] Service fb32a567-f38b-4db3-97ef-4991e078ec3e is updated service_manage_report /usr/lib/python3/dist-packages/heat/engine/service.py:2370
2024-08-27 08:19:46.575 62290 DEBUG heat.engine.service [req-29e08f90-4b1c-4164-a2de-63f73b109a2f - - - - -] Service 8534324c-f0c9-4da5-b3b7-6d7c11027283 is updated service_manage_report /usr/lib/python3/dist-packages/heat/engine/service.py:2370
2024-08-27 08:20:48.204 62290 DEBUG heat.engine.service [req-63136990-aa7e-4b15-b593-daa46c939084 - - - - -] Service 8534324c-f0c9-4da5-b3b7-6d7c11027283 is updated service_manage_report /usr/lib/python3/dist-packages/heat/engine/service.py:2370
2024-08-27 08:20:48.235 62292 DEBUG heat.engine.service [req-247f2027-b8de-4215-9eb4-5fd4524a65ba - - - - -] Service fb32a567-f38b-4db3-97ef-4991e078ec3e is updated service_manage_report /usr/lib/python3/dist-packages/heat/engine/service.py:2370
2024-08-27 08:20:48.235 62291 DEBUG heat.engine.service [req-79758dce-8e8e-469c-8504-bd376de7ed40 - - - - -] Service 743a0bfc-52d6-4c74-ab40-513e46beb3ed is updated service_manage_report /usr/lib/python3/dist-packages/heat/engine/service.py:2370
2024-08-27 08:20:48.235 62289 DEBUG heat.engine.service [req-4bf7e398-e2dc-4e57-814c-bc6747c12652 - - - - -] Service 3f19dd67-96ca-4633-ad0b-31d3b6979355 is updated service_manage_report /usr/lib/python3/dist-packages/heat/engine/service.py:2370
2024-08-27 08:21:48.530 62290 DEBUG heat.engine.service [req-e3a47d14-50ae-45c7-8d16-693cfe755c83 - - - - -] Service 8534324c-f0c9-4da5-b3b7-6d7c11027283 is updated service_manage_report /usr/lib/python3/dist-packages/heat/engine/service.py:2370
2024-08-27 08:21:48.548 62292 DEBUG heat.engine.service [req-b569f161-3417-4d9e-8f52-ff1fdf0ab700 - - - - -] Service fb32a567-f38b-4db3-97ef-4991e078ec3e is updated service_manage_report /usr/lib/python3/dist-packages/heat/engine/service.py:2370
2024-08-27 08:21:48.548 62289 DEBUG heat.engine.service [req-e82af31e-2488-42cd-b2ce-10b4449f0ef6 - - - - -] Service 3f19dd67-96ca-4633-ad0b-31d3b6979355 is updated service_manage_report /usr/lib/python3/dist-packages/heat/engine/service.py:2370
2024-08-27 08:21:48.550 62291 DEBUG heat.engine.service [req-8d37d3f7-f0c9-46bf-949a-e963d1be4e10 - - - - -] Service 743a0bfc-52d6-4c74-ab40-513e46beb3ed is updated service_manage_report /usr/lib/python3/dist-packages/heat/engine/service.py:2370
2024-08-27 08:22:48.098 62290 DEBUG heat.engine.service [req-3796fb80-759a-44af-a3af-65eed7b088a6 - - - - -] Service 8534324c-f0c9-4da5-b3b7-6d7c11027283 is updated service_manage_report /usr/lib/python3/dist-packages/heat/engine/service.py:2370
2024-08-27 08:22:48.123 62292 DEBUG heat.engine.service [req-c16922e4-946e-4920-83bb-6ecd488d2573 - - - - -] Service fb32a567-f38b-4db3-97ef-4991e078ec3e is updated service_manage_report /usr/lib/python3/dist-packages/heat/engine/service.py:2370
2024-08-27 08:22:48.123 62291 DEBUG heat.engine.service [req-f00bef18-0930-43df-b5dc-a360fcc036b6 - - - - -] Service 743a0bfc-52d6-4c74-ab40-513e46beb3ed is updated service_manage_report /usr/lib/python3/dist-packages/heat/engine/service.py:2370
2024-08-27 08:22:48.125 62289 DEBUG heat.engine.service [req-959b4e56-65c3-40b8-adab-db02386db5ae - - - - -] Service 3f19dd67-96ca-4633-ad0b-31d3b6979355 is updated service_manage_report /usr/lib/python3/dist-packages/heat/engine/service.py:2370
2024-08-27 08:23:47.699 62290 DEBUG heat.engine.service [req-e917deaa-b216-4cd9-a68a-ca0aa2a6d853 - - - - -] Service 8534324c-f0c9-4da5-b3b7-6d7c11027283 is updated service_manage_report /usr/lib/python3/dist-packages/heat/engine/service.py:2370
2024-08-27 08:23:47.699 62292 DEBUG heat.engine.service [req-e3be3e62-df7f-4d65-9286-d6ae0cd89ed9 - - - - -] Service fb32a567-f38b-4db3-97ef-4991e078ec3e is updated service_manage_report /usr/lib/python3/dist-packages/heat/engine/service.py:2370
2024-08-27 08:23:47.700 62291 DEBUG heat.engine.service [req-12e75735-8483-463d-9c09-20f6723c04b0 - - - - -] Service 743a0bfc-52d6-4c74-ab40-513e46beb3ed is updated service_manage_report /usr/lib/python3/dist-packages/heat/engine/service.py:2370
2024-08-27 08:23:47.701 62289 DEBUG heat.engine.service [req-4de27e33-0e17-46e9-b735-faa553d3a259 - - - - -] Service 3f19dd67-96ca-4633-ad0b-31d3b6979355 is updated service_manage_report /usr/lib/python3/dist-packages/heat/engine/service.py:2370
2024-08-27 08:24:46.355 62290 DEBUG heat.engine.service [req-6de2498f-c7b2-4df2-866a-3cc54a3aeb69 - - - - -] Service 8534324c-f0c9-4da5-b3b7-6d7c11027283 is updated service_manage_report /usr/lib/python3/dist-packages/heat/engine/service.py:2370
2024-08-27 08:24:46.357 62289 DEBUG heat.engine.service [req-58c80edf-5de2-4d50-b842-eeb5896962d1 - - - - -] Service 3f19dd67-96ca-4633-ad0b-31d3b6979355 is updated service_manage_report /usr/lib/python3/dist-packages/heat/engine/service.py:2370
2024-08-27 08:24:46.374 62291 DEBUG heat.engine.service [req-af81342d-6161-4183-a948-c34eb83d3882 - - - - -] Service 743a0bfc-52d6-4c74-ab40-513e46beb3ed is updated service_manage_report /usr/lib/python3/dist-packages/heat/engine/service.py:2370
2024-08-27 08:24:46.381 62292 DEBUG heat.engine.service [req-8aea3392-4a4b-4152-84d9-6463183fd2ed - - - - -] Service fb32a567-f38b-4db3-97ef-4991e078ec3e is updated service_manage_report /usr/lib/python3/dist-packages/heat/engine/service.py:2370
2024-08-27 08:25:50.084 62291 DEBUG heat.engine.service [req-5bf0cbe4-f985-4071-9ba5-f830e59a746e - - - - -] Service 743a0bfc-52d6-4c74-ab40-513e46beb3ed is updated service_manage_report /usr/lib/python3/dist-packages/heat/engine/service.py:2370
2024-08-27 08:25:50.084 62292 DEBUG heat.engine.service [req-2191da11-1708-490c-9c0d-ebfb044b1705 - - - - -] Service fb32a567-f38b-4db3-97ef-4991e078ec3e is updated service_manage_report /usr/lib/python3/dist-packages/heat/engine/service.py:2370
2024-08-27 08:25:50.084 62290 DEBUG heat.engine.service [req-46279794-115f-4f5d-ac72-9d3e61fe48b2 - - - - -] Service 8534324c-f0c9-4da5-b3b7-6d7c11027283 is updated service_manage_report /usr/lib/python3/dist-packages/heat/engine/service.py:2370
2024-08-27 08:25:50.084 62289 DEBUG heat.engine.service [req-7b5e3504-f289-45c0-a78e-29a91f028a37 - - - - -] Service 3f19dd67-96ca-4633-ad0b-31d3b6979355 is updated service_manage_report /usr/lib/python3/dist-packages/heat/engine/service.py:2370
2024-08-27 08:26:47.631 62290 DEBUG heat.engine.service [req-8dc2b7ce-23b1-4254-80a6-a71f5def86cc - - - - -] Service 8534324c-f0c9-4da5-b3b7-6d7c11027283 is updated service_manage_report /usr/lib/python3/dist-packages/heat/engine/service.py:2370
2024-08-27 08:26:47.646 62292 DEBUG heat.engine.service [req-3c313f53-4c95-424d-8106-e880ac30d28b - - - - -] Service fb32a567-f38b-4db3-97ef-4991e078ec3e is updated service_manage_report /usr/lib/python3/dist-packages/heat/engine/service.py:2370
2024-08-27 08:26:47.646 62291 DEBUG heat.engine.service [req-6875d74f-f7e6-4db7-947d-152490169475 - - - - -] Service 743a0bfc-52d6-4c74-ab40-513e46beb3ed is updated service_manage_report /usr/lib/python3/dist-packages/heat/engine/service.py:2370
2024-08-27 08:26:47.648 62289 DEBUG heat.engine.service [req-1ce05b75-826c-4fdd-b3e5-0a8a5df9a1e5 - - - - -] Service 3f19dd67-96ca-4633-ad0b-31d3b6979355 is updated service_manage_report /usr/lib/python3/dist-packages/heat/engine/service.py:2370
2024-08-27 08:27:47.676 62290 DEBUG heat.engine.service [req-d045875c-a9b6-4f7c-9ecf-76cd86ba163c - - - - -] Service 8534324c-f0c9-4da5-b3b7-6d7c11027283 is updated service_manage_report /usr/lib/python3/dist-packages/heat/engine/service.py:2370
2024-08-27 08:27:47.694 62292 DEBUG heat.engine.service [req-ca6555f0-2ba8-453b-bd08-2c98121997bc - - - - -] Service fb32a567-f38b-4db3-97ef-4991e078ec3e is updated service_manage_report /usr/lib/python3/dist-packages/heat/engine/service.py:2370
2024-08-27 08:27:47.694 62291 DEBUG heat.engine.service [req-2c0b82ef-1874-4bd0-b09a-0ee0480fbc21 - - - - -] Service 743a0bfc-52d6-4c74-ab40-513e46beb3ed is updated service_manage_report /usr/lib/python3/dist-packages/heat/engine/service.py:2370
2024-08-27 08:27:47.695 62289 DEBUG heat.engine.service [req-e76ea384-7dd0-4847-a7f1-7b44b3d8a442 - - - - -] Service 3f19dd67-96ca-4633-ad0b-31d3b6979355 is updated service_manage_report /usr/lib/python3/dist-packages/heat/engine/service.py:2370