2024-08-27 08:15:07.584 58865 DEBUG oslo_service.service [-] oslo_messaging_metrics.metrics_socket_file = /var/tmp/metrics_collector.sock log_opt_values /usr/lib/python3/dist-packages/oslo_config/cfg.py:2609
2024-08-27 08:15:07.584 58865 DEBUG oslo_service.service [-] oslo_messaging_metrics.metrics_thread_stop_timeout = 10 log_opt_values /usr/lib/python3/dist-packages/oslo_config/cfg.py:2609
2024-08-27 08:15:07.584 58865 DEBUG oslo_service.service [-] oslo_policy.enforce_new_defaults = False log_opt_values /usr/lib/python3/dist-packages/oslo_config/cfg.py:2609
2024-08-27 08:15:07.584 58865 DEBUG oslo_service.service [-] oslo_policy.enforce_scope = False log_opt_values /usr/lib/python3/dist-packages/oslo_config/cfg.py:2609
2024-08-27 08:15:07.585 58865 DEBUG oslo_service.service [-] oslo_policy.policy_default_rule = default log_opt_values /usr/lib/python3/dist-packages/oslo_config/cfg.py:2609
2024-08-27 08:15:07.585 58865 DEBUG oslo_service.service [-] oslo_policy.policy_dirs = ['policy.d'] log_opt_values /usr/lib/python3/dist-packages/oslo_config/cfg.py:2609
2024-08-27 08:15:07.585 58865 DEBUG oslo_service.service [-] oslo_policy.policy_file = policy.yaml log_opt_values /usr/lib/python3/dist-packages/oslo_config/cfg.py:2609
2024-08-27 08:15:07.585 58865 DEBUG oslo_service.service [-] oslo_policy.remote_content_type = application/x-www-form-urlencoded log_opt_values /usr/lib/python3/dist-packages/oslo_config/cfg.py:2609
2024-08-27 08:15:07.585 58865 DEBUG oslo_service.service [-] oslo_policy.remote_ssl_ca_crt_file = None log_opt_values /usr/lib/python3/dist-packages/oslo_config/cfg.py:2609
2024-08-27 08:15:07.585 58865 DEBUG oslo_service.service [-] oslo_policy.remote_ssl_client_crt_file = None log_opt_values /usr/lib/python3/dist-packages/oslo_config/cfg.py:2609
2024-08-27 08:15:07.586 58865 DEBUG oslo_service.service [-] oslo_policy.remote_ssl_client_key_file = None log_opt_values /usr/lib/python3/dist-packages/oslo_config/cfg.py:2609
2024-08-27 08:15:07.586 58865 DEBUG oslo_service.service [-] oslo_policy.remote_ssl_verify_server_crt = False log_opt_values /usr/lib/python3/dist-packages/oslo_config/cfg.py:2609
2024-08-27 08:15:07.586 58865 DEBUG oslo_service.service [-] trustee.auth_section = None log_opt_values /usr/lib/python3/dist-packages/oslo_config/cfg.py:2609
2024-08-27 08:15:07.586 58865 WARNING oslo_config.cfg [-] Deprecated: Option "auth_plugin" from group "trustee" is deprecated. Use option "auth_type" from group "trustee".
2024-08-27 08:15:07.586 58865 DEBUG oslo_service.service [-] trustee.auth_type = password log_opt_values /usr/lib/python3/dist-packages/oslo_config/cfg.py:2609
2024-08-27 08:15:07.586 58865 DEBUG oslo_service.service [-] oslo_versionedobjects.fatal_exception_format_errors = False log_opt_values /usr/lib/python3/dist-packages/oslo_config/cfg.py:2609
2024-08-27 08:15:07.587 58865 DEBUG oslo_service.service [-] oslo_messaging_rabbit.amqp_auto_delete = False log_opt_values /usr/lib/python3/dist-packages/oslo_config/cfg.py:2609
2024-08-27 08:15:07.587 58865 DEBUG oslo_service.service [-] oslo_messaging_rabbit.amqp_durable_queues = False log_opt_values /usr/lib/python3/dist-packages/oslo_config/cfg.py:2609
2024-08-27 08:15:07.587 58865 DEBUG oslo_service.service [-] oslo_messaging_rabbit.conn_pool_min_size = 2 log_opt_values /usr/lib/python3/dist-packages/oslo_config/cfg.py:2609
2024-08-27 08:15:07.587 58865 DEBUG oslo_service.service [-] oslo_messaging_rabbit.conn_pool_ttl = 1200 log_opt_values /usr/lib/python3/dist-packages/oslo_config/cfg.py:2609
2024-08-27 08:15:07.587 58865 DEBUG oslo_service.service [-] oslo_messaging_rabbit.direct_mandatory_flag = True log_opt_values /usr/lib/python3/dist-packages/oslo_config/cfg.py:2609
2024-08-27 08:15:07.587 58865 DEBUG oslo_service.service [-] oslo_messaging_rabbit.enable_cancel_on_failover = False log_opt_values /usr/lib/python3/dist-packages/oslo_config/cfg.py:2609
2024-08-27 08:15:07.587 58865 DEBUG oslo_service.service [-] oslo_messaging_rabbit.heartbeat_in_pthread = True log_opt_values /usr/lib/python3/dist-packages/oslo_config/cfg.py:2609
2024-08-27 08:15:07.587 58865 DEBUG oslo_service.service [-] oslo_messaging_rabbit.heartbeat_rate = 2 log_opt_values /usr/lib/python3/dist-packages/oslo_config/cfg.py:2609
2024-08-27 08:15:07.587 58865 DEBUG oslo_service.service [-] oslo_messaging_rabbit.heartbeat_timeout_threshold = 60 log_opt_values /usr/lib/python3/dist-packages/oslo_config/cfg.py:2609
2024-08-27 08:15:07.588 58865 DEBUG oslo_service.service [-] oslo_messaging_rabbit.kombu_compression = None log_opt_values /usr/lib/python3/dist-packages/oslo_config/cfg.py:2609
2024-08-27 08:15:07.588 58865 DEBUG oslo_service.service [-] oslo_messaging_rabbit.kombu_failover_strategy = round-robin log_opt_values /usr/lib/python3/dist-packages/oslo_config/cfg.py:2609
2024-08-27 08:15:07.588 58865 DEBUG oslo_service.service [-] oslo_messaging_rabbit.kombu_missing_consumer_retry_timeout = 60 log_opt_values /usr/lib/python3/dist-packages/oslo_config/cfg.py:2609
2024-08-27 08:15:07.588 58865 DEBUG oslo_service.service [-] oslo_messaging_rabbit.kombu_reconnect_delay = 1.0 log_opt_values /usr/lib/python3/dist-packages/oslo_config/cfg.py:2609
2024-08-27 08:15:07.588 58865 DEBUG oslo_service.service [-] oslo_messaging_rabbit.rabbit_ha_queues = False log_opt_values /usr/lib/python3/dist-packages/oslo_config/cfg.py:2609
2024-08-27 08:15:07.588 58865 DEBUG oslo_service.service [-] oslo_messaging_rabbit.rabbit_interval_max = 30 log_opt_values /usr/lib/python3/dist-packages/oslo_config/cfg.py:2609
2024-08-27 08:15:07.588 58865 DEBUG oslo_service.service [-] oslo_messaging_rabbit.rabbit_login_method = AMQPLAIN log_opt_values /usr/lib/python3/dist-packages/oslo_config/cfg.py:2609
2024-08-27 08:15:07.589 58865 DEBUG oslo_service.service [-] oslo_messaging_rabbit.rabbit_qos_prefetch_count = 0 log_opt_values /usr/lib/python3/dist-packages/oslo_config/cfg.py:2609
2024-08-27 08:15:07.589 58865 DEBUG oslo_service.service [-] oslo_messaging_rabbit.rabbit_quorum_queue = False log_opt_values /usr/lib/python3/dist-packages/oslo_config/cfg.py:2609
2024-08-27 08:15:07.589 58865 DEBUG oslo_service.service [-] oslo_messaging_rabbit.rabbit_retry_backoff = 2 log_opt_values /usr/lib/python3/dist-packages/oslo_config/cfg.py:2609
2024-08-27 08:15:07.589 58865 DEBUG oslo_service.service [-] oslo_messaging_rabbit.rabbit_retry_interval = 1 log_opt_values /usr/lib/python3/dist-packages/oslo_config/cfg.py:2609
2024-08-27 08:15:07.590 58865 DEBUG oslo_service.service [-] oslo_messaging_rabbit.rabbit_transient_queues_ttl = 1800 log_opt_values /usr/lib/python3/dist-packages/oslo_config/cfg.py:2609
2024-08-27 08:15:07.590 58865 DEBUG oslo_service.service [-] oslo_messaging_rabbit.rpc_conn_pool_size = 30 log_opt_values /usr/lib/python3/dist-packages/oslo_config/cfg.py:2609
2024-08-27 08:15:07.590 58865 DEBUG oslo_service.service [-] oslo_messaging_rabbit.ssl = False log_opt_values /usr/lib/python3/dist-packages/oslo_config/cfg.py:2609
2024-08-27 08:15:07.590 58865 DEBUG oslo_service.service [-] oslo_messaging_rabbit.ssl_ca_file = log_opt_values /usr/lib/python3/dist-packages/oslo_config/cfg.py:2609
2024-08-27 08:15:07.590 58865 DEBUG oslo_service.service [-] oslo_messaging_rabbit.ssl_cert_file = log_opt_values /usr/lib/python3/dist-packages/oslo_config/cfg.py:2609
2024-08-27 08:15:07.590 58865 DEBUG oslo_service.service [-] oslo_messaging_rabbit.ssl_key_file = log_opt_values /usr/lib/python3/dist-packages/oslo_config/cfg.py:2609
2024-08-27 08:15:07.590 58865 DEBUG oslo_service.service [-] oslo_messaging_rabbit.ssl_version = log_opt_values /usr/lib/python3/dist-packages/oslo_config/cfg.py:2609
2024-08-27 08:15:07.590 58865 DEBUG oslo_service.service [-] oslo_messaging_notifications.driver = [] log_opt_values /usr/lib/python3/dist-packages/oslo_config/cfg.py:2609
2024-08-27 08:15:07.591 58865 DEBUG oslo_service.service [-] oslo_messaging_notifications.retry = -1 log_opt_values /usr/lib/python3/dist-packages/oslo_config/cfg.py:2609
2024-08-27 08:15:07.591 58865 DEBUG oslo_service.service [-] oslo_messaging_notifications.topics = ['notifications'] log_opt_values /usr/lib/python3/dist-packages/oslo_config/cfg.py:2609
2024-08-27 08:15:07.591 58865 DEBUG oslo_service.service [-] oslo_messaging_notifications.transport_url = **** log_opt_values /usr/lib/python3/dist-packages/oslo_config/cfg.py:2609
2024-08-27 08:15:07.591 58865 DEBUG oslo_service.service [-] cache.backend = dogpile.cache.null log_opt_values /usr/lib/python3/dist-packages/oslo_config/cfg.py:2609
2024-08-27 08:15:07.591 58865 DEBUG oslo_service.service [-] cache.backend_argument = **** log_opt_values /usr/lib/python3/dist-packages/oslo_config/cfg.py:2609
2024-08-27 08:15:07.591 58865 DEBUG oslo_service.service [-] cache.config_prefix = cache.oslo log_opt_values /usr/lib/python3/dist-packages/oslo_config/cfg.py:2609
2024-08-27 08:15:07.591 58865 DEBUG oslo_service.service [-] cache.debug_cache_backend = False log_opt_values /usr/lib/python3/dist-packages/oslo_config/cfg.py:2609
2024-08-27 08:15:07.591 58865 DEBUG oslo_service.service [-] cache.enabled = False log_opt_values /usr/lib/python3/dist-packages/oslo_config/cfg.py:2609
2024-08-27 08:15:07.592 58865 DEBUG oslo_service.service [-] cache.expiration_time = 600 log_opt_values /usr/lib/python3/dist-packages/oslo_config/cfg.py:2609
2024-08-27 08:15:07.592 58865 DEBUG oslo_service.service [-] cache.memcache_dead_retry = 300 log_opt_values /usr/lib/python3/dist-packages/oslo_config/cfg.py:2609
2024-08-27 08:15:07.592 58865 DEBUG oslo_service.service [-] cache.memcache_pool_connection_get_timeout = 10 log_opt_values /usr/lib/python3/dist-packages/oslo_config/cfg.py:2609
2024-08-27 08:15:07.592 58865 DEBUG oslo_service.service [-] cache.memcache_pool_flush_on_reconnect = False log_opt_values /usr/lib/python3/dist-packages/oslo_config/cfg.py:2609
2024-08-27 08:15:07.592 58865 DEBUG oslo_service.service [-] cache.memcache_pool_maxsize = 10 log_opt_values /usr/lib/python3/dist-packages/oslo_config/cfg.py:2609
2024-08-27 08:15:07.592 58865 DEBUG oslo_service.service [-] cache.memcache_pool_unused_timeout = 60 log_opt_values /usr/lib/python3/dist-packages/oslo_config/cfg.py:2609
2024-08-27 08:15:07.592 58865 DEBUG oslo_service.service [-] cache.memcache_servers = ['localhost:11211'] log_opt_values /usr/lib/python3/dist-packages/oslo_config/cfg.py:2609
2024-08-27 08:15:07.592 58865 DEBUG oslo_service.service [-] cache.memcache_socket_timeout = 1.0 log_opt_values /usr/lib/python3/dist-packages/oslo_config/cfg.py:2609
2024-08-27 08:15:07.592 58865 DEBUG oslo_service.service [-] cache.proxies = [] log_opt_values /usr/lib/python3/dist-packages/oslo_config/cfg.py:2609
2024-08-27 08:15:07.593 58865 DEBUG oslo_service.service [-] cache.tls_allowed_ciphers = None log_opt_values /usr/lib/python3/dist-packages/oslo_config/cfg.py:2609
2024-08-27 08:15:07.593 58865 DEBUG oslo_service.service [-] cache.tls_cafile = None log_opt_values /usr/lib/python3/dist-packages/oslo_config/cfg.py:2609
2024-08-27 08:15:07.593 58865 DEBUG oslo_service.service [-] cache.tls_certfile = None log_opt_values /usr/lib/python3/dist-packages/oslo_config/cfg.py:2609
2024-08-27 08:15:07.593 58865 DEBUG oslo_service.service [-] cache.tls_enabled = False log_opt_values /usr/lib/python3/dist-packages/oslo_config/cfg.py:2609
2024-08-27 08:15:07.593 58865 DEBUG oslo_service.service [-] cache.tls_keyfile = None log_opt_values /usr/lib/python3/dist-packages/oslo_config/cfg.py:2609
2024-08-27 08:15:07.593 58865 DEBUG oslo_service.service [-] constraint_validation_cache.caching = True log_opt_values /usr/lib/python3/dist-packages/oslo_config/cfg.py:2609
2024-08-27 08:15:07.593 58865 DEBUG oslo_service.service [-] constraint_validation_cache.expiration_time = 60 log_opt_values /usr/lib/python3/dist-packages/oslo_config/cfg.py:2609
2024-08-27 08:15:07.593 58865 DEBUG oslo_service.service [-] service_extension_cache.caching = True log_opt_values /usr/lib/python3/dist-packages/oslo_config/cfg.py:2609
2024-08-27 08:15:07.593 58865 DEBUG oslo_service.service [-] service_extension_cache.expiration_time = 3600 log_opt_values /usr/lib/python3/dist-packages/oslo_config/cfg.py:2609
2024-08-27 08:15:07.594 58865 DEBUG oslo_service.service [-] resource_finder_cache.caching = True log_opt_values /usr/lib/python3/dist-packages/oslo_config/cfg.py:2609
2024-08-27 08:15:07.594 58865 DEBUG oslo_service.service [-] resource_finder_cache.expiration_time = 3600 log_opt_values /usr/lib/python3/dist-packages/oslo_config/cfg.py:2609
2024-08-27 08:15:07.594 58865 DEBUG oslo_service.service [-] yaql.limit_iterators = 200 log_opt_values /usr/lib/python3/dist-packages/oslo_config/cfg.py:2609
2024-08-27 08:15:07.594 58865 DEBUG oslo_service.service [-] yaql.memory_quota = 10000 log_opt_values /usr/lib/python3/dist-packages/oslo_config/cfg.py:2609
2024-08-27 08:15:07.594 58865 DEBUG oslo_service.service [-] ******************************************************************************** log_opt_values /usr/lib/python3/dist-packages/oslo_config/cfg.py:2613
2024-08-27 08:15:07.624 59092 DEBUG oslo_db.sqlalchemy.engines [req-6d510e36-9446-45cb-b063-441bfea45ff5 - - - - -] MySQL server mode set to STRICT_TRANS_TABLES,STRICT_ALL_TABLES,NO_ZERO_IN_DATE,NO_ZERO_DATE,ERROR_FOR_DIVISION_BY_ZERO,TRADITIONAL,NO_ENGINE_SUBSTITUTION _check_effective_sql_mode /usr/lib/python3/dist-packages/oslo_db/sqlalchemy/engines.py:314
2024-08-27 08:15:07.633 59093 DEBUG oslo_db.sqlalchemy.engines [req-cbb13418-00f9-4154-ada9-5f41706bf35f - - - - -] MySQL server mode set to STRICT_TRANS_TABLES,STRICT_ALL_TABLES,NO_ZERO_IN_DATE,NO_ZERO_DATE,ERROR_FOR_DIVISION_BY_ZERO,TRADITIONAL,NO_ENGINE_SUBSTITUTION _check_effective_sql_mode /usr/lib/python3/dist-packages/oslo_db/sqlalchemy/engines.py:314
2024-08-27 08:15:07.640 59095 DEBUG oslo_db.sqlalchemy.engines [req-1017e89a-4c77-4d32-9610-c52236feac6c - - - - -] MySQL server mode set to STRICT_TRANS_TABLES,STRICT_ALL_TABLES,NO_ZERO_IN_DATE,NO_ZERO_DATE,ERROR_FOR_DIVISION_BY_ZERO,TRADITIONAL,NO_ENGINE_SUBSTITUTION _check_effective_sql_mode /usr/lib/python3/dist-packages/oslo_db/sqlalchemy/engines.py:314
2024-08-27 08:15:07.642 59094 DEBUG oslo_db.sqlalchemy.engines [req-6c7908e7-a27b-4570-82bd-407f92b9254d - - - - -] MySQL server mode set to STRICT_TRANS_TABLES,STRICT_ALL_TABLES,NO_ZERO_IN_DATE,NO_ZERO_DATE,ERROR_FOR_DIVISION_BY_ZERO,TRADITIONAL,NO_ENGINE_SUBSTITUTION _check_effective_sql_mode /usr/lib/python3/dist-packages/oslo_db/sqlalchemy/engines.py:314
2024-08-27 08:15:07.666 59092 DEBUG heat.engine.service [req-6d510e36-9446-45cb-b063-441bfea45ff5 - - - - -] Service 1782aaea-29bf-4bb1-94da-feabbc017a1d was aborted service_manage_cleanup /usr/lib/python3/dist-packages/heat/engine/service.py:2391
2024-08-27 08:15:07.682 59093 DEBUG heat.engine.service [req-cbb13418-00f9-4154-ada9-5f41706bf35f - - - - -] Service 1782aaea-29bf-4bb1-94da-feabbc017a1d was aborted service_manage_cleanup /usr/lib/python3/dist-packages/heat/engine/service.py:2391
2024-08-27 08:15:07.685 59095 DEBUG heat.engine.service [req-1017e89a-4c77-4d32-9610-c52236feac6c - - - - -] Service 1782aaea-29bf-4bb1-94da-feabbc017a1d was aborted service_manage_cleanup /usr/lib/python3/dist-packages/heat/engine/service.py:2391
2024-08-27 08:15:07.687 59094 DEBUG heat.engine.service [req-6c7908e7-a27b-4570-82bd-407f92b9254d - - - - -] Service 1782aaea-29bf-4bb1-94da-feabbc017a1d was aborted service_manage_cleanup /usr/lib/python3/dist-packages/heat/engine/service.py:2391
2024-08-27 08:15:07.727 59092 DEBUG heat.engine.service [req-6d510e36-9446-45cb-b063-441bfea45ff5 - - - - -] Service 2c7316c5-e214-4780-8315-911032575b8e was aborted service_manage_cleanup /usr/lib/python3/dist-packages/heat/engine/service.py:2391
2024-08-27 08:15:07.728 59093 DEBUG heat.engine.service [req-cbb13418-00f9-4154-ada9-5f41706bf35f - - - - -] Service 2c7316c5-e214-4780-8315-911032575b8e was aborted service_manage_cleanup /usr/lib/python3/dist-packages/heat/engine/service.py:2391
2024-08-27 08:15:07.730 59095 DEBUG heat.engine.service [req-1017e89a-4c77-4d32-9610-c52236feac6c - - - - -] Service 2c7316c5-e214-4780-8315-911032575b8e was aborted service_manage_cleanup /usr/lib/python3/dist-packages/heat/engine/service.py:2391
2024-08-27 08:15:07.731 59094 DEBUG heat.engine.service [req-6c7908e7-a27b-4570-82bd-407f92b9254d - - - - -] Service 2c7316c5-e214-4780-8315-911032575b8e was aborted service_manage_cleanup /usr/lib/python3/dist-packages/heat/engine/service.py:2391
2024-08-27 08:15:07.749 59092 DEBUG heat.engine.service [req-6d510e36-9446-45cb-b063-441bfea45ff5 - - - - -] Service 522e8df5-069a-4140-9165-1130e6830450 was aborted service_manage_cleanup /usr/lib/python3/dist-packages/heat/engine/service.py:2391
2024-08-27 08:15:07.750 59093 DEBUG heat.engine.service [req-cbb13418-00f9-4154-ada9-5f41706bf35f - - - - -] Service 522e8df5-069a-4140-9165-1130e6830450 was aborted service_manage_cleanup /usr/lib/python3/dist-packages/heat/engine/service.py:2391
2024-08-27 08:15:07.751 59094 DEBUG heat.engine.service [req-6c7908e7-a27b-4570-82bd-407f92b9254d - - - - -] Service 522e8df5-069a-4140-9165-1130e6830450 was aborted service_manage_cleanup /usr/lib/python3/dist-packages/heat/engine/service.py:2391
2024-08-27 08:15:07.751 59095 DEBUG heat.engine.service [req-1017e89a-4c77-4d32-9610-c52236feac6c - - - - -] Service 522e8df5-069a-4140-9165-1130e6830450 was aborted service_manage_cleanup /usr/lib/python3/dist-packages/heat/engine/service.py:2391
2024-08-27 08:15:07.763 59092 DEBUG heat.engine.service [req-6d510e36-9446-45cb-b063-441bfea45ff5 - - - - -] Service 80b6cfba-2a13-4493-b513-423bdcfc5a35 was aborted service_manage_cleanup /usr/lib/python3/dist-packages/heat/engine/service.py:2391
2024-08-27 08:15:07.764 59095 DEBUG heat.engine.service [req-1017e89a-4c77-4d32-9610-c52236feac6c - - - - -] Service 80b6cfba-2a13-4493-b513-423bdcfc5a35 was aborted service_manage_cleanup /usr/lib/python3/dist-packages/heat/engine/service.py:2391
2024-08-27 08:15:07.767 59093 DEBUG heat.engine.service [req-cbb13418-00f9-4154-ada9-5f41706bf35f - - - - -] Service 80b6cfba-2a13-4493-b513-423bdcfc5a35 was aborted service_manage_cleanup /usr/lib/python3/dist-packages/heat/engine/service.py:2391
2024-08-27 08:15:07.769 59094 DEBUG heat.engine.service [req-6c7908e7-a27b-4570-82bd-407f92b9254d - - - - -] Service 80b6cfba-2a13-4493-b513-423bdcfc5a35 was aborted service_manage_cleanup /usr/lib/python3/dist-packages/heat/engine/service.py:2391
2024-08-27 08:15:07.808 59092 DEBUG heat.engine.service [req-6d510e36-9446-45cb-b063-441bfea45ff5 - - - - -] Service a9588ab6-5d86-439b-b056-e31f8638024e was aborted service_manage_cleanup /usr/lib/python3/dist-packages/heat/engine/service.py:2391
2024-08-27 08:15:07.808 59095 DEBUG heat.engine.service [req-1017e89a-4c77-4d32-9610-c52236feac6c - - - - -] Service a9588ab6-5d86-439b-b056-e31f8638024e was aborted service_manage_cleanup /usr/lib/python3/dist-packages/heat/engine/service.py:2391
2024-08-27 08:15:07.810 59093 DEBUG heat.engine.service [req-cbb13418-00f9-4154-ada9-5f41706bf35f - - - - -] Service a9588ab6-5d86-439b-b056-e31f8638024e was aborted service_manage_cleanup /usr/lib/python3/dist-packages/heat/engine/service.py:2391
2024-08-27 08:15:07.811 59094 DEBUG heat.engine.service [req-6c7908e7-a27b-4570-82bd-407f92b9254d - - - - -] Service a9588ab6-5d86-439b-b056-e31f8638024e was aborted service_manage_cleanup /usr/lib/python3/dist-packages/heat/engine/service.py:2391
2024-08-27 08:15:07.823 59095 DEBUG heat.engine.service [req-1017e89a-4c77-4d32-9610-c52236feac6c - - - - -] Service ab067a71-40e6-465b-b725-2d9a3fd99bcc was aborted service_manage_cleanup /usr/lib/python3/dist-packages/heat/engine/service.py:2391
2024-08-27 08:15:07.823 59092 DEBUG heat.engine.service [req-6d510e36-9446-45cb-b063-441bfea45ff5 - - - - -] Service ab067a71-40e6-465b-b725-2d9a3fd99bcc was aborted service_manage_cleanup /usr/lib/python3/dist-packages/heat/engine/service.py:2391
2024-08-27 08:15:07.824 59093 DEBUG heat.engine.service [req-cbb13418-00f9-4154-ada9-5f41706bf35f - - - - -] Service ab067a71-40e6-465b-b725-2d9a3fd99bcc was aborted service_manage_cleanup /usr/lib/python3/dist-packages/heat/engine/service.py:2391
2024-08-27 08:15:07.825 59094 DEBUG heat.engine.service [req-6c7908e7-a27b-4570-82bd-407f92b9254d - - - - -] Service ab067a71-40e6-465b-b725-2d9a3fd99bcc was aborted service_manage_cleanup /usr/lib/python3/dist-packages/heat/engine/service.py:2391
2024-08-27 08:15:07.838 59093 DEBUG heat.engine.service [req-cbb13418-00f9-4154-ada9-5f41706bf35f - - - - -] Service ac9a7cbe-d318-45e7-be2a-919159054581 was aborted service_manage_cleanup /usr/lib/python3/dist-packages/heat/engine/service.py:2391
2024-08-27 08:15:07.839 59092 DEBUG heat.engine.service [req-6d510e36-9446-45cb-b063-441bfea45ff5 - - - - -] Service ac9a7cbe-d318-45e7-be2a-919159054581 was aborted service_manage_cleanup /usr/lib/python3/dist-packages/heat/engine/service.py:2391
2024-08-27 08:15:07.839 59095 DEBUG heat.engine.service [req-1017e89a-4c77-4d32-9610-c52236feac6c - - - - -] Service ac9a7cbe-d318-45e7-be2a-919159054581 was aborted service_manage_cleanup /usr/lib/python3/dist-packages/heat/engine/service.py:2391
2024-08-27 08:15:07.840 59094 DEBUG heat.engine.service [req-6c7908e7-a27b-4570-82bd-407f92b9254d - - - - -] Service ac9a7cbe-d318-45e7-be2a-919159054581 was aborted service_manage_cleanup /usr/lib/python3/dist-packages/heat/engine/service.py:2391
2024-08-27 08:15:07.851 59093 DEBUG heat.engine.service [req-cbb13418-00f9-4154-ada9-5f41706bf35f - - - - -] Service adf40ba6-5252-404a-ae12-042ec4795153 was aborted service_manage_cleanup /usr/lib/python3/dist-packages/heat/engine/service.py:2391
2024-08-27 08:15:07.851 59092 DEBUG heat.engine.service [req-6d510e36-9446-45cb-b063-441bfea45ff5 - - - - -] Service adf40ba6-5252-404a-ae12-042ec4795153 was aborted service_manage_cleanup /usr/lib/python3/dist-packages/heat/engine/service.py:2391
2024-08-27 08:15:07.852 59095 DEBUG heat.engine.service [req-1017e89a-4c77-4d32-9610-c52236feac6c - - - - -] Service adf40ba6-5252-404a-ae12-042ec4795153 was aborted service_manage_cleanup /usr/lib/python3/dist-packages/heat/engine/service.py:2391
2024-08-27 08:15:07.853 59094 DEBUG heat.engine.service [req-6c7908e7-a27b-4570-82bd-407f92b9254d - - - - -] Service adf40ba6-5252-404a-ae12-042ec4795153 was aborted service_manage_cleanup /usr/lib/python3/dist-packages/heat/engine/service.py:2391
2024-08-27 08:15:07.864 59092 DEBUG heat.engine.service [req-6d510e36-9446-45cb-b063-441bfea45ff5 - - - - -] Service bde9548d-672c-40f9-a825-106c1eeceeaa was aborted service_manage_cleanup /usr/lib/python3/dist-packages/heat/engine/service.py:2391
2024-08-27 08:15:07.865 59093 DEBUG heat.engine.service [req-cbb13418-00f9-4154-ada9-5f41706bf35f - - - - -] Service bde9548d-672c-40f9-a825-106c1eeceeaa was aborted service_manage_cleanup /usr/lib/python3/dist-packages/heat/engine/service.py:2391
2024-08-27 08:15:07.866 59095 DEBUG heat.engine.service [req-1017e89a-4c77-4d32-9610-c52236feac6c - - - - -] Service bde9548d-672c-40f9-a825-106c1eeceeaa was aborted service_manage_cleanup /usr/lib/python3/dist-packages/heat/engine/service.py:2391
2024-08-27 08:15:07.867 59094 DEBUG heat.engine.service [req-6c7908e7-a27b-4570-82bd-407f92b9254d - - - - -] Service bde9548d-672c-40f9-a825-106c1eeceeaa was aborted service_manage_cleanup /usr/lib/python3/dist-packages/heat/engine/service.py:2391
2024-08-27 08:15:07.877 59095 DEBUG heat.engine.service [req-1017e89a-4c77-4d32-9610-c52236feac6c - - - - -] Service c5793c30-4eb8-4087-a877-ec3be54cbdde was aborted service_manage_cleanup /usr/lib/python3/dist-packages/heat/engine/service.py:2391
2024-08-27 08:15:07.878 59092 DEBUG heat.engine.service [req-6d510e36-9446-45cb-b063-441bfea45ff5 - - - - -] Service c5793c30-4eb8-4087-a877-ec3be54cbdde was aborted service_manage_cleanup /usr/lib/python3/dist-packages/heat/engine/service.py:2391
2024-08-27 08:15:07.878 59093 DEBUG heat.engine.service [req-cbb13418-00f9-4154-ada9-5f41706bf35f - - - - -] Service c5793c30-4eb8-4087-a877-ec3be54cbdde was aborted service_manage_cleanup /usr/lib/python3/dist-packages/heat/engine/service.py:2391
2024-08-27 08:15:07.879 59094 DEBUG heat.engine.service [req-6c7908e7-a27b-4570-82bd-407f92b9254d - - - - -] Service c5793c30-4eb8-4087-a877-ec3be54cbdde was aborted service_manage_cleanup /usr/lib/python3/dist-packages/heat/engine/service.py:2391
2024-08-27 08:15:07.890 59095 DEBUG heat.engine.service [req-1017e89a-4c77-4d32-9610-c52236feac6c - - - - -] Service d498fc42-cfe4-497d-93f2-b76bc106eca3 was aborted service_manage_cleanup /usr/lib/python3/dist-packages/heat/engine/service.py:2391
2024-08-27 08:15:07.891 59092 DEBUG heat.engine.service [req-6d510e36-9446-45cb-b063-441bfea45ff5 - - - - -] Service d498fc42-cfe4-497d-93f2-b76bc106eca3 was aborted service_manage_cleanup /usr/lib/python3/dist-packages/heat/engine/service.py:2391
2024-08-27 08:15:07.891 59093 DEBUG heat.engine.service [req-cbb13418-00f9-4154-ada9-5f41706bf35f - - - - -] Service d498fc42-cfe4-497d-93f2-b76bc106eca3 was aborted service_manage_cleanup /usr/lib/python3/dist-packages/heat/engine/service.py:2391
2024-08-27 08:15:07.892 59094 DEBUG heat.engine.service [req-6c7908e7-a27b-4570-82bd-407f92b9254d - - - - -] Service d498fc42-cfe4-497d-93f2-b76bc106eca3 was aborted service_manage_cleanup /usr/lib/python3/dist-packages/heat/engine/service.py:2391
2024-08-27 08:15:07.905 59095 DEBUG heat.engine.service [req-1017e89a-4c77-4d32-9610-c52236feac6c - - - - -] Service fc7f5636-23ae-46bd-81e9-11ab0c7baa7b was aborted service_manage_cleanup /usr/lib/python3/dist-packages/heat/engine/service.py:2391
2024-08-27 08:15:07.905 59093 DEBUG heat.engine.service [req-cbb13418-00f9-4154-ada9-5f41706bf35f - - - - -] Service fc7f5636-23ae-46bd-81e9-11ab0c7baa7b was aborted service_manage_cleanup /usr/lib/python3/dist-packages/heat/engine/service.py:2391
2024-08-27 08:15:07.907 59092 DEBUG heat.engine.service [req-6d510e36-9446-45cb-b063-441bfea45ff5 - - - - -] Service fc7f5636-23ae-46bd-81e9-11ab0c7baa7b was aborted service_manage_cleanup /usr/lib/python3/dist-packages/heat/engine/service.py:2391
2024-08-27 08:15:07.907 59094 DEBUG heat.engine.service [req-6c7908e7-a27b-4570-82bd-407f92b9254d - - - - -] Service fc7f5636-23ae-46bd-81e9-11ab0c7baa7b was aborted service_manage_cleanup /usr/lib/python3/dist-packages/heat/engine/service.py:2391
2024-08-27 08:15:07.936 59094 DEBUG heat.engine.service [req-abc54601-8749-4e2d-8f65-2ad730c63e73 - - - - -] Service f0b7e8e6-cb18-497a-a515-006d5f6ef732 is started service_manage_report /usr/lib/python3/dist-packages/heat/engine/service.py:2363
2024-08-27 08:15:07.937 59095 DEBUG heat.engine.service [req-1ffe17c7-5a10-42b3-8992-cb1b847e1f35 - - - - -] Service efb3cc66-8743-431b-a351-91a15bdf81dd is started service_manage_report /usr/lib/python3/dist-packages/heat/engine/service.py:2363
2024-08-27 08:15:07.937 59093 DEBUG heat.engine.service [req-b116d8e4-8371-4910-bbb8-17e88c8af6f8 - - - - -] Service 3201070b-c5f8-455a-8c17-e50a2c75b951 is started service_manage_report /usr/lib/python3/dist-packages/heat/engine/service.py:2363
2024-08-27 08:15:07.941 59092 DEBUG heat.engine.service [req-bb9439dd-2618-4cb7-9d63-680d178adc08 - - - - -] Service 4eebbc21-f19c-444f-b4ce-53d60239b21a is started service_manage_report /usr/lib/python3/dist-packages/heat/engine/service.py:2363
2024-08-27 08:15:07.956 59095 DEBUG heat.engine.service [req-1ffe17c7-5a10-42b3-8992-cb1b847e1f35 - - - - -] Service efb3cc66-8743-431b-a351-91a15bdf81dd is updated service_manage_report /usr/lib/python3/dist-packages/heat/engine/service.py:2370
2024-08-27 08:15:07.961 59093 DEBUG heat.engine.service [req-b116d8e4-8371-4910-bbb8-17e88c8af6f8 - - - - -] Service 3201070b-c5f8-455a-8c17-e50a2c75b951 is updated service_manage_report /usr/lib/python3/dist-packages/heat/engine/service.py:2370
2024-08-27 08:15:07.961 59094 DEBUG heat.engine.service [req-abc54601-8749-4e2d-8f65-2ad730c63e73 - - - - -] Service f0b7e8e6-cb18-497a-a515-006d5f6ef732 is updated service_manage_report /usr/lib/python3/dist-packages/heat/engine/service.py:2370
2024-08-27 08:15:07.961 59092 DEBUG heat.engine.service [req-bb9439dd-2618-4cb7-9d63-680d178adc08 - - - - -] Service 4eebbc21-f19c-444f-b4ce-53d60239b21a is updated service_manage_report /usr/lib/python3/dist-packages/heat/engine/service.py:2370
2024-08-27 08:16:10.266 59093 DEBUG heat.engine.service [req-55aac6cd-536c-471e-adeb-bc39754a7f55 - - - - -] Service 3201070b-c5f8-455a-8c17-e50a2c75b951 is updated service_manage_report /usr/lib/python3/dist-packages/heat/engine/service.py:2370
2024-08-27 08:16:10.310 59094 DEBUG heat.engine.service [req-43392a35-2ac3-4654-9108-ab5e6398dd30 - - - - -] Service f0b7e8e6-cb18-497a-a515-006d5f6ef732 is updated service_manage_report /usr/lib/python3/dist-packages/heat/engine/service.py:2370
2024-08-27 08:16:10.310 59092 DEBUG heat.engine.service [req-8d9bd86f-34a8-4182-acb4-e5a37d6cb343 - - - - -] Service 4eebbc21-f19c-444f-b4ce-53d60239b21a is updated service_manage_report /usr/lib/python3/dist-packages/heat/engine/service.py:2370
2024-08-27 08:16:10.310 59095 DEBUG heat.engine.service [req-06d0637d-983b-48b8-a9fb-225d66bdc64a - - - - -] Service efb3cc66-8743-431b-a351-91a15bdf81dd is updated service_manage_report /usr/lib/python3/dist-packages/heat/engine/service.py:2370
2024-08-27 08:17:09.168 59095 DEBUG heat.engine.service [req-101e40e1-1dcc-4b01-916f-f87ee2961a51 - - - - -] Service efb3cc66-8743-431b-a351-91a15bdf81dd is updated service_manage_report /usr/lib/python3/dist-packages/heat/engine/service.py:2370
2024-08-27 08:17:09.188 59094 DEBUG heat.engine.service [req-1802aa95-951f-43aa-892a-9a29c469bad2 - - - - -] Service f0b7e8e6-cb18-497a-a515-006d5f6ef732 is updated service_manage_report /usr/lib/python3/dist-packages/heat/engine/service.py:2370
2024-08-27 08:17:09.188 59093 DEBUG heat.engine.service [req-aa810090-f099-49dd-a2e4-1a2fb0d1c440 - - - - -] Service 3201070b-c5f8-455a-8c17-e50a2c75b951 is updated service_manage_report /usr/lib/python3/dist-packages/heat/engine/service.py:2370
2024-08-27 08:17:09.188 59092 DEBUG heat.engine.service [req-2f6bef60-33cf-47ca-915b-a3c9b4103b55 - - - - -] Service 4eebbc21-f19c-444f-b4ce-53d60239b21a is updated service_manage_report /usr/lib/python3/dist-packages/heat/engine/service.py:2370
2024-08-27 08:17:52.887 59093 DEBUG heat.engine.service [-] Attempting to stop engine service... _stop_rpc_server /usr/lib/python3/dist-packages/heat/engine/service.py:437
2024-08-27 08:17:52.887 59095 DEBUG heat.engine.service [-] Attempting to stop engine service... _stop_rpc_server /usr/lib/python3/dist-packages/heat/engine/service.py:437
2024-08-27 08:17:52.887 59092 DEBUG heat.engine.service [-] Attempting to stop engine service... _stop_rpc_server /usr/lib/python3/dist-packages/heat/engine/service.py:437
2024-08-27 08:17:52.887 59094 DEBUG heat.engine.service [-] Attempting to stop engine service... _stop_rpc_server /usr/lib/python3/dist-packages/heat/engine/service.py:437
2024-08-27 08:17:52.895 58865 INFO oslo_service.service [-] Caught SIGTERM, stopping children
2024-08-27 08:17:52.895 58865 DEBUG oslo_concurrency.lockutils [-] Acquired lock "singleton_lock" lock /usr/lib/python3/dist-packages/oslo_concurrency/lockutils.py:294
2024-08-27 08:17:52.895 58865 DEBUG oslo_concurrency.lockutils [-] Releasing lock "singleton_lock" lock /usr/lib/python3/dist-packages/oslo_concurrency/lockutils.py:312
2024-08-27 08:17:52.895 58865 DEBUG oslo_service.service [-] Stop services. stop /usr/lib/python3/dist-packages/oslo_service/service.py:695
2024-08-27 08:17:52.896 58865 INFO heat.engine.service [-] All threads were gone, terminating engine
2024-08-27 08:17:52.896 58865 DEBUG oslo_service.service [-] Killing children. stop /usr/lib/python3/dist-packages/oslo_service/service.py:700
2024-08-27 08:17:52.896 58865 INFO oslo_service.service [-] Waiting on 4 children to exit
2024-08-27 08:17:52.909 58865 INFO oslo_service.service [-] Child 59092 killed by signal 15
2024-08-27 08:17:52.909 58865 INFO oslo_service.service [-] Child 59093 killed by signal 15
2024-08-27 08:17:52.910 58865 INFO oslo_service.service [-] Child 59094 killed by signal 15
2024-08-27 08:17:52.910 58865 INFO oslo_service.service [-] Child 59095 killed by signal 15
2024-08-27 08:17:54.496 60590 DEBUG oslo_concurrency.lockutils [-] Lock "context-manager" acquired by "neutron_lib.db.api._create_context_manager" :: waited 0.000s inner /usr/lib/python3/dist-packages/oslo_concurrency/lockutils.py:386
2024-08-27 08:17:54.497 60590 DEBUG oslo_concurrency.lockutils [-] Lock "context-manager" "released" by "neutron_lib.db.api._create_context_manager" :: held 0.000s inner /usr/lib/python3/dist-packages/oslo_concurrency/lockutils.py:400
2024-08-27 08:17:56.719 60590 WARNING heat.engine.environment [-] OS::Aodh::Alarm is DEPRECATED. Theshold alarm relies on ceilometer-api and has been deprecated in aodh since Ocata. Use OS::Aodh::GnocchiAggregationByResourcesAlarm instead.
2024-08-27 08:17:56.719 60590 WARNING heat.engine.environment [-] OS::Aodh::CombinationAlarm is HIDDEN. OS::Aodh::CombinationAlarm is deprecated and has been removed from Aodh, use OS::Aodh::CompositeAlarm instead.
2024-08-27 08:17:56.719 60590 WARNING heat.engine.environment [-] OS::Designate::Domain is HIDDEN. This resource has been removed, use OS::Designate::Zone instead.
2024-08-27 08:17:56.719 60590 WARNING heat.engine.environment [-] OS::Designate::Record is HIDDEN. This resource has been removed, use OS::Designate::RecordSet instead.
2024-08-27 08:17:56.720 60590 WARNING heat.engine.environment [-] OS::Glance::Image is DEPRECATED. Creating a Glance Image based on an existing URL location requires the Glance v1 API, which is deprecated.
2024-08-27 08:17:56.720 60590 WARNING heat.engine.environment [-] OS::Heat::HARestarter is HIDDEN. The HARestarter resource type has been removed. Existing stacks containing HARestarter resources can still be used, but the HARestarter resource will be a placeholder that does nothing.
2024-08-27 08:17:56.720 60590 WARNING heat.engine.environment [-] OS::Heat::SoftwareDeployments is HIDDEN. Please use OS::Heat::SoftwareDeploymentGroup instead.
2024-08-27 08:17:56.720 60590 WARNING heat.engine.environment [-] OS::Heat::StructuredDeployments is HIDDEN. Please use OS::Heat::StructuredDeploymentGroup instead.
2024-08-27 08:17:56.720 60590 WARNING heat.engine.environment [-] OS::Magnum::Bay is HIDDEN. Please use OS::Magnum::Cluster instead.
2024-08-27 08:17:56.720 60590 WARNING heat.engine.environment [-] OS::Magnum::BayModel is HIDDEN. Please use OS::Magnum::ClusterTemplate instead.
2024-08-27 08:17:56.721 60590 WARNING heat.engine.environment [-] OS::Neutron::ExtraRoute is UNSUPPORTED. Use this resource at your own risk.
2024-08-27 08:17:56.721 60590 WARNING heat.engine.environment [-] OS::Neutron::HealthMonitor is HIDDEN. Use LBaaS V2 instead.
2024-08-27 08:17:56.721 60590 WARNING heat.engine.environment [-] OS::Neutron::Pool is HIDDEN. Use LBaaS V2 instead.
2024-08-27 08:17:56.721 60590 WARNING heat.engine.environment [-] OS::Neutron::PoolMember is HIDDEN. Use LBaaS V2 instead.
2024-08-27 08:17:56.721 60590 WARNING heat.engine.environment [-] OS::Neutron::LoadBalancer is HIDDEN. Use LBaaS V2 instead.
2024-08-27 08:17:56.721 60590 WARNING heat.engine.environment [-] OS::Neutron::RouterGateway is HIDDEN. Use the `external_gateway_info` property in the router resource to set up the gateway.
2024-08-27 08:17:56.722 60590 WARNING heat.engine.environment [-] OS::Nova::FloatingIP is HIDDEN. Please use OS::Neutron::FloatingIP instead.
2024-08-27 08:17:56.722 60590 WARNING heat.engine.environment [-] OS::Nova::FloatingIPAssociation is HIDDEN. Please use OS::Neutron::FloatingIPAssociation instead.
2024-08-27 08:17:56.724 60590 INFO heat.engine.environment [-] Loading /etc/heat/environment.d/default.yaml
2024-08-27 08:17:56.725 60590 INFO heat.engine.environment [-] Registered: [Plugin](User:False) AWS::AutoScaling::AutoScalingGroup ->
2024-08-27 08:17:56.725 60590 INFO heat.engine.environment [-] Registered: [Plugin](User:False) AWS::AutoScaling::LaunchConfiguration ->
2024-08-27 08:17:56.725 60590 INFO heat.engine.environment [-] Registered: [Plugin](User:False) AWS::AutoScaling::ScalingPolicy ->
2024-08-27 08:17:56.725 60590 INFO heat.engine.environment [-] Registered: [Plugin](User:False) AWS::CloudFormation::Stack ->
2024-08-27 08:17:56.725 60590 INFO heat.engine.environment [-] Registered: [Plugin](User:False) AWS::CloudFormation::WaitCondition ->
2024-08-27 08:17:56.725 60590 INFO heat.engine.environment [-] Registered: [Plugin](User:False) AWS::CloudFormation::WaitConditionHandle ->
2024-08-27 08:17:56.725 60590 INFO heat.engine.environment [-] Registered: [Plugin](User:False) AWS::EC2::EIP ->
2024-08-27 08:17:56.725 60590 INFO heat.engine.environment [-] Registered: [Plugin](User:False) AWS::EC2::EIPAssociation ->
2024-08-27 08:17:56.725 60590 INFO heat.engine.environment [-] Registered: [Plugin](User:False) AWS::EC2::Instance ->
2024-08-27 08:17:56.725 60590 INFO heat.engine.environment [-] Registered: [Plugin](User:False) AWS::EC2::InternetGateway ->
2024-08-27 08:17:56.725 60590 INFO heat.engine.environment [-] Registered: [Plugin](User:False) AWS::EC2::VPCGatewayAttachment ->
2024-08-27 08:17:56.726 60590 INFO heat.engine.environment [-] Registered: [Plugin](User:False) AWS::EC2::NetworkInterface ->
2024-08-27 08:17:56.726 60590 INFO heat.engine.environment [-] Registered: [Plugin](User:False) AWS::EC2::RouteTable ->
2024-08-27 08:17:56.726 60590 INFO heat.engine.environment [-] Registered: [Plugin](User:False) AWS::EC2::SubnetRouteTableAssociation ->
2024-08-27 08:17:56.726 60590 INFO heat.engine.environment [-] Registered: [Plugin](User:False) AWS::EC2::SecurityGroup ->
2024-08-27 08:17:56.726 60590 INFO heat.engine.environment [-] Registered: [Plugin](User:False) AWS::EC2::Subnet ->
2024-08-27 08:17:56.726 60590 INFO heat.engine.environment [-] Registered: [Plugin](User:False) AWS::EC2::Volume ->
2024-08-27 08:17:56.726 60590 INFO heat.engine.environment [-] Registered: [Plugin](User:False) AWS::EC2::VolumeAttachment ->
2024-08-27 08:17:56.726 60590 INFO heat.engine.environment [-] Registered: [Plugin](User:False) AWS::EC2::VPC ->
2024-08-27 08:17:56.726 60590 INFO heat.engine.environment [-] Registered: [Plugin](User:False) AWS::IAM::User ->
2024-08-27 08:17:56.726 60590 INFO heat.engine.environment [-] Registered: [Plugin](User:False) AWS::IAM::AccessKey ->
2024-08-27 08:17:56.726 60590 INFO heat.engine.environment [-] Registered: [Plugin](User:False) AWS::ElasticLoadBalancing::LoadBalancer ->
2024-08-27 08:17:56.726 60590 INFO heat.engine.environment [-] Registered: [Plugin](User:False) AWS::S3::Bucket ->
2024-08-27 08:17:56.727 60590 INFO heat.engine.environment [-] Registered: [Plugin](User:False) OS::Aodh::Alarm ->
2024-08-27 08:17:56.727 60590 INFO heat.engine.environment [-] Registered: [Plugin](User:False) OS::Aodh::CombinationAlarm ->
2024-08-27 08:17:56.727 60590 INFO heat.engine.environment [-] Registered: [Plugin](User:False) OS::Aodh::EventAlarm ->
2024-08-27 08:17:56.727 60590 INFO heat.engine.environment [-] Registered: [Plugin](User:False) OS::Aodh::LBMemberHealthAlarm ->
2024-08-27 08:17:56.727 60590 INFO heat.engine.environment [-] Registered: [Plugin](User:False) OS::Aodh::CompositeAlarm ->
2024-08-27 08:17:56.727 60590 INFO heat.engine.environment [-] Registered: [Plugin](User:False) OS::Aodh::GnocchiResourcesAlarm ->
2024-08-27 08:17:56.727 60590 INFO heat.engine.environment [-] Registered: [Plugin](User:False) OS::Aodh::GnocchiAggregationByMetricsAlarm ->
2024-08-27 08:17:56.727 60590 INFO heat.engine.environment [-] Registered: [Plugin](User:False) OS::Aodh::GnocchiAggregationByResourcesAlarm ->
2024-08-27 08:17:56.727 60590 INFO heat.engine.environment [-] Registered: [Plugin](User:False) OS::Barbican::GenericContainer ->
2024-08-27 08:17:56.727 60590 INFO heat.engine.environment [-] Registered: [Plugin](User:False) OS::Barbican::CertificateContainer ->
2024-08-27 08:17:56.727 60590 INFO heat.engine.environment [-] Registered: [Plugin](User:False) OS::Barbican::RSAContainer ->
2024-08-27 08:17:56.727 60590 INFO heat.engine.environment [-] Registered: [Plugin](User:False) OS::Barbican::Order ->
2024-08-27 08:17:56.727 60590 INFO heat.engine.environment [-] Registered: [Plugin](User:False) OS::Barbican::Secret ->
2024-08-27 08:17:56.728 60590 INFO heat.engine.environment [-] Registered: [Plugin](User:False) OS::Blazar::Host ->
2024-08-27 08:17:56.728 60590 INFO heat.engine.environment [-] Registered: [Plugin](User:False) OS::Blazar::Lease ->
2024-08-27 08:17:56.728 60590 INFO heat.engine.environment [-] Registered: [Plugin](User:False) OS::Cinder::EncryptedVolumeType ->
2024-08-27 08:17:56.728 60590 INFO heat.engine.environment [-] Registered: [Plugin](User:False) OS::Cinder::QoSSpecs ->
2024-08-27 08:17:56.728 60590 INFO heat.engine.environment [-] Registered: [Plugin](User:False) OS::Cinder::QoSAssociation ->
2024-08-27 08:17:56.728 60590 INFO heat.engine.environment [-] Registered: [Plugin](User:False) OS::Cinder::Quota ->
2024-08-27 08:17:56.728 60590 INFO heat.engine.environment [-] Registered: [Plugin](User:False) OS::Cinder::Volume ->
2024-08-27 08:17:56.728 60590 INFO heat.engine.environment [-] Registered: [Plugin](User:False) OS::Cinder::VolumeAttachment ->
2024-08-27 08:17:56.728 60590 INFO heat.engine.environment [-] Registered: [Plugin](User:False) OS::Cinder::VolumeType ->
2024-08-27 08:17:56.728 60590 INFO heat.engine.environment [-] Registered: [Plugin](User:False) OS::Designate::Domain ->
2024-08-27 08:17:56.728 60590 INFO heat.engine.environment [-] Registered: [Plugin](User:False) OS::Designate::Record ->
2024-08-27 08:17:56.728 60590 INFO heat.engine.environment [-] Registered: [Plugin](User:False) OS::Designate::RecordSet ->
2024-08-27 08:17:56.729 60590 INFO heat.engine.environment [-] Registered: [Plugin](User:False) OS::Designate::Zone ->
2024-08-27 08:17:56.729 60590 INFO heat.engine.environment [-] Registered: [Plugin](User:False) OS::Glance::Image ->
2024-08-27 08:17:56.729 60590 INFO heat.engine.environment [-] Registered: [Plugin](User:False) OS::Glance::WebImage ->
2024-08-27 08:17:56.729 60590 INFO heat.engine.environment [-] Registered: [Plugin](User:False) OS::Heat::AccessPolicy ->
2024-08-27 08:17:56.729 60590 INFO heat.engine.environment [-] Registered: [Plugin](User:False) OS::Heat::AutoScalingGroup ->
2024-08-27 08:17:56.729 60590 INFO heat.engine.environment [-] Registered: [Plugin](User:False) OS::Heat::CloudConfig ->
2024-08-27 08:17:56.729 60590 INFO heat.engine.environment [-] Registered: [Plugin](User:False) OS::Heat::Delay ->
2024-08-27 08:17:56.729 60590 INFO heat.engine.environment [-] Registered: [Plugin](User:False) OS::Heat::DeployedServer ->
2024-08-27 08:17:56.729 60590 INFO heat.engine.environment [-] Registered: [Plugin](User:False) OS::Heat::HARestarter ->
2024-08-27 08:17:56.729 60590 INFO heat.engine.environment [-] Registered: [Plugin](User:False) OS::Heat::InstanceGroup ->
2024-08-27 08:17:56.729 60590 INFO heat.engine.environment [-] Registered: [Plugin](User:False) OS::Heat::MultipartMime ->
2024-08-27 08:17:56.729 60590 INFO heat.engine.environment [-] Registered: [Plugin](User:False) OS::Heat::None ->
2024-08-27 08:17:56.730 60590 INFO heat.engine.environment [-] Registered: [Plugin](User:False) OS::Heat::RandomString ->
2024-08-27 08:17:56.730 60590 INFO heat.engine.environment [-] Registered: [Plugin](User:False) OS::Heat::Stack ->
2024-08-27 08:17:56.730 60590 INFO heat.engine.environment [-] Registered: [Plugin](User:False) OS::Heat::ResourceChain ->
2024-08-27 08:17:56.730 60590 INFO heat.engine.environment [-] Registered: [Plugin](User:False) OS::Heat::ResourceGroup ->
2024-08-27 08:17:56.730 60590 INFO heat.engine.environment [-] Registered: [Plugin](User:False) OS::Heat::ScalingPolicy ->
2024-08-27 08:17:56.730 60590 INFO heat.engine.environment [-] Registered: [Plugin](User:False) OS::Heat::SoftwareComponent ->
2024-08-27 08:17:56.730 60590 INFO heat.engine.environment [-] Registered: [Plugin](User:False) OS::Heat::SoftwareConfig ->
2024-08-27 08:17:56.730 60590 INFO heat.engine.environment [-] Registered: [Plugin](User:False) OS::Heat::SoftwareDeployment ->
2024-08-27 08:17:56.730 60590 INFO heat.engine.environment [-] Registered: [Plugin](User:False) OS::Heat::SoftwareDeploymentGroup ->
2024-08-27 08:17:56.730 60590 INFO heat.engine.environment [-] Registered: [Plugin](User:False) OS::Heat::SoftwareDeployments ->
2024-08-27 08:17:56.730 60590 INFO heat.engine.environment [-] Registered: [Plugin](User:False) OS::Heat::StructuredConfig ->
2024-08-27 08:17:56.730 60590 INFO heat.engine.environment [-] Registered: [Plugin](User:False) OS::Heat::StructuredDeployment ->
2024-08-27 08:17:56.731 60590 INFO heat.engine.environment [-] Registered: [Plugin](User:False) OS::Heat::StructuredDeploymentGroup ->
2024-08-27 08:17:56.731 60590 INFO heat.engine.environment [-] Registered: [Plugin](User:False) OS::Heat::StructuredDeployments ->
2024-08-27 08:17:56.731 60590 INFO heat.engine.environment [-] Registered: [Plugin](User:False) OS::Heat::SwiftSignal ->
2024-08-27 08:17:56.731 60590 INFO heat.engine.environment [-] Registered: [Plugin](User:False) OS::Heat::SwiftSignalHandle ->
2024-08-27 08:17:56.731 60590 INFO heat.engine.environment [-] Registered: [Plugin](User:False) OS::Heat::TestResource ->
2024-08-27 08:17:56.731 60590 INFO heat.engine.environment [-] Registered: [Plugin](User:False) OS::Heat::Value ->
2024-08-27 08:17:56.731 60590 INFO heat.engine.environment [-] Registered: [Plugin](User:False) OS::Heat::WaitCondition ->
2024-08-27 08:17:56.731 60590 INFO heat.engine.environment [-] Registered: [Plugin](User:False) OS::Heat::WaitConditionHandle ->
2024-08-27 08:17:56.731 60590 INFO heat.engine.environment [-] Registered: [Plugin](User:False) OS::Heat::UpdateWaitConditionHandle ->
2024-08-27 08:17:56.731 60590 INFO heat.engine.environment [-] Registered: [Plugin](User:False) OS::Ironic::Port ->
2024-08-27 08:17:56.731 60590 INFO heat.engine.environment [-] Registered: [Plugin](User:False) OS::Keystone::Domain ->
2024-08-27 08:17:56.731 60590 INFO heat.engine.environment [-] Registered: [Plugin](User:False) OS::Keystone::Endpoint ->
2024-08-27 08:17:56.732 60590 INFO heat.engine.environment [-] Registered: [Plugin](User:False) OS::Keystone::Group ->
2024-08-27 08:17:56.732 60590 INFO heat.engine.environment [-] Registered: [Plugin](User:False) OS::Keystone::Project ->
2024-08-27 08:17:56.732 60590 INFO heat.engine.environment [-] Registered: [Plugin](User:False) OS::Keystone::Region ->
2024-08-27 08:17:56.732 60590 INFO heat.engine.environment [-] Registered: [Plugin](User:False) OS::Keystone::Role ->
2024-08-27 08:17:56.732 60590 INFO heat.engine.environment [-] Registered: [Plugin](User:False) OS::Keystone::UserRoleAssignment ->
2024-08-27 08:17:56.732 60590 INFO heat.engine.environment [-] Registered: [Plugin](User:False) OS::Keystone::GroupRoleAssignment ->
2024-08-27 08:17:56.732 60590 INFO heat.engine.environment [-] Registered: [Plugin](User:False) OS::Keystone::Service ->
2024-08-27 08:17:56.732 60590 INFO heat.engine.environment [-] Registered: [Plugin](User:False) OS::Keystone::User ->
2024-08-27 08:17:56.732 60590 INFO heat.engine.environment [-] Registered: [Plugin](User:False) OS::Magnum::Bay ->
2024-08-27 08:17:56.732 60590 INFO heat.engine.environment [-] Registered: [Plugin](User:False) OS::Magnum::BayModel ->
2024-08-27 08:17:56.732 60590 INFO heat.engine.environment [-] Registered: [Plugin](User:False) OS::Magnum::Cluster ->
2024-08-27 08:17:56.732 60590 INFO heat.engine.environment [-] Registered: [Plugin](User:False) OS::Magnum::ClusterTemplate ->
2024-08-27 08:17:56.733 60590 INFO heat.engine.environment [-] Registered: [Plugin](User:False) OS::Manila::SecurityService ->
2024-08-27 08:17:56.733 60590 INFO heat.engine.environment [-] Registered: [Plugin](User:False) OS::Manila::Share ->
2024-08-27 08:17:56.733 60590 INFO heat.engine.environment [-] Registered: [Plugin](User:False) OS::Manila::ShareNetwork ->
2024-08-27 08:17:56.733 60590 INFO heat.engine.environment [-] Registered: [Plugin](User:False) OS::Manila::ShareType ->
2024-08-27 08:17:56.733 60590 INFO heat.engine.environment [-] Registered: [Plugin](User:False) OS::Mistral::CronTrigger ->
2024-08-27 08:17:56.733 60590 INFO heat.engine.environment [-] Registered: [Plugin](User:False) OS::Mistral::ExternalResource ->
2024-08-27 08:17:56.733 60590 INFO heat.engine.environment [-] Registered: [Plugin](User:False) OS::Mistral::Workflow ->
2024-08-27 08:17:56.733 60590 INFO heat.engine.environment [-] Registered: [Plugin](User:False) OS::Monasca::AlarmDefinition ->
2024-08-27 08:17:56.733 60590 INFO heat.engine.environment [-] Registered: [Plugin](User:False) OS::Monasca::Notification ->
2024-08-27 08:17:56.733 60590 INFO heat.engine.environment [-] Registered: [Plugin](User:False) OS::Neutron::AddressScope ->
2024-08-27 08:17:56.733 60590 INFO heat.engine.environment [-] Registered: [Plugin](User:False) OS::Neutron::ExtraRoute ->
2024-08-27 08:17:56.733 60590 INFO heat.engine.environment [-] Registered: [Plugin](User:False) OS::Neutron::ExtraRouteSet ->
2024-08-27 08:17:56.734 60590 INFO heat.engine.environment [-] Registered: [Plugin](User:False) OS::Neutron::Firewall ->
2024-08-27 08:17:56.734 60590 INFO heat.engine.environment [-] Registered: [Plugin](User:False) OS::Neutron::FirewallPolicy ->
2024-08-27 08:17:56.734 60590 INFO heat.engine.environment [-] Registered: [Plugin](User:False) OS::Neutron::FirewallRule ->
2024-08-27 08:17:56.734 60590 INFO heat.engine.environment [-] Registered: [Plugin](User:False) OS::Neutron::FloatingIP ->
2024-08-27 08:17:56.734 60590 INFO heat.engine.environment [-] Registered: [Plugin](User:False) OS::Neutron::FloatingIPAssociation ->
