2024-08-27 07:46:31.999 37578 DEBUG heat.engine.service [req-16c481f8-3773-4624-a99f-39703892ac60 - - - - -] Service 1782aaea-29bf-4bb1-94da-feabbc017a1d is updated service_manage_report /usr/lib/python3/dist-packages/heat/engine/service.py:2370
2024-08-27 07:46:31.999 37579 DEBUG heat.engine.service [req-6f1163a1-86da-47a6-90de-4134d9a97164 - - - - -] Service 2c7316c5-e214-4780-8315-911032575b8e is updated service_manage_report /usr/lib/python3/dist-packages/heat/engine/service.py:2370
2024-08-27 07:47:29.742 37576 DEBUG heat.engine.service [req-2b3ca6d8-e53c-4030-8466-4d12273021d5 - - - - -] Service adf40ba6-5252-404a-ae12-042ec4795153 is updated service_manage_report /usr/lib/python3/dist-packages/heat/engine/service.py:2370
2024-08-27 07:47:29.772 37579 DEBUG heat.engine.service [req-8f40705b-aeef-4d77-b955-8ef8baf577a5 - - - - -] Service 2c7316c5-e214-4780-8315-911032575b8e is updated service_manage_report /usr/lib/python3/dist-packages/heat/engine/service.py:2370
2024-08-27 07:47:29.774 37577 DEBUG heat.engine.service [req-976e2ba4-d40e-4dde-8294-6c775bf52c15 - - - - -] Service ab067a71-40e6-465b-b725-2d9a3fd99bcc is updated service_manage_report /usr/lib/python3/dist-packages/heat/engine/service.py:2370
2024-08-27 07:47:29.782 37578 DEBUG heat.engine.service [req-bb47aa74-df9c-4bf9-8e3b-f8154fd22513 - - - - -] Service 1782aaea-29bf-4bb1-94da-feabbc017a1d is updated service_manage_report /usr/lib/python3/dist-packages/heat/engine/service.py:2370
2024-08-27 07:48:29.871 37576 DEBUG heat.engine.service [req-1e394d7e-4cfd-46d6-bbd8-2abe3532bd52 - - - - -] Service adf40ba6-5252-404a-ae12-042ec4795153 is updated service_manage_report /usr/lib/python3/dist-packages/heat/engine/service.py:2370
2024-08-27 07:48:29.875 37579 DEBUG heat.engine.service [req-156c4375-0831-4aaa-9fec-1f68ca053657 - - - - -] Service 2c7316c5-e214-4780-8315-911032575b8e is updated service_manage_report /usr/lib/python3/dist-packages/heat/engine/service.py:2370
2024-08-27 07:48:29.875 37577 DEBUG heat.engine.service [req-bbd68ca3-fd82-4f75-b39d-ab4c5d48c172 - - - - -] Service ab067a71-40e6-465b-b725-2d9a3fd99bcc is updated service_manage_report /usr/lib/python3/dist-packages/heat/engine/service.py:2370
2024-08-27 07:48:29.875 37578 DEBUG heat.engine.service [req-2a09d917-ecd4-4fba-b4ea-eb149438afb2 - - - - -] Service 1782aaea-29bf-4bb1-94da-feabbc017a1d is updated service_manage_report /usr/lib/python3/dist-packages/heat/engine/service.py:2370
2024-08-27 07:49:29.853 37576 DEBUG heat.engine.service [req-2b68931a-09c2-4d88-b4d8-0197e6c2bab2 - - - - -] Service adf40ba6-5252-404a-ae12-042ec4795153 is updated service_manage_report /usr/lib/python3/dist-packages/heat/engine/service.py:2370
2024-08-27 07:49:29.893 37577 DEBUG heat.engine.service [req-38ab41d8-727e-4e53-abe8-29cc1c894960 - - - - -] Service ab067a71-40e6-465b-b725-2d9a3fd99bcc is updated service_manage_report /usr/lib/python3/dist-packages/heat/engine/service.py:2370
2024-08-27 07:49:29.893 37579 DEBUG heat.engine.service [req-3cf5d97b-ef8b-498b-9a94-1fc254df2d22 - - - - -] Service 2c7316c5-e214-4780-8315-911032575b8e is updated service_manage_report /usr/lib/python3/dist-packages/heat/engine/service.py:2370
2024-08-27 07:49:29.893 37578 DEBUG heat.engine.service [req-19814fe9-8646-4293-99a4-93964ea10a39 - - - - -] Service 1782aaea-29bf-4bb1-94da-feabbc017a1d is updated service_manage_report /usr/lib/python3/dist-packages/heat/engine/service.py:2370
2024-08-27 07:50:29.748 37576 DEBUG heat.engine.service [req-37d6b216-99f1-4e61-8303-3a9a87caf540 - - - - -] Service adf40ba6-5252-404a-ae12-042ec4795153 is updated service_manage_report /usr/lib/python3/dist-packages/heat/engine/service.py:2370
2024-08-27 07:50:29.776 37577 DEBUG heat.engine.service [req-402c23d3-5db1-4ea1-bcfc-d9b71c323fbf - - - - -] Service ab067a71-40e6-465b-b725-2d9a3fd99bcc is updated service_manage_report /usr/lib/python3/dist-packages/heat/engine/service.py:2370
2024-08-27 07:50:29.781 37579 DEBUG heat.engine.service [req-93bc327b-b130-434e-90de-05379985bd49 - - - - -] Service 2c7316c5-e214-4780-8315-911032575b8e is updated service_manage_report /usr/lib/python3/dist-packages/heat/engine/service.py:2370
2024-08-27 07:50:29.785 37578 DEBUG heat.engine.service [req-99cc2933-69ff-4389-b779-9f1ec5baa8ce - - - - -] Service 1782aaea-29bf-4bb1-94da-feabbc017a1d is updated service_manage_report /usr/lib/python3/dist-packages/heat/engine/service.py:2370
2024-08-27 07:51:29.752 37576 DEBUG heat.engine.service [req-06bf63b3-303d-4a4f-a50f-57834381f685 - - - - -] Service adf40ba6-5252-404a-ae12-042ec4795153 is updated service_manage_report /usr/lib/python3/dist-packages/heat/engine/service.py:2370
2024-08-27 07:51:29.775 37579 DEBUG heat.engine.service [req-90dc4160-c110-4516-9117-757c8b10822e - - - - -] Service 2c7316c5-e214-4780-8315-911032575b8e is updated service_manage_report /usr/lib/python3/dist-packages/heat/engine/service.py:2370
2024-08-27 07:51:29.780 37577 DEBUG heat.engine.service [req-8d706df9-5d69-4d38-a1ca-dbc6875b11ee - - - - -] Service ab067a71-40e6-465b-b725-2d9a3fd99bcc is updated service_manage_report /usr/lib/python3/dist-packages/heat/engine/service.py:2370
2024-08-27 07:51:29.788 37578 DEBUG heat.engine.service [req-1dd8b34a-527f-45e4-9d2d-0d095c4a3253 - - - - -] Service 1782aaea-29bf-4bb1-94da-feabbc017a1d is updated service_manage_report /usr/lib/python3/dist-packages/heat/engine/service.py:2370
2024-08-27 07:52:32.336 37576 DEBUG heat.engine.service [req-b4355db6-8a98-4c3f-9d88-dd3f909d95d4 - - - - -] Service adf40ba6-5252-404a-ae12-042ec4795153 is updated service_manage_report /usr/lib/python3/dist-packages/heat/engine/service.py:2370
2024-08-27 07:52:32.410 37579 DEBUG heat.engine.service [req-1f59bd33-5d68-4f31-91bf-e5c8a6bea420 - - - - -] Service 2c7316c5-e214-4780-8315-911032575b8e is updated service_manage_report /usr/lib/python3/dist-packages/heat/engine/service.py:2370
2024-08-27 07:52:32.410 37577 DEBUG heat.engine.service [req-528be7b5-6805-44ed-8424-ac5c65521a4c - - - - -] Service ab067a71-40e6-465b-b725-2d9a3fd99bcc is updated service_manage_report /usr/lib/python3/dist-packages/heat/engine/service.py:2370
2024-08-27 07:52:32.411 37578 DEBUG heat.engine.service [req-89257651-3795-4449-aa3f-85679eded7bd - - - - -] Service 1782aaea-29bf-4bb1-94da-feabbc017a1d is updated service_manage_report /usr/lib/python3/dist-packages/heat/engine/service.py:2370
2024-08-27 07:53:29.761 37576 DEBUG heat.engine.service [req-3f58840e-3b5c-4ca1-b04e-5312b5c94d53 - - - - -] Service adf40ba6-5252-404a-ae12-042ec4795153 is updated service_manage_report /usr/lib/python3/dist-packages/heat/engine/service.py:2370
2024-08-27 07:53:29.786 37577 DEBUG heat.engine.service [req-f053bdea-8012-46eb-9ae1-8657970b84d4 - - - - -] Service ab067a71-40e6-465b-b725-2d9a3fd99bcc is updated service_manage_report /usr/lib/python3/dist-packages/heat/engine/service.py:2370
2024-08-27 07:53:29.787 37579 DEBUG heat.engine.service [req-6f4a0276-b7fd-490d-a96b-3396dc99bcc0 - - - - -] Service 2c7316c5-e214-4780-8315-911032575b8e is updated service_manage_report /usr/lib/python3/dist-packages/heat/engine/service.py:2370
2024-08-27 07:53:29.795 37578 DEBUG heat.engine.service [req-c860c241-a69e-499c-a804-a071daf4605f - - - - -] Service 1782aaea-29bf-4bb1-94da-feabbc017a1d is updated service_manage_report /usr/lib/python3/dist-packages/heat/engine/service.py:2370
2024-08-27 07:54:29.765 37576 DEBUG heat.engine.service [req-d10c92a6-d66b-44fa-a7a9-0b4d28fad188 - - - - -] Service adf40ba6-5252-404a-ae12-042ec4795153 is updated service_manage_report /usr/lib/python3/dist-packages/heat/engine/service.py:2370
2024-08-27 07:54:29.779 37579 DEBUG heat.engine.service [req-f8c7a5b7-b6d6-42a6-8d09-97657f141ab7 - - - - -] Service 2c7316c5-e214-4780-8315-911032575b8e is updated service_manage_report /usr/lib/python3/dist-packages/heat/engine/service.py:2370
2024-08-27 07:54:29.788 37577 DEBUG heat.engine.service [req-2732d57a-96cf-434c-a19f-f22d6e80510e - - - - -] Service ab067a71-40e6-465b-b725-2d9a3fd99bcc is updated service_manage_report /usr/lib/python3/dist-packages/heat/engine/service.py:2370
2024-08-27 07:54:29.798 37578 DEBUG heat.engine.service [req-18e69894-477d-432d-aee4-744f8d4ec76f - - - - -] Service 1782aaea-29bf-4bb1-94da-feabbc017a1d is updated service_manage_report /usr/lib/python3/dist-packages/heat/engine/service.py:2370
2024-08-27 07:55:31.243 37577 DEBUG heat.engine.service [req-9d728003-e68c-43a2-ab46-b489297197b2 - - - - -] Service ab067a71-40e6-465b-b725-2d9a3fd99bcc is updated service_manage_report /usr/lib/python3/dist-packages/heat/engine/service.py:2370
2024-08-27 07:55:31.243 37578 DEBUG heat.engine.service [req-7a3d6971-0525-4058-a916-66d524b0a045 - - - - -] Service 1782aaea-29bf-4bb1-94da-feabbc017a1d is updated service_manage_report /usr/lib/python3/dist-packages/heat/engine/service.py:2370
2024-08-27 07:55:31.243 37576 DEBUG heat.engine.service [req-279fd9df-0bdd-4ebb-9c12-dc216c76ad43 - - - - -] Service adf40ba6-5252-404a-ae12-042ec4795153 is updated service_manage_report /usr/lib/python3/dist-packages/heat/engine/service.py:2370
2024-08-27 07:55:31.243 37579 DEBUG heat.engine.service [req-418c08e9-72a0-42ce-9543-e3bd900f8ace - - - - -] Service 2c7316c5-e214-4780-8315-911032575b8e is updated service_manage_report /usr/lib/python3/dist-packages/heat/engine/service.py:2370
2024-08-27 07:56:29.767 37576 DEBUG heat.engine.service [req-68326f1c-3022-467f-a200-84f4f0d0cb81 - - - - -] Service adf40ba6-5252-404a-ae12-042ec4795153 is updated service_manage_report /usr/lib/python3/dist-packages/heat/engine/service.py:2370
2024-08-27 07:56:29.787 37579 DEBUG heat.engine.service [req-58cdeece-c4f7-458b-84cd-af6f1381c22a - - - - -] Service 2c7316c5-e214-4780-8315-911032575b8e is updated service_manage_report /usr/lib/python3/dist-packages/heat/engine/service.py:2370
2024-08-27 07:56:29.796 37577 DEBUG heat.engine.service [req-83d26e01-c148-441d-bc44-e0b976f22381 - - - - -] Service ab067a71-40e6-465b-b725-2d9a3fd99bcc is updated service_manage_report /usr/lib/python3/dist-packages/heat/engine/service.py:2370
2024-08-27 07:56:31.012 37578 DEBUG heat.engine.service [req-342358fb-45ca-4c0a-b1ec-34ce706b5b37 - - - - -] Service 1782aaea-29bf-4bb1-94da-feabbc017a1d is updated service_manage_report /usr/lib/python3/dist-packages/heat/engine/service.py:2370
2024-08-27 07:57:29.773 37576 DEBUG heat.engine.service [req-a89f191f-4187-4219-9b48-a4c357e13107 - - - - -] Service adf40ba6-5252-404a-ae12-042ec4795153 is updated service_manage_report /usr/lib/python3/dist-packages/heat/engine/service.py:2370
2024-08-27 07:57:29.795 37579 DEBUG heat.engine.service [req-eb3fee3f-debc-45f8-bf08-ddd2fe17b962 - - - - -] Service 2c7316c5-e214-4780-8315-911032575b8e is updated service_manage_report /usr/lib/python3/dist-packages/heat/engine/service.py:2370
2024-08-27 07:57:29.800 37577 DEBUG heat.engine.service [req-e4b8e1e0-8ec5-4c26-b959-4da3c7f18677 - - - - -] Service ab067a71-40e6-465b-b725-2d9a3fd99bcc is updated service_manage_report /usr/lib/python3/dist-packages/heat/engine/service.py:2370
2024-08-27 07:57:29.807 37578 DEBUG heat.engine.service [req-effc5236-e4c6-45ae-a409-cc91dba65acf - - - - -] Service 1782aaea-29bf-4bb1-94da-feabbc017a1d is updated service_manage_report /usr/lib/python3/dist-packages/heat/engine/service.py:2370
2024-08-27 07:58:29.778 37576 DEBUG heat.engine.service [req-f555424c-a061-4794-ac41-3138254f4c4e - - - - -] Service adf40ba6-5252-404a-ae12-042ec4795153 is updated service_manage_report /usr/lib/python3/dist-packages/heat/engine/service.py:2370
2024-08-27 07:58:29.789 37579 DEBUG heat.engine.service [req-5de863ce-1a35-4eee-85ff-6da9f4247039 - - - - -] Service 2c7316c5-e214-4780-8315-911032575b8e is updated service_manage_report /usr/lib/python3/dist-packages/heat/engine/service.py:2370
2024-08-27 07:58:29.805 37577 DEBUG heat.engine.service [req-c9117e5d-1edd-43cc-9233-e996d304d957 - - - - -] Service ab067a71-40e6-465b-b725-2d9a3fd99bcc is updated service_manage_report /usr/lib/python3/dist-packages/heat/engine/service.py:2370
2024-08-27 07:58:29.811 37578 DEBUG heat.engine.service [req-b01cc847-470f-4046-88cb-832f9967c349 - - - - -] Service 1782aaea-29bf-4bb1-94da-feabbc017a1d is updated service_manage_report /usr/lib/python3/dist-packages/heat/engine/service.py:2370
2024-08-27 07:59:29.772 37576 DEBUG heat.engine.service [req-2fd6308e-d67e-4edb-a1f2-64934bdf59a0 - - - - -] Service adf40ba6-5252-404a-ae12-042ec4795153 is updated service_manage_report /usr/lib/python3/dist-packages/heat/engine/service.py:2370
2024-08-27 07:59:29.791 37579 DEBUG heat.engine.service [req-664f784d-e765-4a9d-8d98-f67919b524a8 - - - - -] Service 2c7316c5-e214-4780-8315-911032575b8e is updated service_manage_report /usr/lib/python3/dist-packages/heat/engine/service.py:2370
2024-08-27 07:59:31.185 37577 DEBUG heat.engine.service [req-cfa3bb7f-8a8d-4c1c-8ffa-85647e92899b - - - - -] Service ab067a71-40e6-465b-b725-2d9a3fd99bcc is updated service_manage_report /usr/lib/python3/dist-packages/heat/engine/service.py:2370
2024-08-27 07:59:31.190 37578 DEBUG heat.engine.service [req-6e42391c-2b76-46f6-9fe9-ebf73768c62d - - - - -] Service 1782aaea-29bf-4bb1-94da-feabbc017a1d is updated service_manage_report /usr/lib/python3/dist-packages/heat/engine/service.py:2370
2024-08-27 08:00:31.237 37576 DEBUG heat.engine.service [req-f9cabf13-35d9-465a-a4e8-45c12bf51b66 - - - - -] Service adf40ba6-5252-404a-ae12-042ec4795153 is updated service_manage_report /usr/lib/python3/dist-packages/heat/engine/service.py:2370
2024-08-27 08:00:31.252 37577 DEBUG heat.engine.service [req-56d98250-b4df-497b-9432-70283cea885b - - - - -] Service ab067a71-40e6-465b-b725-2d9a3fd99bcc is updated service_manage_report /usr/lib/python3/dist-packages/heat/engine/service.py:2370
2024-08-27 08:00:31.252 37579 DEBUG heat.engine.service [req-3fec0f2c-b6c0-418f-9dc4-4827c7d1492c - - - - -] Service 2c7316c5-e214-4780-8315-911032575b8e is updated service_manage_report /usr/lib/python3/dist-packages/heat/engine/service.py:2370
2024-08-27 08:00:31.253 37578 DEBUG heat.engine.service [req-71c1a02e-bf69-4655-925d-cf3365d7a68b - - - - -] Service 1782aaea-29bf-4bb1-94da-feabbc017a1d is updated service_manage_report /usr/lib/python3/dist-packages/heat/engine/service.py:2370
2024-08-27 08:01:30.655 37577 DEBUG heat.engine.service [req-22de1d42-b3a7-4774-bdf1-29b247bd57b9 - - - - -] Service ab067a71-40e6-465b-b725-2d9a3fd99bcc is updated service_manage_report /usr/lib/python3/dist-packages/heat/engine/service.py:2370
2024-08-27 08:01:30.656 37576 DEBUG heat.engine.service [req-746f64b7-1932-43c4-9407-c6abe44f358a - - - - -] Service adf40ba6-5252-404a-ae12-042ec4795153 is updated service_manage_report /usr/lib/python3/dist-packages/heat/engine/service.py:2370
2024-08-27 08:01:30.656 37578 DEBUG heat.engine.service [req-cd60bdaa-1c53-45ed-accc-824088c690da - - - - -] Service 1782aaea-29bf-4bb1-94da-feabbc017a1d is updated service_manage_report /usr/lib/python3/dist-packages/heat/engine/service.py:2370
2024-08-27 08:01:30.657 37579 DEBUG heat.engine.service [req-99376f2f-4918-4637-ac62-8ecf1b095f19 - - - - -] Service 2c7316c5-e214-4780-8315-911032575b8e is updated service_manage_report /usr/lib/python3/dist-packages/heat/engine/service.py:2370
2024-08-27 08:02:30.409 37576 DEBUG heat.engine.service [req-6352a0e3-e063-4395-bbfb-382b3c5303fe - - - - -] Service adf40ba6-5252-404a-ae12-042ec4795153 is updated service_manage_report /usr/lib/python3/dist-packages/heat/engine/service.py:2370
2024-08-27 08:02:30.420 37578 DEBUG heat.engine.service [req-311f6aa3-be29-41cb-9e9c-f020516fa7c9 - - - - -] Service 1782aaea-29bf-4bb1-94da-feabbc017a1d is updated service_manage_report /usr/lib/python3/dist-packages/heat/engine/service.py:2370
2024-08-27 08:02:30.420 37579 DEBUG heat.engine.service [req-c9a5960f-1d42-4c34-b13d-0ba9d64c8e47 - - - - -] Service 2c7316c5-e214-4780-8315-911032575b8e is updated service_manage_report /usr/lib/python3/dist-packages/heat/engine/service.py:2370
2024-08-27 08:02:30.420 37577 DEBUG heat.engine.service [req-08e4d810-d818-4aae-9230-d79230c02020 - - - - -] Service ab067a71-40e6-465b-b725-2d9a3fd99bcc is updated service_manage_report /usr/lib/python3/dist-packages/heat/engine/service.py:2370
2024-08-27 08:03:29.795 37576 DEBUG heat.engine.service [req-1673a013-89e5-4c9c-ae4e-de0cbb10acc5 - - - - -] Service adf40ba6-5252-404a-ae12-042ec4795153 is updated service_manage_report /usr/lib/python3/dist-packages/heat/engine/service.py:2370
2024-08-27 08:03:29.804 37579 DEBUG heat.engine.service [req-0c1b600c-e952-4965-b199-bf37df60afe4 - - - - -] Service 2c7316c5-e214-4780-8315-911032575b8e is updated service_manage_report /usr/lib/python3/dist-packages/heat/engine/service.py:2370
2024-08-27 08:03:29.814 37577 DEBUG heat.engine.service [req-070b6063-0e51-417a-9629-34f550c44b96 - - - - -] Service ab067a71-40e6-465b-b725-2d9a3fd99bcc is updated service_manage_report /usr/lib/python3/dist-packages/heat/engine/service.py:2370
2024-08-27 08:03:29.825 37578 DEBUG heat.engine.service [req-3cd361e7-4490-4c01-8ce6-f55ad54cf680 - - - - -] Service 1782aaea-29bf-4bb1-94da-feabbc017a1d is updated service_manage_report /usr/lib/python3/dist-packages/heat/engine/service.py:2370
2024-08-27 08:04:30.543 37576 DEBUG heat.engine.service [req-c4c62ac9-ba07-4123-8154-2a145723564a - - - - -] Service adf40ba6-5252-404a-ae12-042ec4795153 is updated service_manage_report /usr/lib/python3/dist-packages/heat/engine/service.py:2370
2024-08-27 08:04:33.118 37579 DEBUG heat.engine.service [req-100ace05-09ce-40d1-a7c3-f864171a45fd - - - - -] Service 2c7316c5-e214-4780-8315-911032575b8e is updated service_manage_report /usr/lib/python3/dist-packages/heat/engine/service.py:2370
2024-08-27 08:04:33.119 37578 DEBUG heat.engine.service [req-fbf60573-596c-4b23-bcc8-b8a7f8cf1b65 - - - - -] Service 1782aaea-29bf-4bb1-94da-feabbc017a1d is updated service_manage_report /usr/lib/python3/dist-packages/heat/engine/service.py:2370
2024-08-27 08:04:33.119 37577 DEBUG heat.engine.service [req-c8bf8f49-2c8c-416f-85a3-87d8ad1dfcdc - - - - -] Service ab067a71-40e6-465b-b725-2d9a3fd99bcc is updated service_manage_report /usr/lib/python3/dist-packages/heat/engine/service.py:2370
2024-08-27 08:04:59.186 37577 DEBUG heat.engine.service [-] Attempting to stop engine service... _stop_rpc_server /usr/lib/python3/dist-packages/heat/engine/service.py:437
2024-08-27 08:04:59.186 37576 DEBUG heat.engine.service [-] Attempting to stop engine service... _stop_rpc_server /usr/lib/python3/dist-packages/heat/engine/service.py:437
2024-08-27 08:04:59.187 37578 DEBUG heat.engine.service [-] Attempting to stop engine service... _stop_rpc_server /usr/lib/python3/dist-packages/heat/engine/service.py:437
2024-08-27 08:04:59.187 37579 DEBUG heat.engine.service [-] Attempting to stop engine service... _stop_rpc_server /usr/lib/python3/dist-packages/heat/engine/service.py:437
2024-08-27 08:04:59.192 37372 INFO oslo_service.service [-] Caught SIGTERM, stopping children
2024-08-27 08:04:59.192 37372 DEBUG oslo_concurrency.lockutils [-] Acquired lock "singleton_lock" lock /usr/lib/python3/dist-packages/oslo_concurrency/lockutils.py:294
2024-08-27 08:04:59.192 37372 DEBUG oslo_concurrency.lockutils [-] Releasing lock "singleton_lock" lock /usr/lib/python3/dist-packages/oslo_concurrency/lockutils.py:312
2024-08-27 08:04:59.193 37372 DEBUG oslo_service.service [-] Stop services. stop /usr/lib/python3/dist-packages/oslo_service/service.py:695
2024-08-27 08:04:59.193 37372 INFO heat.engine.service [-] All threads were gone, terminating engine
2024-08-27 08:04:59.193 37372 DEBUG oslo_service.service [-] Killing children. stop /usr/lib/python3/dist-packages/oslo_service/service.py:700
2024-08-27 08:04:59.226 37372 INFO oslo_service.service [-] Waiting on 4 children to exit
2024-08-27 08:04:59.227 37372 INFO oslo_service.service [-] Child 37576 killed by signal 15
2024-08-27 08:04:59.227 37372 INFO oslo_service.service [-] Child 37577 killed by signal 15
2024-08-27 08:04:59.227 37372 INFO oslo_service.service [-] Child 37578 killed by signal 15
2024-08-27 08:04:59.228 37372 INFO oslo_service.service [-] Child 37579 killed by signal 15
2024-08-27 08:05:10.683 51145 DEBUG oslo_concurrency.lockutils [-] Lock "context-manager" acquired by "neutron_lib.db.api._create_context_manager" :: waited 0.000s inner /usr/lib/python3/dist-packages/oslo_concurrency/lockutils.py:386
2024-08-27 08:05:10.684 51145 DEBUG oslo_concurrency.lockutils [-] Lock "context-manager" "released" by "neutron_lib.db.api._create_context_manager" :: held 0.001s inner /usr/lib/python3/dist-packages/oslo_concurrency/lockutils.py:400
2024-08-27 08:05:13.213 51145 WARNING heat.engine.environment [-] OS::Aodh::Alarm is DEPRECATED. Theshold alarm relies on ceilometer-api and has been deprecated in aodh since Ocata. Use OS::Aodh::GnocchiAggregationByResourcesAlarm instead.
2024-08-27 08:05:13.230 51145 WARNING heat.engine.environment [-] OS::Aodh::CombinationAlarm is HIDDEN. OS::Aodh::CombinationAlarm is deprecated and has been removed from Aodh, use OS::Aodh::CompositeAlarm instead.
2024-08-27 08:05:13.230 51145 WARNING heat.engine.environment [-] OS::Designate::Domain is HIDDEN. This resource has been removed, use OS::Designate::Zone instead.
2024-08-27 08:05:13.230 51145 WARNING heat.engine.environment [-] OS::Designate::Record is HIDDEN. This resource has been removed, use OS::Designate::RecordSet instead.
2024-08-27 08:05:13.230 51145 WARNING heat.engine.environment [-] OS::Glance::Image is DEPRECATED. Creating a Glance Image based on an existing URL location requires the Glance v1 API, which is deprecated.
2024-08-27 08:05:13.231 51145 WARNING heat.engine.environment [-] OS::Heat::HARestarter is HIDDEN. The HARestarter resource type has been removed. Existing stacks containing HARestarter resources can still be used, but the HARestarter resource will be a placeholder that does nothing.
2024-08-27 08:05:13.231 51145 WARNING heat.engine.environment [-] OS::Heat::SoftwareDeployments is HIDDEN. Please use OS::Heat::SoftwareDeploymentGroup instead.
2024-08-27 08:05:13.231 51145 WARNING heat.engine.environment [-] OS::Heat::StructuredDeployments is HIDDEN. Please use OS::Heat::StructuredDeploymentGroup instead.
2024-08-27 08:05:13.231 51145 WARNING heat.engine.environment [-] OS::Magnum::Bay is HIDDEN. Please use OS::Magnum::Cluster instead.
2024-08-27 08:05:13.231 51145 WARNING heat.engine.environment [-] OS::Magnum::BayModel is HIDDEN. Please use OS::Magnum::ClusterTemplate instead.
2024-08-27 08:05:13.232 51145 WARNING heat.engine.environment [-] OS::Neutron::ExtraRoute is UNSUPPORTED. Use this resource at your own risk.
2024-08-27 08:05:13.232 51145 WARNING heat.engine.environment [-] OS::Neutron::HealthMonitor is HIDDEN. Use LBaaS V2 instead.
2024-08-27 08:05:13.232 51145 WARNING heat.engine.environment [-] OS::Neutron::Pool is HIDDEN. Use LBaaS V2 instead.
2024-08-27 08:05:13.232 51145 WARNING heat.engine.environment [-] OS::Neutron::PoolMember is HIDDEN. Use LBaaS V2 instead.
2024-08-27 08:05:13.232 51145 WARNING heat.engine.environment [-] OS::Neutron::LoadBalancer is HIDDEN. Use LBaaS V2 instead.
2024-08-27 08:05:13.233 51145 WARNING heat.engine.environment [-] OS::Neutron::RouterGateway is HIDDEN. Use the `external_gateway_info` property in the router resource to set up the gateway.
2024-08-27 08:05:13.233 51145 WARNING heat.engine.environment [-] OS::Nova::FloatingIP is HIDDEN. Please use OS::Neutron::FloatingIP instead.
2024-08-27 08:05:13.233 51145 WARNING heat.engine.environment [-] OS::Nova::FloatingIPAssociation is HIDDEN. Please use OS::Neutron::FloatingIPAssociation instead.
2024-08-27 08:05:13.234 51145 INFO heat.engine.environment [-] Loading /etc/heat/environment.d/default.yaml
2024-08-27 08:05:13.237 51145 INFO heat.engine.environment [-] Registered: [Plugin](User:False) AWS::AutoScaling::AutoScalingGroup ->
2024-08-27 08:05:13.237 51145 INFO heat.engine.environment [-] Registered: [Plugin](User:False) AWS::AutoScaling::LaunchConfiguration ->
2024-08-27 08:05:13.238 51145 INFO heat.engine.environment [-] Registered: [Plugin](User:False) AWS::AutoScaling::ScalingPolicy ->
2024-08-27 08:05:13.238 51145 INFO heat.engine.environment [-] Registered: [Plugin](User:False) AWS::CloudFormation::Stack ->
2024-08-27 08:05:13.238 51145 INFO heat.engine.environment [-] Registered: [Plugin](User:False) AWS::CloudFormation::WaitCondition ->
2024-08-27 08:05:13.238 51145 INFO heat.engine.environment [-] Registered: [Plugin](User:False) AWS::CloudFormation::WaitConditionHandle ->
2024-08-27 08:05:13.238 51145 INFO heat.engine.environment [-] Registered: [Plugin](User:False) AWS::EC2::EIP ->
2024-08-27 08:05:13.238 51145 INFO heat.engine.environment [-] Registered: [Plugin](User:False) AWS::EC2::EIPAssociation ->
2024-08-27 08:05:13.238 51145 INFO heat.engine.environment [-] Registered: [Plugin](User:False) AWS::EC2::Instance ->
2024-08-27 08:05:13.238 51145 INFO heat.engine.environment [-] Registered: [Plugin](User:False) AWS::EC2::InternetGateway ->
2024-08-27 08:05:13.238 51145 INFO heat.engine.environment [-] Registered: [Plugin](User:False) AWS::EC2::VPCGatewayAttachment ->
2024-08-27 08:05:13.239 51145 INFO heat.engine.environment [-] Registered: [Plugin](User:False) AWS::EC2::NetworkInterface ->
2024-08-27 08:05:13.239 51145 INFO heat.engine.environment [-] Registered: [Plugin](User:False) AWS::EC2::RouteTable ->
2024-08-27 08:05:13.239 51145 INFO heat.engine.environment [-] Registered: [Plugin](User:False) AWS::EC2::SubnetRouteTableAssociation ->
2024-08-27 08:05:13.239 51145 INFO heat.engine.environment [-] Registered: [Plugin](User:False) AWS::EC2::SecurityGroup ->
2024-08-27 08:05:13.239 51145 INFO heat.engine.environment [-] Registered: [Plugin](User:False) AWS::EC2::Subnet ->
2024-08-27 08:05:13.239 51145 INFO heat.engine.environment [-] Registered: [Plugin](User:False) AWS::EC2::Volume ->
2024-08-27 08:05:13.239 51145 INFO heat.engine.environment [-] Registered: [Plugin](User:False) AWS::EC2::VolumeAttachment ->
2024-08-27 08:05:13.239 51145 INFO heat.engine.environment [-] Registered: [Plugin](User:False) AWS::EC2::VPC ->
2024-08-27 08:05:13.239 51145 INFO heat.engine.environment [-] Registered: [Plugin](User:False) AWS::IAM::User ->
2024-08-27 08:05:13.239 51145 INFO heat.engine.environment [-] Registered: [Plugin](User:False) AWS::IAM::AccessKey ->
2024-08-27 08:05:13.239 51145 INFO heat.engine.environment [-] Registered: [Plugin](User:False) AWS::ElasticLoadBalancing::LoadBalancer ->
2024-08-27 08:05:13.240 51145 INFO heat.engine.environment [-] Registered: [Plugin](User:False) AWS::S3::Bucket ->
2024-08-27 08:05:13.240 51145 INFO heat.engine.environment [-] Registered: [Plugin](User:False) OS::Aodh::Alarm ->
2024-08-27 08:05:13.240 51145 INFO heat.engine.environment [-] Registered: [Plugin](User:False) OS::Aodh::CombinationAlarm ->
2024-08-27 08:05:13.240 51145 INFO heat.engine.environment [-] Registered: [Plugin](User:False) OS::Aodh::EventAlarm ->
2024-08-27 08:05:13.240 51145 INFO heat.engine.environment [-] Registered: [Plugin](User:False) OS::Aodh::LBMemberHealthAlarm ->
2024-08-27 08:05:13.240 51145 INFO heat.engine.environment [-] Registered: [Plugin](User:False) OS::Aodh::CompositeAlarm ->
2024-08-27 08:05:13.240 51145 INFO heat.engine.environment [-] Registered: [Plugin](User:False) OS::Aodh::GnocchiResourcesAlarm ->
2024-08-27 08:05:13.240 51145 INFO heat.engine.environment [-] Registered: [Plugin](User:False) OS::Aodh::GnocchiAggregationByMetricsAlarm ->
2024-08-27 08:05:13.240 51145 INFO heat.engine.environment [-] Registered: [Plugin](User:False) OS::Aodh::GnocchiAggregationByResourcesAlarm ->
2024-08-27 08:05:13.241 51145 INFO heat.engine.environment [-] Registered: [Plugin](User:False) OS::Barbican::GenericContainer ->
2024-08-27 08:05:13.241 51145 INFO heat.engine.environment [-] Registered: [Plugin](User:False) OS::Barbican::CertificateContainer ->
2024-08-27 08:05:13.241 51145 INFO heat.engine.environment [-] Registered: [Plugin](User:False) OS::Barbican::RSAContainer ->
2024-08-27 08:05:13.241 51145 INFO heat.engine.environment [-] Registered: [Plugin](User:False) OS::Barbican::Order ->
2024-08-27 08:05:13.241 51145 INFO heat.engine.environment [-] Registered: [Plugin](User:False) OS::Barbican::Secret ->
2024-08-27 08:05:13.241 51145 INFO heat.engine.environment [-] Registered: [Plugin](User:False) OS::Blazar::Host ->
2024-08-27 08:05:13.241 51145 INFO heat.engine.environment [-] Registered: [Plugin](User:False) OS::Blazar::Lease ->
2024-08-27 08:05:13.241 51145 INFO heat.engine.environment [-] Registered: [Plugin](User:False) OS::Cinder::EncryptedVolumeType ->
2024-08-27 08:05:13.242 51145 INFO heat.engine.environment [-] Registered: [Plugin](User:False) OS::Cinder::QoSSpecs ->
2024-08-27 08:05:13.242 51145 INFO heat.engine.environment [-] Registered: [Plugin](User:False) OS::Cinder::QoSAssociation ->
2024-08-27 08:05:13.242 51145 INFO heat.engine.environment [-] Registered: [Plugin](User:False) OS::Cinder::Quota ->
2024-08-27 08:05:13.242 51145 INFO heat.engine.environment [-] Registered: [Plugin](User:False) OS::Cinder::Volume ->
2024-08-27 08:05:13.242 51145 INFO heat.engine.environment [-] Registered: [Plugin](User:False) OS::Cinder::VolumeAttachment ->
2024-08-27 08:05:13.242 51145 INFO heat.engine.environment [-] Registered: [Plugin](User:False) OS::Cinder::VolumeType ->
2024-08-27 08:05:13.242 51145 INFO heat.engine.environment [-] Registered: [Plugin](User:False) OS::Designate::Domain ->
2024-08-27 08:05:13.242 51145 INFO heat.engine.environment [-] Registered: [Plugin](User:False) OS::Designate::Record ->
2024-08-27 08:05:13.242 51145 INFO heat.engine.environment [-] Registered: [Plugin](User:False) OS::Designate::RecordSet ->
2024-08-27 08:05:13.242 51145 INFO heat.engine.environment [-] Registered: [Plugin](User:False) OS::Designate::Zone ->
2024-08-27 08:05:13.242 51145 INFO heat.engine.environment [-] Registered: [Plugin](User:False) OS::Glance::Image ->
2024-08-27 08:05:13.243 51145 INFO heat.engine.environment [-] Registered: [Plugin](User:False) OS::Glance::WebImage ->
2024-08-27 08:05:13.243 51145 INFO heat.engine.environment [-] Registered: [Plugin](User:False) OS::Heat::AccessPolicy ->
2024-08-27 08:05:13.243 51145 INFO heat.engine.environment [-] Registered: [Plugin](User:False) OS::Heat::AutoScalingGroup ->
2024-08-27 08:05:13.243 51145 INFO heat.engine.environment [-] Registered: [Plugin](User:False) OS::Heat::CloudConfig ->
2024-08-27 08:05:13.243 51145 INFO heat.engine.environment [-] Registered: [Plugin](User:False) OS::Heat::Delay ->
2024-08-27 08:05:13.243 51145 INFO heat.engine.environment [-] Registered: [Plugin](User:False) OS::Heat::DeployedServer ->
2024-08-27 08:05:13.243 51145 INFO heat.engine.environment [-] Registered: [Plugin](User:False) OS::Heat::HARestarter ->
2024-08-27 08:05:13.243 51145 INFO heat.engine.environment [-] Registered: [Plugin](User:False) OS::Heat::InstanceGroup ->
2024-08-27 08:05:13.243 51145 INFO heat.engine.environment [-] Registered: [Plugin](User:False) OS::Heat::MultipartMime ->
2024-08-27 08:05:13.243 51145 INFO heat.engine.environment [-] Registered: [Plugin](User:False) OS::Heat::None ->
2024-08-27 08:05:13.243 51145 INFO heat.engine.environment [-] Registered: [Plugin](User:False) OS::Heat::RandomString ->
2024-08-27 08:05:13.243 51145 INFO heat.engine.environment [-] Registered: [Plugin](User:False) OS::Heat::Stack ->
2024-08-27 08:05:13.244 51145 INFO heat.engine.environment [-] Registered: [Plugin](User:False) OS::Heat::ResourceChain ->
2024-08-27 08:05:13.244 51145 INFO heat.engine.environment [-] Registered: [Plugin](User:False) OS::Heat::ResourceGroup ->
2024-08-27 08:05:13.244 51145 INFO heat.engine.environment [-] Registered: [Plugin](User:False) OS::Heat::ScalingPolicy ->
2024-08-27 08:05:13.244 51145 INFO heat.engine.environment [-] Registered: [Plugin](User:False) OS::Heat::SoftwareComponent ->
2024-08-27 08:05:13.244 51145 INFO heat.engine.environment [-] Registered: [Plugin](User:False) OS::Heat::SoftwareConfig ->
2024-08-27 08:05:13.244 51145 INFO heat.engine.environment [-] Registered: [Plugin](User:False) OS::Heat::SoftwareDeployment ->
2024-08-27 08:05:13.244 51145 INFO heat.engine.environment [-] Registered: [Plugin](User:False) OS::Heat::SoftwareDeploymentGroup ->
2024-08-27 08:05:13.244 51145 INFO heat.engine.environment [-] Registered: [Plugin](User:False) OS::Heat::SoftwareDeployments ->
2024-08-27 08:05:13.244 51145 INFO heat.engine.environment [-] Registered: [Plugin](User:False) OS::Heat::StructuredConfig ->
2024-08-27 08:05:13.244 51145 INFO heat.engine.environment [-] Registered: [Plugin](User:False) OS::Heat::StructuredDeployment ->
2024-08-27 08:05:13.244 51145 INFO heat.engine.environment [-] Registered: [Plugin](User:False) OS::Heat::StructuredDeploymentGroup ->
2024-08-27 08:05:13.244 51145 INFO heat.engine.environment [-] Registered: [Plugin](User:False) OS::Heat::StructuredDeployments ->
2024-08-27 08:05:13.245 51145 INFO heat.engine.environment [-] Registered: [Plugin](User:False) OS::Heat::SwiftSignal ->
2024-08-27 08:05:13.245 51145 INFO heat.engine.environment [-] Registered: [Plugin](User:False) OS::Heat::SwiftSignalHandle ->
2024-08-27 08:05:13.245 51145 INFO heat.engine.environment [-] Registered: [Plugin](User:False) OS::Heat::TestResource ->
2024-08-27 08:05:13.245 51145 INFO heat.engine.environment [-] Registered: [Plugin](User:False) OS::Heat::Value ->
2024-08-27 08:05:13.245 51145 INFO heat.engine.environment [-] Registered: [Plugin](User:False) OS::Heat::WaitCondition ->
2024-08-27 08:05:13.245 51145 INFO heat.engine.environment [-] Registered: [Plugin](User:False) OS::Heat::WaitConditionHandle ->
2024-08-27 08:05:13.245 51145 INFO heat.engine.environment [-] Registered: [Plugin](User:False) OS::Heat::UpdateWaitConditionHandle ->
2024-08-27 08:05:13.245 51145 INFO heat.engine.environment [-] Registered: [Plugin](User:False) OS::Ironic::Port ->
2024-08-27 08:05:13.245 51145 INFO heat.engine.environment [-] Registered: [Plugin](User:False) OS::Keystone::Domain ->
2024-08-27 08:05:13.245 51145 INFO heat.engine.environment [-] Registered: [Plugin](User:False) OS::Keystone::Endpoint ->
2024-08-27 08:05:13.245 51145 INFO heat.engine.environment [-] Registered: [Plugin](User:False) OS::Keystone::Group ->
2024-08-27 08:05:13.245 51145 INFO heat.engine.environment [-] Registered: [Plugin](User:False) OS::Keystone::Project ->
2024-08-27 08:05:13.246 51145 INFO heat.engine.environment [-] Registered: [Plugin](User:False) OS::Keystone::Region ->
2024-08-27 08:05:13.246 51145 INFO heat.engine.environment [-] Registered: [Plugin](User:False) OS::Keystone::Role ->
2024-08-27 08:05:13.246 51145 INFO heat.engine.environment [-] Registered: [Plugin](User:False) OS::Keystone::UserRoleAssignment ->
2024-08-27 08:05:13.246 51145 INFO heat.engine.environment [-] Registered: [Plugin](User:False) OS::Keystone::GroupRoleAssignment ->
2024-08-27 08:05:13.246 51145 INFO heat.engine.environment [-] Registered: [Plugin](User:False) OS::Keystone::Service ->
2024-08-27 08:05:13.246 51145 INFO heat.engine.environment [-] Registered: [Plugin](User:False) OS::Keystone::User ->
2024-08-27 08:05:13.246 51145 INFO heat.engine.environment [-] Registered: [Plugin](User:False) OS::Magnum::Bay ->
2024-08-27 08:05:13.246 51145 INFO heat.engine.environment [-] Registered: [Plugin](User:False) OS::Magnum::BayModel ->
2024-08-27 08:05:13.246 51145 INFO heat.engine.environment [-] Registered: [Plugin](User:False) OS::Magnum::Cluster ->
2024-08-27 08:05:13.246 51145 INFO heat.engine.environment [-] Registered: [Plugin](User:False) OS::Magnum::ClusterTemplate ->
2024-08-27 08:05:13.246 51145 INFO heat.engine.environment [-] Registered: [Plugin](User:False) OS::Manila::SecurityService ->
2024-08-27 08:05:13.247 51145 INFO heat.engine.environment [-] Registered: [Plugin](User:False) OS::Manila::Share ->
2024-08-27 08:05:13.247 51145 INFO heat.engine.environment [-] Registered: [Plugin](User:False) OS::Manila::ShareNetwork ->
2024-08-27 08:05:13.247 51145 INFO heat.engine.environment [-] Registered: [Plugin](User:False) OS::Manila::ShareType ->
2024-08-27 08:05:13.247 51145 INFO heat.engine.environment [-] Registered: [Plugin](User:False) OS::Mistral::CronTrigger ->
2024-08-27 08:05:13.247 51145 INFO heat.engine.environment [-] Registered: [Plugin](User:False) OS::Mistral::ExternalResource ->
2024-08-27 08:05:13.247 51145 INFO heat.engine.environment [-] Registered: [Plugin](User:False) OS::Mistral::Workflow ->
2024-08-27 08:05:13.247 51145 INFO heat.engine.environment [-] Registered: [Plugin](User:False) OS::Monasca::AlarmDefinition ->
2024-08-27 08:05:13.247 51145 INFO heat.engine.environment [-] Registered: [Plugin](User:False) OS::Monasca::Notification ->
2024-08-27 08:05:13.247 51145 INFO heat.engine.environment [-] Registered: [Plugin](User:False) OS::Neutron::AddressScope ->
2024-08-27 08:05:13.247 51145 INFO heat.engine.environment [-] Registered: [Plugin](User:False) OS::Neutron::ExtraRoute ->
2024-08-27 08:05:13.247 51145 INFO heat.engine.environment [-] Registered: [Plugin](User:False) OS::Neutron::ExtraRouteSet ->
2024-08-27 08:05:13.248 51145 INFO heat.engine.environment [-] Registered: [Plugin](User:False) OS::Neutron::Firewall ->
2024-08-27 08:05:13.248 51145 INFO heat.engine.environment [-] Registered: [Plugin](User:False) OS::Neutron::FirewallPolicy ->
2024-08-27 08:05:13.248 51145 INFO heat.engine.environment [-] Registered: [Plugin](User:False) OS::Neutron::FirewallRule ->
2024-08-27 08:05:13.248 51145 INFO heat.engine.environment [-] Registered: [Plugin](User:False) OS::Neutron::FloatingIP ->
2024-08-27 08:05:13.248 51145 INFO heat.engine.environment [-] Registered: [Plugin](User:False) OS::Neutron::FloatingIPAssociation ->
2024-08-27 08:05:13.248 51145 INFO heat.engine.environment [-] Registered: [Plugin](User:False) OS::Neutron::L2Gateway ->
2024-08-27 08:05:13.248 51145 INFO heat.engine.environment [-] Registered: [Plugin](User:False) OS::Neutron::L2GatewayConnection ->
2024-08-27 08:05:13.248 51145 INFO heat.engine.environment [-] Registered: [Plugin](User:False) OS::Neutron::LBaaS::HealthMonitor ->
2024-08-27 08:05:13.248 51145 INFO heat.engine.environment [-] Registered: [Plugin](User:False) OS::Neutron::LBaaS::L7Policy ->
2024-08-27 08:05:13.248 51145 INFO heat.engine.environment [-] Registered: [Plugin](User:False) OS::Neutron::LBaaS::L7Rule ->
2024-08-27 08:05:13.248 51145 INFO heat.engine.environment [-] Registered: [Plugin](User:False) OS::Neutron::LBaaS::Listener ->
2024-08-27 08:05:13.249 51145 INFO heat.engine.environment [-] Registered: [Plugin](User:False) OS::Neutron::LBaaS::LoadBalancer ->
2024-08-27 08:05:13.249 51145 INFO heat.engine.environment [-] Registered: [Plugin](User:False) OS::Neutron::LBaaS::Pool ->
2024-08-27 08:05:13.249 51145 INFO heat.engine.environment [-] Registered: [Plugin](User:False) OS::Neutron::LBaaS::PoolMember ->
2024-08-27 08:05:13.249 51145 INFO heat.engine.environment [-] Registered: [Plugin](User:False) OS::Neutron::HealthMonitor ->
2024-08-27 08:05:13.249 51145 INFO heat.engine.environment [-] Registered: [Plugin](User:False) OS::Neutron::Pool ->
2024-08-27 08:05:13.249 51145 INFO heat.engine.environment [-] Registered: [Plugin](User:False) OS::Neutron::PoolMember ->
2024-08-27 08:05:13.249 51145 INFO heat.engine.environment [-] Registered: [Plugin](User:False) OS::Neutron::LoadBalancer ->
2024-08-27 08:05:13.249 51145 INFO heat.engine.environment [-] Registered: [Plugin](User:False) OS::Neutron::MeteringLabel ->
2024-08-27 08:05:13.249 51145 INFO heat.engine.environment [-] Registered: [Plugin](User:False) OS::Neutron::MeteringRule ->
2024-08-27 08:05:13.249 51145 INFO heat.engine.environment [-] Registered: [Plugin](User:False) OS::Neutron::Net ->
2024-08-27 08:05:13.249 51145 INFO heat.engine.environment [-] Registered: [Plugin](User:False) OS::Neutron::NetworkGateway ->
2024-08-27 08:05:13.249 51145 INFO heat.engine.environment [-] Registered: [Plugin](User:False) OS::Neutron::Port ->
2024-08-27 08:05:13.250 51145 INFO heat.engine.environment [-] Registered: [Plugin](User:False) OS::Neutron::ProviderNet ->
2024-08-27 08:05:13.250 51145 INFO heat.engine.environment [-] Registered: [Plugin](User:False) OS::Neutron::QoSPolicy ->
2024-08-27 08:05:13.250 51145 INFO heat.engine.environment [-] Registered: [Plugin](User:False) OS::Neutron::QoSBandwidthLimitRule ->
2024-08-27 08:05:13.250 51145 INFO heat.engine.environment [-] Registered: [Plugin](User:False) OS::Neutron::QoSDscpMarkingRule ->
2024-08-27 08:05:13.250 51145 INFO heat.engine.environment [-] Registered: [Plugin](User:False) OS::Neutron::QoSMinimumBandwidthRule ->
2024-08-27 08:05:13.250 51145 INFO heat.engine.environment [-] Registered: [Plugin](User:False) OS::Neutron::Quota ->
2024-08-27 08:05:13.250 51145 INFO heat.engine.environment [-] Registered: [Plugin](User:False) OS::Neutron::RBACPolicy ->
2024-08-27 08:05:13.250 51145 INFO heat.engine.environment [-] Registered: [Plugin](User:False) OS::Neutron::Router ->
2024-08-27 08:05:13.250 51145 INFO heat.engine.environment [-] Registered: [Plugin](User:False) OS::Neutron::RouterInterface ->
2024-08-27 08:05:13.250 51145 INFO heat.engine.environment [-] Registered: [Plugin](User:False) OS::Neutron::RouterGateway ->
2024-08-27 08:05:13.250 51145 INFO heat.engine.environment [-] Registered: [Plugin](User:False) OS::Neutron::SecurityGroup ->
2024-08-27 08:05:13.250 51145 INFO heat.engine.environment [-] Registered: [Plugin](User:False) OS::Neutron::SecurityGroupRule ->
2024-08-27 08:05:13.251 51145 INFO heat.engine.environment [-] Registered: [Plugin](User:False) OS::Neutron::Segment ->
2024-08-27 08:05:13.251 51145 INFO heat.engine.environment [-] Registered: [Plugin](User:False) OS::Neutron::FlowClassifier ->
2024-08-27 08:05:13.251 51145 INFO heat.engine.environment [-] Registered: [Plugin](User:False) OS::Neutron::PortChain ->
2024-08-27 08:05:13.251 51145 INFO heat.engine.environment [-] Registered: [Plugin](User:False) OS::Neutron::PortPair ->
2024-08-27 08:05:13.251 51145 INFO heat.engine.environment [-] Registered: [Plugin](User:False) OS::Neutron::PortPairGroup ->
2024-08-27 08:05:13.251 51145 INFO heat.engine.environment [-] Registered: [Plugin](User:False) OS::Neutron::Subnet ->
2024-08-27 08:05:13.251 51145 INFO heat.engine.environment [-] Registered: [Plugin](User:False) OS::Neutron::SubnetPool ->
2024-08-27 08:05:13.251 51145 INFO heat.engine.environment [-] Registered: [Plugin](User:False) OS::Neutron::TaaS::TapFlow ->
2024-08-27 08:05:13.251 51145 INFO heat.engine.environment [-] Registered: [Plugin](User:False) OS::Neutron::TaaS::TapService ->
2024-08-27 08:05:13.251 51145 INFO heat.engine.environment [-] Registered: [Plugin](User:False) OS::Neutron::Trunk ->
2024-08-27 08:05:13.251 51145 INFO heat.engine.environment [-] Registered: [Plugin](User:False) OS::Neutron::VPNService ->
2024-08-27 08:05:13.252 51145 INFO heat.engine.environment [-] Registered: [Plugin](User:False) OS::Neutron::IPsecSiteConnection ->
2024-08-27 08:05:13.252 51145 INFO heat.engine.environment [-] Registered: [Plugin](User:False) OS::Neutron::IKEPolicy ->
2024-08-27 08:05:13.252 51145 INFO heat.engine.environment [-] Registered: [Plugin](User:False) OS::Neutron::IPsecPolicy ->
2024-08-27 08:05:13.252 51145 INFO heat.engine.environment [-] Registered: [Plugin](User:False) OS::Nova::Flavor ->
2024-08-27 08:05:13.252 51145 INFO heat.engine.environment [-] Registered: [Plugin](User:False) OS::Nova::FloatingIP ->
2024-08-27 08:05:13.252 51145 INFO heat.engine.environment [-] Registered: [Plugin](User:False) OS::Nova::FloatingIPAssociation ->
2024-08-27 08:05:13.252 51145 INFO heat.engine.environment [-] Registered: [Plugin](User:False) OS::Nova::HostAggregate ->
2024-08-27 08:05:13.252 51145 INFO heat.engine.environment [-] Registered: [Plugin](User:False) OS::Nova::KeyPair ->
2024-08-27 08:05:13.252 51145 INFO heat.engine.environment [-] Registered: [Plugin](User:False) OS::Nova::Quota ->
2024-08-27 08:05:13.252 51145 INFO heat.engine.environment [-] Registered: [Plugin](User:False) OS::Nova::Server ->
2024-08-27 08:05:13.252 51145 INFO heat.engine.environment [-] Registered: [Plugin](User:False) OS::Nova::ServerGroup ->
2024-08-27 08:05:13.253 51145 INFO heat.engine.environment [-] Registered: [Plugin](User:False) OS::Octavia::Flavor ->
2024-08-27 08:05:13.253 51145 INFO heat.engine.environment [-] Registered: [Plugin](User:False) OS::Octavia::FlavorProfile ->
2024-08-27 08:05:13.253 51145 INFO heat.engine.environment [-] Registered: [Plugin](User:False) OS::Octavia::HealthMonitor ->
2024-08-27 08:05:13.253 51145 INFO heat.engine.environment [-] Registered: [Plugin](User:False) OS::Octavia::L7Policy ->
2024-08-27 08:05:13.253 51145 INFO heat.engine.environment [-] Registered: [Plugin](User:False) OS::Octavia::L7Rule ->
2024-08-27 08:05:13.253 51145 INFO heat.engine.environment [-] Registered: [Plugin](User:False) OS::Octavia::Listener ->
2024-08-27 08:05:13.253 51145 INFO heat.engine.environment [-] Registered: [Plugin](User:False) OS::Octavia::LoadBalancer ->
2024-08-27 08:05:13.253 51145 INFO heat.engine.environment [-] Registered: [Plugin](User:False) OS::Octavia::Pool ->
2024-08-27 08:05:13.253 51145 INFO heat.engine.environment [-] Registered: [Plugin](User:False) OS::Octavia::PoolMember ->
2024-08-27 08:05:13.253 51145 INFO heat.engine.environment [-] Registered: [Plugin](User:False) OS::Octavia::Quota ->
2024-08-27 08:05:13.253 51145 INFO heat.engine.environment [-] Registered: [Plugin](User:False) OS::Sahara::Cluster ->
2024-08-27 08:05:13.253 51145 INFO heat.engine.environment [-] Registered: [Plugin](User:False) OS::Sahara::DataSource ->
2024-08-27 08:05:13.254 51145 INFO heat.engine.environment [-] Registered: [Plugin](User:False) OS::Sahara::ImageRegistry ->
2024-08-27 08:05:13.254 51145 INFO heat.engine.environment [-] Registered: [Plugin](User:False) OS::Sahara::Job ->
2024-08-27 08:05:13.254 51145 INFO heat.engine.environment [-] Registered: [Plugin](User:False) OS::Sahara::JobBinary ->
2024-08-27 08:05:13.254 51145 INFO heat.engine.environment [-] Registered: [Plugin](User:False) OS::Sahara::NodeGroupTemplate ->
2024-08-27 08:05:13.254 51145 INFO heat.engine.environment [-] Registered: [Plugin](User:False) OS::Sahara::ClusterTemplate ->
2024-08-27 08:05:13.254 51145 INFO heat.engine.environment [-] Registered: [Plugin](User:False) OS::Senlin::Cluster ->
2024-08-27 08:05:13.254 51145 INFO heat.engine.environment [-] Registered: [Plugin](User:False) OS::Senlin::Node ->
2024-08-27 08:05:13.254 51145 INFO heat.engine.environment [-] Registered: [Plugin](User:False) OS::Senlin::Policy ->
2024-08-27 08:05:13.254 51145 INFO heat.engine.environment [-] Registered: [Plugin](User:False) OS::Senlin::Profile ->
2024-08-27 08:05:13.254 51145 INFO heat.engine.environment [-] Registered: [Plugin](User:False) OS::Senlin::Receiver ->
2024-08-27 08:05:13.254 51145 INFO heat.engine.environment [-] Registered: [Plugin](User:False) OS::Swift::Container ->
2024-08-27 08:05:13.255 51145 INFO heat.engine.environment [-] Registered: [Plugin](User:False) OS::Trove::Cluster ->
2024-08-27 08:05:13.255 51145 INFO heat.engine.environment [-] Registered: [Plugin](User:False) OS::Trove::Instance ->
2024-08-27 08:05:13.255 51145 INFO heat.engine.environment [-] Registered: [Plugin](User:False) OS::Vitrage::Template ->
2024-08-27 08:05:13.255 51145 INFO heat.engine.environment [-] Registered: [Plugin](User:False) OS::Zaqar::Queue ->
2024-08-27 08:05:13.255 51145 INFO heat.engine.environment [-] Registered: [Plugin](User:False) OS::Zaqar::SignedQueueURL ->
2024-08-27 08:05:13.255 51145 INFO heat.engine.environment [-] Registered: [Plugin](User:False) OS::Zaqar::Subscription ->
2024-08-27 08:05:13.255 51145 INFO heat.engine.environment [-] Registered: [Plugin](User:False) OS::Zaqar::MistralTrigger ->
2024-08-27 08:05:13.255 51145 INFO heat.engine.environment [-] Registered: [Wildcard Mapping](User:False) OS::Quantum* -> OS::Neutron*
2024-08-27 08:05:13.255 51145 INFO heat.engine.environment [-] Registered: [Template](User:False) AWS::CloudWatch::Alarm -> file:///etc/heat/templates/AWS_CloudWatch_Alarm.yaml
2024-08-27 08:05:13.255 51145 INFO heat.engine.environment [-] Registered: [Mapping](User:False) OS::Metering::Alarm -> OS::Aodh::Alarm
2024-08-27 08:05:13.255 51145 INFO heat.engine.environment [-] Registered: [Template](User:False) AWS::RDS::DBInstance -> file:///etc/heat/templates/AWS_RDS_DBInstance.yaml
2024-08-27 08:05:13.255 51145 INFO heat.engine.environment [-] Registered: [Mapping](User:False) OS::Ceilometer::Alarm -> OS::Aodh::Alarm
2024-08-27 08:05:13.256 51145 INFO heat.engine.environment [-] Registered: [Mapping](User:False) OS::Ceilometer::GnocchiResourcesAlarm -> OS::Aodh::GnocchiResourcesAlarm
2024-08-27 08:05:13.256 51145 INFO heat.engine.environment [-] Registered: [Mapping](User:False) OS::Ceilometer::GnocchiAggregationByMetricsAlarm -> OS::Aodh::GnocchiAggregationByMetricsAlarm
2024-08-27 08:05:13.256 51145 INFO heat.engine.environment [-] Registered: [Mapping](User:False) OS::Ceilometer::GnocchiAggregationByResourcesAlarm -> OS::Aodh::GnocchiAggregationByResourcesAlarm
2024-08-27 08:05:13.256 51145 INFO heat.engine.environment [-] Registered: [Mapping](User:False) OS::Ceilometer::CombinationAlarm -> OS::Aodh::CombinationAlarm
2024-08-27 08:05:13.266 51145 DEBUG oslo_concurrency.lockutils [-] Acquired lock "singleton_lock" lock /usr/lib/python3/dist-packages/oslo_concurrency/lockutils.py:294
2024-08-27 08:05:13.266 51145 DEBUG oslo_concurrency.lockutils [-] Releasing lock "singleton_lock" lock /usr/lib/python3/dist-packages/oslo_concurrency/lockutils.py:312
2024-08-27 08:05:13.266 51145 INFO oslo_service.service [-] Starting 4 workers
2024-08-27 08:05:13.270 51145 DEBUG oslo_service.service [-] Started child 51222 _start_child /usr/lib/python3/dist-packages/oslo_service/service.py:575
