2024-08-27 07:24:29.559 37372 DEBUG oslo_service.service [-] clients_monasca.insecure = None log_opt_values /usr/lib/python3/dist-packages/oslo_config/cfg.py:2609
2024-08-27 07:24:29.559 37372 DEBUG oslo_service.service [-] clients_monasca.key_file = None log_opt_values /usr/lib/python3/dist-packages/oslo_config/cfg.py:2609
2024-08-27 07:24:29.560 37372 DEBUG oslo_service.service [-] clients_neutron.ca_file = None log_opt_values /usr/lib/python3/dist-packages/oslo_config/cfg.py:2609
2024-08-27 07:24:29.560 37372 DEBUG oslo_service.service [-] clients_neutron.cert_file = None log_opt_values /usr/lib/python3/dist-packages/oslo_config/cfg.py:2609
2024-08-27 07:24:29.560 37372 DEBUG oslo_service.service [-] clients_neutron.endpoint_type = None log_opt_values /usr/lib/python3/dist-packages/oslo_config/cfg.py:2609
2024-08-27 07:24:29.560 37372 DEBUG oslo_service.service [-] clients_neutron.insecure = None log_opt_values /usr/lib/python3/dist-packages/oslo_config/cfg.py:2609
2024-08-27 07:24:29.560 37372 DEBUG oslo_service.service [-] clients_neutron.key_file = None log_opt_values /usr/lib/python3/dist-packages/oslo_config/cfg.py:2609
2024-08-27 07:24:29.560 37372 DEBUG oslo_service.service [-] clients_nova.ca_file = None log_opt_values /usr/lib/python3/dist-packages/oslo_config/cfg.py:2609
2024-08-27 07:24:29.560 37372 DEBUG oslo_service.service [-] clients_nova.cert_file = None log_opt_values /usr/lib/python3/dist-packages/oslo_config/cfg.py:2609
2024-08-27 07:24:29.560 37372 DEBUG oslo_service.service [-] clients_nova.endpoint_type = None log_opt_values /usr/lib/python3/dist-packages/oslo_config/cfg.py:2609
2024-08-27 07:24:29.560 37372 DEBUG oslo_service.service [-] clients_nova.http_log_debug = False log_opt_values /usr/lib/python3/dist-packages/oslo_config/cfg.py:2609
2024-08-27 07:24:29.561 37372 DEBUG oslo_service.service [-] clients_nova.insecure = None log_opt_values /usr/lib/python3/dist-packages/oslo_config/cfg.py:2609
2024-08-27 07:24:29.561 37372 DEBUG oslo_service.service [-] clients_nova.key_file = None log_opt_values /usr/lib/python3/dist-packages/oslo_config/cfg.py:2609
2024-08-27 07:24:29.561 37372 DEBUG oslo_service.service [-] clients_octavia.ca_file = None log_opt_values /usr/lib/python3/dist-packages/oslo_config/cfg.py:2609
2024-08-27 07:24:29.561 37372 DEBUG oslo_service.service [-] clients_octavia.cert_file = None log_opt_values /usr/lib/python3/dist-packages/oslo_config/cfg.py:2609
2024-08-27 07:24:29.561 37372 DEBUG oslo_service.service [-] clients_octavia.endpoint_type = None log_opt_values /usr/lib/python3/dist-packages/oslo_config/cfg.py:2609
2024-08-27 07:24:29.561 37372 DEBUG oslo_service.service [-] clients_octavia.insecure = None log_opt_values /usr/lib/python3/dist-packages/oslo_config/cfg.py:2609
2024-08-27 07:24:29.561 37372 DEBUG oslo_service.service [-] clients_octavia.key_file = None log_opt_values /usr/lib/python3/dist-packages/oslo_config/cfg.py:2609
2024-08-27 07:24:29.561 37372 DEBUG oslo_service.service [-] clients_sahara.ca_file = None log_opt_values /usr/lib/python3/dist-packages/oslo_config/cfg.py:2609
2024-08-27 07:24:29.562 37372 DEBUG oslo_service.service [-] clients_sahara.cert_file = None log_opt_values /usr/lib/python3/dist-packages/oslo_config/cfg.py:2609
2024-08-27 07:24:29.562 37372 DEBUG oslo_service.service [-] clients_sahara.endpoint_type = None log_opt_values /usr/lib/python3/dist-packages/oslo_config/cfg.py:2609
2024-08-27 07:24:29.562 37372 DEBUG oslo_service.service [-] clients_sahara.insecure = None log_opt_values /usr/lib/python3/dist-packages/oslo_config/cfg.py:2609
2024-08-27 07:24:29.562 37372 DEBUG oslo_service.service [-] clients_sahara.key_file = None log_opt_values /usr/lib/python3/dist-packages/oslo_config/cfg.py:2609
2024-08-27 07:24:29.562 37372 DEBUG oslo_service.service [-] clients_senlin.ca_file = None log_opt_values /usr/lib/python3/dist-packages/oslo_config/cfg.py:2609
2024-08-27 07:24:29.562 37372 DEBUG oslo_service.service [-] clients_senlin.cert_file = None log_opt_values /usr/lib/python3/dist-packages/oslo_config/cfg.py:2609
2024-08-27 07:24:29.562 37372 DEBUG oslo_service.service [-] clients_senlin.endpoint_type = None log_opt_values /usr/lib/python3/dist-packages/oslo_config/cfg.py:2609
2024-08-27 07:24:29.562 37372 DEBUG oslo_service.service [-] clients_senlin.insecure = None log_opt_values /usr/lib/python3/dist-packages/oslo_config/cfg.py:2609
2024-08-27 07:24:29.562 37372 DEBUG oslo_service.service [-] clients_senlin.key_file = None log_opt_values /usr/lib/python3/dist-packages/oslo_config/cfg.py:2609
2024-08-27 07:24:29.563 37372 DEBUG oslo_service.service [-] clients_swift.ca_file = None log_opt_values /usr/lib/python3/dist-packages/oslo_config/cfg.py:2609
2024-08-27 07:24:29.563 37372 DEBUG oslo_service.service [-] clients_swift.cert_file = None log_opt_values /usr/lib/python3/dist-packages/oslo_config/cfg.py:2609
2024-08-27 07:24:29.563 37372 DEBUG oslo_service.service [-] clients_swift.endpoint_type = None log_opt_values /usr/lib/python3/dist-packages/oslo_config/cfg.py:2609
2024-08-27 07:24:29.563 37372 DEBUG oslo_service.service [-] clients_swift.insecure = None log_opt_values /usr/lib/python3/dist-packages/oslo_config/cfg.py:2609
2024-08-27 07:24:29.563 37372 DEBUG oslo_service.service [-] clients_swift.key_file = None log_opt_values /usr/lib/python3/dist-packages/oslo_config/cfg.py:2609
2024-08-27 07:24:29.563 37372 DEBUG oslo_service.service [-] clients_trove.ca_file = None log_opt_values /usr/lib/python3/dist-packages/oslo_config/cfg.py:2609
2024-08-27 07:24:29.563 37372 DEBUG oslo_service.service [-] clients_trove.cert_file = None log_opt_values /usr/lib/python3/dist-packages/oslo_config/cfg.py:2609
2024-08-27 07:24:29.563 37372 DEBUG oslo_service.service [-] clients_trove.endpoint_type = None log_opt_values /usr/lib/python3/dist-packages/oslo_config/cfg.py:2609
2024-08-27 07:24:29.563 37372 DEBUG oslo_service.service [-] clients_trove.insecure = None log_opt_values /usr/lib/python3/dist-packages/oslo_config/cfg.py:2609
2024-08-27 07:24:29.563 37372 DEBUG oslo_service.service [-] clients_trove.key_file = None log_opt_values /usr/lib/python3/dist-packages/oslo_config/cfg.py:2609
2024-08-27 07:24:29.564 37372 DEBUG oslo_service.service [-] clients_vitrage.ca_file = None log_opt_values /usr/lib/python3/dist-packages/oslo_config/cfg.py:2609
2024-08-27 07:24:29.564 37372 DEBUG oslo_service.service [-] clients_vitrage.cert_file = None log_opt_values /usr/lib/python3/dist-packages/oslo_config/cfg.py:2609
2024-08-27 07:24:29.564 37372 DEBUG oslo_service.service [-] clients_vitrage.endpoint_type = None log_opt_values /usr/lib/python3/dist-packages/oslo_config/cfg.py:2609
2024-08-27 07:24:29.564 37372 DEBUG oslo_service.service [-] clients_vitrage.insecure = None log_opt_values /usr/lib/python3/dist-packages/oslo_config/cfg.py:2609
2024-08-27 07:24:29.564 37372 DEBUG oslo_service.service [-] clients_vitrage.key_file = None log_opt_values /usr/lib/python3/dist-packages/oslo_config/cfg.py:2609
2024-08-27 07:24:29.564 37372 DEBUG oslo_service.service [-] clients_zaqar.ca_file = None log_opt_values /usr/lib/python3/dist-packages/oslo_config/cfg.py:2609
2024-08-27 07:24:29.564 37372 DEBUG oslo_service.service [-] clients_zaqar.cert_file = None log_opt_values /usr/lib/python3/dist-packages/oslo_config/cfg.py:2609
2024-08-27 07:24:29.564 37372 DEBUG oslo_service.service [-] clients_zaqar.endpoint_type = None log_opt_values /usr/lib/python3/dist-packages/oslo_config/cfg.py:2609
2024-08-27 07:24:29.564 37372 DEBUG oslo_service.service [-] clients_zaqar.insecure = None log_opt_values /usr/lib/python3/dist-packages/oslo_config/cfg.py:2609
2024-08-27 07:24:29.565 37372 DEBUG oslo_service.service [-] clients_zaqar.key_file = None log_opt_values /usr/lib/python3/dist-packages/oslo_config/cfg.py:2609
2024-08-27 07:24:29.565 37372 DEBUG oslo_service.service [-] database.backend = sqlalchemy log_opt_values /usr/lib/python3/dist-packages/oslo_config/cfg.py:2609
2024-08-27 07:24:29.565 37372 DEBUG oslo_service.service [-] database.connection = **** log_opt_values /usr/lib/python3/dist-packages/oslo_config/cfg.py:2609
2024-08-27 07:24:29.565 37577 INFO heat.engine.worker [-] Starting engine_worker (1.4) in engine 6b828341-3eff-48e7-9a14-8e334977ea01.
2024-08-27 07:24:29.565 37372 DEBUG oslo_service.service [-] database.connection_debug = 0 log_opt_values /usr/lib/python3/dist-packages/oslo_config/cfg.py:2609
2024-08-27 07:24:29.565 37372 DEBUG oslo_service.service [-] database.connection_parameters = log_opt_values /usr/lib/python3/dist-packages/oslo_config/cfg.py:2609
2024-08-27 07:24:29.565 37372 DEBUG oslo_service.service [-] database.connection_recycle_time = 3600 log_opt_values /usr/lib/python3/dist-packages/oslo_config/cfg.py:2609
2024-08-27 07:24:29.565 37372 DEBUG oslo_service.service [-] database.connection_trace = False log_opt_values /usr/lib/python3/dist-packages/oslo_config/cfg.py:2609
2024-08-27 07:24:29.565 37372 DEBUG oslo_service.service [-] database.db_inc_retry_interval = True log_opt_values /usr/lib/python3/dist-packages/oslo_config/cfg.py:2609
2024-08-27 07:24:29.565 37576 INFO heat.engine.worker [-] Starting engine_worker (1.4) in engine 3b1bcdfe-55f9-4150-ab8b-69dab57f9d87.
2024-08-27 07:24:29.565 37372 DEBUG oslo_service.service [-] database.db_max_retries = 20 log_opt_values /usr/lib/python3/dist-packages/oslo_config/cfg.py:2609
2024-08-27 07:24:29.566 37372 DEBUG oslo_service.service [-] database.db_max_retry_interval = 10 log_opt_values /usr/lib/python3/dist-packages/oslo_config/cfg.py:2609
2024-08-27 07:24:29.566 37372 DEBUG oslo_service.service [-] database.db_retry_interval = 1 log_opt_values /usr/lib/python3/dist-packages/oslo_config/cfg.py:2609
2024-08-27 07:24:29.566 37372 DEBUG oslo_service.service [-] database.max_overflow = 50 log_opt_values /usr/lib/python3/dist-packages/oslo_config/cfg.py:2609
2024-08-27 07:24:29.567 37372 DEBUG oslo_service.service [-] database.max_pool_size = 5 log_opt_values /usr/lib/python3/dist-packages/oslo_config/cfg.py:2609
2024-08-27 07:24:29.567 37372 DEBUG oslo_service.service [-] database.max_retries = 10 log_opt_values /usr/lib/python3/dist-packages/oslo_config/cfg.py:2609
2024-08-27 07:24:29.567 37372 DEBUG oslo_service.service [-] database.mysql_enable_ndb = False log_opt_values /usr/lib/python3/dist-packages/oslo_config/cfg.py:2609
2024-08-27 07:24:29.567 37372 DEBUG oslo_service.service [-] database.mysql_sql_mode = TRADITIONAL log_opt_values /usr/lib/python3/dist-packages/oslo_config/cfg.py:2609
2024-08-27 07:24:29.567 37372 DEBUG oslo_service.service [-] database.pool_timeout = None log_opt_values /usr/lib/python3/dist-packages/oslo_config/cfg.py:2609
2024-08-27 07:24:29.567 37372 DEBUG oslo_service.service [-] database.retry_interval = 10 log_opt_values /usr/lib/python3/dist-packages/oslo_config/cfg.py:2609
2024-08-27 07:24:29.567 37372 DEBUG oslo_service.service [-] database.slave_connection = **** log_opt_values /usr/lib/python3/dist-packages/oslo_config/cfg.py:2609
2024-08-27 07:24:29.568 37372 DEBUG oslo_service.service [-] database.sqlite_synchronous = True log_opt_values /usr/lib/python3/dist-packages/oslo_config/cfg.py:2609
2024-08-27 07:24:29.568 37372 DEBUG oslo_service.service [-] database.use_db_reconnect = False log_opt_values /usr/lib/python3/dist-packages/oslo_config/cfg.py:2609
2024-08-27 07:24:29.568 37372 DEBUG oslo_service.service [-] oslo_messaging_metrics.metrics_buffer_size = 1000 log_opt_values /usr/lib/python3/dist-packages/oslo_config/cfg.py:2609
2024-08-27 07:24:29.568 37372 DEBUG oslo_service.service [-] oslo_messaging_metrics.metrics_enabled = False log_opt_values /usr/lib/python3/dist-packages/oslo_config/cfg.py:2609
2024-08-27 07:24:29.568 37372 DEBUG oslo_service.service [-] oslo_messaging_metrics.metrics_process_name = log_opt_values /usr/lib/python3/dist-packages/oslo_config/cfg.py:2609
2024-08-27 07:24:29.568 37372 DEBUG oslo_service.service [-] oslo_messaging_metrics.metrics_socket_file = /var/tmp/metrics_collector.sock log_opt_values /usr/lib/python3/dist-packages/oslo_config/cfg.py:2609
2024-08-27 07:24:29.568 37372 DEBUG oslo_service.service [-] oslo_messaging_metrics.metrics_thread_stop_timeout = 10 log_opt_values /usr/lib/python3/dist-packages/oslo_config/cfg.py:2609
2024-08-27 07:24:29.568 37372 DEBUG oslo_service.service [-] oslo_policy.enforce_new_defaults = False log_opt_values /usr/lib/python3/dist-packages/oslo_config/cfg.py:2609
2024-08-27 07:24:29.568 37372 DEBUG oslo_service.service [-] oslo_policy.enforce_scope = False log_opt_values /usr/lib/python3/dist-packages/oslo_config/cfg.py:2609
2024-08-27 07:24:29.569 37372 DEBUG oslo_service.service [-] oslo_policy.policy_default_rule = default log_opt_values /usr/lib/python3/dist-packages/oslo_config/cfg.py:2609
2024-08-27 07:24:29.569 37372 DEBUG oslo_service.service [-] oslo_policy.policy_dirs = ['policy.d'] log_opt_values /usr/lib/python3/dist-packages/oslo_config/cfg.py:2609
2024-08-27 07:24:29.569 37372 DEBUG oslo_service.service [-] oslo_policy.policy_file = policy.yaml log_opt_values /usr/lib/python3/dist-packages/oslo_config/cfg.py:2609
2024-08-27 07:24:29.569 37372 DEBUG oslo_service.service [-] oslo_policy.remote_content_type = application/x-www-form-urlencoded log_opt_values /usr/lib/python3/dist-packages/oslo_config/cfg.py:2609
2024-08-27 07:24:29.569 37372 DEBUG oslo_service.service [-] oslo_policy.remote_ssl_ca_crt_file = None log_opt_values /usr/lib/python3/dist-packages/oslo_config/cfg.py:2609
2024-08-27 07:24:29.569 37372 DEBUG oslo_service.service [-] oslo_policy.remote_ssl_client_crt_file = None log_opt_values /usr/lib/python3/dist-packages/oslo_config/cfg.py:2609
2024-08-27 07:24:29.569 37372 DEBUG oslo_service.service [-] oslo_policy.remote_ssl_client_key_file = None log_opt_values /usr/lib/python3/dist-packages/oslo_config/cfg.py:2609
2024-08-27 07:24:29.569 37372 DEBUG oslo_service.service [-] oslo_policy.remote_ssl_verify_server_crt = False log_opt_values /usr/lib/python3/dist-packages/oslo_config/cfg.py:2609
2024-08-27 07:24:29.570 37372 DEBUG oslo_service.service [-] trustee.auth_section = None log_opt_values /usr/lib/python3/dist-packages/oslo_config/cfg.py:2609
2024-08-27 07:24:29.570 37372 WARNING oslo_config.cfg [-] Deprecated: Option "auth_plugin" from group "trustee" is deprecated. Use option "auth_type" from group "trustee".
2024-08-27 07:24:29.570 37372 DEBUG oslo_service.service [-] trustee.auth_type = password log_opt_values /usr/lib/python3/dist-packages/oslo_config/cfg.py:2609
2024-08-27 07:24:29.570 37372 DEBUG oslo_service.service [-] oslo_versionedobjects.fatal_exception_format_errors = False log_opt_values /usr/lib/python3/dist-packages/oslo_config/cfg.py:2609
2024-08-27 07:24:29.570 37372 DEBUG oslo_service.service [-] oslo_messaging_rabbit.amqp_auto_delete = False log_opt_values /usr/lib/python3/dist-packages/oslo_config/cfg.py:2609
2024-08-27 07:24:29.570 37372 DEBUG oslo_service.service [-] oslo_messaging_rabbit.amqp_durable_queues = False log_opt_values /usr/lib/python3/dist-packages/oslo_config/cfg.py:2609
2024-08-27 07:24:29.571 37372 DEBUG oslo_service.service [-] oslo_messaging_rabbit.conn_pool_min_size = 2 log_opt_values /usr/lib/python3/dist-packages/oslo_config/cfg.py:2609
2024-08-27 07:24:29.571 37372 DEBUG oslo_service.service [-] oslo_messaging_rabbit.conn_pool_ttl = 1200 log_opt_values /usr/lib/python3/dist-packages/oslo_config/cfg.py:2609
2024-08-27 07:24:29.571 37372 DEBUG oslo_service.service [-] oslo_messaging_rabbit.direct_mandatory_flag = True log_opt_values /usr/lib/python3/dist-packages/oslo_config/cfg.py:2609
2024-08-27 07:24:29.572 37372 DEBUG oslo_service.service [-] oslo_messaging_rabbit.enable_cancel_on_failover = False log_opt_values /usr/lib/python3/dist-packages/oslo_config/cfg.py:2609
2024-08-27 07:24:29.572 37372 DEBUG oslo_service.service [-] oslo_messaging_rabbit.heartbeat_in_pthread = True log_opt_values /usr/lib/python3/dist-packages/oslo_config/cfg.py:2609
2024-08-27 07:24:29.572 37372 DEBUG oslo_service.service [-] oslo_messaging_rabbit.heartbeat_rate = 2 log_opt_values /usr/lib/python3/dist-packages/oslo_config/cfg.py:2609
2024-08-27 07:24:29.572 37372 DEBUG oslo_service.service [-] oslo_messaging_rabbit.heartbeat_timeout_threshold = 60 log_opt_values /usr/lib/python3/dist-packages/oslo_config/cfg.py:2609
2024-08-27 07:24:29.572 37372 DEBUG oslo_service.service [-] oslo_messaging_rabbit.kombu_compression = None log_opt_values /usr/lib/python3/dist-packages/oslo_config/cfg.py:2609
2024-08-27 07:24:29.572 37372 DEBUG oslo_service.service [-] oslo_messaging_rabbit.kombu_failover_strategy = round-robin log_opt_values /usr/lib/python3/dist-packages/oslo_config/cfg.py:2609
2024-08-27 07:24:29.572 37372 DEBUG oslo_service.service [-] oslo_messaging_rabbit.kombu_missing_consumer_retry_timeout = 60 log_opt_values /usr/lib/python3/dist-packages/oslo_config/cfg.py:2609
2024-08-27 07:24:29.573 37372 DEBUG oslo_service.service [-] oslo_messaging_rabbit.kombu_reconnect_delay = 1.0 log_opt_values /usr/lib/python3/dist-packages/oslo_config/cfg.py:2609
2024-08-27 07:24:29.573 37372 DEBUG oslo_service.service [-] oslo_messaging_rabbit.rabbit_ha_queues = False log_opt_values /usr/lib/python3/dist-packages/oslo_config/cfg.py:2609
2024-08-27 07:24:29.573 37372 DEBUG oslo_service.service [-] oslo_messaging_rabbit.rabbit_interval_max = 30 log_opt_values /usr/lib/python3/dist-packages/oslo_config/cfg.py:2609
2024-08-27 07:24:29.573 37372 DEBUG oslo_service.service [-] oslo_messaging_rabbit.rabbit_login_method = AMQPLAIN log_opt_values /usr/lib/python3/dist-packages/oslo_config/cfg.py:2609
2024-08-27 07:24:29.573 37372 DEBUG oslo_service.service [-] oslo_messaging_rabbit.rabbit_qos_prefetch_count = 0 log_opt_values /usr/lib/python3/dist-packages/oslo_config/cfg.py:2609
2024-08-27 07:24:29.573 37372 DEBUG oslo_service.service [-] oslo_messaging_rabbit.rabbit_quorum_queue = False log_opt_values /usr/lib/python3/dist-packages/oslo_config/cfg.py:2609
2024-08-27 07:24:29.573 37372 DEBUG oslo_service.service [-] oslo_messaging_rabbit.rabbit_retry_backoff = 2 log_opt_values /usr/lib/python3/dist-packages/oslo_config/cfg.py:2609
2024-08-27 07:24:29.573 37372 DEBUG oslo_service.service [-] oslo_messaging_rabbit.rabbit_retry_interval = 1 log_opt_values /usr/lib/python3/dist-packages/oslo_config/cfg.py:2609
2024-08-27 07:24:29.573 37372 DEBUG oslo_service.service [-] oslo_messaging_rabbit.rabbit_transient_queues_ttl = 1800 log_opt_values /usr/lib/python3/dist-packages/oslo_config/cfg.py:2609
2024-08-27 07:24:29.574 37372 DEBUG oslo_service.service [-] oslo_messaging_rabbit.rpc_conn_pool_size = 30 log_opt_values /usr/lib/python3/dist-packages/oslo_config/cfg.py:2609
2024-08-27 07:24:29.574 37372 DEBUG oslo_service.service [-] oslo_messaging_rabbit.ssl = False log_opt_values /usr/lib/python3/dist-packages/oslo_config/cfg.py:2609
2024-08-27 07:24:29.574 37372 DEBUG oslo_service.service [-] oslo_messaging_rabbit.ssl_ca_file = log_opt_values /usr/lib/python3/dist-packages/oslo_config/cfg.py:2609
2024-08-27 07:24:29.574 37372 DEBUG oslo_service.service [-] oslo_messaging_rabbit.ssl_cert_file = log_opt_values /usr/lib/python3/dist-packages/oslo_config/cfg.py:2609
2024-08-27 07:24:29.574 37372 DEBUG oslo_service.service [-] oslo_messaging_rabbit.ssl_key_file = log_opt_values /usr/lib/python3/dist-packages/oslo_config/cfg.py:2609
2024-08-27 07:24:29.574 37372 DEBUG oslo_service.service [-] oslo_messaging_rabbit.ssl_version = log_opt_values /usr/lib/python3/dist-packages/oslo_config/cfg.py:2609
2024-08-27 07:24:29.574 37372 DEBUG oslo_service.service [-] oslo_messaging_notifications.driver = [] log_opt_values /usr/lib/python3/dist-packages/oslo_config/cfg.py:2609
2024-08-27 07:24:29.574 37372 DEBUG oslo_service.service [-] oslo_messaging_notifications.retry = -1 log_opt_values /usr/lib/python3/dist-packages/oslo_config/cfg.py:2609
2024-08-27 07:24:29.574 37372 DEBUG oslo_service.service [-] oslo_messaging_notifications.topics = ['notifications'] log_opt_values /usr/lib/python3/dist-packages/oslo_config/cfg.py:2609
2024-08-27 07:24:29.575 37372 DEBUG oslo_service.service [-] oslo_messaging_notifications.transport_url = **** log_opt_values /usr/lib/python3/dist-packages/oslo_config/cfg.py:2609
2024-08-27 07:24:29.575 37372 DEBUG oslo_service.service [-] cache.backend = dogpile.cache.null log_opt_values /usr/lib/python3/dist-packages/oslo_config/cfg.py:2609
2024-08-27 07:24:29.575 37372 DEBUG oslo_service.service [-] cache.backend_argument = **** log_opt_values /usr/lib/python3/dist-packages/oslo_config/cfg.py:2609
2024-08-27 07:24:29.575 37372 DEBUG oslo_service.service [-] cache.config_prefix = cache.oslo log_opt_values /usr/lib/python3/dist-packages/oslo_config/cfg.py:2609
2024-08-27 07:24:29.575 37372 DEBUG oslo_service.service [-] cache.debug_cache_backend = False log_opt_values /usr/lib/python3/dist-packages/oslo_config/cfg.py:2609
2024-08-27 07:24:29.575 37372 DEBUG oslo_service.service [-] cache.enabled = False log_opt_values /usr/lib/python3/dist-packages/oslo_config/cfg.py:2609
2024-08-27 07:24:29.575 37372 DEBUG oslo_service.service [-] cache.expiration_time = 600 log_opt_values /usr/lib/python3/dist-packages/oslo_config/cfg.py:2609
2024-08-27 07:24:29.575 37372 DEBUG oslo_service.service [-] cache.memcache_dead_retry = 300 log_opt_values /usr/lib/python3/dist-packages/oslo_config/cfg.py:2609
2024-08-27 07:24:29.576 37372 DEBUG oslo_service.service [-] cache.memcache_pool_connection_get_timeout = 10 log_opt_values /usr/lib/python3/dist-packages/oslo_config/cfg.py:2609
2024-08-27 07:24:29.576 37372 DEBUG oslo_service.service [-] cache.memcache_pool_flush_on_reconnect = False log_opt_values /usr/lib/python3/dist-packages/oslo_config/cfg.py:2609
2024-08-27 07:24:29.576 37372 DEBUG oslo_service.service [-] cache.memcache_pool_maxsize = 10 log_opt_values /usr/lib/python3/dist-packages/oslo_config/cfg.py:2609
2024-08-27 07:24:29.576 37372 DEBUG oslo_service.service [-] cache.memcache_pool_unused_timeout = 60 log_opt_values /usr/lib/python3/dist-packages/oslo_config/cfg.py:2609
2024-08-27 07:24:29.576 37372 DEBUG oslo_service.service [-] cache.memcache_servers = ['localhost:11211'] log_opt_values /usr/lib/python3/dist-packages/oslo_config/cfg.py:2609
2024-08-27 07:24:29.576 37372 DEBUG oslo_service.service [-] cache.memcache_socket_timeout = 1.0 log_opt_values /usr/lib/python3/dist-packages/oslo_config/cfg.py:2609
2024-08-27 07:24:29.576 37372 DEBUG oslo_service.service [-] cache.proxies = [] log_opt_values /usr/lib/python3/dist-packages/oslo_config/cfg.py:2609
2024-08-27 07:24:29.576 37372 DEBUG oslo_service.service [-] cache.tls_allowed_ciphers = None log_opt_values /usr/lib/python3/dist-packages/oslo_config/cfg.py:2609
2024-08-27 07:24:29.577 37372 DEBUG oslo_service.service [-] cache.tls_cafile = None log_opt_values /usr/lib/python3/dist-packages/oslo_config/cfg.py:2609
2024-08-27 07:24:29.577 37372 DEBUG oslo_service.service [-] cache.tls_certfile = None log_opt_values /usr/lib/python3/dist-packages/oslo_config/cfg.py:2609
2024-08-27 07:24:29.577 37372 DEBUG oslo_service.service [-] cache.tls_enabled = False log_opt_values /usr/lib/python3/dist-packages/oslo_config/cfg.py:2609
2024-08-27 07:24:29.577 37372 DEBUG oslo_service.service [-] cache.tls_keyfile = None log_opt_values /usr/lib/python3/dist-packages/oslo_config/cfg.py:2609
2024-08-27 07:24:29.577 37372 DEBUG oslo_service.service [-] constraint_validation_cache.caching = True log_opt_values /usr/lib/python3/dist-packages/oslo_config/cfg.py:2609
2024-08-27 07:24:29.577 37372 DEBUG oslo_service.service [-] constraint_validation_cache.expiration_time = 60 log_opt_values /usr/lib/python3/dist-packages/oslo_config/cfg.py:2609
2024-08-27 07:24:29.577 37372 DEBUG oslo_service.service [-] service_extension_cache.caching = True log_opt_values /usr/lib/python3/dist-packages/oslo_config/cfg.py:2609
2024-08-27 07:24:29.578 37372 DEBUG oslo_service.service [-] service_extension_cache.expiration_time = 3600 log_opt_values /usr/lib/python3/dist-packages/oslo_config/cfg.py:2609
2024-08-27 07:24:29.578 37372 DEBUG oslo_service.service [-] resource_finder_cache.caching = True log_opt_values /usr/lib/python3/dist-packages/oslo_config/cfg.py:2609
2024-08-27 07:24:29.578 37372 DEBUG oslo_service.service [-] resource_finder_cache.expiration_time = 3600 log_opt_values /usr/lib/python3/dist-packages/oslo_config/cfg.py:2609
2024-08-27 07:24:29.578 37372 DEBUG oslo_service.service [-] yaql.limit_iterators = 200 log_opt_values /usr/lib/python3/dist-packages/oslo_config/cfg.py:2609
2024-08-27 07:24:29.578 37372 DEBUG oslo_service.service [-] yaql.memory_quota = 10000 log_opt_values /usr/lib/python3/dist-packages/oslo_config/cfg.py:2609
2024-08-27 07:24:29.578 37372 DEBUG oslo_service.service [-] ******************************************************************************** log_opt_values /usr/lib/python3/dist-packages/oslo_config/cfg.py:2613
2024-08-27 07:24:29.587 37579 INFO heat.engine.worker [-] Starting engine_worker (1.4) in engine 64c9a223-c47d-4600-8a66-6636b28efa2f.
2024-08-27 07:24:29.589 37578 INFO heat.engine.worker [-] Starting engine_worker (1.4) in engine 706fb1b2-ada6-4271-b0da-ec0aa5fadb0d.
2024-08-27 07:24:29.654 37577 DEBUG oslo_db.sqlalchemy.engines [req-22361f59-ab6e-40a5-be73-55c4217b3fac - - - - -] MySQL server mode set to STRICT_TRANS_TABLES,STRICT_ALL_TABLES,NO_ZERO_IN_DATE,NO_ZERO_DATE,ERROR_FOR_DIVISION_BY_ZERO,TRADITIONAL,NO_ENGINE_SUBSTITUTION _check_effective_sql_mode /usr/lib/python3/dist-packages/oslo_db/sqlalchemy/engines.py:314
2024-08-27 07:24:29.673 37576 DEBUG oslo_db.sqlalchemy.engines [req-7967cf38-13dc-4746-b3cd-26967f8f62fc - - - - -] MySQL server mode set to STRICT_TRANS_TABLES,STRICT_ALL_TABLES,NO_ZERO_IN_DATE,NO_ZERO_DATE,ERROR_FOR_DIVISION_BY_ZERO,TRADITIONAL,NO_ENGINE_SUBSTITUTION _check_effective_sql_mode /usr/lib/python3/dist-packages/oslo_db/sqlalchemy/engines.py:314
2024-08-27 07:24:29.686 37578 DEBUG oslo_db.sqlalchemy.engines [req-f5537720-9005-4e46-b99b-a57231094c37 - - - - -] MySQL server mode set to STRICT_TRANS_TABLES,STRICT_ALL_TABLES,NO_ZERO_IN_DATE,NO_ZERO_DATE,ERROR_FOR_DIVISION_BY_ZERO,TRADITIONAL,NO_ENGINE_SUBSTITUTION _check_effective_sql_mode /usr/lib/python3/dist-packages/oslo_db/sqlalchemy/engines.py:314
2024-08-27 07:24:29.688 37579 DEBUG oslo_db.sqlalchemy.engines [req-171b141d-85ed-4cbf-b213-2bc9c7faba2a - - - - -] MySQL server mode set to STRICT_TRANS_TABLES,STRICT_ALL_TABLES,NO_ZERO_IN_DATE,NO_ZERO_DATE,ERROR_FOR_DIVISION_BY_ZERO,TRADITIONAL,NO_ENGINE_SUBSTITUTION _check_effective_sql_mode /usr/lib/python3/dist-packages/oslo_db/sqlalchemy/engines.py:314
2024-08-27 07:24:30.884 37577 DEBUG heat.engine.service [req-7137bf4b-19d8-465b-93d2-872d817a7bcf - - - - -] Service ab067a71-40e6-465b-b725-2d9a3fd99bcc is started service_manage_report /usr/lib/python3/dist-packages/heat/engine/service.py:2363
2024-08-27 07:24:30.889 37576 DEBUG heat.engine.service [req-e8d957b6-3922-47d8-9264-2abfc4e65c73 - - - - -] Service adf40ba6-5252-404a-ae12-042ec4795153 is started service_manage_report /usr/lib/python3/dist-packages/heat/engine/service.py:2363
2024-08-27 07:24:30.890 37578 DEBUG heat.engine.service [req-ce87816d-3550-4d12-99dc-a1154f7a760f - - - - -] Service 1782aaea-29bf-4bb1-94da-feabbc017a1d is started service_manage_report /usr/lib/python3/dist-packages/heat/engine/service.py:2363
2024-08-27 07:24:30.892 37579 DEBUG heat.engine.service [req-7c064421-f0ec-40b6-8e7c-30b513d78648 - - - - -] Service 2c7316c5-e214-4780-8315-911032575b8e is started service_manage_report /usr/lib/python3/dist-packages/heat/engine/service.py:2363
2024-08-27 07:24:30.938 37577 DEBUG heat.engine.service [req-7137bf4b-19d8-465b-93d2-872d817a7bcf - - - - -] Service ab067a71-40e6-465b-b725-2d9a3fd99bcc is updated service_manage_report /usr/lib/python3/dist-packages/heat/engine/service.py:2370
2024-08-27 07:24:30.942 37579 DEBUG heat.engine.service [req-7c064421-f0ec-40b6-8e7c-30b513d78648 - - - - -] Service 2c7316c5-e214-4780-8315-911032575b8e is updated service_manage_report /usr/lib/python3/dist-packages/heat/engine/service.py:2370
2024-08-27 07:24:30.942 37578 DEBUG heat.engine.service [req-ce87816d-3550-4d12-99dc-a1154f7a760f - - - - -] Service 1782aaea-29bf-4bb1-94da-feabbc017a1d is updated service_manage_report /usr/lib/python3/dist-packages/heat/engine/service.py:2370
2024-08-27 07:24:30.945 37576 DEBUG heat.engine.service [req-e8d957b6-3922-47d8-9264-2abfc4e65c73 - - - - -] Service adf40ba6-5252-404a-ae12-042ec4795153 is updated service_manage_report /usr/lib/python3/dist-packages/heat/engine/service.py:2370
2024-08-27 07:25:29.729 37577 DEBUG heat.engine.service [req-679cee8b-2618-43c2-84c9-70de7b603dc1 - - - - -] Service ab067a71-40e6-465b-b725-2d9a3fd99bcc is updated service_manage_report /usr/lib/python3/dist-packages/heat/engine/service.py:2370
2024-08-27 07:25:29.736 37576 DEBUG heat.engine.service [req-591b0163-dba5-4c50-a7ab-d1ae0a8b74a2 - - - - -] Service adf40ba6-5252-404a-ae12-042ec4795153 is updated service_manage_report /usr/lib/python3/dist-packages/heat/engine/service.py:2370
2024-08-27 07:25:29.755 37579 DEBUG heat.engine.service [req-ef502796-07c2-4178-acb0-76dcf3e81a32 - - - - -] Service 2c7316c5-e214-4780-8315-911032575b8e is updated service_manage_report /usr/lib/python3/dist-packages/heat/engine/service.py:2370
2024-08-27 07:25:29.759 37578 DEBUG heat.engine.service [req-09cdbfff-c49f-4fcf-8413-4a1fbd8bfd3d - - - - -] Service 1782aaea-29bf-4bb1-94da-feabbc017a1d is updated service_manage_report /usr/lib/python3/dist-packages/heat/engine/service.py:2370
2024-08-27 07:26:30.837 37576 DEBUG heat.engine.service [req-7889b0fa-9eb7-4a4a-b8e6-a8551aae4e66 - - - - -] Service adf40ba6-5252-404a-ae12-042ec4795153 is updated service_manage_report /usr/lib/python3/dist-packages/heat/engine/service.py:2370
2024-08-27 07:26:30.842 37578 DEBUG heat.engine.service [req-685704bb-bab2-43d5-aacd-66507f9f6997 - - - - -] Service 1782aaea-29bf-4bb1-94da-feabbc017a1d is updated service_manage_report /usr/lib/python3/dist-packages/heat/engine/service.py:2370
2024-08-27 07:26:30.842 37579 DEBUG heat.engine.service [req-2703c160-a598-4453-8e3c-36a51735a1a6 - - - - -] Service 2c7316c5-e214-4780-8315-911032575b8e is updated service_manage_report /usr/lib/python3/dist-packages/heat/engine/service.py:2370
2024-08-27 07:26:30.842 37577 DEBUG heat.engine.service [req-d55e6b32-f618-4c34-a5b1-eb496eb6aea7 - - - - -] Service ab067a71-40e6-465b-b725-2d9a3fd99bcc is updated service_manage_report /usr/lib/python3/dist-packages/heat/engine/service.py:2370
2024-08-27 07:27:30.347 37577 DEBUG heat.engine.service [req-019097b9-9cff-4301-af69-d1fd1d3df837 - - - - -] Service ab067a71-40e6-465b-b725-2d9a3fd99bcc is updated service_manage_report /usr/lib/python3/dist-packages/heat/engine/service.py:2370
2024-08-27 07:27:30.351 37579 DEBUG heat.engine.service [req-64246419-6aac-43b6-bc60-87868de97d6f - - - - -] Service 2c7316c5-e214-4780-8315-911032575b8e is updated service_manage_report /usr/lib/python3/dist-packages/heat/engine/service.py:2370
2024-08-27 07:27:30.351 37576 DEBUG heat.engine.service [req-15074a4b-3f7a-4fae-8c7a-2762b8307470 - - - - -] Service adf40ba6-5252-404a-ae12-042ec4795153 is updated service_manage_report /usr/lib/python3/dist-packages/heat/engine/service.py:2370
2024-08-27 07:27:30.352 37578 DEBUG heat.engine.service [req-a9b135c4-041e-436e-9a82-606e725b6e20 - - - - -] Service 1782aaea-29bf-4bb1-94da-feabbc017a1d is updated service_manage_report /usr/lib/python3/dist-packages/heat/engine/service.py:2370
2024-08-27 07:28:30.451 37577 DEBUG heat.engine.service [req-353cd305-5c52-4e90-9b8c-47aece1fb9c4 - - - - -] Service ab067a71-40e6-465b-b725-2d9a3fd99bcc is updated service_manage_report /usr/lib/python3/dist-packages/heat/engine/service.py:2370
2024-08-27 07:28:30.495 37576 DEBUG heat.engine.service [req-fc6db6cb-b85b-4e4d-a4b6-1e547dd8cb34 - - - - -] Service adf40ba6-5252-404a-ae12-042ec4795153 is updated service_manage_report /usr/lib/python3/dist-packages/heat/engine/service.py:2370
2024-08-27 07:28:30.495 37579 DEBUG heat.engine.service [req-47450ac6-4168-4660-8c72-f88f911e7f99 - - - - -] Service 2c7316c5-e214-4780-8315-911032575b8e is updated service_manage_report /usr/lib/python3/dist-packages/heat/engine/service.py:2370
2024-08-27 07:28:30.496 37578 DEBUG heat.engine.service [req-70e8557d-cde5-4d7a-877e-08045b26684c - - - - -] Service 1782aaea-29bf-4bb1-94da-feabbc017a1d is updated service_manage_report /usr/lib/python3/dist-packages/heat/engine/service.py:2370
2024-08-27 07:29:30.640 37577 DEBUG heat.engine.service [req-d970e0c6-b7a3-4ddd-9970-846bb28eb8f4 - - - - -] Service ab067a71-40e6-465b-b725-2d9a3fd99bcc is updated service_manage_report /usr/lib/python3/dist-packages/heat/engine/service.py:2370
2024-08-27 07:29:30.641 37579 DEBUG heat.engine.service [req-20495744-07e6-4947-85ea-639eff9c6fce - - - - -] Service 2c7316c5-e214-4780-8315-911032575b8e is updated service_manage_report /usr/lib/python3/dist-packages/heat/engine/service.py:2370
2024-08-27 07:29:30.642 37576 DEBUG heat.engine.service [req-2bdd45b3-4a4a-417e-9057-3201814ceab4 - - - - -] Service adf40ba6-5252-404a-ae12-042ec4795153 is updated service_manage_report /usr/lib/python3/dist-packages/heat/engine/service.py:2370
2024-08-27 07:29:30.643 37578 DEBUG heat.engine.service [req-dab797ef-4a52-4b31-add9-059173d62d81 - - - - -] Service 1782aaea-29bf-4bb1-94da-feabbc017a1d is updated service_manage_report /usr/lib/python3/dist-packages/heat/engine/service.py:2370
2024-08-27 07:30:30.922 37577 DEBUG heat.engine.service [req-a9959950-65c4-4ef0-a148-f136aae51afd - - - - -] Service ab067a71-40e6-465b-b725-2d9a3fd99bcc is updated service_manage_report /usr/lib/python3/dist-packages/heat/engine/service.py:2370
2024-08-27 07:30:30.928 37579 DEBUG heat.engine.service [req-a2d60c96-1b70-48c3-8805-447bffbe88a1 - - - - -] Service 2c7316c5-e214-4780-8315-911032575b8e is updated service_manage_report /usr/lib/python3/dist-packages/heat/engine/service.py:2370
2024-08-27 07:30:30.928 37578 DEBUG heat.engine.service [req-0f5dc3f6-1ade-4a6e-9fc1-e8dcc375473d - - - - -] Service 1782aaea-29bf-4bb1-94da-feabbc017a1d is updated service_manage_report /usr/lib/python3/dist-packages/heat/engine/service.py:2370
2024-08-27 07:30:30.928 37576 DEBUG heat.engine.service [req-0445330e-6a3e-4012-a3de-afa9c7f4c387 - - - - -] Service adf40ba6-5252-404a-ae12-042ec4795153 is updated service_manage_report /usr/lib/python3/dist-packages/heat/engine/service.py:2370
2024-08-27 07:31:29.733 37576 DEBUG heat.engine.service [req-5d8ff9d6-fb98-4088-bc07-1086d1fc6e60 - - - - -] Service adf40ba6-5252-404a-ae12-042ec4795153 is updated service_manage_report /usr/lib/python3/dist-packages/heat/engine/service.py:2370
2024-08-27 07:31:29.735 37577 DEBUG heat.engine.service [req-fa9420b3-2c3b-487a-855c-05b51899e2f2 - - - - -] Service ab067a71-40e6-465b-b725-2d9a3fd99bcc is updated service_manage_report /usr/lib/python3/dist-packages/heat/engine/service.py:2370
2024-08-27 07:31:29.751 37579 DEBUG heat.engine.service [req-dd5044c1-c6a9-4532-8916-f0cff1ac415a - - - - -] Service 2c7316c5-e214-4780-8315-911032575b8e is updated service_manage_report /usr/lib/python3/dist-packages/heat/engine/service.py:2370
2024-08-27 07:31:29.761 37578 DEBUG heat.engine.service [req-6e1cd54d-ae0d-410a-ac21-3ef01ae33b95 - - - - -] Service 1782aaea-29bf-4bb1-94da-feabbc017a1d is updated service_manage_report /usr/lib/python3/dist-packages/heat/engine/service.py:2370
2024-08-27 07:32:29.738 37576 DEBUG heat.engine.service [req-09893ea3-9086-4677-9dca-b184246e9dde - - - - -] Service adf40ba6-5252-404a-ae12-042ec4795153 is updated service_manage_report /usr/lib/python3/dist-packages/heat/engine/service.py:2370
2024-08-27 07:32:29.743 37577 DEBUG heat.engine.service [req-c41da421-42ea-4677-9814-c7f1fe1410a0 - - - - -] Service ab067a71-40e6-465b-b725-2d9a3fd99bcc is updated service_manage_report /usr/lib/python3/dist-packages/heat/engine/service.py:2370
2024-08-27 07:32:29.758 37579 DEBUG heat.engine.service [req-7e06043f-57ab-4b93-9f43-89a0734da923 - - - - -] Service 2c7316c5-e214-4780-8315-911032575b8e is updated service_manage_report /usr/lib/python3/dist-packages/heat/engine/service.py:2370
2024-08-27 07:32:29.765 37578 DEBUG heat.engine.service [req-b63ebb21-3ce3-400b-a882-c8a3dcaa4b88 - - - - -] Service 1782aaea-29bf-4bb1-94da-feabbc017a1d is updated service_manage_report /usr/lib/python3/dist-packages/heat/engine/service.py:2370
2024-08-27 07:33:29.738 37577 DEBUG heat.engine.service [req-868c0287-715e-47d0-9b44-8f65fef359fb - - - - -] Service ab067a71-40e6-465b-b725-2d9a3fd99bcc is updated service_manage_report /usr/lib/python3/dist-packages/heat/engine/service.py:2370
2024-08-27 07:33:29.742 37576 DEBUG heat.engine.service [req-8658cfe7-9cba-4507-9e12-a4b619d7b89f - - - - -] Service adf40ba6-5252-404a-ae12-042ec4795153 is updated service_manage_report /usr/lib/python3/dist-packages/heat/engine/service.py:2370
2024-08-27 07:33:29.751 37579 DEBUG heat.engine.service [req-091fbd2a-6859-4943-b80c-f6a42b5cb343 - - - - -] Service 2c7316c5-e214-4780-8315-911032575b8e is updated service_manage_report /usr/lib/python3/dist-packages/heat/engine/service.py:2370
2024-08-27 07:33:29.767 37578 DEBUG heat.engine.service [req-7f3a891c-0c7c-4b64-b4bf-bfa8ba395ce6 - - - - -] Service 1782aaea-29bf-4bb1-94da-feabbc017a1d is updated service_manage_report /usr/lib/python3/dist-packages/heat/engine/service.py:2370
2024-08-27 07:34:31.001 37577 DEBUG heat.engine.service [req-f52d3517-05be-420c-b7c6-899431bd9502 - - - - -] Service ab067a71-40e6-465b-b725-2d9a3fd99bcc is updated service_manage_report /usr/lib/python3/dist-packages/heat/engine/service.py:2370
2024-08-27 07:34:31.006 37578 DEBUG heat.engine.service [req-d54885ad-6a88-4324-b6a7-76d7341acd86 - - - - -] Service 1782aaea-29bf-4bb1-94da-feabbc017a1d is updated service_manage_report /usr/lib/python3/dist-packages/heat/engine/service.py:2370
2024-08-27 07:34:31.006 37579 DEBUG heat.engine.service [req-94fa3cc6-d383-428f-86dd-713ee0785160 - - - - -] Service 2c7316c5-e214-4780-8315-911032575b8e is updated service_manage_report /usr/lib/python3/dist-packages/heat/engine/service.py:2370
2024-08-27 07:34:31.007 37576 DEBUG heat.engine.service [req-831af1f7-3435-4510-a1d8-fbac47e694ea - - - - -] Service adf40ba6-5252-404a-ae12-042ec4795153 is updated service_manage_report /usr/lib/python3/dist-packages/heat/engine/service.py:2370
2024-08-27 07:35:29.746 37577 DEBUG heat.engine.service [req-fba94914-fe5e-4ef3-abc8-c5c54de14690 - - - - -] Service ab067a71-40e6-465b-b725-2d9a3fd99bcc is updated service_manage_report /usr/lib/python3/dist-packages/heat/engine/service.py:2370
2024-08-27 07:35:29.755 37576 DEBUG heat.engine.service [req-cc856f46-9090-4510-bc04-43abb202de4a - - - - -] Service adf40ba6-5252-404a-ae12-042ec4795153 is updated service_manage_report /usr/lib/python3/dist-packages/heat/engine/service.py:2370
2024-08-27 07:35:29.762 37579 DEBUG heat.engine.service [req-0330e041-c4b7-49a8-9609-5f0779c4e69f - - - - -] Service 2c7316c5-e214-4780-8315-911032575b8e is updated service_manage_report /usr/lib/python3/dist-packages/heat/engine/service.py:2370
2024-08-27 07:35:29.768 37578 DEBUG heat.engine.service [req-3158c8f9-678f-41e7-8e60-d0ab76796c2f - - - - -] Service 1782aaea-29bf-4bb1-94da-feabbc017a1d is updated service_manage_report /usr/lib/python3/dist-packages/heat/engine/service.py:2370
2024-08-27 07:36:30.764 37576 DEBUG heat.engine.service [req-a2f4a239-d616-4f54-91dc-f00e4c78bf2c - - - - -] Service adf40ba6-5252-404a-ae12-042ec4795153 is updated service_manage_report /usr/lib/python3/dist-packages/heat/engine/service.py:2370
2024-08-27 07:36:30.788 37577 DEBUG heat.engine.service [req-d1e0c74f-9bae-408e-9681-b49435f79cdb - - - - -] Service ab067a71-40e6-465b-b725-2d9a3fd99bcc is updated service_manage_report /usr/lib/python3/dist-packages/heat/engine/service.py:2370
2024-08-27 07:36:30.788 37578 DEBUG heat.engine.service [req-678fe1a1-e43f-45cd-8644-0a6eae4f174e - - - - -] Service 1782aaea-29bf-4bb1-94da-feabbc017a1d is updated service_manage_report /usr/lib/python3/dist-packages/heat/engine/service.py:2370
2024-08-27 07:36:30.788 37579 DEBUG heat.engine.service [req-abceca9e-6e9e-45aa-b3e8-43714c03dffb - - - - -] Service 2c7316c5-e214-4780-8315-911032575b8e is updated service_manage_report /usr/lib/python3/dist-packages/heat/engine/service.py:2370
2024-08-27 07:37:30.753 37576 DEBUG heat.engine.service [req-d9443d47-40ad-4a79-b811-48079fe3c7ea - - - - -] Service adf40ba6-5252-404a-ae12-042ec4795153 is updated service_manage_report /usr/lib/python3/dist-packages/heat/engine/service.py:2370
2024-08-27 07:37:30.768 37578 DEBUG heat.engine.service [req-c68d0ca7-0684-4390-b837-291d1ece24a5 - - - - -] Service 1782aaea-29bf-4bb1-94da-feabbc017a1d is updated service_manage_report /usr/lib/python3/dist-packages/heat/engine/service.py:2370
2024-08-27 07:37:30.768 37579 DEBUG heat.engine.service [req-11391946-cc47-453b-af39-8e8063c5fc65 - - - - -] Service 2c7316c5-e214-4780-8315-911032575b8e is updated service_manage_report /usr/lib/python3/dist-packages/heat/engine/service.py:2370
2024-08-27 07:37:30.768 37577 DEBUG heat.engine.service [req-a2aefa49-2400-429b-a066-89cfaac8da01 - - - - -] Service ab067a71-40e6-465b-b725-2d9a3fd99bcc is updated service_manage_report /usr/lib/python3/dist-packages/heat/engine/service.py:2370
2024-08-27 07:38:31.075 37577 DEBUG heat.engine.service [req-c45d2462-c7d5-4303-b0c8-a08c8c356a6a - - - - -] Service ab067a71-40e6-465b-b725-2d9a3fd99bcc is updated service_manage_report /usr/lib/python3/dist-packages/heat/engine/service.py:2370
2024-08-27 07:38:31.075 37579 DEBUG heat.engine.service [req-d41e1e04-182f-421c-a477-d51d5484e285 - - - - -] Service 2c7316c5-e214-4780-8315-911032575b8e is updated service_manage_report /usr/lib/python3/dist-packages/heat/engine/service.py:2370
2024-08-27 07:38:31.075 37578 DEBUG heat.engine.service [req-e2ca8113-3eed-4060-bd76-fabdfec0beb8 - - - - -] Service 1782aaea-29bf-4bb1-94da-feabbc017a1d is updated service_manage_report /usr/lib/python3/dist-packages/heat/engine/service.py:2370
2024-08-27 07:38:31.075 37576 DEBUG heat.engine.service [req-b76ec574-f2ab-4023-839b-81723205dd05 - - - - -] Service adf40ba6-5252-404a-ae12-042ec4795153 is updated service_manage_report /usr/lib/python3/dist-packages/heat/engine/service.py:2370
2024-08-27 07:39:30.401 37576 DEBUG heat.engine.service [req-7ad0163c-e014-4ac0-8ade-ccce821a54e2 - - - - -] Service adf40ba6-5252-404a-ae12-042ec4795153 is updated service_manage_report /usr/lib/python3/dist-packages/heat/engine/service.py:2370
2024-08-27 07:39:30.405 37577 DEBUG heat.engine.service [req-2e676be3-e054-4e2d-9cb8-2267c3dfce17 - - - - -] Service ab067a71-40e6-465b-b725-2d9a3fd99bcc is updated service_manage_report /usr/lib/python3/dist-packages/heat/engine/service.py:2370
2024-08-27 07:39:30.406 37579 DEBUG heat.engine.service [req-126e7779-bc43-4b3d-99e1-d63d145774fd - - - - -] Service 2c7316c5-e214-4780-8315-911032575b8e is updated service_manage_report /usr/lib/python3/dist-packages/heat/engine/service.py:2370
2024-08-27 07:39:30.410 37578 DEBUG heat.engine.service [req-dc41bc70-9d60-43ec-ad98-f5ffe5fd7758 - - - - -] Service 1782aaea-29bf-4bb1-94da-feabbc017a1d is updated service_manage_report /usr/lib/python3/dist-packages/heat/engine/service.py:2370
2024-08-27 07:40:30.332 37576 DEBUG heat.engine.service [req-68c149f7-2137-4867-807b-ed6cf29323fd - - - - -] Service adf40ba6-5252-404a-ae12-042ec4795153 is updated service_manage_report /usr/lib/python3/dist-packages/heat/engine/service.py:2370
2024-08-27 07:40:30.334 37577 DEBUG heat.engine.service [req-a072232f-109a-4d7e-ba1b-9bd048dc2fd3 - - - - -] Service ab067a71-40e6-465b-b725-2d9a3fd99bcc is updated service_manage_report /usr/lib/python3/dist-packages/heat/engine/service.py:2370
2024-08-27 07:40:30.334 37578 DEBUG heat.engine.service [req-0e4fa0b1-814e-4767-8163-896587a06fb0 - - - - -] Service 1782aaea-29bf-4bb1-94da-feabbc017a1d is updated service_manage_report /usr/lib/python3/dist-packages/heat/engine/service.py:2370
2024-08-27 07:40:30.334 37579 DEBUG heat.engine.service [req-021123ee-2df6-4d9c-8a89-b50a2209eaab - - - - -] Service 2c7316c5-e214-4780-8315-911032575b8e is updated service_manage_report /usr/lib/python3/dist-packages/heat/engine/service.py:2370
2024-08-27 07:41:30.029 37577 DEBUG heat.engine.service [req-90339fef-ac6d-456b-8e7b-0d71bdd53e9e - - - - -] Service ab067a71-40e6-465b-b725-2d9a3fd99bcc is updated service_manage_report /usr/lib/python3/dist-packages/heat/engine/service.py:2370
2024-08-27 07:41:30.029 37578 DEBUG heat.engine.service [req-9b0c9216-35b4-4464-8bad-8b2877bf3de1 - - - - -] Service 1782aaea-29bf-4bb1-94da-feabbc017a1d is updated service_manage_report /usr/lib/python3/dist-packages/heat/engine/service.py:2370
2024-08-27 07:41:30.029 37576 DEBUG heat.engine.service [req-07113b70-f1c1-4b3a-8e83-d391f7399b7e - - - - -] Service adf40ba6-5252-404a-ae12-042ec4795153 is updated service_manage_report /usr/lib/python3/dist-packages/heat/engine/service.py:2370
2024-08-27 07:41:30.029 37579 DEBUG heat.engine.service [req-d37c756b-671f-467c-9a1d-7215c823222b - - - - -] Service 2c7316c5-e214-4780-8315-911032575b8e is updated service_manage_report /usr/lib/python3/dist-packages/heat/engine/service.py:2370
2024-08-27 07:42:29.813 37577 DEBUG heat.engine.service [req-9f9d628f-d2c6-4c0c-8443-87d2f4fcf87d - - - - -] Service ab067a71-40e6-465b-b725-2d9a3fd99bcc is updated service_manage_report /usr/lib/python3/dist-packages/heat/engine/service.py:2370
2024-08-27 07:42:29.814 37579 DEBUG heat.engine.service [req-e98b877f-8163-45e6-a19e-39bc2baf5318 - - - - -] Service 2c7316c5-e214-4780-8315-911032575b8e is updated service_manage_report /usr/lib/python3/dist-packages/heat/engine/service.py:2370
2024-08-27 07:42:29.814 37576 DEBUG heat.engine.service [req-8dee5a04-45b3-4a63-96fc-0858dc86384c - - - - -] Service adf40ba6-5252-404a-ae12-042ec4795153 is updated service_manage_report /usr/lib/python3/dist-packages/heat/engine/service.py:2370
2024-08-27 07:42:29.815 37578 DEBUG heat.engine.service [req-1d21610d-c2d1-456b-84f7-5ec260635131 - - - - -] Service 1782aaea-29bf-4bb1-94da-feabbc017a1d is updated service_manage_report /usr/lib/python3/dist-packages/heat/engine/service.py:2370
2024-08-27 07:43:29.750 37576 DEBUG heat.engine.service [req-b596ab47-b141-4208-9309-f2c8d2c1381f - - - - -] Service adf40ba6-5252-404a-ae12-042ec4795153 is updated service_manage_report /usr/lib/python3/dist-packages/heat/engine/service.py:2370
2024-08-27 07:43:29.757 37577 DEBUG heat.engine.service [req-fb43195c-c35a-45bc-a91a-5cb0811c400c - - - - -] Service ab067a71-40e6-465b-b725-2d9a3fd99bcc is updated service_manage_report /usr/lib/python3/dist-packages/heat/engine/service.py:2370
2024-08-27 07:43:29.759 37579 DEBUG heat.engine.service [req-17ba4ee1-efe7-4667-8124-def57641ffdf - - - - -] Service 2c7316c5-e214-4780-8315-911032575b8e is updated service_manage_report /usr/lib/python3/dist-packages/heat/engine/service.py:2370
2024-08-27 07:43:29.777 37578 DEBUG heat.engine.service [req-2db82095-d5d3-4da0-b97e-00f8558abb8d - - - - -] Service 1782aaea-29bf-4bb1-94da-feabbc017a1d is updated service_manage_report /usr/lib/python3/dist-packages/heat/engine/service.py:2370
2024-08-27 07:44:29.769 37576 DEBUG heat.engine.service [req-bc6f1579-59df-4713-bf5b-af96c52a3cdc - - - - -] Service adf40ba6-5252-404a-ae12-042ec4795153 is updated service_manage_report /usr/lib/python3/dist-packages/heat/engine/service.py:2370
2024-08-27 07:44:29.802 37577 DEBUG heat.engine.service [req-0a855842-97ae-4624-9dd1-ecc9b97cdc94 - - - - -] Service ab067a71-40e6-465b-b725-2d9a3fd99bcc is updated service_manage_report /usr/lib/python3/dist-packages/heat/engine/service.py:2370
2024-08-27 07:44:29.804 37579 DEBUG heat.engine.service [req-599cd2e6-6ec2-4f08-af94-e5adf91768e3 - - - - -] Service 2c7316c5-e214-4780-8315-911032575b8e is updated service_manage_report /usr/lib/python3/dist-packages/heat/engine/service.py:2370
2024-08-27 07:44:29.805 37578 DEBUG heat.engine.service [req-7c4c9927-56e5-452d-b6c8-169742631555 - - - - -] Service 1782aaea-29bf-4bb1-94da-feabbc017a1d is updated service_manage_report /usr/lib/python3/dist-packages/heat/engine/service.py:2370
2024-08-27 07:45:30.002 37576 DEBUG heat.engine.service [req-bfe731df-939c-42b5-84df-9b82c097accb - - - - -] Service adf40ba6-5252-404a-ae12-042ec4795153 is updated service_manage_report /usr/lib/python3/dist-packages/heat/engine/service.py:2370
2024-08-27 07:45:30.007 37579 DEBUG heat.engine.service [req-f3e8f86a-62ce-475d-a4a1-13103f6b815d - - - - -] Service 2c7316c5-e214-4780-8315-911032575b8e is updated service_manage_report /usr/lib/python3/dist-packages/heat/engine/service.py:2370
2024-08-27 07:45:30.007 37578 DEBUG heat.engine.service [req-3efe32bf-5956-4ce3-9f7e-923d15ee7845 - - - - -] Service 1782aaea-29bf-4bb1-94da-feabbc017a1d is updated service_manage_report /usr/lib/python3/dist-packages/heat/engine/service.py:2370
2024-08-27 07:45:30.007 37577 DEBUG heat.engine.service [req-d90f6909-25f4-435f-aacd-2be9c9eed7bf - - - - -] Service ab067a71-40e6-465b-b725-2d9a3fd99bcc is updated service_manage_report /usr/lib/python3/dist-packages/heat/engine/service.py:2370
2024-08-27 07:46:31.989 37576 DEBUG heat.engine.service [req-3a013ef4-897a-4639-bf66-ecb4734956be - - - - -] Service adf40ba6-5252-404a-ae12-042ec4795153 is updated service_manage_report /usr/lib/python3/dist-packages/heat/engine/service.py:2370
2024-08-27 07:46:31.999 37577 DEBUG heat.engine.service [req-c8b2f7f5-338d-492f-b443-b60fa586bcb2 - - - - -] Service ab067a71-40e6-465b-b725-2d9a3fd99bcc is updated service_manage_report /usr/lib/python3/dist-packages/heat/engine/service.py:2370
