2025-02-20 00:36:40.060 120847 DEBUG oslo_service.service [req-57d93573-1b98-49ac-bbda-c520f7618030 - - - - -] api.max_limit = 1000 log_opt_values /usr/lib/python3/dist-packages/oslo_config/cfg.py:2609
2025-02-20 00:36:40.060 120847 DEBUG oslo_service.service [req-57d93573-1b98-49ac-bbda-c520f7618030 - - - - -] api.metadata_cache_expiration = 15 log_opt_values /usr/lib/python3/dist-packages/oslo_config/cfg.py:2609
2025-02-20 00:36:40.061 120847 DEBUG oslo_service.service [req-57d93573-1b98-49ac-bbda-c520f7618030 - - - - -] api.neutron_default_tenant_id = default log_opt_values /usr/lib/python3/dist-packages/oslo_config/cfg.py:2609
2025-02-20 00:36:40.061 120847 DEBUG oslo_service.service [req-57d93573-1b98-49ac-bbda-c520f7618030 - - - - -] api.use_forwarded_for = False log_opt_values /usr/lib/python3/dist-packages/oslo_config/cfg.py:2609
2025-02-20 00:36:40.061 120847 DEBUG oslo_service.service [req-57d93573-1b98-49ac-bbda-c520f7618030 - - - - -] api.use_neutron_default_nets = False log_opt_values /usr/lib/python3/dist-packages/oslo_config/cfg.py:2609
2025-02-20 00:36:40.061 120847 DEBUG oslo_service.service [req-57d93573-1b98-49ac-bbda-c520f7618030 - - - - -] api.vendordata_dynamic_connect_timeout = 5 log_opt_values /usr/lib/python3/dist-packages/oslo_config/cfg.py:2609
2025-02-20 00:36:40.062 120847 DEBUG oslo_service.service [req-57d93573-1b98-49ac-bbda-c520f7618030 - - - - -] api.vendordata_dynamic_failure_fatal = False log_opt_values /usr/lib/python3/dist-packages/oslo_config/cfg.py:2609
2025-02-20 00:36:40.062 120847 DEBUG oslo_service.service [req-57d93573-1b98-49ac-bbda-c520f7618030 - - - - -] api.vendordata_dynamic_read_timeout = 5 log_opt_values /usr/lib/python3/dist-packages/oslo_config/cfg.py:2609
2025-02-20 00:36:40.062 120847 DEBUG oslo_service.service [req-57d93573-1b98-49ac-bbda-c520f7618030 - - - - -] api.vendordata_dynamic_ssl_certfile = log_opt_values /usr/lib/python3/dist-packages/oslo_config/cfg.py:2609
2025-02-20 00:36:40.063 120847 DEBUG oslo_service.service [req-57d93573-1b98-49ac-bbda-c520f7618030 - - - - -] api.vendordata_dynamic_targets = [] log_opt_values /usr/lib/python3/dist-packages/oslo_config/cfg.py:2609
2025-02-20 00:36:40.063 120847 DEBUG oslo_service.service [req-57d93573-1b98-49ac-bbda-c520f7618030 - - - - -] api.vendordata_jsonfile_path = None log_opt_values /usr/lib/python3/dist-packages/oslo_config/cfg.py:2609
2025-02-20 00:36:40.063 121623 DEBUG nova.service [req-c4ec7aa7-4c3f-4f7e-b341-c49c8b4fc45c - - - - -] Creating RPC server for service scheduler start /usr/lib/python3/dist-packages/nova/service.py:182
2025-02-20 00:36:40.063 120847 DEBUG oslo_service.service [req-57d93573-1b98-49ac-bbda-c520f7618030 - - - - -] api.vendordata_providers = ['StaticJSON'] log_opt_values /usr/lib/python3/dist-packages/oslo_config/cfg.py:2609
2025-02-20 00:36:40.063 120847 DEBUG oslo_service.service [req-57d93573-1b98-49ac-bbda-c520f7618030 - - - - -] cache.backend = dogpile.cache.null log_opt_values /usr/lib/python3/dist-packages/oslo_config/cfg.py:2609
2025-02-20 00:36:40.064 120847 DEBUG oslo_service.service [req-57d93573-1b98-49ac-bbda-c520f7618030 - - - - -] cache.backend_argument = **** log_opt_values /usr/lib/python3/dist-packages/oslo_config/cfg.py:2609
2025-02-20 00:36:40.064 120847 DEBUG oslo_service.service [req-57d93573-1b98-49ac-bbda-c520f7618030 - - - - -] cache.config_prefix = cache.oslo log_opt_values /usr/lib/python3/dist-packages/oslo_config/cfg.py:2609
2025-02-20 00:36:40.064 120847 DEBUG oslo_service.service [req-57d93573-1b98-49ac-bbda-c520f7618030 - - - - -] cache.debug_cache_backend = False log_opt_values /usr/lib/python3/dist-packages/oslo_config/cfg.py:2609
2025-02-20 00:36:40.065 120847 DEBUG oslo_service.service [req-57d93573-1b98-49ac-bbda-c520f7618030 - - - - -] cache.enabled = False log_opt_values /usr/lib/python3/dist-packages/oslo_config/cfg.py:2609
2025-02-20 00:36:40.065 120847 DEBUG oslo_service.service [req-57d93573-1b98-49ac-bbda-c520f7618030 - - - - -] cache.expiration_time = 600 log_opt_values /usr/lib/python3/dist-packages/oslo_config/cfg.py:2609
2025-02-20 00:36:40.066 120847 DEBUG oslo_service.service [req-57d93573-1b98-49ac-bbda-c520f7618030 - - - - -] cache.memcache_dead_retry = 300 log_opt_values /usr/lib/python3/dist-packages/oslo_config/cfg.py:2609
2025-02-20 00:36:40.066 120847 DEBUG oslo_service.service [req-57d93573-1b98-49ac-bbda-c520f7618030 - - - - -] cache.memcache_pool_connection_get_timeout = 10 log_opt_values /usr/lib/python3/dist-packages/oslo_config/cfg.py:2609
2025-02-20 00:36:40.066 120847 DEBUG oslo_service.service [req-57d93573-1b98-49ac-bbda-c520f7618030 - - - - -] cache.memcache_pool_flush_on_reconnect = False log_opt_values /usr/lib/python3/dist-packages/oslo_config/cfg.py:2609
2025-02-20 00:36:40.066 120847 DEBUG oslo_service.service [req-57d93573-1b98-49ac-bbda-c520f7618030 - - - - -] cache.memcache_pool_maxsize = 10 log_opt_values /usr/lib/python3/dist-packages/oslo_config/cfg.py:2609
2025-02-20 00:36:40.066 120847 DEBUG oslo_service.service [req-57d93573-1b98-49ac-bbda-c520f7618030 - - - - -] cache.memcache_pool_unused_timeout = 60 log_opt_values /usr/lib/python3/dist-packages/oslo_config/cfg.py:2609
2025-02-20 00:36:40.067 120847 DEBUG oslo_service.service [req-57d93573-1b98-49ac-bbda-c520f7618030 - - - - -] cache.memcache_servers = ['localhost:11211'] log_opt_values /usr/lib/python3/dist-packages/oslo_config/cfg.py:2609
2025-02-20 00:36:40.067 120847 DEBUG oslo_service.service [req-57d93573-1b98-49ac-bbda-c520f7618030 - - - - -] cache.memcache_socket_timeout = 1.0 log_opt_values /usr/lib/python3/dist-packages/oslo_config/cfg.py:2609
2025-02-20 00:36:40.067 120847 DEBUG oslo_service.service [req-57d93573-1b98-49ac-bbda-c520f7618030 - - - - -] cache.proxies = [] log_opt_values /usr/lib/python3/dist-packages/oslo_config/cfg.py:2609
2025-02-20 00:36:40.068 120847 DEBUG oslo_service.service [req-57d93573-1b98-49ac-bbda-c520f7618030 - - - - -] cache.tls_allowed_ciphers = None log_opt_values /usr/lib/python3/dist-packages/oslo_config/cfg.py:2609
2025-02-20 00:36:40.068 120847 DEBUG oslo_service.service [req-57d93573-1b98-49ac-bbda-c520f7618030 - - - - -] cache.tls_cafile = None log_opt_values /usr/lib/python3/dist-packages/oslo_config/cfg.py:2609
2025-02-20 00:36:40.068 120847 DEBUG oslo_service.service [req-57d93573-1b98-49ac-bbda-c520f7618030 - - - - -] cache.tls_certfile = None log_opt_values /usr/lib/python3/dist-packages/oslo_config/cfg.py:2609
2025-02-20 00:36:40.068 120847 DEBUG oslo_service.service [req-57d93573-1b98-49ac-bbda-c520f7618030 - - - - -] cache.tls_enabled = False log_opt_values /usr/lib/python3/dist-packages/oslo_config/cfg.py:2609
2025-02-20 00:36:40.068 120847 DEBUG oslo_service.service [req-57d93573-1b98-49ac-bbda-c520f7618030 - - - - -] cache.tls_keyfile = None log_opt_values /usr/lib/python3/dist-packages/oslo_config/cfg.py:2609
2025-02-20 00:36:40.068 120847 DEBUG oslo_service.service [req-57d93573-1b98-49ac-bbda-c520f7618030 - - - - -] cinder.auth_section = None log_opt_values /usr/lib/python3/dist-packages/oslo_config/cfg.py:2609
2025-02-20 00:36:40.069 120847 DEBUG oslo_service.service [req-57d93573-1b98-49ac-bbda-c520f7618030 - - - - -] cinder.auth_type = None log_opt_values /usr/lib/python3/dist-packages/oslo_config/cfg.py:2609
2025-02-20 00:36:40.069 120847 DEBUG oslo_service.service [req-57d93573-1b98-49ac-bbda-c520f7618030 - - - - -] cinder.cafile = None log_opt_values /usr/lib/python3/dist-packages/oslo_config/cfg.py:2609
2025-02-20 00:36:40.069 120847 DEBUG oslo_service.service [req-57d93573-1b98-49ac-bbda-c520f7618030 - - - - -] cinder.catalog_info = volumev3::publicURL log_opt_values /usr/lib/python3/dist-packages/oslo_config/cfg.py:2609
2025-02-20 00:36:40.083 120847 DEBUG oslo_service.service [req-57d93573-1b98-49ac-bbda-c520f7618030 - - - - -] cinder.certfile = None log_opt_values /usr/lib/python3/dist-packages/oslo_config/cfg.py:2609
2025-02-20 00:36:40.070 121621 DEBUG nova.service [req-2b05130f-7f68-479f-b3be-3b85f46a5c67 - - - - -] Creating RPC server for service scheduler start /usr/lib/python3/dist-packages/nova/service.py:182
2025-02-20 00:36:40.083 120847 DEBUG oslo_service.service [req-57d93573-1b98-49ac-bbda-c520f7618030 - - - - -] cinder.collect_timing = False log_opt_values /usr/lib/python3/dist-packages/oslo_config/cfg.py:2609
2025-02-20 00:36:40.084 120847 DEBUG oslo_service.service [req-57d93573-1b98-49ac-bbda-c520f7618030 - - - - -] cinder.cross_az_attach = True log_opt_values /usr/lib/python3/dist-packages/oslo_config/cfg.py:2609
2025-02-20 00:36:40.084 120847 DEBUG oslo_service.service [req-57d93573-1b98-49ac-bbda-c520f7618030 - - - - -] cinder.debug = False log_opt_values /usr/lib/python3/dist-packages/oslo_config/cfg.py:2609
2025-02-20 00:36:40.084 120847 DEBUG oslo_service.service [req-57d93573-1b98-49ac-bbda-c520f7618030 - - - - -] cinder.endpoint_template = None log_opt_values /usr/lib/python3/dist-packages/oslo_config/cfg.py:2609
2025-02-20 00:36:40.084 120847 DEBUG oslo_service.service [req-57d93573-1b98-49ac-bbda-c520f7618030 - - - - -] cinder.http_retries = 3 log_opt_values /usr/lib/python3/dist-packages/oslo_config/cfg.py:2609
2025-02-20 00:36:40.084 120847 DEBUG oslo_service.service [req-57d93573-1b98-49ac-bbda-c520f7618030 - - - - -] cinder.insecure = False log_opt_values /usr/lib/python3/dist-packages/oslo_config/cfg.py:2609
2025-02-20 00:36:40.085 120847 DEBUG oslo_service.service [req-57d93573-1b98-49ac-bbda-c520f7618030 - - - - -] cinder.keyfile = None log_opt_values /usr/lib/python3/dist-packages/oslo_config/cfg.py:2609
2025-02-20 00:36:40.085 120847 DEBUG oslo_service.service [req-57d93573-1b98-49ac-bbda-c520f7618030 - - - - -] cinder.os_region_name = None log_opt_values /usr/lib/python3/dist-packages/oslo_config/cfg.py:2609
2025-02-20 00:36:40.086 120847 DEBUG oslo_service.service [req-57d93573-1b98-49ac-bbda-c520f7618030 - - - - -] cinder.split_loggers = False log_opt_values /usr/lib/python3/dist-packages/oslo_config/cfg.py:2609
2025-02-20 00:36:40.086 120847 DEBUG oslo_service.service [req-57d93573-1b98-49ac-bbda-c520f7618030 - - - - -] cinder.timeout = None log_opt_values /usr/lib/python3/dist-packages/oslo_config/cfg.py:2609
2025-02-20 00:36:40.086 120847 DEBUG oslo_service.service [req-57d93573-1b98-49ac-bbda-c520f7618030 - - - - -] compute.consecutive_build_service_disable_threshold = 10 log_opt_values /usr/lib/python3/dist-packages/oslo_config/cfg.py:2609
2025-02-20 00:36:40.087 120847 DEBUG oslo_service.service [req-57d93573-1b98-49ac-bbda-c520f7618030 - - - - -] compute.cpu_dedicated_set = None log_opt_values /usr/lib/python3/dist-packages/oslo_config/cfg.py:2609
2025-02-20 00:36:40.087 120847 DEBUG oslo_service.service [req-57d93573-1b98-49ac-bbda-c520f7618030 - - - - -] compute.cpu_shared_set = None log_opt_values /usr/lib/python3/dist-packages/oslo_config/cfg.py:2609
2025-02-20 00:36:40.087 120847 DEBUG oslo_service.service [req-57d93573-1b98-49ac-bbda-c520f7618030 - - - - -] compute.image_type_exclude_list = [] log_opt_values /usr/lib/python3/dist-packages/oslo_config/cfg.py:2609
2025-02-20 00:36:40.087 120847 DEBUG oslo_service.service [req-57d93573-1b98-49ac-bbda-c520f7618030 - - - - -] compute.live_migration_wait_for_vif_plug = True log_opt_values /usr/lib/python3/dist-packages/oslo_config/cfg.py:2609
2025-02-20 00:36:40.086 121619 DEBUG nova.service [req-4a27fb3a-9ec7-4c57-9c94-3ba1429e1d27 - - - - -] Creating RPC server for service scheduler start /usr/lib/python3/dist-packages/nova/service.py:182
2025-02-20 00:36:40.087 120847 DEBUG oslo_service.service [req-57d93573-1b98-49ac-bbda-c520f7618030 - - - - -] compute.max_concurrent_disk_ops = 0 log_opt_values /usr/lib/python3/dist-packages/oslo_config/cfg.py:2609
2025-02-20 00:36:40.088 120847 DEBUG oslo_service.service [req-57d93573-1b98-49ac-bbda-c520f7618030 - - - - -] compute.max_disk_devices_to_attach = -1 log_opt_values /usr/lib/python3/dist-packages/oslo_config/cfg.py:2609
2025-02-20 00:36:40.088 120847 DEBUG oslo_service.service [req-57d93573-1b98-49ac-bbda-c520f7618030 - - - - -] compute.packing_host_numa_cells_allocation_strategy = True log_opt_values /usr/lib/python3/dist-packages/oslo_config/cfg.py:2609
2025-02-20 00:36:40.088 120847 DEBUG oslo_service.service [req-57d93573-1b98-49ac-bbda-c520f7618030 - - - - -] compute.provider_config_location = /etc/nova/provider_config/ log_opt_values /usr/lib/python3/dist-packages/oslo_config/cfg.py:2609
2025-02-20 00:36:40.088 120847 DEBUG oslo_service.service [req-57d93573-1b98-49ac-bbda-c520f7618030 - - - - -] compute.resource_provider_association_refresh = 300 log_opt_values /usr/lib/python3/dist-packages/oslo_config/cfg.py:2609
2025-02-20 00:36:40.089 120847 DEBUG oslo_service.service [req-57d93573-1b98-49ac-bbda-c520f7618030 - - - - -] compute.shutdown_retry_interval = 10 log_opt_values /usr/lib/python3/dist-packages/oslo_config/cfg.py:2609
2025-02-20 00:36:40.090 120847 DEBUG oslo_service.service [req-57d93573-1b98-49ac-bbda-c520f7618030 - - - - -] compute.vmdk_allowed_types = ['streamOptimized', 'monolithicSparse'] log_opt_values /usr/lib/python3/dist-packages/oslo_config/cfg.py:2609
2025-02-20 00:36:40.090 120847 DEBUG oslo_service.service [req-57d93573-1b98-49ac-bbda-c520f7618030 - - - - -] conductor.workers = 4 log_opt_values /usr/lib/python3/dist-packages/oslo_config/cfg.py:2609
2025-02-20 00:36:40.090 120847 DEBUG oslo_service.service [req-57d93573-1b98-49ac-bbda-c520f7618030 - - - - -] console.allowed_origins = [] log_opt_values /usr/lib/python3/dist-packages/oslo_config/cfg.py:2609
2025-02-20 00:36:40.090 120847 DEBUG oslo_service.service [req-57d93573-1b98-49ac-bbda-c520f7618030 - - - - -] console.ssl_ciphers = None log_opt_values /usr/lib/python3/dist-packages/oslo_config/cfg.py:2609
2025-02-20 00:36:40.091 120847 DEBUG oslo_service.service [req-57d93573-1b98-49ac-bbda-c520f7618030 - - - - -] console.ssl_minimum_version = default log_opt_values /usr/lib/python3/dist-packages/oslo_config/cfg.py:2609
2025-02-20 00:36:40.091 120847 DEBUG oslo_service.service [req-57d93573-1b98-49ac-bbda-c520f7618030 - - - - -] consoleauth.token_ttl = 600 log_opt_values /usr/lib/python3/dist-packages/oslo_config/cfg.py:2609
2025-02-20 00:36:40.091 120847 DEBUG oslo_service.service [req-57d93573-1b98-49ac-bbda-c520f7618030 - - - - -] cyborg.cafile = None log_opt_values /usr/lib/python3/dist-packages/oslo_config/cfg.py:2609
2025-02-20 00:36:40.091 120847 DEBUG oslo_service.service [req-57d93573-1b98-49ac-bbda-c520f7618030 - - - - -] cyborg.certfile = None log_opt_values /usr/lib/python3/dist-packages/oslo_config/cfg.py:2609
2025-02-20 00:36:40.091 120847 DEBUG oslo_service.service [req-57d93573-1b98-49ac-bbda-c520f7618030 - - - - -] cyborg.collect_timing = False log_opt_values /usr/lib/python3/dist-packages/oslo_config/cfg.py:2609
2025-02-20 00:36:40.091 120847 DEBUG oslo_service.service [req-57d93573-1b98-49ac-bbda-c520f7618030 - - - - -] cyborg.connect_retries = None log_opt_values /usr/lib/python3/dist-packages/oslo_config/cfg.py:2609
2025-02-20 00:36:40.092 120847 DEBUG oslo_service.service [req-57d93573-1b98-49ac-bbda-c520f7618030 - - - - -] cyborg.connect_retry_delay = None log_opt_values /usr/lib/python3/dist-packages/oslo_config/cfg.py:2609
2025-02-20 00:36:40.092 120847 DEBUG oslo_service.service [req-57d93573-1b98-49ac-bbda-c520f7618030 - - - - -] cyborg.endpoint_override = None log_opt_values /usr/lib/python3/dist-packages/oslo_config/cfg.py:2609
2025-02-20 00:36:40.092 120847 DEBUG oslo_service.service [req-57d93573-1b98-49ac-bbda-c520f7618030 - - - - -] cyborg.insecure = False log_opt_values /usr/lib/python3/dist-packages/oslo_config/cfg.py:2609
2025-02-20 00:36:40.092 120847 DEBUG oslo_service.service [req-57d93573-1b98-49ac-bbda-c520f7618030 - - - - -] cyborg.keyfile = None log_opt_values /usr/lib/python3/dist-packages/oslo_config/cfg.py:2609
2025-02-20 00:36:40.092 120847 DEBUG oslo_service.service [req-57d93573-1b98-49ac-bbda-c520f7618030 - - - - -] cyborg.max_version = None log_opt_values /usr/lib/python3/dist-packages/oslo_config/cfg.py:2609
2025-02-20 00:36:40.092 120847 DEBUG oslo_service.service [req-57d93573-1b98-49ac-bbda-c520f7618030 - - - - -] cyborg.min_version = None log_opt_values /usr/lib/python3/dist-packages/oslo_config/cfg.py:2609
2025-02-20 00:36:40.093 120847 DEBUG oslo_service.service [req-57d93573-1b98-49ac-bbda-c520f7618030 - - - - -] cyborg.region_name = None log_opt_values /usr/lib/python3/dist-packages/oslo_config/cfg.py:2609
2025-02-20 00:36:40.093 120847 DEBUG oslo_service.service [req-57d93573-1b98-49ac-bbda-c520f7618030 - - - - -] cyborg.service_name = None log_opt_values /usr/lib/python3/dist-packages/oslo_config/cfg.py:2609
2025-02-20 00:36:40.093 120847 DEBUG oslo_service.service [req-57d93573-1b98-49ac-bbda-c520f7618030 - - - - -] cyborg.service_type = accelerator log_opt_values /usr/lib/python3/dist-packages/oslo_config/cfg.py:2609
2025-02-20 00:36:40.093 120847 DEBUG oslo_service.service [req-57d93573-1b98-49ac-bbda-c520f7618030 - - - - -] cyborg.split_loggers = False log_opt_values /usr/lib/python3/dist-packages/oslo_config/cfg.py:2609
2025-02-20 00:36:40.093 120847 DEBUG oslo_service.service [req-57d93573-1b98-49ac-bbda-c520f7618030 - - - - -] cyborg.status_code_retries = None log_opt_values /usr/lib/python3/dist-packages/oslo_config/cfg.py:2609
2025-02-20 00:36:40.093 120847 DEBUG oslo_service.service [req-57d93573-1b98-49ac-bbda-c520f7618030 - - - - -] cyborg.status_code_retry_delay = None log_opt_values /usr/lib/python3/dist-packages/oslo_config/cfg.py:2609
2025-02-20 00:36:40.093 120847 DEBUG oslo_service.service [req-57d93573-1b98-49ac-bbda-c520f7618030 - - - - -] cyborg.timeout = None log_opt_values /usr/lib/python3/dist-packages/oslo_config/cfg.py:2609
2025-02-20 00:36:40.094 120847 DEBUG oslo_service.service [req-57d93573-1b98-49ac-bbda-c520f7618030 - - - - -] cyborg.valid_interfaces = ['internal', 'public'] log_opt_values /usr/lib/python3/dist-packages/oslo_config/cfg.py:2609
2025-02-20 00:36:40.094 120847 DEBUG oslo_service.service [req-57d93573-1b98-49ac-bbda-c520f7618030 - - - - -] cyborg.version = None log_opt_values /usr/lib/python3/dist-packages/oslo_config/cfg.py:2609
2025-02-20 00:36:40.094 120847 DEBUG oslo_service.service [req-57d93573-1b98-49ac-bbda-c520f7618030 - - - - -] database.backend = sqlalchemy log_opt_values /usr/lib/python3/dist-packages/oslo_config/cfg.py:2609
2025-02-20 00:36:40.095 120847 DEBUG oslo_service.service [req-57d93573-1b98-49ac-bbda-c520f7618030 - - - - -] database.connection = **** log_opt_values /usr/lib/python3/dist-packages/oslo_config/cfg.py:2609
2025-02-20 00:36:40.095 120847 DEBUG oslo_service.service [req-57d93573-1b98-49ac-bbda-c520f7618030 - - - - -] database.connection_debug = 0 log_opt_values /usr/lib/python3/dist-packages/oslo_config/cfg.py:2609
2025-02-20 00:36:40.095 120847 DEBUG oslo_service.service [req-57d93573-1b98-49ac-bbda-c520f7618030 - - - - -] database.connection_parameters = log_opt_values /usr/lib/python3/dist-packages/oslo_config/cfg.py:2609
2025-02-20 00:36:40.095 120847 DEBUG oslo_service.service [req-57d93573-1b98-49ac-bbda-c520f7618030 - - - - -] database.connection_recycle_time = 3600 log_opt_values /usr/lib/python3/dist-packages/oslo_config/cfg.py:2609
2025-02-20 00:36:40.095 120847 DEBUG oslo_service.service [req-57d93573-1b98-49ac-bbda-c520f7618030 - - - - -] database.connection_trace = False log_opt_values /usr/lib/python3/dist-packages/oslo_config/cfg.py:2609
2025-02-20 00:36:40.096 120847 DEBUG oslo_service.service [req-57d93573-1b98-49ac-bbda-c520f7618030 - - - - -] database.db_inc_retry_interval = True log_opt_values /usr/lib/python3/dist-packages/oslo_config/cfg.py:2609
2025-02-20 00:36:40.096 120847 DEBUG oslo_service.service [req-57d93573-1b98-49ac-bbda-c520f7618030 - - - - -] database.db_max_retries = 20 log_opt_values /usr/lib/python3/dist-packages/oslo_config/cfg.py:2609
2025-02-20 00:36:40.096 120847 DEBUG oslo_service.service [req-57d93573-1b98-49ac-bbda-c520f7618030 - - - - -] database.db_max_retry_interval = 10 log_opt_values /usr/lib/python3/dist-packages/oslo_config/cfg.py:2609
2025-02-20 00:36:40.096 120847 DEBUG oslo_service.service [req-57d93573-1b98-49ac-bbda-c520f7618030 - - - - -] database.db_retry_interval = 1 log_opt_values /usr/lib/python3/dist-packages/oslo_config/cfg.py:2609
2025-02-20 00:36:40.096 120847 DEBUG oslo_service.service [req-57d93573-1b98-49ac-bbda-c520f7618030 - - - - -] database.max_overflow = 50 log_opt_values /usr/lib/python3/dist-packages/oslo_config/cfg.py:2609
2025-02-20 00:36:40.096 120847 DEBUG oslo_service.service [req-57d93573-1b98-49ac-bbda-c520f7618030 - - - - -] database.max_pool_size = 4 log_opt_values /usr/lib/python3/dist-packages/oslo_config/cfg.py:2609
2025-02-20 00:36:40.096 120847 DEBUG oslo_service.service [req-57d93573-1b98-49ac-bbda-c520f7618030 - - - - -] database.max_retries = 10 log_opt_values /usr/lib/python3/dist-packages/oslo_config/cfg.py:2609
2025-02-20 00:36:40.097 120847 DEBUG oslo_service.service [req-57d93573-1b98-49ac-bbda-c520f7618030 - - - - -] database.mysql_enable_ndb = False log_opt_values /usr/lib/python3/dist-packages/oslo_config/cfg.py:2609
2025-02-20 00:36:40.097 120847 DEBUG oslo_service.service [req-57d93573-1b98-49ac-bbda-c520f7618030 - - - - -] database.mysql_sql_mode = TRADITIONAL log_opt_values /usr/lib/python3/dist-packages/oslo_config/cfg.py:2609
2025-02-20 00:36:40.097 121623 DEBUG oslo_messaging._drivers.amqpdriver [-] Listener is running poll /usr/lib/python3/dist-packages/oslo_messaging/_drivers/amqpdriver.py:343
2025-02-20 00:36:40.097 120847 DEBUG oslo_service.service [req-57d93573-1b98-49ac-bbda-c520f7618030 - - - - -] database.pool_timeout = None log_opt_values /usr/lib/python3/dist-packages/oslo_config/cfg.py:2609
2025-02-20 00:36:40.097 120847 DEBUG oslo_service.service [req-57d93573-1b98-49ac-bbda-c520f7618030 - - - - -] database.retry_interval = 10 log_opt_values /usr/lib/python3/dist-packages/oslo_config/cfg.py:2609
2025-02-20 00:36:40.097 121623 DEBUG oslo_messaging._drivers.amqpdriver [-] AMQPListener connection consume poll /usr/lib/python3/dist-packages/oslo_messaging/_drivers/amqpdriver.py:357
2025-02-20 00:36:40.097 120847 DEBUG oslo_service.service [req-57d93573-1b98-49ac-bbda-c520f7618030 - - - - -] database.slave_connection = **** log_opt_values /usr/lib/python3/dist-packages/oslo_config/cfg.py:2609
2025-02-20 00:36:40.097 120847 DEBUG oslo_service.service [req-57d93573-1b98-49ac-bbda-c520f7618030 - - - - -] database.sqlite_synchronous = True log_opt_values /usr/lib/python3/dist-packages/oslo_config/cfg.py:2609
2025-02-20 00:36:40.098 120847 DEBUG oslo_service.service [req-57d93573-1b98-49ac-bbda-c520f7618030 - - - - -] database.use_db_reconnect = False log_opt_values /usr/lib/python3/dist-packages/oslo_config/cfg.py:2609
2025-02-20 00:36:40.098 120847 DEBUG oslo_service.service [req-57d93573-1b98-49ac-bbda-c520f7618030 - - - - -] api_database.backend = sqlalchemy log_opt_values /usr/lib/python3/dist-packages/oslo_config/cfg.py:2609
2025-02-20 00:36:40.098 120847 DEBUG oslo_service.service [req-57d93573-1b98-49ac-bbda-c520f7618030 - - - - -] api_database.connection = **** log_opt_values /usr/lib/python3/dist-packages/oslo_config/cfg.py:2609
2025-02-20 00:36:40.098 121623 DEBUG nova.service [req-c4ec7aa7-4c3f-4f7e-b341-c49c8b4fc45c - - - - -] Join ServiceGroup membership for this service scheduler start /usr/lib/python3/dist-packages/nova/service.py:199
2025-02-20 00:36:40.098 120847 DEBUG oslo_service.service [req-57d93573-1b98-49ac-bbda-c520f7618030 - - - - -] api_database.connection_debug = 0 log_opt_values /usr/lib/python3/dist-packages/oslo_config/cfg.py:2609
2025-02-20 00:36:40.098 120847 DEBUG oslo_service.service [req-57d93573-1b98-49ac-bbda-c520f7618030 - - - - -] api_database.connection_parameters = log_opt_values /usr/lib/python3/dist-packages/oslo_config/cfg.py:2609
2025-02-20 00:36:40.098 121623 DEBUG nova.servicegroup.drivers.db [req-c4ec7aa7-4c3f-4f7e-b341-c49c8b4fc45c - - - - -] DB_Driver: join new ServiceGroup member juju-1fcd98-0-lxd-7 to the scheduler group, service = join /usr/lib/python3/dist-packages/nova/servicegroup/drivers/db.py:44
2025-02-20 00:36:40.098 120847 DEBUG oslo_service.service [req-57d93573-1b98-49ac-bbda-c520f7618030 - - - - -] api_database.connection_recycle_time = 3600 log_opt_values /usr/lib/python3/dist-packages/oslo_config/cfg.py:2609
2025-02-20 00:36:40.099 120847 DEBUG oslo_service.service [req-57d93573-1b98-49ac-bbda-c520f7618030 - - - - -] api_database.connection_trace = False log_opt_values /usr/lib/python3/dist-packages/oslo_config/cfg.py:2609
2025-02-20 00:36:40.099 120847 DEBUG oslo_service.service [req-57d93573-1b98-49ac-bbda-c520f7618030 - - - - -] api_database.db_inc_retry_interval = True log_opt_values /usr/lib/python3/dist-packages/oslo_config/cfg.py:2609
2025-02-20 00:36:40.099 120847 DEBUG oslo_service.service [req-57d93573-1b98-49ac-bbda-c520f7618030 - - - - -] api_database.db_max_retries = 20 log_opt_values /usr/lib/python3/dist-packages/oslo_config/cfg.py:2609
2025-02-20 00:36:40.099 120847 DEBUG oslo_service.service [req-57d93573-1b98-49ac-bbda-c520f7618030 - - - - -] api_database.db_max_retry_interval = 10 log_opt_values /usr/lib/python3/dist-packages/oslo_config/cfg.py:2609
2025-02-20 00:36:40.100 120847 DEBUG oslo_service.service [req-57d93573-1b98-49ac-bbda-c520f7618030 - - - - -] api_database.db_retry_interval = 1 log_opt_values /usr/lib/python3/dist-packages/oslo_config/cfg.py:2609
2025-02-20 00:36:40.100 120847 DEBUG oslo_service.service [req-57d93573-1b98-49ac-bbda-c520f7618030 - - - - -] api_database.max_overflow = 50 log_opt_values /usr/lib/python3/dist-packages/oslo_config/cfg.py:2609
2025-02-20 00:36:40.100 120847 DEBUG oslo_service.service [req-57d93573-1b98-49ac-bbda-c520f7618030 - - - - -] api_database.max_pool_size = 4 log_opt_values /usr/lib/python3/dist-packages/oslo_config/cfg.py:2609
2025-02-20 00:36:40.100 120847 DEBUG oslo_service.service [req-57d93573-1b98-49ac-bbda-c520f7618030 - - - - -] api_database.max_retries = 10 log_opt_values /usr/lib/python3/dist-packages/oslo_config/cfg.py:2609
2025-02-20 00:36:40.100 120847 DEBUG oslo_service.service [req-57d93573-1b98-49ac-bbda-c520f7618030 - - - - -] api_database.mysql_enable_ndb = False log_opt_values /usr/lib/python3/dist-packages/oslo_config/cfg.py:2609
2025-02-20 00:36:40.101 120847 DEBUG oslo_service.service [req-57d93573-1b98-49ac-bbda-c520f7618030 - - - - -] api_database.mysql_sql_mode = TRADITIONAL log_opt_values /usr/lib/python3/dist-packages/oslo_config/cfg.py:2609
2025-02-20 00:36:40.101 120847 DEBUG oslo_service.service [req-57d93573-1b98-49ac-bbda-c520f7618030 - - - - -] api_database.pool_timeout = None log_opt_values /usr/lib/python3/dist-packages/oslo_config/cfg.py:2609
2025-02-20 00:36:40.101 120847 DEBUG oslo_service.service [req-57d93573-1b98-49ac-bbda-c520f7618030 - - - - -] api_database.retry_interval = 10 log_opt_values /usr/lib/python3/dist-packages/oslo_config/cfg.py:2609
2025-02-20 00:36:40.101 120847 DEBUG oslo_service.service [req-57d93573-1b98-49ac-bbda-c520f7618030 - - - - -] api_database.slave_connection = **** log_opt_values /usr/lib/python3/dist-packages/oslo_config/cfg.py:2609
2025-02-20 00:36:40.101 120847 DEBUG oslo_service.service [req-57d93573-1b98-49ac-bbda-c520f7618030 - - - - -] api_database.sqlite_synchronous = True log_opt_values /usr/lib/python3/dist-packages/oslo_config/cfg.py:2609
2025-02-20 00:36:40.101 121623 DEBUG oslo_messaging._drivers.amqpdriver [-] AMQPListener connection timeout poll /usr/lib/python3/dist-packages/oslo_messaging/_drivers/amqpdriver.py:360
2025-02-20 00:36:40.101 120847 DEBUG oslo_service.service [req-57d93573-1b98-49ac-bbda-c520f7618030 - - - - -] devices.enabled_mdev_types = [] log_opt_values /usr/lib/python3/dist-packages/oslo_config/cfg.py:2609
2025-02-20 00:36:40.101 121623 DEBUG oslo_messaging._drivers.amqpdriver [-] Listener is running poll /usr/lib/python3/dist-packages/oslo_messaging/_drivers/amqpdriver.py:343
2025-02-20 00:36:40.102 120847 DEBUG oslo_service.service [req-57d93573-1b98-49ac-bbda-c520f7618030 - - - - -] ephemeral_storage_encryption.cipher = aes-xts-plain64 log_opt_values /usr/lib/python3/dist-packages/oslo_config/cfg.py:2609
2025-02-20 00:36:40.102 120847 DEBUG oslo_service.service [req-57d93573-1b98-49ac-bbda-c520f7618030 - - - - -] ephemeral_storage_encryption.enabled = False log_opt_values /usr/lib/python3/dist-packages/oslo_config/cfg.py:2609
2025-02-20 00:36:40.102 121623 DEBUG oslo_messaging._drivers.amqpdriver [-] AMQPListener connection consume poll /usr/lib/python3/dist-packages/oslo_messaging/_drivers/amqpdriver.py:357
2025-02-20 00:36:40.102 120847 DEBUG oslo_service.service [req-57d93573-1b98-49ac-bbda-c520f7618030 - - - - -] ephemeral_storage_encryption.key_size = 512 log_opt_values /usr/lib/python3/dist-packages/oslo_config/cfg.py:2609
2025-02-20 00:36:40.102 120847 WARNING oslo_config.cfg [req-57d93573-1b98-49ac-bbda-c520f7618030 - - - - -] Deprecated: Option "api_servers" from group "glance" is deprecated for removal ( Support for image service configuration via standard keystoneauth1 Adapter options was added in the 17.0.0 Queens release. The api_servers option was retained temporarily to allow consumers time to cut over to a real load balancing solution. ). Its value may be silently ignored in the future.
2025-02-20 00:36:40.102 120847 DEBUG oslo_service.service [req-57d93573-1b98-49ac-bbda-c520f7618030 - - - - -] glance.api_servers = ['http://252.24.119.32:9292'] log_opt_values /usr/lib/python3/dist-packages/oslo_config/cfg.py:2609
2025-02-20 00:36:40.103 120847 DEBUG oslo_service.service [req-57d93573-1b98-49ac-bbda-c520f7618030 - - - - -] glance.cafile = None log_opt_values /usr/lib/python3/dist-packages/oslo_config/cfg.py:2609
2025-02-20 00:36:40.103 120847 DEBUG oslo_service.service [req-57d93573-1b98-49ac-bbda-c520f7618030 - - - - -] glance.certfile = None log_opt_values /usr/lib/python3/dist-packages/oslo_config/cfg.py:2609
2025-02-20 00:36:40.103 120847 DEBUG oslo_service.service [req-57d93573-1b98-49ac-bbda-c520f7618030 - - - - -] glance.collect_timing = False log_opt_values /usr/lib/python3/dist-packages/oslo_config/cfg.py:2609
2025-02-20 00:36:40.103 120847 DEBUG oslo_service.service [req-57d93573-1b98-49ac-bbda-c520f7618030 - - - - -] glance.connect_retries = None log_opt_values /usr/lib/python3/dist-packages/oslo_config/cfg.py:2609
2025-02-20 00:36:40.104 120847 DEBUG oslo_service.service [req-57d93573-1b98-49ac-bbda-c520f7618030 - - - - -] glance.connect_retry_delay = None log_opt_values /usr/lib/python3/dist-packages/oslo_config/cfg.py:2609
2025-02-20 00:36:40.104 120847 DEBUG oslo_service.service [req-57d93573-1b98-49ac-bbda-c520f7618030 - - - - -] glance.debug = False log_opt_values /usr/lib/python3/dist-packages/oslo_config/cfg.py:2609
2025-02-20 00:36:40.104 120847 DEBUG oslo_service.service [req-57d93573-1b98-49ac-bbda-c520f7618030 - - - - -] glance.default_trusted_certificate_ids = [] log_opt_values /usr/lib/python3/dist-packages/oslo_config/cfg.py:2609
2025-02-20 00:36:40.104 120847 DEBUG oslo_service.service [req-57d93573-1b98-49ac-bbda-c520f7618030 - - - - -] glance.enable_certificate_validation = False log_opt_values /usr/lib/python3/dist-packages/oslo_config/cfg.py:2609
2025-02-20 00:36:40.104 120847 DEBUG oslo_service.service [req-57d93573-1b98-49ac-bbda-c520f7618030 - - - - -] glance.enable_rbd_download = False log_opt_values /usr/lib/python3/dist-packages/oslo_config/cfg.py:2609
2025-02-20 00:36:40.105 120847 DEBUG oslo_service.service [req-57d93573-1b98-49ac-bbda-c520f7618030 - - - - -] glance.endpoint_override = None log_opt_values /usr/lib/python3/dist-packages/oslo_config/cfg.py:2609
2025-02-20 00:36:40.105 120847 DEBUG oslo_service.service [req-57d93573-1b98-49ac-bbda-c520f7618030 - - - - -] glance.insecure = False log_opt_values /usr/lib/python3/dist-packages/oslo_config/cfg.py:2609
2025-02-20 00:36:40.105 120847 DEBUG oslo_service.service [req-57d93573-1b98-49ac-bbda-c520f7618030 - - - - -] glance.keyfile = None log_opt_values /usr/lib/python3/dist-packages/oslo_config/cfg.py:2609
2025-02-20 00:36:40.105 120847 DEBUG oslo_service.service [req-57d93573-1b98-49ac-bbda-c520f7618030 - - - - -] glance.max_version = None log_opt_values /usr/lib/python3/dist-packages/oslo_config/cfg.py:2609
2025-02-20 00:36:40.106 120847 DEBUG oslo_service.service [req-57d93573-1b98-49ac-bbda-c520f7618030 - - - - -] glance.min_version = None log_opt_values /usr/lib/python3/dist-packages/oslo_config/cfg.py:2609
2025-02-20 00:36:40.106 120847 DEBUG oslo_service.service [req-57d93573-1b98-49ac-bbda-c520f7618030 - - - - -] glance.num_retries = 3 log_opt_values /usr/lib/python3/dist-packages/oslo_config/cfg.py:2609
2025-02-20 00:36:40.106 120847 DEBUG oslo_service.service [req-57d93573-1b98-49ac-bbda-c520f7618030 - - - - -] glance.rbd_ceph_conf = log_opt_values /usr/lib/python3/dist-packages/oslo_config/cfg.py:2609
2025-02-20 00:36:40.106 120847 DEBUG oslo_service.service [req-57d93573-1b98-49ac-bbda-c520f7618030 - - - - -] glance.rbd_connect_timeout = 5 log_opt_values /usr/lib/python3/dist-packages/oslo_config/cfg.py:2609
2025-02-20 00:36:40.106 120847 DEBUG oslo_service.service [req-57d93573-1b98-49ac-bbda-c520f7618030 - - - - -] glance.rbd_pool = log_opt_values /usr/lib/python3/dist-packages/oslo_config/cfg.py:2609
2025-02-20 00:36:40.106 120847 DEBUG oslo_service.service [req-57d93573-1b98-49ac-bbda-c520f7618030 - - - - -] glance.rbd_user = log_opt_values /usr/lib/python3/dist-packages/oslo_config/cfg.py:2609
2025-02-20 00:36:40.107 120847 DEBUG oslo_service.service [req-57d93573-1b98-49ac-bbda-c520f7618030 - - - - -] glance.region_name = None log_opt_values /usr/lib/python3/dist-packages/oslo_config/cfg.py:2609
2025-02-20 00:36:40.107 120847 DEBUG oslo_service.service [req-57d93573-1b98-49ac-bbda-c520f7618030 - - - - -] glance.service_name = None log_opt_values /usr/lib/python3/dist-packages/oslo_config/cfg.py:2609
2025-02-20 00:36:40.106 121618 DEBUG oslo_messaging._drivers.amqpdriver [-] Listener is running poll /usr/lib/python3/dist-packages/oslo_messaging/_drivers/amqpdriver.py:343
2025-02-20 00:36:40.107 120847 DEBUG oslo_service.service [req-57d93573-1b98-49ac-bbda-c520f7618030 - - - - -] glance.service_type = image log_opt_values /usr/lib/python3/dist-packages/oslo_config/cfg.py:2609
2025-02-20 00:36:40.107 121618 DEBUG oslo_messaging._drivers.amqpdriver [-] AMQPListener connection consume poll /usr/lib/python3/dist-packages/oslo_messaging/_drivers/amqpdriver.py:357
2025-02-20 00:36:40.107 120847 DEBUG oslo_service.service [req-57d93573-1b98-49ac-bbda-c520f7618030 - - - - -] glance.split_loggers = False log_opt_values /usr/lib/python3/dist-packages/oslo_config/cfg.py:2609
2025-02-20 00:36:40.107 120847 DEBUG oslo_service.service [req-57d93573-1b98-49ac-bbda-c520f7618030 - - - - -] glance.status_code_retries = None log_opt_values /usr/lib/python3/dist-packages/oslo_config/cfg.py:2609
2025-02-20 00:36:40.107 120847 DEBUG oslo_service.service [req-57d93573-1b98-49ac-bbda-c520f7618030 - - - - -] glance.status_code_retry_delay = None log_opt_values /usr/lib/python3/dist-packages/oslo_config/cfg.py:2609
2025-02-20 00:36:40.107 120847 DEBUG oslo_service.service [req-57d93573-1b98-49ac-bbda-c520f7618030 - - - - -] glance.timeout = None log_opt_values /usr/lib/python3/dist-packages/oslo_config/cfg.py:2609
2025-02-20 00:36:40.108 120847 DEBUG oslo_service.service [req-57d93573-1b98-49ac-bbda-c520f7618030 - - - - -] glance.valid_interfaces = ['internal', 'public'] log_opt_values /usr/lib/python3/dist-packages/oslo_config/cfg.py:2609
2025-02-20 00:36:40.108 121618 DEBUG nova.service [req-ef26d77f-4879-4ac4-8e1b-60f151bbd498 - - - - -] Join ServiceGroup membership for this service scheduler start /usr/lib/python3/dist-packages/nova/service.py:199
2025-02-20 00:36:40.108 120847 DEBUG oslo_service.service [req-57d93573-1b98-49ac-bbda-c520f7618030 - - - - -] glance.verify_glance_signatures = False log_opt_values /usr/lib/python3/dist-packages/oslo_config/cfg.py:2609
2025-02-20 00:36:40.108 121618 DEBUG nova.servicegroup.drivers.db [req-ef26d77f-4879-4ac4-8e1b-60f151bbd498 - - - - -] DB_Driver: join new ServiceGroup member juju-1fcd98-0-lxd-7 to the scheduler group, service = join /usr/lib/python3/dist-packages/nova/servicegroup/drivers/db.py:44
2025-02-20 00:36:40.108 120847 DEBUG oslo_service.service [req-57d93573-1b98-49ac-bbda-c520f7618030 - - - - -] glance.version = None log_opt_values /usr/lib/python3/dist-packages/oslo_config/cfg.py:2609
2025-02-20 00:36:40.108 120847 DEBUG oslo_service.service [req-57d93573-1b98-49ac-bbda-c520f7618030 - - - - -] guestfs.debug = False log_opt_values /usr/lib/python3/dist-packages/oslo_config/cfg.py:2609
2025-02-20 00:36:40.108 120847 DEBUG oslo_service.service [req-57d93573-1b98-49ac-bbda-c520f7618030 - - - - -] hyperv.config_drive_cdrom = False log_opt_values /usr/lib/python3/dist-packages/oslo_config/cfg.py:2609
2025-02-20 00:36:40.108 120847 DEBUG oslo_service.service [req-57d93573-1b98-49ac-bbda-c520f7618030 - - - - -] hyperv.config_drive_inject_password = False log_opt_values /usr/lib/python3/dist-packages/oslo_config/cfg.py:2609
2025-02-20 00:36:40.109 120847 DEBUG oslo_service.service [req-57d93573-1b98-49ac-bbda-c520f7618030 - - - - -] hyperv.dynamic_memory_ratio = 1.0 log_opt_values /usr/lib/python3/dist-packages/oslo_config/cfg.py:2609
2025-02-20 00:36:40.109 120847 DEBUG oslo_service.service [req-57d93573-1b98-49ac-bbda-c520f7618030 - - - - -] hyperv.enable_instance_metrics_collection = False log_opt_values /usr/lib/python3/dist-packages/oslo_config/cfg.py:2609
2025-02-20 00:36:40.109 120847 DEBUG oslo_service.service [req-57d93573-1b98-49ac-bbda-c520f7618030 - - - - -] hyperv.enable_remotefx = False log_opt_values /usr/lib/python3/dist-packages/oslo_config/cfg.py:2609
2025-02-20 00:36:40.109 120847 DEBUG oslo_service.service [req-57d93573-1b98-49ac-bbda-c520f7618030 - - - - -] hyperv.instances_path_share = log_opt_values /usr/lib/python3/dist-packages/oslo_config/cfg.py:2609
2025-02-20 00:36:40.109 120847 DEBUG oslo_service.service [req-57d93573-1b98-49ac-bbda-c520f7618030 - - - - -] hyperv.iscsi_initiator_list = [] log_opt_values /usr/lib/python3/dist-packages/oslo_config/cfg.py:2609
2025-02-20 00:36:40.109 120847 DEBUG oslo_service.service [req-57d93573-1b98-49ac-bbda-c520f7618030 - - - - -] hyperv.limit_cpu_features = False log_opt_values /usr/lib/python3/dist-packages/oslo_config/cfg.py:2609
2025-02-20 00:36:40.110 120847 DEBUG oslo_service.service [req-57d93573-1b98-49ac-bbda-c520f7618030 - - - - -] hyperv.mounted_disk_query_retry_count = 10 log_opt_values /usr/lib/python3/dist-packages/oslo_config/cfg.py:2609
2025-02-20 00:36:40.110 120847 DEBUG oslo_service.service [req-57d93573-1b98-49ac-bbda-c520f7618030 - - - - -] hyperv.mounted_disk_query_retry_interval = 5 log_opt_values /usr/lib/python3/dist-packages/oslo_config/cfg.py:2609
2025-02-20 00:36:40.110 120847 DEBUG oslo_service.service [req-57d93573-1b98-49ac-bbda-c520f7618030 - - - - -] hyperv.power_state_check_timeframe = 60 log_opt_values /usr/lib/python3/dist-packages/oslo_config/cfg.py:2609
2025-02-20 00:36:40.110 120847 DEBUG oslo_service.service [req-57d93573-1b98-49ac-bbda-c520f7618030 - - - - -] hyperv.power_state_event_polling_interval = 2 log_opt_values /usr/lib/python3/dist-packages/oslo_config/cfg.py:2609
2025-02-20 00:36:40.110 120847 DEBUG oslo_service.service [req-57d93573-1b98-49ac-bbda-c520f7618030 - - - - -] hyperv.qemu_img_cmd = qemu-img.exe log_opt_values /usr/lib/python3/dist-packages/oslo_config/cfg.py:2609
2025-02-20 00:36:40.110 120847 DEBUG oslo_service.service [req-57d93573-1b98-49ac-bbda-c520f7618030 - - - - -] hyperv.use_multipath_io = False log_opt_values /usr/lib/python3/dist-packages/oslo_config/cfg.py:2609
2025-02-20 00:36:40.110 121618 DEBUG oslo_messaging._drivers.amqpdriver [-] AMQPListener connection timeout poll /usr/lib/python3/dist-packages/oslo_messaging/_drivers/amqpdriver.py:360
2025-02-20 00:36:40.110 120847 DEBUG oslo_service.service [req-57d93573-1b98-49ac-bbda-c520f7618030 - - - - -] hyperv.volume_attach_retry_count = 10 log_opt_values /usr/lib/python3/dist-packages/oslo_config/cfg.py:2609
2025-02-20 00:36:40.111 121618 DEBUG oslo_messaging._drivers.amqpdriver [-] Listener is running poll /usr/lib/python3/dist-packages/oslo_messaging/_drivers/amqpdriver.py:343
2025-02-20 00:36:40.111 120847 DEBUG oslo_service.service [req-57d93573-1b98-49ac-bbda-c520f7618030 - - - - -] hyperv.volume_attach_retry_interval = 5 log_opt_values /usr/lib/python3/dist-packages/oslo_config/cfg.py:2609
2025-02-20 00:36:40.111 121618 DEBUG oslo_messaging._drivers.amqpdriver [-] AMQPListener connection consume poll /usr/lib/python3/dist-packages/oslo_messaging/_drivers/amqpdriver.py:357
2025-02-20 00:36:40.111 120847 DEBUG oslo_service.service [req-57d93573-1b98-49ac-bbda-c520f7618030 - - - - -] hyperv.vswitch_name = None log_opt_values /usr/lib/python3/dist-packages/oslo_config/cfg.py:2609
2025-02-20 00:36:40.111 120847 DEBUG oslo_service.service [req-57d93573-1b98-49ac-bbda-c520f7618030 - - - - -] hyperv.wait_soft_reboot_seconds = 60 log_opt_values /usr/lib/python3/dist-packages/oslo_config/cfg.py:2609
2025-02-20 00:36:40.111 120847 DEBUG oslo_service.service [req-57d93573-1b98-49ac-bbda-c520f7618030 - - - - -] mks.enabled = False log_opt_values /usr/lib/python3/dist-packages/oslo_config/cfg.py:2609
2025-02-20 00:36:40.112 120847 DEBUG oslo_service.service [req-57d93573-1b98-49ac-bbda-c520f7618030 - - - - -] mks.mksproxy_base_url = http://127.0.0.1:6090/ log_opt_values /usr/lib/python3/dist-packages/oslo_config/cfg.py:2609
2025-02-20 00:36:40.112 120847 DEBUG oslo_service.service [req-57d93573-1b98-49ac-bbda-c520f7618030 - - - - -] image_cache.manager_interval = 2400 log_opt_values /usr/lib/python3/dist-packages/oslo_config/cfg.py:2609
2025-02-20 00:36:40.112 120847 DEBUG oslo_service.service [req-57d93573-1b98-49ac-bbda-c520f7618030 - - - - -] image_cache.precache_concurrency = 1 log_opt_values /usr/lib/python3/dist-packages/oslo_config/cfg.py:2609
2025-02-20 00:36:40.113 120847 DEBUG oslo_service.service [req-57d93573-1b98-49ac-bbda-c520f7618030 - - - - -] image_cache.remove_unused_base_images = True log_opt_values /usr/lib/python3/dist-packages/oslo_config/cfg.py:2609
2025-02-20 00:36:40.113 120847 DEBUG oslo_service.service [req-57d93573-1b98-49ac-bbda-c520f7618030 - - - - -] image_cache.remove_unused_original_minimum_age_seconds = 86400 log_opt_values /usr/lib/python3/dist-packages/oslo_config/cfg.py:2609
2025-02-20 00:36:40.113 120847 DEBUG oslo_service.service [req-57d93573-1b98-49ac-bbda-c520f7618030 - - - - -] image_cache.remove_unused_resized_minimum_age_seconds = 3600 log_opt_values /usr/lib/python3/dist-packages/oslo_config/cfg.py:2609
2025-02-20 00:36:40.113 120847 DEBUG oslo_service.service [req-57d93573-1b98-49ac-bbda-c520f7618030 - - - - -] image_cache.subdirectory_name = _base log_opt_values /usr/lib/python3/dist-packages/oslo_config/cfg.py:2609
2025-02-20 00:36:40.113 120847 DEBUG oslo_service.service [req-57d93573-1b98-49ac-bbda-c520f7618030 - - - - -] ironic.api_max_retries = 60 log_opt_values /usr/lib/python3/dist-packages/oslo_config/cfg.py:2609
2025-02-20 00:36:40.114 120847 DEBUG oslo_service.service [req-57d93573-1b98-49ac-bbda-c520f7618030 - - - - -] ironic.api_retry_interval = 2 log_opt_values /usr/lib/python3/dist-packages/oslo_config/cfg.py:2609
2025-02-20 00:36:40.114 120847 DEBUG oslo_service.service [req-57d93573-1b98-49ac-bbda-c520f7618030 - - - - -] ironic.auth_section = None log_opt_values /usr/lib/python3/dist-packages/oslo_config/cfg.py:2609
2025-02-20 00:36:40.114 120847 DEBUG oslo_service.service [req-57d93573-1b98-49ac-bbda-c520f7618030 - - - - -] ironic.auth_type = None log_opt_values /usr/lib/python3/dist-packages/oslo_config/cfg.py:2609
2025-02-20 00:36:40.114 120847 DEBUG oslo_service.service [req-57d93573-1b98-49ac-bbda-c520f7618030 - - - - -] ironic.cafile = None log_opt_values /usr/lib/python3/dist-packages/oslo_config/cfg.py:2609
2025-02-20 00:36:40.114 120847 DEBUG oslo_service.service [req-57d93573-1b98-49ac-bbda-c520f7618030 - - - - -] ironic.certfile = None log_opt_values /usr/lib/python3/dist-packages/oslo_config/cfg.py:2609
2025-02-20 00:36:40.114 120847 DEBUG oslo_service.service [req-57d93573-1b98-49ac-bbda-c520f7618030 - - - - -] ironic.collect_timing = False log_opt_values /usr/lib/python3/dist-packages/oslo_config/cfg.py:2609
2025-02-20 00:36:40.114 120847 DEBUG oslo_service.service [req-57d93573-1b98-49ac-bbda-c520f7618030 - - - - -] ironic.connect_retries = None log_opt_values /usr/lib/python3/dist-packages/oslo_config/cfg.py:2609
2025-02-20 00:36:40.115 120847 DEBUG oslo_service.service [req-57d93573-1b98-49ac-bbda-c520f7618030 - - - - -] ironic.connect_retry_delay = None log_opt_values /usr/lib/python3/dist-packages/oslo_config/cfg.py:2609
2025-02-20 00:36:40.115 120847 DEBUG oslo_service.service [req-57d93573-1b98-49ac-bbda-c520f7618030 - - - - -] ironic.endpoint_override = None log_opt_values /usr/lib/python3/dist-packages/oslo_config/cfg.py:2609
2025-02-20 00:36:40.116 121621 DEBUG oslo_messaging._drivers.amqpdriver [-] Listener is running poll /usr/lib/python3/dist-packages/oslo_messaging/_drivers/amqpdriver.py:343
2025-02-20 00:36:40.115 120847 DEBUG oslo_service.service [req-57d93573-1b98-49ac-bbda-c520f7618030 - - - - -] ironic.insecure = False log_opt_values /usr/lib/python3/dist-packages/oslo_config/cfg.py:2609
2025-02-20 00:36:40.117 121621 DEBUG oslo_messaging._drivers.amqpdriver [-] AMQPListener connection consume poll /usr/lib/python3/dist-packages/oslo_messaging/_drivers/amqpdriver.py:357
2025-02-20 00:36:40.117 120847 DEBUG oslo_service.service [req-57d93573-1b98-49ac-bbda-c520f7618030 - - - - -] ironic.keyfile = None log_opt_values /usr/lib/python3/dist-packages/oslo_config/cfg.py:2609
2025-02-20 00:36:40.117 120847 DEBUG oslo_service.service [req-57d93573-1b98-49ac-bbda-c520f7618030 - - - - -] ironic.max_version = None log_opt_values /usr/lib/python3/dist-packages/oslo_config/cfg.py:2609
2025-02-20 00:36:40.117 120847 DEBUG oslo_service.service [req-57d93573-1b98-49ac-bbda-c520f7618030 - - - - -] ironic.min_version = None log_opt_values /usr/lib/python3/dist-packages/oslo_config/cfg.py:2609
2025-02-20 00:36:40.117 120847 DEBUG oslo_service.service [req-57d93573-1b98-49ac-bbda-c520f7618030 - - - - -] ironic.partition_key = None log_opt_values /usr/lib/python3/dist-packages/oslo_config/cfg.py:2609
2025-02-20 00:36:40.117 121621 DEBUG nova.service [req-2b05130f-7f68-479f-b3be-3b85f46a5c67 - - - - -] Join ServiceGroup membership for this service scheduler start /usr/lib/python3/dist-packages/nova/service.py:199
2025-02-20 00:36:40.118 120847 DEBUG oslo_service.service [req-57d93573-1b98-49ac-bbda-c520f7618030 - - - - -] ironic.peer_list = [] log_opt_values /usr/lib/python3/dist-packages/oslo_config/cfg.py:2609
2025-02-20 00:36:40.118 120847 DEBUG oslo_service.service [req-57d93573-1b98-49ac-bbda-c520f7618030 - - - - -] ironic.region_name = None log_opt_values /usr/lib/python3/dist-packages/oslo_config/cfg.py:2609
2025-02-20 00:36:40.118 121621 DEBUG nova.servicegroup.drivers.db [req-2b05130f-7f68-479f-b3be-3b85f46a5c67 - - - - -] DB_Driver: join new ServiceGroup member juju-1fcd98-0-lxd-7 to the scheduler group, service = join /usr/lib/python3/dist-packages/nova/servicegroup/drivers/db.py:44
2025-02-20 00:36:40.118 120847 DEBUG oslo_service.service [req-57d93573-1b98-49ac-bbda-c520f7618030 - - - - -] ironic.serial_console_state_timeout = 10 log_opt_values /usr/lib/python3/dist-packages/oslo_config/cfg.py:2609
2025-02-20 00:36:40.118 120847 DEBUG oslo_service.service [req-57d93573-1b98-49ac-bbda-c520f7618030 - - - - -] ironic.service_name = None log_opt_values /usr/lib/python3/dist-packages/oslo_config/cfg.py:2609
2025-02-20 00:36:40.118 120847 DEBUG oslo_service.service [req-57d93573-1b98-49ac-bbda-c520f7618030 - - - - -] ironic.service_type = baremetal log_opt_values /usr/lib/python3/dist-packages/oslo_config/cfg.py:2609
2025-02-20 00:36:40.118 120847 DEBUG oslo_service.service [req-57d93573-1b98-49ac-bbda-c520f7618030 - - - - -] ironic.split_loggers = False log_opt_values /usr/lib/python3/dist-packages/oslo_config/cfg.py:2609
2025-02-20 00:36:40.119 120847 DEBUG oslo_service.service [req-57d93573-1b98-49ac-bbda-c520f7618030 - - - - -] ironic.status_code_retries = None log_opt_values /usr/lib/python3/dist-packages/oslo_config/cfg.py:2609
2025-02-20 00:36:40.119 120847 DEBUG oslo_service.service [req-57d93573-1b98-49ac-bbda-c520f7618030 - - - - -] ironic.status_code_retry_delay = None log_opt_values /usr/lib/python3/dist-packages/oslo_config/cfg.py:2609
2025-02-20 00:36:40.119 120847 DEBUG oslo_service.service [req-57d93573-1b98-49ac-bbda-c520f7618030 - - - - -] ironic.timeout = None log_opt_values /usr/lib/python3/dist-packages/oslo_config/cfg.py:2609
2025-02-20 00:36:40.119 120847 DEBUG oslo_service.service [req-57d93573-1b98-49ac-bbda-c520f7618030 - - - - -] ironic.valid_interfaces = ['internal', 'public'] log_opt_values /usr/lib/python3/dist-packages/oslo_config/cfg.py:2609
2025-02-20 00:36:40.119 120847 DEBUG oslo_service.service [req-57d93573-1b98-49ac-bbda-c520f7618030 - - - - -] ironic.version = None log_opt_values /usr/lib/python3/dist-packages/oslo_config/cfg.py:2609
2025-02-20 00:36:40.119 120847 DEBUG oslo_service.service [req-57d93573-1b98-49ac-bbda-c520f7618030 - - - - -] key_manager.backend = barbican log_opt_values /usr/lib/python3/dist-packages/oslo_config/cfg.py:2609
2025-02-20 00:36:40.120 120847 DEBUG oslo_service.service [req-57d93573-1b98-49ac-bbda-c520f7618030 - - - - -] key_manager.fixed_key = **** log_opt_values /usr/lib/python3/dist-packages/oslo_config/cfg.py:2609
2025-02-20 00:36:40.120 120847 DEBUG oslo_service.service [req-57d93573-1b98-49ac-bbda-c520f7618030 - - - - -] barbican.auth_endpoint = http://localhost/identity/v3 log_opt_values /usr/lib/python3/dist-packages/oslo_config/cfg.py:2609
