2025-02-20 00:36:40.201 120847 DEBUG oslo_service.service [req-57d93573-1b98-49ac-bbda-c520f7618030 - - - - -] oslo_limit.insecure = False log_opt_values /usr/lib/python3/dist-packages/oslo_config/cfg.py:2609
2025-02-20 00:36:40.201 120847 DEBUG oslo_service.service [req-57d93573-1b98-49ac-bbda-c520f7618030 - - - - -] oslo_limit.keyfile = None log_opt_values /usr/lib/python3/dist-packages/oslo_config/cfg.py:2609
2025-02-20 00:36:40.201 120847 DEBUG oslo_service.service [req-57d93573-1b98-49ac-bbda-c520f7618030 - - - - -] oslo_limit.max_version = None log_opt_values /usr/lib/python3/dist-packages/oslo_config/cfg.py:2609
2025-02-20 00:36:40.201 120847 DEBUG oslo_service.service [req-57d93573-1b98-49ac-bbda-c520f7618030 - - - - -] oslo_limit.min_version = None log_opt_values /usr/lib/python3/dist-packages/oslo_config/cfg.py:2609
2025-02-20 00:36:40.202 120847 DEBUG oslo_service.service [req-57d93573-1b98-49ac-bbda-c520f7618030 - - - - -] oslo_limit.region_name = None log_opt_values /usr/lib/python3/dist-packages/oslo_config/cfg.py:2609
2025-02-20 00:36:40.202 120847 DEBUG oslo_service.service [req-57d93573-1b98-49ac-bbda-c520f7618030 - - - - -] oslo_limit.service_name = None log_opt_values /usr/lib/python3/dist-packages/oslo_config/cfg.py:2609
2025-02-20 00:36:40.202 120847 DEBUG oslo_service.service [req-57d93573-1b98-49ac-bbda-c520f7618030 - - - - -] oslo_limit.service_type = None log_opt_values /usr/lib/python3/dist-packages/oslo_config/cfg.py:2609
2025-02-20 00:36:40.202 120847 DEBUG oslo_service.service [req-57d93573-1b98-49ac-bbda-c520f7618030 - - - - -] oslo_limit.split_loggers = False log_opt_values /usr/lib/python3/dist-packages/oslo_config/cfg.py:2609
2025-02-20 00:36:40.202 120847 DEBUG oslo_service.service [req-57d93573-1b98-49ac-bbda-c520f7618030 - - - - -] oslo_limit.status_code_retries = None log_opt_values /usr/lib/python3/dist-packages/oslo_config/cfg.py:2609
2025-02-20 00:36:40.202 120847 DEBUG oslo_service.service [req-57d93573-1b98-49ac-bbda-c520f7618030 - - - - -] oslo_limit.status_code_retry_delay = None log_opt_values /usr/lib/python3/dist-packages/oslo_config/cfg.py:2609
2025-02-20 00:36:40.202 120847 DEBUG oslo_service.service [req-57d93573-1b98-49ac-bbda-c520f7618030 - - - - -] oslo_limit.timeout = None log_opt_values /usr/lib/python3/dist-packages/oslo_config/cfg.py:2609
2025-02-20 00:36:40.203 120847 DEBUG oslo_service.service [req-57d93573-1b98-49ac-bbda-c520f7618030 - - - - -] oslo_limit.valid_interfaces = None log_opt_values /usr/lib/python3/dist-packages/oslo_config/cfg.py:2609
2025-02-20 00:36:40.203 120847 DEBUG oslo_service.service [req-57d93573-1b98-49ac-bbda-c520f7618030 - - - - -] oslo_limit.version = None log_opt_values /usr/lib/python3/dist-packages/oslo_config/cfg.py:2609
2025-02-20 00:36:40.203 120847 DEBUG oslo_service.service [req-57d93573-1b98-49ac-bbda-c520f7618030 - - - - -] oslo_reports.file_event_handler = None log_opt_values /usr/lib/python3/dist-packages/oslo_config/cfg.py:2609
2025-02-20 00:36:40.203 120847 DEBUG oslo_service.service [req-57d93573-1b98-49ac-bbda-c520f7618030 - - - - -] oslo_reports.file_event_handler_interval = 1 log_opt_values /usr/lib/python3/dist-packages/oslo_config/cfg.py:2609
2025-02-20 00:36:40.203 120847 DEBUG oslo_service.service [req-57d93573-1b98-49ac-bbda-c520f7618030 - - - - -] oslo_reports.log_dir = None log_opt_values /usr/lib/python3/dist-packages/oslo_config/cfg.py:2609
2025-02-20 00:36:40.203 120847 DEBUG oslo_service.service [req-57d93573-1b98-49ac-bbda-c520f7618030 - - - - -] ******************************************************************************** log_opt_values /usr/lib/python3/dist-packages/oslo_config/cfg.py:2613
2025-02-20 00:36:41.103 121623 DEBUG oslo_messaging._drivers.amqpdriver [-] AMQPListener connection timeout poll /usr/lib/python3/dist-packages/oslo_messaging/_drivers/amqpdriver.py:360
2025-02-20 00:36:41.104 121623 DEBUG oslo_messaging._drivers.amqpdriver [-] Listener is running poll /usr/lib/python3/dist-packages/oslo_messaging/_drivers/amqpdriver.py:343
2025-02-20 00:36:41.104 121623 DEBUG oslo_messaging._drivers.amqpdriver [-] AMQPListener connection consume poll /usr/lib/python3/dist-packages/oslo_messaging/_drivers/amqpdriver.py:357
2025-02-20 00:36:41.112 121618 DEBUG oslo_messaging._drivers.amqpdriver [-] AMQPListener connection timeout poll /usr/lib/python3/dist-packages/oslo_messaging/_drivers/amqpdriver.py:360
2025-02-20 00:36:41.112 121618 DEBUG oslo_messaging._drivers.amqpdriver [-] Listener is running poll /usr/lib/python3/dist-packages/oslo_messaging/_drivers/amqpdriver.py:343
2025-02-20 00:36:41.113 121618 DEBUG oslo_messaging._drivers.amqpdriver [-] AMQPListener connection consume poll /usr/lib/python3/dist-packages/oslo_messaging/_drivers/amqpdriver.py:357
2025-02-20 00:36:41.125 121621 DEBUG oslo_messaging._drivers.amqpdriver [-] AMQPListener connection timeout poll /usr/lib/python3/dist-packages/oslo_messaging/_drivers/amqpdriver.py:360
2025-02-20 00:36:41.126 121621 DEBUG oslo_messaging._drivers.amqpdriver [-] Listener is running poll /usr/lib/python3/dist-packages/oslo_messaging/_drivers/amqpdriver.py:343
2025-02-20 00:36:41.126 121621 DEBUG oslo_messaging._drivers.amqpdriver [-] AMQPListener connection consume poll /usr/lib/python3/dist-packages/oslo_messaging/_drivers/amqpdriver.py:357
2025-02-20 00:36:41.143 121619 DEBUG oslo_messaging._drivers.amqpdriver [-] AMQPListener connection timeout poll /usr/lib/python3/dist-packages/oslo_messaging/_drivers/amqpdriver.py:360
2025-02-20 00:36:41.144 121619 DEBUG oslo_messaging._drivers.amqpdriver [-] Listener is running poll /usr/lib/python3/dist-packages/oslo_messaging/_drivers/amqpdriver.py:343
2025-02-20 00:36:41.144 121619 DEBUG oslo_messaging._drivers.amqpdriver [-] AMQPListener connection consume poll /usr/lib/python3/dist-packages/oslo_messaging/_drivers/amqpdriver.py:357
2025-02-20 00:36:43.106 121623 DEBUG oslo_messaging._drivers.amqpdriver [-] AMQPListener connection timeout poll /usr/lib/python3/dist-packages/oslo_messaging/_drivers/amqpdriver.py:360
2025-02-20 00:36:43.107 121623 DEBUG oslo_messaging._drivers.amqpdriver [-] Listener is running poll /usr/lib/python3/dist-packages/oslo_messaging/_drivers/amqpdriver.py:343
2025-02-20 00:36:43.107 121623 DEBUG oslo_messaging._drivers.amqpdriver [-] AMQPListener connection consume poll /usr/lib/python3/dist-packages/oslo_messaging/_drivers/amqpdriver.py:357
2025-02-20 00:36:43.115 121618 DEBUG oslo_messaging._drivers.amqpdriver [-] AMQPListener connection timeout poll /usr/lib/python3/dist-packages/oslo_messaging/_drivers/amqpdriver.py:360
2025-02-20 00:36:43.116 121618 DEBUG oslo_messaging._drivers.amqpdriver [-] Listener is running poll /usr/lib/python3/dist-packages/oslo_messaging/_drivers/amqpdriver.py:343
2025-02-20 00:36:43.116 121618 DEBUG oslo_messaging._drivers.amqpdriver [-] AMQPListener connection consume poll /usr/lib/python3/dist-packages/oslo_messaging/_drivers/amqpdriver.py:357
2025-02-20 00:36:43.127 121621 DEBUG oslo_messaging._drivers.amqpdriver [-] AMQPListener connection timeout poll /usr/lib/python3/dist-packages/oslo_messaging/_drivers/amqpdriver.py:360
2025-02-20 00:36:43.128 121621 DEBUG oslo_messaging._drivers.amqpdriver [-] Listener is running poll /usr/lib/python3/dist-packages/oslo_messaging/_drivers/amqpdriver.py:343
2025-02-20 00:36:43.128 121621 DEBUG oslo_messaging._drivers.amqpdriver [-] AMQPListener connection consume poll /usr/lib/python3/dist-packages/oslo_messaging/_drivers/amqpdriver.py:357
2025-02-20 00:36:43.147 121619 DEBUG oslo_messaging._drivers.amqpdriver [-] AMQPListener connection timeout poll /usr/lib/python3/dist-packages/oslo_messaging/_drivers/amqpdriver.py:360
2025-02-20 00:36:43.147 121619 DEBUG oslo_messaging._drivers.amqpdriver [-] Listener is running poll /usr/lib/python3/dist-packages/oslo_messaging/_drivers/amqpdriver.py:343
2025-02-20 00:36:43.147 121619 DEBUG oslo_messaging._drivers.amqpdriver [-] AMQPListener connection consume poll /usr/lib/python3/dist-packages/oslo_messaging/_drivers/amqpdriver.py:357
2025-02-20 00:36:45.143 121619 DEBUG oslo_service.periodic_task [req-7c404dc6-b99f-4846-9ef1-4879ceb9881d - - - - -] Running periodic task SchedulerManager._discover_hosts_in_cells run_periodic_tasks /usr/lib/python3/dist-packages/oslo_service/periodic_task.py:210
2025-02-20 00:36:45.150 121619 DEBUG oslo_db.sqlalchemy.engines [req-7c404dc6-b99f-4846-9ef1-4879ceb9881d - - - - -] Parent process 120847 forked (121619) with an open database connection, which is being discarded and recreated. checkout /usr/lib/python3/dist-packages/oslo_db/sqlalchemy/engines.py:413
2025-02-20 00:36:45.167 121619 DEBUG oslo_concurrency.lockutils [req-7c404dc6-b99f-4846-9ef1-4879ceb9881d - - - - -] Lock "a11f0d4b-fd81-4128-835a-7c912cdd3c6e" acquired by "nova.context.set_target_cell..get_or_set_cached_cell_and_set_connections" :: waited 0.000s inner /usr/lib/python3/dist-packages/oslo_concurrency/lockutils.py:386
2025-02-20 00:36:45.169 121619 DEBUG oslo_concurrency.lockutils [req-7c404dc6-b99f-4846-9ef1-4879ceb9881d - - - - -] Lock "a11f0d4b-fd81-4128-835a-7c912cdd3c6e" "released" by "nova.context.set_target_cell..get_or_set_cached_cell_and_set_connections" :: held 0.002s inner /usr/lib/python3/dist-packages/oslo_concurrency/lockutils.py:400
2025-02-20 00:36:45.177 121619 DEBUG oslo_db.sqlalchemy.engines [req-7c404dc6-b99f-4846-9ef1-4879ceb9881d - - - - -] MySQL server mode set to STRICT_TRANS_TABLES,STRICT_ALL_TABLES,NO_ZERO_IN_DATE,NO_ZERO_DATE,ERROR_FOR_DIVISION_BY_ZERO,TRADITIONAL,NO_ENGINE_SUBSTITUTION _check_effective_sql_mode /usr/lib/python3/dist-packages/oslo_db/sqlalchemy/engines.py:314
2025-02-20 00:36:47.109 121623 DEBUG oslo_messaging._drivers.amqpdriver [-] AMQPListener connection timeout poll /usr/lib/python3/dist-packages/oslo_messaging/_drivers/amqpdriver.py:360
2025-02-20 00:36:47.110 121623 DEBUG oslo_messaging._drivers.amqpdriver [-] Listener is running poll /usr/lib/python3/dist-packages/oslo_messaging/_drivers/amqpdriver.py:343
2025-02-20 00:36:47.110 121623 DEBUG oslo_messaging._drivers.amqpdriver [-] AMQPListener connection consume poll /usr/lib/python3/dist-packages/oslo_messaging/_drivers/amqpdriver.py:357
2025-02-20 00:36:47.119 121618 DEBUG oslo_messaging._drivers.amqpdriver [-] AMQPListener connection timeout poll /usr/lib/python3/dist-packages/oslo_messaging/_drivers/amqpdriver.py:360
2025-02-20 00:36:47.120 121618 DEBUG oslo_messaging._drivers.amqpdriver [-] Listener is running poll /usr/lib/python3/dist-packages/oslo_messaging/_drivers/amqpdriver.py:343
2025-02-20 00:36:47.120 121618 DEBUG oslo_messaging._drivers.amqpdriver [-] AMQPListener connection consume poll /usr/lib/python3/dist-packages/oslo_messaging/_drivers/amqpdriver.py:357
2025-02-20 00:36:47.131 121621 DEBUG oslo_messaging._drivers.amqpdriver [-] AMQPListener connection timeout poll /usr/lib/python3/dist-packages/oslo_messaging/_drivers/amqpdriver.py:360
2025-02-20 00:36:47.132 121621 DEBUG oslo_messaging._drivers.amqpdriver [-] Listener is running poll /usr/lib/python3/dist-packages/oslo_messaging/_drivers/amqpdriver.py:343
2025-02-20 00:36:47.132 121621 DEBUG oslo_messaging._drivers.amqpdriver [-] AMQPListener connection consume poll /usr/lib/python3/dist-packages/oslo_messaging/_drivers/amqpdriver.py:357
2025-02-20 00:36:47.150 121619 DEBUG oslo_messaging._drivers.amqpdriver [-] AMQPListener connection timeout poll /usr/lib/python3/dist-packages/oslo_messaging/_drivers/amqpdriver.py:360
2025-02-20 00:36:47.151 121619 DEBUG oslo_messaging._drivers.amqpdriver [-] Listener is running poll /usr/lib/python3/dist-packages/oslo_messaging/_drivers/amqpdriver.py:343
2025-02-20 00:36:47.151 121619 DEBUG oslo_messaging._drivers.amqpdriver [-] AMQPListener connection consume poll /usr/lib/python3/dist-packages/oslo_messaging/_drivers/amqpdriver.py:357
2025-02-20 00:36:49.101 121623 DEBUG oslo_service.periodic_task [req-a659c689-5dc5-4476-ae9b-6aaf1abe7735 - - - - -] Running periodic task SchedulerManager._discover_hosts_in_cells run_periodic_tasks /usr/lib/python3/dist-packages/oslo_service/periodic_task.py:210
2025-02-20 00:36:49.102 121623 DEBUG oslo_db.sqlalchemy.engines [req-a659c689-5dc5-4476-ae9b-6aaf1abe7735 - - - - -] Parent process 120847 forked (121623) with an open database connection, which is being discarded and recreated. checkout /usr/lib/python3/dist-packages/oslo_db/sqlalchemy/engines.py:413
2025-02-20 00:36:49.110 121623 DEBUG oslo_concurrency.lockutils [req-a659c689-5dc5-4476-ae9b-6aaf1abe7735 - - - - -] Lock "a11f0d4b-fd81-4128-835a-7c912cdd3c6e" acquired by "nova.context.set_target_cell..get_or_set_cached_cell_and_set_connections" :: waited 0.000s inner /usr/lib/python3/dist-packages/oslo_concurrency/lockutils.py:386
2025-02-20 00:36:49.112 121623 DEBUG oslo_concurrency.lockutils [req-a659c689-5dc5-4476-ae9b-6aaf1abe7735 - - - - -] Lock "a11f0d4b-fd81-4128-835a-7c912cdd3c6e" "released" by "nova.context.set_target_cell..get_or_set_cached_cell_and_set_connections" :: held 0.002s inner /usr/lib/python3/dist-packages/oslo_concurrency/lockutils.py:400
2025-02-20 00:36:49.119 121623 DEBUG oslo_db.sqlalchemy.engines [req-a659c689-5dc5-4476-ae9b-6aaf1abe7735 - - - - -] MySQL server mode set to STRICT_TRANS_TABLES,STRICT_ALL_TABLES,NO_ZERO_IN_DATE,NO_ZERO_DATE,ERROR_FOR_DIVISION_BY_ZERO,TRADITIONAL,NO_ENGINE_SUBSTITUTION _check_effective_sql_mode /usr/lib/python3/dist-packages/oslo_db/sqlalchemy/engines.py:314
2025-02-20 00:36:55.111 121623 DEBUG oslo_messaging._drivers.amqpdriver [-] AMQPListener connection timeout poll /usr/lib/python3/dist-packages/oslo_messaging/_drivers/amqpdriver.py:360
2025-02-20 00:36:55.112 121623 DEBUG oslo_messaging._drivers.amqpdriver [-] Listener is running poll /usr/lib/python3/dist-packages/oslo_messaging/_drivers/amqpdriver.py:343
2025-02-20 00:36:55.112 121623 DEBUG oslo_messaging._drivers.amqpdriver [-] AMQPListener connection consume poll /usr/lib/python3/dist-packages/oslo_messaging/_drivers/amqpdriver.py:357
2025-02-20 00:36:55.121 121618 DEBUG oslo_messaging._drivers.amqpdriver [-] AMQPListener connection timeout poll /usr/lib/python3/dist-packages/oslo_messaging/_drivers/amqpdriver.py:360
2025-02-20 00:36:55.122 121618 DEBUG oslo_messaging._drivers.amqpdriver [-] Listener is running poll /usr/lib/python3/dist-packages/oslo_messaging/_drivers/amqpdriver.py:343
2025-02-20 00:36:55.122 121618 DEBUG oslo_messaging._drivers.amqpdriver [-] AMQPListener connection consume poll /usr/lib/python3/dist-packages/oslo_messaging/_drivers/amqpdriver.py:357
2025-02-20 00:36:55.133 121621 DEBUG oslo_messaging._drivers.amqpdriver [-] AMQPListener connection timeout poll /usr/lib/python3/dist-packages/oslo_messaging/_drivers/amqpdriver.py:360
2025-02-20 00:36:55.134 121621 DEBUG oslo_messaging._drivers.amqpdriver [-] Listener is running poll /usr/lib/python3/dist-packages/oslo_messaging/_drivers/amqpdriver.py:343
2025-02-20 00:36:55.134 121621 DEBUG oslo_messaging._drivers.amqpdriver [-] AMQPListener connection consume poll /usr/lib/python3/dist-packages/oslo_messaging/_drivers/amqpdriver.py:357
2025-02-20 00:36:55.152 121619 DEBUG oslo_messaging._drivers.amqpdriver [-] AMQPListener connection timeout poll /usr/lib/python3/dist-packages/oslo_messaging/_drivers/amqpdriver.py:360
2025-02-20 00:36:55.152 121619 DEBUG oslo_messaging._drivers.amqpdriver [-] Listener is running poll /usr/lib/python3/dist-packages/oslo_messaging/_drivers/amqpdriver.py:343
2025-02-20 00:36:55.152 121619 DEBUG oslo_messaging._drivers.amqpdriver [-] AMQPListener connection consume poll /usr/lib/python3/dist-packages/oslo_messaging/_drivers/amqpdriver.py:357
2025-02-20 00:36:59.114 121618 DEBUG oslo_service.periodic_task [req-2c24a623-2a9d-4501-85e3-82b13fab7e9a - - - - -] Running periodic task SchedulerManager._discover_hosts_in_cells run_periodic_tasks /usr/lib/python3/dist-packages/oslo_service/periodic_task.py:210
2025-02-20 00:36:59.115 121618 DEBUG oslo_db.sqlalchemy.engines [req-2c24a623-2a9d-4501-85e3-82b13fab7e9a - - - - -] Parent process 120847 forked (121618) with an open database connection, which is being discarded and recreated. checkout /usr/lib/python3/dist-packages/oslo_db/sqlalchemy/engines.py:413
2025-02-20 00:36:59.124 121618 DEBUG oslo_concurrency.lockutils [req-2c24a623-2a9d-4501-85e3-82b13fab7e9a - - - - -] Lock "a11f0d4b-fd81-4128-835a-7c912cdd3c6e" acquired by "nova.context.set_target_cell..get_or_set_cached_cell_and_set_connections" :: waited 0.000s inner /usr/lib/python3/dist-packages/oslo_concurrency/lockutils.py:386
2025-02-20 00:36:59.126 121618 DEBUG oslo_concurrency.lockutils [req-2c24a623-2a9d-4501-85e3-82b13fab7e9a - - - - -] Lock "a11f0d4b-fd81-4128-835a-7c912cdd3c6e" "released" by "nova.context.set_target_cell..get_or_set_cached_cell_and_set_connections" :: held 0.002s inner /usr/lib/python3/dist-packages/oslo_concurrency/lockutils.py:400
2025-02-20 00:36:59.132 121618 DEBUG oslo_db.sqlalchemy.engines [req-2c24a623-2a9d-4501-85e3-82b13fab7e9a - - - - -] MySQL server mode set to STRICT_TRANS_TABLES,STRICT_ALL_TABLES,NO_ZERO_IN_DATE,NO_ZERO_DATE,ERROR_FOR_DIVISION_BY_ZERO,TRADITIONAL,NO_ENGINE_SUBSTITUTION _check_effective_sql_mode /usr/lib/python3/dist-packages/oslo_db/sqlalchemy/engines.py:314
2025-02-20 00:36:59.189 121618 INFO nova.scheduler.manager [req-2c24a623-2a9d-4501-85e3-82b13fab7e9a - - - - -] Discovered 1 new hosts: cell1:cn-jenkins-deploy-platform-juju-os-475-1
2025-02-20 00:37:15.190 121619 DEBUG oslo_service.periodic_task [req-7c404dc6-b99f-4846-9ef1-4879ceb9881d - - - - -] Running periodic task SchedulerManager._discover_hosts_in_cells run_periodic_tasks /usr/lib/python3/dist-packages/oslo_service/periodic_task.py:210
2025-02-20 00:37:15.195 121619 DEBUG oslo_concurrency.lockutils [req-cb564095-6159-4969-bdc7-65cb2dd45d80 - - - - -] Lock "a11f0d4b-fd81-4128-835a-7c912cdd3c6e" acquired by "nova.context.set_target_cell..get_or_set_cached_cell_and_set_connections" :: waited 0.000s inner /usr/lib/python3/dist-packages/oslo_concurrency/lockutils.py:386
2025-02-20 00:37:15.195 121619 DEBUG oslo_concurrency.lockutils [req-cb564095-6159-4969-bdc7-65cb2dd45d80 - - - - -] Lock "a11f0d4b-fd81-4128-835a-7c912cdd3c6e" "released" by "nova.context.set_target_cell..get_or_set_cached_cell_and_set_connections" :: held 0.000s inner /usr/lib/python3/dist-packages/oslo_concurrency/lockutils.py:400
2025-02-20 00:37:19.120 121621 DEBUG oslo_service.periodic_task [req-71319e2c-367f-4138-81aa-4c4b925213bb - - - - -] Running periodic task SchedulerManager._discover_hosts_in_cells run_periodic_tasks /usr/lib/python3/dist-packages/oslo_service/periodic_task.py:210
2025-02-20 00:37:19.121 121621 DEBUG oslo_db.sqlalchemy.engines [req-71319e2c-367f-4138-81aa-4c4b925213bb - - - - -] Parent process 120847 forked (121621) with an open database connection, which is being discarded and recreated. checkout /usr/lib/python3/dist-packages/oslo_db/sqlalchemy/engines.py:413
2025-02-20 00:37:19.127 121621 DEBUG oslo_concurrency.lockutils [req-71319e2c-367f-4138-81aa-4c4b925213bb - - - - -] Lock "a11f0d4b-fd81-4128-835a-7c912cdd3c6e" acquired by "nova.context.set_target_cell..get_or_set_cached_cell_and_set_connections" :: waited 0.000s inner /usr/lib/python3/dist-packages/oslo_concurrency/lockutils.py:386
2025-02-20 00:37:19.129 121621 DEBUG oslo_concurrency.lockutils [req-71319e2c-367f-4138-81aa-4c4b925213bb - - - - -] Lock "a11f0d4b-fd81-4128-835a-7c912cdd3c6e" "released" by "nova.context.set_target_cell..get_or_set_cached_cell_and_set_connections" :: held 0.002s inner /usr/lib/python3/dist-packages/oslo_concurrency/lockutils.py:400
2025-02-20 00:37:19.134 121621 DEBUG oslo_db.sqlalchemy.engines [req-71319e2c-367f-4138-81aa-4c4b925213bb - - - - -] MySQL server mode set to STRICT_TRANS_TABLES,STRICT_ALL_TABLES,NO_ZERO_IN_DATE,NO_ZERO_DATE,ERROR_FOR_DIVISION_BY_ZERO,TRADITIONAL,NO_ENGINE_SUBSTITUTION _check_effective_sql_mode /usr/lib/python3/dist-packages/oslo_db/sqlalchemy/engines.py:314
2025-02-20 00:37:19.137 121623 DEBUG oslo_service.periodic_task [req-a659c689-5dc5-4476-ae9b-6aaf1abe7735 - - - - -] Running periodic task SchedulerManager._discover_hosts_in_cells run_periodic_tasks /usr/lib/python3/dist-packages/oslo_service/periodic_task.py:210
2025-02-20 00:37:19.141 121623 DEBUG oslo_concurrency.lockutils [req-c9fa2830-de52-4ba6-b1c6-065c07f9b8b2 - - - - -] Lock "a11f0d4b-fd81-4128-835a-7c912cdd3c6e" acquired by "nova.context.set_target_cell..get_or_set_cached_cell_and_set_connections" :: waited 0.000s inner /usr/lib/python3/dist-packages/oslo_concurrency/lockutils.py:386
2025-02-20 00:37:19.141 121623 DEBUG oslo_concurrency.lockutils [req-c9fa2830-de52-4ba6-b1c6-065c07f9b8b2 - - - - -] Lock "a11f0d4b-fd81-4128-835a-7c912cdd3c6e" "released" by "nova.context.set_target_cell..get_or_set_cached_cell_and_set_connections" :: held 0.000s inner /usr/lib/python3/dist-packages/oslo_concurrency/lockutils.py:400
2025-02-20 00:37:25.087 121623 DEBUG oslo_messaging._drivers.amqpdriver [-] AMQPListener connection timeout poll /usr/lib/python3/dist-packages/oslo_messaging/_drivers/amqpdriver.py:360
2025-02-20 00:37:25.088 121623 DEBUG oslo_messaging._drivers.amqpdriver [-] Listener is running poll /usr/lib/python3/dist-packages/oslo_messaging/_drivers/amqpdriver.py:343
2025-02-20 00:37:25.088 121623 DEBUG oslo_messaging._drivers.amqpdriver [-] AMQPListener connection consume poll /usr/lib/python3/dist-packages/oslo_messaging/_drivers/amqpdriver.py:357
2025-02-20 00:37:25.101 121618 DEBUG oslo_messaging._drivers.amqpdriver [-] AMQPListener connection timeout poll /usr/lib/python3/dist-packages/oslo_messaging/_drivers/amqpdriver.py:360
2025-02-20 00:37:25.102 121618 DEBUG oslo_messaging._drivers.amqpdriver [-] Listener is running poll /usr/lib/python3/dist-packages/oslo_messaging/_drivers/amqpdriver.py:343
2025-02-20 00:37:25.102 121618 DEBUG oslo_messaging._drivers.amqpdriver [-] AMQPListener connection consume poll /usr/lib/python3/dist-packages/oslo_messaging/_drivers/amqpdriver.py:357
2025-02-20 00:37:25.111 121621 DEBUG oslo_messaging._drivers.amqpdriver [-] AMQPListener connection timeout poll /usr/lib/python3/dist-packages/oslo_messaging/_drivers/amqpdriver.py:360
2025-02-20 00:37:25.112 121621 DEBUG oslo_messaging._drivers.amqpdriver [-] Listener is running poll /usr/lib/python3/dist-packages/oslo_messaging/_drivers/amqpdriver.py:343
2025-02-20 00:37:25.112 121621 DEBUG oslo_messaging._drivers.amqpdriver [-] AMQPListener connection consume poll /usr/lib/python3/dist-packages/oslo_messaging/_drivers/amqpdriver.py:357
2025-02-20 00:37:25.132 121619 DEBUG oslo_messaging._drivers.amqpdriver [-] AMQPListener connection timeout poll /usr/lib/python3/dist-packages/oslo_messaging/_drivers/amqpdriver.py:360
2025-02-20 00:37:25.132 121619 DEBUG oslo_messaging._drivers.amqpdriver [-] Listener is running poll /usr/lib/python3/dist-packages/oslo_messaging/_drivers/amqpdriver.py:343
2025-02-20 00:37:25.132 121619 DEBUG oslo_messaging._drivers.amqpdriver [-] AMQPListener connection consume poll /usr/lib/python3/dist-packages/oslo_messaging/_drivers/amqpdriver.py:357
2025-02-20 00:37:29.193 121618 DEBUG oslo_service.periodic_task [req-2c24a623-2a9d-4501-85e3-82b13fab7e9a - - - - -] Running periodic task SchedulerManager._discover_hosts_in_cells run_periodic_tasks /usr/lib/python3/dist-packages/oslo_service/periodic_task.py:210
2025-02-20 00:37:29.198 121618 DEBUG oslo_concurrency.lockutils [req-4e37e868-a797-4c1b-bf85-6b90aad11897 - - - - -] Lock "a11f0d4b-fd81-4128-835a-7c912cdd3c6e" acquired by "nova.context.set_target_cell..get_or_set_cached_cell_and_set_connections" :: waited 0.000s inner /usr/lib/python3/dist-packages/oslo_concurrency/lockutils.py:386
2025-02-20 00:37:29.198 121618 DEBUG oslo_concurrency.lockutils [req-4e37e868-a797-4c1b-bf85-6b90aad11897 - - - - -] Lock "a11f0d4b-fd81-4128-835a-7c912cdd3c6e" "released" by "nova.context.set_target_cell..get_or_set_cached_cell_and_set_connections" :: held 0.000s inner /usr/lib/python3/dist-packages/oslo_concurrency/lockutils.py:400
2025-02-20 00:37:45.200 121619 DEBUG oslo_service.periodic_task [req-cb564095-6159-4969-bdc7-65cb2dd45d80 - - - - -] Running periodic task SchedulerManager._discover_hosts_in_cells run_periodic_tasks /usr/lib/python3/dist-packages/oslo_service/periodic_task.py:210
2025-02-20 00:37:45.205 121619 DEBUG oslo_concurrency.lockutils [req-9a64a9e9-937c-4165-a7c0-78e2974f43da - - - - -] Lock "a11f0d4b-fd81-4128-835a-7c912cdd3c6e" acquired by "nova.context.set_target_cell..get_or_set_cached_cell_and_set_connections" :: waited 0.000s inner /usr/lib/python3/dist-packages/oslo_concurrency/lockutils.py:386
2025-02-20 00:37:45.205 121619 DEBUG oslo_concurrency.lockutils [req-9a64a9e9-937c-4165-a7c0-78e2974f43da - - - - -] Lock "a11f0d4b-fd81-4128-835a-7c912cdd3c6e" "released" by "nova.context.set_target_cell..get_or_set_cached_cell_and_set_connections" :: held 0.000s inner /usr/lib/python3/dist-packages/oslo_concurrency/lockutils.py:400
2025-02-20 00:37:49.150 121621 DEBUG oslo_service.periodic_task [req-71319e2c-367f-4138-81aa-4c4b925213bb - - - - -] Running periodic task SchedulerManager._discover_hosts_in_cells run_periodic_tasks /usr/lib/python3/dist-packages/oslo_service/periodic_task.py:210
2025-02-20 00:37:49.150 121623 DEBUG oslo_service.periodic_task [req-c9fa2830-de52-4ba6-b1c6-065c07f9b8b2 - - - - -] Running periodic task SchedulerManager._discover_hosts_in_cells run_periodic_tasks /usr/lib/python3/dist-packages/oslo_service/periodic_task.py:210
2025-02-20 00:37:49.154 121621 DEBUG oslo_concurrency.lockutils [req-ec874f0e-91e6-47e3-b858-9c21a0ac6f2a - - - - -] Lock "a11f0d4b-fd81-4128-835a-7c912cdd3c6e" acquired by "nova.context.set_target_cell..get_or_set_cached_cell_and_set_connections" :: waited 0.000s inner /usr/lib/python3/dist-packages/oslo_concurrency/lockutils.py:386
2025-02-20 00:37:49.154 121621 DEBUG oslo_concurrency.lockutils [req-ec874f0e-91e6-47e3-b858-9c21a0ac6f2a - - - - -] Lock "a11f0d4b-fd81-4128-835a-7c912cdd3c6e" "released" by "nova.context.set_target_cell..get_or_set_cached_cell_and_set_connections" :: held 0.000s inner /usr/lib/python3/dist-packages/oslo_concurrency/lockutils.py:400
2025-02-20 00:37:49.155 121623 DEBUG oslo_concurrency.lockutils [req-c3b9aef2-5938-487f-90c1-8e3a57585ca8 - - - - -] Lock "a11f0d4b-fd81-4128-835a-7c912cdd3c6e" acquired by "nova.context.set_target_cell..get_or_set_cached_cell_and_set_connections" :: waited 0.000s inner /usr/lib/python3/dist-packages/oslo_concurrency/lockutils.py:386
2025-02-20 00:37:49.155 121623 DEBUG oslo_concurrency.lockutils [req-c3b9aef2-5938-487f-90c1-8e3a57585ca8 - - - - -] Lock "a11f0d4b-fd81-4128-835a-7c912cdd3c6e" "released" by "nova.context.set_target_cell..get_or_set_cached_cell_and_set_connections" :: held 0.000s inner /usr/lib/python3/dist-packages/oslo_concurrency/lockutils.py:400
2025-02-20 00:37:57.090 121623 DEBUG oslo_messaging._drivers.amqpdriver [-] AMQPListener connection timeout poll /usr/lib/python3/dist-packages/oslo_messaging/_drivers/amqpdriver.py:360
2025-02-20 00:37:57.091 121623 DEBUG oslo_messaging._drivers.amqpdriver [-] Listener is running poll /usr/lib/python3/dist-packages/oslo_messaging/_drivers/amqpdriver.py:343
2025-02-20 00:37:57.091 121623 DEBUG oslo_messaging._drivers.amqpdriver [-] AMQPListener connection consume poll /usr/lib/python3/dist-packages/oslo_messaging/_drivers/amqpdriver.py:357
2025-02-20 00:37:57.104 121618 DEBUG oslo_messaging._drivers.amqpdriver [-] AMQPListener connection timeout poll /usr/lib/python3/dist-packages/oslo_messaging/_drivers/amqpdriver.py:360
2025-02-20 00:37:57.105 121618 DEBUG oslo_messaging._drivers.amqpdriver [-] Listener is running poll /usr/lib/python3/dist-packages/oslo_messaging/_drivers/amqpdriver.py:343
2025-02-20 00:37:57.105 121618 DEBUG oslo_messaging._drivers.amqpdriver [-] AMQPListener connection consume poll /usr/lib/python3/dist-packages/oslo_messaging/_drivers/amqpdriver.py:357
2025-02-20 00:37:57.115 121621 DEBUG oslo_messaging._drivers.amqpdriver [-] AMQPListener connection timeout poll /usr/lib/python3/dist-packages/oslo_messaging/_drivers/amqpdriver.py:360
2025-02-20 00:37:57.115 121621 DEBUG oslo_messaging._drivers.amqpdriver [-] Listener is running poll /usr/lib/python3/dist-packages/oslo_messaging/_drivers/amqpdriver.py:343
2025-02-20 00:37:57.115 121621 DEBUG oslo_messaging._drivers.amqpdriver [-] AMQPListener connection consume poll /usr/lib/python3/dist-packages/oslo_messaging/_drivers/amqpdriver.py:357
2025-02-20 00:37:57.136 121619 DEBUG oslo_messaging._drivers.amqpdriver [-] AMQPListener connection timeout poll /usr/lib/python3/dist-packages/oslo_messaging/_drivers/amqpdriver.py:360
2025-02-20 00:37:57.136 121619 DEBUG oslo_messaging._drivers.amqpdriver [-] Listener is running poll /usr/lib/python3/dist-packages/oslo_messaging/_drivers/amqpdriver.py:343
2025-02-20 00:37:57.136 121619 DEBUG oslo_messaging._drivers.amqpdriver [-] AMQPListener connection consume poll /usr/lib/python3/dist-packages/oslo_messaging/_drivers/amqpdriver.py:357
2025-02-20 00:38:00.115 121618 DEBUG oslo_service.periodic_task [req-4e37e868-a797-4c1b-bf85-6b90aad11897 - - - - -] Running periodic task SchedulerManager._discover_hosts_in_cells run_periodic_tasks /usr/lib/python3/dist-packages/oslo_service/periodic_task.py:210
2025-02-20 00:38:00.120 121618 DEBUG oslo_concurrency.lockutils [req-e1840de4-bdca-4516-a7c5-3195f925291f - - - - -] Lock "a11f0d4b-fd81-4128-835a-7c912cdd3c6e" acquired by "nova.context.set_target_cell..get_or_set_cached_cell_and_set_connections" :: waited 0.000s inner /usr/lib/python3/dist-packages/oslo_concurrency/lockutils.py:386
2025-02-20 00:38:00.120 121618 DEBUG oslo_concurrency.lockutils [req-e1840de4-bdca-4516-a7c5-3195f925291f - - - - -] Lock "a11f0d4b-fd81-4128-835a-7c912cdd3c6e" "released" by "nova.context.set_target_cell..get_or_set_cached_cell_and_set_connections" :: held 0.000s inner /usr/lib/python3/dist-packages/oslo_concurrency/lockutils.py:400
2025-02-20 00:38:15.312 120847 INFO oslo_service.service [req-57d93573-1b98-49ac-bbda-c520f7618030 - - - - -] Caught SIGTERM, stopping children
2025-02-20 00:38:15.312 120847 DEBUG oslo_concurrency.lockutils [req-57d93573-1b98-49ac-bbda-c520f7618030 - - - - -] Acquired lock "singleton_lock" lock /usr/lib/python3/dist-packages/oslo_concurrency/lockutils.py:294
2025-02-20 00:38:15.313 120847 DEBUG oslo_concurrency.lockutils [req-57d93573-1b98-49ac-bbda-c520f7618030 - - - - -] Releasing lock "singleton_lock" lock /usr/lib/python3/dist-packages/oslo_concurrency/lockutils.py:312
2025-02-20 00:38:15.313 120847 DEBUG oslo_service.service [req-57d93573-1b98-49ac-bbda-c520f7618030 - - - - -] Stop services. stop /usr/lib/python3/dist-packages/oslo_service/service.py:695
2025-02-20 00:38:15.313 120847 DEBUG oslo_service.service [req-57d93573-1b98-49ac-bbda-c520f7618030 - - - - -] Killing children. stop /usr/lib/python3/dist-packages/oslo_service/service.py:700
2025-02-20 00:38:15.320 120847 INFO oslo_service.service [req-57d93573-1b98-49ac-bbda-c520f7618030 - - - - -] Waiting on 4 children to exit
2025-02-20 00:38:15.320 120847 INFO oslo_service.service [req-57d93573-1b98-49ac-bbda-c520f7618030 - - - - -] Child 121618 killed by signal 15
2025-02-20 00:38:15.326 120847 INFO oslo_service.service [req-57d93573-1b98-49ac-bbda-c520f7618030 - - - - -] Child 121619 killed by signal 15
2025-02-20 00:38:15.330 120847 INFO oslo_service.service [req-57d93573-1b98-49ac-bbda-c520f7618030 - - - - -] Child 121621 killed by signal 15
2025-02-20 00:38:15.331 120847 INFO oslo_service.service [req-57d93573-1b98-49ac-bbda-c520f7618030 - - - - -] Child 121623 killed by signal 15
2025-02-20 00:38:17.088 158472 DEBUG oslo_db.sqlalchemy.engines [req-33d20c54-0a2f-40b7-8c6b-b28cfa8718ac - - - - -] MySQL server mode set to STRICT_TRANS_TABLES,STRICT_ALL_TABLES,NO_ZERO_IN_DATE,NO_ZERO_DATE,ERROR_FOR_DIVISION_BY_ZERO,TRADITIONAL,NO_ENGINE_SUBSTITUTION _check_effective_sql_mode /usr/lib/python3/dist-packages/oslo_db/sqlalchemy/engines.py:314
2025-02-20 00:38:17.125 158472 DEBUG nova.scheduler.host_manager [req-33d20c54-0a2f-40b7-8c6b-b28cfa8718ac - - - - -] Found 1 cells: a11f0d4b-fd81-4128-835a-7c912cdd3c6e refresh_cells_caches /usr/lib/python3/dist-packages/nova/scheduler/host_manager.py:730
2025-02-20 00:38:17.126 158472 DEBUG nova.scheduler.host_manager [req-33d20c54-0a2f-40b7-8c6b-b28cfa8718ac - - - - -] Found 0 disabled cells: refresh_cells_caches /usr/lib/python3/dist-packages/nova/scheduler/host_manager.py:742
2025-02-20 00:38:17.132 158472 WARNING nova.scheduler.filters.availability_zone_filter [req-33d20c54-0a2f-40b7-8c6b-b28cfa8718ac - - - - -] The 'AvailabilityZoneFilter' is deprecated since the 24.0.0 (Xena) release. Since the 18.0.0 (Rocky) release, nova has supported mapping AZs to placement aggregates. The feature is enabled by the 'query_placement_for_availability_zone' config option and is now enabled by default. As such, the 'AvailabilityZoneFilter' is no longer required. Nova is currently configured to use both placement and the AvailabilityZoneFilter for AZ enforcement.
2025-02-20 00:38:17.237 158472 DEBUG nova.scheduler.host_manager [req-33d20c54-0a2f-40b7-8c6b-b28cfa8718ac - - - - -] START:_async_init_instance_info _async_init_instance_info /usr/lib/python3/dist-packages/nova/scheduler/host_manager.py:411
2025-02-20 00:38:17.239 158472 DEBUG oslo_concurrency.lockutils [req-d0b41037-027e-4c32-bf12-762152868278 - - - - -] Lock "a11f0d4b-fd81-4128-835a-7c912cdd3c6e" acquired by "nova.context.set_target_cell..get_or_set_cached_cell_and_set_connections" :: waited 0.000s inner /usr/lib/python3/dist-packages/oslo_concurrency/lockutils.py:386
2025-02-20 00:38:17.240 158472 DEBUG oslo_concurrency.lockutils [req-d0b41037-027e-4c32-bf12-762152868278 - - - - -] Lock "a11f0d4b-fd81-4128-835a-7c912cdd3c6e" "released" by "nova.context.set_target_cell..get_or_set_cached_cell_and_set_connections" :: held 0.001s inner /usr/lib/python3/dist-packages/oslo_concurrency/lockutils.py:400
2025-02-20 00:38:17.246 158472 DEBUG oslo_db.sqlalchemy.engines [req-d0b41037-027e-4c32-bf12-762152868278 - - - - -] MySQL server mode set to STRICT_TRANS_TABLES,STRICT_ALL_TABLES,NO_ZERO_IN_DATE,NO_ZERO_DATE,ERROR_FOR_DIVISION_BY_ZERO,TRADITIONAL,NO_ENGINE_SUBSTITUTION _check_effective_sql_mode /usr/lib/python3/dist-packages/oslo_db/sqlalchemy/engines.py:314
2025-02-20 00:38:17.257 158472 DEBUG nova.scheduler.host_manager [req-d0b41037-027e-4c32-bf12-762152868278 - - - - -] Total number of compute nodes: 1 _async_init_instance_info /usr/lib/python3/dist-packages/nova/scheduler/host_manager.py:424
2025-02-20 00:38:17.258 158472 DEBUG oslo_concurrency.lockutils [req-d0b41037-027e-4c32-bf12-762152868278 - - - - -] Lock "a11f0d4b-fd81-4128-835a-7c912cdd3c6e" acquired by "nova.context.set_target_cell..get_or_set_cached_cell_and_set_connections" :: waited 0.000s inner /usr/lib/python3/dist-packages/oslo_concurrency/lockutils.py:386
2025-02-20 00:38:17.258 158472 DEBUG oslo_concurrency.lockutils [req-d0b41037-027e-4c32-bf12-762152868278 - - - - -] Lock "a11f0d4b-fd81-4128-835a-7c912cdd3c6e" "released" by "nova.context.set_target_cell..get_or_set_cached_cell_and_set_connections" :: held 0.000s inner /usr/lib/python3/dist-packages/oslo_concurrency/lockutils.py:400
2025-02-20 00:38:17.330 158472 DEBUG nova.scheduler.host_manager [req-d0b41037-027e-4c32-bf12-762152868278 - - - - -] Adding 0 instances for hosts 10-20 _async_init_instance_info /usr/lib/python3/dist-packages/nova/scheduler/host_manager.py:443
2025-02-20 00:38:17.330 158472 DEBUG nova.scheduler.host_manager [req-d0b41037-027e-4c32-bf12-762152868278 - - - - -] END:_async_init_instance_info _async_init_instance_info /usr/lib/python3/dist-packages/nova/scheduler/host_manager.py:454
2025-02-20 00:38:17.726 158472 DEBUG nova.context [req-33d20c54-0a2f-40b7-8c6b-b28cfa8718ac - - - - -] Found 2 cells: 00000000-0000-0000-0000-000000000000(cell0),a11f0d4b-fd81-4128-835a-7c912cdd3c6e(cell1) load_cells /usr/lib/python3/dist-packages/nova/context.py:464
2025-02-20 00:38:17.727 158472 DEBUG oslo_concurrency.lockutils [req-e1c8b7cb-89cc-4195-832b-d3a98e020d20 - - - - -] Lock "00000000-0000-0000-0000-000000000000" acquired by "nova.context.set_target_cell..get_or_set_cached_cell_and_set_connections" :: waited 0.000s inner /usr/lib/python3/dist-packages/oslo_concurrency/lockutils.py:386
2025-02-20 00:38:17.729 158472 DEBUG oslo_concurrency.lockutils [req-e1c8b7cb-89cc-4195-832b-d3a98e020d20 - - - - -] Lock "00000000-0000-0000-0000-000000000000" "released" by "nova.context.set_target_cell..get_or_set_cached_cell_and_set_connections" :: held 0.001s inner /usr/lib/python3/dist-packages/oslo_concurrency/lockutils.py:400
2025-02-20 00:38:17.729 158472 DEBUG oslo_concurrency.lockutils [req-e1c8b7cb-89cc-4195-832b-d3a98e020d20 - - - - -] Lock "a11f0d4b-fd81-4128-835a-7c912cdd3c6e" acquired by "nova.context.set_target_cell..get_or_set_cached_cell_and_set_connections" :: waited 0.000s inner /usr/lib/python3/dist-packages/oslo_concurrency/lockutils.py:386
2025-02-20 00:38:17.729 158472 DEBUG oslo_concurrency.lockutils [req-e1c8b7cb-89cc-4195-832b-d3a98e020d20 - - - - -] Lock "a11f0d4b-fd81-4128-835a-7c912cdd3c6e" "released" by "nova.context.set_target_cell..get_or_set_cached_cell_and_set_connections" :: held 0.000s inner /usr/lib/python3/dist-packages/oslo_concurrency/lockutils.py:400
2025-02-20 00:38:17.739 158472 DEBUG oslo_db.sqlalchemy.engines [req-e1c8b7cb-89cc-4195-832b-d3a98e020d20 - - - - -] MySQL server mode set to STRICT_TRANS_TABLES,STRICT_ALL_TABLES,NO_ZERO_IN_DATE,NO_ZERO_DATE,ERROR_FOR_DIVISION_BY_ZERO,TRADITIONAL,NO_ENGINE_SUBSTITUTION _check_effective_sql_mode /usr/lib/python3/dist-packages/oslo_db/sqlalchemy/engines.py:314
2025-02-20 00:38:17.750 158472 DEBUG oslo_concurrency.lockutils [req-e1c8b7cb-89cc-4195-832b-d3a98e020d20 - - - - -] Acquired lock "singleton_lock" lock /usr/lib/python3/dist-packages/oslo_concurrency/lockutils.py:294
2025-02-20 00:38:17.751 158472 DEBUG oslo_concurrency.lockutils [req-e1c8b7cb-89cc-4195-832b-d3a98e020d20 - - - - -] Releasing lock "singleton_lock" lock /usr/lib/python3/dist-packages/oslo_concurrency/lockutils.py:312
2025-02-20 00:38:17.751 158472 INFO oslo_service.service [req-e1c8b7cb-89cc-4195-832b-d3a98e020d20 - - - - -] Starting 4 workers
2025-02-20 00:38:17.756 158472 DEBUG oslo_service.service [req-e1c8b7cb-89cc-4195-832b-d3a98e020d20 - - - - -] Started child 158784 _start_child /usr/lib/python3/dist-packages/oslo_service/service.py:575
2025-02-20 00:38:17.761 158784 INFO nova.service [-] Starting scheduler node (version 25.2.1)
2025-02-20 00:38:17.762 158472 DEBUG oslo_service.service [req-e1c8b7cb-89cc-4195-832b-d3a98e020d20 - - - - -] Started child 158785 _start_child /usr/lib/python3/dist-packages/oslo_service/service.py:575
2025-02-20 00:38:17.766 158785 INFO nova.service [-] Starting scheduler node (version 25.2.1)
2025-02-20 00:38:17.768 158472 DEBUG oslo_service.service [req-e1c8b7cb-89cc-4195-832b-d3a98e020d20 - - - - -] Started child 158786 _start_child /usr/lib/python3/dist-packages/oslo_service/service.py:575
2025-02-20 00:38:17.772 158786 INFO nova.service [-] Starting scheduler node (version 25.2.1)
2025-02-20 00:38:17.773 158472 DEBUG oslo_service.service [req-e1c8b7cb-89cc-4195-832b-d3a98e020d20 - - - - -] Started child 158787 _start_child /usr/lib/python3/dist-packages/oslo_service/service.py:575
2025-02-20 00:38:17.775 158472 DEBUG oslo_service.service [req-e1c8b7cb-89cc-4195-832b-d3a98e020d20 - - - - -] Full set of CONF: wait /usr/lib/python3/dist-packages/oslo_service/service.py:649
2025-02-20 00:38:17.775 158472 DEBUG oslo_service.service [req-e1c8b7cb-89cc-4195-832b-d3a98e020d20 - - - - -] ******************************************************************************** log_opt_values /usr/lib/python3/dist-packages/oslo_config/cfg.py:2589
2025-02-20 00:38:17.776 158472 DEBUG oslo_service.service [req-e1c8b7cb-89cc-4195-832b-d3a98e020d20 - - - - -] Configuration options gathered from: log_opt_values /usr/lib/python3/dist-packages/oslo_config/cfg.py:2590
2025-02-20 00:38:17.776 158472 DEBUG oslo_service.service [req-e1c8b7cb-89cc-4195-832b-d3a98e020d20 - - - - -] command line args: ['--config-file=/etc/nova/nova.conf', '--log-file=/var/log/nova/nova-scheduler.log'] log_opt_values /usr/lib/python3/dist-packages/oslo_config/cfg.py:2591
2025-02-20 00:38:17.776 158472 DEBUG oslo_service.service [req-e1c8b7cb-89cc-4195-832b-d3a98e020d20 - - - - -] config files: ['/etc/nova/nova.conf'] log_opt_values /usr/lib/python3/dist-packages/oslo_config/cfg.py:2592
2025-02-20 00:38:17.776 158472 DEBUG oslo_service.service [req-e1c8b7cb-89cc-4195-832b-d3a98e020d20 - - - - -] ================================================================================ log_opt_values /usr/lib/python3/dist-packages/oslo_config/cfg.py:2594
2025-02-20 00:38:17.777 158472 DEBUG oslo_service.service [req-e1c8b7cb-89cc-4195-832b-d3a98e020d20 - - - - -] allow_resize_to_same_host = False log_opt_values /usr/lib/python3/dist-packages/oslo_config/cfg.py:2602
2025-02-20 00:38:17.777 158472 DEBUG oslo_service.service [req-e1c8b7cb-89cc-4195-832b-d3a98e020d20 - - - - -] arq_binding_timeout = 300 log_opt_values /usr/lib/python3/dist-packages/oslo_config/cfg.py:2602
2025-02-20 00:38:17.777 158472 DEBUG oslo_service.service [req-e1c8b7cb-89cc-4195-832b-d3a98e020d20 - - - - -] block_device_allocate_retries = 60 log_opt_values /usr/lib/python3/dist-packages/oslo_config/cfg.py:2602
2025-02-20 00:38:17.777 158472 DEBUG oslo_service.service [req-e1c8b7cb-89cc-4195-832b-d3a98e020d20 - - - - -] block_device_allocate_retries_interval = 3 log_opt_values /usr/lib/python3/dist-packages/oslo_config/cfg.py:2602
2025-02-20 00:38:17.778 158472 DEBUG oslo_service.service [req-e1c8b7cb-89cc-4195-832b-d3a98e020d20 - - - - -] cert = self.pem log_opt_values /usr/lib/python3/dist-packages/oslo_config/cfg.py:2602
2025-02-20 00:38:17.778 158472 DEBUG oslo_service.service [req-e1c8b7cb-89cc-4195-832b-d3a98e020d20 - - - - -] compute_driver = libvirt.LibvirtDriver log_opt_values /usr/lib/python3/dist-packages/oslo_config/cfg.py:2602
2025-02-20 00:38:17.778 158472 DEBUG oslo_service.service [req-e1c8b7cb-89cc-4195-832b-d3a98e020d20 - - - - -] compute_monitors = [] log_opt_values /usr/lib/python3/dist-packages/oslo_config/cfg.py:2602
2025-02-20 00:38:17.775 158784 DEBUG oslo_db.sqlalchemy.engines [req-949fa7fd-8787-4e4f-8d67-20417c976e64 - - - - -] MySQL server mode set to STRICT_TRANS_TABLES,STRICT_ALL_TABLES,NO_ZERO_IN_DATE,NO_ZERO_DATE,ERROR_FOR_DIVISION_BY_ZERO,TRADITIONAL,NO_ENGINE_SUBSTITUTION _check_effective_sql_mode /usr/lib/python3/dist-packages/oslo_db/sqlalchemy/engines.py:314
2025-02-20 00:38:17.778 158787 INFO nova.service [-] Starting scheduler node (version 25.2.1)
2025-02-20 00:38:17.778 158472 DEBUG oslo_service.service [req-e1c8b7cb-89cc-4195-832b-d3a98e020d20 - - - - -] config_dir = [] log_opt_values /usr/lib/python3/dist-packages/oslo_config/cfg.py:2602
2025-02-20 00:38:17.778 158785 DEBUG oslo_db.sqlalchemy.engines [req-476b0ea4-b9ff-4df2-85d5-d2286c480dca - - - - -] MySQL server mode set to STRICT_TRANS_TABLES,STRICT_ALL_TABLES,NO_ZERO_IN_DATE,NO_ZERO_DATE,ERROR_FOR_DIVISION_BY_ZERO,TRADITIONAL,NO_ENGINE_SUBSTITUTION _check_effective_sql_mode /usr/lib/python3/dist-packages/oslo_db/sqlalchemy/engines.py:314
2025-02-20 00:38:17.779 158472 DEBUG oslo_service.service [req-e1c8b7cb-89cc-4195-832b-d3a98e020d20 - - - - -] config_drive_format = iso9660 log_opt_values /usr/lib/python3/dist-packages/oslo_config/cfg.py:2602
2025-02-20 00:38:17.779 158472 DEBUG oslo_service.service [req-e1c8b7cb-89cc-4195-832b-d3a98e020d20 - - - - -] config_file = ['/etc/nova/nova.conf'] log_opt_values /usr/lib/python3/dist-packages/oslo_config/cfg.py:2602
2025-02-20 00:38:17.779 158472 DEBUG oslo_service.service [req-e1c8b7cb-89cc-4195-832b-d3a98e020d20 - - - - -] config_source = [] log_opt_values /usr/lib/python3/dist-packages/oslo_config/cfg.py:2602
2025-02-20 00:38:17.779 158472 DEBUG oslo_service.service [req-e1c8b7cb-89cc-4195-832b-d3a98e020d20 - - - - -] console_host = juju-1fcd98-0-lxd-7 log_opt_values /usr/lib/python3/dist-packages/oslo_config/cfg.py:2602
2025-02-20 00:38:17.779 158472 DEBUG oslo_service.service [req-e1c8b7cb-89cc-4195-832b-d3a98e020d20 - - - - -] control_exchange = nova log_opt_values /usr/lib/python3/dist-packages/oslo_config/cfg.py:2602
2025-02-20 00:38:17.780 158472 DEBUG oslo_service.service [req-e1c8b7cb-89cc-4195-832b-d3a98e020d20 - - - - -] cpu_allocation_ratio = 2.0 log_opt_values /usr/lib/python3/dist-packages/oslo_config/cfg.py:2602
2025-02-20 00:38:17.780 158472 DEBUG oslo_service.service [req-e1c8b7cb-89cc-4195-832b-d3a98e020d20 - - - - -] daemon = False log_opt_values /usr/lib/python3/dist-packages/oslo_config/cfg.py:2602
2025-02-20 00:38:17.780 158472 DEBUG oslo_service.service [req-e1c8b7cb-89cc-4195-832b-d3a98e020d20 - - - - -] debug = True log_opt_values /usr/lib/python3/dist-packages/oslo_config/cfg.py:2602
2025-02-20 00:38:17.780 158472 DEBUG oslo_service.service [req-e1c8b7cb-89cc-4195-832b-d3a98e020d20 - - - - -] default_access_ip_network_name = None log_opt_values /usr/lib/python3/dist-packages/oslo_config/cfg.py:2602
2025-02-20 00:38:17.781 158472 DEBUG oslo_service.service [req-e1c8b7cb-89cc-4195-832b-d3a98e020d20 - - - - -] default_availability_zone = nova log_opt_values /usr/lib/python3/dist-packages/oslo_config/cfg.py:2602
2025-02-20 00:38:17.781 158472 DEBUG oslo_service.service [req-e1c8b7cb-89cc-4195-832b-d3a98e020d20 - - - - -] default_ephemeral_format = None log_opt_values /usr/lib/python3/dist-packages/oslo_config/cfg.py:2602
2025-02-20 00:38:17.782 158472 DEBUG oslo_service.service [req-e1c8b7cb-89cc-4195-832b-d3a98e020d20 - - - - -] default_log_levels = ['amqp=WARN', 'amqplib=WARN', 'boto=WARN', 'qpid=WARN', 'sqlalchemy=WARN', 'suds=INFO', 'oslo.messaging=INFO', 'oslo_messaging=DEBUG', 'iso8601=WARN', 'requests.packages.urllib3.connectionpool=WARN', 'urllib3.connectionpool=WARN', 'websocket=WARN', 'requests.packages.urllib3.util.retry=WARN', 'urllib3.util.retry=WARN', 'keystonemiddleware=WARN', 'routes.middleware=WARN', 'stevedore=WARN', 'taskflow=WARN', 'keystoneauth=WARN', 'oslo.cache=INFO', 'dogpile.core.dogpile=INFO', 'glanceclient=WARN', 'oslo.privsep.daemon=INFO'] log_opt_values /usr/lib/python3/dist-packages/oslo_config/cfg.py:2602
2025-02-20 00:38:17.782 158472 DEBUG oslo_service.service [req-e1c8b7cb-89cc-4195-832b-d3a98e020d20 - - - - -] default_schedule_zone = None log_opt_values /usr/lib/python3/dist-packages/oslo_config/cfg.py:2602
2025-02-20 00:38:17.782 158472 DEBUG oslo_service.service [req-e1c8b7cb-89cc-4195-832b-d3a98e020d20 - - - - -] disk_allocation_ratio = 1.0 log_opt_values /usr/lib/python3/dist-packages/oslo_config/cfg.py:2602
2025-02-20 00:38:17.782 158472 DEBUG oslo_service.service [req-e1c8b7cb-89cc-4195-832b-d3a98e020d20 - - - - -] enable_new_services = True log_opt_values /usr/lib/python3/dist-packages/oslo_config/cfg.py:2602
2025-02-20 00:38:17.783 158472 DEBUG oslo_service.service [req-e1c8b7cb-89cc-4195-832b-d3a98e020d20 - - - - -] enabled_apis = ['osapi_compute', 'metadata'] log_opt_values /usr/lib/python3/dist-packages/oslo_config/cfg.py:2602
2025-02-20 00:38:17.783 158472 DEBUG oslo_service.service [req-e1c8b7cb-89cc-4195-832b-d3a98e020d20 - - - - -] enabled_ssl_apis = [] log_opt_values /usr/lib/python3/dist-packages/oslo_config/cfg.py:2602
2025-02-20 00:38:17.783 158472 DEBUG oslo_service.service [req-e1c8b7cb-89cc-4195-832b-d3a98e020d20 - - - - -] fatal_deprecations = False log_opt_values /usr/lib/python3/dist-packages/oslo_config/cfg.py:2602
2025-02-20 00:38:17.783 158472 DEBUG oslo_service.service [req-e1c8b7cb-89cc-4195-832b-d3a98e020d20 - - - - -] flat_injected = False log_opt_values /usr/lib/python3/dist-packages/oslo_config/cfg.py:2602
2025-02-20 00:38:17.783 158472 DEBUG oslo_service.service [req-e1c8b7cb-89cc-4195-832b-d3a98e020d20 - - - - -] force_config_drive = False log_opt_values /usr/lib/python3/dist-packages/oslo_config/cfg.py:2602
2025-02-20 00:38:17.783 158786 DEBUG oslo_db.sqlalchemy.engines [req-350b11f8-ee5e-4451-8bde-43542dc1f52e - - - - -] MySQL server mode set to STRICT_TRANS_TABLES,STRICT_ALL_TABLES,NO_ZERO_IN_DATE,NO_ZERO_DATE,ERROR_FOR_DIVISION_BY_ZERO,TRADITIONAL,NO_ENGINE_SUBSTITUTION _check_effective_sql_mode /usr/lib/python3/dist-packages/oslo_db/sqlalchemy/engines.py:314
2025-02-20 00:38:17.784 158472 DEBUG oslo_service.service [req-e1c8b7cb-89cc-4195-832b-d3a98e020d20 - - - - -] force_raw_images = True log_opt_values /usr/lib/python3/dist-packages/oslo_config/cfg.py:2602
2025-02-20 00:38:17.784 158472 DEBUG oslo_service.service [req-e1c8b7cb-89cc-4195-832b-d3a98e020d20 - - - - -] graceful_shutdown_timeout = 60 log_opt_values /usr/lib/python3/dist-packages/oslo_config/cfg.py:2602
2025-02-20 00:38:17.784 158472 DEBUG oslo_service.service [req-e1c8b7cb-89cc-4195-832b-d3a98e020d20 - - - - -] heal_instance_info_cache_interval = 60 log_opt_values /usr/lib/python3/dist-packages/oslo_config/cfg.py:2602
2025-02-20 00:38:17.785 158472 DEBUG oslo_service.service [req-e1c8b7cb-89cc-4195-832b-d3a98e020d20 - - - - -] host = juju-1fcd98-0-lxd-7 log_opt_values /usr/lib/python3/dist-packages/oslo_config/cfg.py:2602
2025-02-20 00:38:17.785 158472 DEBUG oslo_service.service [req-e1c8b7cb-89cc-4195-832b-d3a98e020d20 - - - - -] initial_cpu_allocation_ratio = 16.0 log_opt_values /usr/lib/python3/dist-packages/oslo_config/cfg.py:2602
2025-02-20 00:38:17.785 158472 DEBUG oslo_service.service [req-e1c8b7cb-89cc-4195-832b-d3a98e020d20 - - - - -] initial_disk_allocation_ratio = 1.0 log_opt_values /usr/lib/python3/dist-packages/oslo_config/cfg.py:2602
2025-02-20 00:38:17.785 158472 DEBUG oslo_service.service [req-e1c8b7cb-89cc-4195-832b-d3a98e020d20 - - - - -] initial_ram_allocation_ratio = 1.5 log_opt_values /usr/lib/python3/dist-packages/oslo_config/cfg.py:2602
