2025-02-20 00:38:17.790 158787 DEBUG oslo_db.sqlalchemy.engines [req-70a1e825-1e5d-4a7e-9a7a-1732753b781a - - - - -] MySQL server mode set to STRICT_TRANS_TABLES,STRICT_ALL_TABLES,NO_ZERO_IN_DATE,NO_ZERO_DATE,ERROR_FOR_DIVISION_BY_ZERO,TRADITIONAL,NO_ENGINE_SUBSTITUTION _check_effective_sql_mode /usr/lib/python3/dist-packages/oslo_db/sqlalchemy/engines.py:314
2025-02-20 00:38:17.786 158472 DEBUG oslo_service.service [req-e1c8b7cb-89cc-4195-832b-d3a98e020d20 - - - - -] injected_network_template = /usr/lib/python3/dist-packages/nova/virt/interfaces.template log_opt_values /usr/lib/python3/dist-packages/oslo_config/cfg.py:2602
2025-02-20 00:38:17.791 158472 DEBUG oslo_service.service [req-e1c8b7cb-89cc-4195-832b-d3a98e020d20 - - - - -] instance_build_timeout = 0 log_opt_values /usr/lib/python3/dist-packages/oslo_config/cfg.py:2602
2025-02-20 00:38:17.791 158472 DEBUG oslo_service.service [req-e1c8b7cb-89cc-4195-832b-d3a98e020d20 - - - - -] instance_delete_interval = 300 log_opt_values /usr/lib/python3/dist-packages/oslo_config/cfg.py:2602
2025-02-20 00:38:17.792 158472 DEBUG oslo_service.service [req-e1c8b7cb-89cc-4195-832b-d3a98e020d20 - - - - -] instance_format = [instance: %(uuid)s] log_opt_values /usr/lib/python3/dist-packages/oslo_config/cfg.py:2602
2025-02-20 00:38:17.792 158472 DEBUG oslo_service.service [req-e1c8b7cb-89cc-4195-832b-d3a98e020d20 - - - - -] instance_name_template = instance-%08x log_opt_values /usr/lib/python3/dist-packages/oslo_config/cfg.py:2602
2025-02-20 00:38:17.792 158472 DEBUG oslo_service.service [req-e1c8b7cb-89cc-4195-832b-d3a98e020d20 - - - - -] instance_usage_audit = False log_opt_values /usr/lib/python3/dist-packages/oslo_config/cfg.py:2602
2025-02-20 00:38:17.792 158472 DEBUG oslo_service.service [req-e1c8b7cb-89cc-4195-832b-d3a98e020d20 - - - - -] instance_usage_audit_period = month log_opt_values /usr/lib/python3/dist-packages/oslo_config/cfg.py:2602
2025-02-20 00:38:17.792 158472 DEBUG oslo_service.service [req-e1c8b7cb-89cc-4195-832b-d3a98e020d20 - - - - -] instance_uuid_format = [instance: %(uuid)s] log_opt_values /usr/lib/python3/dist-packages/oslo_config/cfg.py:2602
2025-02-20 00:38:17.793 158472 DEBUG oslo_service.service [req-e1c8b7cb-89cc-4195-832b-d3a98e020d20 - - - - -] instances_path = /var/lib/nova/instances log_opt_values /usr/lib/python3/dist-packages/oslo_config/cfg.py:2602
2025-02-20 00:38:17.793 158472 DEBUG oslo_service.service [req-e1c8b7cb-89cc-4195-832b-d3a98e020d20 - - - - -] internal_service_availability_zone = internal log_opt_values /usr/lib/python3/dist-packages/oslo_config/cfg.py:2602
2025-02-20 00:38:17.793 158472 DEBUG oslo_service.service [req-e1c8b7cb-89cc-4195-832b-d3a98e020d20 - - - - -] key = None log_opt_values /usr/lib/python3/dist-packages/oslo_config/cfg.py:2602
2025-02-20 00:38:17.793 158472 DEBUG oslo_service.service [req-e1c8b7cb-89cc-4195-832b-d3a98e020d20 - - - - -] live_migration_retry_count = 30 log_opt_values /usr/lib/python3/dist-packages/oslo_config/cfg.py:2602
2025-02-20 00:38:17.793 158472 DEBUG oslo_service.service [req-e1c8b7cb-89cc-4195-832b-d3a98e020d20 - - - - -] log_config_append = None log_opt_values /usr/lib/python3/dist-packages/oslo_config/cfg.py:2602
2025-02-20 00:38:17.793 158472 DEBUG oslo_service.service [req-e1c8b7cb-89cc-4195-832b-d3a98e020d20 - - - - -] log_date_format = %Y-%m-%d %H:%M:%S log_opt_values /usr/lib/python3/dist-packages/oslo_config/cfg.py:2602
2025-02-20 00:38:17.794 158472 DEBUG oslo_service.service [req-e1c8b7cb-89cc-4195-832b-d3a98e020d20 - - - - -] log_dir = /var/log/nova log_opt_values /usr/lib/python3/dist-packages/oslo_config/cfg.py:2602
2025-02-20 00:38:17.794 158472 DEBUG oslo_service.service [req-e1c8b7cb-89cc-4195-832b-d3a98e020d20 - - - - -] log_file = /var/log/nova/nova-scheduler.log log_opt_values /usr/lib/python3/dist-packages/oslo_config/cfg.py:2602
2025-02-20 00:38:17.794 158472 DEBUG oslo_service.service [req-e1c8b7cb-89cc-4195-832b-d3a98e020d20 - - - - -] log_options = True log_opt_values /usr/lib/python3/dist-packages/oslo_config/cfg.py:2602
2025-02-20 00:38:17.794 158472 DEBUG oslo_service.service [req-e1c8b7cb-89cc-4195-832b-d3a98e020d20 - - - - -] log_rotate_interval = 1 log_opt_values /usr/lib/python3/dist-packages/oslo_config/cfg.py:2602
2025-02-20 00:38:17.794 158472 DEBUG oslo_service.service [req-e1c8b7cb-89cc-4195-832b-d3a98e020d20 - - - - -] log_rotate_interval_type = days log_opt_values /usr/lib/python3/dist-packages/oslo_config/cfg.py:2602
2025-02-20 00:38:17.794 158472 DEBUG oslo_service.service [req-e1c8b7cb-89cc-4195-832b-d3a98e020d20 - - - - -] log_rotation_type = none log_opt_values /usr/lib/python3/dist-packages/oslo_config/cfg.py:2602
2025-02-20 00:38:17.795 158472 DEBUG oslo_service.service [req-e1c8b7cb-89cc-4195-832b-d3a98e020d20 - - - - -] logging_context_format_string = %(asctime)s.%(msecs)03d %(process)d %(levelname)s %(name)s [%(request_id)s %(user_identity)s] %(instance)s%(message)s log_opt_values /usr/lib/python3/dist-packages/oslo_config/cfg.py:2602
2025-02-20 00:38:17.795 158472 DEBUG oslo_service.service [req-e1c8b7cb-89cc-4195-832b-d3a98e020d20 - - - - -] logging_debug_format_suffix = %(funcName)s %(pathname)s:%(lineno)d log_opt_values /usr/lib/python3/dist-packages/oslo_config/cfg.py:2602
2025-02-20 00:38:17.795 158472 DEBUG oslo_service.service [req-e1c8b7cb-89cc-4195-832b-d3a98e020d20 - - - - -] logging_default_format_string = %(asctime)s.%(msecs)03d %(process)d %(levelname)s %(name)s [-] %(instance)s%(message)s log_opt_values /usr/lib/python3/dist-packages/oslo_config/cfg.py:2602
2025-02-20 00:38:17.795 158472 DEBUG oslo_service.service [req-e1c8b7cb-89cc-4195-832b-d3a98e020d20 - - - - -] logging_exception_prefix = %(asctime)s.%(msecs)03d %(process)d ERROR %(name)s %(instance)s log_opt_values /usr/lib/python3/dist-packages/oslo_config/cfg.py:2602
2025-02-20 00:38:17.795 158472 DEBUG oslo_service.service [req-e1c8b7cb-89cc-4195-832b-d3a98e020d20 - - - - -] logging_user_identity_format = %(user)s %(project)s %(domain)s %(user_domain)s %(project_domain)s log_opt_values /usr/lib/python3/dist-packages/oslo_config/cfg.py:2602
2025-02-20 00:38:17.795 158472 DEBUG oslo_service.service [req-e1c8b7cb-89cc-4195-832b-d3a98e020d20 - - - - -] long_rpc_timeout = 1800 log_opt_values /usr/lib/python3/dist-packages/oslo_config/cfg.py:2602
2025-02-20 00:38:17.796 158472 DEBUG oslo_service.service [req-e1c8b7cb-89cc-4195-832b-d3a98e020d20 - - - - -] max_concurrent_builds = 10 log_opt_values /usr/lib/python3/dist-packages/oslo_config/cfg.py:2602
2025-02-20 00:38:17.796 158472 DEBUG oslo_service.service [req-e1c8b7cb-89cc-4195-832b-d3a98e020d20 - - - - -] max_concurrent_live_migrations = 1 log_opt_values /usr/lib/python3/dist-packages/oslo_config/cfg.py:2602
2025-02-20 00:38:17.796 158472 DEBUG oslo_service.service [req-e1c8b7cb-89cc-4195-832b-d3a98e020d20 - - - - -] max_concurrent_snapshots = 5 log_opt_values /usr/lib/python3/dist-packages/oslo_config/cfg.py:2602
2025-02-20 00:38:17.796 158785 DEBUG nova.service [req-476b0ea4-b9ff-4df2-85d5-d2286c480dca - - - - -] Creating RPC server for service scheduler start /usr/lib/python3/dist-packages/nova/service.py:182
2025-02-20 00:38:17.796 158472 DEBUG oslo_service.service [req-e1c8b7cb-89cc-4195-832b-d3a98e020d20 - - - - -] max_local_block_devices = 3 log_opt_values /usr/lib/python3/dist-packages/oslo_config/cfg.py:2602
2025-02-20 00:38:17.797 158472 DEBUG oslo_service.service [req-e1c8b7cb-89cc-4195-832b-d3a98e020d20 - - - - -] max_logfile_count = 30 log_opt_values /usr/lib/python3/dist-packages/oslo_config/cfg.py:2602
2025-02-20 00:38:17.797 158472 DEBUG oslo_service.service [req-e1c8b7cb-89cc-4195-832b-d3a98e020d20 - - - - -] max_logfile_size_mb = 200 log_opt_values /usr/lib/python3/dist-packages/oslo_config/cfg.py:2602
2025-02-20 00:38:17.797 158472 DEBUG oslo_service.service [req-e1c8b7cb-89cc-4195-832b-d3a98e020d20 - - - - -] maximum_instance_delete_attempts = 5 log_opt_values /usr/lib/python3/dist-packages/oslo_config/cfg.py:2602
2025-02-20 00:38:17.798 158472 DEBUG oslo_service.service [req-e1c8b7cb-89cc-4195-832b-d3a98e020d20 - - - - -] metadata_listen = 0.0.0.0 log_opt_values /usr/lib/python3/dist-packages/oslo_config/cfg.py:2602
2025-02-20 00:38:17.798 158784 DEBUG nova.service [req-949fa7fd-8787-4e4f-8d67-20417c976e64 - - - - -] Creating RPC server for service scheduler start /usr/lib/python3/dist-packages/nova/service.py:182
2025-02-20 00:38:17.798 158472 DEBUG oslo_service.service [req-e1c8b7cb-89cc-4195-832b-d3a98e020d20 - - - - -] metadata_listen_port = 8765 log_opt_values /usr/lib/python3/dist-packages/oslo_config/cfg.py:2602
2025-02-20 00:38:17.798 158472 DEBUG oslo_service.service [req-e1c8b7cb-89cc-4195-832b-d3a98e020d20 - - - - -] metadata_workers = None log_opt_values /usr/lib/python3/dist-packages/oslo_config/cfg.py:2602
2025-02-20 00:38:17.798 158472 DEBUG oslo_service.service [req-e1c8b7cb-89cc-4195-832b-d3a98e020d20 - - - - -] migrate_max_retries = -1 log_opt_values /usr/lib/python3/dist-packages/oslo_config/cfg.py:2602
2025-02-20 00:38:17.798 158472 DEBUG oslo_service.service [req-e1c8b7cb-89cc-4195-832b-d3a98e020d20 - - - - -] mkisofs_cmd = genisoimage log_opt_values /usr/lib/python3/dist-packages/oslo_config/cfg.py:2602
2025-02-20 00:38:17.799 158472 DEBUG oslo_service.service [req-e1c8b7cb-89cc-4195-832b-d3a98e020d20 - - - - -] my_block_storage_ip = 252.24.48.170 log_opt_values /usr/lib/python3/dist-packages/oslo_config/cfg.py:2602
2025-02-20 00:38:17.799 158472 DEBUG oslo_service.service [req-e1c8b7cb-89cc-4195-832b-d3a98e020d20 - - - - -] my_ip = 252.24.48.170 log_opt_values /usr/lib/python3/dist-packages/oslo_config/cfg.py:2602
2025-02-20 00:38:17.799 158472 DEBUG oslo_service.service [req-e1c8b7cb-89cc-4195-832b-d3a98e020d20 - - - - -] network_allocate_retries = 0 log_opt_values /usr/lib/python3/dist-packages/oslo_config/cfg.py:2602
2025-02-20 00:38:17.799 158472 DEBUG oslo_service.service [req-e1c8b7cb-89cc-4195-832b-d3a98e020d20 - - - - -] non_inheritable_image_properties = ['cache_in_nova', 'bittorrent'] log_opt_values /usr/lib/python3/dist-packages/oslo_config/cfg.py:2602
2025-02-20 00:38:17.800 158472 DEBUG oslo_service.service [req-e1c8b7cb-89cc-4195-832b-d3a98e020d20 - - - - -] osapi_compute_listen = 0.0.0.0 log_opt_values /usr/lib/python3/dist-packages/oslo_config/cfg.py:2602
2025-02-20 00:38:17.800 158472 DEBUG oslo_service.service [req-e1c8b7cb-89cc-4195-832b-d3a98e020d20 - - - - -] osapi_compute_listen_port = 8764 log_opt_values /usr/lib/python3/dist-packages/oslo_config/cfg.py:2602
2025-02-20 00:38:17.800 158472 DEBUG oslo_service.service [req-e1c8b7cb-89cc-4195-832b-d3a98e020d20 - - - - -] osapi_compute_unique_server_name_scope = log_opt_values /usr/lib/python3/dist-packages/oslo_config/cfg.py:2602
2025-02-20 00:38:17.800 158472 DEBUG oslo_service.service [req-e1c8b7cb-89cc-4195-832b-d3a98e020d20 - - - - -] osapi_compute_workers = 4 log_opt_values /usr/lib/python3/dist-packages/oslo_config/cfg.py:2602
2025-02-20 00:38:17.801 158472 DEBUG oslo_service.service [req-e1c8b7cb-89cc-4195-832b-d3a98e020d20 - - - - -] password_length = 12 log_opt_values /usr/lib/python3/dist-packages/oslo_config/cfg.py:2602
2025-02-20 00:38:17.801 158472 DEBUG oslo_service.service [req-e1c8b7cb-89cc-4195-832b-d3a98e020d20 - - - - -] periodic_enable = True log_opt_values /usr/lib/python3/dist-packages/oslo_config/cfg.py:2602
2025-02-20 00:38:17.801 158472 DEBUG oslo_service.service [req-e1c8b7cb-89cc-4195-832b-d3a98e020d20 - - - - -] periodic_fuzzy_delay = 60 log_opt_values /usr/lib/python3/dist-packages/oslo_config/cfg.py:2602
2025-02-20 00:38:17.801 158472 DEBUG oslo_service.service [req-e1c8b7cb-89cc-4195-832b-d3a98e020d20 - - - - -] pointer_model = usbtablet log_opt_values /usr/lib/python3/dist-packages/oslo_config/cfg.py:2602
2025-02-20 00:38:17.801 158472 DEBUG oslo_service.service [req-e1c8b7cb-89cc-4195-832b-d3a98e020d20 - - - - -] preallocate_images = none log_opt_values /usr/lib/python3/dist-packages/oslo_config/cfg.py:2602
2025-02-20 00:38:17.801 158472 DEBUG oslo_service.service [req-e1c8b7cb-89cc-4195-832b-d3a98e020d20 - - - - -] publish_errors = False log_opt_values /usr/lib/python3/dist-packages/oslo_config/cfg.py:2602
2025-02-20 00:38:17.802 158472 DEBUG oslo_service.service [req-e1c8b7cb-89cc-4195-832b-d3a98e020d20 - - - - -] pybasedir = /usr/lib/python3/dist-packages log_opt_values /usr/lib/python3/dist-packages/oslo_config/cfg.py:2602
2025-02-20 00:38:17.802 158472 DEBUG oslo_service.service [req-e1c8b7cb-89cc-4195-832b-d3a98e020d20 - - - - -] ram_allocation_ratio = 0.98 log_opt_values /usr/lib/python3/dist-packages/oslo_config/cfg.py:2602
2025-02-20 00:38:17.802 158472 DEBUG oslo_service.service [req-e1c8b7cb-89cc-4195-832b-d3a98e020d20 - - - - -] rate_limit_burst = 0 log_opt_values /usr/lib/python3/dist-packages/oslo_config/cfg.py:2602
2025-02-20 00:38:17.802 158472 DEBUG oslo_service.service [req-e1c8b7cb-89cc-4195-832b-d3a98e020d20 - - - - -] rate_limit_except_level = CRITICAL log_opt_values /usr/lib/python3/dist-packages/oslo_config/cfg.py:2602
2025-02-20 00:38:17.802 158472 DEBUG oslo_service.service [req-e1c8b7cb-89cc-4195-832b-d3a98e020d20 - - - - -] rate_limit_interval = 0 log_opt_values /usr/lib/python3/dist-packages/oslo_config/cfg.py:2602
2025-02-20 00:38:17.803 158472 DEBUG oslo_service.service [req-e1c8b7cb-89cc-4195-832b-d3a98e020d20 - - - - -] reboot_timeout = 0 log_opt_values /usr/lib/python3/dist-packages/oslo_config/cfg.py:2602
2025-02-20 00:38:17.803 158472 DEBUG oslo_service.service [req-e1c8b7cb-89cc-4195-832b-d3a98e020d20 - - - - -] reclaim_instance_interval = 0 log_opt_values /usr/lib/python3/dist-packages/oslo_config/cfg.py:2602
2025-02-20 00:38:17.803 158472 DEBUG oslo_service.service [req-e1c8b7cb-89cc-4195-832b-d3a98e020d20 - - - - -] record = None log_opt_values /usr/lib/python3/dist-packages/oslo_config/cfg.py:2602
2025-02-20 00:38:17.803 158472 DEBUG oslo_service.service [req-e1c8b7cb-89cc-4195-832b-d3a98e020d20 - - - - -] report_interval = 10 log_opt_values /usr/lib/python3/dist-packages/oslo_config/cfg.py:2602
2025-02-20 00:38:17.803 158472 DEBUG oslo_service.service [req-e1c8b7cb-89cc-4195-832b-d3a98e020d20 - - - - -] rescue_timeout = 0 log_opt_values /usr/lib/python3/dist-packages/oslo_config/cfg.py:2602
2025-02-20 00:38:17.803 158472 DEBUG oslo_service.service [req-e1c8b7cb-89cc-4195-832b-d3a98e020d20 - - - - -] reserved_host_cpus = 0 log_opt_values /usr/lib/python3/dist-packages/oslo_config/cfg.py:2602
2025-02-20 00:38:17.804 158472 DEBUG oslo_service.service [req-e1c8b7cb-89cc-4195-832b-d3a98e020d20 - - - - -] reserved_host_disk_mb = 0 log_opt_values /usr/lib/python3/dist-packages/oslo_config/cfg.py:2602
2025-02-20 00:38:17.806 158787 DEBUG nova.service [req-70a1e825-1e5d-4a7e-9a7a-1732753b781a - - - - -] Creating RPC server for service scheduler start /usr/lib/python3/dist-packages/nova/service.py:182
2025-02-20 00:38:17.807 158472 DEBUG oslo_service.service [req-e1c8b7cb-89cc-4195-832b-d3a98e020d20 - - - - -] reserved_host_memory_mb = 512 log_opt_values /usr/lib/python3/dist-packages/oslo_config/cfg.py:2602
2025-02-20 00:38:17.809 158472 DEBUG oslo_service.service [req-e1c8b7cb-89cc-4195-832b-d3a98e020d20 - - - - -] reserved_huge_pages = None log_opt_values /usr/lib/python3/dist-packages/oslo_config/cfg.py:2602
2025-02-20 00:38:17.809 158472 DEBUG oslo_service.service [req-e1c8b7cb-89cc-4195-832b-d3a98e020d20 - - - - -] resize_confirm_window = 0 log_opt_values /usr/lib/python3/dist-packages/oslo_config/cfg.py:2602
2025-02-20 00:38:17.809 158472 DEBUG oslo_service.service [req-e1c8b7cb-89cc-4195-832b-d3a98e020d20 - - - - -] resize_fs_using_block_device = False log_opt_values /usr/lib/python3/dist-packages/oslo_config/cfg.py:2602
2025-02-20 00:38:17.809 158472 DEBUG oslo_service.service [req-e1c8b7cb-89cc-4195-832b-d3a98e020d20 - - - - -] resume_guests_state_on_host_boot = False log_opt_values /usr/lib/python3/dist-packages/oslo_config/cfg.py:2602
2025-02-20 00:38:17.810 158472 DEBUG oslo_service.service [req-e1c8b7cb-89cc-4195-832b-d3a98e020d20 - - - - -] rootwrap_config = /etc/nova/rootwrap.conf log_opt_values /usr/lib/python3/dist-packages/oslo_config/cfg.py:2602
2025-02-20 00:38:17.810 158472 DEBUG oslo_service.service [req-e1c8b7cb-89cc-4195-832b-d3a98e020d20 - - - - -] run_external_periodic_tasks = True log_opt_values /usr/lib/python3/dist-packages/oslo_config/cfg.py:2602
2025-02-20 00:38:17.810 158472 DEBUG oslo_service.service [req-e1c8b7cb-89cc-4195-832b-d3a98e020d20 - - - - -] running_deleted_instance_action = reap log_opt_values /usr/lib/python3/dist-packages/oslo_config/cfg.py:2602
2025-02-20 00:38:17.810 158472 DEBUG oslo_service.service [req-e1c8b7cb-89cc-4195-832b-d3a98e020d20 - - - - -] running_deleted_instance_poll_interval = 1800 log_opt_values /usr/lib/python3/dist-packages/oslo_config/cfg.py:2602
2025-02-20 00:38:17.810 158472 DEBUG oslo_service.service [req-e1c8b7cb-89cc-4195-832b-d3a98e020d20 - - - - -] running_deleted_instance_timeout = 0 log_opt_values /usr/lib/python3/dist-packages/oslo_config/cfg.py:2602
2025-02-20 00:38:17.811 158472 DEBUG oslo_service.service [req-e1c8b7cb-89cc-4195-832b-d3a98e020d20 - - - - -] scheduler_instance_sync_interval = 120 log_opt_values /usr/lib/python3/dist-packages/oslo_config/cfg.py:2602
2025-02-20 00:38:17.812 158472 DEBUG oslo_service.service [req-e1c8b7cb-89cc-4195-832b-d3a98e020d20 - - - - -] service_down_time = 60 log_opt_values /usr/lib/python3/dist-packages/oslo_config/cfg.py:2602
2025-02-20 00:38:17.812 158472 DEBUG oslo_service.service [req-e1c8b7cb-89cc-4195-832b-d3a98e020d20 - - - - -] servicegroup_driver = db log_opt_values /usr/lib/python3/dist-packages/oslo_config/cfg.py:2602
2025-02-20 00:38:17.812 158472 DEBUG oslo_service.service [req-e1c8b7cb-89cc-4195-832b-d3a98e020d20 - - - - -] shelved_offload_time = 0 log_opt_values /usr/lib/python3/dist-packages/oslo_config/cfg.py:2602
2025-02-20 00:38:17.813 158472 DEBUG oslo_service.service [req-e1c8b7cb-89cc-4195-832b-d3a98e020d20 - - - - -] shelved_poll_interval = 3600 log_opt_values /usr/lib/python3/dist-packages/oslo_config/cfg.py:2602
2025-02-20 00:38:17.813 158472 DEBUG oslo_service.service [req-e1c8b7cb-89cc-4195-832b-d3a98e020d20 - - - - -] shutdown_timeout = 60 log_opt_values /usr/lib/python3/dist-packages/oslo_config/cfg.py:2602
2025-02-20 00:38:17.813 158472 DEBUG oslo_service.service [req-e1c8b7cb-89cc-4195-832b-d3a98e020d20 - - - - -] source_is_ipv6 = False log_opt_values /usr/lib/python3/dist-packages/oslo_config/cfg.py:2602
2025-02-20 00:38:17.814 158472 DEBUG oslo_service.service [req-e1c8b7cb-89cc-4195-832b-d3a98e020d20 - - - - -] ssl_only = False log_opt_values /usr/lib/python3/dist-packages/oslo_config/cfg.py:2602
2025-02-20 00:38:17.814 158472 DEBUG oslo_service.service [req-e1c8b7cb-89cc-4195-832b-d3a98e020d20 - - - - -] state_path = /var/lib/nova log_opt_values /usr/lib/python3/dist-packages/oslo_config/cfg.py:2602
2025-02-20 00:38:17.814 158472 DEBUG oslo_service.service [req-e1c8b7cb-89cc-4195-832b-d3a98e020d20 - - - - -] sync_power_state_interval = 600 log_opt_values /usr/lib/python3/dist-packages/oslo_config/cfg.py:2602
2025-02-20 00:38:17.815 158472 DEBUG oslo_service.service [req-e1c8b7cb-89cc-4195-832b-d3a98e020d20 - - - - -] sync_power_state_pool_size = 1000 log_opt_values /usr/lib/python3/dist-packages/oslo_config/cfg.py:2602
2025-02-20 00:38:17.815 158472 DEBUG oslo_service.service [req-e1c8b7cb-89cc-4195-832b-d3a98e020d20 - - - - -] syslog_log_facility = LOG_USER log_opt_values /usr/lib/python3/dist-packages/oslo_config/cfg.py:2602
2025-02-20 00:38:17.816 158472 DEBUG oslo_service.service [req-e1c8b7cb-89cc-4195-832b-d3a98e020d20 - - - - -] tempdir = None log_opt_values /usr/lib/python3/dist-packages/oslo_config/cfg.py:2602
2025-02-20 00:38:17.816 158472 DEBUG oslo_service.service [req-e1c8b7cb-89cc-4195-832b-d3a98e020d20 - - - - -] timeout_nbd = 10 log_opt_values /usr/lib/python3/dist-packages/oslo_config/cfg.py:2602
2025-02-20 00:38:17.816 158472 DEBUG oslo_service.service [req-e1c8b7cb-89cc-4195-832b-d3a98e020d20 - - - - -] transport_url = **** log_opt_values /usr/lib/python3/dist-packages/oslo_config/cfg.py:2602
2025-02-20 00:38:17.817 158472 DEBUG oslo_service.service [req-e1c8b7cb-89cc-4195-832b-d3a98e020d20 - - - - -] update_resources_interval = 0 log_opt_values /usr/lib/python3/dist-packages/oslo_config/cfg.py:2602
2025-02-20 00:38:17.817 158472 DEBUG oslo_service.service [req-e1c8b7cb-89cc-4195-832b-d3a98e020d20 - - - - -] use_cow_images = True log_opt_values /usr/lib/python3/dist-packages/oslo_config/cfg.py:2602
2025-02-20 00:38:17.819 158472 DEBUG oslo_service.service [req-e1c8b7cb-89cc-4195-832b-d3a98e020d20 - - - - -] use_eventlog = False log_opt_values /usr/lib/python3/dist-packages/oslo_config/cfg.py:2602
2025-02-20 00:38:17.819 158472 DEBUG oslo_service.service [req-e1c8b7cb-89cc-4195-832b-d3a98e020d20 - - - - -] use_journal = False log_opt_values /usr/lib/python3/dist-packages/oslo_config/cfg.py:2602
2025-02-20 00:38:17.822 158472 DEBUG oslo_service.service [req-e1c8b7cb-89cc-4195-832b-d3a98e020d20 - - - - -] use_json = False log_opt_values /usr/lib/python3/dist-packages/oslo_config/cfg.py:2602
2025-02-20 00:38:17.822 158472 DEBUG oslo_service.service [req-e1c8b7cb-89cc-4195-832b-d3a98e020d20 - - - - -] use_rootwrap_daemon = False log_opt_values /usr/lib/python3/dist-packages/oslo_config/cfg.py:2602
2025-02-20 00:38:17.825 158472 DEBUG oslo_service.service [req-e1c8b7cb-89cc-4195-832b-d3a98e020d20 - - - - -] use_stderr = False log_opt_values /usr/lib/python3/dist-packages/oslo_config/cfg.py:2602
2025-02-20 00:38:17.825 158472 DEBUG oslo_service.service [req-e1c8b7cb-89cc-4195-832b-d3a98e020d20 - - - - -] use_syslog = False log_opt_values /usr/lib/python3/dist-packages/oslo_config/cfg.py:2602
2025-02-20 00:38:17.824 158785 DEBUG oslo_messaging._drivers.amqpdriver [-] Listener is running poll /usr/lib/python3/dist-packages/oslo_messaging/_drivers/amqpdriver.py:343
2025-02-20 00:38:17.824 158786 DEBUG nova.service [req-350b11f8-ee5e-4451-8bde-43542dc1f52e - - - - -] Creating RPC server for service scheduler start /usr/lib/python3/dist-packages/nova/service.py:182
2025-02-20 00:38:17.825 158472 DEBUG oslo_service.service [req-e1c8b7cb-89cc-4195-832b-d3a98e020d20 - - - - -] vcpu_pin_set = None log_opt_values /usr/lib/python3/dist-packages/oslo_config/cfg.py:2602
2025-02-20 00:38:17.825 158472 DEBUG oslo_service.service [req-e1c8b7cb-89cc-4195-832b-d3a98e020d20 - - - - -] vif_plugging_is_fatal = True log_opt_values /usr/lib/python3/dist-packages/oslo_config/cfg.py:2602
2025-02-20 00:38:17.826 158472 DEBUG oslo_service.service [req-e1c8b7cb-89cc-4195-832b-d3a98e020d20 - - - - -] vif_plugging_timeout = 300 log_opt_values /usr/lib/python3/dist-packages/oslo_config/cfg.py:2602
2025-02-20 00:38:17.826 158472 DEBUG oslo_service.service [req-e1c8b7cb-89cc-4195-832b-d3a98e020d20 - - - - -] virt_mkfs = [] log_opt_values /usr/lib/python3/dist-packages/oslo_config/cfg.py:2602
2025-02-20 00:38:17.826 158472 DEBUG oslo_service.service [req-e1c8b7cb-89cc-4195-832b-d3a98e020d20 - - - - -] volume_usage_poll_interval = 0 log_opt_values /usr/lib/python3/dist-packages/oslo_config/cfg.py:2602
2025-02-20 00:38:17.826 158472 DEBUG oslo_service.service [req-e1c8b7cb-89cc-4195-832b-d3a98e020d20 - - - - -] watch_log_file = False log_opt_values /usr/lib/python3/dist-packages/oslo_config/cfg.py:2602
2025-02-20 00:38:17.825 158785 DEBUG oslo_messaging._drivers.amqpdriver [-] AMQPListener connection consume poll /usr/lib/python3/dist-packages/oslo_messaging/_drivers/amqpdriver.py:357
2025-02-20 00:38:17.826 158472 DEBUG oslo_service.service [req-e1c8b7cb-89cc-4195-832b-d3a98e020d20 - - - - -] web = /usr/share/spice-html5 log_opt_values /usr/lib/python3/dist-packages/oslo_config/cfg.py:2602
2025-02-20 00:38:17.827 158472 DEBUG oslo_service.service [req-e1c8b7cb-89cc-4195-832b-d3a98e020d20 - - - - -] oslo_concurrency.disable_process_locking = False log_opt_values /usr/lib/python3/dist-packages/oslo_config/cfg.py:2609
2025-02-20 00:38:17.827 158472 DEBUG oslo_service.service [req-e1c8b7cb-89cc-4195-832b-d3a98e020d20 - - - - -] oslo_concurrency.lock_path = /var/lock/nova log_opt_values /usr/lib/python3/dist-packages/oslo_config/cfg.py:2609
2025-02-20 00:38:17.827 158472 WARNING oslo_config.cfg [req-e1c8b7cb-89cc-4195-832b-d3a98e020d20 - - - - -] Deprecated: Option "auth_strategy" from group "api" is deprecated for removal ( The only non-default choice, ``noauth2``, is for internal development and testing purposes only and should not be used in deployments. This option and its middleware, NoAuthMiddleware[V2_18], will be removed in a future release. ). Its value may be silently ignored in the future.
2025-02-20 00:38:17.827 158785 DEBUG nova.service [req-476b0ea4-b9ff-4df2-85d5-d2286c480dca - - - - -] Join ServiceGroup membership for this service scheduler start /usr/lib/python3/dist-packages/nova/service.py:199
2025-02-20 00:38:17.828 158472 DEBUG oslo_service.service [req-e1c8b7cb-89cc-4195-832b-d3a98e020d20 - - - - -] api.auth_strategy = keystone log_opt_values /usr/lib/python3/dist-packages/oslo_config/cfg.py:2609
2025-02-20 00:38:17.828 158785 DEBUG nova.servicegroup.drivers.db [req-476b0ea4-b9ff-4df2-85d5-d2286c480dca - - - - -] DB_Driver: join new ServiceGroup member juju-1fcd98-0-lxd-7 to the scheduler group, service = join /usr/lib/python3/dist-packages/nova/servicegroup/drivers/db.py:44
2025-02-20 00:38:17.828 158472 DEBUG oslo_service.service [req-e1c8b7cb-89cc-4195-832b-d3a98e020d20 - - - - -] api.compute_link_prefix = None log_opt_values /usr/lib/python3/dist-packages/oslo_config/cfg.py:2609
2025-02-20 00:38:17.827 158784 DEBUG oslo_messaging._drivers.amqpdriver [-] Listener is running poll /usr/lib/python3/dist-packages/oslo_messaging/_drivers/amqpdriver.py:343
2025-02-20 00:38:17.828 158472 DEBUG oslo_service.service [req-e1c8b7cb-89cc-4195-832b-d3a98e020d20 - - - - -] api.config_drive_skip_versions = 1.0 2007-01-19 2007-03-01 2007-08-29 2007-10-10 2007-12-15 2008-02-01 2008-09-01 log_opt_values /usr/lib/python3/dist-packages/oslo_config/cfg.py:2609
2025-02-20 00:38:17.828 158784 DEBUG oslo_messaging._drivers.amqpdriver [-] AMQPListener connection consume poll /usr/lib/python3/dist-packages/oslo_messaging/_drivers/amqpdriver.py:357
2025-02-20 00:38:17.828 158472 DEBUG oslo_service.service [req-e1c8b7cb-89cc-4195-832b-d3a98e020d20 - - - - -] api.dhcp_domain = novalocal log_opt_values /usr/lib/python3/dist-packages/oslo_config/cfg.py:2609
2025-02-20 00:38:17.828 158472 DEBUG oslo_service.service [req-e1c8b7cb-89cc-4195-832b-d3a98e020d20 - - - - -] api.enable_instance_password = True log_opt_values /usr/lib/python3/dist-packages/oslo_config/cfg.py:2609
2025-02-20 00:38:17.829 158472 DEBUG oslo_service.service [req-e1c8b7cb-89cc-4195-832b-d3a98e020d20 - - - - -] api.glance_link_prefix = None log_opt_values /usr/lib/python3/dist-packages/oslo_config/cfg.py:2609
2025-02-20 00:38:17.829 158472 DEBUG oslo_service.service [req-e1c8b7cb-89cc-4195-832b-d3a98e020d20 - - - - -] api.instance_list_cells_batch_fixed_size = 100 log_opt_values /usr/lib/python3/dist-packages/oslo_config/cfg.py:2609
2025-02-20 00:38:17.829 158472 DEBUG oslo_service.service [req-e1c8b7cb-89cc-4195-832b-d3a98e020d20 - - - - -] api.instance_list_cells_batch_strategy = distributed log_opt_values /usr/lib/python3/dist-packages/oslo_config/cfg.py:2609
2025-02-20 00:38:17.829 158472 DEBUG oslo_service.service [req-e1c8b7cb-89cc-4195-832b-d3a98e020d20 - - - - -] api.instance_list_per_project_cells = False log_opt_values /usr/lib/python3/dist-packages/oslo_config/cfg.py:2609
2025-02-20 00:38:17.829 158472 DEBUG oslo_service.service [req-e1c8b7cb-89cc-4195-832b-d3a98e020d20 - - - - -] api.list_records_by_skipping_down_cells = True log_opt_values /usr/lib/python3/dist-packages/oslo_config/cfg.py:2609
2025-02-20 00:38:17.829 158784 DEBUG nova.service [req-949fa7fd-8787-4e4f-8d67-20417c976e64 - - - - -] Join ServiceGroup membership for this service scheduler start /usr/lib/python3/dist-packages/nova/service.py:199
2025-02-20 00:38:17.829 158472 DEBUG oslo_service.service [req-e1c8b7cb-89cc-4195-832b-d3a98e020d20 - - - - -] api.local_metadata_per_cell = False log_opt_values /usr/lib/python3/dist-packages/oslo_config/cfg.py:2609
2025-02-20 00:38:17.830 158472 DEBUG oslo_service.service [req-e1c8b7cb-89cc-4195-832b-d3a98e020d20 - - - - -] api.max_limit = 1000 log_opt_values /usr/lib/python3/dist-packages/oslo_config/cfg.py:2609
2025-02-20 00:38:17.830 158784 DEBUG nova.servicegroup.drivers.db [req-949fa7fd-8787-4e4f-8d67-20417c976e64 - - - - -] DB_Driver: join new ServiceGroup member juju-1fcd98-0-lxd-7 to the scheduler group, service = join /usr/lib/python3/dist-packages/nova/servicegroup/drivers/db.py:44
2025-02-20 00:38:17.830 158472 DEBUG oslo_service.service [req-e1c8b7cb-89cc-4195-832b-d3a98e020d20 - - - - -] api.metadata_cache_expiration = 15 log_opt_values /usr/lib/python3/dist-packages/oslo_config/cfg.py:2609
2025-02-20 00:38:17.830 158472 DEBUG oslo_service.service [req-e1c8b7cb-89cc-4195-832b-d3a98e020d20 - - - - -] api.neutron_default_tenant_id = default log_opt_values /usr/lib/python3/dist-packages/oslo_config/cfg.py:2609
2025-02-20 00:38:17.830 158472 DEBUG oslo_service.service [req-e1c8b7cb-89cc-4195-832b-d3a98e020d20 - - - - -] api.use_forwarded_for = False log_opt_values /usr/lib/python3/dist-packages/oslo_config/cfg.py:2609
2025-02-20 00:38:17.830 158472 DEBUG oslo_service.service [req-e1c8b7cb-89cc-4195-832b-d3a98e020d20 - - - - -] api.use_neutron_default_nets = False log_opt_values /usr/lib/python3/dist-packages/oslo_config/cfg.py:2609
2025-02-20 00:38:17.831 158472 DEBUG oslo_service.service [req-e1c8b7cb-89cc-4195-832b-d3a98e020d20 - - - - -] api.vendordata_dynamic_connect_timeout = 5 log_opt_values /usr/lib/python3/dist-packages/oslo_config/cfg.py:2609
2025-02-20 00:38:17.831 158472 DEBUG oslo_service.service [req-e1c8b7cb-89cc-4195-832b-d3a98e020d20 - - - - -] api.vendordata_dynamic_failure_fatal = False log_opt_values /usr/lib/python3/dist-packages/oslo_config/cfg.py:2609
2025-02-20 00:38:17.831 158472 DEBUG oslo_service.service [req-e1c8b7cb-89cc-4195-832b-d3a98e020d20 - - - - -] api.vendordata_dynamic_read_timeout = 5 log_opt_values /usr/lib/python3/dist-packages/oslo_config/cfg.py:2609
2025-02-20 00:38:17.831 158472 DEBUG oslo_service.service [req-e1c8b7cb-89cc-4195-832b-d3a98e020d20 - - - - -] api.vendordata_dynamic_ssl_certfile = log_opt_values /usr/lib/python3/dist-packages/oslo_config/cfg.py:2609
2025-02-20 00:38:17.831 158472 DEBUG oslo_service.service [req-e1c8b7cb-89cc-4195-832b-d3a98e020d20 - - - - -] api.vendordata_dynamic_targets = [] log_opt_values /usr/lib/python3/dist-packages/oslo_config/cfg.py:2609
2025-02-20 00:38:17.831 158785 DEBUG oslo_messaging._drivers.amqpdriver [-] AMQPListener connection timeout poll /usr/lib/python3/dist-packages/oslo_messaging/_drivers/amqpdriver.py:360
2025-02-20 00:38:17.832 158472 DEBUG oslo_service.service [req-e1c8b7cb-89cc-4195-832b-d3a98e020d20 - - - - -] api.vendordata_jsonfile_path = None log_opt_values /usr/lib/python3/dist-packages/oslo_config/cfg.py:2609
2025-02-20 00:38:17.832 158785 DEBUG oslo_messaging._drivers.amqpdriver [-] Listener is running poll /usr/lib/python3/dist-packages/oslo_messaging/_drivers/amqpdriver.py:343
2025-02-20 00:38:17.832 158785 DEBUG oslo_messaging._drivers.amqpdriver [-] AMQPListener connection consume poll /usr/lib/python3/dist-packages/oslo_messaging/_drivers/amqpdriver.py:357
2025-02-20 00:38:17.832 158472 DEBUG oslo_service.service [req-e1c8b7cb-89cc-4195-832b-d3a98e020d20 - - - - -] api.vendordata_providers = ['StaticJSON'] log_opt_values /usr/lib/python3/dist-packages/oslo_config/cfg.py:2609
2025-02-20 00:38:17.832 158472 DEBUG oslo_service.service [req-e1c8b7cb-89cc-4195-832b-d3a98e020d20 - - - - -] cache.backend = dogpile.cache.null log_opt_values /usr/lib/python3/dist-packages/oslo_config/cfg.py:2609
2025-02-20 00:38:17.832 158784 DEBUG oslo_messaging._drivers.amqpdriver [-] AMQPListener connection timeout poll /usr/lib/python3/dist-packages/oslo_messaging/_drivers/amqpdriver.py:360
2025-02-20 00:38:17.832 158784 DEBUG oslo_messaging._drivers.amqpdriver [-] Listener is running poll /usr/lib/python3/dist-packages/oslo_messaging/_drivers/amqpdriver.py:343
2025-02-20 00:38:17.832 158784 DEBUG oslo_messaging._drivers.amqpdriver [-] AMQPListener connection consume poll /usr/lib/python3/dist-packages/oslo_messaging/_drivers/amqpdriver.py:357
2025-02-20 00:38:17.832 158472 DEBUG oslo_service.service [req-e1c8b7cb-89cc-4195-832b-d3a98e020d20 - - - - -] cache.backend_argument = **** log_opt_values /usr/lib/python3/dist-packages/oslo_config/cfg.py:2609
2025-02-20 00:38:17.833 158472 DEBUG oslo_service.service [req-e1c8b7cb-89cc-4195-832b-d3a98e020d20 - - - - -] cache.config_prefix = cache.oslo log_opt_values /usr/lib/python3/dist-packages/oslo_config/cfg.py:2609
2025-02-20 00:38:17.833 158472 DEBUG oslo_service.service [req-e1c8b7cb-89cc-4195-832b-d3a98e020d20 - - - - -] cache.debug_cache_backend = False log_opt_values /usr/lib/python3/dist-packages/oslo_config/cfg.py:2609
2025-02-20 00:38:17.833 158472 DEBUG oslo_service.service [req-e1c8b7cb-89cc-4195-832b-d3a98e020d20 - - - - -] cache.enabled = False log_opt_values /usr/lib/python3/dist-packages/oslo_config/cfg.py:2609
2025-02-20 00:38:17.833 158472 DEBUG oslo_service.service [req-e1c8b7cb-89cc-4195-832b-d3a98e020d20 - - - - -] cache.expiration_time = 600 log_opt_values /usr/lib/python3/dist-packages/oslo_config/cfg.py:2609
2025-02-20 00:38:17.833 158472 DEBUG oslo_service.service [req-e1c8b7cb-89cc-4195-832b-d3a98e020d20 - - - - -] cache.memcache_dead_retry = 300 log_opt_values /usr/lib/python3/dist-packages/oslo_config/cfg.py:2609
2025-02-20 00:38:17.833 158472 DEBUG oslo_service.service [req-e1c8b7cb-89cc-4195-832b-d3a98e020d20 - - - - -] cache.memcache_pool_connection_get_timeout = 10 log_opt_values /usr/lib/python3/dist-packages/oslo_config/cfg.py:2609
2025-02-20 00:38:17.833 158472 DEBUG oslo_service.service [req-e1c8b7cb-89cc-4195-832b-d3a98e020d20 - - - - -] cache.memcache_pool_flush_on_reconnect = False log_opt_values /usr/lib/python3/dist-packages/oslo_config/cfg.py:2609
2025-02-20 00:38:17.834 158472 DEBUG oslo_service.service [req-e1c8b7cb-89cc-4195-832b-d3a98e020d20 - - - - -] cache.memcache_pool_maxsize = 10 log_opt_values /usr/lib/python3/dist-packages/oslo_config/cfg.py:2609
2025-02-20 00:38:17.834 158472 DEBUG oslo_service.service [req-e1c8b7cb-89cc-4195-832b-d3a98e020d20 - - - - -] cache.memcache_pool_unused_timeout = 60 log_opt_values /usr/lib/python3/dist-packages/oslo_config/cfg.py:2609
2025-02-20 00:38:17.834 158787 DEBUG oslo_messaging._drivers.amqpdriver [-] Listener is running poll /usr/lib/python3/dist-packages/oslo_messaging/_drivers/amqpdriver.py:343
2025-02-20 00:38:17.834 158787 DEBUG oslo_messaging._drivers.amqpdriver [-] AMQPListener connection consume poll /usr/lib/python3/dist-packages/oslo_messaging/_drivers/amqpdriver.py:357
2025-02-20 00:38:17.834 158472 DEBUG oslo_service.service [req-e1c8b7cb-89cc-4195-832b-d3a98e020d20 - - - - -] cache.memcache_servers = ['localhost:11211'] log_opt_values /usr/lib/python3/dist-packages/oslo_config/cfg.py:2609
2025-02-20 00:38:17.834 158472 DEBUG oslo_service.service [req-e1c8b7cb-89cc-4195-832b-d3a98e020d20 - - - - -] cache.memcache_socket_timeout = 1.0 log_opt_values /usr/lib/python3/dist-packages/oslo_config/cfg.py:2609
2025-02-20 00:38:17.834 158472 DEBUG oslo_service.service [req-e1c8b7cb-89cc-4195-832b-d3a98e020d20 - - - - -] cache.proxies = [] log_opt_values /usr/lib/python3/dist-packages/oslo_config/cfg.py:2609
2025-02-20 00:38:17.834 158472 DEBUG oslo_service.service [req-e1c8b7cb-89cc-4195-832b-d3a98e020d20 - - - - -] cache.tls_allowed_ciphers = None log_opt_values /usr/lib/python3/dist-packages/oslo_config/cfg.py:2609
2025-02-20 00:38:17.835 158472 DEBUG oslo_service.service [req-e1c8b7cb-89cc-4195-832b-d3a98e020d20 - - - - -] cache.tls_cafile = None log_opt_values /usr/lib/python3/dist-packages/oslo_config/cfg.py:2609
2025-02-20 00:38:17.834 158787 DEBUG nova.service [req-70a1e825-1e5d-4a7e-9a7a-1732753b781a - - - - -] Join ServiceGroup membership for this service scheduler start /usr/lib/python3/dist-packages/nova/service.py:199
2025-02-20 00:38:17.835 158472 DEBUG oslo_service.service [req-e1c8b7cb-89cc-4195-832b-d3a98e020d20 - - - - -] cache.tls_certfile = None log_opt_values /usr/lib/python3/dist-packages/oslo_config/cfg.py:2609
2025-02-20 00:38:17.835 158472 DEBUG oslo_service.service [req-e1c8b7cb-89cc-4195-832b-d3a98e020d20 - - - - -] cache.tls_enabled = False log_opt_values /usr/lib/python3/dist-packages/oslo_config/cfg.py:2609
2025-02-20 00:38:17.835 158787 DEBUG nova.servicegroup.drivers.db [req-70a1e825-1e5d-4a7e-9a7a-1732753b781a - - - - -] DB_Driver: join new ServiceGroup member juju-1fcd98-0-lxd-7 to the scheduler group, service = join /usr/lib/python3/dist-packages/nova/servicegroup/drivers/db.py:44
2025-02-20 00:38:17.835 158472 DEBUG oslo_service.service [req-e1c8b7cb-89cc-4195-832b-d3a98e020d20 - - - - -] cache.tls_keyfile = None log_opt_values /usr/lib/python3/dist-packages/oslo_config/cfg.py:2609
2025-02-20 00:38:17.835 158472 DEBUG oslo_service.service [req-e1c8b7cb-89cc-4195-832b-d3a98e020d20 - - - - -] cinder.auth_section = None log_opt_values /usr/lib/python3/dist-packages/oslo_config/cfg.py:2609
2025-02-20 00:38:17.835 158472 DEBUG oslo_service.service [req-e1c8b7cb-89cc-4195-832b-d3a98e020d20 - - - - -] cinder.auth_type = None log_opt_values /usr/lib/python3/dist-packages/oslo_config/cfg.py:2609
2025-02-20 00:38:17.836 158472 DEBUG oslo_service.service [req-e1c8b7cb-89cc-4195-832b-d3a98e020d20 - - - - -] cinder.cafile = None log_opt_values /usr/lib/python3/dist-packages/oslo_config/cfg.py:2609
2025-02-20 00:38:17.836 158472 DEBUG oslo_service.service [req-e1c8b7cb-89cc-4195-832b-d3a98e020d20 - - - - -] cinder.catalog_info = volumev3::publicURL log_opt_values /usr/lib/python3/dist-packages/oslo_config/cfg.py:2609
2025-02-20 00:38:17.836 158472 DEBUG oslo_service.service [req-e1c8b7cb-89cc-4195-832b-d3a98e020d20 - - - - -] cinder.certfile = None log_opt_values /usr/lib/python3/dist-packages/oslo_config/cfg.py:2609
2025-02-20 00:38:17.836 158472 DEBUG oslo_service.service [req-e1c8b7cb-89cc-4195-832b-d3a98e020d20 - - - - -] cinder.collect_timing = False log_opt_values /usr/lib/python3/dist-packages/oslo_config/cfg.py:2609
2025-02-20 00:38:17.836 158472 DEBUG oslo_service.service [req-e1c8b7cb-89cc-4195-832b-d3a98e020d20 - - - - -] cinder.cross_az_attach = True log_opt_values /usr/lib/python3/dist-packages/oslo_config/cfg.py:2609
2025-02-20 00:38:17.836 158472 DEBUG oslo_service.service [req-e1c8b7cb-89cc-4195-832b-d3a98e020d20 - - - - -] cinder.debug = False log_opt_values /usr/lib/python3/dist-packages/oslo_config/cfg.py:2609
2025-02-20 00:38:17.837 158472 DEBUG oslo_service.service [req-e1c8b7cb-89cc-4195-832b-d3a98e020d20 - - - - -] cinder.endpoint_template = None log_opt_values /usr/lib/python3/dist-packages/oslo_config/cfg.py:2609
2025-02-20 00:38:17.837 158472 DEBUG oslo_service.service [req-e1c8b7cb-89cc-4195-832b-d3a98e020d20 - - - - -] cinder.http_retries = 3 log_opt_values /usr/lib/python3/dist-packages/oslo_config/cfg.py:2609
2025-02-20 00:38:17.837 158472 DEBUG oslo_service.service [req-e1c8b7cb-89cc-4195-832b-d3a98e020d20 - - - - -] cinder.insecure = False log_opt_values /usr/lib/python3/dist-packages/oslo_config/cfg.py:2609
2025-02-20 00:38:17.837 158472 DEBUG oslo_service.service [req-e1c8b7cb-89cc-4195-832b-d3a98e020d20 - - - - -] cinder.keyfile = None log_opt_values /usr/lib/python3/dist-packages/oslo_config/cfg.py:2609
2025-02-20 00:38:17.837 158472 DEBUG oslo_service.service [req-e1c8b7cb-89cc-4195-832b-d3a98e020d20 - - - - -] cinder.os_region_name = None log_opt_values /usr/lib/python3/dist-packages/oslo_config/cfg.py:2609
2025-02-20 00:38:17.837 158787 DEBUG oslo_messaging._drivers.amqpdriver [-] AMQPListener connection timeout poll /usr/lib/python3/dist-packages/oslo_messaging/_drivers/amqpdriver.py:360
2025-02-20 00:38:17.837 158472 DEBUG oslo_service.service [req-e1c8b7cb-89cc-4195-832b-d3a98e020d20 - - - - -] cinder.split_loggers = False log_opt_values /usr/lib/python3/dist-packages/oslo_config/cfg.py:2609
2025-02-20 00:38:17.837 158787 DEBUG oslo_messaging._drivers.amqpdriver [-] Listener is running poll /usr/lib/python3/dist-packages/oslo_messaging/_drivers/amqpdriver.py:343
2025-02-20 00:38:17.838 158472 DEBUG oslo_service.service [req-e1c8b7cb-89cc-4195-832b-d3a98e020d20 - - - - -] cinder.timeout = None log_opt_values /usr/lib/python3/dist-packages/oslo_config/cfg.py:2609
2025-02-20 00:38:17.838 158472 DEBUG oslo_service.service [req-e1c8b7cb-89cc-4195-832b-d3a98e020d20 - - - - -] compute.consecutive_build_service_disable_threshold = 10 log_opt_values /usr/lib/python3/dist-packages/oslo_config/cfg.py:2609
2025-02-20 00:38:17.838 158787 DEBUG oslo_messaging._drivers.amqpdriver [-] AMQPListener connection consume poll /usr/lib/python3/dist-packages/oslo_messaging/_drivers/amqpdriver.py:357
2025-02-20 00:38:17.838 158472 DEBUG oslo_service.service [req-e1c8b7cb-89cc-4195-832b-d3a98e020d20 - - - - -] compute.cpu_dedicated_set = None log_opt_values /usr/lib/python3/dist-packages/oslo_config/cfg.py:2609
2025-02-20 00:38:17.838 158472 DEBUG oslo_service.service [req-e1c8b7cb-89cc-4195-832b-d3a98e020d20 - - - - -] compute.cpu_shared_set = None log_opt_values /usr/lib/python3/dist-packages/oslo_config/cfg.py:2609
2025-02-20 00:38:17.838 158472 DEBUG oslo_service.service [req-e1c8b7cb-89cc-4195-832b-d3a98e020d20 - - - - -] compute.image_type_exclude_list = [] log_opt_values /usr/lib/python3/dist-packages/oslo_config/cfg.py:2609
2025-02-20 00:38:17.838 158472 DEBUG oslo_service.service [req-e1c8b7cb-89cc-4195-832b-d3a98e020d20 - - - - -] compute.live_migration_wait_for_vif_plug = True log_opt_values /usr/lib/python3/dist-packages/oslo_config/cfg.py:2609
2025-02-20 00:38:17.838 158472 DEBUG oslo_service.service [req-e1c8b7cb-89cc-4195-832b-d3a98e020d20 - - - - -] compute.max_concurrent_disk_ops = 0 log_opt_values /usr/lib/python3/dist-packages/oslo_config/cfg.py:2609
2025-02-20 00:38:17.839 158472 DEBUG oslo_service.service [req-e1c8b7cb-89cc-4195-832b-d3a98e020d20 - - - - -] compute.max_disk_devices_to_attach = -1 log_opt_values /usr/lib/python3/dist-packages/oslo_config/cfg.py:2609
2025-02-20 00:38:17.839 158472 DEBUG oslo_service.service [req-e1c8b7cb-89cc-4195-832b-d3a98e020d20 - - - - -] compute.packing_host_numa_cells_allocation_strategy = True log_opt_values /usr/lib/python3/dist-packages/oslo_config/cfg.py:2609
2025-02-20 00:38:17.839 158472 DEBUG oslo_service.service [req-e1c8b7cb-89cc-4195-832b-d3a98e020d20 - - - - -] compute.provider_config_location = /etc/nova/provider_config/ log_opt_values /usr/lib/python3/dist-packages/oslo_config/cfg.py:2609
2025-02-20 00:38:17.839 158472 DEBUG oslo_service.service [req-e1c8b7cb-89cc-4195-832b-d3a98e020d20 - - - - -] compute.resource_provider_association_refresh = 300 log_opt_values /usr/lib/python3/dist-packages/oslo_config/cfg.py:2609
2025-02-20 00:38:17.839 158472 DEBUG oslo_service.service [req-e1c8b7cb-89cc-4195-832b-d3a98e020d20 - - - - -] compute.shutdown_retry_interval = 10 log_opt_values /usr/lib/python3/dist-packages/oslo_config/cfg.py:2609
2025-02-20 00:38:17.839 158472 DEBUG oslo_service.service [req-e1c8b7cb-89cc-4195-832b-d3a98e020d20 - - - - -] compute.vmdk_allowed_types = ['streamOptimized', 'monolithicSparse'] log_opt_values /usr/lib/python3/dist-packages/oslo_config/cfg.py:2609
2025-02-20 00:38:17.840 158472 DEBUG oslo_service.service [req-e1c8b7cb-89cc-4195-832b-d3a98e020d20 - - - - -] conductor.workers = 4 log_opt_values /usr/lib/python3/dist-packages/oslo_config/cfg.py:2609
2025-02-20 00:38:17.840 158472 DEBUG oslo_service.service [req-e1c8b7cb-89cc-4195-832b-d3a98e020d20 - - - - -] console.allowed_origins = [] log_opt_values /usr/lib/python3/dist-packages/oslo_config/cfg.py:2609
2025-02-20 00:38:17.840 158472 DEBUG oslo_service.service [req-e1c8b7cb-89cc-4195-832b-d3a98e020d20 - - - - -] console.ssl_ciphers = None log_opt_values /usr/lib/python3/dist-packages/oslo_config/cfg.py:2609
2025-02-20 00:38:17.840 158472 DEBUG oslo_service.service [req-e1c8b7cb-89cc-4195-832b-d3a98e020d20 - - - - -] console.ssl_minimum_version = default log_opt_values /usr/lib/python3/dist-packages/oslo_config/cfg.py:2609
2025-02-20 00:38:17.840 158472 DEBUG oslo_service.service [req-e1c8b7cb-89cc-4195-832b-d3a98e020d20 - - - - -] consoleauth.token_ttl = 600 log_opt_values /usr/lib/python3/dist-packages/oslo_config/cfg.py:2609
2025-02-20 00:38:17.840 158472 DEBUG oslo_service.service [req-e1c8b7cb-89cc-4195-832b-d3a98e020d20 - - - - -] cyborg.cafile = None log_opt_values /usr/lib/python3/dist-packages/oslo_config/cfg.py:2609
2025-02-20 00:38:17.841 158472 DEBUG oslo_service.service [req-e1c8b7cb-89cc-4195-832b-d3a98e020d20 - - - - -] cyborg.certfile = None log_opt_values /usr/lib/python3/dist-packages/oslo_config/cfg.py:2609
2025-02-20 00:38:17.841 158472 DEBUG oslo_service.service [req-e1c8b7cb-89cc-4195-832b-d3a98e020d20 - - - - -] cyborg.collect_timing = False log_opt_values /usr/lib/python3/dist-packages/oslo_config/cfg.py:2609
2025-02-20 00:38:17.841 158472 DEBUG oslo_service.service [req-e1c8b7cb-89cc-4195-832b-d3a98e020d20 - - - - -] cyborg.connect_retries = None log_opt_values /usr/lib/python3/dist-packages/oslo_config/cfg.py:2609
2025-02-20 00:38:17.841 158472 DEBUG oslo_service.service [req-e1c8b7cb-89cc-4195-832b-d3a98e020d20 - - - - -] cyborg.connect_retry_delay = None log_opt_values /usr/lib/python3/dist-packages/oslo_config/cfg.py:2609
2025-02-20 00:38:17.841 158472 DEBUG oslo_service.service [req-e1c8b7cb-89cc-4195-832b-d3a98e020d20 - - - - -] cyborg.endpoint_override = None log_opt_values /usr/lib/python3/dist-packages/oslo_config/cfg.py:2609
2025-02-20 00:38:17.841 158472 DEBUG oslo_service.service [req-e1c8b7cb-89cc-4195-832b-d3a98e020d20 - - - - -] cyborg.insecure = False log_opt_values /usr/lib/python3/dist-packages/oslo_config/cfg.py:2609
2025-02-20 00:38:17.841 158472 DEBUG oslo_service.service [req-e1c8b7cb-89cc-4195-832b-d3a98e020d20 - - - - -] cyborg.keyfile = None log_opt_values /usr/lib/python3/dist-packages/oslo_config/cfg.py:2609
2025-02-20 00:38:17.842 158472 DEBUG oslo_service.service [req-e1c8b7cb-89cc-4195-832b-d3a98e020d20 - - - - -] cyborg.max_version = None log_opt_values /usr/lib/python3/dist-packages/oslo_config/cfg.py:2609
2025-02-20 00:38:17.842 158472 DEBUG oslo_service.service [req-e1c8b7cb-89cc-4195-832b-d3a98e020d20 - - - - -] cyborg.min_version = None log_opt_values /usr/lib/python3/dist-packages/oslo_config/cfg.py:2609
2025-02-20 00:38:17.842 158472 DEBUG oslo_service.service [req-e1c8b7cb-89cc-4195-832b-d3a98e020d20 - - - - -] cyborg.region_name = None log_opt_values /usr/lib/python3/dist-packages/oslo_config/cfg.py:2609
2025-02-20 00:38:17.842 158472 DEBUG oslo_service.service [req-e1c8b7cb-89cc-4195-832b-d3a98e020d20 - - - - -] cyborg.service_name = None log_opt_values /usr/lib/python3/dist-packages/oslo_config/cfg.py:2609
2025-02-20 00:38:17.842 158472 DEBUG oslo_service.service [req-e1c8b7cb-89cc-4195-832b-d3a98e020d20 - - - - -] cyborg.service_type = accelerator log_opt_values /usr/lib/python3/dist-packages/oslo_config/cfg.py:2609
2025-02-20 00:38:17.843 158472 DEBUG oslo_service.service [req-e1c8b7cb-89cc-4195-832b-d3a98e020d20 - - - - -] cyborg.split_loggers = False log_opt_values /usr/lib/python3/dist-packages/oslo_config/cfg.py:2609
2025-02-20 00:38:17.843 158472 DEBUG oslo_service.service [req-e1c8b7cb-89cc-4195-832b-d3a98e020d20 - - - - -] cyborg.status_code_retries = None log_opt_values /usr/lib/python3/dist-packages/oslo_config/cfg.py:2609
2025-02-20 00:38:17.843 158472 DEBUG oslo_service.service [req-e1c8b7cb-89cc-4195-832b-d3a98e020d20 - - - - -] cyborg.status_code_retry_delay = None log_opt_values /usr/lib/python3/dist-packages/oslo_config/cfg.py:2609
2025-02-20 00:38:17.843 158472 DEBUG oslo_service.service [req-e1c8b7cb-89cc-4195-832b-d3a98e020d20 - - - - -] cyborg.timeout = None log_opt_values /usr/lib/python3/dist-packages/oslo_config/cfg.py:2609
2025-02-20 00:38:17.843 158472 DEBUG oslo_service.service [req-e1c8b7cb-89cc-4195-832b-d3a98e020d20 - - - - -] cyborg.valid_interfaces = ['internal', 'public'] log_opt_values /usr/lib/python3/dist-packages/oslo_config/cfg.py:2609
2025-02-20 00:38:17.843 158472 DEBUG oslo_service.service [req-e1c8b7cb-89cc-4195-832b-d3a98e020d20 - - - - -] cyborg.version = None log_opt_values /usr/lib/python3/dist-packages/oslo_config/cfg.py:2609
2025-02-20 00:38:17.844 158472 DEBUG oslo_service.service [req-e1c8b7cb-89cc-4195-832b-d3a98e020d20 - - - - -] database.backend = sqlalchemy log_opt_values /usr/lib/python3/dist-packages/oslo_config/cfg.py:2609
2025-02-20 00:38:17.844 158472 DEBUG oslo_service.service [req-e1c8b7cb-89cc-4195-832b-d3a98e020d20 - - - - -] database.connection = **** log_opt_values /usr/lib/python3/dist-packages/oslo_config/cfg.py:2609
2025-02-20 00:38:17.844 158472 DEBUG oslo_service.service [req-e1c8b7cb-89cc-4195-832b-d3a98e020d20 - - - - -] database.connection_debug = 0 log_opt_values /usr/lib/python3/dist-packages/oslo_config/cfg.py:2609
2025-02-20 00:38:17.844 158472 DEBUG oslo_service.service [req-e1c8b7cb-89cc-4195-832b-d3a98e020d20 - - - - -] database.connection_parameters = log_opt_values /usr/lib/python3/dist-packages/oslo_config/cfg.py:2609
2025-02-20 00:38:17.844 158472 DEBUG oslo_service.service [req-e1c8b7cb-89cc-4195-832b-d3a98e020d20 - - - - -] database.connection_recycle_time = 3600 log_opt_values /usr/lib/python3/dist-packages/oslo_config/cfg.py:2609
2025-02-20 00:38:17.844 158472 DEBUG oslo_service.service [req-e1c8b7cb-89cc-4195-832b-d3a98e020d20 - - - - -] database.connection_trace = False log_opt_values /usr/lib/python3/dist-packages/oslo_config/cfg.py:2609
