2025-02-13 00:39:48.839 129836 DEBUG oslo_concurrency.lockutils [req-bb0cc394-3a21-4607-a3ac-c127bc016608 - - - - -] Lock "303c1fd5-ef3a-4a0b-b45b-d3bbf077265a" "released" by "nova.context.set_target_cell..get_or_set_cached_cell_and_set_connections" :: held 0.002s inner /usr/lib/python3/dist-packages/oslo_concurrency/lockutils.py:400
2025-02-13 00:39:48.844 129836 DEBUG oslo_db.sqlalchemy.engines [req-bb0cc394-3a21-4607-a3ac-c127bc016608 - - - - -] MySQL server mode set to STRICT_TRANS_TABLES,STRICT_ALL_TABLES,NO_ZERO_IN_DATE,NO_ZERO_DATE,ERROR_FOR_DIVISION_BY_ZERO,TRADITIONAL,NO_ENGINE_SUBSTITUTION _check_effective_sql_mode /usr/lib/python3/dist-packages/oslo_db/sqlalchemy/engines.py:314
2025-02-13 00:39:58.871 128107 INFO oslo_service.service [req-aaa6d74e-127c-4b0f-b56c-eac35250ea49 - - - - -] Caught SIGTERM, stopping children
2025-02-13 00:39:58.871 128107 DEBUG oslo_concurrency.lockutils [req-aaa6d74e-127c-4b0f-b56c-eac35250ea49 - - - - -] Acquired lock "singleton_lock" lock /usr/lib/python3/dist-packages/oslo_concurrency/lockutils.py:294
2025-02-13 00:39:58.872 128107 DEBUG oslo_concurrency.lockutils [req-aaa6d74e-127c-4b0f-b56c-eac35250ea49 - - - - -] Releasing lock "singleton_lock" lock /usr/lib/python3/dist-packages/oslo_concurrency/lockutils.py:312
2025-02-13 00:39:58.872 128107 DEBUG oslo_service.service [req-aaa6d74e-127c-4b0f-b56c-eac35250ea49 - - - - -] Stop services. stop /usr/lib/python3/dist-packages/oslo_service/service.py:695
2025-02-13 00:39:58.872 128107 DEBUG oslo_service.service [req-aaa6d74e-127c-4b0f-b56c-eac35250ea49 - - - - -] Killing children. stop /usr/lib/python3/dist-packages/oslo_service/service.py:700
2025-02-13 00:39:58.872 128107 INFO oslo_service.service [req-aaa6d74e-127c-4b0f-b56c-eac35250ea49 - - - - -] Waiting on 4 children to exit
2025-02-13 00:39:58.879 128107 INFO oslo_service.service [req-aaa6d74e-127c-4b0f-b56c-eac35250ea49 - - - - -] Child 129838 killed by signal 15
2025-02-13 00:39:58.879 128107 INFO oslo_service.service [req-aaa6d74e-127c-4b0f-b56c-eac35250ea49 - - - - -] Child 129836 killed by signal 15
2025-02-13 00:39:58.880 128107 INFO oslo_service.service [req-aaa6d74e-127c-4b0f-b56c-eac35250ea49 - - - - -] Child 129830 killed by signal 15
2025-02-13 00:39:58.881 128107 INFO oslo_service.service [req-aaa6d74e-127c-4b0f-b56c-eac35250ea49 - - - - -] Child 129837 killed by signal 15
2025-02-13 00:40:01.389 133968 DEBUG oslo_db.sqlalchemy.engines [req-d1abcc4e-24ea-4886-8cb0-ef4a9b8474de - - - - -] MySQL server mode set to STRICT_TRANS_TABLES,STRICT_ALL_TABLES,NO_ZERO_IN_DATE,NO_ZERO_DATE,ERROR_FOR_DIVISION_BY_ZERO,TRADITIONAL,NO_ENGINE_SUBSTITUTION _check_effective_sql_mode /usr/lib/python3/dist-packages/oslo_db/sqlalchemy/engines.py:314
2025-02-13 00:40:01.437 133968 DEBUG nova.scheduler.host_manager [req-d1abcc4e-24ea-4886-8cb0-ef4a9b8474de - - - - -] Found 1 cells: 303c1fd5-ef3a-4a0b-b45b-d3bbf077265a refresh_cells_caches /usr/lib/python3/dist-packages/nova/scheduler/host_manager.py:730
2025-02-13 00:40:01.438 133968 DEBUG nova.scheduler.host_manager [req-d1abcc4e-24ea-4886-8cb0-ef4a9b8474de - - - - -] Found 0 disabled cells: refresh_cells_caches /usr/lib/python3/dist-packages/nova/scheduler/host_manager.py:742
2025-02-13 00:40:01.442 133968 WARNING nova.scheduler.filters.availability_zone_filter [req-d1abcc4e-24ea-4886-8cb0-ef4a9b8474de - - - - -] The 'AvailabilityZoneFilter' is deprecated since the 24.0.0 (Xena) release. Since the 18.0.0 (Rocky) release, nova has supported mapping AZs to placement aggregates. The feature is enabled by the 'query_placement_for_availability_zone' config option and is now enabled by default. As such, the 'AvailabilityZoneFilter' is no longer required. Nova is currently configured to use both placement and the AvailabilityZoneFilter for AZ enforcement.
2025-02-13 00:40:01.538 133968 DEBUG nova.scheduler.host_manager [req-d1abcc4e-24ea-4886-8cb0-ef4a9b8474de - - - - -] START:_async_init_instance_info _async_init_instance_info /usr/lib/python3/dist-packages/nova/scheduler/host_manager.py:411
2025-02-13 00:40:01.540 133968 DEBUG oslo_concurrency.lockutils [req-99c38aca-e5c0-4de9-80cf-cc458cf34146 - - - - -] Lock "303c1fd5-ef3a-4a0b-b45b-d3bbf077265a" acquired by "nova.context.set_target_cell..get_or_set_cached_cell_and_set_connections" :: waited 0.000s inner /usr/lib/python3/dist-packages/oslo_concurrency/lockutils.py:386
2025-02-13 00:40:01.542 133968 DEBUG oslo_concurrency.lockutils [req-99c38aca-e5c0-4de9-80cf-cc458cf34146 - - - - -] Lock "303c1fd5-ef3a-4a0b-b45b-d3bbf077265a" "released" by "nova.context.set_target_cell..get_or_set_cached_cell_and_set_connections" :: held 0.002s inner /usr/lib/python3/dist-packages/oslo_concurrency/lockutils.py:400
2025-02-13 00:40:01.567 133968 DEBUG oslo_db.sqlalchemy.engines [req-99c38aca-e5c0-4de9-80cf-cc458cf34146 - - - - -] MySQL server mode set to STRICT_TRANS_TABLES,STRICT_ALL_TABLES,NO_ZERO_IN_DATE,NO_ZERO_DATE,ERROR_FOR_DIVISION_BY_ZERO,TRADITIONAL,NO_ENGINE_SUBSTITUTION _check_effective_sql_mode /usr/lib/python3/dist-packages/oslo_db/sqlalchemy/engines.py:314
2025-02-13 00:40:01.598 133968 DEBUG nova.scheduler.host_manager [req-99c38aca-e5c0-4de9-80cf-cc458cf34146 - - - - -] Total number of compute nodes: 0 _async_init_instance_info /usr/lib/python3/dist-packages/nova/scheduler/host_manager.py:424
2025-02-13 00:40:01.599 133968 DEBUG oslo_concurrency.lockutils [req-99c38aca-e5c0-4de9-80cf-cc458cf34146 - - - - -] Lock "303c1fd5-ef3a-4a0b-b45b-d3bbf077265a" acquired by "nova.context.set_target_cell..get_or_set_cached_cell_and_set_connections" :: waited 0.000s inner /usr/lib/python3/dist-packages/oslo_concurrency/lockutils.py:386
2025-02-13 00:40:01.599 133968 DEBUG oslo_concurrency.lockutils [req-99c38aca-e5c0-4de9-80cf-cc458cf34146 - - - - -] Lock "303c1fd5-ef3a-4a0b-b45b-d3bbf077265a" "released" by "nova.context.set_target_cell..get_or_set_cached_cell_and_set_connections" :: held 0.000s inner /usr/lib/python3/dist-packages/oslo_concurrency/lockutils.py:400
2025-02-13 00:40:01.665 133968 DEBUG nova.scheduler.host_manager [req-99c38aca-e5c0-4de9-80cf-cc458cf34146 - - - - -] Adding 0 instances for hosts 10-20 _async_init_instance_info /usr/lib/python3/dist-packages/nova/scheduler/host_manager.py:443
2025-02-13 00:40:01.666 133968 DEBUG nova.scheduler.host_manager [req-99c38aca-e5c0-4de9-80cf-cc458cf34146 - - - - -] END:_async_init_instance_info _async_init_instance_info /usr/lib/python3/dist-packages/nova/scheduler/host_manager.py:454
2025-02-13 00:40:03.684 133968 DEBUG nova.context [req-d1abcc4e-24ea-4886-8cb0-ef4a9b8474de - - - - -] Found 2 cells: 00000000-0000-0000-0000-000000000000(cell0),303c1fd5-ef3a-4a0b-b45b-d3bbf077265a(cell1) load_cells /usr/lib/python3/dist-packages/nova/context.py:464
2025-02-13 00:40:03.685 133968 DEBUG oslo_concurrency.lockutils [req-8f5b3ea9-f238-4559-ad11-276ef30c5e26 - - - - -] Lock "00000000-0000-0000-0000-000000000000" acquired by "nova.context.set_target_cell..get_or_set_cached_cell_and_set_connections" :: waited 0.000s inner /usr/lib/python3/dist-packages/oslo_concurrency/lockutils.py:386
2025-02-13 00:40:03.685 133968 DEBUG oslo_concurrency.lockutils [req-8f5b3ea9-f238-4559-ad11-276ef30c5e26 - - - - -] Lock "00000000-0000-0000-0000-000000000000" "released" by "nova.context.set_target_cell..get_or_set_cached_cell_and_set_connections" :: held 0.001s inner /usr/lib/python3/dist-packages/oslo_concurrency/lockutils.py:400
2025-02-13 00:40:03.686 133968 DEBUG oslo_concurrency.lockutils [req-8f5b3ea9-f238-4559-ad11-276ef30c5e26 - - - - -] Lock "303c1fd5-ef3a-4a0b-b45b-d3bbf077265a" acquired by "nova.context.set_target_cell..get_or_set_cached_cell_and_set_connections" :: waited 0.000s inner /usr/lib/python3/dist-packages/oslo_concurrency/lockutils.py:386
2025-02-13 00:40:03.686 133968 DEBUG oslo_concurrency.lockutils [req-8f5b3ea9-f238-4559-ad11-276ef30c5e26 - - - - -] Lock "303c1fd5-ef3a-4a0b-b45b-d3bbf077265a" "released" by "nova.context.set_target_cell..get_or_set_cached_cell_and_set_connections" :: held 0.000s inner /usr/lib/python3/dist-packages/oslo_concurrency/lockutils.py:400
2025-02-13 00:40:03.698 133968 DEBUG oslo_db.sqlalchemy.engines [req-8f5b3ea9-f238-4559-ad11-276ef30c5e26 - - - - -] MySQL server mode set to STRICT_TRANS_TABLES,STRICT_ALL_TABLES,NO_ZERO_IN_DATE,NO_ZERO_DATE,ERROR_FOR_DIVISION_BY_ZERO,TRADITIONAL,NO_ENGINE_SUBSTITUTION _check_effective_sql_mode /usr/lib/python3/dist-packages/oslo_db/sqlalchemy/engines.py:314
2025-02-13 00:40:03.706 133968 DEBUG oslo_concurrency.lockutils [req-8f5b3ea9-f238-4559-ad11-276ef30c5e26 - - - - -] Acquired lock "singleton_lock" lock /usr/lib/python3/dist-packages/oslo_concurrency/lockutils.py:294
2025-02-13 00:40:03.707 133968 DEBUG oslo_concurrency.lockutils [req-8f5b3ea9-f238-4559-ad11-276ef30c5e26 - - - - -] Releasing lock "singleton_lock" lock /usr/lib/python3/dist-packages/oslo_concurrency/lockutils.py:312
2025-02-13 00:40:03.707 133968 INFO oslo_service.service [req-8f5b3ea9-f238-4559-ad11-276ef30c5e26 - - - - -] Starting 4 workers
2025-02-13 00:40:03.712 133968 DEBUG oslo_service.service [req-8f5b3ea9-f238-4559-ad11-276ef30c5e26 - - - - -] Started child 134895 _start_child /usr/lib/python3/dist-packages/oslo_service/service.py:575
2025-02-13 00:40:03.716 134895 INFO nova.service [-] Starting scheduler node (version 25.2.1)
2025-02-13 00:40:03.717 133968 DEBUG oslo_service.service [req-8f5b3ea9-f238-4559-ad11-276ef30c5e26 - - - - -] Started child 134901 _start_child /usr/lib/python3/dist-packages/oslo_service/service.py:575
2025-02-13 00:40:03.721 134901 INFO nova.service [-] Starting scheduler node (version 25.2.1)
2025-02-13 00:40:03.722 133968 DEBUG oslo_service.service [req-8f5b3ea9-f238-4559-ad11-276ef30c5e26 - - - - -] Started child 134902 _start_child /usr/lib/python3/dist-packages/oslo_service/service.py:575
2025-02-13 00:40:03.727 134902 INFO nova.service [-] Starting scheduler node (version 25.2.1)
2025-02-13 00:40:03.728 133968 DEBUG oslo_service.service [req-8f5b3ea9-f238-4559-ad11-276ef30c5e26 - - - - -] Started child 134903 _start_child /usr/lib/python3/dist-packages/oslo_service/service.py:575
2025-02-13 00:40:03.730 133968 DEBUG oslo_service.service [req-8f5b3ea9-f238-4559-ad11-276ef30c5e26 - - - - -] Full set of CONF: wait /usr/lib/python3/dist-packages/oslo_service/service.py:649
2025-02-13 00:40:03.730 133968 DEBUG oslo_service.service [req-8f5b3ea9-f238-4559-ad11-276ef30c5e26 - - - - -] ******************************************************************************** log_opt_values /usr/lib/python3/dist-packages/oslo_config/cfg.py:2589
2025-02-13 00:40:03.730 133968 DEBUG oslo_service.service [req-8f5b3ea9-f238-4559-ad11-276ef30c5e26 - - - - -] Configuration options gathered from: log_opt_values /usr/lib/python3/dist-packages/oslo_config/cfg.py:2590
2025-02-13 00:40:03.731 133968 DEBUG oslo_service.service [req-8f5b3ea9-f238-4559-ad11-276ef30c5e26 - - - - -] command line args: ['--config-file=/etc/nova/nova.conf', '--log-file=/var/log/nova/nova-scheduler.log'] log_opt_values /usr/lib/python3/dist-packages/oslo_config/cfg.py:2591
2025-02-13 00:40:03.731 134895 DEBUG oslo_db.sqlalchemy.engines [req-89983cf4-dc08-4918-bb23-34c921c09cb8 - - - - -] MySQL server mode set to STRICT_TRANS_TABLES,STRICT_ALL_TABLES,NO_ZERO_IN_DATE,NO_ZERO_DATE,ERROR_FOR_DIVISION_BY_ZERO,TRADITIONAL,NO_ENGINE_SUBSTITUTION _check_effective_sql_mode /usr/lib/python3/dist-packages/oslo_db/sqlalchemy/engines.py:314
2025-02-13 00:40:03.731 133968 DEBUG oslo_service.service [req-8f5b3ea9-f238-4559-ad11-276ef30c5e26 - - - - -] config files: ['/etc/nova/nova.conf'] log_opt_values /usr/lib/python3/dist-packages/oslo_config/cfg.py:2592
2025-02-13 00:40:03.731 133968 DEBUG oslo_service.service [req-8f5b3ea9-f238-4559-ad11-276ef30c5e26 - - - - -] ================================================================================ log_opt_values /usr/lib/python3/dist-packages/oslo_config/cfg.py:2594
2025-02-13 00:40:03.732 133968 DEBUG oslo_service.service [req-8f5b3ea9-f238-4559-ad11-276ef30c5e26 - - - - -] allow_resize_to_same_host = False log_opt_values /usr/lib/python3/dist-packages/oslo_config/cfg.py:2602
2025-02-13 00:40:03.732 133968 DEBUG oslo_service.service [req-8f5b3ea9-f238-4559-ad11-276ef30c5e26 - - - - -] arq_binding_timeout = 300 log_opt_values /usr/lib/python3/dist-packages/oslo_config/cfg.py:2602
2025-02-13 00:40:03.732 133968 DEBUG oslo_service.service [req-8f5b3ea9-f238-4559-ad11-276ef30c5e26 - - - - -] block_device_allocate_retries = 60 log_opt_values /usr/lib/python3/dist-packages/oslo_config/cfg.py:2602
2025-02-13 00:40:03.732 133968 DEBUG oslo_service.service [req-8f5b3ea9-f238-4559-ad11-276ef30c5e26 - - - - -] block_device_allocate_retries_interval = 3 log_opt_values /usr/lib/python3/dist-packages/oslo_config/cfg.py:2602
2025-02-13 00:40:03.733 133968 DEBUG oslo_service.service [req-8f5b3ea9-f238-4559-ad11-276ef30c5e26 - - - - -] cert = self.pem log_opt_values /usr/lib/python3/dist-packages/oslo_config/cfg.py:2602
2025-02-13 00:40:03.733 133968 DEBUG oslo_service.service [req-8f5b3ea9-f238-4559-ad11-276ef30c5e26 - - - - -] compute_driver = libvirt.LibvirtDriver log_opt_values /usr/lib/python3/dist-packages/oslo_config/cfg.py:2602
2025-02-13 00:40:03.733 133968 DEBUG oslo_service.service [req-8f5b3ea9-f238-4559-ad11-276ef30c5e26 - - - - -] compute_monitors = [] log_opt_values /usr/lib/python3/dist-packages/oslo_config/cfg.py:2602
2025-02-13 00:40:03.733 133968 DEBUG oslo_service.service [req-8f5b3ea9-f238-4559-ad11-276ef30c5e26 - - - - -] config_dir = [] log_opt_values /usr/lib/python3/dist-packages/oslo_config/cfg.py:2602
2025-02-13 00:40:03.735 133968 DEBUG oslo_service.service [req-8f5b3ea9-f238-4559-ad11-276ef30c5e26 - - - - -] config_drive_format = iso9660 log_opt_values /usr/lib/python3/dist-packages/oslo_config/cfg.py:2602
2025-02-13 00:40:03.735 133968 DEBUG oslo_service.service [req-8f5b3ea9-f238-4559-ad11-276ef30c5e26 - - - - -] config_file = ['/etc/nova/nova.conf'] log_opt_values /usr/lib/python3/dist-packages/oslo_config/cfg.py:2602
2025-02-13 00:40:03.735 133968 DEBUG oslo_service.service [req-8f5b3ea9-f238-4559-ad11-276ef30c5e26 - - - - -] config_source = [] log_opt_values /usr/lib/python3/dist-packages/oslo_config/cfg.py:2602
2025-02-13 00:40:03.736 133968 DEBUG oslo_service.service [req-8f5b3ea9-f238-4559-ad11-276ef30c5e26 - - - - -] console_host = juju-29031e-0-lxd-7 log_opt_values /usr/lib/python3/dist-packages/oslo_config/cfg.py:2602
2025-02-13 00:40:03.736 133968 DEBUG oslo_service.service [req-8f5b3ea9-f238-4559-ad11-276ef30c5e26 - - - - -] control_exchange = nova log_opt_values /usr/lib/python3/dist-packages/oslo_config/cfg.py:2602
2025-02-13 00:40:03.736 133968 DEBUG oslo_service.service [req-8f5b3ea9-f238-4559-ad11-276ef30c5e26 - - - - -] cpu_allocation_ratio = 2.0 log_opt_values /usr/lib/python3/dist-packages/oslo_config/cfg.py:2602
2025-02-13 00:40:03.736 133968 DEBUG oslo_service.service [req-8f5b3ea9-f238-4559-ad11-276ef30c5e26 - - - - -] daemon = False log_opt_values /usr/lib/python3/dist-packages/oslo_config/cfg.py:2602
2025-02-13 00:40:03.737 133968 DEBUG oslo_service.service [req-8f5b3ea9-f238-4559-ad11-276ef30c5e26 - - - - -] debug = True log_opt_values /usr/lib/python3/dist-packages/oslo_config/cfg.py:2602
2025-02-13 00:40:03.737 133968 DEBUG oslo_service.service [req-8f5b3ea9-f238-4559-ad11-276ef30c5e26 - - - - -] default_access_ip_network_name = None log_opt_values /usr/lib/python3/dist-packages/oslo_config/cfg.py:2602
2025-02-13 00:40:03.737 133968 DEBUG oslo_service.service [req-8f5b3ea9-f238-4559-ad11-276ef30c5e26 - - - - -] default_availability_zone = nova log_opt_values /usr/lib/python3/dist-packages/oslo_config/cfg.py:2602
2025-02-13 00:40:03.737 134901 DEBUG oslo_db.sqlalchemy.engines [req-2add4ce3-e209-4ad1-b87b-c3b0ccfc0db4 - - - - -] MySQL server mode set to STRICT_TRANS_TABLES,STRICT_ALL_TABLES,NO_ZERO_IN_DATE,NO_ZERO_DATE,ERROR_FOR_DIVISION_BY_ZERO,TRADITIONAL,NO_ENGINE_SUBSTITUTION _check_effective_sql_mode /usr/lib/python3/dist-packages/oslo_db/sqlalchemy/engines.py:314
2025-02-13 00:40:03.738 133968 DEBUG oslo_service.service [req-8f5b3ea9-f238-4559-ad11-276ef30c5e26 - - - - -] default_ephemeral_format = None log_opt_values /usr/lib/python3/dist-packages/oslo_config/cfg.py:2602
2025-02-13 00:40:03.738 133968 DEBUG oslo_service.service [req-8f5b3ea9-f238-4559-ad11-276ef30c5e26 - - - - -] default_log_levels = ['amqp=WARN', 'amqplib=WARN', 'boto=WARN', 'qpid=WARN', 'sqlalchemy=WARN', 'suds=INFO', 'oslo.messaging=INFO', 'oslo_messaging=DEBUG', 'iso8601=WARN', 'requests.packages.urllib3.connectionpool=WARN', 'urllib3.connectionpool=WARN', 'websocket=WARN', 'requests.packages.urllib3.util.retry=WARN', 'urllib3.util.retry=WARN', 'keystonemiddleware=WARN', 'routes.middleware=WARN', 'stevedore=WARN', 'taskflow=WARN', 'keystoneauth=WARN', 'oslo.cache=INFO', 'dogpile.core.dogpile=INFO', 'glanceclient=WARN', 'oslo.privsep.daemon=INFO'] log_opt_values /usr/lib/python3/dist-packages/oslo_config/cfg.py:2602
2025-02-13 00:40:03.739 133968 DEBUG oslo_service.service [req-8f5b3ea9-f238-4559-ad11-276ef30c5e26 - - - - -] default_schedule_zone = None log_opt_values /usr/lib/python3/dist-packages/oslo_config/cfg.py:2602
2025-02-13 00:40:03.739 133968 DEBUG oslo_service.service [req-8f5b3ea9-f238-4559-ad11-276ef30c5e26 - - - - -] disk_allocation_ratio = 1.0 log_opt_values /usr/lib/python3/dist-packages/oslo_config/cfg.py:2602
2025-02-13 00:40:03.739 133968 DEBUG oslo_service.service [req-8f5b3ea9-f238-4559-ad11-276ef30c5e26 - - - - -] enable_new_services = True log_opt_values /usr/lib/python3/dist-packages/oslo_config/cfg.py:2602
2025-02-13 00:40:03.739 133968 DEBUG oslo_service.service [req-8f5b3ea9-f238-4559-ad11-276ef30c5e26 - - - - -] enabled_apis = ['osapi_compute', 'metadata'] log_opt_values /usr/lib/python3/dist-packages/oslo_config/cfg.py:2602
2025-02-13 00:40:03.740 133968 DEBUG oslo_service.service [req-8f5b3ea9-f238-4559-ad11-276ef30c5e26 - - - - -] enabled_ssl_apis = [] log_opt_values /usr/lib/python3/dist-packages/oslo_config/cfg.py:2602
2025-02-13 00:40:03.740 134902 DEBUG oslo_db.sqlalchemy.engines [req-af22d494-bdee-41da-bee5-b5e600e86841 - - - - -] MySQL server mode set to STRICT_TRANS_TABLES,STRICT_ALL_TABLES,NO_ZERO_IN_DATE,NO_ZERO_DATE,ERROR_FOR_DIVISION_BY_ZERO,TRADITIONAL,NO_ENGINE_SUBSTITUTION _check_effective_sql_mode /usr/lib/python3/dist-packages/oslo_db/sqlalchemy/engines.py:314
2025-02-13 00:40:03.741 133968 DEBUG oslo_service.service [req-8f5b3ea9-f238-4559-ad11-276ef30c5e26 - - - - -] fatal_deprecations = False log_opt_values /usr/lib/python3/dist-packages/oslo_config/cfg.py:2602
2025-02-13 00:40:03.741 133968 DEBUG oslo_service.service [req-8f5b3ea9-f238-4559-ad11-276ef30c5e26 - - - - -] flat_injected = False log_opt_values /usr/lib/python3/dist-packages/oslo_config/cfg.py:2602
2025-02-13 00:40:03.741 133968 DEBUG oslo_service.service [req-8f5b3ea9-f238-4559-ad11-276ef30c5e26 - - - - -] force_config_drive = False log_opt_values /usr/lib/python3/dist-packages/oslo_config/cfg.py:2602
2025-02-13 00:40:03.742 133968 DEBUG oslo_service.service [req-8f5b3ea9-f238-4559-ad11-276ef30c5e26 - - - - -] force_raw_images = True log_opt_values /usr/lib/python3/dist-packages/oslo_config/cfg.py:2602
2025-02-13 00:40:03.742 133968 DEBUG oslo_service.service [req-8f5b3ea9-f238-4559-ad11-276ef30c5e26 - - - - -] graceful_shutdown_timeout = 60 log_opt_values /usr/lib/python3/dist-packages/oslo_config/cfg.py:2602
2025-02-13 00:40:03.742 133968 DEBUG oslo_service.service [req-8f5b3ea9-f238-4559-ad11-276ef30c5e26 - - - - -] heal_instance_info_cache_interval = 60 log_opt_values /usr/lib/python3/dist-packages/oslo_config/cfg.py:2602
2025-02-13 00:40:03.743 133968 DEBUG oslo_service.service [req-8f5b3ea9-f238-4559-ad11-276ef30c5e26 - - - - -] host = juju-29031e-0-lxd-7 log_opt_values /usr/lib/python3/dist-packages/oslo_config/cfg.py:2602
2025-02-13 00:40:03.743 133968 DEBUG oslo_service.service [req-8f5b3ea9-f238-4559-ad11-276ef30c5e26 - - - - -] initial_cpu_allocation_ratio = 16.0 log_opt_values /usr/lib/python3/dist-packages/oslo_config/cfg.py:2602
2025-02-13 00:40:03.743 133968 DEBUG oslo_service.service [req-8f5b3ea9-f238-4559-ad11-276ef30c5e26 - - - - -] initial_disk_allocation_ratio = 1.0 log_opt_values /usr/lib/python3/dist-packages/oslo_config/cfg.py:2602
2025-02-13 00:40:03.743 133968 DEBUG oslo_service.service [req-8f5b3ea9-f238-4559-ad11-276ef30c5e26 - - - - -] initial_ram_allocation_ratio = 1.5 log_opt_values /usr/lib/python3/dist-packages/oslo_config/cfg.py:2602
2025-02-13 00:40:03.744 133968 DEBUG oslo_service.service [req-8f5b3ea9-f238-4559-ad11-276ef30c5e26 - - - - -] injected_network_template = /usr/lib/python3/dist-packages/nova/virt/interfaces.template log_opt_values /usr/lib/python3/dist-packages/oslo_config/cfg.py:2602
2025-02-13 00:40:03.744 133968 DEBUG oslo_service.service [req-8f5b3ea9-f238-4559-ad11-276ef30c5e26 - - - - -] instance_build_timeout = 0 log_opt_values /usr/lib/python3/dist-packages/oslo_config/cfg.py:2602
2025-02-13 00:40:03.744 133968 DEBUG oslo_service.service [req-8f5b3ea9-f238-4559-ad11-276ef30c5e26 - - - - -] instance_delete_interval = 300 log_opt_values /usr/lib/python3/dist-packages/oslo_config/cfg.py:2602
2025-02-13 00:40:03.744 133968 DEBUG oslo_service.service [req-8f5b3ea9-f238-4559-ad11-276ef30c5e26 - - - - -] instance_format = [instance: %(uuid)s] log_opt_values /usr/lib/python3/dist-packages/oslo_config/cfg.py:2602
2025-02-13 00:40:03.744 133968 DEBUG oslo_service.service [req-8f5b3ea9-f238-4559-ad11-276ef30c5e26 - - - - -] instance_name_template = instance-%08x log_opt_values /usr/lib/python3/dist-packages/oslo_config/cfg.py:2602
2025-02-13 00:40:03.745 133968 DEBUG oslo_service.service [req-8f5b3ea9-f238-4559-ad11-276ef30c5e26 - - - - -] instance_usage_audit = False log_opt_values /usr/lib/python3/dist-packages/oslo_config/cfg.py:2602
2025-02-13 00:40:03.745 133968 DEBUG oslo_service.service [req-8f5b3ea9-f238-4559-ad11-276ef30c5e26 - - - - -] instance_usage_audit_period = month log_opt_values /usr/lib/python3/dist-packages/oslo_config/cfg.py:2602
2025-02-13 00:40:03.745 133968 DEBUG oslo_service.service [req-8f5b3ea9-f238-4559-ad11-276ef30c5e26 - - - - -] instance_uuid_format = [instance: %(uuid)s] log_opt_values /usr/lib/python3/dist-packages/oslo_config/cfg.py:2602
2025-02-13 00:40:03.745 133968 DEBUG oslo_service.service [req-8f5b3ea9-f238-4559-ad11-276ef30c5e26 - - - - -] instances_path = /var/lib/nova/instances log_opt_values /usr/lib/python3/dist-packages/oslo_config/cfg.py:2602
2025-02-13 00:40:03.746 133968 DEBUG oslo_service.service [req-8f5b3ea9-f238-4559-ad11-276ef30c5e26 - - - - -] internal_service_availability_zone = internal log_opt_values /usr/lib/python3/dist-packages/oslo_config/cfg.py:2602
2025-02-13 00:40:03.746 133968 DEBUG oslo_service.service [req-8f5b3ea9-f238-4559-ad11-276ef30c5e26 - - - - -] key = None log_opt_values /usr/lib/python3/dist-packages/oslo_config/cfg.py:2602
2025-02-13 00:40:03.747 133968 DEBUG oslo_service.service [req-8f5b3ea9-f238-4559-ad11-276ef30c5e26 - - - - -] live_migration_retry_count = 30 log_opt_values /usr/lib/python3/dist-packages/oslo_config/cfg.py:2602
2025-02-13 00:40:03.747 133968 DEBUG oslo_service.service [req-8f5b3ea9-f238-4559-ad11-276ef30c5e26 - - - - -] log_config_append = None log_opt_values /usr/lib/python3/dist-packages/oslo_config/cfg.py:2602
2025-02-13 00:40:03.747 133968 DEBUG oslo_service.service [req-8f5b3ea9-f238-4559-ad11-276ef30c5e26 - - - - -] log_date_format = %Y-%m-%d %H:%M:%S log_opt_values /usr/lib/python3/dist-packages/oslo_config/cfg.py:2602
2025-02-13 00:40:03.747 133968 DEBUG oslo_service.service [req-8f5b3ea9-f238-4559-ad11-276ef30c5e26 - - - - -] log_dir = /var/log/nova log_opt_values /usr/lib/python3/dist-packages/oslo_config/cfg.py:2602
2025-02-13 00:40:03.747 133968 DEBUG oslo_service.service [req-8f5b3ea9-f238-4559-ad11-276ef30c5e26 - - - - -] log_file = /var/log/nova/nova-scheduler.log log_opt_values /usr/lib/python3/dist-packages/oslo_config/cfg.py:2602
2025-02-13 00:40:03.748 133968 DEBUG oslo_service.service [req-8f5b3ea9-f238-4559-ad11-276ef30c5e26 - - - - -] log_options = True log_opt_values /usr/lib/python3/dist-packages/oslo_config/cfg.py:2602
2025-02-13 00:40:03.748 133968 DEBUG oslo_service.service [req-8f5b3ea9-f238-4559-ad11-276ef30c5e26 - - - - -] log_rotate_interval = 1 log_opt_values /usr/lib/python3/dist-packages/oslo_config/cfg.py:2602
2025-02-13 00:40:03.748 133968 DEBUG oslo_service.service [req-8f5b3ea9-f238-4559-ad11-276ef30c5e26 - - - - -] log_rotate_interval_type = days log_opt_values /usr/lib/python3/dist-packages/oslo_config/cfg.py:2602
2025-02-13 00:40:03.748 133968 DEBUG oslo_service.service [req-8f5b3ea9-f238-4559-ad11-276ef30c5e26 - - - - -] log_rotation_type = none log_opt_values /usr/lib/python3/dist-packages/oslo_config/cfg.py:2602
2025-02-13 00:40:03.748 133968 DEBUG oslo_service.service [req-8f5b3ea9-f238-4559-ad11-276ef30c5e26 - - - - -] logging_context_format_string = %(asctime)s.%(msecs)03d %(process)d %(levelname)s %(name)s [%(request_id)s %(user_identity)s] %(instance)s%(message)s log_opt_values /usr/lib/python3/dist-packages/oslo_config/cfg.py:2602
2025-02-13 00:40:03.748 133968 DEBUG oslo_service.service [req-8f5b3ea9-f238-4559-ad11-276ef30c5e26 - - - - -] logging_debug_format_suffix = %(funcName)s %(pathname)s:%(lineno)d log_opt_values /usr/lib/python3/dist-packages/oslo_config/cfg.py:2602
2025-02-13 00:40:03.749 133968 DEBUG oslo_service.service [req-8f5b3ea9-f238-4559-ad11-276ef30c5e26 - - - - -] logging_default_format_string = %(asctime)s.%(msecs)03d %(process)d %(levelname)s %(name)s [-] %(instance)s%(message)s log_opt_values /usr/lib/python3/dist-packages/oslo_config/cfg.py:2602
2025-02-13 00:40:03.749 133968 DEBUG oslo_service.service [req-8f5b3ea9-f238-4559-ad11-276ef30c5e26 - - - - -] logging_exception_prefix = %(asctime)s.%(msecs)03d %(process)d ERROR %(name)s %(instance)s log_opt_values /usr/lib/python3/dist-packages/oslo_config/cfg.py:2602
2025-02-13 00:40:03.749 133968 DEBUG oslo_service.service [req-8f5b3ea9-f238-4559-ad11-276ef30c5e26 - - - - -] logging_user_identity_format = %(user)s %(project)s %(domain)s %(user_domain)s %(project_domain)s log_opt_values /usr/lib/python3/dist-packages/oslo_config/cfg.py:2602
2025-02-13 00:40:03.751 134903 INFO nova.service [-] Starting scheduler node (version 25.2.1)
2025-02-13 00:40:03.749 133968 DEBUG oslo_service.service [req-8f5b3ea9-f238-4559-ad11-276ef30c5e26 - - - - -] long_rpc_timeout = 1800 log_opt_values /usr/lib/python3/dist-packages/oslo_config/cfg.py:2602
2025-02-13 00:40:03.755 133968 DEBUG oslo_service.service [req-8f5b3ea9-f238-4559-ad11-276ef30c5e26 - - - - -] max_concurrent_builds = 10 log_opt_values /usr/lib/python3/dist-packages/oslo_config/cfg.py:2602
2025-02-13 00:40:03.756 133968 DEBUG oslo_service.service [req-8f5b3ea9-f238-4559-ad11-276ef30c5e26 - - - - -] max_concurrent_live_migrations = 1 log_opt_values /usr/lib/python3/dist-packages/oslo_config/cfg.py:2602
2025-02-13 00:40:03.756 133968 DEBUG oslo_service.service [req-8f5b3ea9-f238-4559-ad11-276ef30c5e26 - - - - -] max_concurrent_snapshots = 5 log_opt_values /usr/lib/python3/dist-packages/oslo_config/cfg.py:2602
2025-02-13 00:40:03.756 133968 DEBUG oslo_service.service [req-8f5b3ea9-f238-4559-ad11-276ef30c5e26 - - - - -] max_local_block_devices = 3 log_opt_values /usr/lib/python3/dist-packages/oslo_config/cfg.py:2602
2025-02-13 00:40:03.756 133968 DEBUG oslo_service.service [req-8f5b3ea9-f238-4559-ad11-276ef30c5e26 - - - - -] max_logfile_count = 30 log_opt_values /usr/lib/python3/dist-packages/oslo_config/cfg.py:2602
2025-02-13 00:40:03.756 133968 DEBUG oslo_service.service [req-8f5b3ea9-f238-4559-ad11-276ef30c5e26 - - - - -] max_logfile_size_mb = 200 log_opt_values /usr/lib/python3/dist-packages/oslo_config/cfg.py:2602
2025-02-13 00:40:03.757 133968 DEBUG oslo_service.service [req-8f5b3ea9-f238-4559-ad11-276ef30c5e26 - - - - -] maximum_instance_delete_attempts = 5 log_opt_values /usr/lib/python3/dist-packages/oslo_config/cfg.py:2602
2025-02-13 00:40:03.757 133968 DEBUG oslo_service.service [req-8f5b3ea9-f238-4559-ad11-276ef30c5e26 - - - - -] metadata_listen = 0.0.0.0 log_opt_values /usr/lib/python3/dist-packages/oslo_config/cfg.py:2602
2025-02-13 00:40:03.757 133968 DEBUG oslo_service.service [req-8f5b3ea9-f238-4559-ad11-276ef30c5e26 - - - - -] metadata_listen_port = 8765 log_opt_values /usr/lib/python3/dist-packages/oslo_config/cfg.py:2602
2025-02-13 00:40:03.757 133968 DEBUG oslo_service.service [req-8f5b3ea9-f238-4559-ad11-276ef30c5e26 - - - - -] metadata_workers = None log_opt_values /usr/lib/python3/dist-packages/oslo_config/cfg.py:2602
2025-02-13 00:40:03.757 133968 DEBUG oslo_service.service [req-8f5b3ea9-f238-4559-ad11-276ef30c5e26 - - - - -] migrate_max_retries = -1 log_opt_values /usr/lib/python3/dist-packages/oslo_config/cfg.py:2602
2025-02-13 00:40:03.758 133968 DEBUG oslo_service.service [req-8f5b3ea9-f238-4559-ad11-276ef30c5e26 - - - - -] mkisofs_cmd = genisoimage log_opt_values /usr/lib/python3/dist-packages/oslo_config/cfg.py:2602
2025-02-13 00:40:03.760 133968 DEBUG oslo_service.service [req-8f5b3ea9-f238-4559-ad11-276ef30c5e26 - - - - -] my_block_storage_ip = 252.17.131.126 log_opt_values /usr/lib/python3/dist-packages/oslo_config/cfg.py:2602
2025-02-13 00:40:03.760 133968 DEBUG oslo_service.service [req-8f5b3ea9-f238-4559-ad11-276ef30c5e26 - - - - -] my_ip = 252.17.131.126 log_opt_values /usr/lib/python3/dist-packages/oslo_config/cfg.py:2602
2025-02-13 00:40:03.760 133968 DEBUG oslo_service.service [req-8f5b3ea9-f238-4559-ad11-276ef30c5e26 - - - - -] network_allocate_retries = 0 log_opt_values /usr/lib/python3/dist-packages/oslo_config/cfg.py:2602
2025-02-13 00:40:03.760 134901 DEBUG nova.service [req-2add4ce3-e209-4ad1-b87b-c3b0ccfc0db4 - - - - -] Creating RPC server for service scheduler start /usr/lib/python3/dist-packages/nova/service.py:182
2025-02-13 00:40:03.760 133968 DEBUG oslo_service.service [req-8f5b3ea9-f238-4559-ad11-276ef30c5e26 - - - - -] non_inheritable_image_properties = ['cache_in_nova', 'bittorrent'] log_opt_values /usr/lib/python3/dist-packages/oslo_config/cfg.py:2602
2025-02-13 00:40:03.760 133968 DEBUG oslo_service.service [req-8f5b3ea9-f238-4559-ad11-276ef30c5e26 - - - - -] osapi_compute_listen = 0.0.0.0 log_opt_values /usr/lib/python3/dist-packages/oslo_config/cfg.py:2602
2025-02-13 00:40:03.760 133968 DEBUG oslo_service.service [req-8f5b3ea9-f238-4559-ad11-276ef30c5e26 - - - - -] osapi_compute_listen_port = 8764 log_opt_values /usr/lib/python3/dist-packages/oslo_config/cfg.py:2602
2025-02-13 00:40:03.761 133968 DEBUG oslo_service.service [req-8f5b3ea9-f238-4559-ad11-276ef30c5e26 - - - - -] osapi_compute_unique_server_name_scope = log_opt_values /usr/lib/python3/dist-packages/oslo_config/cfg.py:2602
2025-02-13 00:40:03.761 133968 DEBUG oslo_service.service [req-8f5b3ea9-f238-4559-ad11-276ef30c5e26 - - - - -] osapi_compute_workers = 4 log_opt_values /usr/lib/python3/dist-packages/oslo_config/cfg.py:2602
2025-02-13 00:40:03.761 133968 DEBUG oslo_service.service [req-8f5b3ea9-f238-4559-ad11-276ef30c5e26 - - - - -] password_length = 12 log_opt_values /usr/lib/python3/dist-packages/oslo_config/cfg.py:2602
2025-02-13 00:40:03.761 133968 DEBUG oslo_service.service [req-8f5b3ea9-f238-4559-ad11-276ef30c5e26 - - - - -] periodic_enable = True log_opt_values /usr/lib/python3/dist-packages/oslo_config/cfg.py:2602
2025-02-13 00:40:03.761 133968 DEBUG oslo_service.service [req-8f5b3ea9-f238-4559-ad11-276ef30c5e26 - - - - -] periodic_fuzzy_delay = 60 log_opt_values /usr/lib/python3/dist-packages/oslo_config/cfg.py:2602
2025-02-13 00:40:03.762 134902 DEBUG nova.service [req-af22d494-bdee-41da-bee5-b5e600e86841 - - - - -] Creating RPC server for service scheduler start /usr/lib/python3/dist-packages/nova/service.py:182
2025-02-13 00:40:03.763 133968 DEBUG oslo_service.service [req-8f5b3ea9-f238-4559-ad11-276ef30c5e26 - - - - -] pointer_model = usbtablet log_opt_values /usr/lib/python3/dist-packages/oslo_config/cfg.py:2602
2025-02-13 00:40:03.763 133968 DEBUG oslo_service.service [req-8f5b3ea9-f238-4559-ad11-276ef30c5e26 - - - - -] preallocate_images = none log_opt_values /usr/lib/python3/dist-packages/oslo_config/cfg.py:2602
2025-02-13 00:40:03.763 133968 DEBUG oslo_service.service [req-8f5b3ea9-f238-4559-ad11-276ef30c5e26 - - - - -] publish_errors = False log_opt_values /usr/lib/python3/dist-packages/oslo_config/cfg.py:2602
2025-02-13 00:40:03.763 134895 DEBUG nova.service [req-89983cf4-dc08-4918-bb23-34c921c09cb8 - - - - -] Creating RPC server for service scheduler start /usr/lib/python3/dist-packages/nova/service.py:182
2025-02-13 00:40:03.763 133968 DEBUG oslo_service.service [req-8f5b3ea9-f238-4559-ad11-276ef30c5e26 - - - - -] pybasedir = /usr/lib/python3/dist-packages log_opt_values /usr/lib/python3/dist-packages/oslo_config/cfg.py:2602
2025-02-13 00:40:03.764 133968 DEBUG oslo_service.service [req-8f5b3ea9-f238-4559-ad11-276ef30c5e26 - - - - -] ram_allocation_ratio = 0.98 log_opt_values /usr/lib/python3/dist-packages/oslo_config/cfg.py:2602
2025-02-13 00:40:03.764 133968 DEBUG oslo_service.service [req-8f5b3ea9-f238-4559-ad11-276ef30c5e26 - - - - -] rate_limit_burst = 0 log_opt_values /usr/lib/python3/dist-packages/oslo_config/cfg.py:2602
2025-02-13 00:40:03.764 133968 DEBUG oslo_service.service [req-8f5b3ea9-f238-4559-ad11-276ef30c5e26 - - - - -] rate_limit_except_level = CRITICAL log_opt_values /usr/lib/python3/dist-packages/oslo_config/cfg.py:2602
2025-02-13 00:40:03.764 133968 DEBUG oslo_service.service [req-8f5b3ea9-f238-4559-ad11-276ef30c5e26 - - - - -] rate_limit_interval = 0 log_opt_values /usr/lib/python3/dist-packages/oslo_config/cfg.py:2602
2025-02-13 00:40:03.764 133968 DEBUG oslo_service.service [req-8f5b3ea9-f238-4559-ad11-276ef30c5e26 - - - - -] reboot_timeout = 0 log_opt_values /usr/lib/python3/dist-packages/oslo_config/cfg.py:2602
2025-02-13 00:40:03.765 133968 DEBUG oslo_service.service [req-8f5b3ea9-f238-4559-ad11-276ef30c5e26 - - - - -] reclaim_instance_interval = 0 log_opt_values /usr/lib/python3/dist-packages/oslo_config/cfg.py:2602
2025-02-13 00:40:03.765 133968 DEBUG oslo_service.service [req-8f5b3ea9-f238-4559-ad11-276ef30c5e26 - - - - -] record = None log_opt_values /usr/lib/python3/dist-packages/oslo_config/cfg.py:2602
2025-02-13 00:40:03.765 133968 DEBUG oslo_service.service [req-8f5b3ea9-f238-4559-ad11-276ef30c5e26 - - - - -] report_interval = 10 log_opt_values /usr/lib/python3/dist-packages/oslo_config/cfg.py:2602
2025-02-13 00:40:03.765 133968 DEBUG oslo_service.service [req-8f5b3ea9-f238-4559-ad11-276ef30c5e26 - - - - -] rescue_timeout = 0 log_opt_values /usr/lib/python3/dist-packages/oslo_config/cfg.py:2602
2025-02-13 00:40:03.765 133968 DEBUG oslo_service.service [req-8f5b3ea9-f238-4559-ad11-276ef30c5e26 - - - - -] reserved_host_cpus = 0 log_opt_values /usr/lib/python3/dist-packages/oslo_config/cfg.py:2602
2025-02-13 00:40:03.770 134903 DEBUG oslo_db.sqlalchemy.engines [req-50d67c24-e9cd-425c-8a82-10f704411dd5 - - - - -] MySQL server mode set to STRICT_TRANS_TABLES,STRICT_ALL_TABLES,NO_ZERO_IN_DATE,NO_ZERO_DATE,ERROR_FOR_DIVISION_BY_ZERO,TRADITIONAL,NO_ENGINE_SUBSTITUTION _check_effective_sql_mode /usr/lib/python3/dist-packages/oslo_db/sqlalchemy/engines.py:314
2025-02-13 00:40:03.766 133968 DEBUG oslo_service.service [req-8f5b3ea9-f238-4559-ad11-276ef30c5e26 - - - - -] reserved_host_disk_mb = 0 log_opt_values /usr/lib/python3/dist-packages/oslo_config/cfg.py:2602
2025-02-13 00:40:03.771 133968 DEBUG oslo_service.service [req-8f5b3ea9-f238-4559-ad11-276ef30c5e26 - - - - -] reserved_host_memory_mb = 512 log_opt_values /usr/lib/python3/dist-packages/oslo_config/cfg.py:2602
2025-02-13 00:40:03.771 133968 DEBUG oslo_service.service [req-8f5b3ea9-f238-4559-ad11-276ef30c5e26 - - - - -] reserved_huge_pages = None log_opt_values /usr/lib/python3/dist-packages/oslo_config/cfg.py:2602
2025-02-13 00:40:03.772 133968 DEBUG oslo_service.service [req-8f5b3ea9-f238-4559-ad11-276ef30c5e26 - - - - -] resize_confirm_window = 0 log_opt_values /usr/lib/python3/dist-packages/oslo_config/cfg.py:2602
2025-02-13 00:40:03.772 133968 DEBUG oslo_service.service [req-8f5b3ea9-f238-4559-ad11-276ef30c5e26 - - - - -] resize_fs_using_block_device = False log_opt_values /usr/lib/python3/dist-packages/oslo_config/cfg.py:2602
2025-02-13 00:40:03.772 133968 DEBUG oslo_service.service [req-8f5b3ea9-f238-4559-ad11-276ef30c5e26 - - - - -] resume_guests_state_on_host_boot = False log_opt_values /usr/lib/python3/dist-packages/oslo_config/cfg.py:2602
2025-02-13 00:40:03.774 133968 DEBUG oslo_service.service [req-8f5b3ea9-f238-4559-ad11-276ef30c5e26 - - - - -] rootwrap_config = /etc/nova/rootwrap.conf log_opt_values /usr/lib/python3/dist-packages/oslo_config/cfg.py:2602
2025-02-13 00:40:03.774 133968 DEBUG oslo_service.service [req-8f5b3ea9-f238-4559-ad11-276ef30c5e26 - - - - -] run_external_periodic_tasks = True log_opt_values /usr/lib/python3/dist-packages/oslo_config/cfg.py:2602
2025-02-13 00:40:03.774 133968 DEBUG oslo_service.service [req-8f5b3ea9-f238-4559-ad11-276ef30c5e26 - - - - -] running_deleted_instance_action = reap log_opt_values /usr/lib/python3/dist-packages/oslo_config/cfg.py:2602
2025-02-13 00:40:03.775 133968 DEBUG oslo_service.service [req-8f5b3ea9-f238-4559-ad11-276ef30c5e26 - - - - -] running_deleted_instance_poll_interval = 1800 log_opt_values /usr/lib/python3/dist-packages/oslo_config/cfg.py:2602
2025-02-13 00:40:03.775 133968 DEBUG oslo_service.service [req-8f5b3ea9-f238-4559-ad11-276ef30c5e26 - - - - -] running_deleted_instance_timeout = 0 log_opt_values /usr/lib/python3/dist-packages/oslo_config/cfg.py:2602
2025-02-13 00:40:03.775 133968 DEBUG oslo_service.service [req-8f5b3ea9-f238-4559-ad11-276ef30c5e26 - - - - -] scheduler_instance_sync_interval = 120 log_opt_values /usr/lib/python3/dist-packages/oslo_config/cfg.py:2602
2025-02-13 00:40:03.775 133968 DEBUG oslo_service.service [req-8f5b3ea9-f238-4559-ad11-276ef30c5e26 - - - - -] service_down_time = 60 log_opt_values /usr/lib/python3/dist-packages/oslo_config/cfg.py:2602
2025-02-13 00:40:03.775 133968 DEBUG oslo_service.service [req-8f5b3ea9-f238-4559-ad11-276ef30c5e26 - - - - -] servicegroup_driver = db log_opt_values /usr/lib/python3/dist-packages/oslo_config/cfg.py:2602
2025-02-13 00:40:03.775 133968 DEBUG oslo_service.service [req-8f5b3ea9-f238-4559-ad11-276ef30c5e26 - - - - -] shelved_offload_time = 0 log_opt_values /usr/lib/python3/dist-packages/oslo_config/cfg.py:2602
2025-02-13 00:40:03.776 133968 DEBUG oslo_service.service [req-8f5b3ea9-f238-4559-ad11-276ef30c5e26 - - - - -] shelved_poll_interval = 3600 log_opt_values /usr/lib/python3/dist-packages/oslo_config/cfg.py:2602
2025-02-13 00:40:03.776 133968 DEBUG oslo_service.service [req-8f5b3ea9-f238-4559-ad11-276ef30c5e26 - - - - -] shutdown_timeout = 60 log_opt_values /usr/lib/python3/dist-packages/oslo_config/cfg.py:2602
2025-02-13 00:40:03.776 133968 DEBUG oslo_service.service [req-8f5b3ea9-f238-4559-ad11-276ef30c5e26 - - - - -] source_is_ipv6 = False log_opt_values /usr/lib/python3/dist-packages/oslo_config/cfg.py:2602
2025-02-13 00:40:03.776 133968 DEBUG oslo_service.service [req-8f5b3ea9-f238-4559-ad11-276ef30c5e26 - - - - -] ssl_only = False log_opt_values /usr/lib/python3/dist-packages/oslo_config/cfg.py:2602
2025-02-13 00:40:03.776 133968 DEBUG oslo_service.service [req-8f5b3ea9-f238-4559-ad11-276ef30c5e26 - - - - -] state_path = /var/lib/nova log_opt_values /usr/lib/python3/dist-packages/oslo_config/cfg.py:2602
2025-02-13 00:40:03.777 133968 DEBUG oslo_service.service [req-8f5b3ea9-f238-4559-ad11-276ef30c5e26 - - - - -] sync_power_state_interval = 600 log_opt_values /usr/lib/python3/dist-packages/oslo_config/cfg.py:2602
2025-02-13 00:40:03.777 133968 DEBUG oslo_service.service [req-8f5b3ea9-f238-4559-ad11-276ef30c5e26 - - - - -] sync_power_state_pool_size = 1000 log_opt_values /usr/lib/python3/dist-packages/oslo_config/cfg.py:2602
2025-02-13 00:40:03.777 133968 DEBUG oslo_service.service [req-8f5b3ea9-f238-4559-ad11-276ef30c5e26 - - - - -] syslog_log_facility = LOG_USER log_opt_values /usr/lib/python3/dist-packages/oslo_config/cfg.py:2602
2025-02-13 00:40:03.786 133968 DEBUG oslo_service.service [req-8f5b3ea9-f238-4559-ad11-276ef30c5e26 - - - - -] tempdir = None log_opt_values /usr/lib/python3/dist-packages/oslo_config/cfg.py:2602
2025-02-13 00:40:03.788 133968 DEBUG oslo_service.service [req-8f5b3ea9-f238-4559-ad11-276ef30c5e26 - - - - -] timeout_nbd = 10 log_opt_values /usr/lib/python3/dist-packages/oslo_config/cfg.py:2602
2025-02-13 00:40:03.794 134895 DEBUG oslo_messaging._drivers.amqpdriver [-] Listener is running poll /usr/lib/python3/dist-packages/oslo_messaging/_drivers/amqpdriver.py:343
2025-02-13 00:40:03.794 134895 DEBUG oslo_messaging._drivers.amqpdriver [-] AMQPListener connection consume poll /usr/lib/python3/dist-packages/oslo_messaging/_drivers/amqpdriver.py:357
2025-02-13 00:40:03.795 134895 DEBUG nova.service [req-89983cf4-dc08-4918-bb23-34c921c09cb8 - - - - -] Join ServiceGroup membership for this service scheduler start /usr/lib/python3/dist-packages/nova/service.py:199
2025-02-13 00:40:03.795 134895 DEBUG nova.servicegroup.drivers.db [req-89983cf4-dc08-4918-bb23-34c921c09cb8 - - - - -] DB_Driver: join new ServiceGroup member juju-29031e-0-lxd-7 to the scheduler group, service = join /usr/lib/python3/dist-packages/nova/servicegroup/drivers/db.py:44
2025-02-13 00:40:03.793 133968 DEBUG oslo_service.service [req-8f5b3ea9-f238-4559-ad11-276ef30c5e26 - - - - -] transport_url = **** log_opt_values /usr/lib/python3/dist-packages/oslo_config/cfg.py:2602
2025-02-13 00:40:03.796 133968 DEBUG oslo_service.service [req-8f5b3ea9-f238-4559-ad11-276ef30c5e26 - - - - -] update_resources_interval = 0 log_opt_values /usr/lib/python3/dist-packages/oslo_config/cfg.py:2602
2025-02-13 00:40:03.798 134895 DEBUG oslo_messaging._drivers.amqpdriver [-] AMQPListener connection timeout poll /usr/lib/python3/dist-packages/oslo_messaging/_drivers/amqpdriver.py:360
2025-02-13 00:40:03.794 134901 DEBUG oslo_messaging._drivers.amqpdriver [-] Listener is running poll /usr/lib/python3/dist-packages/oslo_messaging/_drivers/amqpdriver.py:343
2025-02-13 00:40:03.798 134895 DEBUG oslo_messaging._drivers.amqpdriver [-] Listener is running poll /usr/lib/python3/dist-packages/oslo_messaging/_drivers/amqpdriver.py:343
2025-02-13 00:40:03.798 134895 DEBUG oslo_messaging._drivers.amqpdriver [-] AMQPListener connection consume poll /usr/lib/python3/dist-packages/oslo_messaging/_drivers/amqpdriver.py:357
2025-02-13 00:40:03.798 133968 DEBUG oslo_service.service [req-8f5b3ea9-f238-4559-ad11-276ef30c5e26 - - - - -] use_cow_images = True log_opt_values /usr/lib/python3/dist-packages/oslo_config/cfg.py:2602
2025-02-13 00:40:03.800 133968 DEBUG oslo_service.service [req-8f5b3ea9-f238-4559-ad11-276ef30c5e26 - - - - -] use_eventlog = False log_opt_values /usr/lib/python3/dist-packages/oslo_config/cfg.py:2602
2025-02-13 00:40:03.800 133968 DEBUG oslo_service.service [req-8f5b3ea9-f238-4559-ad11-276ef30c5e26 - - - - -] use_journal = False log_opt_values /usr/lib/python3/dist-packages/oslo_config/cfg.py:2602
2025-02-13 00:40:03.801 133968 DEBUG oslo_service.service [req-8f5b3ea9-f238-4559-ad11-276ef30c5e26 - - - - -] use_json = False log_opt_values /usr/lib/python3/dist-packages/oslo_config/cfg.py:2602
2025-02-13 00:40:03.798 134901 DEBUG oslo_messaging._drivers.amqpdriver [-] AMQPListener connection consume poll /usr/lib/python3/dist-packages/oslo_messaging/_drivers/amqpdriver.py:357
2025-02-13 00:40:03.806 133968 DEBUG oslo_service.service [req-8f5b3ea9-f238-4559-ad11-276ef30c5e26 - - - - -] use_rootwrap_daemon = False log_opt_values /usr/lib/python3/dist-packages/oslo_config/cfg.py:2602
2025-02-13 00:40:03.806 133968 DEBUG oslo_service.service [req-8f5b3ea9-f238-4559-ad11-276ef30c5e26 - - - - -] use_stderr = False log_opt_values /usr/lib/python3/dist-packages/oslo_config/cfg.py:2602
2025-02-13 00:40:03.806 133968 DEBUG oslo_service.service [req-8f5b3ea9-f238-4559-ad11-276ef30c5e26 - - - - -] use_syslog = False log_opt_values /usr/lib/python3/dist-packages/oslo_config/cfg.py:2602
2025-02-13 00:40:03.807 133968 DEBUG oslo_service.service [req-8f5b3ea9-f238-4559-ad11-276ef30c5e26 - - - - -] vcpu_pin_set = None log_opt_values /usr/lib/python3/dist-packages/oslo_config/cfg.py:2602
2025-02-13 00:40:03.807 133968 DEBUG oslo_service.service [req-8f5b3ea9-f238-4559-ad11-276ef30c5e26 - - - - -] vif_plugging_is_fatal = True log_opt_values /usr/lib/python3/dist-packages/oslo_config/cfg.py:2602
2025-02-13 00:40:03.808 133968 DEBUG oslo_service.service [req-8f5b3ea9-f238-4559-ad11-276ef30c5e26 - - - - -] vif_plugging_timeout = 300 log_opt_values /usr/lib/python3/dist-packages/oslo_config/cfg.py:2602
2025-02-13 00:40:03.808 134901 DEBUG nova.service [req-2add4ce3-e209-4ad1-b87b-c3b0ccfc0db4 - - - - -] Join ServiceGroup membership for this service scheduler start /usr/lib/python3/dist-packages/nova/service.py:199
2025-02-13 00:40:03.808 133968 DEBUG oslo_service.service [req-8f5b3ea9-f238-4559-ad11-276ef30c5e26 - - - - -] virt_mkfs = [] log_opt_values /usr/lib/python3/dist-packages/oslo_config/cfg.py:2602
2025-02-13 00:40:03.810 134901 DEBUG nova.servicegroup.drivers.db [req-2add4ce3-e209-4ad1-b87b-c3b0ccfc0db4 - - - - -] DB_Driver: join new ServiceGroup member juju-29031e-0-lxd-7 to the scheduler group, service = join /usr/lib/python3/dist-packages/nova/servicegroup/drivers/db.py:44
2025-02-13 00:40:03.810 133968 DEBUG oslo_service.service [req-8f5b3ea9-f238-4559-ad11-276ef30c5e26 - - - - -] volume_usage_poll_interval = 0 log_opt_values /usr/lib/python3/dist-packages/oslo_config/cfg.py:2602
2025-02-13 00:40:03.811 134901 DEBUG oslo_messaging._drivers.amqpdriver [-] AMQPListener connection timeout poll /usr/lib/python3/dist-packages/oslo_messaging/_drivers/amqpdriver.py:360
2025-02-13 00:40:03.811 133968 DEBUG oslo_service.service [req-8f5b3ea9-f238-4559-ad11-276ef30c5e26 - - - - -] watch_log_file = False log_opt_values /usr/lib/python3/dist-packages/oslo_config/cfg.py:2602
2025-02-13 00:40:03.811 134901 DEBUG oslo_messaging._drivers.amqpdriver [-] Listener is running poll /usr/lib/python3/dist-packages/oslo_messaging/_drivers/amqpdriver.py:343
2025-02-13 00:40:03.811 134901 DEBUG oslo_messaging._drivers.amqpdriver [-] AMQPListener connection consume poll /usr/lib/python3/dist-packages/oslo_messaging/_drivers/amqpdriver.py:357
2025-02-13 00:40:03.811 133968 DEBUG oslo_service.service [req-8f5b3ea9-f238-4559-ad11-276ef30c5e26 - - - - -] web = /usr/share/spice-html5 log_opt_values /usr/lib/python3/dist-packages/oslo_config/cfg.py:2602
2025-02-13 00:40:03.811 133968 DEBUG oslo_service.service [req-8f5b3ea9-f238-4559-ad11-276ef30c5e26 - - - - -] oslo_concurrency.disable_process_locking = False log_opt_values /usr/lib/python3/dist-packages/oslo_config/cfg.py:2609
2025-02-13 00:40:03.812 133968 DEBUG oslo_service.service [req-8f5b3ea9-f238-4559-ad11-276ef30c5e26 - - - - -] oslo_concurrency.lock_path = /var/lock/nova log_opt_values /usr/lib/python3/dist-packages/oslo_config/cfg.py:2609
2025-02-13 00:40:03.812 133968 WARNING oslo_config.cfg [req-8f5b3ea9-f238-4559-ad11-276ef30c5e26 - - - - -] Deprecated: Option "auth_strategy" from group "api" is deprecated for removal ( The only non-default choice, ``noauth2``, is for internal development and testing purposes only and should not be used in deployments. This option and its middleware, NoAuthMiddleware[V2_18], will be removed in a future release. ). Its value may be silently ignored in the future.
2025-02-13 00:40:03.812 133968 DEBUG oslo_service.service [req-8f5b3ea9-f238-4559-ad11-276ef30c5e26 - - - - -] api.auth_strategy = keystone log_opt_values /usr/lib/python3/dist-packages/oslo_config/cfg.py:2609
2025-02-13 00:40:03.813 133968 DEBUG oslo_service.service [req-8f5b3ea9-f238-4559-ad11-276ef30c5e26 - - - - -] api.compute_link_prefix = None log_opt_values /usr/lib/python3/dist-packages/oslo_config/cfg.py:2609
2025-02-13 00:40:03.813 133968 DEBUG oslo_service.service [req-8f5b3ea9-f238-4559-ad11-276ef30c5e26 - - - - -] api.config_drive_skip_versions = 1.0 2007-01-19 2007-03-01 2007-08-29 2007-10-10 2007-12-15 2008-02-01 2008-09-01 log_opt_values /usr/lib/python3/dist-packages/oslo_config/cfg.py:2609
2025-02-13 00:40:03.813 133968 DEBUG oslo_service.service [req-8f5b3ea9-f238-4559-ad11-276ef30c5e26 - - - - -] api.dhcp_domain = novalocal log_opt_values /usr/lib/python3/dist-packages/oslo_config/cfg.py:2609
2025-02-13 00:40:03.814 133968 DEBUG oslo_service.service [req-8f5b3ea9-f238-4559-ad11-276ef30c5e26 - - - - -] api.enable_instance_password = True log_opt_values /usr/lib/python3/dist-packages/oslo_config/cfg.py:2609
2025-02-13 00:40:03.814 133968 DEBUG oslo_service.service [req-8f5b3ea9-f238-4559-ad11-276ef30c5e26 - - - - -] api.glance_link_prefix = None log_opt_values /usr/lib/python3/dist-packages/oslo_config/cfg.py:2609
2025-02-13 00:40:03.814 133968 DEBUG oslo_service.service [req-8f5b3ea9-f238-4559-ad11-276ef30c5e26 - - - - -] api.instance_list_cells_batch_fixed_size = 100 log_opt_values /usr/lib/python3/dist-packages/oslo_config/cfg.py:2609
2025-02-13 00:40:03.815 133968 DEBUG oslo_service.service [req-8f5b3ea9-f238-4559-ad11-276ef30c5e26 - - - - -] api.instance_list_cells_batch_strategy = distributed log_opt_values /usr/lib/python3/dist-packages/oslo_config/cfg.py:2609
2025-02-13 00:40:03.815 133968 DEBUG oslo_service.service [req-8f5b3ea9-f238-4559-ad11-276ef30c5e26 - - - - -] api.instance_list_per_project_cells = False log_opt_values /usr/lib/python3/dist-packages/oslo_config/cfg.py:2609
2025-02-13 00:40:03.815 133968 DEBUG oslo_service.service [req-8f5b3ea9-f238-4559-ad11-276ef30c5e26 - - - - -] api.list_records_by_skipping_down_cells = True log_opt_values /usr/lib/python3/dist-packages/oslo_config/cfg.py:2609
