2025-02-13 00:38:49.784 128107 DEBUG oslo_service.service [req-aaa6d74e-127c-4b0f-b56c-eac35250ea49 - - - - -] api_database.connection_recycle_time = 3600 log_opt_values /usr/lib/python3/dist-packages/oslo_config/cfg.py:2609
2025-02-13 00:38:49.784 128107 DEBUG oslo_service.service [req-aaa6d74e-127c-4b0f-b56c-eac35250ea49 - - - - -] api_database.connection_trace = False log_opt_values /usr/lib/python3/dist-packages/oslo_config/cfg.py:2609
2025-02-13 00:38:49.784 128107 DEBUG oslo_service.service [req-aaa6d74e-127c-4b0f-b56c-eac35250ea49 - - - - -] api_database.db_inc_retry_interval = True log_opt_values /usr/lib/python3/dist-packages/oslo_config/cfg.py:2609
2025-02-13 00:38:49.784 128107 DEBUG oslo_service.service [req-aaa6d74e-127c-4b0f-b56c-eac35250ea49 - - - - -] api_database.db_max_retries = 20 log_opt_values /usr/lib/python3/dist-packages/oslo_config/cfg.py:2609
2025-02-13 00:38:49.784 128107 DEBUG oslo_service.service [req-aaa6d74e-127c-4b0f-b56c-eac35250ea49 - - - - -] api_database.db_max_retry_interval = 10 log_opt_values /usr/lib/python3/dist-packages/oslo_config/cfg.py:2609
2025-02-13 00:38:49.785 128107 DEBUG oslo_service.service [req-aaa6d74e-127c-4b0f-b56c-eac35250ea49 - - - - -] api_database.db_retry_interval = 1 log_opt_values /usr/lib/python3/dist-packages/oslo_config/cfg.py:2609
2025-02-13 00:38:49.785 128107 DEBUG oslo_service.service [req-aaa6d74e-127c-4b0f-b56c-eac35250ea49 - - - - -] api_database.max_overflow = 50 log_opt_values /usr/lib/python3/dist-packages/oslo_config/cfg.py:2609
2025-02-13 00:38:49.785 128107 DEBUG oslo_service.service [req-aaa6d74e-127c-4b0f-b56c-eac35250ea49 - - - - -] api_database.max_pool_size = 4 log_opt_values /usr/lib/python3/dist-packages/oslo_config/cfg.py:2609
2025-02-13 00:38:49.785 128107 DEBUG oslo_service.service [req-aaa6d74e-127c-4b0f-b56c-eac35250ea49 - - - - -] api_database.max_retries = 10 log_opt_values /usr/lib/python3/dist-packages/oslo_config/cfg.py:2609
2025-02-13 00:38:49.785 128107 DEBUG oslo_service.service [req-aaa6d74e-127c-4b0f-b56c-eac35250ea49 - - - - -] api_database.mysql_enable_ndb = False log_opt_values /usr/lib/python3/dist-packages/oslo_config/cfg.py:2609
2025-02-13 00:38:49.785 128107 DEBUG oslo_service.service [req-aaa6d74e-127c-4b0f-b56c-eac35250ea49 - - - - -] api_database.mysql_sql_mode = TRADITIONAL log_opt_values /usr/lib/python3/dist-packages/oslo_config/cfg.py:2609
2025-02-13 00:38:49.786 128107 DEBUG oslo_service.service [req-aaa6d74e-127c-4b0f-b56c-eac35250ea49 - - - - -] api_database.pool_timeout = None log_opt_values /usr/lib/python3/dist-packages/oslo_config/cfg.py:2609
2025-02-13 00:38:49.786 128107 DEBUG oslo_service.service [req-aaa6d74e-127c-4b0f-b56c-eac35250ea49 - - - - -] api_database.retry_interval = 10 log_opt_values /usr/lib/python3/dist-packages/oslo_config/cfg.py:2609
2025-02-13 00:38:49.786 128107 DEBUG oslo_service.service [req-aaa6d74e-127c-4b0f-b56c-eac35250ea49 - - - - -] api_database.slave_connection = **** log_opt_values /usr/lib/python3/dist-packages/oslo_config/cfg.py:2609
2025-02-13 00:38:49.786 129837 DEBUG oslo_db.sqlalchemy.engines [req-2a583d80-6165-44ae-ae67-4487cbffc739 - - - - -] MySQL server mode set to STRICT_TRANS_TABLES,STRICT_ALL_TABLES,NO_ZERO_IN_DATE,NO_ZERO_DATE,ERROR_FOR_DIVISION_BY_ZERO,TRADITIONAL,NO_ENGINE_SUBSTITUTION _check_effective_sql_mode /usr/lib/python3/dist-packages/oslo_db/sqlalchemy/engines.py:314
2025-02-13 00:38:49.786 128107 DEBUG oslo_service.service [req-aaa6d74e-127c-4b0f-b56c-eac35250ea49 - - - - -] api_database.sqlite_synchronous = True log_opt_values /usr/lib/python3/dist-packages/oslo_config/cfg.py:2609
2025-02-13 00:38:49.788 128107 DEBUG oslo_service.service [req-aaa6d74e-127c-4b0f-b56c-eac35250ea49 - - - - -] devices.enabled_mdev_types = [] log_opt_values /usr/lib/python3/dist-packages/oslo_config/cfg.py:2609
2025-02-13 00:38:49.788 128107 DEBUG oslo_service.service [req-aaa6d74e-127c-4b0f-b56c-eac35250ea49 - - - - -] ephemeral_storage_encryption.cipher = aes-xts-plain64 log_opt_values /usr/lib/python3/dist-packages/oslo_config/cfg.py:2609
2025-02-13 00:38:49.788 128107 DEBUG oslo_service.service [req-aaa6d74e-127c-4b0f-b56c-eac35250ea49 - - - - -] ephemeral_storage_encryption.enabled = False log_opt_values /usr/lib/python3/dist-packages/oslo_config/cfg.py:2609
2025-02-13 00:38:49.788 128107 DEBUG oslo_service.service [req-aaa6d74e-127c-4b0f-b56c-eac35250ea49 - - - - -] ephemeral_storage_encryption.key_size = 512 log_opt_values /usr/lib/python3/dist-packages/oslo_config/cfg.py:2609
2025-02-13 00:38:49.789 128107 WARNING oslo_config.cfg [req-aaa6d74e-127c-4b0f-b56c-eac35250ea49 - - - - -] Deprecated: Option "api_servers" from group "glance" is deprecated for removal ( Support for image service configuration via standard keystoneauth1 Adapter options was added in the 17.0.0 Queens release. The api_servers option was retained temporarily to allow consumers time to cut over to a real load balancing solution. ). Its value may be silently ignored in the future.
2025-02-13 00:38:49.789 129836 DEBUG nova.service [req-fff59431-e447-4ad5-ba43-066ffa305c3f - - - - -] Creating RPC server for service scheduler start /usr/lib/python3/dist-packages/nova/service.py:182
2025-02-13 00:38:49.790 128107 DEBUG oslo_service.service [req-aaa6d74e-127c-4b0f-b56c-eac35250ea49 - - - - -] glance.api_servers = ['http://252.17.53.59:9292'] log_opt_values /usr/lib/python3/dist-packages/oslo_config/cfg.py:2609
2025-02-13 00:38:49.790 128107 DEBUG oslo_service.service [req-aaa6d74e-127c-4b0f-b56c-eac35250ea49 - - - - -] glance.cafile = None log_opt_values /usr/lib/python3/dist-packages/oslo_config/cfg.py:2609
2025-02-13 00:38:49.791 128107 DEBUG oslo_service.service [req-aaa6d74e-127c-4b0f-b56c-eac35250ea49 - - - - -] glance.certfile = None log_opt_values /usr/lib/python3/dist-packages/oslo_config/cfg.py:2609
2025-02-13 00:38:49.791 128107 DEBUG oslo_service.service [req-aaa6d74e-127c-4b0f-b56c-eac35250ea49 - - - - -] glance.collect_timing = False log_opt_values /usr/lib/python3/dist-packages/oslo_config/cfg.py:2609
2025-02-13 00:38:49.792 128107 DEBUG oslo_service.service [req-aaa6d74e-127c-4b0f-b56c-eac35250ea49 - - - - -] glance.connect_retries = None log_opt_values /usr/lib/python3/dist-packages/oslo_config/cfg.py:2609
2025-02-13 00:38:49.792 128107 DEBUG oslo_service.service [req-aaa6d74e-127c-4b0f-b56c-eac35250ea49 - - - - -] glance.connect_retry_delay = None log_opt_values /usr/lib/python3/dist-packages/oslo_config/cfg.py:2609
2025-02-13 00:38:49.792 128107 DEBUG oslo_service.service [req-aaa6d74e-127c-4b0f-b56c-eac35250ea49 - - - - -] glance.debug = False log_opt_values /usr/lib/python3/dist-packages/oslo_config/cfg.py:2609
2025-02-13 00:38:49.793 128107 DEBUG oslo_service.service [req-aaa6d74e-127c-4b0f-b56c-eac35250ea49 - - - - -] glance.default_trusted_certificate_ids = [] log_opt_values /usr/lib/python3/dist-packages/oslo_config/cfg.py:2609
2025-02-13 00:38:49.793 128107 DEBUG oslo_service.service [req-aaa6d74e-127c-4b0f-b56c-eac35250ea49 - - - - -] glance.enable_certificate_validation = False log_opt_values /usr/lib/python3/dist-packages/oslo_config/cfg.py:2609
2025-02-13 00:38:49.793 128107 DEBUG oslo_service.service [req-aaa6d74e-127c-4b0f-b56c-eac35250ea49 - - - - -] glance.enable_rbd_download = False log_opt_values /usr/lib/python3/dist-packages/oslo_config/cfg.py:2609
2025-02-13 00:38:49.793 128107 DEBUG oslo_service.service [req-aaa6d74e-127c-4b0f-b56c-eac35250ea49 - - - - -] glance.endpoint_override = None log_opt_values /usr/lib/python3/dist-packages/oslo_config/cfg.py:2609
2025-02-13 00:38:49.794 128107 DEBUG oslo_service.service [req-aaa6d74e-127c-4b0f-b56c-eac35250ea49 - - - - -] glance.insecure = False log_opt_values /usr/lib/python3/dist-packages/oslo_config/cfg.py:2609
2025-02-13 00:38:49.794 128107 DEBUG oslo_service.service [req-aaa6d74e-127c-4b0f-b56c-eac35250ea49 - - - - -] glance.keyfile = None log_opt_values /usr/lib/python3/dist-packages/oslo_config/cfg.py:2609
2025-02-13 00:38:49.794 128107 DEBUG oslo_service.service [req-aaa6d74e-127c-4b0f-b56c-eac35250ea49 - - - - -] glance.max_version = None log_opt_values /usr/lib/python3/dist-packages/oslo_config/cfg.py:2609
2025-02-13 00:38:49.794 128107 DEBUG oslo_service.service [req-aaa6d74e-127c-4b0f-b56c-eac35250ea49 - - - - -] glance.min_version = None log_opt_values /usr/lib/python3/dist-packages/oslo_config/cfg.py:2609
2025-02-13 00:38:49.795 128107 DEBUG oslo_service.service [req-aaa6d74e-127c-4b0f-b56c-eac35250ea49 - - - - -] glance.num_retries = 3 log_opt_values /usr/lib/python3/dist-packages/oslo_config/cfg.py:2609
2025-02-13 00:38:49.795 128107 DEBUG oslo_service.service [req-aaa6d74e-127c-4b0f-b56c-eac35250ea49 - - - - -] glance.rbd_ceph_conf = log_opt_values /usr/lib/python3/dist-packages/oslo_config/cfg.py:2609
2025-02-13 00:38:49.795 128107 DEBUG oslo_service.service [req-aaa6d74e-127c-4b0f-b56c-eac35250ea49 - - - - -] glance.rbd_connect_timeout = 5 log_opt_values /usr/lib/python3/dist-packages/oslo_config/cfg.py:2609
2025-02-13 00:38:49.796 128107 DEBUG oslo_service.service [req-aaa6d74e-127c-4b0f-b56c-eac35250ea49 - - - - -] glance.rbd_pool = log_opt_values /usr/lib/python3/dist-packages/oslo_config/cfg.py:2609
2025-02-13 00:38:49.796 128107 DEBUG oslo_service.service [req-aaa6d74e-127c-4b0f-b56c-eac35250ea49 - - - - -] glance.rbd_user = log_opt_values /usr/lib/python3/dist-packages/oslo_config/cfg.py:2609
2025-02-13 00:38:49.796 128107 DEBUG oslo_service.service [req-aaa6d74e-127c-4b0f-b56c-eac35250ea49 - - - - -] glance.region_name = None log_opt_values /usr/lib/python3/dist-packages/oslo_config/cfg.py:2609
2025-02-13 00:38:49.796 128107 DEBUG oslo_service.service [req-aaa6d74e-127c-4b0f-b56c-eac35250ea49 - - - - -] glance.service_name = None log_opt_values /usr/lib/python3/dist-packages/oslo_config/cfg.py:2609
2025-02-13 00:38:49.797 128107 DEBUG oslo_service.service [req-aaa6d74e-127c-4b0f-b56c-eac35250ea49 - - - - -] glance.service_type = image log_opt_values /usr/lib/python3/dist-packages/oslo_config/cfg.py:2609
2025-02-13 00:38:49.797 128107 DEBUG oslo_service.service [req-aaa6d74e-127c-4b0f-b56c-eac35250ea49 - - - - -] glance.split_loggers = False log_opt_values /usr/lib/python3/dist-packages/oslo_config/cfg.py:2609
2025-02-13 00:38:49.797 128107 DEBUG oslo_service.service [req-aaa6d74e-127c-4b0f-b56c-eac35250ea49 - - - - -] glance.status_code_retries = None log_opt_values /usr/lib/python3/dist-packages/oslo_config/cfg.py:2609
2025-02-13 00:38:49.797 128107 DEBUG oslo_service.service [req-aaa6d74e-127c-4b0f-b56c-eac35250ea49 - - - - -] glance.status_code_retry_delay = None log_opt_values /usr/lib/python3/dist-packages/oslo_config/cfg.py:2609
2025-02-13 00:38:49.797 128107 DEBUG oslo_service.service [req-aaa6d74e-127c-4b0f-b56c-eac35250ea49 - - - - -] glance.timeout = None log_opt_values /usr/lib/python3/dist-packages/oslo_config/cfg.py:2609
2025-02-13 00:38:49.798 128107 DEBUG oslo_service.service [req-aaa6d74e-127c-4b0f-b56c-eac35250ea49 - - - - -] glance.valid_interfaces = ['internal', 'public'] log_opt_values /usr/lib/python3/dist-packages/oslo_config/cfg.py:2609
2025-02-13 00:38:49.798 128107 DEBUG oslo_service.service [req-aaa6d74e-127c-4b0f-b56c-eac35250ea49 - - - - -] glance.verify_glance_signatures = False log_opt_values /usr/lib/python3/dist-packages/oslo_config/cfg.py:2609
2025-02-13 00:38:49.799 128107 DEBUG oslo_service.service [req-aaa6d74e-127c-4b0f-b56c-eac35250ea49 - - - - -] glance.version = None log_opt_values /usr/lib/python3/dist-packages/oslo_config/cfg.py:2609
2025-02-13 00:38:49.799 128107 DEBUG oslo_service.service [req-aaa6d74e-127c-4b0f-b56c-eac35250ea49 - - - - -] guestfs.debug = False log_opt_values /usr/lib/python3/dist-packages/oslo_config/cfg.py:2609
2025-02-13 00:38:49.799 128107 DEBUG oslo_service.service [req-aaa6d74e-127c-4b0f-b56c-eac35250ea49 - - - - -] hyperv.config_drive_cdrom = False log_opt_values /usr/lib/python3/dist-packages/oslo_config/cfg.py:2609
2025-02-13 00:38:49.800 128107 DEBUG oslo_service.service [req-aaa6d74e-127c-4b0f-b56c-eac35250ea49 - - - - -] hyperv.config_drive_inject_password = False log_opt_values /usr/lib/python3/dist-packages/oslo_config/cfg.py:2609
2025-02-13 00:38:49.800 128107 DEBUG oslo_service.service [req-aaa6d74e-127c-4b0f-b56c-eac35250ea49 - - - - -] hyperv.dynamic_memory_ratio = 1.0 log_opt_values /usr/lib/python3/dist-packages/oslo_config/cfg.py:2609
2025-02-13 00:38:49.800 128107 DEBUG oslo_service.service [req-aaa6d74e-127c-4b0f-b56c-eac35250ea49 - - - - -] hyperv.enable_instance_metrics_collection = False log_opt_values /usr/lib/python3/dist-packages/oslo_config/cfg.py:2609
2025-02-13 00:38:49.800 128107 DEBUG oslo_service.service [req-aaa6d74e-127c-4b0f-b56c-eac35250ea49 - - - - -] hyperv.enable_remotefx = False log_opt_values /usr/lib/python3/dist-packages/oslo_config/cfg.py:2609
2025-02-13 00:38:49.800 128107 DEBUG oslo_service.service [req-aaa6d74e-127c-4b0f-b56c-eac35250ea49 - - - - -] hyperv.instances_path_share = log_opt_values /usr/lib/python3/dist-packages/oslo_config/cfg.py:2609
2025-02-13 00:38:49.801 128107 DEBUG oslo_service.service [req-aaa6d74e-127c-4b0f-b56c-eac35250ea49 - - - - -] hyperv.iscsi_initiator_list = [] log_opt_values /usr/lib/python3/dist-packages/oslo_config/cfg.py:2609
2025-02-13 00:38:49.801 128107 DEBUG oslo_service.service [req-aaa6d74e-127c-4b0f-b56c-eac35250ea49 - - - - -] hyperv.limit_cpu_features = False log_opt_values /usr/lib/python3/dist-packages/oslo_config/cfg.py:2609
2025-02-13 00:38:49.801 128107 DEBUG oslo_service.service [req-aaa6d74e-127c-4b0f-b56c-eac35250ea49 - - - - -] hyperv.mounted_disk_query_retry_count = 10 log_opt_values /usr/lib/python3/dist-packages/oslo_config/cfg.py:2609
2025-02-13 00:38:49.801 128107 DEBUG oslo_service.service [req-aaa6d74e-127c-4b0f-b56c-eac35250ea49 - - - - -] hyperv.mounted_disk_query_retry_interval = 5 log_opt_values /usr/lib/python3/dist-packages/oslo_config/cfg.py:2609
2025-02-13 00:38:49.801 128107 DEBUG oslo_service.service [req-aaa6d74e-127c-4b0f-b56c-eac35250ea49 - - - - -] hyperv.power_state_check_timeframe = 60 log_opt_values /usr/lib/python3/dist-packages/oslo_config/cfg.py:2609
2025-02-13 00:38:49.802 128107 DEBUG oslo_service.service [req-aaa6d74e-127c-4b0f-b56c-eac35250ea49 - - - - -] hyperv.power_state_event_polling_interval = 2 log_opt_values /usr/lib/python3/dist-packages/oslo_config/cfg.py:2609
2025-02-13 00:38:49.802 128107 DEBUG oslo_service.service [req-aaa6d74e-127c-4b0f-b56c-eac35250ea49 - - - - -] hyperv.qemu_img_cmd = qemu-img.exe log_opt_values /usr/lib/python3/dist-packages/oslo_config/cfg.py:2609
2025-02-13 00:38:49.802 128107 DEBUG oslo_service.service [req-aaa6d74e-127c-4b0f-b56c-eac35250ea49 - - - - -] hyperv.use_multipath_io = False log_opt_values /usr/lib/python3/dist-packages/oslo_config/cfg.py:2609
2025-02-13 00:38:49.802 128107 DEBUG oslo_service.service [req-aaa6d74e-127c-4b0f-b56c-eac35250ea49 - - - - -] hyperv.volume_attach_retry_count = 10 log_opt_values /usr/lib/python3/dist-packages/oslo_config/cfg.py:2609
2025-02-13 00:38:49.802 128107 DEBUG oslo_service.service [req-aaa6d74e-127c-4b0f-b56c-eac35250ea49 - - - - -] hyperv.volume_attach_retry_interval = 5 log_opt_values /usr/lib/python3/dist-packages/oslo_config/cfg.py:2609
2025-02-13 00:38:49.802 128107 DEBUG oslo_service.service [req-aaa6d74e-127c-4b0f-b56c-eac35250ea49 - - - - -] hyperv.vswitch_name = None log_opt_values /usr/lib/python3/dist-packages/oslo_config/cfg.py:2609
2025-02-13 00:38:49.803 128107 DEBUG oslo_service.service [req-aaa6d74e-127c-4b0f-b56c-eac35250ea49 - - - - -] hyperv.wait_soft_reboot_seconds = 60 log_opt_values /usr/lib/python3/dist-packages/oslo_config/cfg.py:2609
2025-02-13 00:38:49.803 128107 DEBUG oslo_service.service [req-aaa6d74e-127c-4b0f-b56c-eac35250ea49 - - - - -] mks.enabled = False log_opt_values /usr/lib/python3/dist-packages/oslo_config/cfg.py:2609
2025-02-13 00:38:49.810 129838 DEBUG nova.service [req-80564df0-c6af-4227-9900-f3a8fb6e7457 - - - - -] Creating RPC server for service scheduler start /usr/lib/python3/dist-packages/nova/service.py:182
2025-02-13 00:38:49.813 129837 DEBUG nova.service [req-2a583d80-6165-44ae-ae67-4487cbffc739 - - - - -] Creating RPC server for service scheduler start /usr/lib/python3/dist-packages/nova/service.py:182
2025-02-13 00:38:49.815 129830 DEBUG oslo_messaging._drivers.amqpdriver [-] Listener is running poll /usr/lib/python3/dist-packages/oslo_messaging/_drivers/amqpdriver.py:343
2025-02-13 00:38:49.816 129830 DEBUG oslo_messaging._drivers.amqpdriver [-] AMQPListener connection consume poll /usr/lib/python3/dist-packages/oslo_messaging/_drivers/amqpdriver.py:357
2025-02-13 00:38:49.815 128107 DEBUG oslo_service.service [req-aaa6d74e-127c-4b0f-b56c-eac35250ea49 - - - - -] mks.mksproxy_base_url = http://127.0.0.1:6090/ log_opt_values /usr/lib/python3/dist-packages/oslo_config/cfg.py:2609
2025-02-13 00:38:49.816 129830 DEBUG nova.service [req-6f7db438-56b6-49a6-9b58-4b598342bdaa - - - - -] Join ServiceGroup membership for this service scheduler start /usr/lib/python3/dist-packages/nova/service.py:199
2025-02-13 00:38:49.816 129830 DEBUG nova.servicegroup.drivers.db [req-6f7db438-56b6-49a6-9b58-4b598342bdaa - - - - -] DB_Driver: join new ServiceGroup member juju-29031e-0-lxd-7 to the scheduler group, service = join /usr/lib/python3/dist-packages/nova/servicegroup/drivers/db.py:44
2025-02-13 00:38:49.816 128107 DEBUG oslo_service.service [req-aaa6d74e-127c-4b0f-b56c-eac35250ea49 - - - - -] image_cache.manager_interval = 2400 log_opt_values /usr/lib/python3/dist-packages/oslo_config/cfg.py:2609
2025-02-13 00:38:49.818 128107 DEBUG oslo_service.service [req-aaa6d74e-127c-4b0f-b56c-eac35250ea49 - - - - -] image_cache.precache_concurrency = 1 log_opt_values /usr/lib/python3/dist-packages/oslo_config/cfg.py:2609
2025-02-13 00:38:49.818 128107 DEBUG oslo_service.service [req-aaa6d74e-127c-4b0f-b56c-eac35250ea49 - - - - -] image_cache.remove_unused_base_images = True log_opt_values /usr/lib/python3/dist-packages/oslo_config/cfg.py:2609
2025-02-13 00:38:49.818 128107 DEBUG oslo_service.service [req-aaa6d74e-127c-4b0f-b56c-eac35250ea49 - - - - -] image_cache.remove_unused_original_minimum_age_seconds = 86400 log_opt_values /usr/lib/python3/dist-packages/oslo_config/cfg.py:2609
2025-02-13 00:38:49.819 128107 DEBUG oslo_service.service [req-aaa6d74e-127c-4b0f-b56c-eac35250ea49 - - - - -] image_cache.remove_unused_resized_minimum_age_seconds = 3600 log_opt_values /usr/lib/python3/dist-packages/oslo_config/cfg.py:2609
2025-02-13 00:38:49.819 128107 DEBUG oslo_service.service [req-aaa6d74e-127c-4b0f-b56c-eac35250ea49 - - - - -] image_cache.subdirectory_name = _base log_opt_values /usr/lib/python3/dist-packages/oslo_config/cfg.py:2609
2025-02-13 00:38:49.819 128107 DEBUG oslo_service.service [req-aaa6d74e-127c-4b0f-b56c-eac35250ea49 - - - - -] ironic.api_max_retries = 60 log_opt_values /usr/lib/python3/dist-packages/oslo_config/cfg.py:2609
2025-02-13 00:38:49.819 129830 DEBUG oslo_messaging._drivers.amqpdriver [-] AMQPListener connection timeout poll /usr/lib/python3/dist-packages/oslo_messaging/_drivers/amqpdriver.py:360
2025-02-13 00:38:49.819 128107 DEBUG oslo_service.service [req-aaa6d74e-127c-4b0f-b56c-eac35250ea49 - - - - -] ironic.api_retry_interval = 2 log_opt_values /usr/lib/python3/dist-packages/oslo_config/cfg.py:2609
2025-02-13 00:38:49.819 129830 DEBUG oslo_messaging._drivers.amqpdriver [-] Listener is running poll /usr/lib/python3/dist-packages/oslo_messaging/_drivers/amqpdriver.py:343
2025-02-13 00:38:49.819 129830 DEBUG oslo_messaging._drivers.amqpdriver [-] AMQPListener connection consume poll /usr/lib/python3/dist-packages/oslo_messaging/_drivers/amqpdriver.py:357
2025-02-13 00:38:49.819 128107 DEBUG oslo_service.service [req-aaa6d74e-127c-4b0f-b56c-eac35250ea49 - - - - -] ironic.auth_section = None log_opt_values /usr/lib/python3/dist-packages/oslo_config/cfg.py:2609
2025-02-13 00:38:49.820 128107 DEBUG oslo_service.service [req-aaa6d74e-127c-4b0f-b56c-eac35250ea49 - - - - -] ironic.auth_type = None log_opt_values /usr/lib/python3/dist-packages/oslo_config/cfg.py:2609
2025-02-13 00:38:49.820 128107 DEBUG oslo_service.service [req-aaa6d74e-127c-4b0f-b56c-eac35250ea49 - - - - -] ironic.cafile = None log_opt_values /usr/lib/python3/dist-packages/oslo_config/cfg.py:2609
2025-02-13 00:38:49.820 128107 DEBUG oslo_service.service [req-aaa6d74e-127c-4b0f-b56c-eac35250ea49 - - - - -] ironic.certfile = None log_opt_values /usr/lib/python3/dist-packages/oslo_config/cfg.py:2609
2025-02-13 00:38:49.820 128107 DEBUG oslo_service.service [req-aaa6d74e-127c-4b0f-b56c-eac35250ea49 - - - - -] ironic.collect_timing = False log_opt_values /usr/lib/python3/dist-packages/oslo_config/cfg.py:2609
2025-02-13 00:38:49.820 128107 DEBUG oslo_service.service [req-aaa6d74e-127c-4b0f-b56c-eac35250ea49 - - - - -] ironic.connect_retries = None log_opt_values /usr/lib/python3/dist-packages/oslo_config/cfg.py:2609
2025-02-13 00:38:49.821 128107 DEBUG oslo_service.service [req-aaa6d74e-127c-4b0f-b56c-eac35250ea49 - - - - -] ironic.connect_retry_delay = None log_opt_values /usr/lib/python3/dist-packages/oslo_config/cfg.py:2609
2025-02-13 00:38:49.821 128107 DEBUG oslo_service.service [req-aaa6d74e-127c-4b0f-b56c-eac35250ea49 - - - - -] ironic.endpoint_override = None log_opt_values /usr/lib/python3/dist-packages/oslo_config/cfg.py:2609
2025-02-13 00:38:49.821 128107 DEBUG oslo_service.service [req-aaa6d74e-127c-4b0f-b56c-eac35250ea49 - - - - -] ironic.insecure = False log_opt_values /usr/lib/python3/dist-packages/oslo_config/cfg.py:2609
2025-02-13 00:38:49.821 128107 DEBUG oslo_service.service [req-aaa6d74e-127c-4b0f-b56c-eac35250ea49 - - - - -] ironic.keyfile = None log_opt_values /usr/lib/python3/dist-packages/oslo_config/cfg.py:2609
2025-02-13 00:38:49.821 128107 DEBUG oslo_service.service [req-aaa6d74e-127c-4b0f-b56c-eac35250ea49 - - - - -] ironic.max_version = None log_opt_values /usr/lib/python3/dist-packages/oslo_config/cfg.py:2609
2025-02-13 00:38:49.821 128107 DEBUG oslo_service.service [req-aaa6d74e-127c-4b0f-b56c-eac35250ea49 - - - - -] ironic.min_version = None log_opt_values /usr/lib/python3/dist-packages/oslo_config/cfg.py:2609
2025-02-13 00:38:49.822 128107 DEBUG oslo_service.service [req-aaa6d74e-127c-4b0f-b56c-eac35250ea49 - - - - -] ironic.partition_key = None log_opt_values /usr/lib/python3/dist-packages/oslo_config/cfg.py:2609
2025-02-13 00:38:49.822 128107 DEBUG oslo_service.service [req-aaa6d74e-127c-4b0f-b56c-eac35250ea49 - - - - -] ironic.peer_list = [] log_opt_values /usr/lib/python3/dist-packages/oslo_config/cfg.py:2609
2025-02-13 00:38:49.822 128107 DEBUG oslo_service.service [req-aaa6d74e-127c-4b0f-b56c-eac35250ea49 - - - - -] ironic.region_name = None log_opt_values /usr/lib/python3/dist-packages/oslo_config/cfg.py:2609
2025-02-13 00:38:49.822 128107 DEBUG oslo_service.service [req-aaa6d74e-127c-4b0f-b56c-eac35250ea49 - - - - -] ironic.serial_console_state_timeout = 10 log_opt_values /usr/lib/python3/dist-packages/oslo_config/cfg.py:2609
2025-02-13 00:38:49.823 128107 DEBUG oslo_service.service [req-aaa6d74e-127c-4b0f-b56c-eac35250ea49 - - - - -] ironic.service_name = None log_opt_values /usr/lib/python3/dist-packages/oslo_config/cfg.py:2609
2025-02-13 00:38:49.823 128107 DEBUG oslo_service.service [req-aaa6d74e-127c-4b0f-b56c-eac35250ea49 - - - - -] ironic.service_type = baremetal log_opt_values /usr/lib/python3/dist-packages/oslo_config/cfg.py:2609
2025-02-13 00:38:49.823 128107 DEBUG oslo_service.service [req-aaa6d74e-127c-4b0f-b56c-eac35250ea49 - - - - -] ironic.split_loggers = False log_opt_values /usr/lib/python3/dist-packages/oslo_config/cfg.py:2609
2025-02-13 00:38:49.823 128107 DEBUG oslo_service.service [req-aaa6d74e-127c-4b0f-b56c-eac35250ea49 - - - - -] ironic.status_code_retries = None log_opt_values /usr/lib/python3/dist-packages/oslo_config/cfg.py:2609
2025-02-13 00:38:49.823 129836 DEBUG oslo_messaging._drivers.amqpdriver [-] Listener is running poll /usr/lib/python3/dist-packages/oslo_messaging/_drivers/amqpdriver.py:343
2025-02-13 00:38:49.823 128107 DEBUG oslo_service.service [req-aaa6d74e-127c-4b0f-b56c-eac35250ea49 - - - - -] ironic.status_code_retry_delay = None log_opt_values /usr/lib/python3/dist-packages/oslo_config/cfg.py:2609
2025-02-13 00:38:49.823 129836 DEBUG oslo_messaging._drivers.amqpdriver [-] AMQPListener connection consume poll /usr/lib/python3/dist-packages/oslo_messaging/_drivers/amqpdriver.py:357
2025-02-13 00:38:49.823 128107 DEBUG oslo_service.service [req-aaa6d74e-127c-4b0f-b56c-eac35250ea49 - - - - -] ironic.timeout = None log_opt_values /usr/lib/python3/dist-packages/oslo_config/cfg.py:2609
2025-02-13 00:38:49.824 128107 DEBUG oslo_service.service [req-aaa6d74e-127c-4b0f-b56c-eac35250ea49 - - - - -] ironic.valid_interfaces = ['internal', 'public'] log_opt_values /usr/lib/python3/dist-packages/oslo_config/cfg.py:2609
2025-02-13 00:38:49.824 128107 DEBUG oslo_service.service [req-aaa6d74e-127c-4b0f-b56c-eac35250ea49 - - - - -] ironic.version = None log_opt_values /usr/lib/python3/dist-packages/oslo_config/cfg.py:2609
2025-02-13 00:38:49.824 128107 DEBUG oslo_service.service [req-aaa6d74e-127c-4b0f-b56c-eac35250ea49 - - - - -] key_manager.backend = barbican log_opt_values /usr/lib/python3/dist-packages/oslo_config/cfg.py:2609
2025-02-13 00:38:49.824 128107 DEBUG oslo_service.service [req-aaa6d74e-127c-4b0f-b56c-eac35250ea49 - - - - -] key_manager.fixed_key = **** log_opt_values /usr/lib/python3/dist-packages/oslo_config/cfg.py:2609
2025-02-13 00:38:49.824 128107 DEBUG oslo_service.service [req-aaa6d74e-127c-4b0f-b56c-eac35250ea49 - - - - -] barbican.auth_endpoint = http://localhost/identity/v3 log_opt_values /usr/lib/python3/dist-packages/oslo_config/cfg.py:2609
2025-02-13 00:38:49.825 128107 DEBUG oslo_service.service [req-aaa6d74e-127c-4b0f-b56c-eac35250ea49 - - - - -] barbican.barbican_api_version = None log_opt_values /usr/lib/python3/dist-packages/oslo_config/cfg.py:2609
2025-02-13 00:38:49.825 128107 DEBUG oslo_service.service [req-aaa6d74e-127c-4b0f-b56c-eac35250ea49 - - - - -] barbican.barbican_endpoint = None log_opt_values /usr/lib/python3/dist-packages/oslo_config/cfg.py:2609
2025-02-13 00:38:49.825 128107 DEBUG oslo_service.service [req-aaa6d74e-127c-4b0f-b56c-eac35250ea49 - - - - -] barbican.barbican_endpoint_type = public log_opt_values /usr/lib/python3/dist-packages/oslo_config/cfg.py:2609
2025-02-13 00:38:49.825 129836 DEBUG nova.service [req-fff59431-e447-4ad5-ba43-066ffa305c3f - - - - -] Join ServiceGroup membership for this service scheduler start /usr/lib/python3/dist-packages/nova/service.py:199
2025-02-13 00:38:49.825 128107 DEBUG oslo_service.service [req-aaa6d74e-127c-4b0f-b56c-eac35250ea49 - - - - -] barbican.barbican_region_name = None log_opt_values /usr/lib/python3/dist-packages/oslo_config/cfg.py:2609
2025-02-13 00:38:49.825 128107 DEBUG oslo_service.service [req-aaa6d74e-127c-4b0f-b56c-eac35250ea49 - - - - -] barbican.cafile = None log_opt_values /usr/lib/python3/dist-packages/oslo_config/cfg.py:2609
2025-02-13 00:38:49.825 129836 DEBUG nova.servicegroup.drivers.db [req-fff59431-e447-4ad5-ba43-066ffa305c3f - - - - -] DB_Driver: join new ServiceGroup member juju-29031e-0-lxd-7 to the scheduler group, service = join /usr/lib/python3/dist-packages/nova/servicegroup/drivers/db.py:44
2025-02-13 00:38:49.826 128107 DEBUG oslo_service.service [req-aaa6d74e-127c-4b0f-b56c-eac35250ea49 - - - - -] barbican.certfile = None log_opt_values /usr/lib/python3/dist-packages/oslo_config/cfg.py:2609
2025-02-13 00:38:49.826 128107 DEBUG oslo_service.service [req-aaa6d74e-127c-4b0f-b56c-eac35250ea49 - - - - -] barbican.collect_timing = False log_opt_values /usr/lib/python3/dist-packages/oslo_config/cfg.py:2609
2025-02-13 00:38:49.826 128107 DEBUG oslo_service.service [req-aaa6d74e-127c-4b0f-b56c-eac35250ea49 - - - - -] barbican.insecure = False log_opt_values /usr/lib/python3/dist-packages/oslo_config/cfg.py:2609
2025-02-13 00:38:49.826 129836 DEBUG oslo_messaging._drivers.amqpdriver [-] AMQPListener connection timeout poll /usr/lib/python3/dist-packages/oslo_messaging/_drivers/amqpdriver.py:360
2025-02-13 00:38:49.826 128107 DEBUG oslo_service.service [req-aaa6d74e-127c-4b0f-b56c-eac35250ea49 - - - - -] barbican.keyfile = None log_opt_values /usr/lib/python3/dist-packages/oslo_config/cfg.py:2609
2025-02-13 00:38:49.826 128107 DEBUG oslo_service.service [req-aaa6d74e-127c-4b0f-b56c-eac35250ea49 - - - - -] barbican.number_of_retries = 60 log_opt_values /usr/lib/python3/dist-packages/oslo_config/cfg.py:2609
2025-02-13 00:38:49.826 129836 DEBUG oslo_messaging._drivers.amqpdriver [-] Listener is running poll /usr/lib/python3/dist-packages/oslo_messaging/_drivers/amqpdriver.py:343
2025-02-13 00:38:49.827 128107 DEBUG oslo_service.service [req-aaa6d74e-127c-4b0f-b56c-eac35250ea49 - - - - -] barbican.retry_delay = 1 log_opt_values /usr/lib/python3/dist-packages/oslo_config/cfg.py:2609
2025-02-13 00:38:49.827 129836 DEBUG oslo_messaging._drivers.amqpdriver [-] AMQPListener connection consume poll /usr/lib/python3/dist-packages/oslo_messaging/_drivers/amqpdriver.py:357
2025-02-13 00:38:49.827 128107 DEBUG oslo_service.service [req-aaa6d74e-127c-4b0f-b56c-eac35250ea49 - - - - -] barbican.send_service_user_token = False log_opt_values /usr/lib/python3/dist-packages/oslo_config/cfg.py:2609
2025-02-13 00:38:49.827 128107 DEBUG oslo_service.service [req-aaa6d74e-127c-4b0f-b56c-eac35250ea49 - - - - -] barbican.split_loggers = False log_opt_values /usr/lib/python3/dist-packages/oslo_config/cfg.py:2609
2025-02-13 00:38:49.827 128107 DEBUG oslo_service.service [req-aaa6d74e-127c-4b0f-b56c-eac35250ea49 - - - - -] barbican.timeout = None log_opt_values /usr/lib/python3/dist-packages/oslo_config/cfg.py:2609
2025-02-13 00:38:49.827 128107 DEBUG oslo_service.service [req-aaa6d74e-127c-4b0f-b56c-eac35250ea49 - - - - -] barbican.verify_ssl = True log_opt_values /usr/lib/python3/dist-packages/oslo_config/cfg.py:2609
2025-02-13 00:38:49.828 128107 DEBUG oslo_service.service [req-aaa6d74e-127c-4b0f-b56c-eac35250ea49 - - - - -] barbican.verify_ssl_path = None log_opt_values /usr/lib/python3/dist-packages/oslo_config/cfg.py:2609
2025-02-13 00:38:49.828 128107 DEBUG oslo_service.service [req-aaa6d74e-127c-4b0f-b56c-eac35250ea49 - - - - -] barbican_service_user.auth_section = None log_opt_values /usr/lib/python3/dist-packages/oslo_config/cfg.py:2609
2025-02-13 00:38:49.828 128107 DEBUG oslo_service.service [req-aaa6d74e-127c-4b0f-b56c-eac35250ea49 - - - - -] barbican_service_user.auth_type = None log_opt_values /usr/lib/python3/dist-packages/oslo_config/cfg.py:2609
2025-02-13 00:38:49.828 128107 DEBUG oslo_service.service [req-aaa6d74e-127c-4b0f-b56c-eac35250ea49 - - - - -] barbican_service_user.cafile = None log_opt_values /usr/lib/python3/dist-packages/oslo_config/cfg.py:2609
2025-02-13 00:38:49.828 128107 DEBUG oslo_service.service [req-aaa6d74e-127c-4b0f-b56c-eac35250ea49 - - - - -] barbican_service_user.certfile = None log_opt_values /usr/lib/python3/dist-packages/oslo_config/cfg.py:2609
2025-02-13 00:38:49.829 128107 DEBUG oslo_service.service [req-aaa6d74e-127c-4b0f-b56c-eac35250ea49 - - - - -] barbican_service_user.collect_timing = False log_opt_values /usr/lib/python3/dist-packages/oslo_config/cfg.py:2609
2025-02-13 00:38:49.829 128107 DEBUG oslo_service.service [req-aaa6d74e-127c-4b0f-b56c-eac35250ea49 - - - - -] barbican_service_user.insecure = False log_opt_values /usr/lib/python3/dist-packages/oslo_config/cfg.py:2609
2025-02-13 00:38:49.829 128107 DEBUG oslo_service.service [req-aaa6d74e-127c-4b0f-b56c-eac35250ea49 - - - - -] barbican_service_user.keyfile = None log_opt_values /usr/lib/python3/dist-packages/oslo_config/cfg.py:2609
2025-02-13 00:38:49.829 128107 DEBUG oslo_service.service [req-aaa6d74e-127c-4b0f-b56c-eac35250ea49 - - - - -] barbican_service_user.split_loggers = False log_opt_values /usr/lib/python3/dist-packages/oslo_config/cfg.py:2609
2025-02-13 00:38:49.829 128107 DEBUG oslo_service.service [req-aaa6d74e-127c-4b0f-b56c-eac35250ea49 - - - - -] barbican_service_user.timeout = None log_opt_values /usr/lib/python3/dist-packages/oslo_config/cfg.py:2609
2025-02-13 00:38:49.830 128107 DEBUG oslo_service.service [req-aaa6d74e-127c-4b0f-b56c-eac35250ea49 - - - - -] vault.approle_role_id = None log_opt_values /usr/lib/python3/dist-packages/oslo_config/cfg.py:2609
2025-02-13 00:38:49.830 128107 DEBUG oslo_service.service [req-aaa6d74e-127c-4b0f-b56c-eac35250ea49 - - - - -] vault.approle_secret_id = None log_opt_values /usr/lib/python3/dist-packages/oslo_config/cfg.py:2609
2025-02-13 00:38:49.830 128107 DEBUG oslo_service.service [req-aaa6d74e-127c-4b0f-b56c-eac35250ea49 - - - - -] vault.cafile = None log_opt_values /usr/lib/python3/dist-packages/oslo_config/cfg.py:2609
2025-02-13 00:38:49.830 128107 DEBUG oslo_service.service [req-aaa6d74e-127c-4b0f-b56c-eac35250ea49 - - - - -] vault.certfile = None log_opt_values /usr/lib/python3/dist-packages/oslo_config/cfg.py:2609
2025-02-13 00:38:49.830 128107 DEBUG oslo_service.service [req-aaa6d74e-127c-4b0f-b56c-eac35250ea49 - - - - -] vault.collect_timing = False log_opt_values /usr/lib/python3/dist-packages/oslo_config/cfg.py:2609
2025-02-13 00:38:49.830 128107 DEBUG oslo_service.service [req-aaa6d74e-127c-4b0f-b56c-eac35250ea49 - - - - -] vault.insecure = False log_opt_values /usr/lib/python3/dist-packages/oslo_config/cfg.py:2609
2025-02-13 00:38:49.831 128107 DEBUG oslo_service.service [req-aaa6d74e-127c-4b0f-b56c-eac35250ea49 - - - - -] vault.keyfile = None log_opt_values /usr/lib/python3/dist-packages/oslo_config/cfg.py:2609
2025-02-13 00:38:49.831 128107 DEBUG oslo_service.service [req-aaa6d74e-127c-4b0f-b56c-eac35250ea49 - - - - -] vault.kv_mountpoint = secret log_opt_values /usr/lib/python3/dist-packages/oslo_config/cfg.py:2609
2025-02-13 00:38:49.831 128107 DEBUG oslo_service.service [req-aaa6d74e-127c-4b0f-b56c-eac35250ea49 - - - - -] vault.kv_version = 2 log_opt_values /usr/lib/python3/dist-packages/oslo_config/cfg.py:2609
2025-02-13 00:38:49.831 128107 DEBUG oslo_service.service [req-aaa6d74e-127c-4b0f-b56c-eac35250ea49 - - - - -] vault.namespace = None log_opt_values /usr/lib/python3/dist-packages/oslo_config/cfg.py:2609
2025-02-13 00:38:49.832 128107 DEBUG oslo_service.service [req-aaa6d74e-127c-4b0f-b56c-eac35250ea49 - - - - -] vault.root_token_id = None log_opt_values /usr/lib/python3/dist-packages/oslo_config/cfg.py:2609
2025-02-13 00:38:49.832 128107 DEBUG oslo_service.service [req-aaa6d74e-127c-4b0f-b56c-eac35250ea49 - - - - -] vault.split_loggers = False log_opt_values /usr/lib/python3/dist-packages/oslo_config/cfg.py:2609
2025-02-13 00:38:49.832 128107 DEBUG oslo_service.service [req-aaa6d74e-127c-4b0f-b56c-eac35250ea49 - - - - -] vault.ssl_ca_crt_file = None log_opt_values /usr/lib/python3/dist-packages/oslo_config/cfg.py:2609
2025-02-13 00:38:49.832 128107 DEBUG oslo_service.service [req-aaa6d74e-127c-4b0f-b56c-eac35250ea49 - - - - -] vault.timeout = None log_opt_values /usr/lib/python3/dist-packages/oslo_config/cfg.py:2609
2025-02-13 00:38:49.832 128107 DEBUG oslo_service.service [req-aaa6d74e-127c-4b0f-b56c-eac35250ea49 - - - - -] vault.use_ssl = False log_opt_values /usr/lib/python3/dist-packages/oslo_config/cfg.py:2609
2025-02-13 00:38:49.833 128107 DEBUG oslo_service.service [req-aaa6d74e-127c-4b0f-b56c-eac35250ea49 - - - - -] vault.vault_url = http://127.0.0.1:8200 log_opt_values /usr/lib/python3/dist-packages/oslo_config/cfg.py:2609
2025-02-13 00:38:49.833 128107 DEBUG oslo_service.service [req-aaa6d74e-127c-4b0f-b56c-eac35250ea49 - - - - -] keystone.cafile = None log_opt_values /usr/lib/python3/dist-packages/oslo_config/cfg.py:2609
2025-02-13 00:38:49.833 128107 DEBUG oslo_service.service [req-aaa6d74e-127c-4b0f-b56c-eac35250ea49 - - - - -] keystone.certfile = None log_opt_values /usr/lib/python3/dist-packages/oslo_config/cfg.py:2609
2025-02-13 00:38:49.833 128107 DEBUG oslo_service.service [req-aaa6d74e-127c-4b0f-b56c-eac35250ea49 - - - - -] keystone.collect_timing = False log_opt_values /usr/lib/python3/dist-packages/oslo_config/cfg.py:2609
2025-02-13 00:38:49.833 128107 DEBUG oslo_service.service [req-aaa6d74e-127c-4b0f-b56c-eac35250ea49 - - - - -] keystone.connect_retries = None log_opt_values /usr/lib/python3/dist-packages/oslo_config/cfg.py:2609
2025-02-13 00:38:49.834 128107 DEBUG oslo_service.service [req-aaa6d74e-127c-4b0f-b56c-eac35250ea49 - - - - -] keystone.connect_retry_delay = None log_opt_values /usr/lib/python3/dist-packages/oslo_config/cfg.py:2609
2025-02-13 00:38:49.834 128107 DEBUG oslo_service.service [req-aaa6d74e-127c-4b0f-b56c-eac35250ea49 - - - - -] keystone.endpoint_override = None log_opt_values /usr/lib/python3/dist-packages/oslo_config/cfg.py:2609
2025-02-13 00:38:49.834 128107 DEBUG oslo_service.service [req-aaa6d74e-127c-4b0f-b56c-eac35250ea49 - - - - -] keystone.insecure = False log_opt_values /usr/lib/python3/dist-packages/oslo_config/cfg.py:2609
2025-02-13 00:38:49.834 128107 DEBUG oslo_service.service [req-aaa6d74e-127c-4b0f-b56c-eac35250ea49 - - - - -] keystone.keyfile = None log_opt_values /usr/lib/python3/dist-packages/oslo_config/cfg.py:2609
2025-02-13 00:38:49.834 128107 DEBUG oslo_service.service [req-aaa6d74e-127c-4b0f-b56c-eac35250ea49 - - - - -] keystone.max_version = None log_opt_values /usr/lib/python3/dist-packages/oslo_config/cfg.py:2609
2025-02-13 00:38:49.834 128107 DEBUG oslo_service.service [req-aaa6d74e-127c-4b0f-b56c-eac35250ea49 - - - - -] keystone.min_version = None log_opt_values /usr/lib/python3/dist-packages/oslo_config/cfg.py:2609
2025-02-13 00:38:49.835 128107 DEBUG oslo_service.service [req-aaa6d74e-127c-4b0f-b56c-eac35250ea49 - - - - -] keystone.region_name = None log_opt_values /usr/lib/python3/dist-packages/oslo_config/cfg.py:2609
2025-02-13 00:38:49.835 128107 DEBUG oslo_service.service [req-aaa6d74e-127c-4b0f-b56c-eac35250ea49 - - - - -] keystone.service_name = None log_opt_values /usr/lib/python3/dist-packages/oslo_config/cfg.py:2609
2025-02-13 00:38:49.835 128107 DEBUG oslo_service.service [req-aaa6d74e-127c-4b0f-b56c-eac35250ea49 - - - - -] keystone.service_type = identity log_opt_values /usr/lib/python3/dist-packages/oslo_config/cfg.py:2609
2025-02-13 00:38:49.835 128107 DEBUG oslo_service.service [req-aaa6d74e-127c-4b0f-b56c-eac35250ea49 - - - - -] keystone.split_loggers = False log_opt_values /usr/lib/python3/dist-packages/oslo_config/cfg.py:2609
2025-02-13 00:38:49.835 128107 DEBUG oslo_service.service [req-aaa6d74e-127c-4b0f-b56c-eac35250ea49 - - - - -] keystone.status_code_retries = None log_opt_values /usr/lib/python3/dist-packages/oslo_config/cfg.py:2609
2025-02-13 00:38:49.835 128107 DEBUG oslo_service.service [req-aaa6d74e-127c-4b0f-b56c-eac35250ea49 - - - - -] keystone.status_code_retry_delay = None log_opt_values /usr/lib/python3/dist-packages/oslo_config/cfg.py:2609
2025-02-13 00:38:49.836 128107 DEBUG oslo_service.service [req-aaa6d74e-127c-4b0f-b56c-eac35250ea49 - - - - -] keystone.timeout = None log_opt_values /usr/lib/python3/dist-packages/oslo_config/cfg.py:2609
2025-02-13 00:38:49.836 128107 DEBUG oslo_service.service [req-aaa6d74e-127c-4b0f-b56c-eac35250ea49 - - - - -] keystone.valid_interfaces = ['internal', 'public'] log_opt_values /usr/lib/python3/dist-packages/oslo_config/cfg.py:2609
2025-02-13 00:38:49.836 128107 DEBUG oslo_service.service [req-aaa6d74e-127c-4b0f-b56c-eac35250ea49 - - - - -] keystone.version = None log_opt_values /usr/lib/python3/dist-packages/oslo_config/cfg.py:2609
2025-02-13 00:38:49.836 128107 DEBUG oslo_service.service [req-aaa6d74e-127c-4b0f-b56c-eac35250ea49 - - - - -] libvirt.connection_uri = log_opt_values /usr/lib/python3/dist-packages/oslo_config/cfg.py:2609
2025-02-13 00:38:49.836 128107 DEBUG oslo_service.service [req-aaa6d74e-127c-4b0f-b56c-eac35250ea49 - - - - -] libvirt.cpu_mode = None log_opt_values /usr/lib/python3/dist-packages/oslo_config/cfg.py:2609
2025-02-13 00:38:49.837 128107 DEBUG oslo_service.service [req-aaa6d74e-127c-4b0f-b56c-eac35250ea49 - - - - -] libvirt.cpu_model_extra_flags = [] log_opt_values /usr/lib/python3/dist-packages/oslo_config/cfg.py:2609
2025-02-13 00:38:49.837 128107 DEBUG oslo_service.service [req-aaa6d74e-127c-4b0f-b56c-eac35250ea49 - - - - -] libvirt.cpu_models = [] log_opt_values /usr/lib/python3/dist-packages/oslo_config/cfg.py:2609
2025-02-13 00:38:49.837 128107 DEBUG oslo_service.service [req-aaa6d74e-127c-4b0f-b56c-eac35250ea49 - - - - -] libvirt.device_detach_attempts = 8 log_opt_values /usr/lib/python3/dist-packages/oslo_config/cfg.py:2609
2025-02-13 00:38:49.837 128107 DEBUG oslo_service.service [req-aaa6d74e-127c-4b0f-b56c-eac35250ea49 - - - - -] libvirt.device_detach_timeout = 20 log_opt_values /usr/lib/python3/dist-packages/oslo_config/cfg.py:2609
2025-02-13 00:38:49.837 128107 DEBUG oslo_service.service [req-aaa6d74e-127c-4b0f-b56c-eac35250ea49 - - - - -] libvirt.disk_cachemodes = [] log_opt_values /usr/lib/python3/dist-packages/oslo_config/cfg.py:2609
2025-02-13 00:38:49.837 128107 DEBUG oslo_service.service [req-aaa6d74e-127c-4b0f-b56c-eac35250ea49 - - - - -] libvirt.disk_prefix = None log_opt_values /usr/lib/python3/dist-packages/oslo_config/cfg.py:2609
2025-02-13 00:38:49.837 129838 DEBUG oslo_messaging._drivers.amqpdriver [-] Listener is running poll /usr/lib/python3/dist-packages/oslo_messaging/_drivers/amqpdriver.py:343
2025-02-13 00:38:49.838 129838 DEBUG oslo_messaging._drivers.amqpdriver [-] AMQPListener connection consume poll /usr/lib/python3/dist-packages/oslo_messaging/_drivers/amqpdriver.py:357
2025-02-13 00:38:49.838 128107 DEBUG oslo_service.service [req-aaa6d74e-127c-4b0f-b56c-eac35250ea49 - - - - -] libvirt.enabled_perf_events = [] log_opt_values /usr/lib/python3/dist-packages/oslo_config/cfg.py:2609
2025-02-13 00:38:49.838 128107 DEBUG oslo_service.service [req-aaa6d74e-127c-4b0f-b56c-eac35250ea49 - - - - -] libvirt.file_backed_memory = 0 log_opt_values /usr/lib/python3/dist-packages/oslo_config/cfg.py:2609
2025-02-13 00:38:49.838 128107 DEBUG oslo_service.service [req-aaa6d74e-127c-4b0f-b56c-eac35250ea49 - - - - -] libvirt.gid_maps = [] log_opt_values /usr/lib/python3/dist-packages/oslo_config/cfg.py:2609
2025-02-13 00:38:49.838 128107 DEBUG oslo_service.service [req-aaa6d74e-127c-4b0f-b56c-eac35250ea49 - - - - -] libvirt.hw_disk_discard = None log_opt_values /usr/lib/python3/dist-packages/oslo_config/cfg.py:2609
2025-02-13 00:38:49.838 129838 DEBUG nova.service [req-80564df0-c6af-4227-9900-f3a8fb6e7457 - - - - -] Join ServiceGroup membership for this service scheduler start /usr/lib/python3/dist-packages/nova/service.py:199
2025-02-13 00:38:49.839 128107 DEBUG oslo_service.service [req-aaa6d74e-127c-4b0f-b56c-eac35250ea49 - - - - -] libvirt.hw_machine_type = None log_opt_values /usr/lib/python3/dist-packages/oslo_config/cfg.py:2609
2025-02-13 00:38:49.839 129838 DEBUG nova.servicegroup.drivers.db [req-80564df0-c6af-4227-9900-f3a8fb6e7457 - - - - -] DB_Driver: join new ServiceGroup member juju-29031e-0-lxd-7 to the scheduler group, service = join /usr/lib/python3/dist-packages/nova/servicegroup/drivers/db.py:44
2025-02-13 00:38:49.839 128107 DEBUG oslo_service.service [req-aaa6d74e-127c-4b0f-b56c-eac35250ea49 - - - - -] libvirt.images_rbd_ceph_conf = log_opt_values /usr/lib/python3/dist-packages/oslo_config/cfg.py:2609
2025-02-13 00:38:49.839 128107 DEBUG oslo_service.service [req-aaa6d74e-127c-4b0f-b56c-eac35250ea49 - - - - -] libvirt.images_rbd_glance_copy_poll_interval = 15 log_opt_values /usr/lib/python3/dist-packages/oslo_config/cfg.py:2609
2025-02-13 00:38:49.839 128107 DEBUG oslo_service.service [req-aaa6d74e-127c-4b0f-b56c-eac35250ea49 - - - - -] libvirt.images_rbd_glance_copy_timeout = 600 log_opt_values /usr/lib/python3/dist-packages/oslo_config/cfg.py:2609
2025-02-13 00:38:49.839 128107 DEBUG oslo_service.service [req-aaa6d74e-127c-4b0f-b56c-eac35250ea49 - - - - -] libvirt.images_rbd_glance_store_name = log_opt_values /usr/lib/python3/dist-packages/oslo_config/cfg.py:2609
2025-02-13 00:38:49.839 128107 DEBUG oslo_service.service [req-aaa6d74e-127c-4b0f-b56c-eac35250ea49 - - - - -] libvirt.images_rbd_pool = rbd log_opt_values /usr/lib/python3/dist-packages/oslo_config/cfg.py:2609
2025-02-13 00:38:49.840 128107 DEBUG oslo_service.service [req-aaa6d74e-127c-4b0f-b56c-eac35250ea49 - - - - -] libvirt.images_type = default log_opt_values /usr/lib/python3/dist-packages/oslo_config/cfg.py:2609
2025-02-13 00:38:49.840 128107 DEBUG oslo_service.service [req-aaa6d74e-127c-4b0f-b56c-eac35250ea49 - - - - -] libvirt.images_volume_group = None log_opt_values /usr/lib/python3/dist-packages/oslo_config/cfg.py:2609
2025-02-13 00:38:49.840 129837 DEBUG oslo_messaging._drivers.amqpdriver [-] Listener is running poll /usr/lib/python3/dist-packages/oslo_messaging/_drivers/amqpdriver.py:343
2025-02-13 00:38:49.840 128107 DEBUG oslo_service.service [req-aaa6d74e-127c-4b0f-b56c-eac35250ea49 - - - - -] libvirt.inject_key = False log_opt_values /usr/lib/python3/dist-packages/oslo_config/cfg.py:2609
2025-02-13 00:38:49.840 129837 DEBUG oslo_messaging._drivers.amqpdriver [-] AMQPListener connection consume poll /usr/lib/python3/dist-packages/oslo_messaging/_drivers/amqpdriver.py:357
2025-02-13 00:38:49.840 128107 DEBUG oslo_service.service [req-aaa6d74e-127c-4b0f-b56c-eac35250ea49 - - - - -] libvirt.inject_partition = -2 log_opt_values /usr/lib/python3/dist-packages/oslo_config/cfg.py:2609
2025-02-13 00:38:49.840 128107 DEBUG oslo_service.service [req-aaa6d74e-127c-4b0f-b56c-eac35250ea49 - - - - -] libvirt.inject_password = False log_opt_values /usr/lib/python3/dist-packages/oslo_config/cfg.py:2609
2025-02-13 00:38:49.841 128107 DEBUG oslo_service.service [req-aaa6d74e-127c-4b0f-b56c-eac35250ea49 - - - - -] libvirt.iscsi_iface = None log_opt_values /usr/lib/python3/dist-packages/oslo_config/cfg.py:2609
2025-02-13 00:38:49.841 128107 DEBUG oslo_service.service [req-aaa6d74e-127c-4b0f-b56c-eac35250ea49 - - - - -] libvirt.iser_use_multipath = False log_opt_values /usr/lib/python3/dist-packages/oslo_config/cfg.py:2609
2025-02-13 00:38:49.841 129838 DEBUG oslo_messaging._drivers.amqpdriver [-] AMQPListener connection timeout poll /usr/lib/python3/dist-packages/oslo_messaging/_drivers/amqpdriver.py:360
2025-02-13 00:38:49.841 129837 DEBUG nova.service [req-2a583d80-6165-44ae-ae67-4487cbffc739 - - - - -] Join ServiceGroup membership for this service scheduler start /usr/lib/python3/dist-packages/nova/service.py:199
2025-02-13 00:38:49.841 129838 DEBUG oslo_messaging._drivers.amqpdriver [-] Listener is running poll /usr/lib/python3/dist-packages/oslo_messaging/_drivers/amqpdriver.py:343
2025-02-13 00:38:49.841 128107 DEBUG oslo_service.service [req-aaa6d74e-127c-4b0f-b56c-eac35250ea49 - - - - -] libvirt.live_migration_bandwidth = 0 log_opt_values /usr/lib/python3/dist-packages/oslo_config/cfg.py:2609
2025-02-13 00:38:49.841 129838 DEBUG oslo_messaging._drivers.amqpdriver [-] AMQPListener connection consume poll /usr/lib/python3/dist-packages/oslo_messaging/_drivers/amqpdriver.py:357
2025-02-13 00:38:49.841 129837 DEBUG nova.servicegroup.drivers.db [req-2a583d80-6165-44ae-ae67-4487cbffc739 - - - - -] DB_Driver: join new ServiceGroup member juju-29031e-0-lxd-7 to the scheduler group, service = join /usr/lib/python3/dist-packages/nova/servicegroup/drivers/db.py:44
2025-02-13 00:38:49.841 128107 DEBUG oslo_service.service [req-aaa6d74e-127c-4b0f-b56c-eac35250ea49 - - - - -] libvirt.live_migration_completion_timeout = 800 log_opt_values /usr/lib/python3/dist-packages/oslo_config/cfg.py:2609
2025-02-13 00:38:49.841 128107 DEBUG oslo_service.service [req-aaa6d74e-127c-4b0f-b56c-eac35250ea49 - - - - -] libvirt.live_migration_downtime = 500 log_opt_values /usr/lib/python3/dist-packages/oslo_config/cfg.py:2609
2025-02-13 00:38:49.841 128107 DEBUG oslo_service.service [req-aaa6d74e-127c-4b0f-b56c-eac35250ea49 - - - - -] libvirt.live_migration_downtime_delay = 75 log_opt_values /usr/lib/python3/dist-packages/oslo_config/cfg.py:2609
2025-02-13 00:38:49.842 128107 DEBUG oslo_service.service [req-aaa6d74e-127c-4b0f-b56c-eac35250ea49 - - - - -] libvirt.live_migration_downtime_steps = 10 log_opt_values /usr/lib/python3/dist-packages/oslo_config/cfg.py:2609
2025-02-13 00:38:49.842 128107 DEBUG oslo_service.service [req-aaa6d74e-127c-4b0f-b56c-eac35250ea49 - - - - -] libvirt.live_migration_inbound_addr = None log_opt_values /usr/lib/python3/dist-packages/oslo_config/cfg.py:2609
2025-02-13 00:38:49.842 128107 DEBUG oslo_service.service [req-aaa6d74e-127c-4b0f-b56c-eac35250ea49 - - - - -] libvirt.live_migration_permit_auto_converge = False log_opt_values /usr/lib/python3/dist-packages/oslo_config/cfg.py:2609
2025-02-13 00:38:49.842 128107 DEBUG oslo_service.service [req-aaa6d74e-127c-4b0f-b56c-eac35250ea49 - - - - -] libvirt.live_migration_permit_post_copy = False log_opt_values /usr/lib/python3/dist-packages/oslo_config/cfg.py:2609
2025-02-13 00:38:49.842 128107 DEBUG oslo_service.service [req-aaa6d74e-127c-4b0f-b56c-eac35250ea49 - - - - -] libvirt.live_migration_scheme = None log_opt_values /usr/lib/python3/dist-packages/oslo_config/cfg.py:2609
2025-02-13 00:38:49.842 128107 DEBUG oslo_service.service [req-aaa6d74e-127c-4b0f-b56c-eac35250ea49 - - - - -] libvirt.live_migration_timeout_action = abort log_opt_values /usr/lib/python3/dist-packages/oslo_config/cfg.py:2609
2025-02-13 00:38:49.843 128107 DEBUG oslo_service.service [req-aaa6d74e-127c-4b0f-b56c-eac35250ea49 - - - - -] libvirt.live_migration_tunnelled = False log_opt_values /usr/lib/python3/dist-packages/oslo_config/cfg.py:2609
2025-02-13 00:38:49.843 128107 DEBUG oslo_service.service [req-aaa6d74e-127c-4b0f-b56c-eac35250ea49 - - - - -] libvirt.live_migration_uri = None log_opt_values /usr/lib/python3/dist-packages/oslo_config/cfg.py:2609
2025-02-13 00:38:49.843 128107 DEBUG oslo_service.service [req-aaa6d74e-127c-4b0f-b56c-eac35250ea49 - - - - -] libvirt.live_migration_with_native_tls = False log_opt_values /usr/lib/python3/dist-packages/oslo_config/cfg.py:2609
