2025-02-13 00:40:34.291 144747 DEBUG oslo_service.service [req-62d41d64-3be1-4259-9f14-ae84fdcb71d0 - - - - -] use_stderr = False log_opt_values /usr/lib/python3/dist-packages/oslo_config/cfg.py:2602
2025-02-13 00:40:34.291 144747 DEBUG oslo_service.service [req-62d41d64-3be1-4259-9f14-ae84fdcb71d0 - - - - -] use_syslog = False log_opt_values /usr/lib/python3/dist-packages/oslo_config/cfg.py:2602
2025-02-13 00:40:34.292 144747 DEBUG oslo_service.service [req-62d41d64-3be1-4259-9f14-ae84fdcb71d0 - - - - -] vcpu_pin_set = None log_opt_values /usr/lib/python3/dist-packages/oslo_config/cfg.py:2602
2025-02-13 00:40:34.292 144747 DEBUG oslo_service.service [req-62d41d64-3be1-4259-9f14-ae84fdcb71d0 - - - - -] vif_plugging_is_fatal = True log_opt_values /usr/lib/python3/dist-packages/oslo_config/cfg.py:2602
2025-02-13 00:40:34.292 144747 DEBUG oslo_service.service [req-62d41d64-3be1-4259-9f14-ae84fdcb71d0 - - - - -] vif_plugging_timeout = 300 log_opt_values /usr/lib/python3/dist-packages/oslo_config/cfg.py:2602
2025-02-13 00:40:34.292 144747 DEBUG oslo_service.service [req-62d41d64-3be1-4259-9f14-ae84fdcb71d0 - - - - -] virt_mkfs = [] log_opt_values /usr/lib/python3/dist-packages/oslo_config/cfg.py:2602
2025-02-13 00:40:34.293 144747 DEBUG oslo_service.service [req-62d41d64-3be1-4259-9f14-ae84fdcb71d0 - - - - -] volume_usage_poll_interval = 0 log_opt_values /usr/lib/python3/dist-packages/oslo_config/cfg.py:2602
2025-02-13 00:40:34.293 144747 DEBUG oslo_service.service [req-62d41d64-3be1-4259-9f14-ae84fdcb71d0 - - - - -] watch_log_file = False log_opt_values /usr/lib/python3/dist-packages/oslo_config/cfg.py:2602
2025-02-13 00:40:34.293 144747 DEBUG oslo_service.service [req-62d41d64-3be1-4259-9f14-ae84fdcb71d0 - - - - -] web = /usr/share/spice-html5 log_opt_values /usr/lib/python3/dist-packages/oslo_config/cfg.py:2602
2025-02-13 00:40:34.293 144747 DEBUG oslo_service.service [req-62d41d64-3be1-4259-9f14-ae84fdcb71d0 - - - - -] oslo_concurrency.disable_process_locking = False log_opt_values /usr/lib/python3/dist-packages/oslo_config/cfg.py:2609
2025-02-13 00:40:34.294 144747 DEBUG oslo_service.service [req-62d41d64-3be1-4259-9f14-ae84fdcb71d0 - - - - -] oslo_concurrency.lock_path = /var/lock/nova log_opt_values /usr/lib/python3/dist-packages/oslo_config/cfg.py:2609
2025-02-13 00:40:34.294 145061 DEBUG nova.service [req-09ed546d-3989-4f2f-91ab-4a843ec0a7ed - - - - -] Creating RPC server for service scheduler start /usr/lib/python3/dist-packages/nova/service.py:182
2025-02-13 00:40:34.294 144747 WARNING oslo_config.cfg [req-62d41d64-3be1-4259-9f14-ae84fdcb71d0 - - - - -] Deprecated: Option "auth_strategy" from group "api" is deprecated for removal ( The only non-default choice, ``noauth2``, is for internal development and testing purposes only and should not be used in deployments. This option and its middleware, NoAuthMiddleware[V2_18], will be removed in a future release. ). Its value may be silently ignored in the future.
2025-02-13 00:40:34.294 144747 DEBUG oslo_service.service [req-62d41d64-3be1-4259-9f14-ae84fdcb71d0 - - - - -] api.auth_strategy = keystone log_opt_values /usr/lib/python3/dist-packages/oslo_config/cfg.py:2609
2025-02-13 00:40:34.294 144747 DEBUG oslo_service.service [req-62d41d64-3be1-4259-9f14-ae84fdcb71d0 - - - - -] api.compute_link_prefix = None log_opt_values /usr/lib/python3/dist-packages/oslo_config/cfg.py:2609
2025-02-13 00:40:34.295 144747 DEBUG oslo_service.service [req-62d41d64-3be1-4259-9f14-ae84fdcb71d0 - - - - -] api.config_drive_skip_versions = 1.0 2007-01-19 2007-03-01 2007-08-29 2007-10-10 2007-12-15 2008-02-01 2008-09-01 log_opt_values /usr/lib/python3/dist-packages/oslo_config/cfg.py:2609
2025-02-13 00:40:34.295 144747 DEBUG oslo_service.service [req-62d41d64-3be1-4259-9f14-ae84fdcb71d0 - - - - -] api.dhcp_domain = novalocal log_opt_values /usr/lib/python3/dist-packages/oslo_config/cfg.py:2609
2025-02-13 00:40:34.295 144747 DEBUG oslo_service.service [req-62d41d64-3be1-4259-9f14-ae84fdcb71d0 - - - - -] api.enable_instance_password = True log_opt_values /usr/lib/python3/dist-packages/oslo_config/cfg.py:2609
2025-02-13 00:40:34.295 144747 DEBUG oslo_service.service [req-62d41d64-3be1-4259-9f14-ae84fdcb71d0 - - - - -] api.glance_link_prefix = None log_opt_values /usr/lib/python3/dist-packages/oslo_config/cfg.py:2609
2025-02-13 00:40:34.295 144747 DEBUG oslo_service.service [req-62d41d64-3be1-4259-9f14-ae84fdcb71d0 - - - - -] api.instance_list_cells_batch_fixed_size = 100 log_opt_values /usr/lib/python3/dist-packages/oslo_config/cfg.py:2609
2025-02-13 00:40:34.296 144747 DEBUG oslo_service.service [req-62d41d64-3be1-4259-9f14-ae84fdcb71d0 - - - - -] api.instance_list_cells_batch_strategy = distributed log_opt_values /usr/lib/python3/dist-packages/oslo_config/cfg.py:2609
2025-02-13 00:40:34.296 144747 DEBUG oslo_service.service [req-62d41d64-3be1-4259-9f14-ae84fdcb71d0 - - - - -] api.instance_list_per_project_cells = False log_opt_values /usr/lib/python3/dist-packages/oslo_config/cfg.py:2609
2025-02-13 00:40:34.296 144747 DEBUG oslo_service.service [req-62d41d64-3be1-4259-9f14-ae84fdcb71d0 - - - - -] api.list_records_by_skipping_down_cells = True log_opt_values /usr/lib/python3/dist-packages/oslo_config/cfg.py:2609
2025-02-13 00:40:34.296 144747 DEBUG oslo_service.service [req-62d41d64-3be1-4259-9f14-ae84fdcb71d0 - - - - -] api.local_metadata_per_cell = False log_opt_values /usr/lib/python3/dist-packages/oslo_config/cfg.py:2609
2025-02-13 00:40:34.296 144747 DEBUG oslo_service.service [req-62d41d64-3be1-4259-9f14-ae84fdcb71d0 - - - - -] api.max_limit = 1000 log_opt_values /usr/lib/python3/dist-packages/oslo_config/cfg.py:2609
2025-02-13 00:40:34.297 144747 DEBUG oslo_service.service [req-62d41d64-3be1-4259-9f14-ae84fdcb71d0 - - - - -] api.metadata_cache_expiration = 15 log_opt_values /usr/lib/python3/dist-packages/oslo_config/cfg.py:2609
2025-02-13 00:40:34.297 144747 DEBUG oslo_service.service [req-62d41d64-3be1-4259-9f14-ae84fdcb71d0 - - - - -] api.neutron_default_tenant_id = default log_opt_values /usr/lib/python3/dist-packages/oslo_config/cfg.py:2609
2025-02-13 00:40:34.297 144747 DEBUG oslo_service.service [req-62d41d64-3be1-4259-9f14-ae84fdcb71d0 - - - - -] api.use_forwarded_for = False log_opt_values /usr/lib/python3/dist-packages/oslo_config/cfg.py:2609
2025-02-13 00:40:34.297 145064 DEBUG nova.service [req-74c1e0f9-a380-42bb-8785-093899e822f6 - - - - -] Creating RPC server for service scheduler start /usr/lib/python3/dist-packages/nova/service.py:182
2025-02-13 00:40:34.297 144747 DEBUG oslo_service.service [req-62d41d64-3be1-4259-9f14-ae84fdcb71d0 - - - - -] api.use_neutron_default_nets = False log_opt_values /usr/lib/python3/dist-packages/oslo_config/cfg.py:2609
2025-02-13 00:40:34.297 144747 DEBUG oslo_service.service [req-62d41d64-3be1-4259-9f14-ae84fdcb71d0 - - - - -] api.vendordata_dynamic_connect_timeout = 5 log_opt_values /usr/lib/python3/dist-packages/oslo_config/cfg.py:2609
2025-02-13 00:40:34.298 144747 DEBUG oslo_service.service [req-62d41d64-3be1-4259-9f14-ae84fdcb71d0 - - - - -] api.vendordata_dynamic_failure_fatal = False log_opt_values /usr/lib/python3/dist-packages/oslo_config/cfg.py:2609
2025-02-13 00:40:34.298 144747 DEBUG oslo_service.service [req-62d41d64-3be1-4259-9f14-ae84fdcb71d0 - - - - -] api.vendordata_dynamic_read_timeout = 5 log_opt_values /usr/lib/python3/dist-packages/oslo_config/cfg.py:2609
2025-02-13 00:40:34.298 144747 DEBUG oslo_service.service [req-62d41d64-3be1-4259-9f14-ae84fdcb71d0 - - - - -] api.vendordata_dynamic_ssl_certfile = log_opt_values /usr/lib/python3/dist-packages/oslo_config/cfg.py:2609
2025-02-13 00:40:34.298 144747 DEBUG oslo_service.service [req-62d41d64-3be1-4259-9f14-ae84fdcb71d0 - - - - -] api.vendordata_dynamic_targets = [] log_opt_values /usr/lib/python3/dist-packages/oslo_config/cfg.py:2609
2025-02-13 00:40:34.298 144747 DEBUG oslo_service.service [req-62d41d64-3be1-4259-9f14-ae84fdcb71d0 - - - - -] api.vendordata_jsonfile_path = None log_opt_values /usr/lib/python3/dist-packages/oslo_config/cfg.py:2609
2025-02-13 00:40:34.299 144747 DEBUG oslo_service.service [req-62d41d64-3be1-4259-9f14-ae84fdcb71d0 - - - - -] api.vendordata_providers = ['StaticJSON'] log_opt_values /usr/lib/python3/dist-packages/oslo_config/cfg.py:2609
2025-02-13 00:40:34.299 144747 DEBUG oslo_service.service [req-62d41d64-3be1-4259-9f14-ae84fdcb71d0 - - - - -] cache.backend = dogpile.cache.null log_opt_values /usr/lib/python3/dist-packages/oslo_config/cfg.py:2609
2025-02-13 00:40:34.299 144747 DEBUG oslo_service.service [req-62d41d64-3be1-4259-9f14-ae84fdcb71d0 - - - - -] cache.backend_argument = **** log_opt_values /usr/lib/python3/dist-packages/oslo_config/cfg.py:2609
2025-02-13 00:40:34.299 144747 DEBUG oslo_service.service [req-62d41d64-3be1-4259-9f14-ae84fdcb71d0 - - - - -] cache.config_prefix = cache.oslo log_opt_values /usr/lib/python3/dist-packages/oslo_config/cfg.py:2609
2025-02-13 00:40:34.299 144747 DEBUG oslo_service.service [req-62d41d64-3be1-4259-9f14-ae84fdcb71d0 - - - - -] cache.debug_cache_backend = False log_opt_values /usr/lib/python3/dist-packages/oslo_config/cfg.py:2609
2025-02-13 00:40:34.300 144747 DEBUG oslo_service.service [req-62d41d64-3be1-4259-9f14-ae84fdcb71d0 - - - - -] cache.enabled = False log_opt_values /usr/lib/python3/dist-packages/oslo_config/cfg.py:2609
2025-02-13 00:40:34.300 144747 DEBUG oslo_service.service [req-62d41d64-3be1-4259-9f14-ae84fdcb71d0 - - - - -] cache.expiration_time = 600 log_opt_values /usr/lib/python3/dist-packages/oslo_config/cfg.py:2609
2025-02-13 00:40:34.300 144747 DEBUG oslo_service.service [req-62d41d64-3be1-4259-9f14-ae84fdcb71d0 - - - - -] cache.memcache_dead_retry = 300 log_opt_values /usr/lib/python3/dist-packages/oslo_config/cfg.py:2609
2025-02-13 00:40:34.300 144747 DEBUG oslo_service.service [req-62d41d64-3be1-4259-9f14-ae84fdcb71d0 - - - - -] cache.memcache_pool_connection_get_timeout = 10 log_opt_values /usr/lib/python3/dist-packages/oslo_config/cfg.py:2609
2025-02-13 00:40:34.300 144747 DEBUG oslo_service.service [req-62d41d64-3be1-4259-9f14-ae84fdcb71d0 - - - - -] cache.memcache_pool_flush_on_reconnect = False log_opt_values /usr/lib/python3/dist-packages/oslo_config/cfg.py:2609
2025-02-13 00:40:34.300 144747 DEBUG oslo_service.service [req-62d41d64-3be1-4259-9f14-ae84fdcb71d0 - - - - -] cache.memcache_pool_maxsize = 10 log_opt_values /usr/lib/python3/dist-packages/oslo_config/cfg.py:2609
2025-02-13 00:40:34.301 144747 DEBUG oslo_service.service [req-62d41d64-3be1-4259-9f14-ae84fdcb71d0 - - - - -] cache.memcache_pool_unused_timeout = 60 log_opt_values /usr/lib/python3/dist-packages/oslo_config/cfg.py:2609
2025-02-13 00:40:34.301 144747 DEBUG oslo_service.service [req-62d41d64-3be1-4259-9f14-ae84fdcb71d0 - - - - -] cache.memcache_servers = ['localhost:11211'] log_opt_values /usr/lib/python3/dist-packages/oslo_config/cfg.py:2609
2025-02-13 00:40:34.301 144747 DEBUG oslo_service.service [req-62d41d64-3be1-4259-9f14-ae84fdcb71d0 - - - - -] cache.memcache_socket_timeout = 1.0 log_opt_values /usr/lib/python3/dist-packages/oslo_config/cfg.py:2609
2025-02-13 00:40:34.301 144747 DEBUG oslo_service.service [req-62d41d64-3be1-4259-9f14-ae84fdcb71d0 - - - - -] cache.proxies = [] log_opt_values /usr/lib/python3/dist-packages/oslo_config/cfg.py:2609
2025-02-13 00:40:34.301 145062 DEBUG oslo_db.sqlalchemy.engines [req-8b4b8327-1fa9-465d-afb9-fe708e369e83 - - - - -] MySQL server mode set to STRICT_TRANS_TABLES,STRICT_ALL_TABLES,NO_ZERO_IN_DATE,NO_ZERO_DATE,ERROR_FOR_DIVISION_BY_ZERO,TRADITIONAL,NO_ENGINE_SUBSTITUTION _check_effective_sql_mode /usr/lib/python3/dist-packages/oslo_db/sqlalchemy/engines.py:314
2025-02-13 00:40:34.301 144747 DEBUG oslo_service.service [req-62d41d64-3be1-4259-9f14-ae84fdcb71d0 - - - - -] cache.tls_allowed_ciphers = None log_opt_values /usr/lib/python3/dist-packages/oslo_config/cfg.py:2609
2025-02-13 00:40:34.302 144747 DEBUG oslo_service.service [req-62d41d64-3be1-4259-9f14-ae84fdcb71d0 - - - - -] cache.tls_cafile = None log_opt_values /usr/lib/python3/dist-packages/oslo_config/cfg.py:2609
2025-02-13 00:40:34.302 144747 DEBUG oslo_service.service [req-62d41d64-3be1-4259-9f14-ae84fdcb71d0 - - - - -] cache.tls_certfile = None log_opt_values /usr/lib/python3/dist-packages/oslo_config/cfg.py:2609
2025-02-13 00:40:34.302 144747 DEBUG oslo_service.service [req-62d41d64-3be1-4259-9f14-ae84fdcb71d0 - - - - -] cache.tls_enabled = False log_opt_values /usr/lib/python3/dist-packages/oslo_config/cfg.py:2609
2025-02-13 00:40:34.302 144747 DEBUG oslo_service.service [req-62d41d64-3be1-4259-9f14-ae84fdcb71d0 - - - - -] cache.tls_keyfile = None log_opt_values /usr/lib/python3/dist-packages/oslo_config/cfg.py:2609
2025-02-13 00:40:34.302 144747 DEBUG oslo_service.service [req-62d41d64-3be1-4259-9f14-ae84fdcb71d0 - - - - -] cinder.auth_section = None log_opt_values /usr/lib/python3/dist-packages/oslo_config/cfg.py:2609
2025-02-13 00:40:34.303 144747 DEBUG oslo_service.service [req-62d41d64-3be1-4259-9f14-ae84fdcb71d0 - - - - -] cinder.auth_type = None log_opt_values /usr/lib/python3/dist-packages/oslo_config/cfg.py:2609
2025-02-13 00:40:34.303 144747 DEBUG oslo_service.service [req-62d41d64-3be1-4259-9f14-ae84fdcb71d0 - - - - -] cinder.cafile = None log_opt_values /usr/lib/python3/dist-packages/oslo_config/cfg.py:2609
2025-02-13 00:40:34.303 144747 DEBUG oslo_service.service [req-62d41d64-3be1-4259-9f14-ae84fdcb71d0 - - - - -] cinder.catalog_info = volumev3::publicURL log_opt_values /usr/lib/python3/dist-packages/oslo_config/cfg.py:2609
2025-02-13 00:40:34.303 144747 DEBUG oslo_service.service [req-62d41d64-3be1-4259-9f14-ae84fdcb71d0 - - - - -] cinder.certfile = None log_opt_values /usr/lib/python3/dist-packages/oslo_config/cfg.py:2609
2025-02-13 00:40:34.303 144747 DEBUG oslo_service.service [req-62d41d64-3be1-4259-9f14-ae84fdcb71d0 - - - - -] cinder.collect_timing = False log_opt_values /usr/lib/python3/dist-packages/oslo_config/cfg.py:2609
2025-02-13 00:40:34.304 144747 DEBUG oslo_service.service [req-62d41d64-3be1-4259-9f14-ae84fdcb71d0 - - - - -] cinder.cross_az_attach = True log_opt_values /usr/lib/python3/dist-packages/oslo_config/cfg.py:2609
2025-02-13 00:40:34.304 144747 DEBUG oslo_service.service [req-62d41d64-3be1-4259-9f14-ae84fdcb71d0 - - - - -] cinder.debug = False log_opt_values /usr/lib/python3/dist-packages/oslo_config/cfg.py:2609
2025-02-13 00:40:34.304 144747 DEBUG oslo_service.service [req-62d41d64-3be1-4259-9f14-ae84fdcb71d0 - - - - -] cinder.endpoint_template = None log_opt_values /usr/lib/python3/dist-packages/oslo_config/cfg.py:2609
2025-02-13 00:40:34.304 144747 DEBUG oslo_service.service [req-62d41d64-3be1-4259-9f14-ae84fdcb71d0 - - - - -] cinder.http_retries = 3 log_opt_values /usr/lib/python3/dist-packages/oslo_config/cfg.py:2609
2025-02-13 00:40:34.304 144747 DEBUG oslo_service.service [req-62d41d64-3be1-4259-9f14-ae84fdcb71d0 - - - - -] cinder.insecure = False log_opt_values /usr/lib/python3/dist-packages/oslo_config/cfg.py:2609
2025-02-13 00:40:34.304 144747 DEBUG oslo_service.service [req-62d41d64-3be1-4259-9f14-ae84fdcb71d0 - - - - -] cinder.keyfile = None log_opt_values /usr/lib/python3/dist-packages/oslo_config/cfg.py:2609
2025-02-13 00:40:34.305 144747 DEBUG oslo_service.service [req-62d41d64-3be1-4259-9f14-ae84fdcb71d0 - - - - -] cinder.os_region_name = None log_opt_values /usr/lib/python3/dist-packages/oslo_config/cfg.py:2609
2025-02-13 00:40:34.305 144747 DEBUG oslo_service.service [req-62d41d64-3be1-4259-9f14-ae84fdcb71d0 - - - - -] cinder.split_loggers = False log_opt_values /usr/lib/python3/dist-packages/oslo_config/cfg.py:2609
2025-02-13 00:40:34.305 144747 DEBUG oslo_service.service [req-62d41d64-3be1-4259-9f14-ae84fdcb71d0 - - - - -] cinder.timeout = None log_opt_values /usr/lib/python3/dist-packages/oslo_config/cfg.py:2609
2025-02-13 00:40:34.305 144747 DEBUG oslo_service.service [req-62d41d64-3be1-4259-9f14-ae84fdcb71d0 - - - - -] compute.consecutive_build_service_disable_threshold = 10 log_opt_values /usr/lib/python3/dist-packages/oslo_config/cfg.py:2609
2025-02-13 00:40:34.305 144747 DEBUG oslo_service.service [req-62d41d64-3be1-4259-9f14-ae84fdcb71d0 - - - - -] compute.cpu_dedicated_set = None log_opt_values /usr/lib/python3/dist-packages/oslo_config/cfg.py:2609
2025-02-13 00:40:34.305 144747 DEBUG oslo_service.service [req-62d41d64-3be1-4259-9f14-ae84fdcb71d0 - - - - -] compute.cpu_shared_set = None log_opt_values /usr/lib/python3/dist-packages/oslo_config/cfg.py:2609
2025-02-13 00:40:34.306 144747 DEBUG oslo_service.service [req-62d41d64-3be1-4259-9f14-ae84fdcb71d0 - - - - -] compute.image_type_exclude_list = [] log_opt_values /usr/lib/python3/dist-packages/oslo_config/cfg.py:2609
2025-02-13 00:40:34.306 144747 DEBUG oslo_service.service [req-62d41d64-3be1-4259-9f14-ae84fdcb71d0 - - - - -] compute.live_migration_wait_for_vif_plug = True log_opt_values /usr/lib/python3/dist-packages/oslo_config/cfg.py:2609
2025-02-13 00:40:34.306 144747 DEBUG oslo_service.service [req-62d41d64-3be1-4259-9f14-ae84fdcb71d0 - - - - -] compute.max_concurrent_disk_ops = 0 log_opt_values /usr/lib/python3/dist-packages/oslo_config/cfg.py:2609
2025-02-13 00:40:34.306 144747 DEBUG oslo_service.service [req-62d41d64-3be1-4259-9f14-ae84fdcb71d0 - - - - -] compute.max_disk_devices_to_attach = -1 log_opt_values /usr/lib/python3/dist-packages/oslo_config/cfg.py:2609
2025-02-13 00:40:34.306 144747 DEBUG oslo_service.service [req-62d41d64-3be1-4259-9f14-ae84fdcb71d0 - - - - -] compute.packing_host_numa_cells_allocation_strategy = True log_opt_values /usr/lib/python3/dist-packages/oslo_config/cfg.py:2609
2025-02-13 00:40:34.307 144747 DEBUG oslo_service.service [req-62d41d64-3be1-4259-9f14-ae84fdcb71d0 - - - - -] compute.provider_config_location = /etc/nova/provider_config/ log_opt_values /usr/lib/python3/dist-packages/oslo_config/cfg.py:2609
2025-02-13 00:40:34.307 144747 DEBUG oslo_service.service [req-62d41d64-3be1-4259-9f14-ae84fdcb71d0 - - - - -] compute.resource_provider_association_refresh = 300 log_opt_values /usr/lib/python3/dist-packages/oslo_config/cfg.py:2609
2025-02-13 00:40:34.307 144747 DEBUG oslo_service.service [req-62d41d64-3be1-4259-9f14-ae84fdcb71d0 - - - - -] compute.shutdown_retry_interval = 10 log_opt_values /usr/lib/python3/dist-packages/oslo_config/cfg.py:2609
2025-02-13 00:40:34.307 144747 DEBUG oslo_service.service [req-62d41d64-3be1-4259-9f14-ae84fdcb71d0 - - - - -] compute.vmdk_allowed_types = ['streamOptimized', 'monolithicSparse'] log_opt_values /usr/lib/python3/dist-packages/oslo_config/cfg.py:2609
2025-02-13 00:40:34.307 144747 DEBUG oslo_service.service [req-62d41d64-3be1-4259-9f14-ae84fdcb71d0 - - - - -] conductor.workers = 4 log_opt_values /usr/lib/python3/dist-packages/oslo_config/cfg.py:2609
2025-02-13 00:40:34.307 144747 DEBUG oslo_service.service [req-62d41d64-3be1-4259-9f14-ae84fdcb71d0 - - - - -] console.allowed_origins = [] log_opt_values /usr/lib/python3/dist-packages/oslo_config/cfg.py:2609
2025-02-13 00:40:34.308 144747 DEBUG oslo_service.service [req-62d41d64-3be1-4259-9f14-ae84fdcb71d0 - - - - -] console.ssl_ciphers = None log_opt_values /usr/lib/python3/dist-packages/oslo_config/cfg.py:2609
2025-02-13 00:40:34.308 144747 DEBUG oslo_service.service [req-62d41d64-3be1-4259-9f14-ae84fdcb71d0 - - - - -] console.ssl_minimum_version = default log_opt_values /usr/lib/python3/dist-packages/oslo_config/cfg.py:2609
2025-02-13 00:40:34.308 144747 DEBUG oslo_service.service [req-62d41d64-3be1-4259-9f14-ae84fdcb71d0 - - - - -] consoleauth.token_ttl = 600 log_opt_values /usr/lib/python3/dist-packages/oslo_config/cfg.py:2609
2025-02-13 00:40:34.308 144747 DEBUG oslo_service.service [req-62d41d64-3be1-4259-9f14-ae84fdcb71d0 - - - - -] cyborg.cafile = None log_opt_values /usr/lib/python3/dist-packages/oslo_config/cfg.py:2609
2025-02-13 00:40:34.308 144747 DEBUG oslo_service.service [req-62d41d64-3be1-4259-9f14-ae84fdcb71d0 - - - - -] cyborg.certfile = None log_opt_values /usr/lib/python3/dist-packages/oslo_config/cfg.py:2609
2025-02-13 00:40:34.309 144747 DEBUG oslo_service.service [req-62d41d64-3be1-4259-9f14-ae84fdcb71d0 - - - - -] cyborg.collect_timing = False log_opt_values /usr/lib/python3/dist-packages/oslo_config/cfg.py:2609
2025-02-13 00:40:34.309 144747 DEBUG oslo_service.service [req-62d41d64-3be1-4259-9f14-ae84fdcb71d0 - - - - -] cyborg.connect_retries = None log_opt_values /usr/lib/python3/dist-packages/oslo_config/cfg.py:2609
2025-02-13 00:40:34.309 144747 DEBUG oslo_service.service [req-62d41d64-3be1-4259-9f14-ae84fdcb71d0 - - - - -] cyborg.connect_retry_delay = None log_opt_values /usr/lib/python3/dist-packages/oslo_config/cfg.py:2609
2025-02-13 00:40:34.309 144747 DEBUG oslo_service.service [req-62d41d64-3be1-4259-9f14-ae84fdcb71d0 - - - - -] cyborg.endpoint_override = None log_opt_values /usr/lib/python3/dist-packages/oslo_config/cfg.py:2609
2025-02-13 00:40:34.309 144747 DEBUG oslo_service.service [req-62d41d64-3be1-4259-9f14-ae84fdcb71d0 - - - - -] cyborg.insecure = False log_opt_values /usr/lib/python3/dist-packages/oslo_config/cfg.py:2609
2025-02-13 00:40:34.309 144747 DEBUG oslo_service.service [req-62d41d64-3be1-4259-9f14-ae84fdcb71d0 - - - - -] cyborg.keyfile = None log_opt_values /usr/lib/python3/dist-packages/oslo_config/cfg.py:2609
2025-02-13 00:40:34.310 144747 DEBUG oslo_service.service [req-62d41d64-3be1-4259-9f14-ae84fdcb71d0 - - - - -] cyborg.max_version = None log_opt_values /usr/lib/python3/dist-packages/oslo_config/cfg.py:2609
2025-02-13 00:40:34.310 144747 DEBUG oslo_service.service [req-62d41d64-3be1-4259-9f14-ae84fdcb71d0 - - - - -] cyborg.min_version = None log_opt_values /usr/lib/python3/dist-packages/oslo_config/cfg.py:2609
2025-02-13 00:40:34.310 144747 DEBUG oslo_service.service [req-62d41d64-3be1-4259-9f14-ae84fdcb71d0 - - - - -] cyborg.region_name = None log_opt_values /usr/lib/python3/dist-packages/oslo_config/cfg.py:2609
2025-02-13 00:40:34.310 144747 DEBUG oslo_service.service [req-62d41d64-3be1-4259-9f14-ae84fdcb71d0 - - - - -] cyborg.service_name = None log_opt_values /usr/lib/python3/dist-packages/oslo_config/cfg.py:2609
2025-02-13 00:40:34.310 144747 DEBUG oslo_service.service [req-62d41d64-3be1-4259-9f14-ae84fdcb71d0 - - - - -] cyborg.service_type = accelerator log_opt_values /usr/lib/python3/dist-packages/oslo_config/cfg.py:2609
2025-02-13 00:40:34.311 144747 DEBUG oslo_service.service [req-62d41d64-3be1-4259-9f14-ae84fdcb71d0 - - - - -] cyborg.split_loggers = False log_opt_values /usr/lib/python3/dist-packages/oslo_config/cfg.py:2609
2025-02-13 00:40:34.311 144747 DEBUG oslo_service.service [req-62d41d64-3be1-4259-9f14-ae84fdcb71d0 - - - - -] cyborg.status_code_retries = None log_opt_values /usr/lib/python3/dist-packages/oslo_config/cfg.py:2609
2025-02-13 00:40:34.311 144747 DEBUG oslo_service.service [req-62d41d64-3be1-4259-9f14-ae84fdcb71d0 - - - - -] cyborg.status_code_retry_delay = None log_opt_values /usr/lib/python3/dist-packages/oslo_config/cfg.py:2609
2025-02-13 00:40:34.311 144747 DEBUG oslo_service.service [req-62d41d64-3be1-4259-9f14-ae84fdcb71d0 - - - - -] cyborg.timeout = None log_opt_values /usr/lib/python3/dist-packages/oslo_config/cfg.py:2609
2025-02-13 00:40:34.311 144747 DEBUG oslo_service.service [req-62d41d64-3be1-4259-9f14-ae84fdcb71d0 - - - - -] cyborg.valid_interfaces = ['internal', 'public'] log_opt_values /usr/lib/python3/dist-packages/oslo_config/cfg.py:2609
2025-02-13 00:40:34.312 144747 DEBUG oslo_service.service [req-62d41d64-3be1-4259-9f14-ae84fdcb71d0 - - - - -] cyborg.version = None log_opt_values /usr/lib/python3/dist-packages/oslo_config/cfg.py:2609
2025-02-13 00:40:34.312 144747 DEBUG oslo_service.service [req-62d41d64-3be1-4259-9f14-ae84fdcb71d0 - - - - -] database.backend = sqlalchemy log_opt_values /usr/lib/python3/dist-packages/oslo_config/cfg.py:2609
2025-02-13 00:40:34.312 144747 DEBUG oslo_service.service [req-62d41d64-3be1-4259-9f14-ae84fdcb71d0 - - - - -] database.connection = **** log_opt_values /usr/lib/python3/dist-packages/oslo_config/cfg.py:2609
2025-02-13 00:40:34.312 144747 DEBUG oslo_service.service [req-62d41d64-3be1-4259-9f14-ae84fdcb71d0 - - - - -] database.connection_debug = 0 log_opt_values /usr/lib/python3/dist-packages/oslo_config/cfg.py:2609
2025-02-13 00:40:34.312 144747 DEBUG oslo_service.service [req-62d41d64-3be1-4259-9f14-ae84fdcb71d0 - - - - -] database.connection_parameters = log_opt_values /usr/lib/python3/dist-packages/oslo_config/cfg.py:2609
2025-02-13 00:40:34.313 144747 DEBUG oslo_service.service [req-62d41d64-3be1-4259-9f14-ae84fdcb71d0 - - - - -] database.connection_recycle_time = 3600 log_opt_values /usr/lib/python3/dist-packages/oslo_config/cfg.py:2609
2025-02-13 00:40:34.313 144747 DEBUG oslo_service.service [req-62d41d64-3be1-4259-9f14-ae84fdcb71d0 - - - - -] database.connection_trace = False log_opt_values /usr/lib/python3/dist-packages/oslo_config/cfg.py:2609
2025-02-13 00:40:34.313 144747 DEBUG oslo_service.service [req-62d41d64-3be1-4259-9f14-ae84fdcb71d0 - - - - -] database.db_inc_retry_interval = True log_opt_values /usr/lib/python3/dist-packages/oslo_config/cfg.py:2609
2025-02-13 00:40:34.313 144747 DEBUG oslo_service.service [req-62d41d64-3be1-4259-9f14-ae84fdcb71d0 - - - - -] database.db_max_retries = 20 log_opt_values /usr/lib/python3/dist-packages/oslo_config/cfg.py:2609
2025-02-13 00:40:34.313 144747 DEBUG oslo_service.service [req-62d41d64-3be1-4259-9f14-ae84fdcb71d0 - - - - -] database.db_max_retry_interval = 10 log_opt_values /usr/lib/python3/dist-packages/oslo_config/cfg.py:2609
2025-02-13 00:40:34.313 144747 DEBUG oslo_service.service [req-62d41d64-3be1-4259-9f14-ae84fdcb71d0 - - - - -] database.db_retry_interval = 1 log_opt_values /usr/lib/python3/dist-packages/oslo_config/cfg.py:2609
2025-02-13 00:40:34.314 144747 DEBUG oslo_service.service [req-62d41d64-3be1-4259-9f14-ae84fdcb71d0 - - - - -] database.max_overflow = 50 log_opt_values /usr/lib/python3/dist-packages/oslo_config/cfg.py:2609
2025-02-13 00:40:34.314 144747 DEBUG oslo_service.service [req-62d41d64-3be1-4259-9f14-ae84fdcb71d0 - - - - -] database.max_pool_size = 4 log_opt_values /usr/lib/python3/dist-packages/oslo_config/cfg.py:2609
2025-02-13 00:40:34.314 144747 DEBUG oslo_service.service [req-62d41d64-3be1-4259-9f14-ae84fdcb71d0 - - - - -] database.max_retries = 10 log_opt_values /usr/lib/python3/dist-packages/oslo_config/cfg.py:2609
2025-02-13 00:40:34.314 144747 DEBUG oslo_service.service [req-62d41d64-3be1-4259-9f14-ae84fdcb71d0 - - - - -] database.mysql_enable_ndb = False log_opt_values /usr/lib/python3/dist-packages/oslo_config/cfg.py:2609
2025-02-13 00:40:34.314 144747 DEBUG oslo_service.service [req-62d41d64-3be1-4259-9f14-ae84fdcb71d0 - - - - -] database.mysql_sql_mode = TRADITIONAL log_opt_values /usr/lib/python3/dist-packages/oslo_config/cfg.py:2609
2025-02-13 00:40:34.315 144747 DEBUG oslo_service.service [req-62d41d64-3be1-4259-9f14-ae84fdcb71d0 - - - - -] database.pool_timeout = None log_opt_values /usr/lib/python3/dist-packages/oslo_config/cfg.py:2609
2025-02-13 00:40:34.315 144747 DEBUG oslo_service.service [req-62d41d64-3be1-4259-9f14-ae84fdcb71d0 - - - - -] database.retry_interval = 10 log_opt_values /usr/lib/python3/dist-packages/oslo_config/cfg.py:2609
2025-02-13 00:40:34.315 144747 DEBUG oslo_service.service [req-62d41d64-3be1-4259-9f14-ae84fdcb71d0 - - - - -] database.slave_connection = **** log_opt_values /usr/lib/python3/dist-packages/oslo_config/cfg.py:2609
2025-02-13 00:40:34.315 144747 DEBUG oslo_service.service [req-62d41d64-3be1-4259-9f14-ae84fdcb71d0 - - - - -] database.sqlite_synchronous = True log_opt_values /usr/lib/python3/dist-packages/oslo_config/cfg.py:2609
2025-02-13 00:40:34.315 144747 DEBUG oslo_service.service [req-62d41d64-3be1-4259-9f14-ae84fdcb71d0 - - - - -] database.use_db_reconnect = False log_opt_values /usr/lib/python3/dist-packages/oslo_config/cfg.py:2609
2025-02-13 00:40:34.316 144747 DEBUG oslo_service.service [req-62d41d64-3be1-4259-9f14-ae84fdcb71d0 - - - - -] api_database.backend = sqlalchemy log_opt_values /usr/lib/python3/dist-packages/oslo_config/cfg.py:2609
2025-02-13 00:40:34.316 144747 DEBUG oslo_service.service [req-62d41d64-3be1-4259-9f14-ae84fdcb71d0 - - - - -] api_database.connection = **** log_opt_values /usr/lib/python3/dist-packages/oslo_config/cfg.py:2609
2025-02-13 00:40:34.316 144747 DEBUG oslo_service.service [req-62d41d64-3be1-4259-9f14-ae84fdcb71d0 - - - - -] api_database.connection_debug = 0 log_opt_values /usr/lib/python3/dist-packages/oslo_config/cfg.py:2609
2025-02-13 00:40:34.316 144747 DEBUG oslo_service.service [req-62d41d64-3be1-4259-9f14-ae84fdcb71d0 - - - - -] api_database.connection_parameters = log_opt_values /usr/lib/python3/dist-packages/oslo_config/cfg.py:2609
2025-02-13 00:40:34.316 145063 DEBUG oslo_messaging._drivers.amqpdriver [-] Listener is running poll /usr/lib/python3/dist-packages/oslo_messaging/_drivers/amqpdriver.py:343
2025-02-13 00:40:34.316 144747 DEBUG oslo_service.service [req-62d41d64-3be1-4259-9f14-ae84fdcb71d0 - - - - -] api_database.connection_recycle_time = 3600 log_opt_values /usr/lib/python3/dist-packages/oslo_config/cfg.py:2609
2025-02-13 00:40:34.316 145063 DEBUG oslo_messaging._drivers.amqpdriver [-] AMQPListener connection consume poll /usr/lib/python3/dist-packages/oslo_messaging/_drivers/amqpdriver.py:357
2025-02-13 00:40:34.316 144747 DEBUG oslo_service.service [req-62d41d64-3be1-4259-9f14-ae84fdcb71d0 - - - - -] api_database.connection_trace = False log_opt_values /usr/lib/python3/dist-packages/oslo_config/cfg.py:2609
2025-02-13 00:40:34.317 144747 DEBUG oslo_service.service [req-62d41d64-3be1-4259-9f14-ae84fdcb71d0 - - - - -] api_database.db_inc_retry_interval = True log_opt_values /usr/lib/python3/dist-packages/oslo_config/cfg.py:2609
2025-02-13 00:40:34.317 144747 DEBUG oslo_service.service [req-62d41d64-3be1-4259-9f14-ae84fdcb71d0 - - - - -] api_database.db_max_retries = 20 log_opt_values /usr/lib/python3/dist-packages/oslo_config/cfg.py:2609
2025-02-13 00:40:34.317 144747 DEBUG oslo_service.service [req-62d41d64-3be1-4259-9f14-ae84fdcb71d0 - - - - -] api_database.db_max_retry_interval = 10 log_opt_values /usr/lib/python3/dist-packages/oslo_config/cfg.py:2609
2025-02-13 00:40:34.317 144747 DEBUG oslo_service.service [req-62d41d64-3be1-4259-9f14-ae84fdcb71d0 - - - - -] api_database.db_retry_interval = 1 log_opt_values /usr/lib/python3/dist-packages/oslo_config/cfg.py:2609
2025-02-13 00:40:34.317 144747 DEBUG oslo_service.service [req-62d41d64-3be1-4259-9f14-ae84fdcb71d0 - - - - -] api_database.max_overflow = 50 log_opt_values /usr/lib/python3/dist-packages/oslo_config/cfg.py:2609
2025-02-13 00:40:34.317 145063 DEBUG nova.service [req-d83a1fdf-788e-4414-95dc-0f66b85b2801 - - - - -] Join ServiceGroup membership for this service scheduler start /usr/lib/python3/dist-packages/nova/service.py:199
2025-02-13 00:40:34.318 144747 DEBUG oslo_service.service [req-62d41d64-3be1-4259-9f14-ae84fdcb71d0 - - - - -] api_database.max_pool_size = 4 log_opt_values /usr/lib/python3/dist-packages/oslo_config/cfg.py:2609
2025-02-13 00:40:34.318 144747 DEBUG oslo_service.service [req-62d41d64-3be1-4259-9f14-ae84fdcb71d0 - - - - -] api_database.max_retries = 10 log_opt_values /usr/lib/python3/dist-packages/oslo_config/cfg.py:2609
2025-02-13 00:40:34.318 145063 DEBUG nova.servicegroup.drivers.db [req-d83a1fdf-788e-4414-95dc-0f66b85b2801 - - - - -] DB_Driver: join new ServiceGroup member juju-29031e-0-lxd-7 to the scheduler group, service = join /usr/lib/python3/dist-packages/nova/servicegroup/drivers/db.py:44
2025-02-13 00:40:34.318 144747 DEBUG oslo_service.service [req-62d41d64-3be1-4259-9f14-ae84fdcb71d0 - - - - -] api_database.mysql_enable_ndb = False log_opt_values /usr/lib/python3/dist-packages/oslo_config/cfg.py:2609
2025-02-13 00:40:34.318 144747 DEBUG oslo_service.service [req-62d41d64-3be1-4259-9f14-ae84fdcb71d0 - - - - -] api_database.mysql_sql_mode = TRADITIONAL log_opt_values /usr/lib/python3/dist-packages/oslo_config/cfg.py:2609
2025-02-13 00:40:34.318 144747 DEBUG oslo_service.service [req-62d41d64-3be1-4259-9f14-ae84fdcb71d0 - - - - -] api_database.pool_timeout = None log_opt_values /usr/lib/python3/dist-packages/oslo_config/cfg.py:2609
2025-02-13 00:40:34.319 144747 DEBUG oslo_service.service [req-62d41d64-3be1-4259-9f14-ae84fdcb71d0 - - - - -] api_database.retry_interval = 10 log_opt_values /usr/lib/python3/dist-packages/oslo_config/cfg.py:2609
2025-02-13 00:40:34.319 144747 DEBUG oslo_service.service [req-62d41d64-3be1-4259-9f14-ae84fdcb71d0 - - - - -] api_database.slave_connection = **** log_opt_values /usr/lib/python3/dist-packages/oslo_config/cfg.py:2609
2025-02-13 00:40:34.319 144747 DEBUG oslo_service.service [req-62d41d64-3be1-4259-9f14-ae84fdcb71d0 - - - - -] api_database.sqlite_synchronous = True log_opt_values /usr/lib/python3/dist-packages/oslo_config/cfg.py:2609
2025-02-13 00:40:34.320 144747 DEBUG oslo_service.service [req-62d41d64-3be1-4259-9f14-ae84fdcb71d0 - - - - -] devices.enabled_mdev_types = [] log_opt_values /usr/lib/python3/dist-packages/oslo_config/cfg.py:2609
2025-02-13 00:40:34.320 144747 DEBUG oslo_service.service [req-62d41d64-3be1-4259-9f14-ae84fdcb71d0 - - - - -] ephemeral_storage_encryption.cipher = aes-xts-plain64 log_opt_values /usr/lib/python3/dist-packages/oslo_config/cfg.py:2609
2025-02-13 00:40:34.320 144747 DEBUG oslo_service.service [req-62d41d64-3be1-4259-9f14-ae84fdcb71d0 - - - - -] ephemeral_storage_encryption.enabled = False log_opt_values /usr/lib/python3/dist-packages/oslo_config/cfg.py:2609
2025-02-13 00:40:34.320 144747 DEBUG oslo_service.service [req-62d41d64-3be1-4259-9f14-ae84fdcb71d0 - - - - -] ephemeral_storage_encryption.key_size = 512 log_opt_values /usr/lib/python3/dist-packages/oslo_config/cfg.py:2609
2025-02-13 00:40:34.320 144747 WARNING oslo_config.cfg [req-62d41d64-3be1-4259-9f14-ae84fdcb71d0 - - - - -] Deprecated: Option "api_servers" from group "glance" is deprecated for removal ( Support for image service configuration via standard keystoneauth1 Adapter options was added in the 17.0.0 Queens release. The api_servers option was retained temporarily to allow consumers time to cut over to a real load balancing solution. ). Its value may be silently ignored in the future.
2025-02-13 00:40:34.321 144747 DEBUG oslo_service.service [req-62d41d64-3be1-4259-9f14-ae84fdcb71d0 - - - - -] glance.api_servers = ['http://252.17.53.59:9292'] log_opt_values /usr/lib/python3/dist-packages/oslo_config/cfg.py:2609
2025-02-13 00:40:34.321 144747 DEBUG oslo_service.service [req-62d41d64-3be1-4259-9f14-ae84fdcb71d0 - - - - -] glance.cafile = None log_opt_values /usr/lib/python3/dist-packages/oslo_config/cfg.py:2609
2025-02-13 00:40:34.321 144747 DEBUG oslo_service.service [req-62d41d64-3be1-4259-9f14-ae84fdcb71d0 - - - - -] glance.certfile = None log_opt_values /usr/lib/python3/dist-packages/oslo_config/cfg.py:2609
2025-02-13 00:40:34.321 145061 DEBUG oslo_messaging._drivers.amqpdriver [-] Listener is running poll /usr/lib/python3/dist-packages/oslo_messaging/_drivers/amqpdriver.py:343
2025-02-13 00:40:34.321 144747 DEBUG oslo_service.service [req-62d41d64-3be1-4259-9f14-ae84fdcb71d0 - - - - -] glance.collect_timing = False log_opt_values /usr/lib/python3/dist-packages/oslo_config/cfg.py:2609
2025-02-13 00:40:34.321 145063 DEBUG oslo_messaging._drivers.amqpdriver [-] AMQPListener connection timeout poll /usr/lib/python3/dist-packages/oslo_messaging/_drivers/amqpdriver.py:360
2025-02-13 00:40:34.321 145061 DEBUG oslo_messaging._drivers.amqpdriver [-] AMQPListener connection consume poll /usr/lib/python3/dist-packages/oslo_messaging/_drivers/amqpdriver.py:357
2025-02-13 00:40:34.321 144747 DEBUG oslo_service.service [req-62d41d64-3be1-4259-9f14-ae84fdcb71d0 - - - - -] glance.connect_retries = None log_opt_values /usr/lib/python3/dist-packages/oslo_config/cfg.py:2609
2025-02-13 00:40:34.322 145063 DEBUG oslo_messaging._drivers.amqpdriver [-] Listener is running poll /usr/lib/python3/dist-packages/oslo_messaging/_drivers/amqpdriver.py:343
2025-02-13 00:40:34.322 145063 DEBUG oslo_messaging._drivers.amqpdriver [-] AMQPListener connection consume poll /usr/lib/python3/dist-packages/oslo_messaging/_drivers/amqpdriver.py:357
2025-02-13 00:40:34.322 144747 DEBUG oslo_service.service [req-62d41d64-3be1-4259-9f14-ae84fdcb71d0 - - - - -] glance.connect_retry_delay = None log_opt_values /usr/lib/python3/dist-packages/oslo_config/cfg.py:2609
2025-02-13 00:40:34.322 144747 DEBUG oslo_service.service [req-62d41d64-3be1-4259-9f14-ae84fdcb71d0 - - - - -] glance.debug = False log_opt_values /usr/lib/python3/dist-packages/oslo_config/cfg.py:2609
2025-02-13 00:40:34.322 144747 DEBUG oslo_service.service [req-62d41d64-3be1-4259-9f14-ae84fdcb71d0 - - - - -] glance.default_trusted_certificate_ids = [] log_opt_values /usr/lib/python3/dist-packages/oslo_config/cfg.py:2609
2025-02-13 00:40:34.322 144747 DEBUG oslo_service.service [req-62d41d64-3be1-4259-9f14-ae84fdcb71d0 - - - - -] glance.enable_certificate_validation = False log_opt_values /usr/lib/python3/dist-packages/oslo_config/cfg.py:2609
2025-02-13 00:40:34.322 145061 DEBUG nova.service [req-09ed546d-3989-4f2f-91ab-4a843ec0a7ed - - - - -] Join ServiceGroup membership for this service scheduler start /usr/lib/python3/dist-packages/nova/service.py:199
2025-02-13 00:40:34.322 144747 DEBUG oslo_service.service [req-62d41d64-3be1-4259-9f14-ae84fdcb71d0 - - - - -] glance.enable_rbd_download = False log_opt_values /usr/lib/python3/dist-packages/oslo_config/cfg.py:2609
2025-02-13 00:40:34.322 145061 DEBUG nova.servicegroup.drivers.db [req-09ed546d-3989-4f2f-91ab-4a843ec0a7ed - - - - -] DB_Driver: join new ServiceGroup member juju-29031e-0-lxd-7 to the scheduler group, service = join /usr/lib/python3/dist-packages/nova/servicegroup/drivers/db.py:44
2025-02-13 00:40:34.323 144747 DEBUG oslo_service.service [req-62d41d64-3be1-4259-9f14-ae84fdcb71d0 - - - - -] glance.endpoint_override = None log_opt_values /usr/lib/python3/dist-packages/oslo_config/cfg.py:2609
2025-02-13 00:40:34.323 144747 DEBUG oslo_service.service [req-62d41d64-3be1-4259-9f14-ae84fdcb71d0 - - - - -] glance.insecure = False log_opt_values /usr/lib/python3/dist-packages/oslo_config/cfg.py:2609
2025-02-13 00:40:34.324 144747 DEBUG oslo_service.service [req-62d41d64-3be1-4259-9f14-ae84fdcb71d0 - - - - -] glance.keyfile = None log_opt_values /usr/lib/python3/dist-packages/oslo_config/cfg.py:2609
2025-02-13 00:40:34.324 144747 DEBUG oslo_service.service [req-62d41d64-3be1-4259-9f14-ae84fdcb71d0 - - - - -] glance.max_version = None log_opt_values /usr/lib/python3/dist-packages/oslo_config/cfg.py:2609
2025-02-13 00:40:34.324 144747 DEBUG oslo_service.service [req-62d41d64-3be1-4259-9f14-ae84fdcb71d0 - - - - -] glance.min_version = None log_opt_values /usr/lib/python3/dist-packages/oslo_config/cfg.py:2609
2025-02-13 00:40:34.324 144747 DEBUG oslo_service.service [req-62d41d64-3be1-4259-9f14-ae84fdcb71d0 - - - - -] glance.num_retries = 3 log_opt_values /usr/lib/python3/dist-packages/oslo_config/cfg.py:2609
2025-02-13 00:40:34.324 144747 DEBUG oslo_service.service [req-62d41d64-3be1-4259-9f14-ae84fdcb71d0 - - - - -] glance.rbd_ceph_conf = log_opt_values /usr/lib/python3/dist-packages/oslo_config/cfg.py:2609
2025-02-13 00:40:34.325 144747 DEBUG oslo_service.service [req-62d41d64-3be1-4259-9f14-ae84fdcb71d0 - - - - -] glance.rbd_connect_timeout = 5 log_opt_values /usr/lib/python3/dist-packages/oslo_config/cfg.py:2609
2025-02-13 00:40:34.325 144747 DEBUG oslo_service.service [req-62d41d64-3be1-4259-9f14-ae84fdcb71d0 - - - - -] glance.rbd_pool = log_opt_values /usr/lib/python3/dist-packages/oslo_config/cfg.py:2609
2025-02-13 00:40:34.325 144747 DEBUG oslo_service.service [req-62d41d64-3be1-4259-9f14-ae84fdcb71d0 - - - - -] glance.rbd_user = log_opt_values /usr/lib/python3/dist-packages/oslo_config/cfg.py:2609
2025-02-13 00:40:34.325 144747 DEBUG oslo_service.service [req-62d41d64-3be1-4259-9f14-ae84fdcb71d0 - - - - -] glance.region_name = None log_opt_values /usr/lib/python3/dist-packages/oslo_config/cfg.py:2609
2025-02-13 00:40:34.325 144747 DEBUG oslo_service.service [req-62d41d64-3be1-4259-9f14-ae84fdcb71d0 - - - - -] glance.service_name = None log_opt_values /usr/lib/python3/dist-packages/oslo_config/cfg.py:2609
2025-02-13 00:40:34.326 144747 DEBUG oslo_service.service [req-62d41d64-3be1-4259-9f14-ae84fdcb71d0 - - - - -] glance.service_type = image log_opt_values /usr/lib/python3/dist-packages/oslo_config/cfg.py:2609
2025-02-13 00:40:34.326 144747 DEBUG oslo_service.service [req-62d41d64-3be1-4259-9f14-ae84fdcb71d0 - - - - -] glance.split_loggers = False log_opt_values /usr/lib/python3/dist-packages/oslo_config/cfg.py:2609
2025-02-13 00:40:34.326 144747 DEBUG oslo_service.service [req-62d41d64-3be1-4259-9f14-ae84fdcb71d0 - - - - -] glance.status_code_retries = None log_opt_values /usr/lib/python3/dist-packages/oslo_config/cfg.py:2609
2025-02-13 00:40:34.326 144747 DEBUG oslo_service.service [req-62d41d64-3be1-4259-9f14-ae84fdcb71d0 - - - - -] glance.status_code_retry_delay = None log_opt_values /usr/lib/python3/dist-packages/oslo_config/cfg.py:2609
2025-02-13 00:40:34.326 144747 DEBUG oslo_service.service [req-62d41d64-3be1-4259-9f14-ae84fdcb71d0 - - - - -] glance.timeout = None log_opt_values /usr/lib/python3/dist-packages/oslo_config/cfg.py:2609
2025-02-13 00:40:34.326 144747 DEBUG oslo_service.service [req-62d41d64-3be1-4259-9f14-ae84fdcb71d0 - - - - -] glance.valid_interfaces = ['internal', 'public'] log_opt_values /usr/lib/python3/dist-packages/oslo_config/cfg.py:2609
2025-02-13 00:40:34.327 144747 DEBUG oslo_service.service [req-62d41d64-3be1-4259-9f14-ae84fdcb71d0 - - - - -] glance.verify_glance_signatures = False log_opt_values /usr/lib/python3/dist-packages/oslo_config/cfg.py:2609
2025-02-13 00:40:34.326 145061 DEBUG oslo_messaging._drivers.amqpdriver [-] AMQPListener connection timeout poll /usr/lib/python3/dist-packages/oslo_messaging/_drivers/amqpdriver.py:360
2025-02-13 00:40:34.327 144747 DEBUG oslo_service.service [req-62d41d64-3be1-4259-9f14-ae84fdcb71d0 - - - - -] glance.version = None log_opt_values /usr/lib/python3/dist-packages/oslo_config/cfg.py:2609
2025-02-13 00:40:34.327 145061 DEBUG oslo_messaging._drivers.amqpdriver [-] Listener is running poll /usr/lib/python3/dist-packages/oslo_messaging/_drivers/amqpdriver.py:343
2025-02-13 00:40:34.327 145061 DEBUG oslo_messaging._drivers.amqpdriver [-] AMQPListener connection consume poll /usr/lib/python3/dist-packages/oslo_messaging/_drivers/amqpdriver.py:357
2025-02-13 00:40:34.327 144747 DEBUG oslo_service.service [req-62d41d64-3be1-4259-9f14-ae84fdcb71d0 - - - - -] guestfs.debug = False log_opt_values /usr/lib/python3/dist-packages/oslo_config/cfg.py:2609
2025-02-13 00:40:34.327 144747 DEBUG oslo_service.service [req-62d41d64-3be1-4259-9f14-ae84fdcb71d0 - - - - -] hyperv.config_drive_cdrom = False log_opt_values /usr/lib/python3/dist-packages/oslo_config/cfg.py:2609
2025-02-13 00:40:34.327 144747 DEBUG oslo_service.service [req-62d41d64-3be1-4259-9f14-ae84fdcb71d0 - - - - -] hyperv.config_drive_inject_password = False log_opt_values /usr/lib/python3/dist-packages/oslo_config/cfg.py:2609
2025-02-13 00:40:34.327 144747 DEBUG oslo_service.service [req-62d41d64-3be1-4259-9f14-ae84fdcb71d0 - - - - -] hyperv.dynamic_memory_ratio = 1.0 log_opt_values /usr/lib/python3/dist-packages/oslo_config/cfg.py:2609
2025-02-13 00:40:34.328 144747 DEBUG oslo_service.service [req-62d41d64-3be1-4259-9f14-ae84fdcb71d0 - - - - -] hyperv.enable_instance_metrics_collection = False log_opt_values /usr/lib/python3/dist-packages/oslo_config/cfg.py:2609
2025-02-13 00:40:34.328 144747 DEBUG oslo_service.service [req-62d41d64-3be1-4259-9f14-ae84fdcb71d0 - - - - -] hyperv.enable_remotefx = False log_opt_values /usr/lib/python3/dist-packages/oslo_config/cfg.py:2609
2025-02-13 00:40:34.328 144747 DEBUG oslo_service.service [req-62d41d64-3be1-4259-9f14-ae84fdcb71d0 - - - - -] hyperv.instances_path_share = log_opt_values /usr/lib/python3/dist-packages/oslo_config/cfg.py:2609
2025-02-13 00:40:34.328 144747 DEBUG oslo_service.service [req-62d41d64-3be1-4259-9f14-ae84fdcb71d0 - - - - -] hyperv.iscsi_initiator_list = [] log_opt_values /usr/lib/python3/dist-packages/oslo_config/cfg.py:2609
2025-02-13 00:40:34.328 144747 DEBUG oslo_service.service [req-62d41d64-3be1-4259-9f14-ae84fdcb71d0 - - - - -] hyperv.limit_cpu_features = False log_opt_values /usr/lib/python3/dist-packages/oslo_config/cfg.py:2609
2025-02-13 00:40:34.328 145062 DEBUG nova.service [req-8b4b8327-1fa9-465d-afb9-fe708e369e83 - - - - -] Creating RPC server for service scheduler start /usr/lib/python3/dist-packages/nova/service.py:182
2025-02-13 00:40:34.328 145064 DEBUG oslo_messaging._drivers.amqpdriver [-] Listener is running poll /usr/lib/python3/dist-packages/oslo_messaging/_drivers/amqpdriver.py:343
2025-02-13 00:40:34.329 144747 DEBUG oslo_service.service [req-62d41d64-3be1-4259-9f14-ae84fdcb71d0 - - - - -] hyperv.mounted_disk_query_retry_count = 10 log_opt_values /usr/lib/python3/dist-packages/oslo_config/cfg.py:2609
2025-02-13 00:40:34.329 145064 DEBUG oslo_messaging._drivers.amqpdriver [-] AMQPListener connection consume poll /usr/lib/python3/dist-packages/oslo_messaging/_drivers/amqpdriver.py:357
2025-02-13 00:40:34.329 144747 DEBUG oslo_service.service [req-62d41d64-3be1-4259-9f14-ae84fdcb71d0 - - - - -] hyperv.mounted_disk_query_retry_interval = 5 log_opt_values /usr/lib/python3/dist-packages/oslo_config/cfg.py:2609
2025-02-13 00:40:34.329 144747 DEBUG oslo_service.service [req-62d41d64-3be1-4259-9f14-ae84fdcb71d0 - - - - -] hyperv.power_state_check_timeframe = 60 log_opt_values /usr/lib/python3/dist-packages/oslo_config/cfg.py:2609
2025-02-13 00:40:34.329 144747 DEBUG oslo_service.service [req-62d41d64-3be1-4259-9f14-ae84fdcb71d0 - - - - -] hyperv.power_state_event_polling_interval = 2 log_opt_values /usr/lib/python3/dist-packages/oslo_config/cfg.py:2609
2025-02-13 00:40:34.329 144747 DEBUG oslo_service.service [req-62d41d64-3be1-4259-9f14-ae84fdcb71d0 - - - - -] hyperv.qemu_img_cmd = qemu-img.exe log_opt_values /usr/lib/python3/dist-packages/oslo_config/cfg.py:2609
2025-02-13 00:40:34.329 144747 DEBUG oslo_service.service [req-62d41d64-3be1-4259-9f14-ae84fdcb71d0 - - - - -] hyperv.use_multipath_io = False log_opt_values /usr/lib/python3/dist-packages/oslo_config/cfg.py:2609
2025-02-13 00:40:34.329 145064 DEBUG nova.service [req-74c1e0f9-a380-42bb-8785-093899e822f6 - - - - -] Join ServiceGroup membership for this service scheduler start /usr/lib/python3/dist-packages/nova/service.py:199
2025-02-13 00:40:34.330 144747 DEBUG oslo_service.service [req-62d41d64-3be1-4259-9f14-ae84fdcb71d0 - - - - -] hyperv.volume_attach_retry_count = 10 log_opt_values /usr/lib/python3/dist-packages/oslo_config/cfg.py:2609
2025-02-13 00:40:34.330 144747 DEBUG oslo_service.service [req-62d41d64-3be1-4259-9f14-ae84fdcb71d0 - - - - -] hyperv.volume_attach_retry_interval = 5 log_opt_values /usr/lib/python3/dist-packages/oslo_config/cfg.py:2609
2025-02-13 00:40:34.330 145064 DEBUG nova.servicegroup.drivers.db [req-74c1e0f9-a380-42bb-8785-093899e822f6 - - - - -] DB_Driver: join new ServiceGroup member juju-29031e-0-lxd-7 to the scheduler group, service = join /usr/lib/python3/dist-packages/nova/servicegroup/drivers/db.py:44
2025-02-13 00:40:34.330 144747 DEBUG oslo_service.service [req-62d41d64-3be1-4259-9f14-ae84fdcb71d0 - - - - -] hyperv.vswitch_name = None log_opt_values /usr/lib/python3/dist-packages/oslo_config/cfg.py:2609
2025-02-13 00:40:34.330 144747 DEBUG oslo_service.service [req-62d41d64-3be1-4259-9f14-ae84fdcb71d0 - - - - -] hyperv.wait_soft_reboot_seconds = 60 log_opt_values /usr/lib/python3/dist-packages/oslo_config/cfg.py:2609
2025-02-13 00:40:34.330 144747 DEBUG oslo_service.service [req-62d41d64-3be1-4259-9f14-ae84fdcb71d0 - - - - -] mks.enabled = False log_opt_values /usr/lib/python3/dist-packages/oslo_config/cfg.py:2609
2025-02-13 00:40:34.331 144747 DEBUG oslo_service.service [req-62d41d64-3be1-4259-9f14-ae84fdcb71d0 - - - - -] mks.mksproxy_base_url = http://127.0.0.1:6090/ log_opt_values /usr/lib/python3/dist-packages/oslo_config/cfg.py:2609
2025-02-13 00:40:34.331 144747 DEBUG oslo_service.service [req-62d41d64-3be1-4259-9f14-ae84fdcb71d0 - - - - -] image_cache.manager_interval = 2400 log_opt_values /usr/lib/python3/dist-packages/oslo_config/cfg.py:2609
2025-02-13 00:40:34.332 144747 DEBUG oslo_service.service [req-62d41d64-3be1-4259-9f14-ae84fdcb71d0 - - - - -] image_cache.precache_concurrency = 1 log_opt_values /usr/lib/python3/dist-packages/oslo_config/cfg.py:2609
2025-02-13 00:40:34.332 144747 DEBUG oslo_service.service [req-62d41d64-3be1-4259-9f14-ae84fdcb71d0 - - - - -] image_cache.remove_unused_base_images = True log_opt_values /usr/lib/python3/dist-packages/oslo_config/cfg.py:2609
2025-02-13 00:40:34.332 144747 DEBUG oslo_service.service [req-62d41d64-3be1-4259-9f14-ae84fdcb71d0 - - - - -] image_cache.remove_unused_original_minimum_age_seconds = 86400 log_opt_values /usr/lib/python3/dist-packages/oslo_config/cfg.py:2609
2025-02-13 00:40:34.332 144747 DEBUG oslo_service.service [req-62d41d64-3be1-4259-9f14-ae84fdcb71d0 - - - - -] image_cache.remove_unused_resized_minimum_age_seconds = 3600 log_opt_values /usr/lib/python3/dist-packages/oslo_config/cfg.py:2609
2025-02-13 00:40:34.332 144747 DEBUG oslo_service.service [req-62d41d64-3be1-4259-9f14-ae84fdcb71d0 - - - - -] image_cache.subdirectory_name = _base log_opt_values /usr/lib/python3/dist-packages/oslo_config/cfg.py:2609
2025-02-13 00:40:34.333 144747 DEBUG oslo_service.service [req-62d41d64-3be1-4259-9f14-ae84fdcb71d0 - - - - -] ironic.api_max_retries = 60 log_opt_values /usr/lib/python3/dist-packages/oslo_config/cfg.py:2609
2025-02-13 00:40:34.333 145064 DEBUG oslo_messaging._drivers.amqpdriver [-] AMQPListener connection timeout poll /usr/lib/python3/dist-packages/oslo_messaging/_drivers/amqpdriver.py:360
