2025-02-13 00:40:03.661 133974 DEBUG oslo_concurrency.lockutils [req-b78f2cbd-f374-482b-9c36-3f0b096f94fb - - - - -] Lock "00000000-0000-0000-0000-000000000000" "released" by "nova.context.set_target_cell..get_or_set_cached_cell_and_set_connections" :: held 0.001s inner /usr/lib/python3/dist-packages/oslo_concurrency/lockutils.py:400
2025-02-13 00:40:03.662 133974 DEBUG oslo_concurrency.lockutils [req-b78f2cbd-f374-482b-9c36-3f0b096f94fb - - - - -] Lock "303c1fd5-ef3a-4a0b-b45b-d3bbf077265a" acquired by "nova.context.set_target_cell..get_or_set_cached_cell_and_set_connections" :: waited 0.000s inner /usr/lib/python3/dist-packages/oslo_concurrency/lockutils.py:386
2025-02-13 00:40:03.663 133974 DEBUG oslo_concurrency.lockutils [req-b78f2cbd-f374-482b-9c36-3f0b096f94fb - - - - -] Lock "303c1fd5-ef3a-4a0b-b45b-d3bbf077265a" "released" by "nova.context.set_target_cell..get_or_set_cached_cell_and_set_connections" :: held 0.001s inner /usr/lib/python3/dist-packages/oslo_concurrency/lockutils.py:400
2025-02-13 00:40:03.673 133974 DEBUG oslo_db.sqlalchemy.engines [req-b78f2cbd-f374-482b-9c36-3f0b096f94fb - - - - -] MySQL server mode set to STRICT_TRANS_TABLES,STRICT_ALL_TABLES,NO_ZERO_IN_DATE,NO_ZERO_DATE,ERROR_FOR_DIVISION_BY_ZERO,TRADITIONAL,NO_ENGINE_SUBSTITUTION _check_effective_sql_mode /usr/lib/python3/dist-packages/oslo_db/sqlalchemy/engines.py:314
2025-02-13 00:40:03.753 133974 DEBUG oslo_db.sqlalchemy.engines [req-b78f2cbd-f374-482b-9c36-3f0b096f94fb - - - - -] MySQL server mode set to STRICT_TRANS_TABLES,STRICT_ALL_TABLES,NO_ZERO_IN_DATE,NO_ZERO_DATE,ERROR_FOR_DIVISION_BY_ZERO,TRADITIONAL,NO_ENGINE_SUBSTITUTION _check_effective_sql_mode /usr/lib/python3/dist-packages/oslo_db/sqlalchemy/engines.py:314
2025-02-13 00:40:03.769 133974 DEBUG oslo_concurrency.lockutils [req-b78f2cbd-f374-482b-9c36-3f0b096f94fb - - - - -] Acquired lock "singleton_lock" lock /usr/lib/python3/dist-packages/oslo_concurrency/lockutils.py:294
2025-02-13 00:40:03.769 133974 DEBUG oslo_concurrency.lockutils [req-b78f2cbd-f374-482b-9c36-3f0b096f94fb - - - - -] Releasing lock "singleton_lock" lock /usr/lib/python3/dist-packages/oslo_concurrency/lockutils.py:312
2025-02-13 00:40:03.769 133974 INFO oslo_service.service [req-b78f2cbd-f374-482b-9c36-3f0b096f94fb - - - - -] Starting 4 workers
2025-02-13 00:40:03.774 133974 DEBUG oslo_service.service [req-b78f2cbd-f374-482b-9c36-3f0b096f94fb - - - - -] Started child 134920 _start_child /usr/lib/python3/dist-packages/oslo_service/service.py:575
2025-02-13 00:40:03.779 134920 INFO nova.service [-] Starting conductor node (version 25.2.1)
2025-02-13 00:40:03.780 133974 DEBUG oslo_service.service [req-b78f2cbd-f374-482b-9c36-3f0b096f94fb - - - - -] Started child 134926 _start_child /usr/lib/python3/dist-packages/oslo_service/service.py:575
2025-02-13 00:40:03.786 134926 INFO nova.service [-] Starting conductor node (version 25.2.1)
2025-02-13 00:40:03.796 133974 DEBUG oslo_service.service [req-b78f2cbd-f374-482b-9c36-3f0b096f94fb - - - - -] Started child 134931 _start_child /usr/lib/python3/dist-packages/oslo_service/service.py:575
2025-02-13 00:40:03.800 134920 DEBUG oslo_db.sqlalchemy.engines [req-619a766b-0f4f-40bb-bb05-e0f1f7a39827 - - - - -] MySQL server mode set to STRICT_TRANS_TABLES,STRICT_ALL_TABLES,NO_ZERO_IN_DATE,NO_ZERO_DATE,ERROR_FOR_DIVISION_BY_ZERO,TRADITIONAL,NO_ENGINE_SUBSTITUTION _check_effective_sql_mode /usr/lib/python3/dist-packages/oslo_db/sqlalchemy/engines.py:314
2025-02-13 00:40:03.801 134926 DEBUG oslo_db.sqlalchemy.engines [req-42789898-d962-4387-8632-86dac38d6111 - - - - -] MySQL server mode set to STRICT_TRANS_TABLES,STRICT_ALL_TABLES,NO_ZERO_IN_DATE,NO_ZERO_DATE,ERROR_FOR_DIVISION_BY_ZERO,TRADITIONAL,NO_ENGINE_SUBSTITUTION _check_effective_sql_mode /usr/lib/python3/dist-packages/oslo_db/sqlalchemy/engines.py:314
2025-02-13 00:40:03.806 134931 INFO nova.service [-] Starting conductor node (version 25.2.1)
2025-02-13 00:40:03.805 133974 DEBUG oslo_service.service [req-b78f2cbd-f374-482b-9c36-3f0b096f94fb - - - - -] Started child 134932 _start_child /usr/lib/python3/dist-packages/oslo_service/service.py:575
2025-02-13 00:40:03.811 133974 DEBUG oslo_service.service [req-b78f2cbd-f374-482b-9c36-3f0b096f94fb - - - - -] Full set of CONF: wait /usr/lib/python3/dist-packages/oslo_service/service.py:649
2025-02-13 00:40:03.811 133974 DEBUG oslo_service.service [req-b78f2cbd-f374-482b-9c36-3f0b096f94fb - - - - -] ******************************************************************************** log_opt_values /usr/lib/python3/dist-packages/oslo_config/cfg.py:2589
2025-02-13 00:40:03.812 133974 DEBUG oslo_service.service [req-b78f2cbd-f374-482b-9c36-3f0b096f94fb - - - - -] Configuration options gathered from: log_opt_values /usr/lib/python3/dist-packages/oslo_config/cfg.py:2590
2025-02-13 00:40:03.812 133974 DEBUG oslo_service.service [req-b78f2cbd-f374-482b-9c36-3f0b096f94fb - - - - -] command line args: ['--config-file=/etc/nova/nova.conf', '--log-file=/var/log/nova/nova-conductor.log'] log_opt_values /usr/lib/python3/dist-packages/oslo_config/cfg.py:2591
2025-02-13 00:40:03.814 133974 DEBUG oslo_service.service [req-b78f2cbd-f374-482b-9c36-3f0b096f94fb - - - - -] config files: ['/etc/nova/nova.conf'] log_opt_values /usr/lib/python3/dist-packages/oslo_config/cfg.py:2592
2025-02-13 00:40:03.814 133974 DEBUG oslo_service.service [req-b78f2cbd-f374-482b-9c36-3f0b096f94fb - - - - -] ================================================================================ log_opt_values /usr/lib/python3/dist-packages/oslo_config/cfg.py:2594
2025-02-13 00:40:03.815 133974 DEBUG oslo_service.service [req-b78f2cbd-f374-482b-9c36-3f0b096f94fb - - - - -] allow_resize_to_same_host = False log_opt_values /usr/lib/python3/dist-packages/oslo_config/cfg.py:2602
2025-02-13 00:40:03.816 133974 DEBUG oslo_service.service [req-b78f2cbd-f374-482b-9c36-3f0b096f94fb - - - - -] arq_binding_timeout = 300 log_opt_values /usr/lib/python3/dist-packages/oslo_config/cfg.py:2602
2025-02-13 00:40:03.816 133974 DEBUG oslo_service.service [req-b78f2cbd-f374-482b-9c36-3f0b096f94fb - - - - -] block_device_allocate_retries = 60 log_opt_values /usr/lib/python3/dist-packages/oslo_config/cfg.py:2602
2025-02-13 00:40:03.817 133974 DEBUG oslo_service.service [req-b78f2cbd-f374-482b-9c36-3f0b096f94fb - - - - -] block_device_allocate_retries_interval = 3 log_opt_values /usr/lib/python3/dist-packages/oslo_config/cfg.py:2602
2025-02-13 00:40:03.817 133974 DEBUG oslo_service.service [req-b78f2cbd-f374-482b-9c36-3f0b096f94fb - - - - -] cert = self.pem log_opt_values /usr/lib/python3/dist-packages/oslo_config/cfg.py:2602
2025-02-13 00:40:03.817 133974 DEBUG oslo_service.service [req-b78f2cbd-f374-482b-9c36-3f0b096f94fb - - - - -] compute_driver = libvirt.LibvirtDriver log_opt_values /usr/lib/python3/dist-packages/oslo_config/cfg.py:2602
2025-02-13 00:40:03.817 134920 DEBUG nova.service [req-619a766b-0f4f-40bb-bb05-e0f1f7a39827 - - - - -] Creating RPC server for service conductor start /usr/lib/python3/dist-packages/nova/service.py:182
2025-02-13 00:40:03.818 133974 DEBUG oslo_service.service [req-b78f2cbd-f374-482b-9c36-3f0b096f94fb - - - - -] compute_monitors = [] log_opt_values /usr/lib/python3/dist-packages/oslo_config/cfg.py:2602
2025-02-13 00:40:03.818 133974 DEBUG oslo_service.service [req-b78f2cbd-f374-482b-9c36-3f0b096f94fb - - - - -] config_dir = [] log_opt_values /usr/lib/python3/dist-packages/oslo_config/cfg.py:2602
2025-02-13 00:40:03.818 133974 DEBUG oslo_service.service [req-b78f2cbd-f374-482b-9c36-3f0b096f94fb - - - - -] config_drive_format = iso9660 log_opt_values /usr/lib/python3/dist-packages/oslo_config/cfg.py:2602
2025-02-13 00:40:03.821 133974 DEBUG oslo_service.service [req-b78f2cbd-f374-482b-9c36-3f0b096f94fb - - - - -] config_file = ['/etc/nova/nova.conf'] log_opt_values /usr/lib/python3/dist-packages/oslo_config/cfg.py:2602
2025-02-13 00:40:03.822 133974 DEBUG oslo_service.service [req-b78f2cbd-f374-482b-9c36-3f0b096f94fb - - - - -] config_source = [] log_opt_values /usr/lib/python3/dist-packages/oslo_config/cfg.py:2602
2025-02-13 00:40:03.822 133974 DEBUG oslo_service.service [req-b78f2cbd-f374-482b-9c36-3f0b096f94fb - - - - -] console_host = juju-29031e-0-lxd-7 log_opt_values /usr/lib/python3/dist-packages/oslo_config/cfg.py:2602
2025-02-13 00:40:03.822 133974 DEBUG oslo_service.service [req-b78f2cbd-f374-482b-9c36-3f0b096f94fb - - - - -] control_exchange = nova log_opt_values /usr/lib/python3/dist-packages/oslo_config/cfg.py:2602
2025-02-13 00:40:03.822 133974 DEBUG oslo_service.service [req-b78f2cbd-f374-482b-9c36-3f0b096f94fb - - - - -] cpu_allocation_ratio = 2.0 log_opt_values /usr/lib/python3/dist-packages/oslo_config/cfg.py:2602
2025-02-13 00:40:03.823 133974 DEBUG oslo_service.service [req-b78f2cbd-f374-482b-9c36-3f0b096f94fb - - - - -] daemon = False log_opt_values /usr/lib/python3/dist-packages/oslo_config/cfg.py:2602
2025-02-13 00:40:03.823 133974 DEBUG oslo_service.service [req-b78f2cbd-f374-482b-9c36-3f0b096f94fb - - - - -] debug = True log_opt_values /usr/lib/python3/dist-packages/oslo_config/cfg.py:2602
2025-02-13 00:40:03.824 133974 DEBUG oslo_service.service [req-b78f2cbd-f374-482b-9c36-3f0b096f94fb - - - - -] default_access_ip_network_name = None log_opt_values /usr/lib/python3/dist-packages/oslo_config/cfg.py:2602
2025-02-13 00:40:03.824 133974 DEBUG oslo_service.service [req-b78f2cbd-f374-482b-9c36-3f0b096f94fb - - - - -] default_availability_zone = nova log_opt_values /usr/lib/python3/dist-packages/oslo_config/cfg.py:2602
2025-02-13 00:40:03.824 133974 DEBUG oslo_service.service [req-b78f2cbd-f374-482b-9c36-3f0b096f94fb - - - - -] default_ephemeral_format = None log_opt_values /usr/lib/python3/dist-packages/oslo_config/cfg.py:2602
2025-02-13 00:40:03.825 133974 DEBUG oslo_service.service [req-b78f2cbd-f374-482b-9c36-3f0b096f94fb - - - - -] default_log_levels = ['amqp=WARN', 'amqplib=WARN', 'boto=WARN', 'qpid=WARN', 'sqlalchemy=WARN', 'suds=INFO', 'oslo.messaging=INFO', 'oslo_messaging=DEBUG', 'iso8601=WARN', 'requests.packages.urllib3.connectionpool=WARN', 'urllib3.connectionpool=WARN', 'websocket=WARN', 'requests.packages.urllib3.util.retry=WARN', 'urllib3.util.retry=WARN', 'keystonemiddleware=WARN', 'routes.middleware=WARN', 'stevedore=WARN', 'taskflow=WARN', 'keystoneauth=WARN', 'oslo.cache=INFO', 'dogpile.core.dogpile=INFO', 'glanceclient=WARN', 'oslo.privsep.daemon=INFO'] log_opt_values /usr/lib/python3/dist-packages/oslo_config/cfg.py:2602
2025-02-13 00:40:03.825 133974 DEBUG oslo_service.service [req-b78f2cbd-f374-482b-9c36-3f0b096f94fb - - - - -] default_schedule_zone = None log_opt_values /usr/lib/python3/dist-packages/oslo_config/cfg.py:2602
2025-02-13 00:40:03.825 133974 DEBUG oslo_service.service [req-b78f2cbd-f374-482b-9c36-3f0b096f94fb - - - - -] disk_allocation_ratio = 1.0 log_opt_values /usr/lib/python3/dist-packages/oslo_config/cfg.py:2602
2025-02-13 00:40:03.826 133974 DEBUG oslo_service.service [req-b78f2cbd-f374-482b-9c36-3f0b096f94fb - - - - -] enable_new_services = True log_opt_values /usr/lib/python3/dist-packages/oslo_config/cfg.py:2602
2025-02-13 00:40:03.826 133974 DEBUG oslo_service.service [req-b78f2cbd-f374-482b-9c36-3f0b096f94fb - - - - -] enabled_apis = ['osapi_compute', 'metadata'] log_opt_values /usr/lib/python3/dist-packages/oslo_config/cfg.py:2602
2025-02-13 00:40:03.826 133974 DEBUG oslo_service.service [req-b78f2cbd-f374-482b-9c36-3f0b096f94fb - - - - -] enabled_ssl_apis = [] log_opt_values /usr/lib/python3/dist-packages/oslo_config/cfg.py:2602
2025-02-13 00:40:03.831 133974 DEBUG oslo_service.service [req-b78f2cbd-f374-482b-9c36-3f0b096f94fb - - - - -] fatal_deprecations = False log_opt_values /usr/lib/python3/dist-packages/oslo_config/cfg.py:2602
2025-02-13 00:40:03.831 133974 DEBUG oslo_service.service [req-b78f2cbd-f374-482b-9c36-3f0b096f94fb - - - - -] flat_injected = False log_opt_values /usr/lib/python3/dist-packages/oslo_config/cfg.py:2602
2025-02-13 00:40:03.831 133974 DEBUG oslo_service.service [req-b78f2cbd-f374-482b-9c36-3f0b096f94fb - - - - -] force_config_drive = False log_opt_values /usr/lib/python3/dist-packages/oslo_config/cfg.py:2602
2025-02-13 00:40:03.832 133974 DEBUG oslo_service.service [req-b78f2cbd-f374-482b-9c36-3f0b096f94fb - - - - -] force_raw_images = True log_opt_values /usr/lib/python3/dist-packages/oslo_config/cfg.py:2602
2025-02-13 00:40:03.832 133974 DEBUG oslo_service.service [req-b78f2cbd-f374-482b-9c36-3f0b096f94fb - - - - -] graceful_shutdown_timeout = 60 log_opt_values /usr/lib/python3/dist-packages/oslo_config/cfg.py:2602
2025-02-13 00:40:03.832 133974 DEBUG oslo_service.service [req-b78f2cbd-f374-482b-9c36-3f0b096f94fb - - - - -] heal_instance_info_cache_interval = 60 log_opt_values /usr/lib/python3/dist-packages/oslo_config/cfg.py:2602
2025-02-13 00:40:03.833 133974 DEBUG oslo_service.service [req-b78f2cbd-f374-482b-9c36-3f0b096f94fb - - - - -] host = juju-29031e-0-lxd-7 log_opt_values /usr/lib/python3/dist-packages/oslo_config/cfg.py:2602
2025-02-13 00:40:03.833 133974 DEBUG oslo_service.service [req-b78f2cbd-f374-482b-9c36-3f0b096f94fb - - - - -] initial_cpu_allocation_ratio = 16.0 log_opt_values /usr/lib/python3/dist-packages/oslo_config/cfg.py:2602
2025-02-13 00:40:03.834 133974 DEBUG oslo_service.service [req-b78f2cbd-f374-482b-9c36-3f0b096f94fb - - - - -] initial_disk_allocation_ratio = 1.0 log_opt_values /usr/lib/python3/dist-packages/oslo_config/cfg.py:2602
2025-02-13 00:40:03.834 133974 DEBUG oslo_service.service [req-b78f2cbd-f374-482b-9c36-3f0b096f94fb - - - - -] initial_ram_allocation_ratio = 1.5 log_opt_values /usr/lib/python3/dist-packages/oslo_config/cfg.py:2602
2025-02-13 00:40:03.835 133974 DEBUG oslo_service.service [req-b78f2cbd-f374-482b-9c36-3f0b096f94fb - - - - -] injected_network_template = /usr/lib/python3/dist-packages/nova/virt/interfaces.template log_opt_values /usr/lib/python3/dist-packages/oslo_config/cfg.py:2602
2025-02-13 00:40:03.835 133974 DEBUG oslo_service.service [req-b78f2cbd-f374-482b-9c36-3f0b096f94fb - - - - -] instance_build_timeout = 0 log_opt_values /usr/lib/python3/dist-packages/oslo_config/cfg.py:2602
2025-02-13 00:40:03.835 133974 DEBUG oslo_service.service [req-b78f2cbd-f374-482b-9c36-3f0b096f94fb - - - - -] instance_delete_interval = 300 log_opt_values /usr/lib/python3/dist-packages/oslo_config/cfg.py:2602
2025-02-13 00:40:03.835 133974 DEBUG oslo_service.service [req-b78f2cbd-f374-482b-9c36-3f0b096f94fb - - - - -] instance_format = [instance: %(uuid)s] log_opt_values /usr/lib/python3/dist-packages/oslo_config/cfg.py:2602
2025-02-13 00:40:03.836 133974 DEBUG oslo_service.service [req-b78f2cbd-f374-482b-9c36-3f0b096f94fb - - - - -] instance_name_template = instance-%08x log_opt_values /usr/lib/python3/dist-packages/oslo_config/cfg.py:2602
2025-02-13 00:40:03.836 133974 DEBUG oslo_service.service [req-b78f2cbd-f374-482b-9c36-3f0b096f94fb - - - - -] instance_usage_audit = False log_opt_values /usr/lib/python3/dist-packages/oslo_config/cfg.py:2602
2025-02-13 00:40:03.836 133974 DEBUG oslo_service.service [req-b78f2cbd-f374-482b-9c36-3f0b096f94fb - - - - -] instance_usage_audit_period = month log_opt_values /usr/lib/python3/dist-packages/oslo_config/cfg.py:2602
2025-02-13 00:40:03.836 133974 DEBUG oslo_service.service [req-b78f2cbd-f374-482b-9c36-3f0b096f94fb - - - - -] instance_uuid_format = [instance: %(uuid)s] log_opt_values /usr/lib/python3/dist-packages/oslo_config/cfg.py:2602
2025-02-13 00:40:03.837 133974 DEBUG oslo_service.service [req-b78f2cbd-f374-482b-9c36-3f0b096f94fb - - - - -] instances_path = /var/lib/nova/instances log_opt_values /usr/lib/python3/dist-packages/oslo_config/cfg.py:2602
2025-02-13 00:40:03.839 133974 DEBUG oslo_service.service [req-b78f2cbd-f374-482b-9c36-3f0b096f94fb - - - - -] internal_service_availability_zone = internal log_opt_values /usr/lib/python3/dist-packages/oslo_config/cfg.py:2602
2025-02-13 00:40:03.839 133974 DEBUG oslo_service.service [req-b78f2cbd-f374-482b-9c36-3f0b096f94fb - - - - -] key = None log_opt_values /usr/lib/python3/dist-packages/oslo_config/cfg.py:2602
2025-02-13 00:40:03.839 133974 DEBUG oslo_service.service [req-b78f2cbd-f374-482b-9c36-3f0b096f94fb - - - - -] live_migration_retry_count = 30 log_opt_values /usr/lib/python3/dist-packages/oslo_config/cfg.py:2602
2025-02-13 00:40:03.839 133974 DEBUG oslo_service.service [req-b78f2cbd-f374-482b-9c36-3f0b096f94fb - - - - -] log_config_append = None log_opt_values /usr/lib/python3/dist-packages/oslo_config/cfg.py:2602
2025-02-13 00:40:03.840 134931 DEBUG oslo_db.sqlalchemy.engines [req-6edc89b7-a2a2-448e-8b4f-0c0333b255bd - - - - -] MySQL server mode set to STRICT_TRANS_TABLES,STRICT_ALL_TABLES,NO_ZERO_IN_DATE,NO_ZERO_DATE,ERROR_FOR_DIVISION_BY_ZERO,TRADITIONAL,NO_ENGINE_SUBSTITUTION _check_effective_sql_mode /usr/lib/python3/dist-packages/oslo_db/sqlalchemy/engines.py:314
2025-02-13 00:40:03.839 133974 DEBUG oslo_service.service [req-b78f2cbd-f374-482b-9c36-3f0b096f94fb - - - - -] log_date_format = %Y-%m-%d %H:%M:%S log_opt_values /usr/lib/python3/dist-packages/oslo_config/cfg.py:2602
2025-02-13 00:40:03.842 133974 DEBUG oslo_service.service [req-b78f2cbd-f374-482b-9c36-3f0b096f94fb - - - - -] log_dir = /var/log/nova log_opt_values /usr/lib/python3/dist-packages/oslo_config/cfg.py:2602
2025-02-13 00:40:03.843 133974 DEBUG oslo_service.service [req-b78f2cbd-f374-482b-9c36-3f0b096f94fb - - - - -] log_file = /var/log/nova/nova-conductor.log log_opt_values /usr/lib/python3/dist-packages/oslo_config/cfg.py:2602
2025-02-13 00:40:03.843 133974 DEBUG oslo_service.service [req-b78f2cbd-f374-482b-9c36-3f0b096f94fb - - - - -] log_options = True log_opt_values /usr/lib/python3/dist-packages/oslo_config/cfg.py:2602
2025-02-13 00:40:03.843 133974 DEBUG oslo_service.service [req-b78f2cbd-f374-482b-9c36-3f0b096f94fb - - - - -] log_rotate_interval = 1 log_opt_values /usr/lib/python3/dist-packages/oslo_config/cfg.py:2602
2025-02-13 00:40:03.844 133974 DEBUG oslo_service.service [req-b78f2cbd-f374-482b-9c36-3f0b096f94fb - - - - -] log_rotate_interval_type = days log_opt_values /usr/lib/python3/dist-packages/oslo_config/cfg.py:2602
2025-02-13 00:40:03.844 133974 DEBUG oslo_service.service [req-b78f2cbd-f374-482b-9c36-3f0b096f94fb - - - - -] log_rotation_type = none log_opt_values /usr/lib/python3/dist-packages/oslo_config/cfg.py:2602
2025-02-13 00:40:03.844 133974 DEBUG oslo_service.service [req-b78f2cbd-f374-482b-9c36-3f0b096f94fb - - - - -] logging_context_format_string = %(asctime)s.%(msecs)03d %(process)d %(levelname)s %(name)s [%(request_id)s %(user_identity)s] %(instance)s%(message)s log_opt_values /usr/lib/python3/dist-packages/oslo_config/cfg.py:2602
2025-02-13 00:40:03.845 133974 DEBUG oslo_service.service [req-b78f2cbd-f374-482b-9c36-3f0b096f94fb - - - - -] logging_debug_format_suffix = %(funcName)s %(pathname)s:%(lineno)d log_opt_values /usr/lib/python3/dist-packages/oslo_config/cfg.py:2602
2025-02-13 00:40:03.845 134932 INFO nova.service [-] Starting conductor node (version 25.2.1)
2025-02-13 00:40:03.845 133974 DEBUG oslo_service.service [req-b78f2cbd-f374-482b-9c36-3f0b096f94fb - - - - -] logging_default_format_string = %(asctime)s.%(msecs)03d %(process)d %(levelname)s %(name)s [-] %(instance)s%(message)s log_opt_values /usr/lib/python3/dist-packages/oslo_config/cfg.py:2602
2025-02-13 00:40:03.846 133974 DEBUG oslo_service.service [req-b78f2cbd-f374-482b-9c36-3f0b096f94fb - - - - -] logging_exception_prefix = %(asctime)s.%(msecs)03d %(process)d ERROR %(name)s %(instance)s log_opt_values /usr/lib/python3/dist-packages/oslo_config/cfg.py:2602
2025-02-13 00:40:03.847 134926 DEBUG nova.service [req-42789898-d962-4387-8632-86dac38d6111 - - - - -] Creating RPC server for service conductor start /usr/lib/python3/dist-packages/nova/service.py:182
2025-02-13 00:40:03.846 133974 DEBUG oslo_service.service [req-b78f2cbd-f374-482b-9c36-3f0b096f94fb - - - - -] logging_user_identity_format = %(user)s %(project)s %(domain)s %(user_domain)s %(project_domain)s log_opt_values /usr/lib/python3/dist-packages/oslo_config/cfg.py:2602
2025-02-13 00:40:03.852 133974 DEBUG oslo_service.service [req-b78f2cbd-f374-482b-9c36-3f0b096f94fb - - - - -] long_rpc_timeout = 1800 log_opt_values /usr/lib/python3/dist-packages/oslo_config/cfg.py:2602
2025-02-13 00:40:03.852 133974 DEBUG oslo_service.service [req-b78f2cbd-f374-482b-9c36-3f0b096f94fb - - - - -] max_concurrent_builds = 10 log_opt_values /usr/lib/python3/dist-packages/oslo_config/cfg.py:2602
2025-02-13 00:40:03.853 133974 DEBUG oslo_service.service [req-b78f2cbd-f374-482b-9c36-3f0b096f94fb - - - - -] max_concurrent_live_migrations = 1 log_opt_values /usr/lib/python3/dist-packages/oslo_config/cfg.py:2602
2025-02-13 00:40:03.854 133974 DEBUG oslo_service.service [req-b78f2cbd-f374-482b-9c36-3f0b096f94fb - - - - -] max_concurrent_snapshots = 5 log_opt_values /usr/lib/python3/dist-packages/oslo_config/cfg.py:2602
2025-02-13 00:40:03.854 133974 DEBUG oslo_service.service [req-b78f2cbd-f374-482b-9c36-3f0b096f94fb - - - - -] max_local_block_devices = 3 log_opt_values /usr/lib/python3/dist-packages/oslo_config/cfg.py:2602
2025-02-13 00:40:03.855 133974 DEBUG oslo_service.service [req-b78f2cbd-f374-482b-9c36-3f0b096f94fb - - - - -] max_logfile_count = 30 log_opt_values /usr/lib/python3/dist-packages/oslo_config/cfg.py:2602
2025-02-13 00:40:03.855 133974 DEBUG oslo_service.service [req-b78f2cbd-f374-482b-9c36-3f0b096f94fb - - - - -] max_logfile_size_mb = 200 log_opt_values /usr/lib/python3/dist-packages/oslo_config/cfg.py:2602
2025-02-13 00:40:03.855 133974 DEBUG oslo_service.service [req-b78f2cbd-f374-482b-9c36-3f0b096f94fb - - - - -] maximum_instance_delete_attempts = 5 log_opt_values /usr/lib/python3/dist-packages/oslo_config/cfg.py:2602
2025-02-13 00:40:03.855 133974 DEBUG oslo_service.service [req-b78f2cbd-f374-482b-9c36-3f0b096f94fb - - - - -] metadata_listen = 0.0.0.0 log_opt_values /usr/lib/python3/dist-packages/oslo_config/cfg.py:2602
2025-02-13 00:40:03.856 133974 DEBUG oslo_service.service [req-b78f2cbd-f374-482b-9c36-3f0b096f94fb - - - - -] metadata_listen_port = 8765 log_opt_values /usr/lib/python3/dist-packages/oslo_config/cfg.py:2602
2025-02-13 00:40:03.856 133974 DEBUG oslo_service.service [req-b78f2cbd-f374-482b-9c36-3f0b096f94fb - - - - -] metadata_workers = None log_opt_values /usr/lib/python3/dist-packages/oslo_config/cfg.py:2602
2025-02-13 00:40:03.856 133974 DEBUG oslo_service.service [req-b78f2cbd-f374-482b-9c36-3f0b096f94fb - - - - -] migrate_max_retries = -1 log_opt_values /usr/lib/python3/dist-packages/oslo_config/cfg.py:2602
2025-02-13 00:40:03.856 133974 DEBUG oslo_service.service [req-b78f2cbd-f374-482b-9c36-3f0b096f94fb - - - - -] mkisofs_cmd = genisoimage log_opt_values /usr/lib/python3/dist-packages/oslo_config/cfg.py:2602
2025-02-13 00:40:03.856 133974 DEBUG oslo_service.service [req-b78f2cbd-f374-482b-9c36-3f0b096f94fb - - - - -] my_block_storage_ip = 252.17.131.126 log_opt_values /usr/lib/python3/dist-packages/oslo_config/cfg.py:2602
2025-02-13 00:40:03.857 133974 DEBUG oslo_service.service [req-b78f2cbd-f374-482b-9c36-3f0b096f94fb - - - - -] my_ip = 252.17.131.126 log_opt_values /usr/lib/python3/dist-packages/oslo_config/cfg.py:2602
2025-02-13 00:40:03.857 133974 DEBUG oslo_service.service [req-b78f2cbd-f374-482b-9c36-3f0b096f94fb - - - - -] network_allocate_retries = 0 log_opt_values /usr/lib/python3/dist-packages/oslo_config/cfg.py:2602
2025-02-13 00:40:03.857 133974 DEBUG oslo_service.service [req-b78f2cbd-f374-482b-9c36-3f0b096f94fb - - - - -] non_inheritable_image_properties = ['cache_in_nova', 'bittorrent'] log_opt_values /usr/lib/python3/dist-packages/oslo_config/cfg.py:2602
2025-02-13 00:40:03.857 133974 DEBUG oslo_service.service [req-b78f2cbd-f374-482b-9c36-3f0b096f94fb - - - - -] osapi_compute_listen = 0.0.0.0 log_opt_values /usr/lib/python3/dist-packages/oslo_config/cfg.py:2602
2025-02-13 00:40:03.857 133974 DEBUG oslo_service.service [req-b78f2cbd-f374-482b-9c36-3f0b096f94fb - - - - -] osapi_compute_listen_port = 8764 log_opt_values /usr/lib/python3/dist-packages/oslo_config/cfg.py:2602
2025-02-13 00:40:03.857 133974 DEBUG oslo_service.service [req-b78f2cbd-f374-482b-9c36-3f0b096f94fb - - - - -] osapi_compute_unique_server_name_scope = log_opt_values /usr/lib/python3/dist-packages/oslo_config/cfg.py:2602
2025-02-13 00:40:03.858 133974 DEBUG oslo_service.service [req-b78f2cbd-f374-482b-9c36-3f0b096f94fb - - - - -] osapi_compute_workers = 4 log_opt_values /usr/lib/python3/dist-packages/oslo_config/cfg.py:2602
2025-02-13 00:40:03.858 133974 DEBUG oslo_service.service [req-b78f2cbd-f374-482b-9c36-3f0b096f94fb - - - - -] password_length = 12 log_opt_values /usr/lib/python3/dist-packages/oslo_config/cfg.py:2602
2025-02-13 00:40:03.858 133974 DEBUG oslo_service.service [req-b78f2cbd-f374-482b-9c36-3f0b096f94fb - - - - -] periodic_enable = True log_opt_values /usr/lib/python3/dist-packages/oslo_config/cfg.py:2602
2025-02-13 00:40:03.858 133974 DEBUG oslo_service.service [req-b78f2cbd-f374-482b-9c36-3f0b096f94fb - - - - -] periodic_fuzzy_delay = 60 log_opt_values /usr/lib/python3/dist-packages/oslo_config/cfg.py:2602
2025-02-13 00:40:03.858 133974 DEBUG oslo_service.service [req-b78f2cbd-f374-482b-9c36-3f0b096f94fb - - - - -] pointer_model = usbtablet log_opt_values /usr/lib/python3/dist-packages/oslo_config/cfg.py:2602
2025-02-13 00:40:03.859 133974 DEBUG oslo_service.service [req-b78f2cbd-f374-482b-9c36-3f0b096f94fb - - - - -] preallocate_images = none log_opt_values /usr/lib/python3/dist-packages/oslo_config/cfg.py:2602
2025-02-13 00:40:03.859 133974 DEBUG oslo_service.service [req-b78f2cbd-f374-482b-9c36-3f0b096f94fb - - - - -] publish_errors = False log_opt_values /usr/lib/python3/dist-packages/oslo_config/cfg.py:2602
2025-02-13 00:40:03.859 133974 DEBUG oslo_service.service [req-b78f2cbd-f374-482b-9c36-3f0b096f94fb - - - - -] pybasedir = /usr/lib/python3/dist-packages log_opt_values /usr/lib/python3/dist-packages/oslo_config/cfg.py:2602
2025-02-13 00:40:03.860 133974 DEBUG oslo_service.service [req-b78f2cbd-f374-482b-9c36-3f0b096f94fb - - - - -] ram_allocation_ratio = 0.98 log_opt_values /usr/lib/python3/dist-packages/oslo_config/cfg.py:2602
2025-02-13 00:40:03.860 133974 DEBUG oslo_service.service [req-b78f2cbd-f374-482b-9c36-3f0b096f94fb - - - - -] rate_limit_burst = 0 log_opt_values /usr/lib/python3/dist-packages/oslo_config/cfg.py:2602
2025-02-13 00:40:03.860 133974 DEBUG oslo_service.service [req-b78f2cbd-f374-482b-9c36-3f0b096f94fb - - - - -] rate_limit_except_level = CRITICAL log_opt_values /usr/lib/python3/dist-packages/oslo_config/cfg.py:2602
2025-02-13 00:40:03.861 133974 DEBUG oslo_service.service [req-b78f2cbd-f374-482b-9c36-3f0b096f94fb - - - - -] rate_limit_interval = 0 log_opt_values /usr/lib/python3/dist-packages/oslo_config/cfg.py:2602
2025-02-13 00:40:03.861 133974 DEBUG oslo_service.service [req-b78f2cbd-f374-482b-9c36-3f0b096f94fb - - - - -] reboot_timeout = 0 log_opt_values /usr/lib/python3/dist-packages/oslo_config/cfg.py:2602
2025-02-13 00:40:03.861 133974 DEBUG oslo_service.service [req-b78f2cbd-f374-482b-9c36-3f0b096f94fb - - - - -] reclaim_instance_interval = 0 log_opt_values /usr/lib/python3/dist-packages/oslo_config/cfg.py:2602
2025-02-13 00:40:03.861 133974 DEBUG oslo_service.service [req-b78f2cbd-f374-482b-9c36-3f0b096f94fb - - - - -] record = None log_opt_values /usr/lib/python3/dist-packages/oslo_config/cfg.py:2602
2025-02-13 00:40:03.861 133974 DEBUG oslo_service.service [req-b78f2cbd-f374-482b-9c36-3f0b096f94fb - - - - -] report_interval = 10 log_opt_values /usr/lib/python3/dist-packages/oslo_config/cfg.py:2602
2025-02-13 00:40:03.862 133974 DEBUG oslo_service.service [req-b78f2cbd-f374-482b-9c36-3f0b096f94fb - - - - -] rescue_timeout = 0 log_opt_values /usr/lib/python3/dist-packages/oslo_config/cfg.py:2602
2025-02-13 00:40:03.862 133974 DEBUG oslo_service.service [req-b78f2cbd-f374-482b-9c36-3f0b096f94fb - - - - -] reserved_host_cpus = 0 log_opt_values /usr/lib/python3/dist-packages/oslo_config/cfg.py:2602
2025-02-13 00:40:03.862 133974 DEBUG oslo_service.service [req-b78f2cbd-f374-482b-9c36-3f0b096f94fb - - - - -] reserved_host_disk_mb = 0 log_opt_values /usr/lib/python3/dist-packages/oslo_config/cfg.py:2602
2025-02-13 00:40:03.862 133974 DEBUG oslo_service.service [req-b78f2cbd-f374-482b-9c36-3f0b096f94fb - - - - -] reserved_host_memory_mb = 512 log_opt_values /usr/lib/python3/dist-packages/oslo_config/cfg.py:2602
2025-02-13 00:40:03.863 133974 DEBUG oslo_service.service [req-b78f2cbd-f374-482b-9c36-3f0b096f94fb - - - - -] reserved_huge_pages = None log_opt_values /usr/lib/python3/dist-packages/oslo_config/cfg.py:2602
2025-02-13 00:40:03.863 133974 DEBUG oslo_service.service [req-b78f2cbd-f374-482b-9c36-3f0b096f94fb - - - - -] resize_confirm_window = 0 log_opt_values /usr/lib/python3/dist-packages/oslo_config/cfg.py:2602
2025-02-13 00:40:03.863 133974 DEBUG oslo_service.service [req-b78f2cbd-f374-482b-9c36-3f0b096f94fb - - - - -] resize_fs_using_block_device = False log_opt_values /usr/lib/python3/dist-packages/oslo_config/cfg.py:2602
2025-02-13 00:40:03.863 133974 DEBUG oslo_service.service [req-b78f2cbd-f374-482b-9c36-3f0b096f94fb - - - - -] resume_guests_state_on_host_boot = False log_opt_values /usr/lib/python3/dist-packages/oslo_config/cfg.py:2602
2025-02-13 00:40:03.863 133974 DEBUG oslo_service.service [req-b78f2cbd-f374-482b-9c36-3f0b096f94fb - - - - -] rootwrap_config = /etc/nova/rootwrap.conf log_opt_values /usr/lib/python3/dist-packages/oslo_config/cfg.py:2602
2025-02-13 00:40:03.863 133974 DEBUG oslo_service.service [req-b78f2cbd-f374-482b-9c36-3f0b096f94fb - - - - -] rpc_response_timeout = 60 log_opt_values /usr/lib/python3/dist-packages/oslo_config/cfg.py:2602
2025-02-13 00:40:03.864 133974 DEBUG oslo_service.service [req-b78f2cbd-f374-482b-9c36-3f0b096f94fb - - - - -] run_external_periodic_tasks = True log_opt_values /usr/lib/python3/dist-packages/oslo_config/cfg.py:2602
2025-02-13 00:40:03.864 133974 DEBUG oslo_service.service [req-b78f2cbd-f374-482b-9c36-3f0b096f94fb - - - - -] running_deleted_instance_action = reap log_opt_values /usr/lib/python3/dist-packages/oslo_config/cfg.py:2602
2025-02-13 00:40:03.864 133974 DEBUG oslo_service.service [req-b78f2cbd-f374-482b-9c36-3f0b096f94fb - - - - -] running_deleted_instance_poll_interval = 1800 log_opt_values /usr/lib/python3/dist-packages/oslo_config/cfg.py:2602
2025-02-13 00:40:03.864 133974 DEBUG oslo_service.service [req-b78f2cbd-f374-482b-9c36-3f0b096f94fb - - - - -] running_deleted_instance_timeout = 0 log_opt_values /usr/lib/python3/dist-packages/oslo_config/cfg.py:2602
2025-02-13 00:40:03.864 133974 DEBUG oslo_service.service [req-b78f2cbd-f374-482b-9c36-3f0b096f94fb - - - - -] scheduler_instance_sync_interval = 120 log_opt_values /usr/lib/python3/dist-packages/oslo_config/cfg.py:2602
2025-02-13 00:40:03.864 134920 DEBUG oslo_messaging._drivers.amqpdriver [-] Listener is running poll /usr/lib/python3/dist-packages/oslo_messaging/_drivers/amqpdriver.py:343
2025-02-13 00:40:03.865 133974 DEBUG oslo_service.service [req-b78f2cbd-f374-482b-9c36-3f0b096f94fb - - - - -] service_down_time = 60 log_opt_values /usr/lib/python3/dist-packages/oslo_config/cfg.py:2602
2025-02-13 00:40:03.865 134920 DEBUG oslo_messaging._drivers.amqpdriver [-] AMQPListener connection consume poll /usr/lib/python3/dist-packages/oslo_messaging/_drivers/amqpdriver.py:357
2025-02-13 00:40:03.865 133974 DEBUG oslo_service.service [req-b78f2cbd-f374-482b-9c36-3f0b096f94fb - - - - -] servicegroup_driver = db log_opt_values /usr/lib/python3/dist-packages/oslo_config/cfg.py:2602
2025-02-13 00:40:03.865 134920 DEBUG nova.service [req-619a766b-0f4f-40bb-bb05-e0f1f7a39827 - - - - -] Join ServiceGroup membership for this service conductor start /usr/lib/python3/dist-packages/nova/service.py:199
2025-02-13 00:40:03.866 133974 DEBUG oslo_service.service [req-b78f2cbd-f374-482b-9c36-3f0b096f94fb - - - - -] shelved_offload_time = 0 log_opt_values /usr/lib/python3/dist-packages/oslo_config/cfg.py:2602
2025-02-13 00:40:03.866 133974 DEBUG oslo_service.service [req-b78f2cbd-f374-482b-9c36-3f0b096f94fb - - - - -] shelved_poll_interval = 3600 log_opt_values /usr/lib/python3/dist-packages/oslo_config/cfg.py:2602
2025-02-13 00:40:03.866 134920 DEBUG nova.servicegroup.drivers.db [req-619a766b-0f4f-40bb-bb05-e0f1f7a39827 - - - - -] DB_Driver: join new ServiceGroup member juju-29031e-0-lxd-7 to the conductor group, service = join /usr/lib/python3/dist-packages/nova/servicegroup/drivers/db.py:44
2025-02-13 00:40:03.866 133974 DEBUG oslo_service.service [req-b78f2cbd-f374-482b-9c36-3f0b096f94fb - - - - -] shutdown_timeout = 60 log_opt_values /usr/lib/python3/dist-packages/oslo_config/cfg.py:2602
2025-02-13 00:40:03.866 133974 DEBUG oslo_service.service [req-b78f2cbd-f374-482b-9c36-3f0b096f94fb - - - - -] source_is_ipv6 = False log_opt_values /usr/lib/python3/dist-packages/oslo_config/cfg.py:2602
2025-02-13 00:40:03.866 133974 DEBUG oslo_service.service [req-b78f2cbd-f374-482b-9c36-3f0b096f94fb - - - - -] ssl_only = False log_opt_values /usr/lib/python3/dist-packages/oslo_config/cfg.py:2602
2025-02-13 00:40:03.867 133974 DEBUG oslo_service.service [req-b78f2cbd-f374-482b-9c36-3f0b096f94fb - - - - -] state_path = /var/lib/nova log_opt_values /usr/lib/python3/dist-packages/oslo_config/cfg.py:2602
2025-02-13 00:40:03.867 133974 DEBUG oslo_service.service [req-b78f2cbd-f374-482b-9c36-3f0b096f94fb - - - - -] sync_power_state_interval = 600 log_opt_values /usr/lib/python3/dist-packages/oslo_config/cfg.py:2602
2025-02-13 00:40:03.867 133974 DEBUG oslo_service.service [req-b78f2cbd-f374-482b-9c36-3f0b096f94fb - - - - -] sync_power_state_pool_size = 1000 log_opt_values /usr/lib/python3/dist-packages/oslo_config/cfg.py:2602
2025-02-13 00:40:03.867 133974 DEBUG oslo_service.service [req-b78f2cbd-f374-482b-9c36-3f0b096f94fb - - - - -] syslog_log_facility = LOG_USER log_opt_values /usr/lib/python3/dist-packages/oslo_config/cfg.py:2602
2025-02-13 00:40:03.867 134920 DEBUG oslo_messaging._drivers.amqpdriver [-] received message msg_id: a858252c4a514e9091303cc3e847ae72 reply to reply_a17be376d855433cbd87a5d265697c4c __call__ /usr/lib/python3/dist-packages/oslo_messaging/_drivers/amqpdriver.py:320
2025-02-13 00:40:03.867 133974 DEBUG oslo_service.service [req-b78f2cbd-f374-482b-9c36-3f0b096f94fb - - - - -] tempdir = None log_opt_values /usr/lib/python3/dist-packages/oslo_config/cfg.py:2602
2025-02-13 00:40:03.867 133974 DEBUG oslo_service.service [req-b78f2cbd-f374-482b-9c36-3f0b096f94fb - - - - -] timeout_nbd = 10 log_opt_values /usr/lib/python3/dist-packages/oslo_config/cfg.py:2602
2025-02-13 00:40:03.868 133974 DEBUG oslo_service.service [req-b78f2cbd-f374-482b-9c36-3f0b096f94fb - - - - -] transport_url = **** log_opt_values /usr/lib/python3/dist-packages/oslo_config/cfg.py:2602
2025-02-13 00:40:03.868 133974 DEBUG oslo_service.service [req-b78f2cbd-f374-482b-9c36-3f0b096f94fb - - - - -] update_resources_interval = 0 log_opt_values /usr/lib/python3/dist-packages/oslo_config/cfg.py:2602
2025-02-13 00:40:03.868 133974 DEBUG oslo_service.service [req-b78f2cbd-f374-482b-9c36-3f0b096f94fb - - - - -] use_cow_images = True log_opt_values /usr/lib/python3/dist-packages/oslo_config/cfg.py:2602
2025-02-13 00:40:03.868 134932 DEBUG oslo_db.sqlalchemy.engines [req-03e10660-61bd-47e7-8d83-ce1a21667344 - - - - -] MySQL server mode set to STRICT_TRANS_TABLES,STRICT_ALL_TABLES,NO_ZERO_IN_DATE,NO_ZERO_DATE,ERROR_FOR_DIVISION_BY_ZERO,TRADITIONAL,NO_ENGINE_SUBSTITUTION _check_effective_sql_mode /usr/lib/python3/dist-packages/oslo_db/sqlalchemy/engines.py:314
2025-02-13 00:40:03.868 133974 DEBUG oslo_service.service [req-b78f2cbd-f374-482b-9c36-3f0b096f94fb - - - - -] use_eventlog = False log_opt_values /usr/lib/python3/dist-packages/oslo_config/cfg.py:2602
2025-02-13 00:40:03.868 133974 DEBUG oslo_service.service [req-b78f2cbd-f374-482b-9c36-3f0b096f94fb - - - - -] use_journal = False log_opt_values /usr/lib/python3/dist-packages/oslo_config/cfg.py:2602
2025-02-13 00:40:03.869 133974 DEBUG oslo_service.service [req-b78f2cbd-f374-482b-9c36-3f0b096f94fb - - - - -] use_json = False log_opt_values /usr/lib/python3/dist-packages/oslo_config/cfg.py:2602
2025-02-13 00:40:03.869 133974 DEBUG oslo_service.service [req-b78f2cbd-f374-482b-9c36-3f0b096f94fb - - - - -] use_rootwrap_daemon = False log_opt_values /usr/lib/python3/dist-packages/oslo_config/cfg.py:2602
2025-02-13 00:40:03.869 134920 DEBUG oslo_messaging._drivers.amqpdriver [-] AMQPListener connection timeout poll /usr/lib/python3/dist-packages/oslo_messaging/_drivers/amqpdriver.py:360
2025-02-13 00:40:03.869 133974 DEBUG oslo_service.service [req-b78f2cbd-f374-482b-9c36-3f0b096f94fb - - - - -] use_stderr = False log_opt_values /usr/lib/python3/dist-packages/oslo_config/cfg.py:2602
2025-02-13 00:40:03.869 134920 DEBUG oslo_messaging._drivers.amqpdriver [-] Listener is running poll /usr/lib/python3/dist-packages/oslo_messaging/_drivers/amqpdriver.py:343
2025-02-13 00:40:03.870 134920 DEBUG oslo_messaging._drivers.amqpdriver [-] Poll the incoming message with unique_id: 74b2c405b9c0418c8c5ee980fa53f5e3 poll /usr/lib/python3/dist-packages/oslo_messaging/_drivers/amqpdriver.py:346
2025-02-13 00:40:03.870 133974 DEBUG oslo_service.service [req-b78f2cbd-f374-482b-9c36-3f0b096f94fb - - - - -] use_syslog = False log_opt_values /usr/lib/python3/dist-packages/oslo_config/cfg.py:2602
2025-02-13 00:40:03.870 133974 DEBUG oslo_service.service [req-b78f2cbd-f374-482b-9c36-3f0b096f94fb - - - - -] vcpu_pin_set = None log_opt_values /usr/lib/python3/dist-packages/oslo_config/cfg.py:2602
2025-02-13 00:40:03.870 133974 DEBUG oslo_service.service [req-b78f2cbd-f374-482b-9c36-3f0b096f94fb - - - - -] vif_plugging_is_fatal = True log_opt_values /usr/lib/python3/dist-packages/oslo_config/cfg.py:2602
2025-02-13 00:40:03.870 134920 DEBUG oslo_messaging._drivers.amqpdriver [-] Listener is running poll /usr/lib/python3/dist-packages/oslo_messaging/_drivers/amqpdriver.py:343
2025-02-13 00:40:03.870 133974 DEBUG oslo_service.service [req-b78f2cbd-f374-482b-9c36-3f0b096f94fb - - - - -] vif_plugging_timeout = 300 log_opt_values /usr/lib/python3/dist-packages/oslo_config/cfg.py:2602
2025-02-13 00:40:03.870 134920 DEBUG oslo_messaging._drivers.amqpdriver [-] AMQPListener connection consume poll /usr/lib/python3/dist-packages/oslo_messaging/_drivers/amqpdriver.py:357
2025-02-13 00:40:03.870 133974 DEBUG oslo_service.service [req-b78f2cbd-f374-482b-9c36-3f0b096f94fb - - - - -] virt_mkfs = [] log_opt_values /usr/lib/python3/dist-packages/oslo_config/cfg.py:2602
2025-02-13 00:40:03.870 133974 DEBUG oslo_service.service [req-b78f2cbd-f374-482b-9c36-3f0b096f94fb - - - - -] volume_usage_poll_interval = 0 log_opt_values /usr/lib/python3/dist-packages/oslo_config/cfg.py:2602
2025-02-13 00:40:03.871 133974 DEBUG oslo_service.service [req-b78f2cbd-f374-482b-9c36-3f0b096f94fb - - - - -] watch_log_file = False log_opt_values /usr/lib/python3/dist-packages/oslo_config/cfg.py:2602
2025-02-13 00:40:03.871 133974 DEBUG oslo_service.service [req-b78f2cbd-f374-482b-9c36-3f0b096f94fb - - - - -] web = /usr/share/spice-html5 log_opt_values /usr/lib/python3/dist-packages/oslo_config/cfg.py:2602
2025-02-13 00:40:03.872 133974 DEBUG oslo_service.service [req-b78f2cbd-f374-482b-9c36-3f0b096f94fb - - - - -] oslo_concurrency.disable_process_locking = False log_opt_values /usr/lib/python3/dist-packages/oslo_config/cfg.py:2609
2025-02-13 00:40:03.872 133974 DEBUG oslo_service.service [req-b78f2cbd-f374-482b-9c36-3f0b096f94fb - - - - -] oslo_concurrency.lock_path = /var/lock/nova log_opt_values /usr/lib/python3/dist-packages/oslo_config/cfg.py:2609
2025-02-13 00:40:03.872 133974 DEBUG oslo_service.service [req-b78f2cbd-f374-482b-9c36-3f0b096f94fb - - - - -] oslo_messaging_metrics.metrics_buffer_size = 1000 log_opt_values /usr/lib/python3/dist-packages/oslo_config/cfg.py:2609
2025-02-13 00:40:03.872 133974 DEBUG oslo_service.service [req-b78f2cbd-f374-482b-9c36-3f0b096f94fb - - - - -] oslo_messaging_metrics.metrics_enabled = False log_opt_values /usr/lib/python3/dist-packages/oslo_config/cfg.py:2609
2025-02-13 00:40:03.873 133974 DEBUG oslo_service.service [req-b78f2cbd-f374-482b-9c36-3f0b096f94fb - - - - -] oslo_messaging_metrics.metrics_process_name = log_opt_values /usr/lib/python3/dist-packages/oslo_config/cfg.py:2609
2025-02-13 00:40:03.873 133974 DEBUG oslo_service.service [req-b78f2cbd-f374-482b-9c36-3f0b096f94fb - - - - -] oslo_messaging_metrics.metrics_socket_file = /var/tmp/metrics_collector.sock log_opt_values /usr/lib/python3/dist-packages/oslo_config/cfg.py:2609
2025-02-13 00:40:03.873 133974 DEBUG oslo_service.service [req-b78f2cbd-f374-482b-9c36-3f0b096f94fb - - - - -] oslo_messaging_metrics.metrics_thread_stop_timeout = 10 log_opt_values /usr/lib/python3/dist-packages/oslo_config/cfg.py:2609
2025-02-13 00:40:03.874 133974 WARNING oslo_config.cfg [req-b78f2cbd-f374-482b-9c36-3f0b096f94fb - - - - -] Deprecated: Option "auth_strategy" from group "api" is deprecated for removal ( The only non-default choice, ``noauth2``, is for internal development and testing purposes only and should not be used in deployments. This option and its middleware, NoAuthMiddleware[V2_18], will be removed in a future release. ). Its value may be silently ignored in the future.
2025-02-13 00:40:03.874 133974 DEBUG oslo_service.service [req-b78f2cbd-f374-482b-9c36-3f0b096f94fb - - - - -] api.auth_strategy = keystone log_opt_values /usr/lib/python3/dist-packages/oslo_config/cfg.py:2609
2025-02-13 00:40:03.874 133974 DEBUG oslo_service.service [req-b78f2cbd-f374-482b-9c36-3f0b096f94fb - - - - -] api.compute_link_prefix = None log_opt_values /usr/lib/python3/dist-packages/oslo_config/cfg.py:2609
2025-02-13 00:40:03.874 133974 DEBUG oslo_service.service [req-b78f2cbd-f374-482b-9c36-3f0b096f94fb - - - - -] api.config_drive_skip_versions = 1.0 2007-01-19 2007-03-01 2007-08-29 2007-10-10 2007-12-15 2008-02-01 2008-09-01 log_opt_values /usr/lib/python3/dist-packages/oslo_config/cfg.py:2609
2025-02-13 00:40:03.874 133974 DEBUG oslo_service.service [req-b78f2cbd-f374-482b-9c36-3f0b096f94fb - - - - -] api.dhcp_domain = novalocal log_opt_values /usr/lib/python3/dist-packages/oslo_config/cfg.py:2609
2025-02-13 00:40:03.875 133974 DEBUG oslo_service.service [req-b78f2cbd-f374-482b-9c36-3f0b096f94fb - - - - -] api.enable_instance_password = True log_opt_values /usr/lib/python3/dist-packages/oslo_config/cfg.py:2609
2025-02-13 00:40:03.875 133974 DEBUG oslo_service.service [req-b78f2cbd-f374-482b-9c36-3f0b096f94fb - - - - -] api.glance_link_prefix = None log_opt_values /usr/lib/python3/dist-packages/oslo_config/cfg.py:2609
2025-02-13 00:40:03.875 133974 DEBUG oslo_service.service [req-b78f2cbd-f374-482b-9c36-3f0b096f94fb - - - - -] api.instance_list_cells_batch_fixed_size = 100 log_opt_values /usr/lib/python3/dist-packages/oslo_config/cfg.py:2609
2025-02-13 00:40:03.875 133974 DEBUG oslo_service.service [req-b78f2cbd-f374-482b-9c36-3f0b096f94fb - - - - -] api.instance_list_cells_batch_strategy = distributed log_opt_values /usr/lib/python3/dist-packages/oslo_config/cfg.py:2609
2025-02-13 00:40:03.875 133974 DEBUG oslo_service.service [req-b78f2cbd-f374-482b-9c36-3f0b096f94fb - - - - -] api.instance_list_per_project_cells = False log_opt_values /usr/lib/python3/dist-packages/oslo_config/cfg.py:2609
2025-02-13 00:40:03.875 134931 DEBUG nova.service [req-6edc89b7-a2a2-448e-8b4f-0c0333b255bd - - - - -] Creating RPC server for service conductor start /usr/lib/python3/dist-packages/nova/service.py:182
2025-02-13 00:40:03.876 133974 DEBUG oslo_service.service [req-b78f2cbd-f374-482b-9c36-3f0b096f94fb - - - - -] api.list_records_by_skipping_down_cells = True log_opt_values /usr/lib/python3/dist-packages/oslo_config/cfg.py:2609
2025-02-13 00:40:03.876 133974 DEBUG oslo_service.service [req-b78f2cbd-f374-482b-9c36-3f0b096f94fb - - - - -] api.local_metadata_per_cell = False log_opt_values /usr/lib/python3/dist-packages/oslo_config/cfg.py:2609
2025-02-13 00:40:03.876 133974 DEBUG oslo_service.service [req-b78f2cbd-f374-482b-9c36-3f0b096f94fb - - - - -] api.max_limit = 1000 log_opt_values /usr/lib/python3/dist-packages/oslo_config/cfg.py:2609
2025-02-13 00:40:03.876 133974 DEBUG oslo_service.service [req-b78f2cbd-f374-482b-9c36-3f0b096f94fb - - - - -] api.metadata_cache_expiration = 15 log_opt_values /usr/lib/python3/dist-packages/oslo_config/cfg.py:2609
2025-02-13 00:40:03.876 133974 DEBUG oslo_service.service [req-b78f2cbd-f374-482b-9c36-3f0b096f94fb - - - - -] api.neutron_default_tenant_id = default log_opt_values /usr/lib/python3/dist-packages/oslo_config/cfg.py:2609
2025-02-13 00:40:03.876 133974 DEBUG oslo_service.service [req-b78f2cbd-f374-482b-9c36-3f0b096f94fb - - - - -] api.use_forwarded_for = False log_opt_values /usr/lib/python3/dist-packages/oslo_config/cfg.py:2609
2025-02-13 00:40:03.877 133974 DEBUG oslo_service.service [req-b78f2cbd-f374-482b-9c36-3f0b096f94fb - - - - -] api.use_neutron_default_nets = False log_opt_values /usr/lib/python3/dist-packages/oslo_config/cfg.py:2609
2025-02-13 00:40:03.877 133974 DEBUG oslo_service.service [req-b78f2cbd-f374-482b-9c36-3f0b096f94fb - - - - -] api.vendordata_dynamic_connect_timeout = 5 log_opt_values /usr/lib/python3/dist-packages/oslo_config/cfg.py:2609
2025-02-13 00:40:03.877 133974 DEBUG oslo_service.service [req-b78f2cbd-f374-482b-9c36-3f0b096f94fb - - - - -] api.vendordata_dynamic_failure_fatal = False log_opt_values /usr/lib/python3/dist-packages/oslo_config/cfg.py:2609
2025-02-13 00:40:03.877 133974 DEBUG oslo_service.service [req-b78f2cbd-f374-482b-9c36-3f0b096f94fb - - - - -] api.vendordata_dynamic_read_timeout = 5 log_opt_values /usr/lib/python3/dist-packages/oslo_config/cfg.py:2609
2025-02-13 00:40:03.877 133974 DEBUG oslo_service.service [req-b78f2cbd-f374-482b-9c36-3f0b096f94fb - - - - -] api.vendordata_dynamic_ssl_certfile = log_opt_values /usr/lib/python3/dist-packages/oslo_config/cfg.py:2609
2025-02-13 00:40:03.878 133974 DEBUG oslo_service.service [req-b78f2cbd-f374-482b-9c36-3f0b096f94fb - - - - -] api.vendordata_dynamic_targets = [] log_opt_values /usr/lib/python3/dist-packages/oslo_config/cfg.py:2609
2025-02-13 00:40:03.878 133974 DEBUG oslo_service.service [req-b78f2cbd-f374-482b-9c36-3f0b096f94fb - - - - -] api.vendordata_jsonfile_path = None log_opt_values /usr/lib/python3/dist-packages/oslo_config/cfg.py:2609
2025-02-13 00:40:03.878 133974 DEBUG oslo_service.service [req-b78f2cbd-f374-482b-9c36-3f0b096f94fb - - - - -] api.vendordata_providers = ['StaticJSON'] log_opt_values /usr/lib/python3/dist-packages/oslo_config/cfg.py:2609
2025-02-13 00:40:03.878 133974 DEBUG oslo_service.service [req-b78f2cbd-f374-482b-9c36-3f0b096f94fb - - - - -] cache.backend = dogpile.cache.null log_opt_values /usr/lib/python3/dist-packages/oslo_config/cfg.py:2609
2025-02-13 00:40:03.878 133974 DEBUG oslo_service.service [req-b78f2cbd-f374-482b-9c36-3f0b096f94fb - - - - -] cache.backend_argument = **** log_opt_values /usr/lib/python3/dist-packages/oslo_config/cfg.py:2609
2025-02-13 00:40:03.879 133974 DEBUG oslo_service.service [req-b78f2cbd-f374-482b-9c36-3f0b096f94fb - - - - -] cache.config_prefix = cache.oslo log_opt_values /usr/lib/python3/dist-packages/oslo_config/cfg.py:2609
2025-02-13 00:40:03.878 134920 DEBUG oslo_messaging._drivers.amqpdriver [req-ee68beb7-735e-4aff-9796-e4fd7b8416df - - - - -] sending reply msg_id: a858252c4a514e9091303cc3e847ae72 reply queue: reply_a17be376d855433cbd87a5d265697c4c time elapsed: 0.011144313999920996s _send_reply /usr/lib/python3/dist-packages/oslo_messaging/_drivers/amqpdriver.py:118
2025-02-13 00:40:03.879 133974 DEBUG oslo_service.service [req-b78f2cbd-f374-482b-9c36-3f0b096f94fb - - - - -] cache.debug_cache_backend = False log_opt_values /usr/lib/python3/dist-packages/oslo_config/cfg.py:2609
2025-02-13 00:40:03.879 133974 DEBUG oslo_service.service [req-b78f2cbd-f374-482b-9c36-3f0b096f94fb - - - - -] cache.enabled = False log_opt_values /usr/lib/python3/dist-packages/oslo_config/cfg.py:2609
2025-02-13 00:40:03.879 133974 DEBUG oslo_service.service [req-b78f2cbd-f374-482b-9c36-3f0b096f94fb - - - - -] cache.expiration_time = 600 log_opt_values /usr/lib/python3/dist-packages/oslo_config/cfg.py:2609
2025-02-13 00:40:03.879 133974 DEBUG oslo_service.service [req-b78f2cbd-f374-482b-9c36-3f0b096f94fb - - - - -] cache.memcache_dead_retry = 300 log_opt_values /usr/lib/python3/dist-packages/oslo_config/cfg.py:2609
2025-02-13 00:40:03.880 133974 DEBUG oslo_service.service [req-b78f2cbd-f374-482b-9c36-3f0b096f94fb - - - - -] cache.memcache_pool_connection_get_timeout = 10 log_opt_values /usr/lib/python3/dist-packages/oslo_config/cfg.py:2609
2025-02-13 00:40:03.880 133974 DEBUG oslo_service.service [req-b78f2cbd-f374-482b-9c36-3f0b096f94fb - - - - -] cache.memcache_pool_flush_on_reconnect = False log_opt_values /usr/lib/python3/dist-packages/oslo_config/cfg.py:2609
2025-02-13 00:40:03.880 133974 DEBUG oslo_service.service [req-b78f2cbd-f374-482b-9c36-3f0b096f94fb - - - - -] cache.memcache_pool_maxsize = 10 log_opt_values /usr/lib/python3/dist-packages/oslo_config/cfg.py:2609
2025-02-13 00:40:03.880 133974 DEBUG oslo_service.service [req-b78f2cbd-f374-482b-9c36-3f0b096f94fb - - - - -] cache.memcache_pool_unused_timeout = 60 log_opt_values /usr/lib/python3/dist-packages/oslo_config/cfg.py:2609
2025-02-13 00:40:03.880 133974 DEBUG oslo_service.service [req-b78f2cbd-f374-482b-9c36-3f0b096f94fb - - - - -] cache.memcache_servers = ['localhost:11211'] log_opt_values /usr/lib/python3/dist-packages/oslo_config/cfg.py:2609
2025-02-13 00:40:03.881 133974 DEBUG oslo_service.service [req-b78f2cbd-f374-482b-9c36-3f0b096f94fb - - - - -] cache.memcache_socket_timeout = 1.0 log_opt_values /usr/lib/python3/dist-packages/oslo_config/cfg.py:2609
2025-02-13 00:40:03.881 133974 DEBUG oslo_service.service [req-b78f2cbd-f374-482b-9c36-3f0b096f94fb - - - - -] cache.proxies = [] log_opt_values /usr/lib/python3/dist-packages/oslo_config/cfg.py:2609
