2025-02-13 00:40:34.096 144634 DEBUG oslo_service.service [req-964af8e9-0a5c-4e84-b92c-402ed4bf1be5 - - - - -] cache.debug_cache_backend = False log_opt_values /usr/lib/python3/dist-packages/oslo_config/cfg.py:2609
2025-02-13 00:40:34.096 144634 DEBUG oslo_service.service [req-964af8e9-0a5c-4e84-b92c-402ed4bf1be5 - - - - -] cache.enabled = False log_opt_values /usr/lib/python3/dist-packages/oslo_config/cfg.py:2609
2025-02-13 00:40:34.096 144634 DEBUG oslo_service.service [req-964af8e9-0a5c-4e84-b92c-402ed4bf1be5 - - - - -] cache.expiration_time = 600 log_opt_values /usr/lib/python3/dist-packages/oslo_config/cfg.py:2609
2025-02-13 00:40:34.097 144634 DEBUG oslo_service.service [req-964af8e9-0a5c-4e84-b92c-402ed4bf1be5 - - - - -] cache.memcache_dead_retry = 300 log_opt_values /usr/lib/python3/dist-packages/oslo_config/cfg.py:2609
2025-02-13 00:40:34.097 144634 DEBUG oslo_service.service [req-964af8e9-0a5c-4e84-b92c-402ed4bf1be5 - - - - -] cache.memcache_pool_connection_get_timeout = 10 log_opt_values /usr/lib/python3/dist-packages/oslo_config/cfg.py:2609
2025-02-13 00:40:34.097 144634 DEBUG oslo_service.service [req-964af8e9-0a5c-4e84-b92c-402ed4bf1be5 - - - - -] cache.memcache_pool_flush_on_reconnect = False log_opt_values /usr/lib/python3/dist-packages/oslo_config/cfg.py:2609
2025-02-13 00:40:34.097 144634 DEBUG oslo_service.service [req-964af8e9-0a5c-4e84-b92c-402ed4bf1be5 - - - - -] cache.memcache_pool_maxsize = 10 log_opt_values /usr/lib/python3/dist-packages/oslo_config/cfg.py:2609
2025-02-13 00:40:34.097 144634 DEBUG oslo_service.service [req-964af8e9-0a5c-4e84-b92c-402ed4bf1be5 - - - - -] cache.memcache_pool_unused_timeout = 60 log_opt_values /usr/lib/python3/dist-packages/oslo_config/cfg.py:2609
2025-02-13 00:40:34.097 144634 DEBUG oslo_service.service [req-964af8e9-0a5c-4e84-b92c-402ed4bf1be5 - - - - -] cache.memcache_servers = ['localhost:11211'] log_opt_values /usr/lib/python3/dist-packages/oslo_config/cfg.py:2609
2025-02-13 00:40:34.097 145057 DEBUG oslo_messaging._drivers.amqpdriver [-] Listener is running poll /usr/lib/python3/dist-packages/oslo_messaging/_drivers/amqpdriver.py:343
2025-02-13 00:40:34.098 144634 DEBUG oslo_service.service [req-964af8e9-0a5c-4e84-b92c-402ed4bf1be5 - - - - -] cache.memcache_socket_timeout = 1.0 log_opt_values /usr/lib/python3/dist-packages/oslo_config/cfg.py:2609
2025-02-13 00:40:34.098 145057 DEBUG oslo_messaging._drivers.amqpdriver [-] AMQPListener connection consume poll /usr/lib/python3/dist-packages/oslo_messaging/_drivers/amqpdriver.py:357
2025-02-13 00:40:34.098 144634 DEBUG oslo_service.service [req-964af8e9-0a5c-4e84-b92c-402ed4bf1be5 - - - - -] cache.proxies = [] log_opt_values /usr/lib/python3/dist-packages/oslo_config/cfg.py:2609
2025-02-13 00:40:34.098 144634 DEBUG oslo_service.service [req-964af8e9-0a5c-4e84-b92c-402ed4bf1be5 - - - - -] cache.tls_allowed_ciphers = None log_opt_values /usr/lib/python3/dist-packages/oslo_config/cfg.py:2609
2025-02-13 00:40:34.098 144634 DEBUG oslo_service.service [req-964af8e9-0a5c-4e84-b92c-402ed4bf1be5 - - - - -] cache.tls_cafile = None log_opt_values /usr/lib/python3/dist-packages/oslo_config/cfg.py:2609
2025-02-13 00:40:34.098 144634 DEBUG oslo_service.service [req-964af8e9-0a5c-4e84-b92c-402ed4bf1be5 - - - - -] cache.tls_certfile = None log_opt_values /usr/lib/python3/dist-packages/oslo_config/cfg.py:2609
2025-02-13 00:40:34.098 145057 DEBUG nova.service [req-df380b9e-c2cf-4a8d-95f5-77d3564104ca - - - - -] Join ServiceGroup membership for this service conductor start /usr/lib/python3/dist-packages/nova/service.py:199
2025-02-13 00:40:34.099 144634 DEBUG oslo_service.service [req-964af8e9-0a5c-4e84-b92c-402ed4bf1be5 - - - - -] cache.tls_enabled = False log_opt_values /usr/lib/python3/dist-packages/oslo_config/cfg.py:2609
2025-02-13 00:40:34.099 144634 DEBUG oslo_service.service [req-964af8e9-0a5c-4e84-b92c-402ed4bf1be5 - - - - -] cache.tls_keyfile = None log_opt_values /usr/lib/python3/dist-packages/oslo_config/cfg.py:2609
2025-02-13 00:40:34.099 144634 DEBUG oslo_service.service [req-964af8e9-0a5c-4e84-b92c-402ed4bf1be5 - - - - -] cinder.auth_section = None log_opt_values /usr/lib/python3/dist-packages/oslo_config/cfg.py:2609
2025-02-13 00:40:34.099 145057 DEBUG nova.servicegroup.drivers.db [req-df380b9e-c2cf-4a8d-95f5-77d3564104ca - - - - -] DB_Driver: join new ServiceGroup member juju-29031e-0-lxd-7 to the conductor group, service = join /usr/lib/python3/dist-packages/nova/servicegroup/drivers/db.py:44
2025-02-13 00:40:34.099 144634 DEBUG oslo_service.service [req-964af8e9-0a5c-4e84-b92c-402ed4bf1be5 - - - - -] cinder.auth_type = None log_opt_values /usr/lib/python3/dist-packages/oslo_config/cfg.py:2609
2025-02-13 00:40:34.099 144634 DEBUG oslo_service.service [req-964af8e9-0a5c-4e84-b92c-402ed4bf1be5 - - - - -] cinder.cafile = None log_opt_values /usr/lib/python3/dist-packages/oslo_config/cfg.py:2609
2025-02-13 00:40:34.100 144634 DEBUG oslo_service.service [req-964af8e9-0a5c-4e84-b92c-402ed4bf1be5 - - - - -] cinder.catalog_info = volumev3::publicURL log_opt_values /usr/lib/python3/dist-packages/oslo_config/cfg.py:2609
2025-02-13 00:40:34.100 144634 DEBUG oslo_service.service [req-964af8e9-0a5c-4e84-b92c-402ed4bf1be5 - - - - -] cinder.certfile = None log_opt_values /usr/lib/python3/dist-packages/oslo_config/cfg.py:2609
2025-02-13 00:40:34.100 144634 DEBUG oslo_service.service [req-964af8e9-0a5c-4e84-b92c-402ed4bf1be5 - - - - -] cinder.collect_timing = False log_opt_values /usr/lib/python3/dist-packages/oslo_config/cfg.py:2609
2025-02-13 00:40:34.100 144634 DEBUG oslo_service.service [req-964af8e9-0a5c-4e84-b92c-402ed4bf1be5 - - - - -] cinder.cross_az_attach = True log_opt_values /usr/lib/python3/dist-packages/oslo_config/cfg.py:2609
2025-02-13 00:40:34.100 144634 DEBUG oslo_service.service [req-964af8e9-0a5c-4e84-b92c-402ed4bf1be5 - - - - -] cinder.debug = False log_opt_values /usr/lib/python3/dist-packages/oslo_config/cfg.py:2609
2025-02-13 00:40:34.101 144634 DEBUG oslo_service.service [req-964af8e9-0a5c-4e84-b92c-402ed4bf1be5 - - - - -] cinder.endpoint_template = None log_opt_values /usr/lib/python3/dist-packages/oslo_config/cfg.py:2609
2025-02-13 00:40:34.101 144634 DEBUG oslo_service.service [req-964af8e9-0a5c-4e84-b92c-402ed4bf1be5 - - - - -] cinder.http_retries = 3 log_opt_values /usr/lib/python3/dist-packages/oslo_config/cfg.py:2609
2025-02-13 00:40:34.101 144634 DEBUG oslo_service.service [req-964af8e9-0a5c-4e84-b92c-402ed4bf1be5 - - - - -] cinder.insecure = False log_opt_values /usr/lib/python3/dist-packages/oslo_config/cfg.py:2609
2025-02-13 00:40:34.101 144634 DEBUG oslo_service.service [req-964af8e9-0a5c-4e84-b92c-402ed4bf1be5 - - - - -] cinder.keyfile = None log_opt_values /usr/lib/python3/dist-packages/oslo_config/cfg.py:2609
2025-02-13 00:40:34.101 144634 DEBUG oslo_service.service [req-964af8e9-0a5c-4e84-b92c-402ed4bf1be5 - - - - -] cinder.os_region_name = None log_opt_values /usr/lib/python3/dist-packages/oslo_config/cfg.py:2609
2025-02-13 00:40:34.101 144634 DEBUG oslo_service.service [req-964af8e9-0a5c-4e84-b92c-402ed4bf1be5 - - - - -] cinder.split_loggers = False log_opt_values /usr/lib/python3/dist-packages/oslo_config/cfg.py:2609
2025-02-13 00:40:34.101 145057 DEBUG oslo_messaging._drivers.amqpdriver [-] AMQPListener connection timeout poll /usr/lib/python3/dist-packages/oslo_messaging/_drivers/amqpdriver.py:360
2025-02-13 00:40:34.102 144634 DEBUG oslo_service.service [req-964af8e9-0a5c-4e84-b92c-402ed4bf1be5 - - - - -] cinder.timeout = None log_opt_values /usr/lib/python3/dist-packages/oslo_config/cfg.py:2609
2025-02-13 00:40:34.102 145057 DEBUG oslo_messaging._drivers.amqpdriver [-] Listener is running poll /usr/lib/python3/dist-packages/oslo_messaging/_drivers/amqpdriver.py:343
2025-02-13 00:40:34.102 144634 DEBUG oslo_service.service [req-964af8e9-0a5c-4e84-b92c-402ed4bf1be5 - - - - -] compute.consecutive_build_service_disable_threshold = 10 log_opt_values /usr/lib/python3/dist-packages/oslo_config/cfg.py:2609
2025-02-13 00:40:34.102 144634 DEBUG oslo_service.service [req-964af8e9-0a5c-4e84-b92c-402ed4bf1be5 - - - - -] compute.cpu_dedicated_set = None log_opt_values /usr/lib/python3/dist-packages/oslo_config/cfg.py:2609
2025-02-13 00:40:34.102 145057 DEBUG oslo_messaging._drivers.amqpdriver [-] AMQPListener connection consume poll /usr/lib/python3/dist-packages/oslo_messaging/_drivers/amqpdriver.py:357
2025-02-13 00:40:34.102 144634 DEBUG oslo_service.service [req-964af8e9-0a5c-4e84-b92c-402ed4bf1be5 - - - - -] compute.cpu_shared_set = None log_opt_values /usr/lib/python3/dist-packages/oslo_config/cfg.py:2609
2025-02-13 00:40:34.102 144634 DEBUG oslo_service.service [req-964af8e9-0a5c-4e84-b92c-402ed4bf1be5 - - - - -] compute.image_type_exclude_list = [] log_opt_values /usr/lib/python3/dist-packages/oslo_config/cfg.py:2609
2025-02-13 00:40:34.102 144634 DEBUG oslo_service.service [req-964af8e9-0a5c-4e84-b92c-402ed4bf1be5 - - - - -] compute.live_migration_wait_for_vif_plug = True log_opt_values /usr/lib/python3/dist-packages/oslo_config/cfg.py:2609
2025-02-13 00:40:34.103 144634 DEBUG oslo_service.service [req-964af8e9-0a5c-4e84-b92c-402ed4bf1be5 - - - - -] compute.max_concurrent_disk_ops = 0 log_opt_values /usr/lib/python3/dist-packages/oslo_config/cfg.py:2609
2025-02-13 00:40:34.103 144634 DEBUG oslo_service.service [req-964af8e9-0a5c-4e84-b92c-402ed4bf1be5 - - - - -] compute.max_disk_devices_to_attach = -1 log_opt_values /usr/lib/python3/dist-packages/oslo_config/cfg.py:2609
2025-02-13 00:40:34.103 144634 DEBUG oslo_service.service [req-964af8e9-0a5c-4e84-b92c-402ed4bf1be5 - - - - -] compute.packing_host_numa_cells_allocation_strategy = True log_opt_values /usr/lib/python3/dist-packages/oslo_config/cfg.py:2609
2025-02-13 00:40:34.103 144634 DEBUG oslo_service.service [req-964af8e9-0a5c-4e84-b92c-402ed4bf1be5 - - - - -] compute.provider_config_location = /etc/nova/provider_config/ log_opt_values /usr/lib/python3/dist-packages/oslo_config/cfg.py:2609
2025-02-13 00:40:34.103 144634 DEBUG oslo_service.service [req-964af8e9-0a5c-4e84-b92c-402ed4bf1be5 - - - - -] compute.resource_provider_association_refresh = 300 log_opt_values /usr/lib/python3/dist-packages/oslo_config/cfg.py:2609
2025-02-13 00:40:34.104 144634 DEBUG oslo_service.service [req-964af8e9-0a5c-4e84-b92c-402ed4bf1be5 - - - - -] compute.shutdown_retry_interval = 10 log_opt_values /usr/lib/python3/dist-packages/oslo_config/cfg.py:2609
2025-02-13 00:40:34.104 144634 DEBUG oslo_service.service [req-964af8e9-0a5c-4e84-b92c-402ed4bf1be5 - - - - -] compute.vmdk_allowed_types = ['streamOptimized', 'monolithicSparse'] log_opt_values /usr/lib/python3/dist-packages/oslo_config/cfg.py:2609
2025-02-13 00:40:34.104 144634 DEBUG oslo_service.service [req-964af8e9-0a5c-4e84-b92c-402ed4bf1be5 - - - - -] conductor.workers = 4 log_opt_values /usr/lib/python3/dist-packages/oslo_config/cfg.py:2609
2025-02-13 00:40:34.104 144634 DEBUG oslo_service.service [req-964af8e9-0a5c-4e84-b92c-402ed4bf1be5 - - - - -] console.allowed_origins = [] log_opt_values /usr/lib/python3/dist-packages/oslo_config/cfg.py:2609
2025-02-13 00:40:34.104 144634 DEBUG oslo_service.service [req-964af8e9-0a5c-4e84-b92c-402ed4bf1be5 - - - - -] console.ssl_ciphers = None log_opt_values /usr/lib/python3/dist-packages/oslo_config/cfg.py:2609
2025-02-13 00:40:34.104 144634 DEBUG oslo_service.service [req-964af8e9-0a5c-4e84-b92c-402ed4bf1be5 - - - - -] console.ssl_minimum_version = default log_opt_values /usr/lib/python3/dist-packages/oslo_config/cfg.py:2609
2025-02-13 00:40:34.105 144634 DEBUG oslo_service.service [req-964af8e9-0a5c-4e84-b92c-402ed4bf1be5 - - - - -] consoleauth.token_ttl = 600 log_opt_values /usr/lib/python3/dist-packages/oslo_config/cfg.py:2609
2025-02-13 00:40:34.105 144634 DEBUG oslo_service.service [req-964af8e9-0a5c-4e84-b92c-402ed4bf1be5 - - - - -] cyborg.cafile = None log_opt_values /usr/lib/python3/dist-packages/oslo_config/cfg.py:2609
2025-02-13 00:40:34.105 144634 DEBUG oslo_service.service [req-964af8e9-0a5c-4e84-b92c-402ed4bf1be5 - - - - -] cyborg.certfile = None log_opt_values /usr/lib/python3/dist-packages/oslo_config/cfg.py:2609
2025-02-13 00:40:34.105 144634 DEBUG oslo_service.service [req-964af8e9-0a5c-4e84-b92c-402ed4bf1be5 - - - - -] cyborg.collect_timing = False log_opt_values /usr/lib/python3/dist-packages/oslo_config/cfg.py:2609
2025-02-13 00:40:34.105 144634 DEBUG oslo_service.service [req-964af8e9-0a5c-4e84-b92c-402ed4bf1be5 - - - - -] cyborg.connect_retries = None log_opt_values /usr/lib/python3/dist-packages/oslo_config/cfg.py:2609
2025-02-13 00:40:34.105 145058 DEBUG oslo_messaging._drivers.amqpdriver [-] Listener is running poll /usr/lib/python3/dist-packages/oslo_messaging/_drivers/amqpdriver.py:343
2025-02-13 00:40:34.106 144634 DEBUG oslo_service.service [req-964af8e9-0a5c-4e84-b92c-402ed4bf1be5 - - - - -] cyborg.connect_retry_delay = None log_opt_values /usr/lib/python3/dist-packages/oslo_config/cfg.py:2609
2025-02-13 00:40:34.106 145058 DEBUG oslo_messaging._drivers.amqpdriver [-] AMQPListener connection consume poll /usr/lib/python3/dist-packages/oslo_messaging/_drivers/amqpdriver.py:357
2025-02-13 00:40:34.106 144634 DEBUG oslo_service.service [req-964af8e9-0a5c-4e84-b92c-402ed4bf1be5 - - - - -] cyborg.endpoint_override = None log_opt_values /usr/lib/python3/dist-packages/oslo_config/cfg.py:2609
2025-02-13 00:40:34.106 144634 DEBUG oslo_service.service [req-964af8e9-0a5c-4e84-b92c-402ed4bf1be5 - - - - -] cyborg.insecure = False log_opt_values /usr/lib/python3/dist-packages/oslo_config/cfg.py:2609
2025-02-13 00:40:34.106 144634 DEBUG oslo_service.service [req-964af8e9-0a5c-4e84-b92c-402ed4bf1be5 - - - - -] cyborg.keyfile = None log_opt_values /usr/lib/python3/dist-packages/oslo_config/cfg.py:2609
2025-02-13 00:40:34.106 144634 DEBUG oslo_service.service [req-964af8e9-0a5c-4e84-b92c-402ed4bf1be5 - - - - -] cyborg.max_version = None log_opt_values /usr/lib/python3/dist-packages/oslo_config/cfg.py:2609
2025-02-13 00:40:34.106 145058 DEBUG nova.service [req-d80bc525-6538-4fdf-995a-1aac203f3feb - - - - -] Join ServiceGroup membership for this service conductor start /usr/lib/python3/dist-packages/nova/service.py:199
2025-02-13 00:40:34.106 144634 DEBUG oslo_service.service [req-964af8e9-0a5c-4e84-b92c-402ed4bf1be5 - - - - -] cyborg.min_version = None log_opt_values /usr/lib/python3/dist-packages/oslo_config/cfg.py:2609
2025-02-13 00:40:34.107 144634 DEBUG oslo_service.service [req-964af8e9-0a5c-4e84-b92c-402ed4bf1be5 - - - - -] cyborg.region_name = None log_opt_values /usr/lib/python3/dist-packages/oslo_config/cfg.py:2609
2025-02-13 00:40:34.107 145058 DEBUG nova.servicegroup.drivers.db [req-d80bc525-6538-4fdf-995a-1aac203f3feb - - - - -] DB_Driver: join new ServiceGroup member juju-29031e-0-lxd-7 to the conductor group, service = join /usr/lib/python3/dist-packages/nova/servicegroup/drivers/db.py:44
2025-02-13 00:40:34.107 144634 DEBUG oslo_service.service [req-964af8e9-0a5c-4e84-b92c-402ed4bf1be5 - - - - -] cyborg.service_name = None log_opt_values /usr/lib/python3/dist-packages/oslo_config/cfg.py:2609
2025-02-13 00:40:34.107 144634 DEBUG oslo_service.service [req-964af8e9-0a5c-4e84-b92c-402ed4bf1be5 - - - - -] cyborg.service_type = accelerator log_opt_values /usr/lib/python3/dist-packages/oslo_config/cfg.py:2609
2025-02-13 00:40:34.107 144634 DEBUG oslo_service.service [req-964af8e9-0a5c-4e84-b92c-402ed4bf1be5 - - - - -] cyborg.split_loggers = False log_opt_values /usr/lib/python3/dist-packages/oslo_config/cfg.py:2609
2025-02-13 00:40:34.107 144634 DEBUG oslo_service.service [req-964af8e9-0a5c-4e84-b92c-402ed4bf1be5 - - - - -] cyborg.status_code_retries = None log_opt_values /usr/lib/python3/dist-packages/oslo_config/cfg.py:2609
2025-02-13 00:40:34.107 144634 DEBUG oslo_service.service [req-964af8e9-0a5c-4e84-b92c-402ed4bf1be5 - - - - -] cyborg.status_code_retry_delay = None log_opt_values /usr/lib/python3/dist-packages/oslo_config/cfg.py:2609
2025-02-13 00:40:34.108 144634 DEBUG oslo_service.service [req-964af8e9-0a5c-4e84-b92c-402ed4bf1be5 - - - - -] cyborg.timeout = None log_opt_values /usr/lib/python3/dist-packages/oslo_config/cfg.py:2609
2025-02-13 00:40:34.108 144634 DEBUG oslo_service.service [req-964af8e9-0a5c-4e84-b92c-402ed4bf1be5 - - - - -] cyborg.valid_interfaces = ['internal', 'public'] log_opt_values /usr/lib/python3/dist-packages/oslo_config/cfg.py:2609
2025-02-13 00:40:34.108 144634 DEBUG oslo_service.service [req-964af8e9-0a5c-4e84-b92c-402ed4bf1be5 - - - - -] cyborg.version = None log_opt_values /usr/lib/python3/dist-packages/oslo_config/cfg.py:2609
2025-02-13 00:40:34.108 144634 DEBUG oslo_service.service [req-964af8e9-0a5c-4e84-b92c-402ed4bf1be5 - - - - -] database.backend = sqlalchemy log_opt_values /usr/lib/python3/dist-packages/oslo_config/cfg.py:2609
2025-02-13 00:40:34.108 145060 DEBUG oslo_messaging._drivers.amqpdriver [-] Listener is running poll /usr/lib/python3/dist-packages/oslo_messaging/_drivers/amqpdriver.py:343
2025-02-13 00:40:34.108 144634 DEBUG oslo_service.service [req-964af8e9-0a5c-4e84-b92c-402ed4bf1be5 - - - - -] database.connection = **** log_opt_values /usr/lib/python3/dist-packages/oslo_config/cfg.py:2609
2025-02-13 00:40:34.109 145060 DEBUG oslo_messaging._drivers.amqpdriver [-] AMQPListener connection consume poll /usr/lib/python3/dist-packages/oslo_messaging/_drivers/amqpdriver.py:357
2025-02-13 00:40:34.109 144634 DEBUG oslo_service.service [req-964af8e9-0a5c-4e84-b92c-402ed4bf1be5 - - - - -] database.connection_debug = 0 log_opt_values /usr/lib/python3/dist-packages/oslo_config/cfg.py:2609
2025-02-13 00:40:34.109 144634 DEBUG oslo_service.service [req-964af8e9-0a5c-4e84-b92c-402ed4bf1be5 - - - - -] database.connection_parameters = log_opt_values /usr/lib/python3/dist-packages/oslo_config/cfg.py:2609
2025-02-13 00:40:34.109 145058 DEBUG oslo_messaging._drivers.amqpdriver [-] AMQPListener connection timeout poll /usr/lib/python3/dist-packages/oslo_messaging/_drivers/amqpdriver.py:360
2025-02-13 00:40:34.109 144634 DEBUG oslo_service.service [req-964af8e9-0a5c-4e84-b92c-402ed4bf1be5 - - - - -] database.connection_recycle_time = 3600 log_opt_values /usr/lib/python3/dist-packages/oslo_config/cfg.py:2609
2025-02-13 00:40:34.109 145058 DEBUG oslo_messaging._drivers.amqpdriver [-] Listener is running poll /usr/lib/python3/dist-packages/oslo_messaging/_drivers/amqpdriver.py:343
2025-02-13 00:40:34.109 145058 DEBUG oslo_messaging._drivers.amqpdriver [-] AMQPListener connection consume poll /usr/lib/python3/dist-packages/oslo_messaging/_drivers/amqpdriver.py:357
2025-02-13 00:40:34.109 144634 DEBUG oslo_service.service [req-964af8e9-0a5c-4e84-b92c-402ed4bf1be5 - - - - -] database.connection_trace = False log_opt_values /usr/lib/python3/dist-packages/oslo_config/cfg.py:2609
2025-02-13 00:40:34.109 145060 DEBUG nova.service [req-c747a8a4-c4d2-4d0d-9da9-0eb238b653ea - - - - -] Join ServiceGroup membership for this service conductor start /usr/lib/python3/dist-packages/nova/service.py:199
2025-02-13 00:40:34.110 144634 DEBUG oslo_service.service [req-964af8e9-0a5c-4e84-b92c-402ed4bf1be5 - - - - -] database.db_inc_retry_interval = True log_opt_values /usr/lib/python3/dist-packages/oslo_config/cfg.py:2609
2025-02-13 00:40:34.110 145060 DEBUG nova.servicegroup.drivers.db [req-c747a8a4-c4d2-4d0d-9da9-0eb238b653ea - - - - -] DB_Driver: join new ServiceGroup member juju-29031e-0-lxd-7 to the conductor group, service = join /usr/lib/python3/dist-packages/nova/servicegroup/drivers/db.py:44
2025-02-13 00:40:34.110 144634 DEBUG oslo_service.service [req-964af8e9-0a5c-4e84-b92c-402ed4bf1be5 - - - - -] database.db_max_retries = 20 log_opt_values /usr/lib/python3/dist-packages/oslo_config/cfg.py:2609
2025-02-13 00:40:34.110 144634 DEBUG oslo_service.service [req-964af8e9-0a5c-4e84-b92c-402ed4bf1be5 - - - - -] database.db_max_retry_interval = 10 log_opt_values /usr/lib/python3/dist-packages/oslo_config/cfg.py:2609
2025-02-13 00:40:34.110 144634 DEBUG oslo_service.service [req-964af8e9-0a5c-4e84-b92c-402ed4bf1be5 - - - - -] database.db_retry_interval = 1 log_opt_values /usr/lib/python3/dist-packages/oslo_config/cfg.py:2609
2025-02-13 00:40:34.110 144634 DEBUG oslo_service.service [req-964af8e9-0a5c-4e84-b92c-402ed4bf1be5 - - - - -] database.max_overflow = 50 log_opt_values /usr/lib/python3/dist-packages/oslo_config/cfg.py:2609
2025-02-13 00:40:34.111 144634 DEBUG oslo_service.service [req-964af8e9-0a5c-4e84-b92c-402ed4bf1be5 - - - - -] database.max_pool_size = 4 log_opt_values /usr/lib/python3/dist-packages/oslo_config/cfg.py:2609
2025-02-13 00:40:34.111 144634 DEBUG oslo_service.service [req-964af8e9-0a5c-4e84-b92c-402ed4bf1be5 - - - - -] database.max_retries = 10 log_opt_values /usr/lib/python3/dist-packages/oslo_config/cfg.py:2609
2025-02-13 00:40:34.111 144634 DEBUG oslo_service.service [req-964af8e9-0a5c-4e84-b92c-402ed4bf1be5 - - - - -] database.mysql_enable_ndb = False log_opt_values /usr/lib/python3/dist-packages/oslo_config/cfg.py:2609
2025-02-13 00:40:34.111 144634 DEBUG oslo_service.service [req-964af8e9-0a5c-4e84-b92c-402ed4bf1be5 - - - - -] database.mysql_sql_mode = TRADITIONAL log_opt_values /usr/lib/python3/dist-packages/oslo_config/cfg.py:2609
2025-02-13 00:40:34.112 144634 DEBUG oslo_service.service [req-964af8e9-0a5c-4e84-b92c-402ed4bf1be5 - - - - -] database.pool_timeout = None log_opt_values /usr/lib/python3/dist-packages/oslo_config/cfg.py:2609
2025-02-13 00:40:34.112 144634 DEBUG oslo_service.service [req-964af8e9-0a5c-4e84-b92c-402ed4bf1be5 - - - - -] database.retry_interval = 10 log_opt_values /usr/lib/python3/dist-packages/oslo_config/cfg.py:2609
2025-02-13 00:40:34.112 145060 DEBUG oslo_messaging._drivers.amqpdriver [-] AMQPListener connection timeout poll /usr/lib/python3/dist-packages/oslo_messaging/_drivers/amqpdriver.py:360
2025-02-13 00:40:34.112 144634 DEBUG oslo_service.service [req-964af8e9-0a5c-4e84-b92c-402ed4bf1be5 - - - - -] database.slave_connection = **** log_opt_values /usr/lib/python3/dist-packages/oslo_config/cfg.py:2609
2025-02-13 00:40:34.112 145060 DEBUG oslo_messaging._drivers.amqpdriver [-] Listener is running poll /usr/lib/python3/dist-packages/oslo_messaging/_drivers/amqpdriver.py:343
2025-02-13 00:40:34.112 145060 DEBUG oslo_messaging._drivers.amqpdriver [-] AMQPListener connection consume poll /usr/lib/python3/dist-packages/oslo_messaging/_drivers/amqpdriver.py:357
2025-02-13 00:40:34.112 144634 DEBUG oslo_service.service [req-964af8e9-0a5c-4e84-b92c-402ed4bf1be5 - - - - -] database.sqlite_synchronous = True log_opt_values /usr/lib/python3/dist-packages/oslo_config/cfg.py:2609
2025-02-13 00:40:34.113 144634 DEBUG oslo_service.service [req-964af8e9-0a5c-4e84-b92c-402ed4bf1be5 - - - - -] database.use_db_reconnect = False log_opt_values /usr/lib/python3/dist-packages/oslo_config/cfg.py:2609
2025-02-13 00:40:34.113 144634 DEBUG oslo_service.service [req-964af8e9-0a5c-4e84-b92c-402ed4bf1be5 - - - - -] api_database.backend = sqlalchemy log_opt_values /usr/lib/python3/dist-packages/oslo_config/cfg.py:2609
2025-02-13 00:40:34.113 144634 DEBUG oslo_service.service [req-964af8e9-0a5c-4e84-b92c-402ed4bf1be5 - - - - -] api_database.connection = **** log_opt_values /usr/lib/python3/dist-packages/oslo_config/cfg.py:2609
2025-02-13 00:40:34.113 144634 DEBUG oslo_service.service [req-964af8e9-0a5c-4e84-b92c-402ed4bf1be5 - - - - -] api_database.connection_debug = 0 log_opt_values /usr/lib/python3/dist-packages/oslo_config/cfg.py:2609
2025-02-13 00:40:34.114 144634 DEBUG oslo_service.service [req-964af8e9-0a5c-4e84-b92c-402ed4bf1be5 - - - - -] api_database.connection_parameters = log_opt_values /usr/lib/python3/dist-packages/oslo_config/cfg.py:2609
2025-02-13 00:40:34.114 144634 DEBUG oslo_service.service [req-964af8e9-0a5c-4e84-b92c-402ed4bf1be5 - - - - -] api_database.connection_recycle_time = 3600 log_opt_values /usr/lib/python3/dist-packages/oslo_config/cfg.py:2609
2025-02-13 00:40:34.114 144634 DEBUG oslo_service.service [req-964af8e9-0a5c-4e84-b92c-402ed4bf1be5 - - - - -] api_database.connection_trace = False log_opt_values /usr/lib/python3/dist-packages/oslo_config/cfg.py:2609
2025-02-13 00:40:34.114 144634 DEBUG oslo_service.service [req-964af8e9-0a5c-4e84-b92c-402ed4bf1be5 - - - - -] api_database.db_inc_retry_interval = True log_opt_values /usr/lib/python3/dist-packages/oslo_config/cfg.py:2609
2025-02-13 00:40:34.115 144634 DEBUG oslo_service.service [req-964af8e9-0a5c-4e84-b92c-402ed4bf1be5 - - - - -] api_database.db_max_retries = 20 log_opt_values /usr/lib/python3/dist-packages/oslo_config/cfg.py:2609
2025-02-13 00:40:34.115 144634 DEBUG oslo_service.service [req-964af8e9-0a5c-4e84-b92c-402ed4bf1be5 - - - - -] api_database.db_max_retry_interval = 10 log_opt_values /usr/lib/python3/dist-packages/oslo_config/cfg.py:2609
2025-02-13 00:40:34.115 144634 DEBUG oslo_service.service [req-964af8e9-0a5c-4e84-b92c-402ed4bf1be5 - - - - -] api_database.db_retry_interval = 1 log_opt_values /usr/lib/python3/dist-packages/oslo_config/cfg.py:2609
2025-02-13 00:40:34.115 144634 DEBUG oslo_service.service [req-964af8e9-0a5c-4e84-b92c-402ed4bf1be5 - - - - -] api_database.max_overflow = 50 log_opt_values /usr/lib/python3/dist-packages/oslo_config/cfg.py:2609
2025-02-13 00:40:34.115 144634 DEBUG oslo_service.service [req-964af8e9-0a5c-4e84-b92c-402ed4bf1be5 - - - - -] api_database.max_pool_size = 4 log_opt_values /usr/lib/python3/dist-packages/oslo_config/cfg.py:2609
2025-02-13 00:40:34.116 144634 DEBUG oslo_service.service [req-964af8e9-0a5c-4e84-b92c-402ed4bf1be5 - - - - -] api_database.max_retries = 10 log_opt_values /usr/lib/python3/dist-packages/oslo_config/cfg.py:2609
2025-02-13 00:40:34.116 144634 DEBUG oslo_service.service [req-964af8e9-0a5c-4e84-b92c-402ed4bf1be5 - - - - -] api_database.mysql_enable_ndb = False log_opt_values /usr/lib/python3/dist-packages/oslo_config/cfg.py:2609
2025-02-13 00:40:34.116 144634 DEBUG oslo_service.service [req-964af8e9-0a5c-4e84-b92c-402ed4bf1be5 - - - - -] api_database.mysql_sql_mode = TRADITIONAL log_opt_values /usr/lib/python3/dist-packages/oslo_config/cfg.py:2609
2025-02-13 00:40:34.116 144634 DEBUG oslo_service.service [req-964af8e9-0a5c-4e84-b92c-402ed4bf1be5 - - - - -] api_database.pool_timeout = None log_opt_values /usr/lib/python3/dist-packages/oslo_config/cfg.py:2609
2025-02-13 00:40:34.117 144634 DEBUG oslo_service.service [req-964af8e9-0a5c-4e84-b92c-402ed4bf1be5 - - - - -] api_database.retry_interval = 10 log_opt_values /usr/lib/python3/dist-packages/oslo_config/cfg.py:2609
2025-02-13 00:40:34.117 144634 DEBUG oslo_service.service [req-964af8e9-0a5c-4e84-b92c-402ed4bf1be5 - - - - -] api_database.slave_connection = **** log_opt_values /usr/lib/python3/dist-packages/oslo_config/cfg.py:2609
2025-02-13 00:40:34.117 144634 DEBUG oslo_service.service [req-964af8e9-0a5c-4e84-b92c-402ed4bf1be5 - - - - -] api_database.sqlite_synchronous = True log_opt_values /usr/lib/python3/dist-packages/oslo_config/cfg.py:2609
2025-02-13 00:40:34.117 144634 DEBUG oslo_service.service [req-964af8e9-0a5c-4e84-b92c-402ed4bf1be5 - - - - -] devices.enabled_mdev_types = [] log_opt_values /usr/lib/python3/dist-packages/oslo_config/cfg.py:2609
2025-02-13 00:40:34.118 144634 DEBUG oslo_service.service [req-964af8e9-0a5c-4e84-b92c-402ed4bf1be5 - - - - -] ephemeral_storage_encryption.cipher = aes-xts-plain64 log_opt_values /usr/lib/python3/dist-packages/oslo_config/cfg.py:2609
2025-02-13 00:40:34.118 144634 DEBUG oslo_service.service [req-964af8e9-0a5c-4e84-b92c-402ed4bf1be5 - - - - -] ephemeral_storage_encryption.enabled = False log_opt_values /usr/lib/python3/dist-packages/oslo_config/cfg.py:2609
2025-02-13 00:40:34.118 144634 DEBUG oslo_service.service [req-964af8e9-0a5c-4e84-b92c-402ed4bf1be5 - - - - -] ephemeral_storage_encryption.key_size = 512 log_opt_values /usr/lib/python3/dist-packages/oslo_config/cfg.py:2609
2025-02-13 00:40:34.119 144634 WARNING oslo_config.cfg [req-964af8e9-0a5c-4e84-b92c-402ed4bf1be5 - - - - -] Deprecated: Option "api_servers" from group "glance" is deprecated for removal ( Support for image service configuration via standard keystoneauth1 Adapter options was added in the 17.0.0 Queens release. The api_servers option was retained temporarily to allow consumers time to cut over to a real load balancing solution. ). Its value may be silently ignored in the future.
2025-02-13 00:40:34.119 144634 DEBUG oslo_service.service [req-964af8e9-0a5c-4e84-b92c-402ed4bf1be5 - - - - -] glance.api_servers = ['http://252.17.53.59:9292'] log_opt_values /usr/lib/python3/dist-packages/oslo_config/cfg.py:2609
2025-02-13 00:40:34.119 144634 DEBUG oslo_service.service [req-964af8e9-0a5c-4e84-b92c-402ed4bf1be5 - - - - -] glance.cafile = None log_opt_values /usr/lib/python3/dist-packages/oslo_config/cfg.py:2609
2025-02-13 00:40:34.120 144634 DEBUG oslo_service.service [req-964af8e9-0a5c-4e84-b92c-402ed4bf1be5 - - - - -] glance.certfile = None log_opt_values /usr/lib/python3/dist-packages/oslo_config/cfg.py:2609
2025-02-13 00:40:34.120 144634 DEBUG oslo_service.service [req-964af8e9-0a5c-4e84-b92c-402ed4bf1be5 - - - - -] glance.collect_timing = False log_opt_values /usr/lib/python3/dist-packages/oslo_config/cfg.py:2609
2025-02-13 00:40:34.120 144634 DEBUG oslo_service.service [req-964af8e9-0a5c-4e84-b92c-402ed4bf1be5 - - - - -] glance.connect_retries = None log_opt_values /usr/lib/python3/dist-packages/oslo_config/cfg.py:2609
2025-02-13 00:40:34.120 144634 DEBUG oslo_service.service [req-964af8e9-0a5c-4e84-b92c-402ed4bf1be5 - - - - -] glance.connect_retry_delay = None log_opt_values /usr/lib/python3/dist-packages/oslo_config/cfg.py:2609
2025-02-13 00:40:34.121 144634 DEBUG oslo_service.service [req-964af8e9-0a5c-4e84-b92c-402ed4bf1be5 - - - - -] glance.debug = False log_opt_values /usr/lib/python3/dist-packages/oslo_config/cfg.py:2609
2025-02-13 00:40:34.121 144634 DEBUG oslo_service.service [req-964af8e9-0a5c-4e84-b92c-402ed4bf1be5 - - - - -] glance.default_trusted_certificate_ids = [] log_opt_values /usr/lib/python3/dist-packages/oslo_config/cfg.py:2609
2025-02-13 00:40:34.121 144634 DEBUG oslo_service.service [req-964af8e9-0a5c-4e84-b92c-402ed4bf1be5 - - - - -] glance.enable_certificate_validation = False log_opt_values /usr/lib/python3/dist-packages/oslo_config/cfg.py:2609
2025-02-13 00:40:34.121 144634 DEBUG oslo_service.service [req-964af8e9-0a5c-4e84-b92c-402ed4bf1be5 - - - - -] glance.enable_rbd_download = False log_opt_values /usr/lib/python3/dist-packages/oslo_config/cfg.py:2609
2025-02-13 00:40:34.122 144634 DEBUG oslo_service.service [req-964af8e9-0a5c-4e84-b92c-402ed4bf1be5 - - - - -] glance.endpoint_override = None log_opt_values /usr/lib/python3/dist-packages/oslo_config/cfg.py:2609
2025-02-13 00:40:34.122 144634 DEBUG oslo_service.service [req-964af8e9-0a5c-4e84-b92c-402ed4bf1be5 - - - - -] glance.insecure = False log_opt_values /usr/lib/python3/dist-packages/oslo_config/cfg.py:2609
2025-02-13 00:40:34.122 144634 DEBUG oslo_service.service [req-964af8e9-0a5c-4e84-b92c-402ed4bf1be5 - - - - -] glance.keyfile = None log_opt_values /usr/lib/python3/dist-packages/oslo_config/cfg.py:2609
2025-02-13 00:40:34.122 144634 DEBUG oslo_service.service [req-964af8e9-0a5c-4e84-b92c-402ed4bf1be5 - - - - -] glance.max_version = None log_opt_values /usr/lib/python3/dist-packages/oslo_config/cfg.py:2609
2025-02-13 00:40:34.123 144634 DEBUG oslo_service.service [req-964af8e9-0a5c-4e84-b92c-402ed4bf1be5 - - - - -] glance.min_version = None log_opt_values /usr/lib/python3/dist-packages/oslo_config/cfg.py:2609
2025-02-13 00:40:34.123 144634 DEBUG oslo_service.service [req-964af8e9-0a5c-4e84-b92c-402ed4bf1be5 - - - - -] glance.num_retries = 3 log_opt_values /usr/lib/python3/dist-packages/oslo_config/cfg.py:2609
2025-02-13 00:40:34.123 144634 DEBUG oslo_service.service [req-964af8e9-0a5c-4e84-b92c-402ed4bf1be5 - - - - -] glance.rbd_ceph_conf = log_opt_values /usr/lib/python3/dist-packages/oslo_config/cfg.py:2609
2025-02-13 00:40:34.123 144634 DEBUG oslo_service.service [req-964af8e9-0a5c-4e84-b92c-402ed4bf1be5 - - - - -] glance.rbd_connect_timeout = 5 log_opt_values /usr/lib/python3/dist-packages/oslo_config/cfg.py:2609
2025-02-13 00:40:34.124 144634 DEBUG oslo_service.service [req-964af8e9-0a5c-4e84-b92c-402ed4bf1be5 - - - - -] glance.rbd_pool = log_opt_values /usr/lib/python3/dist-packages/oslo_config/cfg.py:2609
2025-02-13 00:40:34.124 144634 DEBUG oslo_service.service [req-964af8e9-0a5c-4e84-b92c-402ed4bf1be5 - - - - -] glance.rbd_user = log_opt_values /usr/lib/python3/dist-packages/oslo_config/cfg.py:2609
2025-02-13 00:40:34.124 144634 DEBUG oslo_service.service [req-964af8e9-0a5c-4e84-b92c-402ed4bf1be5 - - - - -] glance.region_name = None log_opt_values /usr/lib/python3/dist-packages/oslo_config/cfg.py:2609
2025-02-13 00:40:34.124 144634 DEBUG oslo_service.service [req-964af8e9-0a5c-4e84-b92c-402ed4bf1be5 - - - - -] glance.service_name = None log_opt_values /usr/lib/python3/dist-packages/oslo_config/cfg.py:2609
2025-02-13 00:40:34.125 144634 DEBUG oslo_service.service [req-964af8e9-0a5c-4e84-b92c-402ed4bf1be5 - - - - -] glance.service_type = image log_opt_values /usr/lib/python3/dist-packages/oslo_config/cfg.py:2609
2025-02-13 00:40:34.125 144634 DEBUG oslo_service.service [req-964af8e9-0a5c-4e84-b92c-402ed4bf1be5 - - - - -] glance.split_loggers = False log_opt_values /usr/lib/python3/dist-packages/oslo_config/cfg.py:2609
2025-02-13 00:40:34.125 144634 DEBUG oslo_service.service [req-964af8e9-0a5c-4e84-b92c-402ed4bf1be5 - - - - -] glance.status_code_retries = None log_opt_values /usr/lib/python3/dist-packages/oslo_config/cfg.py:2609
2025-02-13 00:40:34.125 144634 DEBUG oslo_service.service [req-964af8e9-0a5c-4e84-b92c-402ed4bf1be5 - - - - -] glance.status_code_retry_delay = None log_opt_values /usr/lib/python3/dist-packages/oslo_config/cfg.py:2609
2025-02-13 00:40:34.126 144634 DEBUG oslo_service.service [req-964af8e9-0a5c-4e84-b92c-402ed4bf1be5 - - - - -] glance.timeout = None log_opt_values /usr/lib/python3/dist-packages/oslo_config/cfg.py:2609
2025-02-13 00:40:34.126 144634 DEBUG oslo_service.service [req-964af8e9-0a5c-4e84-b92c-402ed4bf1be5 - - - - -] glance.valid_interfaces = ['internal', 'public'] log_opt_values /usr/lib/python3/dist-packages/oslo_config/cfg.py:2609
2025-02-13 00:40:34.126 144634 DEBUG oslo_service.service [req-964af8e9-0a5c-4e84-b92c-402ed4bf1be5 - - - - -] glance.verify_glance_signatures = False log_opt_values /usr/lib/python3/dist-packages/oslo_config/cfg.py:2609
2025-02-13 00:40:34.126 144634 DEBUG oslo_service.service [req-964af8e9-0a5c-4e84-b92c-402ed4bf1be5 - - - - -] glance.version = None log_opt_values /usr/lib/python3/dist-packages/oslo_config/cfg.py:2609
2025-02-13 00:40:34.126 144634 DEBUG oslo_service.service [req-964af8e9-0a5c-4e84-b92c-402ed4bf1be5 - - - - -] guestfs.debug = False log_opt_values /usr/lib/python3/dist-packages/oslo_config/cfg.py:2609
2025-02-13 00:40:34.127 144634 DEBUG oslo_service.service [req-964af8e9-0a5c-4e84-b92c-402ed4bf1be5 - - - - -] hyperv.config_drive_cdrom = False log_opt_values /usr/lib/python3/dist-packages/oslo_config/cfg.py:2609
2025-02-13 00:40:34.127 144634 DEBUG oslo_service.service [req-964af8e9-0a5c-4e84-b92c-402ed4bf1be5 - - - - -] hyperv.config_drive_inject_password = False log_opt_values /usr/lib/python3/dist-packages/oslo_config/cfg.py:2609
2025-02-13 00:40:34.127 144634 DEBUG oslo_service.service [req-964af8e9-0a5c-4e84-b92c-402ed4bf1be5 - - - - -] hyperv.dynamic_memory_ratio = 1.0 log_opt_values /usr/lib/python3/dist-packages/oslo_config/cfg.py:2609
2025-02-13 00:40:34.127 144634 DEBUG oslo_service.service [req-964af8e9-0a5c-4e84-b92c-402ed4bf1be5 - - - - -] hyperv.enable_instance_metrics_collection = False log_opt_values /usr/lib/python3/dist-packages/oslo_config/cfg.py:2609
2025-02-13 00:40:34.127 144634 DEBUG oslo_service.service [req-964af8e9-0a5c-4e84-b92c-402ed4bf1be5 - - - - -] hyperv.enable_remotefx = False log_opt_values /usr/lib/python3/dist-packages/oslo_config/cfg.py:2609
2025-02-13 00:40:34.127 144634 DEBUG oslo_service.service [req-964af8e9-0a5c-4e84-b92c-402ed4bf1be5 - - - - -] hyperv.instances_path_share = log_opt_values /usr/lib/python3/dist-packages/oslo_config/cfg.py:2609
2025-02-13 00:40:34.128 144634 DEBUG oslo_service.service [req-964af8e9-0a5c-4e84-b92c-402ed4bf1be5 - - - - -] hyperv.iscsi_initiator_list = [] log_opt_values /usr/lib/python3/dist-packages/oslo_config/cfg.py:2609
2025-02-13 00:40:34.128 144634 DEBUG oslo_service.service [req-964af8e9-0a5c-4e84-b92c-402ed4bf1be5 - - - - -] hyperv.limit_cpu_features = False log_opt_values /usr/lib/python3/dist-packages/oslo_config/cfg.py:2609
2025-02-13 00:40:34.128 144634 DEBUG oslo_service.service [req-964af8e9-0a5c-4e84-b92c-402ed4bf1be5 - - - - -] hyperv.mounted_disk_query_retry_count = 10 log_opt_values /usr/lib/python3/dist-packages/oslo_config/cfg.py:2609
2025-02-13 00:40:34.128 144634 DEBUG oslo_service.service [req-964af8e9-0a5c-4e84-b92c-402ed4bf1be5 - - - - -] hyperv.mounted_disk_query_retry_interval = 5 log_opt_values /usr/lib/python3/dist-packages/oslo_config/cfg.py:2609
2025-02-13 00:40:34.128 144634 DEBUG oslo_service.service [req-964af8e9-0a5c-4e84-b92c-402ed4bf1be5 - - - - -] hyperv.power_state_check_timeframe = 60 log_opt_values /usr/lib/python3/dist-packages/oslo_config/cfg.py:2609
2025-02-13 00:40:34.128 144634 DEBUG oslo_service.service [req-964af8e9-0a5c-4e84-b92c-402ed4bf1be5 - - - - -] hyperv.power_state_event_polling_interval = 2 log_opt_values /usr/lib/python3/dist-packages/oslo_config/cfg.py:2609
2025-02-13 00:40:34.129 144634 DEBUG oslo_service.service [req-964af8e9-0a5c-4e84-b92c-402ed4bf1be5 - - - - -] hyperv.qemu_img_cmd = qemu-img.exe log_opt_values /usr/lib/python3/dist-packages/oslo_config/cfg.py:2609
2025-02-13 00:40:34.129 144634 DEBUG oslo_service.service [req-964af8e9-0a5c-4e84-b92c-402ed4bf1be5 - - - - -] hyperv.use_multipath_io = False log_opt_values /usr/lib/python3/dist-packages/oslo_config/cfg.py:2609
2025-02-13 00:40:34.129 145059 DEBUG oslo_messaging._drivers.amqpdriver [-] Listener is running poll /usr/lib/python3/dist-packages/oslo_messaging/_drivers/amqpdriver.py:343
2025-02-13 00:40:34.129 145059 DEBUG oslo_messaging._drivers.amqpdriver [-] AMQPListener connection consume poll /usr/lib/python3/dist-packages/oslo_messaging/_drivers/amqpdriver.py:357
2025-02-13 00:40:34.129 144634 DEBUG oslo_service.service [req-964af8e9-0a5c-4e84-b92c-402ed4bf1be5 - - - - -] hyperv.volume_attach_retry_count = 10 log_opt_values /usr/lib/python3/dist-packages/oslo_config/cfg.py:2609
2025-02-13 00:40:34.129 144634 DEBUG oslo_service.service [req-964af8e9-0a5c-4e84-b92c-402ed4bf1be5 - - - - -] hyperv.volume_attach_retry_interval = 5 log_opt_values /usr/lib/python3/dist-packages/oslo_config/cfg.py:2609
2025-02-13 00:40:34.129 144634 DEBUG oslo_service.service [req-964af8e9-0a5c-4e84-b92c-402ed4bf1be5 - - - - -] hyperv.vswitch_name = None log_opt_values /usr/lib/python3/dist-packages/oslo_config/cfg.py:2609
2025-02-13 00:40:34.130 144634 DEBUG oslo_service.service [req-964af8e9-0a5c-4e84-b92c-402ed4bf1be5 - - - - -] hyperv.wait_soft_reboot_seconds = 60 log_opt_values /usr/lib/python3/dist-packages/oslo_config/cfg.py:2609
2025-02-13 00:40:34.129 145059 DEBUG nova.service [req-4cb93155-91ee-4284-8f90-908f16c340f2 - - - - -] Join ServiceGroup membership for this service conductor start /usr/lib/python3/dist-packages/nova/service.py:199
2025-02-13 00:40:34.130 144634 DEBUG oslo_service.service [req-964af8e9-0a5c-4e84-b92c-402ed4bf1be5 - - - - -] mks.enabled = False log_opt_values /usr/lib/python3/dist-packages/oslo_config/cfg.py:2609
2025-02-13 00:40:34.130 145059 DEBUG nova.servicegroup.drivers.db [req-4cb93155-91ee-4284-8f90-908f16c340f2 - - - - -] DB_Driver: join new ServiceGroup member juju-29031e-0-lxd-7 to the conductor group, service = join /usr/lib/python3/dist-packages/nova/servicegroup/drivers/db.py:44
2025-02-13 00:40:34.130 144634 DEBUG oslo_service.service [req-964af8e9-0a5c-4e84-b92c-402ed4bf1be5 - - - - -] mks.mksproxy_base_url = http://127.0.0.1:6090/ log_opt_values /usr/lib/python3/dist-packages/oslo_config/cfg.py:2609
2025-02-13 00:40:34.131 144634 DEBUG oslo_service.service [req-964af8e9-0a5c-4e84-b92c-402ed4bf1be5 - - - - -] image_cache.manager_interval = 2400 log_opt_values /usr/lib/python3/dist-packages/oslo_config/cfg.py:2609
2025-02-13 00:40:34.131 144634 DEBUG oslo_service.service [req-964af8e9-0a5c-4e84-b92c-402ed4bf1be5 - - - - -] image_cache.precache_concurrency = 1 log_opt_values /usr/lib/python3/dist-packages/oslo_config/cfg.py:2609
2025-02-13 00:40:34.131 144634 DEBUG oslo_service.service [req-964af8e9-0a5c-4e84-b92c-402ed4bf1be5 - - - - -] image_cache.remove_unused_base_images = True log_opt_values /usr/lib/python3/dist-packages/oslo_config/cfg.py:2609
2025-02-13 00:40:34.131 144634 DEBUG oslo_service.service [req-964af8e9-0a5c-4e84-b92c-402ed4bf1be5 - - - - -] image_cache.remove_unused_original_minimum_age_seconds = 86400 log_opt_values /usr/lib/python3/dist-packages/oslo_config/cfg.py:2609
2025-02-13 00:40:34.131 144634 DEBUG oslo_service.service [req-964af8e9-0a5c-4e84-b92c-402ed4bf1be5 - - - - -] image_cache.remove_unused_resized_minimum_age_seconds = 3600 log_opt_values /usr/lib/python3/dist-packages/oslo_config/cfg.py:2609
2025-02-13 00:40:34.131 144634 DEBUG oslo_service.service [req-964af8e9-0a5c-4e84-b92c-402ed4bf1be5 - - - - -] image_cache.subdirectory_name = _base log_opt_values /usr/lib/python3/dist-packages/oslo_config/cfg.py:2609
2025-02-13 00:40:34.132 144634 DEBUG oslo_service.service [req-964af8e9-0a5c-4e84-b92c-402ed4bf1be5 - - - - -] ironic.api_max_retries = 60 log_opt_values /usr/lib/python3/dist-packages/oslo_config/cfg.py:2609
2025-02-13 00:40:34.132 144634 DEBUG oslo_service.service [req-964af8e9-0a5c-4e84-b92c-402ed4bf1be5 - - - - -] ironic.api_retry_interval = 2 log_opt_values /usr/lib/python3/dist-packages/oslo_config/cfg.py:2609
2025-02-13 00:40:34.132 144634 DEBUG oslo_service.service [req-964af8e9-0a5c-4e84-b92c-402ed4bf1be5 - - - - -] ironic.auth_section = None log_opt_values /usr/lib/python3/dist-packages/oslo_config/cfg.py:2609
2025-02-13 00:40:34.132 144634 DEBUG oslo_service.service [req-964af8e9-0a5c-4e84-b92c-402ed4bf1be5 - - - - -] ironic.auth_type = None log_opt_values /usr/lib/python3/dist-packages/oslo_config/cfg.py:2609
2025-02-13 00:40:34.132 145059 DEBUG oslo_messaging._drivers.amqpdriver [-] AMQPListener connection timeout poll /usr/lib/python3/dist-packages/oslo_messaging/_drivers/amqpdriver.py:360
2025-02-13 00:40:34.132 144634 DEBUG oslo_service.service [req-964af8e9-0a5c-4e84-b92c-402ed4bf1be5 - - - - -] ironic.cafile = None log_opt_values /usr/lib/python3/dist-packages/oslo_config/cfg.py:2609
2025-02-13 00:40:34.132 145059 DEBUG oslo_messaging._drivers.amqpdriver [-] Listener is running poll /usr/lib/python3/dist-packages/oslo_messaging/_drivers/amqpdriver.py:343
2025-02-13 00:40:34.133 145059 DEBUG oslo_messaging._drivers.amqpdriver [-] AMQPListener connection consume poll /usr/lib/python3/dist-packages/oslo_messaging/_drivers/amqpdriver.py:357
2025-02-13 00:40:34.133 144634 DEBUG oslo_service.service [req-964af8e9-0a5c-4e84-b92c-402ed4bf1be5 - - - - -] ironic.certfile = None log_opt_values /usr/lib/python3/dist-packages/oslo_config/cfg.py:2609
2025-02-13 00:40:34.133 144634 DEBUG oslo_service.service [req-964af8e9-0a5c-4e84-b92c-402ed4bf1be5 - - - - -] ironic.collect_timing = False log_opt_values /usr/lib/python3/dist-packages/oslo_config/cfg.py:2609
2025-02-13 00:40:34.133 144634 DEBUG oslo_service.service [req-964af8e9-0a5c-4e84-b92c-402ed4bf1be5 - - - - -] ironic.connect_retries = None log_opt_values /usr/lib/python3/dist-packages/oslo_config/cfg.py:2609
2025-02-13 00:40:34.133 144634 DEBUG oslo_service.service [req-964af8e9-0a5c-4e84-b92c-402ed4bf1be5 - - - - -] ironic.connect_retry_delay = None log_opt_values /usr/lib/python3/dist-packages/oslo_config/cfg.py:2609
2025-02-13 00:40:34.133 144634 DEBUG oslo_service.service [req-964af8e9-0a5c-4e84-b92c-402ed4bf1be5 - - - - -] ironic.endpoint_override = None log_opt_values /usr/lib/python3/dist-packages/oslo_config/cfg.py:2609
2025-02-13 00:40:34.133 144634 DEBUG oslo_service.service [req-964af8e9-0a5c-4e84-b92c-402ed4bf1be5 - - - - -] ironic.insecure = False log_opt_values /usr/lib/python3/dist-packages/oslo_config/cfg.py:2609
2025-02-13 00:40:34.134 144634 DEBUG oslo_service.service [req-964af8e9-0a5c-4e84-b92c-402ed4bf1be5 - - - - -] ironic.keyfile = None log_opt_values /usr/lib/python3/dist-packages/oslo_config/cfg.py:2609
2025-02-13 00:40:34.134 144634 DEBUG oslo_service.service [req-964af8e9-0a5c-4e84-b92c-402ed4bf1be5 - - - - -] ironic.max_version = None log_opt_values /usr/lib/python3/dist-packages/oslo_config/cfg.py:2609
2025-02-13 00:40:34.134 144634 DEBUG oslo_service.service [req-964af8e9-0a5c-4e84-b92c-402ed4bf1be5 - - - - -] ironic.min_version = None log_opt_values /usr/lib/python3/dist-packages/oslo_config/cfg.py:2609
2025-02-13 00:40:34.134 144634 DEBUG oslo_service.service [req-964af8e9-0a5c-4e84-b92c-402ed4bf1be5 - - - - -] ironic.partition_key = None log_opt_values /usr/lib/python3/dist-packages/oslo_config/cfg.py:2609
2025-02-13 00:40:34.134 144634 DEBUG oslo_service.service [req-964af8e9-0a5c-4e84-b92c-402ed4bf1be5 - - - - -] ironic.peer_list = [] log_opt_values /usr/lib/python3/dist-packages/oslo_config/cfg.py:2609
2025-02-13 00:40:34.134 144634 DEBUG oslo_service.service [req-964af8e9-0a5c-4e84-b92c-402ed4bf1be5 - - - - -] ironic.region_name = None log_opt_values /usr/lib/python3/dist-packages/oslo_config/cfg.py:2609
2025-02-13 00:40:34.135 144634 DEBUG oslo_service.service [req-964af8e9-0a5c-4e84-b92c-402ed4bf1be5 - - - - -] ironic.serial_console_state_timeout = 10 log_opt_values /usr/lib/python3/dist-packages/oslo_config/cfg.py:2609
2025-02-13 00:40:34.135 144634 DEBUG oslo_service.service [req-964af8e9-0a5c-4e84-b92c-402ed4bf1be5 - - - - -] ironic.service_name = None log_opt_values /usr/lib/python3/dist-packages/oslo_config/cfg.py:2609
2025-02-13 00:40:34.135 144634 DEBUG oslo_service.service [req-964af8e9-0a5c-4e84-b92c-402ed4bf1be5 - - - - -] ironic.service_type = baremetal log_opt_values /usr/lib/python3/dist-packages/oslo_config/cfg.py:2609
2025-02-13 00:40:34.135 144634 DEBUG oslo_service.service [req-964af8e9-0a5c-4e84-b92c-402ed4bf1be5 - - - - -] ironic.split_loggers = False log_opt_values /usr/lib/python3/dist-packages/oslo_config/cfg.py:2609
2025-02-13 00:40:34.135 144634 DEBUG oslo_service.service [req-964af8e9-0a5c-4e84-b92c-402ed4bf1be5 - - - - -] ironic.status_code_retries = None log_opt_values /usr/lib/python3/dist-packages/oslo_config/cfg.py:2609
2025-02-13 00:40:34.135 144634 DEBUG oslo_service.service [req-964af8e9-0a5c-4e84-b92c-402ed4bf1be5 - - - - -] ironic.status_code_retry_delay = None log_opt_values /usr/lib/python3/dist-packages/oslo_config/cfg.py:2609
2025-02-13 00:40:34.136 144634 DEBUG oslo_service.service [req-964af8e9-0a5c-4e84-b92c-402ed4bf1be5 - - - - -] ironic.timeout = None log_opt_values /usr/lib/python3/dist-packages/oslo_config/cfg.py:2609
2025-02-13 00:40:34.136 144634 DEBUG oslo_service.service [req-964af8e9-0a5c-4e84-b92c-402ed4bf1be5 - - - - -] ironic.valid_interfaces = ['internal', 'public'] log_opt_values /usr/lib/python3/dist-packages/oslo_config/cfg.py:2609
2025-02-13 00:40:34.136 144634 DEBUG oslo_service.service [req-964af8e9-0a5c-4e84-b92c-402ed4bf1be5 - - - - -] ironic.version = None log_opt_values /usr/lib/python3/dist-packages/oslo_config/cfg.py:2609
2025-02-13 00:40:34.136 144634 DEBUG oslo_service.service [req-964af8e9-0a5c-4e84-b92c-402ed4bf1be5 - - - - -] key_manager.backend = barbican log_opt_values /usr/lib/python3/dist-packages/oslo_config/cfg.py:2609
2025-02-13 00:40:34.136 144634 DEBUG oslo_service.service [req-964af8e9-0a5c-4e84-b92c-402ed4bf1be5 - - - - -] key_manager.fixed_key = **** log_opt_values /usr/lib/python3/dist-packages/oslo_config/cfg.py:2609
2025-02-13 00:40:34.137 144634 DEBUG oslo_service.service [req-964af8e9-0a5c-4e84-b92c-402ed4bf1be5 - - - - -] barbican.auth_endpoint = http://localhost/identity/v3 log_opt_values /usr/lib/python3/dist-packages/oslo_config/cfg.py:2609
2025-02-13 00:40:34.137 144634 DEBUG oslo_service.service [req-964af8e9-0a5c-4e84-b92c-402ed4bf1be5 - - - - -] barbican.barbican_api_version = None log_opt_values /usr/lib/python3/dist-packages/oslo_config/cfg.py:2609
2025-02-13 00:40:34.137 144634 DEBUG oslo_service.service [req-964af8e9-0a5c-4e84-b92c-402ed4bf1be5 - - - - -] barbican.barbican_endpoint = None log_opt_values /usr/lib/python3/dist-packages/oslo_config/cfg.py:2609
2025-02-13 00:40:34.137 144634 DEBUG oslo_service.service [req-964af8e9-0a5c-4e84-b92c-402ed4bf1be5 - - - - -] barbican.barbican_endpoint_type = public log_opt_values /usr/lib/python3/dist-packages/oslo_config/cfg.py:2609
2025-02-13 00:40:34.137 144634 DEBUG oslo_service.service [req-964af8e9-0a5c-4e84-b92c-402ed4bf1be5 - - - - -] barbican.barbican_region_name = None log_opt_values /usr/lib/python3/dist-packages/oslo_config/cfg.py:2609
2025-02-13 00:40:34.138 144634 DEBUG oslo_service.service [req-964af8e9-0a5c-4e84-b92c-402ed4bf1be5 - - - - -] barbican.cafile = None log_opt_values /usr/lib/python3/dist-packages/oslo_config/cfg.py:2609
2025-02-13 00:40:34.138 144634 DEBUG oslo_service.service [req-964af8e9-0a5c-4e84-b92c-402ed4bf1be5 - - - - -] barbican.certfile = None log_opt_values /usr/lib/python3/dist-packages/oslo_config/cfg.py:2609
2025-02-13 00:40:34.138 144634 DEBUG oslo_service.service [req-964af8e9-0a5c-4e84-b92c-402ed4bf1be5 - - - - -] barbican.collect_timing = False log_opt_values /usr/lib/python3/dist-packages/oslo_config/cfg.py:2609
2025-02-13 00:40:34.138 144634 DEBUG oslo_service.service [req-964af8e9-0a5c-4e84-b92c-402ed4bf1be5 - - - - -] barbican.insecure = False log_opt_values /usr/lib/python3/dist-packages/oslo_config/cfg.py:2609
2025-02-13 00:40:34.138 144634 DEBUG oslo_service.service [req-964af8e9-0a5c-4e84-b92c-402ed4bf1be5 - - - - -] barbican.keyfile = None log_opt_values /usr/lib/python3/dist-packages/oslo_config/cfg.py:2609
