2025-02-10 00:32:35.334 138952 DEBUG oslo_service.service [req-e0e88f9f-7161-4de5-a788-e723dc2aaa5e - - - - -] cyborg.service_type = accelerator log_opt_values /usr/lib/python3/dist-packages/oslo_config/cfg.py:2609
2025-02-10 00:32:35.334 138952 DEBUG oslo_service.service [req-e0e88f9f-7161-4de5-a788-e723dc2aaa5e - - - - -] cyborg.split_loggers = False log_opt_values /usr/lib/python3/dist-packages/oslo_config/cfg.py:2609
2025-02-10 00:32:35.334 138952 DEBUG oslo_service.service [req-e0e88f9f-7161-4de5-a788-e723dc2aaa5e - - - - -] cyborg.status_code_retries = None log_opt_values /usr/lib/python3/dist-packages/oslo_config/cfg.py:2609
2025-02-10 00:32:35.334 138952 DEBUG oslo_service.service [req-e0e88f9f-7161-4de5-a788-e723dc2aaa5e - - - - -] cyborg.status_code_retry_delay = None log_opt_values /usr/lib/python3/dist-packages/oslo_config/cfg.py:2609
2025-02-10 00:32:35.334 138952 DEBUG oslo_service.service [req-e0e88f9f-7161-4de5-a788-e723dc2aaa5e - - - - -] cyborg.timeout = None log_opt_values /usr/lib/python3/dist-packages/oslo_config/cfg.py:2609
2025-02-10 00:32:35.335 138952 DEBUG oslo_service.service [req-e0e88f9f-7161-4de5-a788-e723dc2aaa5e - - - - -] cyborg.valid_interfaces = ['internal', 'public'] log_opt_values /usr/lib/python3/dist-packages/oslo_config/cfg.py:2609
2025-02-10 00:32:35.335 138952 DEBUG oslo_service.service [req-e0e88f9f-7161-4de5-a788-e723dc2aaa5e - - - - -] cyborg.version = None log_opt_values /usr/lib/python3/dist-packages/oslo_config/cfg.py:2609
2025-02-10 00:32:35.335 138952 DEBUG oslo_service.service [req-e0e88f9f-7161-4de5-a788-e723dc2aaa5e - - - - -] database.backend = sqlalchemy log_opt_values /usr/lib/python3/dist-packages/oslo_config/cfg.py:2609
2025-02-10 00:32:35.335 138952 DEBUG oslo_service.service [req-e0e88f9f-7161-4de5-a788-e723dc2aaa5e - - - - -] database.connection = **** log_opt_values /usr/lib/python3/dist-packages/oslo_config/cfg.py:2609
2025-02-10 00:32:35.335 138952 DEBUG oslo_service.service [req-e0e88f9f-7161-4de5-a788-e723dc2aaa5e - - - - -] database.connection_debug = 0 log_opt_values /usr/lib/python3/dist-packages/oslo_config/cfg.py:2609
2025-02-10 00:32:35.336 139677 DEBUG oslo_messaging._drivers.amqpdriver [-] Listener is running poll /usr/lib/python3/dist-packages/oslo_messaging/_drivers/amqpdriver.py:343
2025-02-10 00:32:35.337 139677 DEBUG oslo_messaging._drivers.amqpdriver [-] AMQPListener connection consume poll /usr/lib/python3/dist-packages/oslo_messaging/_drivers/amqpdriver.py:357
2025-02-10 00:32:35.337 138952 DEBUG oslo_service.service [req-e0e88f9f-7161-4de5-a788-e723dc2aaa5e - - - - -] database.connection_parameters = log_opt_values /usr/lib/python3/dist-packages/oslo_config/cfg.py:2609
2025-02-10 00:32:35.335 139673 DEBUG oslo_messaging._drivers.amqpdriver [-] AMQPListener connection timeout poll /usr/lib/python3/dist-packages/oslo_messaging/_drivers/amqpdriver.py:360
2025-02-10 00:32:35.337 138952 DEBUG oslo_service.service [req-e0e88f9f-7161-4de5-a788-e723dc2aaa5e - - - - -] database.connection_recycle_time = 3600 log_opt_values /usr/lib/python3/dist-packages/oslo_config/cfg.py:2609
2025-02-10 00:32:35.337 139673 DEBUG oslo_messaging._drivers.amqpdriver [-] Listener is running poll /usr/lib/python3/dist-packages/oslo_messaging/_drivers/amqpdriver.py:343
2025-02-10 00:32:35.337 138952 DEBUG oslo_service.service [req-e0e88f9f-7161-4de5-a788-e723dc2aaa5e - - - - -] database.connection_trace = False log_opt_values /usr/lib/python3/dist-packages/oslo_config/cfg.py:2609
2025-02-10 00:32:35.337 139673 DEBUG oslo_messaging._drivers.amqpdriver [-] AMQPListener connection consume poll /usr/lib/python3/dist-packages/oslo_messaging/_drivers/amqpdriver.py:357
2025-02-10 00:32:35.337 138952 DEBUG oslo_service.service [req-e0e88f9f-7161-4de5-a788-e723dc2aaa5e - - - - -] database.db_inc_retry_interval = True log_opt_values /usr/lib/python3/dist-packages/oslo_config/cfg.py:2609
2025-02-10 00:32:35.338 138952 DEBUG oslo_service.service [req-e0e88f9f-7161-4de5-a788-e723dc2aaa5e - - - - -] database.db_max_retries = 20 log_opt_values /usr/lib/python3/dist-packages/oslo_config/cfg.py:2609
2025-02-10 00:32:35.338 138952 DEBUG oslo_service.service [req-e0e88f9f-7161-4de5-a788-e723dc2aaa5e - - - - -] database.db_max_retry_interval = 10 log_opt_values /usr/lib/python3/dist-packages/oslo_config/cfg.py:2609
2025-02-10 00:32:35.338 138952 DEBUG oslo_service.service [req-e0e88f9f-7161-4de5-a788-e723dc2aaa5e - - - - -] database.db_retry_interval = 1 log_opt_values /usr/lib/python3/dist-packages/oslo_config/cfg.py:2609
2025-02-10 00:32:35.338 138952 DEBUG oslo_service.service [req-e0e88f9f-7161-4de5-a788-e723dc2aaa5e - - - - -] database.max_overflow = 50 log_opt_values /usr/lib/python3/dist-packages/oslo_config/cfg.py:2609
2025-02-10 00:32:35.338 138952 DEBUG oslo_service.service [req-e0e88f9f-7161-4de5-a788-e723dc2aaa5e - - - - -] database.max_pool_size = 4 log_opt_values /usr/lib/python3/dist-packages/oslo_config/cfg.py:2609
2025-02-10 00:32:35.339 138952 DEBUG oslo_service.service [req-e0e88f9f-7161-4de5-a788-e723dc2aaa5e - - - - -] database.max_retries = 10 log_opt_values /usr/lib/python3/dist-packages/oslo_config/cfg.py:2609
2025-02-10 00:32:35.340 138952 DEBUG oslo_service.service [req-e0e88f9f-7161-4de5-a788-e723dc2aaa5e - - - - -] database.mysql_enable_ndb = False log_opt_values /usr/lib/python3/dist-packages/oslo_config/cfg.py:2609
2025-02-10 00:32:35.340 138952 DEBUG oslo_service.service [req-e0e88f9f-7161-4de5-a788-e723dc2aaa5e - - - - -] database.mysql_sql_mode = TRADITIONAL log_opt_values /usr/lib/python3/dist-packages/oslo_config/cfg.py:2609
2025-02-10 00:32:35.340 138952 DEBUG oslo_service.service [req-e0e88f9f-7161-4de5-a788-e723dc2aaa5e - - - - -] database.pool_timeout = None log_opt_values /usr/lib/python3/dist-packages/oslo_config/cfg.py:2609
2025-02-10 00:32:35.340 138952 DEBUG oslo_service.service [req-e0e88f9f-7161-4de5-a788-e723dc2aaa5e - - - - -] database.retry_interval = 10 log_opt_values /usr/lib/python3/dist-packages/oslo_config/cfg.py:2609
2025-02-10 00:32:35.342 138952 DEBUG oslo_service.service [req-e0e88f9f-7161-4de5-a788-e723dc2aaa5e - - - - -] database.slave_connection = **** log_opt_values /usr/lib/python3/dist-packages/oslo_config/cfg.py:2609
2025-02-10 00:32:35.342 138952 DEBUG oslo_service.service [req-e0e88f9f-7161-4de5-a788-e723dc2aaa5e - - - - -] database.sqlite_synchronous = True log_opt_values /usr/lib/python3/dist-packages/oslo_config/cfg.py:2609
2025-02-10 00:32:35.342 138952 DEBUG oslo_service.service [req-e0e88f9f-7161-4de5-a788-e723dc2aaa5e - - - - -] database.use_db_reconnect = False log_opt_values /usr/lib/python3/dist-packages/oslo_config/cfg.py:2609
2025-02-10 00:32:35.341 139677 DEBUG nova.service [req-758c3b08-7631-4e5f-a20b-ffb82e9ba515 - - - - -] Join ServiceGroup membership for this service scheduler start /usr/lib/python3/dist-packages/nova/service.py:199
2025-02-10 00:32:35.341 139675 DEBUG oslo_messaging._drivers.amqpdriver [-] Listener is running poll /usr/lib/python3/dist-packages/oslo_messaging/_drivers/amqpdriver.py:343
2025-02-10 00:32:35.342 138952 DEBUG oslo_service.service [req-e0e88f9f-7161-4de5-a788-e723dc2aaa5e - - - - -] api_database.backend = sqlalchemy log_opt_values /usr/lib/python3/dist-packages/oslo_config/cfg.py:2609
2025-02-10 00:32:35.342 139675 DEBUG oslo_messaging._drivers.amqpdriver [-] AMQPListener connection consume poll /usr/lib/python3/dist-packages/oslo_messaging/_drivers/amqpdriver.py:357
2025-02-10 00:32:35.343 139677 DEBUG nova.servicegroup.drivers.db [req-758c3b08-7631-4e5f-a20b-ffb82e9ba515 - - - - -] DB_Driver: join new ServiceGroup member juju-8fdc11-0-lxd-7 to the scheduler group, service = join /usr/lib/python3/dist-packages/nova/servicegroup/drivers/db.py:44
2025-02-10 00:32:35.343 138952 DEBUG oslo_service.service [req-e0e88f9f-7161-4de5-a788-e723dc2aaa5e - - - - -] api_database.connection = **** log_opt_values /usr/lib/python3/dist-packages/oslo_config/cfg.py:2609
2025-02-10 00:32:35.343 138952 DEBUG oslo_service.service [req-e0e88f9f-7161-4de5-a788-e723dc2aaa5e - - - - -] api_database.connection_debug = 0 log_opt_values /usr/lib/python3/dist-packages/oslo_config/cfg.py:2609
2025-02-10 00:32:35.344 138952 DEBUG oslo_service.service [req-e0e88f9f-7161-4de5-a788-e723dc2aaa5e - - - - -] api_database.connection_parameters = log_opt_values /usr/lib/python3/dist-packages/oslo_config/cfg.py:2609
2025-02-10 00:32:35.344 139675 DEBUG nova.service [req-2dcdd9be-8cd6-4d39-bf6d-753177752b23 - - - - -] Join ServiceGroup membership for this service scheduler start /usr/lib/python3/dist-packages/nova/service.py:199
2025-02-10 00:32:35.344 139677 DEBUG oslo_messaging._drivers.amqpdriver [-] AMQPListener connection timeout poll /usr/lib/python3/dist-packages/oslo_messaging/_drivers/amqpdriver.py:360
2025-02-10 00:32:35.344 139677 DEBUG oslo_messaging._drivers.amqpdriver [-] Listener is running poll /usr/lib/python3/dist-packages/oslo_messaging/_drivers/amqpdriver.py:343
2025-02-10 00:32:35.344 138952 DEBUG oslo_service.service [req-e0e88f9f-7161-4de5-a788-e723dc2aaa5e - - - - -] api_database.connection_recycle_time = 3600 log_opt_values /usr/lib/python3/dist-packages/oslo_config/cfg.py:2609
2025-02-10 00:32:35.344 139677 DEBUG oslo_messaging._drivers.amqpdriver [-] AMQPListener connection consume poll /usr/lib/python3/dist-packages/oslo_messaging/_drivers/amqpdriver.py:357
2025-02-10 00:32:35.344 139675 DEBUG nova.servicegroup.drivers.db [req-2dcdd9be-8cd6-4d39-bf6d-753177752b23 - - - - -] DB_Driver: join new ServiceGroup member juju-8fdc11-0-lxd-7 to the scheduler group, service = join /usr/lib/python3/dist-packages/nova/servicegroup/drivers/db.py:44
2025-02-10 00:32:35.344 138952 DEBUG oslo_service.service [req-e0e88f9f-7161-4de5-a788-e723dc2aaa5e - - - - -] api_database.connection_trace = False log_opt_values /usr/lib/python3/dist-packages/oslo_config/cfg.py:2609
2025-02-10 00:32:35.344 138952 DEBUG oslo_service.service [req-e0e88f9f-7161-4de5-a788-e723dc2aaa5e - - - - -] api_database.db_inc_retry_interval = True log_opt_values /usr/lib/python3/dist-packages/oslo_config/cfg.py:2609
2025-02-10 00:32:35.345 138952 DEBUG oslo_service.service [req-e0e88f9f-7161-4de5-a788-e723dc2aaa5e - - - - -] api_database.db_max_retries = 20 log_opt_values /usr/lib/python3/dist-packages/oslo_config/cfg.py:2609
2025-02-10 00:32:35.345 138952 DEBUG oslo_service.service [req-e0e88f9f-7161-4de5-a788-e723dc2aaa5e - - - - -] api_database.db_max_retry_interval = 10 log_opt_values /usr/lib/python3/dist-packages/oslo_config/cfg.py:2609
2025-02-10 00:32:35.345 139675 DEBUG oslo_service.periodic_task [req-838094fb-7465-4e7e-a433-f290bc908427 - - - - -] Running periodic task SchedulerManager._discover_hosts_in_cells run_periodic_tasks /usr/lib/python3/dist-packages/oslo_service/periodic_task.py:210
2025-02-10 00:32:35.346 138952 DEBUG oslo_service.service [req-e0e88f9f-7161-4de5-a788-e723dc2aaa5e - - - - -] api_database.db_retry_interval = 1 log_opt_values /usr/lib/python3/dist-packages/oslo_config/cfg.py:2609
2025-02-10 00:32:35.346 138952 DEBUG oslo_service.service [req-e0e88f9f-7161-4de5-a788-e723dc2aaa5e - - - - -] api_database.max_overflow = 50 log_opt_values /usr/lib/python3/dist-packages/oslo_config/cfg.py:2609
2025-02-10 00:32:35.346 138952 DEBUG oslo_service.service [req-e0e88f9f-7161-4de5-a788-e723dc2aaa5e - - - - -] api_database.max_pool_size = 4 log_opt_values /usr/lib/python3/dist-packages/oslo_config/cfg.py:2609
2025-02-10 00:32:35.346 138952 DEBUG oslo_service.service [req-e0e88f9f-7161-4de5-a788-e723dc2aaa5e - - - - -] api_database.max_retries = 10 log_opt_values /usr/lib/python3/dist-packages/oslo_config/cfg.py:2609
2025-02-10 00:32:35.346 139675 DEBUG oslo_db.sqlalchemy.engines [req-838094fb-7465-4e7e-a433-f290bc908427 - - - - -] Parent process 138952 forked (139675) with an open database connection, which is being discarded and recreated. checkout /usr/lib/python3/dist-packages/oslo_db/sqlalchemy/engines.py:413
2025-02-10 00:32:35.347 138952 DEBUG oslo_service.service [req-e0e88f9f-7161-4de5-a788-e723dc2aaa5e - - - - -] api_database.mysql_enable_ndb = False log_opt_values /usr/lib/python3/dist-packages/oslo_config/cfg.py:2609
2025-02-10 00:32:35.347 138952 DEBUG oslo_service.service [req-e0e88f9f-7161-4de5-a788-e723dc2aaa5e - - - - -] api_database.mysql_sql_mode = TRADITIONAL log_opt_values /usr/lib/python3/dist-packages/oslo_config/cfg.py:2609
2025-02-10 00:32:35.347 138952 DEBUG oslo_service.service [req-e0e88f9f-7161-4de5-a788-e723dc2aaa5e - - - - -] api_database.pool_timeout = None log_opt_values /usr/lib/python3/dist-packages/oslo_config/cfg.py:2609
2025-02-10 00:32:35.349 138952 DEBUG oslo_service.service [req-e0e88f9f-7161-4de5-a788-e723dc2aaa5e - - - - -] api_database.retry_interval = 10 log_opt_values /usr/lib/python3/dist-packages/oslo_config/cfg.py:2609
2025-02-10 00:32:35.350 138952 DEBUG oslo_service.service [req-e0e88f9f-7161-4de5-a788-e723dc2aaa5e - - - - -] api_database.slave_connection = **** log_opt_values /usr/lib/python3/dist-packages/oslo_config/cfg.py:2609
2025-02-10 00:32:35.350 138952 DEBUG oslo_service.service [req-e0e88f9f-7161-4de5-a788-e723dc2aaa5e - - - - -] api_database.sqlite_synchronous = True log_opt_values /usr/lib/python3/dist-packages/oslo_config/cfg.py:2609
2025-02-10 00:32:35.350 139675 DEBUG oslo_messaging._drivers.amqpdriver [-] AMQPListener connection timeout poll /usr/lib/python3/dist-packages/oslo_messaging/_drivers/amqpdriver.py:360
2025-02-10 00:32:35.350 138952 DEBUG oslo_service.service [req-e0e88f9f-7161-4de5-a788-e723dc2aaa5e - - - - -] devices.enabled_mdev_types = [] log_opt_values /usr/lib/python3/dist-packages/oslo_config/cfg.py:2609
2025-02-10 00:32:35.350 139675 DEBUG oslo_messaging._drivers.amqpdriver [-] Listener is running poll /usr/lib/python3/dist-packages/oslo_messaging/_drivers/amqpdriver.py:343
2025-02-10 00:32:35.350 139675 DEBUG oslo_messaging._drivers.amqpdriver [-] AMQPListener connection consume poll /usr/lib/python3/dist-packages/oslo_messaging/_drivers/amqpdriver.py:357
2025-02-10 00:32:35.350 138952 DEBUG oslo_service.service [req-e0e88f9f-7161-4de5-a788-e723dc2aaa5e - - - - -] ephemeral_storage_encryption.cipher = aes-xts-plain64 log_opt_values /usr/lib/python3/dist-packages/oslo_config/cfg.py:2609
2025-02-10 00:32:35.351 138952 DEBUG oslo_service.service [req-e0e88f9f-7161-4de5-a788-e723dc2aaa5e - - - - -] ephemeral_storage_encryption.enabled = False log_opt_values /usr/lib/python3/dist-packages/oslo_config/cfg.py:2609
2025-02-10 00:32:35.351 138952 DEBUG oslo_service.service [req-e0e88f9f-7161-4de5-a788-e723dc2aaa5e - - - - -] ephemeral_storage_encryption.key_size = 512 log_opt_values /usr/lib/python3/dist-packages/oslo_config/cfg.py:2609
2025-02-10 00:32:35.351 138952 WARNING oslo_config.cfg [req-e0e88f9f-7161-4de5-a788-e723dc2aaa5e - - - - -] Deprecated: Option "api_servers" from group "glance" is deprecated for removal ( Support for image service configuration via standard keystoneauth1 Adapter options was added in the 17.0.0 Queens release. The api_servers option was retained temporarily to allow consumers time to cut over to a real load balancing solution. ). Its value may be silently ignored in the future.
2025-02-10 00:32:35.351 138952 DEBUG oslo_service.service [req-e0e88f9f-7161-4de5-a788-e723dc2aaa5e - - - - -] glance.api_servers = ['http://252.38.160.209:9292'] log_opt_values /usr/lib/python3/dist-packages/oslo_config/cfg.py:2609
2025-02-10 00:32:35.352 138952 DEBUG oslo_service.service [req-e0e88f9f-7161-4de5-a788-e723dc2aaa5e - - - - -] glance.cafile = None log_opt_values /usr/lib/python3/dist-packages/oslo_config/cfg.py:2609
2025-02-10 00:32:35.352 138952 DEBUG oslo_service.service [req-e0e88f9f-7161-4de5-a788-e723dc2aaa5e - - - - -] glance.certfile = None log_opt_values /usr/lib/python3/dist-packages/oslo_config/cfg.py:2609
2025-02-10 00:32:35.353 138952 DEBUG oslo_service.service [req-e0e88f9f-7161-4de5-a788-e723dc2aaa5e - - - - -] glance.collect_timing = False log_opt_values /usr/lib/python3/dist-packages/oslo_config/cfg.py:2609
2025-02-10 00:32:35.353 138952 DEBUG oslo_service.service [req-e0e88f9f-7161-4de5-a788-e723dc2aaa5e - - - - -] glance.connect_retries = None log_opt_values /usr/lib/python3/dist-packages/oslo_config/cfg.py:2609
2025-02-10 00:32:35.353 138952 DEBUG oslo_service.service [req-e0e88f9f-7161-4de5-a788-e723dc2aaa5e - - - - -] glance.connect_retry_delay = None log_opt_values /usr/lib/python3/dist-packages/oslo_config/cfg.py:2609
2025-02-10 00:32:35.354 138952 DEBUG oslo_service.service [req-e0e88f9f-7161-4de5-a788-e723dc2aaa5e - - - - -] glance.debug = False log_opt_values /usr/lib/python3/dist-packages/oslo_config/cfg.py:2609
2025-02-10 00:32:35.354 138952 DEBUG oslo_service.service [req-e0e88f9f-7161-4de5-a788-e723dc2aaa5e - - - - -] glance.default_trusted_certificate_ids = [] log_opt_values /usr/lib/python3/dist-packages/oslo_config/cfg.py:2609
2025-02-10 00:32:35.354 138952 DEBUG oslo_service.service [req-e0e88f9f-7161-4de5-a788-e723dc2aaa5e - - - - -] glance.enable_certificate_validation = False log_opt_values /usr/lib/python3/dist-packages/oslo_config/cfg.py:2609
2025-02-10 00:32:35.354 138952 DEBUG oslo_service.service [req-e0e88f9f-7161-4de5-a788-e723dc2aaa5e - - - - -] glance.enable_rbd_download = False log_opt_values /usr/lib/python3/dist-packages/oslo_config/cfg.py:2609
2025-02-10 00:32:35.354 138952 DEBUG oslo_service.service [req-e0e88f9f-7161-4de5-a788-e723dc2aaa5e - - - - -] glance.endpoint_override = None log_opt_values /usr/lib/python3/dist-packages/oslo_config/cfg.py:2609
2025-02-10 00:32:35.354 138952 DEBUG oslo_service.service [req-e0e88f9f-7161-4de5-a788-e723dc2aaa5e - - - - -] glance.insecure = False log_opt_values /usr/lib/python3/dist-packages/oslo_config/cfg.py:2609
2025-02-10 00:32:35.355 138952 DEBUG oslo_service.service [req-e0e88f9f-7161-4de5-a788-e723dc2aaa5e - - - - -] glance.keyfile = None log_opt_values /usr/lib/python3/dist-packages/oslo_config/cfg.py:2609
2025-02-10 00:32:35.355 138952 DEBUG oslo_service.service [req-e0e88f9f-7161-4de5-a788-e723dc2aaa5e - - - - -] glance.max_version = None log_opt_values /usr/lib/python3/dist-packages/oslo_config/cfg.py:2609
2025-02-10 00:32:35.355 138952 DEBUG oslo_service.service [req-e0e88f9f-7161-4de5-a788-e723dc2aaa5e - - - - -] glance.min_version = None log_opt_values /usr/lib/python3/dist-packages/oslo_config/cfg.py:2609
2025-02-10 00:32:35.355 138952 DEBUG oslo_service.service [req-e0e88f9f-7161-4de5-a788-e723dc2aaa5e - - - - -] glance.num_retries = 3 log_opt_values /usr/lib/python3/dist-packages/oslo_config/cfg.py:2609
2025-02-10 00:32:35.355 138952 DEBUG oslo_service.service [req-e0e88f9f-7161-4de5-a788-e723dc2aaa5e - - - - -] glance.rbd_ceph_conf = log_opt_values /usr/lib/python3/dist-packages/oslo_config/cfg.py:2609
2025-02-10 00:32:35.355 138952 DEBUG oslo_service.service [req-e0e88f9f-7161-4de5-a788-e723dc2aaa5e - - - - -] glance.rbd_connect_timeout = 5 log_opt_values /usr/lib/python3/dist-packages/oslo_config/cfg.py:2609
2025-02-10 00:32:35.356 138952 DEBUG oslo_service.service [req-e0e88f9f-7161-4de5-a788-e723dc2aaa5e - - - - -] glance.rbd_pool = log_opt_values /usr/lib/python3/dist-packages/oslo_config/cfg.py:2609
2025-02-10 00:32:35.356 138952 DEBUG oslo_service.service [req-e0e88f9f-7161-4de5-a788-e723dc2aaa5e - - - - -] glance.rbd_user = log_opt_values /usr/lib/python3/dist-packages/oslo_config/cfg.py:2609
2025-02-10 00:32:35.356 138952 DEBUG oslo_service.service [req-e0e88f9f-7161-4de5-a788-e723dc2aaa5e - - - - -] glance.region_name = None log_opt_values /usr/lib/python3/dist-packages/oslo_config/cfg.py:2609
2025-02-10 00:32:35.356 138952 DEBUG oslo_service.service [req-e0e88f9f-7161-4de5-a788-e723dc2aaa5e - - - - -] glance.service_name = None log_opt_values /usr/lib/python3/dist-packages/oslo_config/cfg.py:2609
2025-02-10 00:32:35.357 138952 DEBUG oslo_service.service [req-e0e88f9f-7161-4de5-a788-e723dc2aaa5e - - - - -] glance.service_type = image log_opt_values /usr/lib/python3/dist-packages/oslo_config/cfg.py:2609
2025-02-10 00:32:35.357 138952 DEBUG oslo_service.service [req-e0e88f9f-7161-4de5-a788-e723dc2aaa5e - - - - -] glance.split_loggers = False log_opt_values /usr/lib/python3/dist-packages/oslo_config/cfg.py:2609
2025-02-10 00:32:35.357 138952 DEBUG oslo_service.service [req-e0e88f9f-7161-4de5-a788-e723dc2aaa5e - - - - -] glance.status_code_retries = None log_opt_values /usr/lib/python3/dist-packages/oslo_config/cfg.py:2609
2025-02-10 00:32:35.357 138952 DEBUG oslo_service.service [req-e0e88f9f-7161-4de5-a788-e723dc2aaa5e - - - - -] glance.status_code_retry_delay = None log_opt_values /usr/lib/python3/dist-packages/oslo_config/cfg.py:2609
2025-02-10 00:32:35.357 138952 DEBUG oslo_service.service [req-e0e88f9f-7161-4de5-a788-e723dc2aaa5e - - - - -] glance.timeout = None log_opt_values /usr/lib/python3/dist-packages/oslo_config/cfg.py:2609
2025-02-10 00:32:35.358 138952 DEBUG oslo_service.service [req-e0e88f9f-7161-4de5-a788-e723dc2aaa5e - - - - -] glance.valid_interfaces = ['internal', 'public'] log_opt_values /usr/lib/python3/dist-packages/oslo_config/cfg.py:2609
2025-02-10 00:32:35.358 138952 DEBUG oslo_service.service [req-e0e88f9f-7161-4de5-a788-e723dc2aaa5e - - - - -] glance.verify_glance_signatures = False log_opt_values /usr/lib/python3/dist-packages/oslo_config/cfg.py:2609
2025-02-10 00:32:35.358 138952 DEBUG oslo_service.service [req-e0e88f9f-7161-4de5-a788-e723dc2aaa5e - - - - -] glance.version = None log_opt_values /usr/lib/python3/dist-packages/oslo_config/cfg.py:2609
2025-02-10 00:32:35.358 138952 DEBUG oslo_service.service [req-e0e88f9f-7161-4de5-a788-e723dc2aaa5e - - - - -] guestfs.debug = False log_opt_values /usr/lib/python3/dist-packages/oslo_config/cfg.py:2609
2025-02-10 00:32:35.359 138952 DEBUG oslo_service.service [req-e0e88f9f-7161-4de5-a788-e723dc2aaa5e - - - - -] hyperv.config_drive_cdrom = False log_opt_values /usr/lib/python3/dist-packages/oslo_config/cfg.py:2609
2025-02-10 00:32:35.359 138952 DEBUG oslo_service.service [req-e0e88f9f-7161-4de5-a788-e723dc2aaa5e - - - - -] hyperv.config_drive_inject_password = False log_opt_values /usr/lib/python3/dist-packages/oslo_config/cfg.py:2609
2025-02-10 00:32:35.359 138952 DEBUG oslo_service.service [req-e0e88f9f-7161-4de5-a788-e723dc2aaa5e - - - - -] hyperv.dynamic_memory_ratio = 1.0 log_opt_values /usr/lib/python3/dist-packages/oslo_config/cfg.py:2609
2025-02-10 00:32:35.359 138952 DEBUG oslo_service.service [req-e0e88f9f-7161-4de5-a788-e723dc2aaa5e - - - - -] hyperv.enable_instance_metrics_collection = False log_opt_values /usr/lib/python3/dist-packages/oslo_config/cfg.py:2609
2025-02-10 00:32:35.359 139676 DEBUG oslo_messaging._drivers.amqpdriver [-] Listener is running poll /usr/lib/python3/dist-packages/oslo_messaging/_drivers/amqpdriver.py:343
2025-02-10 00:32:35.359 138952 DEBUG oslo_service.service [req-e0e88f9f-7161-4de5-a788-e723dc2aaa5e - - - - -] hyperv.enable_remotefx = False log_opt_values /usr/lib/python3/dist-packages/oslo_config/cfg.py:2609
2025-02-10 00:32:35.359 139676 DEBUG oslo_messaging._drivers.amqpdriver [-] AMQPListener connection consume poll /usr/lib/python3/dist-packages/oslo_messaging/_drivers/amqpdriver.py:357
2025-02-10 00:32:35.359 138952 DEBUG oslo_service.service [req-e0e88f9f-7161-4de5-a788-e723dc2aaa5e - - - - -] hyperv.instances_path_share = log_opt_values /usr/lib/python3/dist-packages/oslo_config/cfg.py:2609
2025-02-10 00:32:35.359 139675 DEBUG oslo_concurrency.lockutils [req-838094fb-7465-4e7e-a433-f290bc908427 - - - - -] Lock "c97360ad-0358-4c3a-a644-a20b8903b691" acquired by "nova.context.set_target_cell..get_or_set_cached_cell_and_set_connections" :: waited 0.000s inner /usr/lib/python3/dist-packages/oslo_concurrency/lockutils.py:386
2025-02-10 00:32:35.359 138952 DEBUG oslo_service.service [req-e0e88f9f-7161-4de5-a788-e723dc2aaa5e - - - - -] hyperv.iscsi_initiator_list = [] log_opt_values /usr/lib/python3/dist-packages/oslo_config/cfg.py:2609
2025-02-10 00:32:35.360 138952 DEBUG oslo_service.service [req-e0e88f9f-7161-4de5-a788-e723dc2aaa5e - - - - -] hyperv.limit_cpu_features = False log_opt_values /usr/lib/python3/dist-packages/oslo_config/cfg.py:2609
2025-02-10 00:32:35.360 138952 DEBUG oslo_service.service [req-e0e88f9f-7161-4de5-a788-e723dc2aaa5e - - - - -] hyperv.mounted_disk_query_retry_count = 10 log_opt_values /usr/lib/python3/dist-packages/oslo_config/cfg.py:2609
2025-02-10 00:32:35.360 138952 DEBUG oslo_service.service [req-e0e88f9f-7161-4de5-a788-e723dc2aaa5e - - - - -] hyperv.mounted_disk_query_retry_interval = 5 log_opt_values /usr/lib/python3/dist-packages/oslo_config/cfg.py:2609
2025-02-10 00:32:35.360 138952 DEBUG oslo_service.service [req-e0e88f9f-7161-4de5-a788-e723dc2aaa5e - - - - -] hyperv.power_state_check_timeframe = 60 log_opt_values /usr/lib/python3/dist-packages/oslo_config/cfg.py:2609
2025-02-10 00:32:35.360 138952 DEBUG oslo_service.service [req-e0e88f9f-7161-4de5-a788-e723dc2aaa5e - - - - -] hyperv.power_state_event_polling_interval = 2 log_opt_values /usr/lib/python3/dist-packages/oslo_config/cfg.py:2609
2025-02-10 00:32:35.361 138952 DEBUG oslo_service.service [req-e0e88f9f-7161-4de5-a788-e723dc2aaa5e - - - - -] hyperv.qemu_img_cmd = qemu-img.exe log_opt_values /usr/lib/python3/dist-packages/oslo_config/cfg.py:2609
2025-02-10 00:32:35.361 138952 DEBUG oslo_service.service [req-e0e88f9f-7161-4de5-a788-e723dc2aaa5e - - - - -] hyperv.use_multipath_io = False log_opt_values /usr/lib/python3/dist-packages/oslo_config/cfg.py:2609
2025-02-10 00:32:35.361 138952 DEBUG oslo_service.service [req-e0e88f9f-7161-4de5-a788-e723dc2aaa5e - - - - -] hyperv.volume_attach_retry_count = 10 log_opt_values /usr/lib/python3/dist-packages/oslo_config/cfg.py:2609
2025-02-10 00:32:35.361 139676 DEBUG nova.service [req-16bc7698-4a37-4b0f-aaf5-4c24bc04c025 - - - - -] Join ServiceGroup membership for this service scheduler start /usr/lib/python3/dist-packages/nova/service.py:199
2025-02-10 00:32:35.361 138952 DEBUG oslo_service.service [req-e0e88f9f-7161-4de5-a788-e723dc2aaa5e - - - - -] hyperv.volume_attach_retry_interval = 5 log_opt_values /usr/lib/python3/dist-packages/oslo_config/cfg.py:2609
2025-02-10 00:32:35.361 139676 DEBUG nova.servicegroup.drivers.db [req-16bc7698-4a37-4b0f-aaf5-4c24bc04c025 - - - - -] DB_Driver: join new ServiceGroup member juju-8fdc11-0-lxd-7 to the scheduler group, service = join /usr/lib/python3/dist-packages/nova/servicegroup/drivers/db.py:44
2025-02-10 00:32:35.361 138952 DEBUG oslo_service.service [req-e0e88f9f-7161-4de5-a788-e723dc2aaa5e - - - - -] hyperv.vswitch_name = None log_opt_values /usr/lib/python3/dist-packages/oslo_config/cfg.py:2609
2025-02-10 00:32:35.361 139675 DEBUG oslo_concurrency.lockutils [req-838094fb-7465-4e7e-a433-f290bc908427 - - - - -] Lock "c97360ad-0358-4c3a-a644-a20b8903b691" "released" by "nova.context.set_target_cell..get_or_set_cached_cell_and_set_connections" :: held 0.002s inner /usr/lib/python3/dist-packages/oslo_concurrency/lockutils.py:400
2025-02-10 00:32:35.362 138952 DEBUG oslo_service.service [req-e0e88f9f-7161-4de5-a788-e723dc2aaa5e - - - - -] hyperv.wait_soft_reboot_seconds = 60 log_opt_values /usr/lib/python3/dist-packages/oslo_config/cfg.py:2609
2025-02-10 00:32:35.362 138952 DEBUG oslo_service.service [req-e0e88f9f-7161-4de5-a788-e723dc2aaa5e - - - - -] mks.enabled = False log_opt_values /usr/lib/python3/dist-packages/oslo_config/cfg.py:2609
2025-02-10 00:32:35.362 138952 DEBUG oslo_service.service [req-e0e88f9f-7161-4de5-a788-e723dc2aaa5e - - - - -] mks.mksproxy_base_url = http://127.0.0.1:6090/ log_opt_values /usr/lib/python3/dist-packages/oslo_config/cfg.py:2609
2025-02-10 00:32:35.363 138952 DEBUG oslo_service.service [req-e0e88f9f-7161-4de5-a788-e723dc2aaa5e - - - - -] image_cache.manager_interval = 2400 log_opt_values /usr/lib/python3/dist-packages/oslo_config/cfg.py:2609
2025-02-10 00:32:35.363 138952 DEBUG oslo_service.service [req-e0e88f9f-7161-4de5-a788-e723dc2aaa5e - - - - -] image_cache.precache_concurrency = 1 log_opt_values /usr/lib/python3/dist-packages/oslo_config/cfg.py:2609
2025-02-10 00:32:35.363 139676 DEBUG oslo_messaging._drivers.amqpdriver [-] AMQPListener connection timeout poll /usr/lib/python3/dist-packages/oslo_messaging/_drivers/amqpdriver.py:360
2025-02-10 00:32:35.363 138952 DEBUG oslo_service.service [req-e0e88f9f-7161-4de5-a788-e723dc2aaa5e - - - - -] image_cache.remove_unused_base_images = True log_opt_values /usr/lib/python3/dist-packages/oslo_config/cfg.py:2609
2025-02-10 00:32:35.363 139676 DEBUG oslo_messaging._drivers.amqpdriver [-] Listener is running poll /usr/lib/python3/dist-packages/oslo_messaging/_drivers/amqpdriver.py:343
2025-02-10 00:32:35.363 138952 DEBUG oslo_service.service [req-e0e88f9f-7161-4de5-a788-e723dc2aaa5e - - - - -] image_cache.remove_unused_original_minimum_age_seconds = 86400 log_opt_values /usr/lib/python3/dist-packages/oslo_config/cfg.py:2609
2025-02-10 00:32:35.363 139676 DEBUG oslo_messaging._drivers.amqpdriver [-] AMQPListener connection consume poll /usr/lib/python3/dist-packages/oslo_messaging/_drivers/amqpdriver.py:357
2025-02-10 00:32:35.364 138952 DEBUG oslo_service.service [req-e0e88f9f-7161-4de5-a788-e723dc2aaa5e - - - - -] image_cache.remove_unused_resized_minimum_age_seconds = 3600 log_opt_values /usr/lib/python3/dist-packages/oslo_config/cfg.py:2609
2025-02-10 00:32:35.364 138952 DEBUG oslo_service.service [req-e0e88f9f-7161-4de5-a788-e723dc2aaa5e - - - - -] image_cache.subdirectory_name = _base log_opt_values /usr/lib/python3/dist-packages/oslo_config/cfg.py:2609
2025-02-10 00:32:35.364 138952 DEBUG oslo_service.service [req-e0e88f9f-7161-4de5-a788-e723dc2aaa5e - - - - -] ironic.api_max_retries = 60 log_opt_values /usr/lib/python3/dist-packages/oslo_config/cfg.py:2609
2025-02-10 00:32:35.364 138952 DEBUG oslo_service.service [req-e0e88f9f-7161-4de5-a788-e723dc2aaa5e - - - - -] ironic.api_retry_interval = 2 log_opt_values /usr/lib/python3/dist-packages/oslo_config/cfg.py:2609
2025-02-10 00:32:35.364 138952 DEBUG oslo_service.service [req-e0e88f9f-7161-4de5-a788-e723dc2aaa5e - - - - -] ironic.auth_section = None log_opt_values /usr/lib/python3/dist-packages/oslo_config/cfg.py:2609
2025-02-10 00:32:35.365 138952 DEBUG oslo_service.service [req-e0e88f9f-7161-4de5-a788-e723dc2aaa5e - - - - -] ironic.auth_type = None log_opt_values /usr/lib/python3/dist-packages/oslo_config/cfg.py:2609
2025-02-10 00:32:35.365 138952 DEBUG oslo_service.service [req-e0e88f9f-7161-4de5-a788-e723dc2aaa5e - - - - -] ironic.cafile = None log_opt_values /usr/lib/python3/dist-packages/oslo_config/cfg.py:2609
2025-02-10 00:32:35.365 138952 DEBUG oslo_service.service [req-e0e88f9f-7161-4de5-a788-e723dc2aaa5e - - - - -] ironic.certfile = None log_opt_values /usr/lib/python3/dist-packages/oslo_config/cfg.py:2609
2025-02-10 00:32:35.365 138952 DEBUG oslo_service.service [req-e0e88f9f-7161-4de5-a788-e723dc2aaa5e - - - - -] ironic.collect_timing = False log_opt_values /usr/lib/python3/dist-packages/oslo_config/cfg.py:2609
2025-02-10 00:32:35.366 138952 DEBUG oslo_service.service [req-e0e88f9f-7161-4de5-a788-e723dc2aaa5e - - - - -] ironic.connect_retries = None log_opt_values /usr/lib/python3/dist-packages/oslo_config/cfg.py:2609
2025-02-10 00:32:35.366 138952 DEBUG oslo_service.service [req-e0e88f9f-7161-4de5-a788-e723dc2aaa5e - - - - -] ironic.connect_retry_delay = None log_opt_values /usr/lib/python3/dist-packages/oslo_config/cfg.py:2609
2025-02-10 00:32:35.366 138952 DEBUG oslo_service.service [req-e0e88f9f-7161-4de5-a788-e723dc2aaa5e - - - - -] ironic.endpoint_override = None log_opt_values /usr/lib/python3/dist-packages/oslo_config/cfg.py:2609
2025-02-10 00:32:35.366 138952 DEBUG oslo_service.service [req-e0e88f9f-7161-4de5-a788-e723dc2aaa5e - - - - -] ironic.insecure = False log_opt_values /usr/lib/python3/dist-packages/oslo_config/cfg.py:2609
2025-02-10 00:32:35.366 138952 DEBUG oslo_service.service [req-e0e88f9f-7161-4de5-a788-e723dc2aaa5e - - - - -] ironic.keyfile = None log_opt_values /usr/lib/python3/dist-packages/oslo_config/cfg.py:2609
2025-02-10 00:32:35.367 138952 DEBUG oslo_service.service [req-e0e88f9f-7161-4de5-a788-e723dc2aaa5e - - - - -] ironic.max_version = None log_opt_values /usr/lib/python3/dist-packages/oslo_config/cfg.py:2609
2025-02-10 00:32:35.367 138952 DEBUG oslo_service.service [req-e0e88f9f-7161-4de5-a788-e723dc2aaa5e - - - - -] ironic.min_version = None log_opt_values /usr/lib/python3/dist-packages/oslo_config/cfg.py:2609
2025-02-10 00:32:35.367 138952 DEBUG oslo_service.service [req-e0e88f9f-7161-4de5-a788-e723dc2aaa5e - - - - -] ironic.partition_key = None log_opt_values /usr/lib/python3/dist-packages/oslo_config/cfg.py:2609
2025-02-10 00:32:35.367 138952 DEBUG oslo_service.service [req-e0e88f9f-7161-4de5-a788-e723dc2aaa5e - - - - -] ironic.peer_list = [] log_opt_values /usr/lib/python3/dist-packages/oslo_config/cfg.py:2609
2025-02-10 00:32:35.368 138952 DEBUG oslo_service.service [req-e0e88f9f-7161-4de5-a788-e723dc2aaa5e - - - - -] ironic.region_name = None log_opt_values /usr/lib/python3/dist-packages/oslo_config/cfg.py:2609
2025-02-10 00:32:35.368 138952 DEBUG oslo_service.service [req-e0e88f9f-7161-4de5-a788-e723dc2aaa5e - - - - -] ironic.serial_console_state_timeout = 10 log_opt_values /usr/lib/python3/dist-packages/oslo_config/cfg.py:2609
2025-02-10 00:32:35.368 138952 DEBUG oslo_service.service [req-e0e88f9f-7161-4de5-a788-e723dc2aaa5e - - - - -] ironic.service_name = None log_opt_values /usr/lib/python3/dist-packages/oslo_config/cfg.py:2609
2025-02-10 00:32:35.368 138952 DEBUG oslo_service.service [req-e0e88f9f-7161-4de5-a788-e723dc2aaa5e - - - - -] ironic.service_type = baremetal log_opt_values /usr/lib/python3/dist-packages/oslo_config/cfg.py:2609
2025-02-10 00:32:35.368 139675 DEBUG oslo_db.sqlalchemy.engines [req-838094fb-7465-4e7e-a433-f290bc908427 - - - - -] MySQL server mode set to STRICT_TRANS_TABLES,STRICT_ALL_TABLES,NO_ZERO_IN_DATE,NO_ZERO_DATE,ERROR_FOR_DIVISION_BY_ZERO,TRADITIONAL,NO_ENGINE_SUBSTITUTION _check_effective_sql_mode /usr/lib/python3/dist-packages/oslo_db/sqlalchemy/engines.py:314
2025-02-10 00:32:35.368 138952 DEBUG oslo_service.service [req-e0e88f9f-7161-4de5-a788-e723dc2aaa5e - - - - -] ironic.split_loggers = False log_opt_values /usr/lib/python3/dist-packages/oslo_config/cfg.py:2609
2025-02-10 00:32:35.369 138952 DEBUG oslo_service.service [req-e0e88f9f-7161-4de5-a788-e723dc2aaa5e - - - - -] ironic.status_code_retries = None log_opt_values /usr/lib/python3/dist-packages/oslo_config/cfg.py:2609
2025-02-10 00:32:35.369 138952 DEBUG oslo_service.service [req-e0e88f9f-7161-4de5-a788-e723dc2aaa5e - - - - -] ironic.status_code_retry_delay = None log_opt_values /usr/lib/python3/dist-packages/oslo_config/cfg.py:2609
2025-02-10 00:32:35.369 138952 DEBUG oslo_service.service [req-e0e88f9f-7161-4de5-a788-e723dc2aaa5e - - - - -] ironic.timeout = None log_opt_values /usr/lib/python3/dist-packages/oslo_config/cfg.py:2609
2025-02-10 00:32:35.369 138952 DEBUG oslo_service.service [req-e0e88f9f-7161-4de5-a788-e723dc2aaa5e - - - - -] ironic.valid_interfaces = ['internal', 'public'] log_opt_values /usr/lib/python3/dist-packages/oslo_config/cfg.py:2609
2025-02-10 00:32:35.369 138952 DEBUG oslo_service.service [req-e0e88f9f-7161-4de5-a788-e723dc2aaa5e - - - - -] ironic.version = None log_opt_values /usr/lib/python3/dist-packages/oslo_config/cfg.py:2609
2025-02-10 00:32:35.370 138952 DEBUG oslo_service.service [req-e0e88f9f-7161-4de5-a788-e723dc2aaa5e - - - - -] key_manager.backend = barbican log_opt_values /usr/lib/python3/dist-packages/oslo_config/cfg.py:2609
2025-02-10 00:32:35.370 138952 DEBUG oslo_service.service [req-e0e88f9f-7161-4de5-a788-e723dc2aaa5e - - - - -] key_manager.fixed_key = **** log_opt_values /usr/lib/python3/dist-packages/oslo_config/cfg.py:2609
2025-02-10 00:32:35.370 138952 DEBUG oslo_service.service [req-e0e88f9f-7161-4de5-a788-e723dc2aaa5e - - - - -] barbican.auth_endpoint = http://localhost/identity/v3 log_opt_values /usr/lib/python3/dist-packages/oslo_config/cfg.py:2609
2025-02-10 00:32:35.370 138952 DEBUG oslo_service.service [req-e0e88f9f-7161-4de5-a788-e723dc2aaa5e - - - - -] barbican.barbican_api_version = None log_opt_values /usr/lib/python3/dist-packages/oslo_config/cfg.py:2609
2025-02-10 00:32:35.370 138952 DEBUG oslo_service.service [req-e0e88f9f-7161-4de5-a788-e723dc2aaa5e - - - - -] barbican.barbican_endpoint = None log_opt_values /usr/lib/python3/dist-packages/oslo_config/cfg.py:2609
2025-02-10 00:32:35.371 138952 DEBUG oslo_service.service [req-e0e88f9f-7161-4de5-a788-e723dc2aaa5e - - - - -] barbican.barbican_endpoint_type = public log_opt_values /usr/lib/python3/dist-packages/oslo_config/cfg.py:2609
2025-02-10 00:32:35.371 138952 DEBUG oslo_service.service [req-e0e88f9f-7161-4de5-a788-e723dc2aaa5e - - - - -] barbican.barbican_region_name = None log_opt_values /usr/lib/python3/dist-packages/oslo_config/cfg.py:2609
2025-02-10 00:32:35.371 138952 DEBUG oslo_service.service [req-e0e88f9f-7161-4de5-a788-e723dc2aaa5e - - - - -] barbican.cafile = None log_opt_values /usr/lib/python3/dist-packages/oslo_config/cfg.py:2609
2025-02-10 00:32:35.371 138952 DEBUG oslo_service.service [req-e0e88f9f-7161-4de5-a788-e723dc2aaa5e - - - - -] barbican.certfile = None log_opt_values /usr/lib/python3/dist-packages/oslo_config/cfg.py:2609
2025-02-10 00:32:35.371 138952 DEBUG oslo_service.service [req-e0e88f9f-7161-4de5-a788-e723dc2aaa5e - - - - -] barbican.collect_timing = False log_opt_values /usr/lib/python3/dist-packages/oslo_config/cfg.py:2609
2025-02-10 00:32:35.372 138952 DEBUG oslo_service.service [req-e0e88f9f-7161-4de5-a788-e723dc2aaa5e - - - - -] barbican.insecure = False log_opt_values /usr/lib/python3/dist-packages/oslo_config/cfg.py:2609
2025-02-10 00:32:35.372 138952 DEBUG oslo_service.service [req-e0e88f9f-7161-4de5-a788-e723dc2aaa5e - - - - -] barbican.keyfile = None log_opt_values /usr/lib/python3/dist-packages/oslo_config/cfg.py:2609
2025-02-10 00:32:35.372 138952 DEBUG oslo_service.service [req-e0e88f9f-7161-4de5-a788-e723dc2aaa5e - - - - -] barbican.number_of_retries = 60 log_opt_values /usr/lib/python3/dist-packages/oslo_config/cfg.py:2609
2025-02-10 00:32:35.373 138952 DEBUG oslo_service.service [req-e0e88f9f-7161-4de5-a788-e723dc2aaa5e - - - - -] barbican.retry_delay = 1 log_opt_values /usr/lib/python3/dist-packages/oslo_config/cfg.py:2609
2025-02-10 00:32:35.373 138952 DEBUG oslo_service.service [req-e0e88f9f-7161-4de5-a788-e723dc2aaa5e - - - - -] barbican.send_service_user_token = False log_opt_values /usr/lib/python3/dist-packages/oslo_config/cfg.py:2609
2025-02-10 00:32:35.373 138952 DEBUG oslo_service.service [req-e0e88f9f-7161-4de5-a788-e723dc2aaa5e - - - - -] barbican.split_loggers = False log_opt_values /usr/lib/python3/dist-packages/oslo_config/cfg.py:2609
2025-02-10 00:32:35.373 138952 DEBUG oslo_service.service [req-e0e88f9f-7161-4de5-a788-e723dc2aaa5e - - - - -] barbican.timeout = None log_opt_values /usr/lib/python3/dist-packages/oslo_config/cfg.py:2609
2025-02-10 00:32:35.374 138952 DEBUG oslo_service.service [req-e0e88f9f-7161-4de5-a788-e723dc2aaa5e - - - - -] barbican.verify_ssl = True log_opt_values /usr/lib/python3/dist-packages/oslo_config/cfg.py:2609
2025-02-10 00:32:35.374 138952 DEBUG oslo_service.service [req-e0e88f9f-7161-4de5-a788-e723dc2aaa5e - - - - -] barbican.verify_ssl_path = None log_opt_values /usr/lib/python3/dist-packages/oslo_config/cfg.py:2609
2025-02-10 00:32:35.374 138952 DEBUG oslo_service.service [req-e0e88f9f-7161-4de5-a788-e723dc2aaa5e - - - - -] barbican_service_user.auth_section = None log_opt_values /usr/lib/python3/dist-packages/oslo_config/cfg.py:2609
2025-02-10 00:32:35.374 138952 DEBUG oslo_service.service [req-e0e88f9f-7161-4de5-a788-e723dc2aaa5e - - - - -] barbican_service_user.auth_type = None log_opt_values /usr/lib/python3/dist-packages/oslo_config/cfg.py:2609
2025-02-10 00:32:35.374 138952 DEBUG oslo_service.service [req-e0e88f9f-7161-4de5-a788-e723dc2aaa5e - - - - -] barbican_service_user.cafile = None log_opt_values /usr/lib/python3/dist-packages/oslo_config/cfg.py:2609
2025-02-10 00:32:35.374 138952 DEBUG oslo_service.service [req-e0e88f9f-7161-4de5-a788-e723dc2aaa5e - - - - -] barbican_service_user.certfile = None log_opt_values /usr/lib/python3/dist-packages/oslo_config/cfg.py:2609
2025-02-10 00:32:35.375 138952 DEBUG oslo_service.service [req-e0e88f9f-7161-4de5-a788-e723dc2aaa5e - - - - -] barbican_service_user.collect_timing = False log_opt_values /usr/lib/python3/dist-packages/oslo_config/cfg.py:2609
2025-02-10 00:32:35.375 138952 DEBUG oslo_service.service [req-e0e88f9f-7161-4de5-a788-e723dc2aaa5e - - - - -] barbican_service_user.insecure = False log_opt_values /usr/lib/python3/dist-packages/oslo_config/cfg.py:2609
2025-02-10 00:32:35.375 138952 DEBUG oslo_service.service [req-e0e88f9f-7161-4de5-a788-e723dc2aaa5e - - - - -] barbican_service_user.keyfile = None log_opt_values /usr/lib/python3/dist-packages/oslo_config/cfg.py:2609
2025-02-10 00:32:35.375 138952 DEBUG oslo_service.service [req-e0e88f9f-7161-4de5-a788-e723dc2aaa5e - - - - -] barbican_service_user.split_loggers = False log_opt_values /usr/lib/python3/dist-packages/oslo_config/cfg.py:2609
2025-02-10 00:32:35.375 138952 DEBUG oslo_service.service [req-e0e88f9f-7161-4de5-a788-e723dc2aaa5e - - - - -] barbican_service_user.timeout = None log_opt_values /usr/lib/python3/dist-packages/oslo_config/cfg.py:2609
2025-02-10 00:32:35.375 138952 DEBUG oslo_service.service [req-e0e88f9f-7161-4de5-a788-e723dc2aaa5e - - - - -] vault.approle_role_id = None log_opt_values /usr/lib/python3/dist-packages/oslo_config/cfg.py:2609
2025-02-10 00:32:35.376 138952 DEBUG oslo_service.service [req-e0e88f9f-7161-4de5-a788-e723dc2aaa5e - - - - -] vault.approle_secret_id = None log_opt_values /usr/lib/python3/dist-packages/oslo_config/cfg.py:2609
2025-02-10 00:32:35.376 138952 DEBUG oslo_service.service [req-e0e88f9f-7161-4de5-a788-e723dc2aaa5e - - - - -] vault.cafile = None log_opt_values /usr/lib/python3/dist-packages/oslo_config/cfg.py:2609
2025-02-10 00:32:35.376 138952 DEBUG oslo_service.service [req-e0e88f9f-7161-4de5-a788-e723dc2aaa5e - - - - -] vault.certfile = None log_opt_values /usr/lib/python3/dist-packages/oslo_config/cfg.py:2609
2025-02-10 00:32:35.376 138952 DEBUG oslo_service.service [req-e0e88f9f-7161-4de5-a788-e723dc2aaa5e - - - - -] vault.collect_timing = False log_opt_values /usr/lib/python3/dist-packages/oslo_config/cfg.py:2609
2025-02-10 00:32:35.376 138952 DEBUG oslo_service.service [req-e0e88f9f-7161-4de5-a788-e723dc2aaa5e - - - - -] vault.insecure = False log_opt_values /usr/lib/python3/dist-packages/oslo_config/cfg.py:2609
2025-02-10 00:32:35.376 138952 DEBUG oslo_service.service [req-e0e88f9f-7161-4de5-a788-e723dc2aaa5e - - - - -] vault.keyfile = None log_opt_values /usr/lib/python3/dist-packages/oslo_config/cfg.py:2609
2025-02-10 00:32:35.377 138952 DEBUG oslo_service.service [req-e0e88f9f-7161-4de5-a788-e723dc2aaa5e - - - - -] vault.kv_mountpoint = secret log_opt_values /usr/lib/python3/dist-packages/oslo_config/cfg.py:2609
2025-02-10 00:32:35.377 138952 DEBUG oslo_service.service [req-e0e88f9f-7161-4de5-a788-e723dc2aaa5e - - - - -] vault.kv_version = 2 log_opt_values /usr/lib/python3/dist-packages/oslo_config/cfg.py:2609
2025-02-10 00:32:35.377 138952 DEBUG oslo_service.service [req-e0e88f9f-7161-4de5-a788-e723dc2aaa5e - - - - -] vault.namespace = None log_opt_values /usr/lib/python3/dist-packages/oslo_config/cfg.py:2609
2025-02-10 00:32:35.377 138952 DEBUG oslo_service.service [req-e0e88f9f-7161-4de5-a788-e723dc2aaa5e - - - - -] vault.root_token_id = None log_opt_values /usr/lib/python3/dist-packages/oslo_config/cfg.py:2609
2025-02-10 00:32:35.377 138952 DEBUG oslo_service.service [req-e0e88f9f-7161-4de5-a788-e723dc2aaa5e - - - - -] vault.split_loggers = False log_opt_values /usr/lib/python3/dist-packages/oslo_config/cfg.py:2609
2025-02-10 00:32:35.378 138952 DEBUG oslo_service.service [req-e0e88f9f-7161-4de5-a788-e723dc2aaa5e - - - - -] vault.ssl_ca_crt_file = None log_opt_values /usr/lib/python3/dist-packages/oslo_config/cfg.py:2609
2025-02-10 00:32:35.378 138952 DEBUG oslo_service.service [req-e0e88f9f-7161-4de5-a788-e723dc2aaa5e - - - - -] vault.timeout = None log_opt_values /usr/lib/python3/dist-packages/oslo_config/cfg.py:2609
2025-02-10 00:32:35.378 138952 DEBUG oslo_service.service [req-e0e88f9f-7161-4de5-a788-e723dc2aaa5e - - - - -] vault.use_ssl = False log_opt_values /usr/lib/python3/dist-packages/oslo_config/cfg.py:2609
2025-02-10 00:32:35.378 138952 DEBUG oslo_service.service [req-e0e88f9f-7161-4de5-a788-e723dc2aaa5e - - - - -] vault.vault_url = http://127.0.0.1:8200 log_opt_values /usr/lib/python3/dist-packages/oslo_config/cfg.py:2609
2025-02-10 00:32:35.378 138952 DEBUG oslo_service.service [req-e0e88f9f-7161-4de5-a788-e723dc2aaa5e - - - - -] keystone.cafile = None log_opt_values /usr/lib/python3/dist-packages/oslo_config/cfg.py:2609
2025-02-10 00:32:35.379 138952 DEBUG oslo_service.service [req-e0e88f9f-7161-4de5-a788-e723dc2aaa5e - - - - -] keystone.certfile = None log_opt_values /usr/lib/python3/dist-packages/oslo_config/cfg.py:2609
2025-02-10 00:32:35.379 138952 DEBUG oslo_service.service [req-e0e88f9f-7161-4de5-a788-e723dc2aaa5e - - - - -] keystone.collect_timing = False log_opt_values /usr/lib/python3/dist-packages/oslo_config/cfg.py:2609
2025-02-10 00:32:35.379 138952 DEBUG oslo_service.service [req-e0e88f9f-7161-4de5-a788-e723dc2aaa5e - - - - -] keystone.connect_retries = None log_opt_values /usr/lib/python3/dist-packages/oslo_config/cfg.py:2609
2025-02-10 00:32:35.379 138952 DEBUG oslo_service.service [req-e0e88f9f-7161-4de5-a788-e723dc2aaa5e - - - - -] keystone.connect_retry_delay = None log_opt_values /usr/lib/python3/dist-packages/oslo_config/cfg.py:2609
2025-02-10 00:32:35.379 138952 DEBUG oslo_service.service [req-e0e88f9f-7161-4de5-a788-e723dc2aaa5e - - - - -] keystone.endpoint_override = None log_opt_values /usr/lib/python3/dist-packages/oslo_config/cfg.py:2609
2025-02-10 00:32:35.380 138952 DEBUG oslo_service.service [req-e0e88f9f-7161-4de5-a788-e723dc2aaa5e - - - - -] keystone.insecure = False log_opt_values /usr/lib/python3/dist-packages/oslo_config/cfg.py:2609
2025-02-10 00:32:35.380 138952 DEBUG oslo_service.service [req-e0e88f9f-7161-4de5-a788-e723dc2aaa5e - - - - -] keystone.keyfile = None log_opt_values /usr/lib/python3/dist-packages/oslo_config/cfg.py:2609
2025-02-10 00:32:35.380 138952 DEBUG oslo_service.service [req-e0e88f9f-7161-4de5-a788-e723dc2aaa5e - - - - -] keystone.max_version = None log_opt_values /usr/lib/python3/dist-packages/oslo_config/cfg.py:2609
2025-02-10 00:32:35.380 138952 DEBUG oslo_service.service [req-e0e88f9f-7161-4de5-a788-e723dc2aaa5e - - - - -] keystone.min_version = None log_opt_values /usr/lib/python3/dist-packages/oslo_config/cfg.py:2609
2025-02-10 00:32:35.380 138952 DEBUG oslo_service.service [req-e0e88f9f-7161-4de5-a788-e723dc2aaa5e - - - - -] keystone.region_name = None log_opt_values /usr/lib/python3/dist-packages/oslo_config/cfg.py:2609
2025-02-10 00:32:35.381 138952 DEBUG oslo_service.service [req-e0e88f9f-7161-4de5-a788-e723dc2aaa5e - - - - -] keystone.service_name = None log_opt_values /usr/lib/python3/dist-packages/oslo_config/cfg.py:2609
2025-02-10 00:32:35.381 138952 DEBUG oslo_service.service [req-e0e88f9f-7161-4de5-a788-e723dc2aaa5e - - - - -] keystone.service_type = identity log_opt_values /usr/lib/python3/dist-packages/oslo_config/cfg.py:2609
2025-02-10 00:32:35.381 138952 DEBUG oslo_service.service [req-e0e88f9f-7161-4de5-a788-e723dc2aaa5e - - - - -] keystone.split_loggers = False log_opt_values /usr/lib/python3/dist-packages/oslo_config/cfg.py:2609
2025-02-10 00:32:35.381 138952 DEBUG oslo_service.service [req-e0e88f9f-7161-4de5-a788-e723dc2aaa5e - - - - -] keystone.status_code_retries = None log_opt_values /usr/lib/python3/dist-packages/oslo_config/cfg.py:2609
2025-02-10 00:32:35.381 138952 DEBUG oslo_service.service [req-e0e88f9f-7161-4de5-a788-e723dc2aaa5e - - - - -] keystone.status_code_retry_delay = None log_opt_values /usr/lib/python3/dist-packages/oslo_config/cfg.py:2609
2025-02-10 00:32:35.382 138952 DEBUG oslo_service.service [req-e0e88f9f-7161-4de5-a788-e723dc2aaa5e - - - - -] keystone.timeout = None log_opt_values /usr/lib/python3/dist-packages/oslo_config/cfg.py:2609
2025-02-10 00:32:35.382 138952 DEBUG oslo_service.service [req-e0e88f9f-7161-4de5-a788-e723dc2aaa5e - - - - -] keystone.valid_interfaces = ['internal', 'public'] log_opt_values /usr/lib/python3/dist-packages/oslo_config/cfg.py:2609
2025-02-10 00:32:35.382 138952 DEBUG oslo_service.service [req-e0e88f9f-7161-4de5-a788-e723dc2aaa5e - - - - -] keystone.version = None log_opt_values /usr/lib/python3/dist-packages/oslo_config/cfg.py:2609
2025-02-10 00:32:35.382 138952 DEBUG oslo_service.service [req-e0e88f9f-7161-4de5-a788-e723dc2aaa5e - - - - -] libvirt.connection_uri = log_opt_values /usr/lib/python3/dist-packages/oslo_config/cfg.py:2609
2025-02-10 00:32:35.382 138952 DEBUG oslo_service.service [req-e0e88f9f-7161-4de5-a788-e723dc2aaa5e - - - - -] libvirt.cpu_mode = None log_opt_values /usr/lib/python3/dist-packages/oslo_config/cfg.py:2609
2025-02-10 00:32:35.383 138952 DEBUG oslo_service.service [req-e0e88f9f-7161-4de5-a788-e723dc2aaa5e - - - - -] libvirt.cpu_model_extra_flags = [] log_opt_values /usr/lib/python3/dist-packages/oslo_config/cfg.py:2609
2025-02-10 00:32:35.383 138952 DEBUG oslo_service.service [req-e0e88f9f-7161-4de5-a788-e723dc2aaa5e - - - - -] libvirt.cpu_models = [] log_opt_values /usr/lib/python3/dist-packages/oslo_config/cfg.py:2609
2025-02-10 00:32:35.383 138952 DEBUG oslo_service.service [req-e0e88f9f-7161-4de5-a788-e723dc2aaa5e - - - - -] libvirt.device_detach_attempts = 8 log_opt_values /usr/lib/python3/dist-packages/oslo_config/cfg.py:2609
2025-02-10 00:32:35.383 138952 DEBUG oslo_service.service [req-e0e88f9f-7161-4de5-a788-e723dc2aaa5e - - - - -] libvirt.device_detach_timeout = 20 log_opt_values /usr/lib/python3/dist-packages/oslo_config/cfg.py:2609
