2025-02-10 00:31:20.657 132773 DEBUG oslo_service.service [req-d3574f74-f3ff-4487-ac16-cb47225e1949 - - - - -] oslo_messaging_rabbit.rabbit_login_method = AMQPLAIN log_opt_values /usr/lib/python3/dist-packages/oslo_config/cfg.py:2609
2025-02-10 00:31:20.657 132773 DEBUG oslo_service.service [req-d3574f74-f3ff-4487-ac16-cb47225e1949 - - - - -] oslo_messaging_rabbit.rabbit_qos_prefetch_count = 0 log_opt_values /usr/lib/python3/dist-packages/oslo_config/cfg.py:2609
2025-02-10 00:31:20.658 132773 DEBUG oslo_service.service [req-d3574f74-f3ff-4487-ac16-cb47225e1949 - - - - -] oslo_messaging_rabbit.rabbit_quorum_queue = False log_opt_values /usr/lib/python3/dist-packages/oslo_config/cfg.py:2609
2025-02-10 00:31:20.658 132773 DEBUG oslo_service.service [req-d3574f74-f3ff-4487-ac16-cb47225e1949 - - - - -] oslo_messaging_rabbit.rabbit_retry_backoff = 2 log_opt_values /usr/lib/python3/dist-packages/oslo_config/cfg.py:2609
2025-02-10 00:31:20.658 132773 DEBUG oslo_service.service [req-d3574f74-f3ff-4487-ac16-cb47225e1949 - - - - -] oslo_messaging_rabbit.rabbit_retry_interval = 1 log_opt_values /usr/lib/python3/dist-packages/oslo_config/cfg.py:2609
2025-02-10 00:31:20.658 132773 DEBUG oslo_service.service [req-d3574f74-f3ff-4487-ac16-cb47225e1949 - - - - -] oslo_messaging_rabbit.rabbit_transient_queues_ttl = 1800 log_opt_values /usr/lib/python3/dist-packages/oslo_config/cfg.py:2609
2025-02-10 00:31:20.658 132773 DEBUG oslo_service.service [req-d3574f74-f3ff-4487-ac16-cb47225e1949 - - - - -] oslo_messaging_rabbit.rpc_conn_pool_size = 30 log_opt_values /usr/lib/python3/dist-packages/oslo_config/cfg.py:2609
2025-02-10 00:31:20.659 132773 DEBUG oslo_service.service [req-d3574f74-f3ff-4487-ac16-cb47225e1949 - - - - -] oslo_messaging_rabbit.ssl = False log_opt_values /usr/lib/python3/dist-packages/oslo_config/cfg.py:2609
2025-02-10 00:31:20.659 132773 DEBUG oslo_service.service [req-d3574f74-f3ff-4487-ac16-cb47225e1949 - - - - -] oslo_messaging_rabbit.ssl_ca_file = log_opt_values /usr/lib/python3/dist-packages/oslo_config/cfg.py:2609
2025-02-10 00:31:20.659 132773 DEBUG oslo_service.service [req-d3574f74-f3ff-4487-ac16-cb47225e1949 - - - - -] oslo_messaging_rabbit.ssl_cert_file = log_opt_values /usr/lib/python3/dist-packages/oslo_config/cfg.py:2609
2025-02-10 00:31:20.659 132773 DEBUG oslo_service.service [req-d3574f74-f3ff-4487-ac16-cb47225e1949 - - - - -] oslo_messaging_rabbit.ssl_key_file = log_opt_values /usr/lib/python3/dist-packages/oslo_config/cfg.py:2609
2025-02-10 00:31:20.659 132773 DEBUG oslo_service.service [req-d3574f74-f3ff-4487-ac16-cb47225e1949 - - - - -] oslo_messaging_rabbit.ssl_version = log_opt_values /usr/lib/python3/dist-packages/oslo_config/cfg.py:2609
2025-02-10 00:31:20.660 132773 DEBUG oslo_service.service [req-d3574f74-f3ff-4487-ac16-cb47225e1949 - - - - -] oslo_messaging_notifications.driver = ['messagingv2'] log_opt_values /usr/lib/python3/dist-packages/oslo_config/cfg.py:2609
2025-02-10 00:31:20.660 132773 DEBUG oslo_service.service [req-d3574f74-f3ff-4487-ac16-cb47225e1949 - - - - -] oslo_messaging_notifications.retry = -1 log_opt_values /usr/lib/python3/dist-packages/oslo_config/cfg.py:2609
2025-02-10 00:31:20.660 132773 DEBUG oslo_service.service [req-d3574f74-f3ff-4487-ac16-cb47225e1949 - - - - -] oslo_messaging_notifications.topics = ['notifications'] log_opt_values /usr/lib/python3/dist-packages/oslo_config/cfg.py:2609
2025-02-10 00:31:20.660 132773 DEBUG oslo_service.service [req-d3574f74-f3ff-4487-ac16-cb47225e1949 - - - - -] oslo_messaging_notifications.transport_url = **** log_opt_values /usr/lib/python3/dist-packages/oslo_config/cfg.py:2609
2025-02-10 00:31:20.660 132773 DEBUG oslo_service.service [req-d3574f74-f3ff-4487-ac16-cb47225e1949 - - - - -] oslo_limit.auth_section = None log_opt_values /usr/lib/python3/dist-packages/oslo_config/cfg.py:2609
2025-02-10 00:31:20.661 132773 DEBUG oslo_service.service [req-d3574f74-f3ff-4487-ac16-cb47225e1949 - - - - -] oslo_limit.auth_type = None log_opt_values /usr/lib/python3/dist-packages/oslo_config/cfg.py:2609
2025-02-10 00:31:20.661 132773 DEBUG oslo_service.service [req-d3574f74-f3ff-4487-ac16-cb47225e1949 - - - - -] oslo_limit.cafile = None log_opt_values /usr/lib/python3/dist-packages/oslo_config/cfg.py:2609
2025-02-10 00:31:20.661 132773 DEBUG oslo_service.service [req-d3574f74-f3ff-4487-ac16-cb47225e1949 - - - - -] oslo_limit.certfile = None log_opt_values /usr/lib/python3/dist-packages/oslo_config/cfg.py:2609
2025-02-10 00:31:20.661 132773 DEBUG oslo_service.service [req-d3574f74-f3ff-4487-ac16-cb47225e1949 - - - - -] oslo_limit.collect_timing = False log_opt_values /usr/lib/python3/dist-packages/oslo_config/cfg.py:2609
2025-02-10 00:31:20.661 132773 DEBUG oslo_service.service [req-d3574f74-f3ff-4487-ac16-cb47225e1949 - - - - -] oslo_limit.connect_retries = None log_opt_values /usr/lib/python3/dist-packages/oslo_config/cfg.py:2609
2025-02-10 00:31:20.662 132773 DEBUG oslo_service.service [req-d3574f74-f3ff-4487-ac16-cb47225e1949 - - - - -] oslo_limit.connect_retry_delay = None log_opt_values /usr/lib/python3/dist-packages/oslo_config/cfg.py:2609
2025-02-10 00:31:20.662 132773 DEBUG oslo_service.service [req-d3574f74-f3ff-4487-ac16-cb47225e1949 - - - - -] oslo_limit.endpoint_id = None log_opt_values /usr/lib/python3/dist-packages/oslo_config/cfg.py:2609
2025-02-10 00:31:20.662 132773 DEBUG oslo_service.service [req-d3574f74-f3ff-4487-ac16-cb47225e1949 - - - - -] oslo_limit.endpoint_override = None log_opt_values /usr/lib/python3/dist-packages/oslo_config/cfg.py:2609
2025-02-10 00:31:20.662 132773 DEBUG oslo_service.service [req-d3574f74-f3ff-4487-ac16-cb47225e1949 - - - - -] oslo_limit.insecure = False log_opt_values /usr/lib/python3/dist-packages/oslo_config/cfg.py:2609
2025-02-10 00:31:20.663 132773 DEBUG oslo_service.service [req-d3574f74-f3ff-4487-ac16-cb47225e1949 - - - - -] oslo_limit.keyfile = None log_opt_values /usr/lib/python3/dist-packages/oslo_config/cfg.py:2609
2025-02-10 00:31:20.663 132773 DEBUG oslo_service.service [req-d3574f74-f3ff-4487-ac16-cb47225e1949 - - - - -] oslo_limit.max_version = None log_opt_values /usr/lib/python3/dist-packages/oslo_config/cfg.py:2609
2025-02-10 00:31:20.664 132773 DEBUG oslo_service.service [req-d3574f74-f3ff-4487-ac16-cb47225e1949 - - - - -] oslo_limit.min_version = None log_opt_values /usr/lib/python3/dist-packages/oslo_config/cfg.py:2609
2025-02-10 00:31:20.664 132773 DEBUG oslo_service.service [req-d3574f74-f3ff-4487-ac16-cb47225e1949 - - - - -] oslo_limit.region_name = None log_opt_values /usr/lib/python3/dist-packages/oslo_config/cfg.py:2609
2025-02-10 00:31:20.664 132773 DEBUG oslo_service.service [req-d3574f74-f3ff-4487-ac16-cb47225e1949 - - - - -] oslo_limit.service_name = None log_opt_values /usr/lib/python3/dist-packages/oslo_config/cfg.py:2609
2025-02-10 00:31:20.664 132773 DEBUG oslo_service.service [req-d3574f74-f3ff-4487-ac16-cb47225e1949 - - - - -] oslo_limit.service_type = None log_opt_values /usr/lib/python3/dist-packages/oslo_config/cfg.py:2609
2025-02-10 00:31:20.664 132773 DEBUG oslo_service.service [req-d3574f74-f3ff-4487-ac16-cb47225e1949 - - - - -] oslo_limit.split_loggers = False log_opt_values /usr/lib/python3/dist-packages/oslo_config/cfg.py:2609
2025-02-10 00:31:20.664 132773 DEBUG oslo_service.service [req-d3574f74-f3ff-4487-ac16-cb47225e1949 - - - - -] oslo_limit.status_code_retries = None log_opt_values /usr/lib/python3/dist-packages/oslo_config/cfg.py:2609
2025-02-10 00:31:20.664 132773 DEBUG oslo_service.service [req-d3574f74-f3ff-4487-ac16-cb47225e1949 - - - - -] oslo_limit.status_code_retry_delay = None log_opt_values /usr/lib/python3/dist-packages/oslo_config/cfg.py:2609
2025-02-10 00:31:20.665 132773 DEBUG oslo_service.service [req-d3574f74-f3ff-4487-ac16-cb47225e1949 - - - - -] oslo_limit.timeout = None log_opt_values /usr/lib/python3/dist-packages/oslo_config/cfg.py:2609
2025-02-10 00:31:20.665 132773 DEBUG oslo_service.service [req-d3574f74-f3ff-4487-ac16-cb47225e1949 - - - - -] oslo_limit.valid_interfaces = None log_opt_values /usr/lib/python3/dist-packages/oslo_config/cfg.py:2609
2025-02-10 00:31:20.665 132773 DEBUG oslo_service.service [req-d3574f74-f3ff-4487-ac16-cb47225e1949 - - - - -] oslo_limit.version = None log_opt_values /usr/lib/python3/dist-packages/oslo_config/cfg.py:2609
2025-02-10 00:31:20.668 132773 DEBUG oslo_service.service [req-d3574f74-f3ff-4487-ac16-cb47225e1949 - - - - -] oslo_reports.file_event_handler = None log_opt_values /usr/lib/python3/dist-packages/oslo_config/cfg.py:2609
2025-02-10 00:31:20.668 132773 DEBUG oslo_service.service [req-d3574f74-f3ff-4487-ac16-cb47225e1949 - - - - -] oslo_reports.file_event_handler_interval = 1 log_opt_values /usr/lib/python3/dist-packages/oslo_config/cfg.py:2609
2025-02-10 00:31:20.668 132773 DEBUG oslo_service.service [req-d3574f74-f3ff-4487-ac16-cb47225e1949 - - - - -] oslo_reports.log_dir = None log_opt_values /usr/lib/python3/dist-packages/oslo_config/cfg.py:2609
2025-02-10 00:31:20.668 132773 DEBUG oslo_service.service [req-d3574f74-f3ff-4487-ac16-cb47225e1949 - - - - -] ******************************************************************************** log_opt_values /usr/lib/python3/dist-packages/oslo_config/cfg.py:2613
2025-02-10 00:31:20.670 134457 DEBUG oslo_messaging._drivers.amqpdriver [-] Listener is running poll /usr/lib/python3/dist-packages/oslo_messaging/_drivers/amqpdriver.py:343
2025-02-10 00:31:20.670 134457 DEBUG oslo_messaging._drivers.amqpdriver [-] AMQPListener connection consume poll /usr/lib/python3/dist-packages/oslo_messaging/_drivers/amqpdriver.py:357
2025-02-10 00:31:20.670 134471 DEBUG oslo_messaging._drivers.amqpdriver [-] Listener is running poll /usr/lib/python3/dist-packages/oslo_messaging/_drivers/amqpdriver.py:343
2025-02-10 00:31:20.671 134471 DEBUG oslo_messaging._drivers.amqpdriver [-] AMQPListener connection consume poll /usr/lib/python3/dist-packages/oslo_messaging/_drivers/amqpdriver.py:357
2025-02-10 00:31:20.671 134457 DEBUG nova.service [req-0c7807cd-37be-419e-b310-f1104d6a3043 - - - - -] Join ServiceGroup membership for this service scheduler start /usr/lib/python3/dist-packages/nova/service.py:199
2025-02-10 00:31:20.672 134457 DEBUG nova.servicegroup.drivers.db [req-0c7807cd-37be-419e-b310-f1104d6a3043 - - - - -] DB_Driver: join new ServiceGroup member juju-8fdc11-0-lxd-7 to the scheduler group, service = join /usr/lib/python3/dist-packages/nova/servicegroup/drivers/db.py:44
2025-02-10 00:31:20.673 134471 DEBUG nova.service [req-c0269f75-4aef-4f57-9d38-48d413a72535 - - - - -] Join ServiceGroup membership for this service scheduler start /usr/lib/python3/dist-packages/nova/service.py:199
2025-02-10 00:31:20.673 134471 DEBUG nova.servicegroup.drivers.db [req-c0269f75-4aef-4f57-9d38-48d413a72535 - - - - -] DB_Driver: join new ServiceGroup member juju-8fdc11-0-lxd-7 to the scheduler group, service = join /usr/lib/python3/dist-packages/nova/servicegroup/drivers/db.py:44
2025-02-10 00:31:20.675 134457 DEBUG oslo_messaging._drivers.amqpdriver [-] AMQPListener connection timeout poll /usr/lib/python3/dist-packages/oslo_messaging/_drivers/amqpdriver.py:360
2025-02-10 00:31:20.675 134457 DEBUG oslo_messaging._drivers.amqpdriver [-] Listener is running poll /usr/lib/python3/dist-packages/oslo_messaging/_drivers/amqpdriver.py:343
2025-02-10 00:31:20.675 134457 DEBUG oslo_messaging._drivers.amqpdriver [-] AMQPListener connection consume poll /usr/lib/python3/dist-packages/oslo_messaging/_drivers/amqpdriver.py:357
2025-02-10 00:31:20.676 134471 DEBUG oslo_messaging._drivers.amqpdriver [-] AMQPListener connection timeout poll /usr/lib/python3/dist-packages/oslo_messaging/_drivers/amqpdriver.py:360
2025-02-10 00:31:20.676 134471 DEBUG oslo_messaging._drivers.amqpdriver [-] Listener is running poll /usr/lib/python3/dist-packages/oslo_messaging/_drivers/amqpdriver.py:343
2025-02-10 00:31:20.676 134471 DEBUG oslo_messaging._drivers.amqpdriver [-] AMQPListener connection consume poll /usr/lib/python3/dist-packages/oslo_messaging/_drivers/amqpdriver.py:357
2025-02-10 00:31:20.676 134463 DEBUG nova.service [req-5dc4167e-0744-42e0-8d6c-42d5d47bcc3d - - - - -] Creating RPC server for service scheduler start /usr/lib/python3/dist-packages/nova/service.py:182
2025-02-10 00:31:20.681 134469 DEBUG oslo_messaging._drivers.amqpdriver [-] Listener is running poll /usr/lib/python3/dist-packages/oslo_messaging/_drivers/amqpdriver.py:343
2025-02-10 00:31:20.681 134469 DEBUG oslo_messaging._drivers.amqpdriver [-] AMQPListener connection consume poll /usr/lib/python3/dist-packages/oslo_messaging/_drivers/amqpdriver.py:357
2025-02-10 00:31:20.682 134469 DEBUG nova.service [req-a49a9d9e-751c-4d3c-90ed-65d03035ca7a - - - - -] Join ServiceGroup membership for this service scheduler start /usr/lib/python3/dist-packages/nova/service.py:199
2025-02-10 00:31:20.683 134469 DEBUG nova.servicegroup.drivers.db [req-a49a9d9e-751c-4d3c-90ed-65d03035ca7a - - - - -] DB_Driver: join new ServiceGroup member juju-8fdc11-0-lxd-7 to the scheduler group, service = join /usr/lib/python3/dist-packages/nova/servicegroup/drivers/db.py:44
2025-02-10 00:31:20.685 134469 DEBUG oslo_messaging._drivers.amqpdriver [-] AMQPListener connection timeout poll /usr/lib/python3/dist-packages/oslo_messaging/_drivers/amqpdriver.py:360
2025-02-10 00:31:20.685 134469 DEBUG oslo_messaging._drivers.amqpdriver [-] Listener is running poll /usr/lib/python3/dist-packages/oslo_messaging/_drivers/amqpdriver.py:343
2025-02-10 00:31:20.686 134469 DEBUG oslo_messaging._drivers.amqpdriver [-] AMQPListener connection consume poll /usr/lib/python3/dist-packages/oslo_messaging/_drivers/amqpdriver.py:357
2025-02-10 00:31:20.703 134463 DEBUG oslo_messaging._drivers.amqpdriver [-] Listener is running poll /usr/lib/python3/dist-packages/oslo_messaging/_drivers/amqpdriver.py:343
2025-02-10 00:31:20.703 134463 DEBUG oslo_messaging._drivers.amqpdriver [-] AMQPListener connection consume poll /usr/lib/python3/dist-packages/oslo_messaging/_drivers/amqpdriver.py:357
2025-02-10 00:31:20.704 134463 DEBUG nova.service [req-5dc4167e-0744-42e0-8d6c-42d5d47bcc3d - - - - -] Join ServiceGroup membership for this service scheduler start /usr/lib/python3/dist-packages/nova/service.py:199
2025-02-10 00:31:20.704 134463 DEBUG nova.servicegroup.drivers.db [req-5dc4167e-0744-42e0-8d6c-42d5d47bcc3d - - - - -] DB_Driver: join new ServiceGroup member juju-8fdc11-0-lxd-7 to the scheduler group, service = join /usr/lib/python3/dist-packages/nova/servicegroup/drivers/db.py:44
2025-02-10 00:31:20.707 134463 DEBUG oslo_messaging._drivers.amqpdriver [-] AMQPListener connection timeout poll /usr/lib/python3/dist-packages/oslo_messaging/_drivers/amqpdriver.py:360
2025-02-10 00:31:20.710 134463 DEBUG oslo_messaging._drivers.amqpdriver [-] Listener is running poll /usr/lib/python3/dist-packages/oslo_messaging/_drivers/amqpdriver.py:343
2025-02-10 00:31:20.710 134463 DEBUG oslo_messaging._drivers.amqpdriver [-] AMQPListener connection consume poll /usr/lib/python3/dist-packages/oslo_messaging/_drivers/amqpdriver.py:357
2025-02-10 00:31:21.677 134457 DEBUG oslo_messaging._drivers.amqpdriver [-] AMQPListener connection timeout poll /usr/lib/python3/dist-packages/oslo_messaging/_drivers/amqpdriver.py:360
2025-02-10 00:31:21.677 134457 DEBUG oslo_messaging._drivers.amqpdriver [-] Listener is running poll /usr/lib/python3/dist-packages/oslo_messaging/_drivers/amqpdriver.py:343
2025-02-10 00:31:21.677 134457 DEBUG oslo_messaging._drivers.amqpdriver [-] AMQPListener connection consume poll /usr/lib/python3/dist-packages/oslo_messaging/_drivers/amqpdriver.py:357
2025-02-10 00:31:21.678 134471 DEBUG oslo_messaging._drivers.amqpdriver [-] AMQPListener connection timeout poll /usr/lib/python3/dist-packages/oslo_messaging/_drivers/amqpdriver.py:360
2025-02-10 00:31:21.678 134471 DEBUG oslo_messaging._drivers.amqpdriver [-] Listener is running poll /usr/lib/python3/dist-packages/oslo_messaging/_drivers/amqpdriver.py:343
2025-02-10 00:31:21.678 134471 DEBUG oslo_messaging._drivers.amqpdriver [-] AMQPListener connection consume poll /usr/lib/python3/dist-packages/oslo_messaging/_drivers/amqpdriver.py:357
2025-02-10 00:31:21.687 134469 DEBUG oslo_messaging._drivers.amqpdriver [-] AMQPListener connection timeout poll /usr/lib/python3/dist-packages/oslo_messaging/_drivers/amqpdriver.py:360
2025-02-10 00:31:21.687 134469 DEBUG oslo_messaging._drivers.amqpdriver [-] Listener is running poll /usr/lib/python3/dist-packages/oslo_messaging/_drivers/amqpdriver.py:343
2025-02-10 00:31:21.688 134469 DEBUG oslo_messaging._drivers.amqpdriver [-] AMQPListener connection consume poll /usr/lib/python3/dist-packages/oslo_messaging/_drivers/amqpdriver.py:357
2025-02-10 00:31:21.712 134463 DEBUG oslo_messaging._drivers.amqpdriver [-] AMQPListener connection timeout poll /usr/lib/python3/dist-packages/oslo_messaging/_drivers/amqpdriver.py:360
2025-02-10 00:31:21.712 134463 DEBUG oslo_messaging._drivers.amqpdriver [-] Listener is running poll /usr/lib/python3/dist-packages/oslo_messaging/_drivers/amqpdriver.py:343
2025-02-10 00:31:21.712 134463 DEBUG oslo_messaging._drivers.amqpdriver [-] AMQPListener connection consume poll /usr/lib/python3/dist-packages/oslo_messaging/_drivers/amqpdriver.py:357
2025-02-10 00:31:23.679 134457 DEBUG oslo_messaging._drivers.amqpdriver [-] AMQPListener connection timeout poll /usr/lib/python3/dist-packages/oslo_messaging/_drivers/amqpdriver.py:360
2025-02-10 00:31:23.680 134457 DEBUG oslo_messaging._drivers.amqpdriver [-] Listener is running poll /usr/lib/python3/dist-packages/oslo_messaging/_drivers/amqpdriver.py:343
2025-02-10 00:31:23.680 134457 DEBUG oslo_messaging._drivers.amqpdriver [-] AMQPListener connection consume poll /usr/lib/python3/dist-packages/oslo_messaging/_drivers/amqpdriver.py:357
2025-02-10 00:31:23.680 134471 DEBUG oslo_messaging._drivers.amqpdriver [-] AMQPListener connection timeout poll /usr/lib/python3/dist-packages/oslo_messaging/_drivers/amqpdriver.py:360
2025-02-10 00:31:23.681 134471 DEBUG oslo_messaging._drivers.amqpdriver [-] Listener is running poll /usr/lib/python3/dist-packages/oslo_messaging/_drivers/amqpdriver.py:343
2025-02-10 00:31:23.681 134471 DEBUG oslo_messaging._drivers.amqpdriver [-] AMQPListener connection consume poll /usr/lib/python3/dist-packages/oslo_messaging/_drivers/amqpdriver.py:357
2025-02-10 00:31:23.690 134469 DEBUG oslo_messaging._drivers.amqpdriver [-] AMQPListener connection timeout poll /usr/lib/python3/dist-packages/oslo_messaging/_drivers/amqpdriver.py:360
2025-02-10 00:31:23.691 134469 DEBUG oslo_messaging._drivers.amqpdriver [-] Listener is running poll /usr/lib/python3/dist-packages/oslo_messaging/_drivers/amqpdriver.py:343
2025-02-10 00:31:23.691 134469 DEBUG oslo_messaging._drivers.amqpdriver [-] AMQPListener connection consume poll /usr/lib/python3/dist-packages/oslo_messaging/_drivers/amqpdriver.py:357
2025-02-10 00:31:23.715 134463 DEBUG oslo_messaging._drivers.amqpdriver [-] AMQPListener connection timeout poll /usr/lib/python3/dist-packages/oslo_messaging/_drivers/amqpdriver.py:360
2025-02-10 00:31:23.715 134463 DEBUG oslo_messaging._drivers.amqpdriver [-] Listener is running poll /usr/lib/python3/dist-packages/oslo_messaging/_drivers/amqpdriver.py:343
2025-02-10 00:31:23.715 134463 DEBUG oslo_messaging._drivers.amqpdriver [-] AMQPListener connection consume poll /usr/lib/python3/dist-packages/oslo_messaging/_drivers/amqpdriver.py:357
2025-02-10 00:31:27.681 134457 DEBUG oslo_messaging._drivers.amqpdriver [-] AMQPListener connection timeout poll /usr/lib/python3/dist-packages/oslo_messaging/_drivers/amqpdriver.py:360
2025-02-10 00:31:27.682 134457 DEBUG oslo_messaging._drivers.amqpdriver [-] Listener is running poll /usr/lib/python3/dist-packages/oslo_messaging/_drivers/amqpdriver.py:343
2025-02-10 00:31:27.682 134457 DEBUG oslo_messaging._drivers.amqpdriver [-] AMQPListener connection consume poll /usr/lib/python3/dist-packages/oslo_messaging/_drivers/amqpdriver.py:357
2025-02-10 00:31:27.684 134471 DEBUG oslo_messaging._drivers.amqpdriver [-] AMQPListener connection timeout poll /usr/lib/python3/dist-packages/oslo_messaging/_drivers/amqpdriver.py:360
2025-02-10 00:31:27.684 134471 DEBUG oslo_messaging._drivers.amqpdriver [-] Listener is running poll /usr/lib/python3/dist-packages/oslo_messaging/_drivers/amqpdriver.py:343
2025-02-10 00:31:27.684 134471 DEBUG oslo_messaging._drivers.amqpdriver [-] AMQPListener connection consume poll /usr/lib/python3/dist-packages/oslo_messaging/_drivers/amqpdriver.py:357
2025-02-10 00:31:27.692 134469 DEBUG oslo_messaging._drivers.amqpdriver [-] AMQPListener connection timeout poll /usr/lib/python3/dist-packages/oslo_messaging/_drivers/amqpdriver.py:360
2025-02-10 00:31:27.693 134469 DEBUG oslo_messaging._drivers.amqpdriver [-] Listener is running poll /usr/lib/python3/dist-packages/oslo_messaging/_drivers/amqpdriver.py:343
2025-02-10 00:31:27.693 134469 DEBUG oslo_messaging._drivers.amqpdriver [-] AMQPListener connection consume poll /usr/lib/python3/dist-packages/oslo_messaging/_drivers/amqpdriver.py:357
2025-02-10 00:31:27.717 134463 DEBUG oslo_messaging._drivers.amqpdriver [-] AMQPListener connection timeout poll /usr/lib/python3/dist-packages/oslo_messaging/_drivers/amqpdriver.py:360
2025-02-10 00:31:27.717 134463 DEBUG oslo_messaging._drivers.amqpdriver [-] Listener is running poll /usr/lib/python3/dist-packages/oslo_messaging/_drivers/amqpdriver.py:343
2025-02-10 00:31:27.717 134463 DEBUG oslo_messaging._drivers.amqpdriver [-] AMQPListener connection consume poll /usr/lib/python3/dist-packages/oslo_messaging/_drivers/amqpdriver.py:357
2025-02-10 00:31:31.676 134471 DEBUG oslo_service.periodic_task [req-10c1612f-0863-4494-a650-f347235ed98c - - - - -] Running periodic task SchedulerManager._discover_hosts_in_cells run_periodic_tasks /usr/lib/python3/dist-packages/oslo_service/periodic_task.py:210
2025-02-10 00:31:31.677 134471 DEBUG oslo_db.sqlalchemy.engines [req-10c1612f-0863-4494-a650-f347235ed98c - - - - -] Parent process 132773 forked (134471) with an open database connection, which is being discarded and recreated. checkout /usr/lib/python3/dist-packages/oslo_db/sqlalchemy/engines.py:413
2025-02-10 00:31:31.684 134471 DEBUG oslo_concurrency.lockutils [req-10c1612f-0863-4494-a650-f347235ed98c - - - - -] Lock "c97360ad-0358-4c3a-a644-a20b8903b691" acquired by "nova.context.set_target_cell..get_or_set_cached_cell_and_set_connections" :: waited 0.000s inner /usr/lib/python3/dist-packages/oslo_concurrency/lockutils.py:386
2025-02-10 00:31:31.685 134471 DEBUG oslo_concurrency.lockutils [req-10c1612f-0863-4494-a650-f347235ed98c - - - - -] Lock "c97360ad-0358-4c3a-a644-a20b8903b691" "released" by "nova.context.set_target_cell..get_or_set_cached_cell_and_set_connections" :: held 0.002s inner /usr/lib/python3/dist-packages/oslo_concurrency/lockutils.py:400
2025-02-10 00:31:31.693 134471 DEBUG oslo_db.sqlalchemy.engines [req-10c1612f-0863-4494-a650-f347235ed98c - - - - -] MySQL server mode set to STRICT_TRANS_TABLES,STRICT_ALL_TABLES,NO_ZERO_IN_DATE,NO_ZERO_DATE,ERROR_FOR_DIVISION_BY_ZERO,TRADITIONAL,NO_ENGINE_SUBSTITUTION _check_effective_sql_mode /usr/lib/python3/dist-packages/oslo_db/sqlalchemy/engines.py:314
2025-02-10 00:31:35.679 134457 DEBUG oslo_service.periodic_task [req-db00fa52-d522-489b-9cc5-59f11c73ee8a - - - - -] Running periodic task SchedulerManager._discover_hosts_in_cells run_periodic_tasks /usr/lib/python3/dist-packages/oslo_service/periodic_task.py:210
2025-02-10 00:31:35.680 134457 DEBUG oslo_db.sqlalchemy.engines [req-db00fa52-d522-489b-9cc5-59f11c73ee8a - - - - -] Parent process 132773 forked (134457) with an open database connection, which is being discarded and recreated. checkout /usr/lib/python3/dist-packages/oslo_db/sqlalchemy/engines.py:413
2025-02-10 00:31:35.683 134457 DEBUG oslo_messaging._drivers.amqpdriver [-] AMQPListener connection timeout poll /usr/lib/python3/dist-packages/oslo_messaging/_drivers/amqpdriver.py:360
2025-02-10 00:31:35.683 134457 DEBUG oslo_messaging._drivers.amqpdriver [-] Listener is running poll /usr/lib/python3/dist-packages/oslo_messaging/_drivers/amqpdriver.py:343
2025-02-10 00:31:35.684 134457 DEBUG oslo_messaging._drivers.amqpdriver [-] AMQPListener connection consume poll /usr/lib/python3/dist-packages/oslo_messaging/_drivers/amqpdriver.py:357
2025-02-10 00:31:35.685 134471 DEBUG oslo_messaging._drivers.amqpdriver [-] AMQPListener connection timeout poll /usr/lib/python3/dist-packages/oslo_messaging/_drivers/amqpdriver.py:360
2025-02-10 00:31:35.685 134471 DEBUG oslo_messaging._drivers.amqpdriver [-] Listener is running poll /usr/lib/python3/dist-packages/oslo_messaging/_drivers/amqpdriver.py:343
2025-02-10 00:31:35.685 134471 DEBUG oslo_messaging._drivers.amqpdriver [-] AMQPListener connection consume poll /usr/lib/python3/dist-packages/oslo_messaging/_drivers/amqpdriver.py:357
2025-02-10 00:31:35.690 134457 DEBUG oslo_concurrency.lockutils [req-db00fa52-d522-489b-9cc5-59f11c73ee8a - - - - -] Lock "c97360ad-0358-4c3a-a644-a20b8903b691" acquired by "nova.context.set_target_cell..get_or_set_cached_cell_and_set_connections" :: waited 0.000s inner /usr/lib/python3/dist-packages/oslo_concurrency/lockutils.py:386
2025-02-10 00:31:35.692 134457 DEBUG oslo_concurrency.lockutils [req-db00fa52-d522-489b-9cc5-59f11c73ee8a - - - - -] Lock "c97360ad-0358-4c3a-a644-a20b8903b691" "released" by "nova.context.set_target_cell..get_or_set_cached_cell_and_set_connections" :: held 0.002s inner /usr/lib/python3/dist-packages/oslo_concurrency/lockutils.py:400
2025-02-10 00:31:35.694 134469 DEBUG oslo_messaging._drivers.amqpdriver [-] AMQPListener connection timeout poll /usr/lib/python3/dist-packages/oslo_messaging/_drivers/amqpdriver.py:360
2025-02-10 00:31:35.695 134469 DEBUG oslo_messaging._drivers.amqpdriver [-] Listener is running poll /usr/lib/python3/dist-packages/oslo_messaging/_drivers/amqpdriver.py:343
2025-02-10 00:31:35.695 134469 DEBUG oslo_messaging._drivers.amqpdriver [-] AMQPListener connection consume poll /usr/lib/python3/dist-packages/oslo_messaging/_drivers/amqpdriver.py:357
2025-02-10 00:31:35.702 134457 DEBUG oslo_db.sqlalchemy.engines [req-db00fa52-d522-489b-9cc5-59f11c73ee8a - - - - -] MySQL server mode set to STRICT_TRANS_TABLES,STRICT_ALL_TABLES,NO_ZERO_IN_DATE,NO_ZERO_DATE,ERROR_FOR_DIVISION_BY_ZERO,TRADITIONAL,NO_ENGINE_SUBSTITUTION _check_effective_sql_mode /usr/lib/python3/dist-packages/oslo_db/sqlalchemy/engines.py:314
2025-02-10 00:31:35.718 134463 DEBUG oslo_messaging._drivers.amqpdriver [-] AMQPListener connection timeout poll /usr/lib/python3/dist-packages/oslo_messaging/_drivers/amqpdriver.py:360
2025-02-10 00:31:35.718 134463 DEBUG oslo_messaging._drivers.amqpdriver [-] Listener is running poll /usr/lib/python3/dist-packages/oslo_messaging/_drivers/amqpdriver.py:343
2025-02-10 00:31:35.719 134463 DEBUG oslo_messaging._drivers.amqpdriver [-] AMQPListener connection consume poll /usr/lib/python3/dist-packages/oslo_messaging/_drivers/amqpdriver.py:357
2025-02-10 00:31:48.708 134463 DEBUG oslo_service.periodic_task [req-1e46ef0c-7913-4eb8-8a1b-1a9ce4481957 - - - - -] Running periodic task SchedulerManager._discover_hosts_in_cells run_periodic_tasks /usr/lib/python3/dist-packages/oslo_service/periodic_task.py:210
2025-02-10 00:31:48.709 134463 DEBUG oslo_db.sqlalchemy.engines [req-1e46ef0c-7913-4eb8-8a1b-1a9ce4481957 - - - - -] Parent process 132773 forked (134463) with an open database connection, which is being discarded and recreated. checkout /usr/lib/python3/dist-packages/oslo_db/sqlalchemy/engines.py:413
2025-02-10 00:31:48.715 134463 DEBUG oslo_concurrency.lockutils [req-1e46ef0c-7913-4eb8-8a1b-1a9ce4481957 - - - - -] Lock "c97360ad-0358-4c3a-a644-a20b8903b691" acquired by "nova.context.set_target_cell..get_or_set_cached_cell_and_set_connections" :: waited 0.000s inner /usr/lib/python3/dist-packages/oslo_concurrency/lockutils.py:386
2025-02-10 00:31:48.717 134463 DEBUG oslo_concurrency.lockutils [req-1e46ef0c-7913-4eb8-8a1b-1a9ce4481957 - - - - -] Lock "c97360ad-0358-4c3a-a644-a20b8903b691" "released" by "nova.context.set_target_cell..get_or_set_cached_cell_and_set_connections" :: held 0.002s inner /usr/lib/python3/dist-packages/oslo_concurrency/lockutils.py:400
2025-02-10 00:31:48.723 134463 DEBUG oslo_db.sqlalchemy.engines [req-1e46ef0c-7913-4eb8-8a1b-1a9ce4481957 - - - - -] MySQL server mode set to STRICT_TRANS_TABLES,STRICT_ALL_TABLES,NO_ZERO_IN_DATE,NO_ZERO_DATE,ERROR_FOR_DIVISION_BY_ZERO,TRADITIONAL,NO_ENGINE_SUBSTITUTION _check_effective_sql_mode /usr/lib/python3/dist-packages/oslo_db/sqlalchemy/engines.py:314
2025-02-10 00:31:54.689 134469 DEBUG oslo_service.periodic_task [req-8ce7d908-b460-417d-82a3-e70d7b2014d7 - - - - -] Running periodic task SchedulerManager._discover_hosts_in_cells run_periodic_tasks /usr/lib/python3/dist-packages/oslo_service/periodic_task.py:210
2025-02-10 00:31:54.690 134469 DEBUG oslo_db.sqlalchemy.engines [req-8ce7d908-b460-417d-82a3-e70d7b2014d7 - - - - -] Parent process 132773 forked (134469) with an open database connection, which is being discarded and recreated. checkout /usr/lib/python3/dist-packages/oslo_db/sqlalchemy/engines.py:413
2025-02-10 00:31:54.696 134469 DEBUG oslo_concurrency.lockutils [req-8ce7d908-b460-417d-82a3-e70d7b2014d7 - - - - -] Lock "c97360ad-0358-4c3a-a644-a20b8903b691" acquired by "nova.context.set_target_cell..get_or_set_cached_cell_and_set_connections" :: waited 0.000s inner /usr/lib/python3/dist-packages/oslo_concurrency/lockutils.py:386
2025-02-10 00:31:54.697 134469 DEBUG oslo_concurrency.lockutils [req-8ce7d908-b460-417d-82a3-e70d7b2014d7 - - - - -] Lock "c97360ad-0358-4c3a-a644-a20b8903b691" "released" by "nova.context.set_target_cell..get_or_set_cached_cell_and_set_connections" :: held 0.002s inner /usr/lib/python3/dist-packages/oslo_concurrency/lockutils.py:400
2025-02-10 00:31:54.703 134469 DEBUG oslo_db.sqlalchemy.engines [req-8ce7d908-b460-417d-82a3-e70d7b2014d7 - - - - -] MySQL server mode set to STRICT_TRANS_TABLES,STRICT_ALL_TABLES,NO_ZERO_IN_DATE,NO_ZERO_DATE,ERROR_FOR_DIVISION_BY_ZERO,TRADITIONAL,NO_ENGINE_SUBSTITUTION _check_effective_sql_mode /usr/lib/python3/dist-packages/oslo_db/sqlalchemy/engines.py:314
2025-02-10 00:32:01.709 134471 DEBUG oslo_service.periodic_task [req-10c1612f-0863-4494-a650-f347235ed98c - - - - -] Running periodic task SchedulerManager._discover_hosts_in_cells run_periodic_tasks /usr/lib/python3/dist-packages/oslo_service/periodic_task.py:210
2025-02-10 00:32:01.714 134471 DEBUG oslo_concurrency.lockutils [req-4db394b1-c46a-4a55-b111-49c56fc13370 - - - - -] Lock "c97360ad-0358-4c3a-a644-a20b8903b691" acquired by "nova.context.set_target_cell..get_or_set_cached_cell_and_set_connections" :: waited 0.000s inner /usr/lib/python3/dist-packages/oslo_concurrency/lockutils.py:386
2025-02-10 00:32:01.715 134471 DEBUG oslo_concurrency.lockutils [req-4db394b1-c46a-4a55-b111-49c56fc13370 - - - - -] Lock "c97360ad-0358-4c3a-a644-a20b8903b691" "released" by "nova.context.set_target_cell..get_or_set_cached_cell_and_set_connections" :: held 0.001s inner /usr/lib/python3/dist-packages/oslo_concurrency/lockutils.py:400
2025-02-10 00:32:05.651 134469 DEBUG oslo_messaging._drivers.amqpdriver [-] AMQPListener connection timeout poll /usr/lib/python3/dist-packages/oslo_messaging/_drivers/amqpdriver.py:360
2025-02-10 00:32:05.651 134469 DEBUG oslo_messaging._drivers.amqpdriver [-] Listener is running poll /usr/lib/python3/dist-packages/oslo_messaging/_drivers/amqpdriver.py:343
2025-02-10 00:32:05.651 134469 DEBUG oslo_messaging._drivers.amqpdriver [-] AMQPListener connection consume poll /usr/lib/python3/dist-packages/oslo_messaging/_drivers/amqpdriver.py:357
2025-02-10 00:32:05.655 134471 DEBUG oslo_messaging._drivers.amqpdriver [-] AMQPListener connection timeout poll /usr/lib/python3/dist-packages/oslo_messaging/_drivers/amqpdriver.py:360
2025-02-10 00:32:05.655 134471 DEBUG oslo_messaging._drivers.amqpdriver [-] Listener is running poll /usr/lib/python3/dist-packages/oslo_messaging/_drivers/amqpdriver.py:343
2025-02-10 00:32:05.655 134471 DEBUG oslo_messaging._drivers.amqpdriver [-] AMQPListener connection consume poll /usr/lib/python3/dist-packages/oslo_messaging/_drivers/amqpdriver.py:357
2025-02-10 00:32:05.658 134457 DEBUG oslo_messaging._drivers.amqpdriver [-] AMQPListener connection timeout poll /usr/lib/python3/dist-packages/oslo_messaging/_drivers/amqpdriver.py:360
2025-02-10 00:32:05.658 134457 DEBUG oslo_messaging._drivers.amqpdriver [-] Listener is running poll /usr/lib/python3/dist-packages/oslo_messaging/_drivers/amqpdriver.py:343
2025-02-10 00:32:05.659 134457 DEBUG oslo_messaging._drivers.amqpdriver [-] AMQPListener connection consume poll /usr/lib/python3/dist-packages/oslo_messaging/_drivers/amqpdriver.py:357
2025-02-10 00:32:05.700 134463 DEBUG oslo_messaging._drivers.amqpdriver [-] AMQPListener connection timeout poll /usr/lib/python3/dist-packages/oslo_messaging/_drivers/amqpdriver.py:360
2025-02-10 00:32:05.701 134463 DEBUG oslo_messaging._drivers.amqpdriver [-] Listener is running poll /usr/lib/python3/dist-packages/oslo_messaging/_drivers/amqpdriver.py:343
2025-02-10 00:32:05.701 134463 DEBUG oslo_messaging._drivers.amqpdriver [-] AMQPListener connection consume poll /usr/lib/python3/dist-packages/oslo_messaging/_drivers/amqpdriver.py:357
2025-02-10 00:32:05.713 134457 DEBUG oslo_service.periodic_task [req-db00fa52-d522-489b-9cc5-59f11c73ee8a - - - - -] Running periodic task SchedulerManager._discover_hosts_in_cells run_periodic_tasks /usr/lib/python3/dist-packages/oslo_service/periodic_task.py:210
2025-02-10 00:32:05.717 134457 DEBUG oslo_concurrency.lockutils [req-fb68c994-cfb6-47e0-a8e1-da010570f80b - - - - -] Lock "c97360ad-0358-4c3a-a644-a20b8903b691" acquired by "nova.context.set_target_cell..get_or_set_cached_cell_and_set_connections" :: waited 0.000s inner /usr/lib/python3/dist-packages/oslo_concurrency/lockutils.py:386
2025-02-10 00:32:05.717 134457 DEBUG oslo_concurrency.lockutils [req-fb68c994-cfb6-47e0-a8e1-da010570f80b - - - - -] Lock "c97360ad-0358-4c3a-a644-a20b8903b691" "released" by "nova.context.set_target_cell..get_or_set_cached_cell_and_set_connections" :: held 0.000s inner /usr/lib/python3/dist-packages/oslo_concurrency/lockutils.py:400
2025-02-10 00:32:18.737 134463 DEBUG oslo_service.periodic_task [req-1e46ef0c-7913-4eb8-8a1b-1a9ce4481957 - - - - -] Running periodic task SchedulerManager._discover_hosts_in_cells run_periodic_tasks /usr/lib/python3/dist-packages/oslo_service/periodic_task.py:210
2025-02-10 00:32:18.741 134463 DEBUG oslo_concurrency.lockutils [req-b6468943-1822-4863-a364-cf8846720eef - - - - -] Lock "c97360ad-0358-4c3a-a644-a20b8903b691" acquired by "nova.context.set_target_cell..get_or_set_cached_cell_and_set_connections" :: waited 0.000s inner /usr/lib/python3/dist-packages/oslo_concurrency/lockutils.py:386
2025-02-10 00:32:18.742 134463 DEBUG oslo_concurrency.lockutils [req-b6468943-1822-4863-a364-cf8846720eef - - - - -] Lock "c97360ad-0358-4c3a-a644-a20b8903b691" "released" by "nova.context.set_target_cell..get_or_set_cached_cell_and_set_connections" :: held 0.000s inner /usr/lib/python3/dist-packages/oslo_concurrency/lockutils.py:400
2025-02-10 00:32:24.717 134469 DEBUG oslo_service.periodic_task [req-8ce7d908-b460-417d-82a3-e70d7b2014d7 - - - - -] Running periodic task SchedulerManager._discover_hosts_in_cells run_periodic_tasks /usr/lib/python3/dist-packages/oslo_service/periodic_task.py:210
2025-02-10 00:32:24.721 134469 DEBUG oslo_concurrency.lockutils [req-ed7246b1-1ecc-45a0-bcc0-a4a053018799 - - - - -] Lock "c97360ad-0358-4c3a-a644-a20b8903b691" acquired by "nova.context.set_target_cell..get_or_set_cached_cell_and_set_connections" :: waited 0.000s inner /usr/lib/python3/dist-packages/oslo_concurrency/lockutils.py:386
2025-02-10 00:32:24.721 134469 DEBUG oslo_concurrency.lockutils [req-ed7246b1-1ecc-45a0-bcc0-a4a053018799 - - - - -] Lock "c97360ad-0358-4c3a-a644-a20b8903b691" "released" by "nova.context.set_target_cell..get_or_set_cached_cell_and_set_connections" :: held 0.000s inner /usr/lib/python3/dist-packages/oslo_concurrency/lockutils.py:400
2025-02-10 00:32:30.518 132773 INFO oslo_service.service [req-d3574f74-f3ff-4487-ac16-cb47225e1949 - - - - -] Caught SIGTERM, stopping children
2025-02-10 00:32:30.519 132773 DEBUG oslo_concurrency.lockutils [req-d3574f74-f3ff-4487-ac16-cb47225e1949 - - - - -] Acquired lock "singleton_lock" lock /usr/lib/python3/dist-packages/oslo_concurrency/lockutils.py:294
2025-02-10 00:32:30.519 132773 DEBUG oslo_concurrency.lockutils [req-d3574f74-f3ff-4487-ac16-cb47225e1949 - - - - -] Releasing lock "singleton_lock" lock /usr/lib/python3/dist-packages/oslo_concurrency/lockutils.py:312
2025-02-10 00:32:30.519 132773 DEBUG oslo_service.service [req-d3574f74-f3ff-4487-ac16-cb47225e1949 - - - - -] Stop services. stop /usr/lib/python3/dist-packages/oslo_service/service.py:695
2025-02-10 00:32:30.520 132773 DEBUG oslo_service.service [req-d3574f74-f3ff-4487-ac16-cb47225e1949 - - - - -] Killing children. stop /usr/lib/python3/dist-packages/oslo_service/service.py:700
2025-02-10 00:32:30.528 132773 INFO oslo_service.service [req-d3574f74-f3ff-4487-ac16-cb47225e1949 - - - - -] Waiting on 4 children to exit
2025-02-10 00:32:30.529 132773 INFO oslo_service.service [req-d3574f74-f3ff-4487-ac16-cb47225e1949 - - - - -] Child 134457 killed by signal 15
2025-02-10 00:32:30.529 132773 INFO oslo_service.service [req-d3574f74-f3ff-4487-ac16-cb47225e1949 - - - - -] Child 134463 killed by signal 15
2025-02-10 00:32:30.536 132773 INFO oslo_service.service [req-d3574f74-f3ff-4487-ac16-cb47225e1949 - - - - -] Child 134469 killed by signal 15
2025-02-10 00:32:30.537 132773 INFO oslo_service.service [req-d3574f74-f3ff-4487-ac16-cb47225e1949 - - - - -] Child 134471 killed by signal 15
2025-02-10 00:32:33.100 138952 DEBUG oslo_db.sqlalchemy.engines [req-8789a5c9-bf50-4697-873d-3a700d956b17 - - - - -] MySQL server mode set to STRICT_TRANS_TABLES,STRICT_ALL_TABLES,NO_ZERO_IN_DATE,NO_ZERO_DATE,ERROR_FOR_DIVISION_BY_ZERO,TRADITIONAL,NO_ENGINE_SUBSTITUTION _check_effective_sql_mode /usr/lib/python3/dist-packages/oslo_db/sqlalchemy/engines.py:314
2025-02-10 00:32:33.146 138952 DEBUG nova.scheduler.host_manager [req-8789a5c9-bf50-4697-873d-3a700d956b17 - - - - -] Found 1 cells: c97360ad-0358-4c3a-a644-a20b8903b691 refresh_cells_caches /usr/lib/python3/dist-packages/nova/scheduler/host_manager.py:730
2025-02-10 00:32:33.147 138952 DEBUG nova.scheduler.host_manager [req-8789a5c9-bf50-4697-873d-3a700d956b17 - - - - -] Found 0 disabled cells: refresh_cells_caches /usr/lib/python3/dist-packages/nova/scheduler/host_manager.py:742
2025-02-10 00:32:33.151 138952 WARNING nova.scheduler.filters.availability_zone_filter [req-8789a5c9-bf50-4697-873d-3a700d956b17 - - - - -] The 'AvailabilityZoneFilter' is deprecated since the 24.0.0 (Xena) release. Since the 18.0.0 (Rocky) release, nova has supported mapping AZs to placement aggregates. The feature is enabled by the 'query_placement_for_availability_zone' config option and is now enabled by default. As such, the 'AvailabilityZoneFilter' is no longer required. Nova is currently configured to use both placement and the AvailabilityZoneFilter for AZ enforcement.
2025-02-10 00:32:33.247 138952 DEBUG nova.scheduler.host_manager [req-8789a5c9-bf50-4697-873d-3a700d956b17 - - - - -] START:_async_init_instance_info _async_init_instance_info /usr/lib/python3/dist-packages/nova/scheduler/host_manager.py:411
2025-02-10 00:32:33.250 138952 DEBUG oslo_concurrency.lockutils [req-80946991-ce8b-4039-a180-9b10344a3ba4 - - - - -] Lock "c97360ad-0358-4c3a-a644-a20b8903b691" acquired by "nova.context.set_target_cell..get_or_set_cached_cell_and_set_connections" :: waited 0.000s inner /usr/lib/python3/dist-packages/oslo_concurrency/lockutils.py:386
2025-02-10 00:32:33.251 138952 DEBUG oslo_concurrency.lockutils [req-80946991-ce8b-4039-a180-9b10344a3ba4 - - - - -] Lock "c97360ad-0358-4c3a-a644-a20b8903b691" "released" by "nova.context.set_target_cell..get_or_set_cached_cell_and_set_connections" :: held 0.001s inner /usr/lib/python3/dist-packages/oslo_concurrency/lockutils.py:400
2025-02-10 00:32:33.258 138952 DEBUG oslo_db.sqlalchemy.engines [req-80946991-ce8b-4039-a180-9b10344a3ba4 - - - - -] MySQL server mode set to STRICT_TRANS_TABLES,STRICT_ALL_TABLES,NO_ZERO_IN_DATE,NO_ZERO_DATE,ERROR_FOR_DIVISION_BY_ZERO,TRADITIONAL,NO_ENGINE_SUBSTITUTION _check_effective_sql_mode /usr/lib/python3/dist-packages/oslo_db/sqlalchemy/engines.py:314
2025-02-10 00:32:33.271 138952 DEBUG nova.scheduler.host_manager [req-80946991-ce8b-4039-a180-9b10344a3ba4 - - - - -] Total number of compute nodes: 0 _async_init_instance_info /usr/lib/python3/dist-packages/nova/scheduler/host_manager.py:424
2025-02-10 00:32:33.272 138952 DEBUG oslo_concurrency.lockutils [req-80946991-ce8b-4039-a180-9b10344a3ba4 - - - - -] Lock "c97360ad-0358-4c3a-a644-a20b8903b691" acquired by "nova.context.set_target_cell..get_or_set_cached_cell_and_set_connections" :: waited 0.000s inner /usr/lib/python3/dist-packages/oslo_concurrency/lockutils.py:386
2025-02-10 00:32:33.272 138952 DEBUG oslo_concurrency.lockutils [req-80946991-ce8b-4039-a180-9b10344a3ba4 - - - - -] Lock "c97360ad-0358-4c3a-a644-a20b8903b691" "released" by "nova.context.set_target_cell..get_or_set_cached_cell_and_set_connections" :: held 0.000s inner /usr/lib/python3/dist-packages/oslo_concurrency/lockutils.py:400
2025-02-10 00:32:33.332 138952 DEBUG nova.scheduler.host_manager [req-80946991-ce8b-4039-a180-9b10344a3ba4 - - - - -] Adding 0 instances for hosts 10-20 _async_init_instance_info /usr/lib/python3/dist-packages/nova/scheduler/host_manager.py:443
2025-02-10 00:32:33.332 138952 DEBUG nova.scheduler.host_manager [req-80946991-ce8b-4039-a180-9b10344a3ba4 - - - - -] END:_async_init_instance_info _async_init_instance_info /usr/lib/python3/dist-packages/nova/scheduler/host_manager.py:454
2025-02-10 00:32:35.190 138952 DEBUG nova.context [req-8789a5c9-bf50-4697-873d-3a700d956b17 - - - - -] Found 2 cells: 00000000-0000-0000-0000-000000000000(cell0),c97360ad-0358-4c3a-a644-a20b8903b691(cell1) load_cells /usr/lib/python3/dist-packages/nova/context.py:464
2025-02-10 00:32:35.191 138952 DEBUG oslo_concurrency.lockutils [req-e0e88f9f-7161-4de5-a788-e723dc2aaa5e - - - - -] Lock "00000000-0000-0000-0000-000000000000" acquired by "nova.context.set_target_cell..get_or_set_cached_cell_and_set_connections" :: waited 0.000s inner /usr/lib/python3/dist-packages/oslo_concurrency/lockutils.py:386
2025-02-10 00:32:35.192 138952 DEBUG oslo_concurrency.lockutils [req-e0e88f9f-7161-4de5-a788-e723dc2aaa5e - - - - -] Lock "00000000-0000-0000-0000-000000000000" "released" by "nova.context.set_target_cell..get_or_set_cached_cell_and_set_connections" :: held 0.001s inner /usr/lib/python3/dist-packages/oslo_concurrency/lockutils.py:400
2025-02-10 00:32:35.193 138952 DEBUG oslo_concurrency.lockutils [req-e0e88f9f-7161-4de5-a788-e723dc2aaa5e - - - - -] Lock "c97360ad-0358-4c3a-a644-a20b8903b691" acquired by "nova.context.set_target_cell..get_or_set_cached_cell_and_set_connections" :: waited 0.000s inner /usr/lib/python3/dist-packages/oslo_concurrency/lockutils.py:386
2025-02-10 00:32:35.193 138952 DEBUG oslo_concurrency.lockutils [req-e0e88f9f-7161-4de5-a788-e723dc2aaa5e - - - - -] Lock "c97360ad-0358-4c3a-a644-a20b8903b691" "released" by "nova.context.set_target_cell..get_or_set_cached_cell_and_set_connections" :: held 0.000s inner /usr/lib/python3/dist-packages/oslo_concurrency/lockutils.py:400
2025-02-10 00:32:35.203 138952 DEBUG oslo_db.sqlalchemy.engines [req-e0e88f9f-7161-4de5-a788-e723dc2aaa5e - - - - -] MySQL server mode set to STRICT_TRANS_TABLES,STRICT_ALL_TABLES,NO_ZERO_IN_DATE,NO_ZERO_DATE,ERROR_FOR_DIVISION_BY_ZERO,TRADITIONAL,NO_ENGINE_SUBSTITUTION _check_effective_sql_mode /usr/lib/python3/dist-packages/oslo_db/sqlalchemy/engines.py:314
2025-02-10 00:32:35.222 138952 DEBUG oslo_concurrency.lockutils [req-e0e88f9f-7161-4de5-a788-e723dc2aaa5e - - - - -] Acquired lock "singleton_lock" lock /usr/lib/python3/dist-packages/oslo_concurrency/lockutils.py:294
2025-02-10 00:32:35.223 138952 DEBUG oslo_concurrency.lockutils [req-e0e88f9f-7161-4de5-a788-e723dc2aaa5e - - - - -] Releasing lock "singleton_lock" lock /usr/lib/python3/dist-packages/oslo_concurrency/lockutils.py:312
2025-02-10 00:32:35.223 138952 INFO oslo_service.service [req-e0e88f9f-7161-4de5-a788-e723dc2aaa5e - - - - -] Starting 4 workers
2025-02-10 00:32:35.239 138952 DEBUG oslo_service.service [req-e0e88f9f-7161-4de5-a788-e723dc2aaa5e - - - - -] Started child 139673 _start_child /usr/lib/python3/dist-packages/oslo_service/service.py:575
2025-02-10 00:32:35.246 139673 INFO nova.service [-] Starting scheduler node (version 25.2.1)
2025-02-10 00:32:35.249 138952 DEBUG oslo_service.service [req-e0e88f9f-7161-4de5-a788-e723dc2aaa5e - - - - -] Started child 139675 _start_child /usr/lib/python3/dist-packages/oslo_service/service.py:575
2025-02-10 00:32:35.253 139675 INFO nova.service [-] Starting scheduler node (version 25.2.1)
2025-02-10 00:32:35.255 138952 DEBUG oslo_service.service [req-e0e88f9f-7161-4de5-a788-e723dc2aaa5e - - - - -] Started child 139676 _start_child /usr/lib/python3/dist-packages/oslo_service/service.py:575
2025-02-10 00:32:35.261 139676 INFO nova.service [-] Starting scheduler node (version 25.2.1)
2025-02-10 00:32:35.261 138952 DEBUG oslo_service.service [req-e0e88f9f-7161-4de5-a788-e723dc2aaa5e - - - - -] Started child 139677 _start_child /usr/lib/python3/dist-packages/oslo_service/service.py:575
2025-02-10 00:32:35.263 138952 DEBUG oslo_service.service [req-e0e88f9f-7161-4de5-a788-e723dc2aaa5e - - - - -] Full set of CONF: wait /usr/lib/python3/dist-packages/oslo_service/service.py:649
2025-02-10 00:32:35.263 138952 DEBUG oslo_service.service [req-e0e88f9f-7161-4de5-a788-e723dc2aaa5e - - - - -] ******************************************************************************** log_opt_values /usr/lib/python3/dist-packages/oslo_config/cfg.py:2589
2025-02-10 00:32:35.264 138952 DEBUG oslo_service.service [req-e0e88f9f-7161-4de5-a788-e723dc2aaa5e - - - - -] Configuration options gathered from: log_opt_values /usr/lib/python3/dist-packages/oslo_config/cfg.py:2590
2025-02-10 00:32:35.264 138952 DEBUG oslo_service.service [req-e0e88f9f-7161-4de5-a788-e723dc2aaa5e - - - - -] command line args: ['--config-file=/etc/nova/nova.conf', '--log-file=/var/log/nova/nova-scheduler.log'] log_opt_values /usr/lib/python3/dist-packages/oslo_config/cfg.py:2591
2025-02-10 00:32:35.264 138952 DEBUG oslo_service.service [req-e0e88f9f-7161-4de5-a788-e723dc2aaa5e - - - - -] config files: ['/etc/nova/nova.conf'] log_opt_values /usr/lib/python3/dist-packages/oslo_config/cfg.py:2592
2025-02-10 00:32:35.265 138952 DEBUG oslo_service.service [req-e0e88f9f-7161-4de5-a788-e723dc2aaa5e - - - - -] ================================================================================ log_opt_values /usr/lib/python3/dist-packages/oslo_config/cfg.py:2594
2025-02-10 00:32:35.264 139673 DEBUG oslo_db.sqlalchemy.engines [req-6f33e296-9f57-418b-b868-1dd61561d822 - - - - -] MySQL server mode set to STRICT_TRANS_TABLES,STRICT_ALL_TABLES,NO_ZERO_IN_DATE,NO_ZERO_DATE,ERROR_FOR_DIVISION_BY_ZERO,TRADITIONAL,NO_ENGINE_SUBSTITUTION _check_effective_sql_mode /usr/lib/python3/dist-packages/oslo_db/sqlalchemy/engines.py:314
2025-02-10 00:32:35.265 138952 DEBUG oslo_service.service [req-e0e88f9f-7161-4de5-a788-e723dc2aaa5e - - - - -] allow_resize_to_same_host = False log_opt_values /usr/lib/python3/dist-packages/oslo_config/cfg.py:2602
2025-02-10 00:32:35.265 138952 DEBUG oslo_service.service [req-e0e88f9f-7161-4de5-a788-e723dc2aaa5e - - - - -] arq_binding_timeout = 300 log_opt_values /usr/lib/python3/dist-packages/oslo_config/cfg.py:2602
2025-02-10 00:32:35.265 138952 DEBUG oslo_service.service [req-e0e88f9f-7161-4de5-a788-e723dc2aaa5e - - - - -] block_device_allocate_retries = 60 log_opt_values /usr/lib/python3/dist-packages/oslo_config/cfg.py:2602
2025-02-10 00:32:35.266 138952 DEBUG oslo_service.service [req-e0e88f9f-7161-4de5-a788-e723dc2aaa5e - - - - -] block_device_allocate_retries_interval = 3 log_opt_values /usr/lib/python3/dist-packages/oslo_config/cfg.py:2602
2025-02-10 00:32:35.266 138952 DEBUG oslo_service.service [req-e0e88f9f-7161-4de5-a788-e723dc2aaa5e - - - - -] cert = self.pem log_opt_values /usr/lib/python3/dist-packages/oslo_config/cfg.py:2602
2025-02-10 00:32:35.266 138952 DEBUG oslo_service.service [req-e0e88f9f-7161-4de5-a788-e723dc2aaa5e - - - - -] compute_driver = libvirt.LibvirtDriver log_opt_values /usr/lib/python3/dist-packages/oslo_config/cfg.py:2602
2025-02-10 00:32:35.267 138952 DEBUG oslo_service.service [req-e0e88f9f-7161-4de5-a788-e723dc2aaa5e - - - - -] compute_monitors = [] log_opt_values /usr/lib/python3/dist-packages/oslo_config/cfg.py:2602
2025-02-10 00:32:35.267 138952 DEBUG oslo_service.service [req-e0e88f9f-7161-4de5-a788-e723dc2aaa5e - - - - -] config_dir = [] log_opt_values /usr/lib/python3/dist-packages/oslo_config/cfg.py:2602
2025-02-10 00:32:35.267 138952 DEBUG oslo_service.service [req-e0e88f9f-7161-4de5-a788-e723dc2aaa5e - - - - -] config_drive_format = iso9660 log_opt_values /usr/lib/python3/dist-packages/oslo_config/cfg.py:2602
2025-02-10 00:32:35.267 138952 DEBUG oslo_service.service [req-e0e88f9f-7161-4de5-a788-e723dc2aaa5e - - - - -] config_file = ['/etc/nova/nova.conf'] log_opt_values /usr/lib/python3/dist-packages/oslo_config/cfg.py:2602
2025-02-10 00:32:35.268 138952 DEBUG oslo_service.service [req-e0e88f9f-7161-4de5-a788-e723dc2aaa5e - - - - -] config_source = [] log_opt_values /usr/lib/python3/dist-packages/oslo_config/cfg.py:2602
2025-02-10 00:32:35.268 138952 DEBUG oslo_service.service [req-e0e88f9f-7161-4de5-a788-e723dc2aaa5e - - - - -] console_host = juju-8fdc11-0-lxd-7 log_opt_values /usr/lib/python3/dist-packages/oslo_config/cfg.py:2602
