2025-02-06 00:35:48.793 131394 DEBUG oslo_service.service [req-d372807c-b5ea-4952-bcc4-a8bd2708afe8 - - - - -] cyborg.timeout = None log_opt_values /usr/lib/python3/dist-packages/oslo_config/cfg.py:2609
2025-02-06 00:35:48.793 131394 DEBUG oslo_service.service [req-d372807c-b5ea-4952-bcc4-a8bd2708afe8 - - - - -] cyborg.valid_interfaces = ['internal', 'public'] log_opt_values /usr/lib/python3/dist-packages/oslo_config/cfg.py:2609
2025-02-06 00:35:48.793 131394 DEBUG oslo_service.service [req-d372807c-b5ea-4952-bcc4-a8bd2708afe8 - - - - -] cyborg.version = None log_opt_values /usr/lib/python3/dist-packages/oslo_config/cfg.py:2609
2025-02-06 00:35:48.793 131394 DEBUG oslo_service.service [req-d372807c-b5ea-4952-bcc4-a8bd2708afe8 - - - - -] database.backend = sqlalchemy log_opt_values /usr/lib/python3/dist-packages/oslo_config/cfg.py:2609
2025-02-06 00:35:48.793 131394 DEBUG oslo_service.service [req-d372807c-b5ea-4952-bcc4-a8bd2708afe8 - - - - -] database.connection = **** log_opt_values /usr/lib/python3/dist-packages/oslo_config/cfg.py:2609
2025-02-06 00:35:48.794 131394 DEBUG oslo_service.service [req-d372807c-b5ea-4952-bcc4-a8bd2708afe8 - - - - -] database.connection_debug = 0 log_opt_values /usr/lib/python3/dist-packages/oslo_config/cfg.py:2609
2025-02-06 00:35:48.794 131394 DEBUG oslo_service.service [req-d372807c-b5ea-4952-bcc4-a8bd2708afe8 - - - - -] database.connection_parameters = log_opt_values /usr/lib/python3/dist-packages/oslo_config/cfg.py:2609
2025-02-06 00:35:48.794 131394 DEBUG oslo_service.service [req-d372807c-b5ea-4952-bcc4-a8bd2708afe8 - - - - -] database.connection_recycle_time = 3600 log_opt_values /usr/lib/python3/dist-packages/oslo_config/cfg.py:2609
2025-02-06 00:35:48.794 131394 DEBUG oslo_service.service [req-d372807c-b5ea-4952-bcc4-a8bd2708afe8 - - - - -] database.connection_trace = False log_opt_values /usr/lib/python3/dist-packages/oslo_config/cfg.py:2609
2025-02-06 00:35:48.794 131394 DEBUG oslo_service.service [req-d372807c-b5ea-4952-bcc4-a8bd2708afe8 - - - - -] database.db_inc_retry_interval = True log_opt_values /usr/lib/python3/dist-packages/oslo_config/cfg.py:2609
2025-02-06 00:35:48.795 131394 DEBUG oslo_service.service [req-d372807c-b5ea-4952-bcc4-a8bd2708afe8 - - - - -] database.db_max_retries = 20 log_opt_values /usr/lib/python3/dist-packages/oslo_config/cfg.py:2609
2025-02-06 00:35:48.795 131394 DEBUG oslo_service.service [req-d372807c-b5ea-4952-bcc4-a8bd2708afe8 - - - - -] database.db_max_retry_interval = 10 log_opt_values /usr/lib/python3/dist-packages/oslo_config/cfg.py:2609
2025-02-06 00:35:48.795 131394 DEBUG oslo_service.service [req-d372807c-b5ea-4952-bcc4-a8bd2708afe8 - - - - -] database.db_retry_interval = 1 log_opt_values /usr/lib/python3/dist-packages/oslo_config/cfg.py:2609
2025-02-06 00:35:48.795 131394 DEBUG oslo_service.service [req-d372807c-b5ea-4952-bcc4-a8bd2708afe8 - - - - -] database.max_overflow = 50 log_opt_values /usr/lib/python3/dist-packages/oslo_config/cfg.py:2609
2025-02-06 00:35:48.795 131394 DEBUG oslo_service.service [req-d372807c-b5ea-4952-bcc4-a8bd2708afe8 - - - - -] database.max_pool_size = 4 log_opt_values /usr/lib/python3/dist-packages/oslo_config/cfg.py:2609
2025-02-06 00:35:48.795 131394 DEBUG oslo_service.service [req-d372807c-b5ea-4952-bcc4-a8bd2708afe8 - - - - -] database.max_retries = 10 log_opt_values /usr/lib/python3/dist-packages/oslo_config/cfg.py:2609
2025-02-06 00:35:48.796 131394 DEBUG oslo_service.service [req-d372807c-b5ea-4952-bcc4-a8bd2708afe8 - - - - -] database.mysql_enable_ndb = False log_opt_values /usr/lib/python3/dist-packages/oslo_config/cfg.py:2609
2025-02-06 00:35:48.796 131394 DEBUG oslo_service.service [req-d372807c-b5ea-4952-bcc4-a8bd2708afe8 - - - - -] database.mysql_sql_mode = TRADITIONAL log_opt_values /usr/lib/python3/dist-packages/oslo_config/cfg.py:2609
2025-02-06 00:35:48.796 131394 DEBUG oslo_service.service [req-d372807c-b5ea-4952-bcc4-a8bd2708afe8 - - - - -] database.pool_timeout = None log_opt_values /usr/lib/python3/dist-packages/oslo_config/cfg.py:2609
2025-02-06 00:35:48.796 131394 DEBUG oslo_service.service [req-d372807c-b5ea-4952-bcc4-a8bd2708afe8 - - - - -] database.retry_interval = 10 log_opt_values /usr/lib/python3/dist-packages/oslo_config/cfg.py:2609
2025-02-06 00:35:48.796 131394 DEBUG oslo_service.service [req-d372807c-b5ea-4952-bcc4-a8bd2708afe8 - - - - -] database.slave_connection = **** log_opt_values /usr/lib/python3/dist-packages/oslo_config/cfg.py:2609
2025-02-06 00:35:48.796 131394 DEBUG oslo_service.service [req-d372807c-b5ea-4952-bcc4-a8bd2708afe8 - - - - -] database.sqlite_synchronous = True log_opt_values /usr/lib/python3/dist-packages/oslo_config/cfg.py:2609
2025-02-06 00:35:48.797 131394 DEBUG oslo_service.service [req-d372807c-b5ea-4952-bcc4-a8bd2708afe8 - - - - -] database.use_db_reconnect = False log_opt_values /usr/lib/python3/dist-packages/oslo_config/cfg.py:2609
2025-02-06 00:35:48.797 131394 DEBUG oslo_service.service [req-d372807c-b5ea-4952-bcc4-a8bd2708afe8 - - - - -] api_database.backend = sqlalchemy log_opt_values /usr/lib/python3/dist-packages/oslo_config/cfg.py:2609
2025-02-06 00:35:48.797 131394 DEBUG oslo_service.service [req-d372807c-b5ea-4952-bcc4-a8bd2708afe8 - - - - -] api_database.connection = **** log_opt_values /usr/lib/python3/dist-packages/oslo_config/cfg.py:2609
2025-02-06 00:35:48.797 131394 DEBUG oslo_service.service [req-d372807c-b5ea-4952-bcc4-a8bd2708afe8 - - - - -] api_database.connection_debug = 0 log_opt_values /usr/lib/python3/dist-packages/oslo_config/cfg.py:2609
2025-02-06 00:35:48.797 131394 DEBUG oslo_service.service [req-d372807c-b5ea-4952-bcc4-a8bd2708afe8 - - - - -] api_database.connection_parameters = log_opt_values /usr/lib/python3/dist-packages/oslo_config/cfg.py:2609
2025-02-06 00:35:48.798 131394 DEBUG oslo_service.service [req-d372807c-b5ea-4952-bcc4-a8bd2708afe8 - - - - -] api_database.connection_recycle_time = 3600 log_opt_values /usr/lib/python3/dist-packages/oslo_config/cfg.py:2609
2025-02-06 00:35:48.798 131394 DEBUG oslo_service.service [req-d372807c-b5ea-4952-bcc4-a8bd2708afe8 - - - - -] api_database.connection_trace = False log_opt_values /usr/lib/python3/dist-packages/oslo_config/cfg.py:2609
2025-02-06 00:35:48.798 131394 DEBUG oslo_service.service [req-d372807c-b5ea-4952-bcc4-a8bd2708afe8 - - - - -] api_database.db_inc_retry_interval = True log_opt_values /usr/lib/python3/dist-packages/oslo_config/cfg.py:2609
2025-02-06 00:35:48.798 131394 DEBUG oslo_service.service [req-d372807c-b5ea-4952-bcc4-a8bd2708afe8 - - - - -] api_database.db_max_retries = 20 log_opt_values /usr/lib/python3/dist-packages/oslo_config/cfg.py:2609
2025-02-06 00:35:48.798 132745 DEBUG oslo_messaging._drivers.amqpdriver [-] Listener is running poll /usr/lib/python3/dist-packages/oslo_messaging/_drivers/amqpdriver.py:343
2025-02-06 00:35:48.798 132745 DEBUG oslo_messaging._drivers.amqpdriver [-] AMQPListener connection consume poll /usr/lib/python3/dist-packages/oslo_messaging/_drivers/amqpdriver.py:357
2025-02-06 00:35:48.798 131394 DEBUG oslo_service.service [req-d372807c-b5ea-4952-bcc4-a8bd2708afe8 - - - - -] api_database.db_max_retry_interval = 10 log_opt_values /usr/lib/python3/dist-packages/oslo_config/cfg.py:2609
2025-02-06 00:35:48.799 131394 DEBUG oslo_service.service [req-d372807c-b5ea-4952-bcc4-a8bd2708afe8 - - - - -] api_database.db_retry_interval = 1 log_opt_values /usr/lib/python3/dist-packages/oslo_config/cfg.py:2609
2025-02-06 00:35:48.799 132744 DEBUG oslo_messaging._drivers.amqpdriver [-] Listener is running poll /usr/lib/python3/dist-packages/oslo_messaging/_drivers/amqpdriver.py:343
2025-02-06 00:35:48.799 131394 DEBUG oslo_service.service [req-d372807c-b5ea-4952-bcc4-a8bd2708afe8 - - - - -] api_database.max_overflow = 50 log_opt_values /usr/lib/python3/dist-packages/oslo_config/cfg.py:2609
2025-02-06 00:35:48.799 131394 DEBUG oslo_service.service [req-d372807c-b5ea-4952-bcc4-a8bd2708afe8 - - - - -] api_database.max_pool_size = 4 log_opt_values /usr/lib/python3/dist-packages/oslo_config/cfg.py:2609
2025-02-06 00:35:48.799 132744 DEBUG oslo_messaging._drivers.amqpdriver [-] AMQPListener connection consume poll /usr/lib/python3/dist-packages/oslo_messaging/_drivers/amqpdriver.py:357
2025-02-06 00:35:48.799 131394 DEBUG oslo_service.service [req-d372807c-b5ea-4952-bcc4-a8bd2708afe8 - - - - -] api_database.max_retries = 10 log_opt_values /usr/lib/python3/dist-packages/oslo_config/cfg.py:2609
2025-02-06 00:35:48.799 131394 DEBUG oslo_service.service [req-d372807c-b5ea-4952-bcc4-a8bd2708afe8 - - - - -] api_database.mysql_enable_ndb = False log_opt_values /usr/lib/python3/dist-packages/oslo_config/cfg.py:2609
2025-02-06 00:35:48.800 131394 DEBUG oslo_service.service [req-d372807c-b5ea-4952-bcc4-a8bd2708afe8 - - - - -] api_database.mysql_sql_mode = TRADITIONAL log_opt_values /usr/lib/python3/dist-packages/oslo_config/cfg.py:2609
2025-02-06 00:35:48.800 131394 DEBUG oslo_service.service [req-d372807c-b5ea-4952-bcc4-a8bd2708afe8 - - - - -] api_database.pool_timeout = None log_opt_values /usr/lib/python3/dist-packages/oslo_config/cfg.py:2609
2025-02-06 00:35:48.800 132744 DEBUG nova.service [req-9bc2d7e1-cbe3-4b18-aafe-1809701c2021 - - - - -] Join ServiceGroup membership for this service scheduler start /usr/lib/python3/dist-packages/nova/service.py:199
2025-02-06 00:35:48.800 131394 DEBUG oslo_service.service [req-d372807c-b5ea-4952-bcc4-a8bd2708afe8 - - - - -] api_database.retry_interval = 10 log_opt_values /usr/lib/python3/dist-packages/oslo_config/cfg.py:2609
2025-02-06 00:35:48.800 132745 DEBUG nova.service [req-0d0fdd32-e242-4e50-af90-42151fb9b73e - - - - -] Join ServiceGroup membership for this service scheduler start /usr/lib/python3/dist-packages/nova/service.py:199
2025-02-06 00:35:48.800 132744 DEBUG nova.servicegroup.drivers.db [req-9bc2d7e1-cbe3-4b18-aafe-1809701c2021 - - - - -] DB_Driver: join new ServiceGroup member juju-981570-0-lxd-7 to the scheduler group, service = join /usr/lib/python3/dist-packages/nova/servicegroup/drivers/db.py:44
2025-02-06 00:35:48.800 131394 DEBUG oslo_service.service [req-d372807c-b5ea-4952-bcc4-a8bd2708afe8 - - - - -] api_database.slave_connection = **** log_opt_values /usr/lib/python3/dist-packages/oslo_config/cfg.py:2609
2025-02-06 00:35:48.800 131394 DEBUG oslo_service.service [req-d372807c-b5ea-4952-bcc4-a8bd2708afe8 - - - - -] api_database.sqlite_synchronous = True log_opt_values /usr/lib/python3/dist-packages/oslo_config/cfg.py:2609
2025-02-06 00:35:48.800 132745 DEBUG nova.servicegroup.drivers.db [req-0d0fdd32-e242-4e50-af90-42151fb9b73e - - - - -] DB_Driver: join new ServiceGroup member juju-981570-0-lxd-7 to the scheduler group, service = join /usr/lib/python3/dist-packages/nova/servicegroup/drivers/db.py:44
2025-02-06 00:35:48.801 131394 DEBUG oslo_service.service [req-d372807c-b5ea-4952-bcc4-a8bd2708afe8 - - - - -] devices.enabled_mdev_types = [] log_opt_values /usr/lib/python3/dist-packages/oslo_config/cfg.py:2609
2025-02-06 00:35:48.801 131394 DEBUG oslo_service.service [req-d372807c-b5ea-4952-bcc4-a8bd2708afe8 - - - - -] ephemeral_storage_encryption.cipher = aes-xts-plain64 log_opt_values /usr/lib/python3/dist-packages/oslo_config/cfg.py:2609
2025-02-06 00:35:48.801 131394 DEBUG oslo_service.service [req-d372807c-b5ea-4952-bcc4-a8bd2708afe8 - - - - -] ephemeral_storage_encryption.enabled = False log_opt_values /usr/lib/python3/dist-packages/oslo_config/cfg.py:2609
2025-02-06 00:35:48.801 132745 DEBUG oslo_messaging._drivers.amqpdriver [-] AMQPListener connection timeout poll /usr/lib/python3/dist-packages/oslo_messaging/_drivers/amqpdriver.py:360
2025-02-06 00:35:48.801 131394 DEBUG oslo_service.service [req-d372807c-b5ea-4952-bcc4-a8bd2708afe8 - - - - -] ephemeral_storage_encryption.key_size = 512 log_opt_values /usr/lib/python3/dist-packages/oslo_config/cfg.py:2609
2025-02-06 00:35:48.801 132745 DEBUG oslo_messaging._drivers.amqpdriver [-] Listener is running poll /usr/lib/python3/dist-packages/oslo_messaging/_drivers/amqpdriver.py:343
2025-02-06 00:35:48.801 132745 DEBUG oslo_messaging._drivers.amqpdriver [-] AMQPListener connection consume poll /usr/lib/python3/dist-packages/oslo_messaging/_drivers/amqpdriver.py:357
2025-02-06 00:35:48.801 131394 WARNING oslo_config.cfg [req-d372807c-b5ea-4952-bcc4-a8bd2708afe8 - - - - -] Deprecated: Option "api_servers" from group "glance" is deprecated for removal ( Support for image service configuration via standard keystoneauth1 Adapter options was added in the 17.0.0 Queens release. The api_servers option was retained temporarily to allow consumers time to cut over to a real load balancing solution. ). Its value may be silently ignored in the future.
2025-02-06 00:35:48.802 131394 DEBUG oslo_service.service [req-d372807c-b5ea-4952-bcc4-a8bd2708afe8 - - - - -] glance.api_servers = ['http://252.29.168.57:9292'] log_opt_values /usr/lib/python3/dist-packages/oslo_config/cfg.py:2609
2025-02-06 00:35:48.802 131394 DEBUG oslo_service.service [req-d372807c-b5ea-4952-bcc4-a8bd2708afe8 - - - - -] glance.cafile = None log_opt_values /usr/lib/python3/dist-packages/oslo_config/cfg.py:2609
2025-02-06 00:35:48.802 131394 DEBUG oslo_service.service [req-d372807c-b5ea-4952-bcc4-a8bd2708afe8 - - - - -] glance.certfile = None log_opt_values /usr/lib/python3/dist-packages/oslo_config/cfg.py:2609
2025-02-06 00:35:48.802 131394 DEBUG oslo_service.service [req-d372807c-b5ea-4952-bcc4-a8bd2708afe8 - - - - -] glance.collect_timing = False log_opt_values /usr/lib/python3/dist-packages/oslo_config/cfg.py:2609
2025-02-06 00:35:48.802 131394 DEBUG oslo_service.service [req-d372807c-b5ea-4952-bcc4-a8bd2708afe8 - - - - -] glance.connect_retries = None log_opt_values /usr/lib/python3/dist-packages/oslo_config/cfg.py:2609
2025-02-06 00:35:48.803 131394 DEBUG oslo_service.service [req-d372807c-b5ea-4952-bcc4-a8bd2708afe8 - - - - -] glance.connect_retry_delay = None log_opt_values /usr/lib/python3/dist-packages/oslo_config/cfg.py:2609
2025-02-06 00:35:48.803 131394 DEBUG oslo_service.service [req-d372807c-b5ea-4952-bcc4-a8bd2708afe8 - - - - -] glance.debug = False log_opt_values /usr/lib/python3/dist-packages/oslo_config/cfg.py:2609
2025-02-06 00:35:48.803 131394 DEBUG oslo_service.service [req-d372807c-b5ea-4952-bcc4-a8bd2708afe8 - - - - -] glance.default_trusted_certificate_ids = [] log_opt_values /usr/lib/python3/dist-packages/oslo_config/cfg.py:2609
2025-02-06 00:35:48.803 131394 DEBUG oslo_service.service [req-d372807c-b5ea-4952-bcc4-a8bd2708afe8 - - - - -] glance.enable_certificate_validation = False log_opt_values /usr/lib/python3/dist-packages/oslo_config/cfg.py:2609
2025-02-06 00:35:48.803 131394 DEBUG oslo_service.service [req-d372807c-b5ea-4952-bcc4-a8bd2708afe8 - - - - -] glance.enable_rbd_download = False log_opt_values /usr/lib/python3/dist-packages/oslo_config/cfg.py:2609
2025-02-06 00:35:48.804 131394 DEBUG oslo_service.service [req-d372807c-b5ea-4952-bcc4-a8bd2708afe8 - - - - -] glance.endpoint_override = None log_opt_values /usr/lib/python3/dist-packages/oslo_config/cfg.py:2609
2025-02-06 00:35:48.804 131394 DEBUG oslo_service.service [req-d372807c-b5ea-4952-bcc4-a8bd2708afe8 - - - - -] glance.insecure = False log_opt_values /usr/lib/python3/dist-packages/oslo_config/cfg.py:2609
2025-02-06 00:35:48.803 132744 DEBUG oslo_messaging._drivers.amqpdriver [-] AMQPListener connection timeout poll /usr/lib/python3/dist-packages/oslo_messaging/_drivers/amqpdriver.py:360
2025-02-06 00:35:48.803 132751 DEBUG oslo_messaging._drivers.amqpdriver [-] Listener is running poll /usr/lib/python3/dist-packages/oslo_messaging/_drivers/amqpdriver.py:343
2025-02-06 00:35:48.804 131394 DEBUG oslo_service.service [req-d372807c-b5ea-4952-bcc4-a8bd2708afe8 - - - - -] glance.keyfile = None log_opt_values /usr/lib/python3/dist-packages/oslo_config/cfg.py:2609
2025-02-06 00:35:48.804 132751 DEBUG oslo_messaging._drivers.amqpdriver [-] AMQPListener connection consume poll /usr/lib/python3/dist-packages/oslo_messaging/_drivers/amqpdriver.py:357
2025-02-06 00:35:48.804 131394 DEBUG oslo_service.service [req-d372807c-b5ea-4952-bcc4-a8bd2708afe8 - - - - -] glance.max_version = None log_opt_values /usr/lib/python3/dist-packages/oslo_config/cfg.py:2609
2025-02-06 00:35:48.804 131394 DEBUG oslo_service.service [req-d372807c-b5ea-4952-bcc4-a8bd2708afe8 - - - - -] glance.min_version = None log_opt_values /usr/lib/python3/dist-packages/oslo_config/cfg.py:2609
2025-02-06 00:35:48.804 131394 DEBUG oslo_service.service [req-d372807c-b5ea-4952-bcc4-a8bd2708afe8 - - - - -] glance.num_retries = 3 log_opt_values /usr/lib/python3/dist-packages/oslo_config/cfg.py:2609
2025-02-06 00:35:48.805 131394 DEBUG oslo_service.service [req-d372807c-b5ea-4952-bcc4-a8bd2708afe8 - - - - -] glance.rbd_ceph_conf = log_opt_values /usr/lib/python3/dist-packages/oslo_config/cfg.py:2609
2025-02-06 00:35:48.805 131394 DEBUG oslo_service.service [req-d372807c-b5ea-4952-bcc4-a8bd2708afe8 - - - - -] glance.rbd_connect_timeout = 5 log_opt_values /usr/lib/python3/dist-packages/oslo_config/cfg.py:2609
2025-02-06 00:35:48.805 132744 DEBUG oslo_messaging._drivers.amqpdriver [-] Listener is running poll /usr/lib/python3/dist-packages/oslo_messaging/_drivers/amqpdriver.py:343
2025-02-06 00:35:48.805 131394 DEBUG oslo_service.service [req-d372807c-b5ea-4952-bcc4-a8bd2708afe8 - - - - -] glance.rbd_pool = log_opt_values /usr/lib/python3/dist-packages/oslo_config/cfg.py:2609
2025-02-06 00:35:48.805 132744 DEBUG oslo_messaging._drivers.amqpdriver [-] AMQPListener connection consume poll /usr/lib/python3/dist-packages/oslo_messaging/_drivers/amqpdriver.py:357
2025-02-06 00:35:48.805 131394 DEBUG oslo_service.service [req-d372807c-b5ea-4952-bcc4-a8bd2708afe8 - - - - -] glance.rbd_user = log_opt_values /usr/lib/python3/dist-packages/oslo_config/cfg.py:2609
2025-02-06 00:35:48.805 131394 DEBUG oslo_service.service [req-d372807c-b5ea-4952-bcc4-a8bd2708afe8 - - - - -] glance.region_name = None log_opt_values /usr/lib/python3/dist-packages/oslo_config/cfg.py:2609
2025-02-06 00:35:48.805 132751 DEBUG nova.service [req-10d71a03-dd8c-4579-a718-5999f4c149ec - - - - -] Join ServiceGroup membership for this service scheduler start /usr/lib/python3/dist-packages/nova/service.py:199
2025-02-06 00:35:48.805 131394 DEBUG oslo_service.service [req-d372807c-b5ea-4952-bcc4-a8bd2708afe8 - - - - -] glance.service_name = None log_opt_values /usr/lib/python3/dist-packages/oslo_config/cfg.py:2609
2025-02-06 00:35:48.806 132751 DEBUG nova.servicegroup.drivers.db [req-10d71a03-dd8c-4579-a718-5999f4c149ec - - - - -] DB_Driver: join new ServiceGroup member juju-981570-0-lxd-7 to the scheduler group, service = join /usr/lib/python3/dist-packages/nova/servicegroup/drivers/db.py:44
2025-02-06 00:35:48.806 131394 DEBUG oslo_service.service [req-d372807c-b5ea-4952-bcc4-a8bd2708afe8 - - - - -] glance.service_type = image log_opt_values /usr/lib/python3/dist-packages/oslo_config/cfg.py:2609
2025-02-06 00:35:48.807 131394 DEBUG oslo_service.service [req-d372807c-b5ea-4952-bcc4-a8bd2708afe8 - - - - -] glance.split_loggers = False log_opt_values /usr/lib/python3/dist-packages/oslo_config/cfg.py:2609
2025-02-06 00:35:48.807 131394 DEBUG oslo_service.service [req-d372807c-b5ea-4952-bcc4-a8bd2708afe8 - - - - -] glance.status_code_retries = None log_opt_values /usr/lib/python3/dist-packages/oslo_config/cfg.py:2609
2025-02-06 00:35:48.807 131394 DEBUG oslo_service.service [req-d372807c-b5ea-4952-bcc4-a8bd2708afe8 - - - - -] glance.status_code_retry_delay = None log_opt_values /usr/lib/python3/dist-packages/oslo_config/cfg.py:2609
2025-02-06 00:35:48.807 131394 DEBUG oslo_service.service [req-d372807c-b5ea-4952-bcc4-a8bd2708afe8 - - - - -] glance.timeout = None log_opt_values /usr/lib/python3/dist-packages/oslo_config/cfg.py:2609
2025-02-06 00:35:48.807 131394 DEBUG oslo_service.service [req-d372807c-b5ea-4952-bcc4-a8bd2708afe8 - - - - -] glance.valid_interfaces = ['internal', 'public'] log_opt_values /usr/lib/python3/dist-packages/oslo_config/cfg.py:2609
2025-02-06 00:35:48.808 131394 DEBUG oslo_service.service [req-d372807c-b5ea-4952-bcc4-a8bd2708afe8 - - - - -] glance.verify_glance_signatures = False log_opt_values /usr/lib/python3/dist-packages/oslo_config/cfg.py:2609
2025-02-06 00:35:48.808 131394 DEBUG oslo_service.service [req-d372807c-b5ea-4952-bcc4-a8bd2708afe8 - - - - -] glance.version = None log_opt_values /usr/lib/python3/dist-packages/oslo_config/cfg.py:2609
2025-02-06 00:35:48.808 131394 DEBUG oslo_service.service [req-d372807c-b5ea-4952-bcc4-a8bd2708afe8 - - - - -] guestfs.debug = False log_opt_values /usr/lib/python3/dist-packages/oslo_config/cfg.py:2609
2025-02-06 00:35:48.808 132751 DEBUG oslo_messaging._drivers.amqpdriver [-] AMQPListener connection timeout poll /usr/lib/python3/dist-packages/oslo_messaging/_drivers/amqpdriver.py:360
2025-02-06 00:35:48.808 131394 DEBUG oslo_service.service [req-d372807c-b5ea-4952-bcc4-a8bd2708afe8 - - - - -] hyperv.config_drive_cdrom = False log_opt_values /usr/lib/python3/dist-packages/oslo_config/cfg.py:2609
2025-02-06 00:35:48.808 131394 DEBUG oslo_service.service [req-d372807c-b5ea-4952-bcc4-a8bd2708afe8 - - - - -] hyperv.config_drive_inject_password = False log_opt_values /usr/lib/python3/dist-packages/oslo_config/cfg.py:2609
2025-02-06 00:35:48.808 132751 DEBUG oslo_messaging._drivers.amqpdriver [-] Listener is running poll /usr/lib/python3/dist-packages/oslo_messaging/_drivers/amqpdriver.py:343
2025-02-06 00:35:48.808 131394 DEBUG oslo_service.service [req-d372807c-b5ea-4952-bcc4-a8bd2708afe8 - - - - -] hyperv.dynamic_memory_ratio = 1.0 log_opt_values /usr/lib/python3/dist-packages/oslo_config/cfg.py:2609
2025-02-06 00:35:48.809 132751 DEBUG oslo_messaging._drivers.amqpdriver [-] AMQPListener connection consume poll /usr/lib/python3/dist-packages/oslo_messaging/_drivers/amqpdriver.py:357
2025-02-06 00:35:48.809 131394 DEBUG oslo_service.service [req-d372807c-b5ea-4952-bcc4-a8bd2708afe8 - - - - -] hyperv.enable_instance_metrics_collection = False log_opt_values /usr/lib/python3/dist-packages/oslo_config/cfg.py:2609
2025-02-06 00:35:48.809 131394 DEBUG oslo_service.service [req-d372807c-b5ea-4952-bcc4-a8bd2708afe8 - - - - -] hyperv.enable_remotefx = False log_opt_values /usr/lib/python3/dist-packages/oslo_config/cfg.py:2609
2025-02-06 00:35:48.809 131394 DEBUG oslo_service.service [req-d372807c-b5ea-4952-bcc4-a8bd2708afe8 - - - - -] hyperv.instances_path_share = log_opt_values /usr/lib/python3/dist-packages/oslo_config/cfg.py:2609
2025-02-06 00:35:48.809 131394 DEBUG oslo_service.service [req-d372807c-b5ea-4952-bcc4-a8bd2708afe8 - - - - -] hyperv.iscsi_initiator_list = [] log_opt_values /usr/lib/python3/dist-packages/oslo_config/cfg.py:2609
2025-02-06 00:35:48.809 131394 DEBUG oslo_service.service [req-d372807c-b5ea-4952-bcc4-a8bd2708afe8 - - - - -] hyperv.limit_cpu_features = False log_opt_values /usr/lib/python3/dist-packages/oslo_config/cfg.py:2609
2025-02-06 00:35:48.810 131394 DEBUG oslo_service.service [req-d372807c-b5ea-4952-bcc4-a8bd2708afe8 - - - - -] hyperv.mounted_disk_query_retry_count = 10 log_opt_values /usr/lib/python3/dist-packages/oslo_config/cfg.py:2609
2025-02-06 00:35:48.810 131394 DEBUG oslo_service.service [req-d372807c-b5ea-4952-bcc4-a8bd2708afe8 - - - - -] hyperv.mounted_disk_query_retry_interval = 5 log_opt_values /usr/lib/python3/dist-packages/oslo_config/cfg.py:2609
2025-02-06 00:35:48.810 131394 DEBUG oslo_service.service [req-d372807c-b5ea-4952-bcc4-a8bd2708afe8 - - - - -] hyperv.power_state_check_timeframe = 60 log_opt_values /usr/lib/python3/dist-packages/oslo_config/cfg.py:2609
2025-02-06 00:35:48.810 131394 DEBUG oslo_service.service [req-d372807c-b5ea-4952-bcc4-a8bd2708afe8 - - - - -] hyperv.power_state_event_polling_interval = 2 log_opt_values /usr/lib/python3/dist-packages/oslo_config/cfg.py:2609
2025-02-06 00:35:48.810 131394 DEBUG oslo_service.service [req-d372807c-b5ea-4952-bcc4-a8bd2708afe8 - - - - -] hyperv.qemu_img_cmd = qemu-img.exe log_opt_values /usr/lib/python3/dist-packages/oslo_config/cfg.py:2609
2025-02-06 00:35:48.811 131394 DEBUG oslo_service.service [req-d372807c-b5ea-4952-bcc4-a8bd2708afe8 - - - - -] hyperv.use_multipath_io = False log_opt_values /usr/lib/python3/dist-packages/oslo_config/cfg.py:2609
2025-02-06 00:35:48.811 131394 DEBUG oslo_service.service [req-d372807c-b5ea-4952-bcc4-a8bd2708afe8 - - - - -] hyperv.volume_attach_retry_count = 10 log_opt_values /usr/lib/python3/dist-packages/oslo_config/cfg.py:2609
2025-02-06 00:35:48.811 131394 DEBUG oslo_service.service [req-d372807c-b5ea-4952-bcc4-a8bd2708afe8 - - - - -] hyperv.volume_attach_retry_interval = 5 log_opt_values /usr/lib/python3/dist-packages/oslo_config/cfg.py:2609
2025-02-06 00:35:48.811 131394 DEBUG oslo_service.service [req-d372807c-b5ea-4952-bcc4-a8bd2708afe8 - - - - -] hyperv.vswitch_name = None log_opt_values /usr/lib/python3/dist-packages/oslo_config/cfg.py:2609
2025-02-06 00:35:48.811 131394 DEBUG oslo_service.service [req-d372807c-b5ea-4952-bcc4-a8bd2708afe8 - - - - -] hyperv.wait_soft_reboot_seconds = 60 log_opt_values /usr/lib/python3/dist-packages/oslo_config/cfg.py:2609
2025-02-06 00:35:48.812 131394 DEBUG oslo_service.service [req-d372807c-b5ea-4952-bcc4-a8bd2708afe8 - - - - -] mks.enabled = False log_opt_values /usr/lib/python3/dist-packages/oslo_config/cfg.py:2609
2025-02-06 00:35:48.812 131394 DEBUG oslo_service.service [req-d372807c-b5ea-4952-bcc4-a8bd2708afe8 - - - - -] mks.mksproxy_base_url = http://127.0.0.1:6090/ log_opt_values /usr/lib/python3/dist-packages/oslo_config/cfg.py:2609
2025-02-06 00:35:48.812 131394 DEBUG oslo_service.service [req-d372807c-b5ea-4952-bcc4-a8bd2708afe8 - - - - -] image_cache.manager_interval = 2400 log_opt_values /usr/lib/python3/dist-packages/oslo_config/cfg.py:2609
2025-02-06 00:35:48.813 131394 DEBUG oslo_service.service [req-d372807c-b5ea-4952-bcc4-a8bd2708afe8 - - - - -] image_cache.precache_concurrency = 1 log_opt_values /usr/lib/python3/dist-packages/oslo_config/cfg.py:2609
2025-02-06 00:35:48.813 131394 DEBUG oslo_service.service [req-d372807c-b5ea-4952-bcc4-a8bd2708afe8 - - - - -] image_cache.remove_unused_base_images = True log_opt_values /usr/lib/python3/dist-packages/oslo_config/cfg.py:2609
2025-02-06 00:35:48.813 131394 DEBUG oslo_service.service [req-d372807c-b5ea-4952-bcc4-a8bd2708afe8 - - - - -] image_cache.remove_unused_original_minimum_age_seconds = 86400 log_opt_values /usr/lib/python3/dist-packages/oslo_config/cfg.py:2609
2025-02-06 00:35:48.813 131394 DEBUG oslo_service.service [req-d372807c-b5ea-4952-bcc4-a8bd2708afe8 - - - - -] image_cache.remove_unused_resized_minimum_age_seconds = 3600 log_opt_values /usr/lib/python3/dist-packages/oslo_config/cfg.py:2609
2025-02-06 00:35:48.813 131394 DEBUG oslo_service.service [req-d372807c-b5ea-4952-bcc4-a8bd2708afe8 - - - - -] image_cache.subdirectory_name = _base log_opt_values /usr/lib/python3/dist-packages/oslo_config/cfg.py:2609
2025-02-06 00:35:48.813 132752 DEBUG oslo_messaging._drivers.amqpdriver [-] Listener is running poll /usr/lib/python3/dist-packages/oslo_messaging/_drivers/amqpdriver.py:343
2025-02-06 00:35:48.813 131394 DEBUG oslo_service.service [req-d372807c-b5ea-4952-bcc4-a8bd2708afe8 - - - - -] ironic.api_max_retries = 60 log_opt_values /usr/lib/python3/dist-packages/oslo_config/cfg.py:2609
2025-02-06 00:35:48.814 132752 DEBUG oslo_messaging._drivers.amqpdriver [-] AMQPListener connection consume poll /usr/lib/python3/dist-packages/oslo_messaging/_drivers/amqpdriver.py:357
2025-02-06 00:35:48.814 131394 DEBUG oslo_service.service [req-d372807c-b5ea-4952-bcc4-a8bd2708afe8 - - - - -] ironic.api_retry_interval = 2 log_opt_values /usr/lib/python3/dist-packages/oslo_config/cfg.py:2609
2025-02-06 00:35:48.814 131394 DEBUG oslo_service.service [req-d372807c-b5ea-4952-bcc4-a8bd2708afe8 - - - - -] ironic.auth_section = None log_opt_values /usr/lib/python3/dist-packages/oslo_config/cfg.py:2609
2025-02-06 00:35:48.814 131394 DEBUG oslo_service.service [req-d372807c-b5ea-4952-bcc4-a8bd2708afe8 - - - - -] ironic.auth_type = None log_opt_values /usr/lib/python3/dist-packages/oslo_config/cfg.py:2609
2025-02-06 00:35:48.814 131394 DEBUG oslo_service.service [req-d372807c-b5ea-4952-bcc4-a8bd2708afe8 - - - - -] ironic.cafile = None log_opt_values /usr/lib/python3/dist-packages/oslo_config/cfg.py:2609
2025-02-06 00:35:48.814 132752 DEBUG nova.service [req-2b241db7-5446-4312-8603-52049203da26 - - - - -] Join ServiceGroup membership for this service scheduler start /usr/lib/python3/dist-packages/nova/service.py:199
2025-02-06 00:35:48.814 131394 DEBUG oslo_service.service [req-d372807c-b5ea-4952-bcc4-a8bd2708afe8 - - - - -] ironic.certfile = None log_opt_values /usr/lib/python3/dist-packages/oslo_config/cfg.py:2609
2025-02-06 00:35:48.814 132752 DEBUG nova.servicegroup.drivers.db [req-2b241db7-5446-4312-8603-52049203da26 - - - - -] DB_Driver: join new ServiceGroup member juju-981570-0-lxd-7 to the scheduler group, service = join /usr/lib/python3/dist-packages/nova/servicegroup/drivers/db.py:44
2025-02-06 00:35:48.815 131394 DEBUG oslo_service.service [req-d372807c-b5ea-4952-bcc4-a8bd2708afe8 - - - - -] ironic.collect_timing = False log_opt_values /usr/lib/python3/dist-packages/oslo_config/cfg.py:2609
2025-02-06 00:35:48.815 131394 DEBUG oslo_service.service [req-d372807c-b5ea-4952-bcc4-a8bd2708afe8 - - - - -] ironic.connect_retries = None log_opt_values /usr/lib/python3/dist-packages/oslo_config/cfg.py:2609
2025-02-06 00:35:48.815 131394 DEBUG oslo_service.service [req-d372807c-b5ea-4952-bcc4-a8bd2708afe8 - - - - -] ironic.connect_retry_delay = None log_opt_values /usr/lib/python3/dist-packages/oslo_config/cfg.py:2609
2025-02-06 00:35:48.815 131394 DEBUG oslo_service.service [req-d372807c-b5ea-4952-bcc4-a8bd2708afe8 - - - - -] ironic.endpoint_override = None log_opt_values /usr/lib/python3/dist-packages/oslo_config/cfg.py:2609
2025-02-06 00:35:48.815 131394 DEBUG oslo_service.service [req-d372807c-b5ea-4952-bcc4-a8bd2708afe8 - - - - -] ironic.insecure = False log_opt_values /usr/lib/python3/dist-packages/oslo_config/cfg.py:2609
2025-02-06 00:35:48.815 131394 DEBUG oslo_service.service [req-d372807c-b5ea-4952-bcc4-a8bd2708afe8 - - - - -] ironic.keyfile = None log_opt_values /usr/lib/python3/dist-packages/oslo_config/cfg.py:2609
2025-02-06 00:35:48.816 131394 DEBUG oslo_service.service [req-d372807c-b5ea-4952-bcc4-a8bd2708afe8 - - - - -] ironic.max_version = None log_opt_values /usr/lib/python3/dist-packages/oslo_config/cfg.py:2609
2025-02-06 00:35:48.816 131394 DEBUG oslo_service.service [req-d372807c-b5ea-4952-bcc4-a8bd2708afe8 - - - - -] ironic.min_version = None log_opt_values /usr/lib/python3/dist-packages/oslo_config/cfg.py:2609
2025-02-06 00:35:48.816 131394 DEBUG oslo_service.service [req-d372807c-b5ea-4952-bcc4-a8bd2708afe8 - - - - -] ironic.partition_key = None log_opt_values /usr/lib/python3/dist-packages/oslo_config/cfg.py:2609
2025-02-06 00:35:48.816 131394 DEBUG oslo_service.service [req-d372807c-b5ea-4952-bcc4-a8bd2708afe8 - - - - -] ironic.peer_list = [] log_opt_values /usr/lib/python3/dist-packages/oslo_config/cfg.py:2609
2025-02-06 00:35:48.816 131394 DEBUG oslo_service.service [req-d372807c-b5ea-4952-bcc4-a8bd2708afe8 - - - - -] ironic.region_name = None log_opt_values /usr/lib/python3/dist-packages/oslo_config/cfg.py:2609
2025-02-06 00:35:48.816 131394 DEBUG oslo_service.service [req-d372807c-b5ea-4952-bcc4-a8bd2708afe8 - - - - -] ironic.serial_console_state_timeout = 10 log_opt_values /usr/lib/python3/dist-packages/oslo_config/cfg.py:2609
2025-02-06 00:35:48.817 131394 DEBUG oslo_service.service [req-d372807c-b5ea-4952-bcc4-a8bd2708afe8 - - - - -] ironic.service_name = None log_opt_values /usr/lib/python3/dist-packages/oslo_config/cfg.py:2609
2025-02-06 00:35:48.817 132752 DEBUG oslo_messaging._drivers.amqpdriver [-] AMQPListener connection timeout poll /usr/lib/python3/dist-packages/oslo_messaging/_drivers/amqpdriver.py:360
2025-02-06 00:35:48.817 131394 DEBUG oslo_service.service [req-d372807c-b5ea-4952-bcc4-a8bd2708afe8 - - - - -] ironic.service_type = baremetal log_opt_values /usr/lib/python3/dist-packages/oslo_config/cfg.py:2609
2025-02-06 00:35:48.817 132752 DEBUG oslo_messaging._drivers.amqpdriver [-] Listener is running poll /usr/lib/python3/dist-packages/oslo_messaging/_drivers/amqpdriver.py:343
2025-02-06 00:35:48.817 131394 DEBUG oslo_service.service [req-d372807c-b5ea-4952-bcc4-a8bd2708afe8 - - - - -] ironic.split_loggers = False log_opt_values /usr/lib/python3/dist-packages/oslo_config/cfg.py:2609
2025-02-06 00:35:48.817 132752 DEBUG oslo_messaging._drivers.amqpdriver [-] AMQPListener connection consume poll /usr/lib/python3/dist-packages/oslo_messaging/_drivers/amqpdriver.py:357
2025-02-06 00:35:48.817 131394 DEBUG oslo_service.service [req-d372807c-b5ea-4952-bcc4-a8bd2708afe8 - - - - -] ironic.status_code_retries = None log_opt_values /usr/lib/python3/dist-packages/oslo_config/cfg.py:2609
2025-02-06 00:35:48.817 131394 DEBUG oslo_service.service [req-d372807c-b5ea-4952-bcc4-a8bd2708afe8 - - - - -] ironic.status_code_retry_delay = None log_opt_values /usr/lib/python3/dist-packages/oslo_config/cfg.py:2609
2025-02-06 00:35:48.817 131394 DEBUG oslo_service.service [req-d372807c-b5ea-4952-bcc4-a8bd2708afe8 - - - - -] ironic.timeout = None log_opt_values /usr/lib/python3/dist-packages/oslo_config/cfg.py:2609
2025-02-06 00:35:48.818 131394 DEBUG oslo_service.service [req-d372807c-b5ea-4952-bcc4-a8bd2708afe8 - - - - -] ironic.valid_interfaces = ['internal', 'public'] log_opt_values /usr/lib/python3/dist-packages/oslo_config/cfg.py:2609
2025-02-06 00:35:48.818 131394 DEBUG oslo_service.service [req-d372807c-b5ea-4952-bcc4-a8bd2708afe8 - - - - -] ironic.version = None log_opt_values /usr/lib/python3/dist-packages/oslo_config/cfg.py:2609
2025-02-06 00:35:48.818 131394 DEBUG oslo_service.service [req-d372807c-b5ea-4952-bcc4-a8bd2708afe8 - - - - -] key_manager.backend = barbican log_opt_values /usr/lib/python3/dist-packages/oslo_config/cfg.py:2609
2025-02-06 00:35:48.818 131394 DEBUG oslo_service.service [req-d372807c-b5ea-4952-bcc4-a8bd2708afe8 - - - - -] key_manager.fixed_key = **** log_opt_values /usr/lib/python3/dist-packages/oslo_config/cfg.py:2609
2025-02-06 00:35:48.818 131394 DEBUG oslo_service.service [req-d372807c-b5ea-4952-bcc4-a8bd2708afe8 - - - - -] barbican.auth_endpoint = http://localhost/identity/v3 log_opt_values /usr/lib/python3/dist-packages/oslo_config/cfg.py:2609
2025-02-06 00:35:48.819 131394 DEBUG oslo_service.service [req-d372807c-b5ea-4952-bcc4-a8bd2708afe8 - - - - -] barbican.barbican_api_version = None log_opt_values /usr/lib/python3/dist-packages/oslo_config/cfg.py:2609
2025-02-06 00:35:48.819 131394 DEBUG oslo_service.service [req-d372807c-b5ea-4952-bcc4-a8bd2708afe8 - - - - -] barbican.barbican_endpoint = None log_opt_values /usr/lib/python3/dist-packages/oslo_config/cfg.py:2609
2025-02-06 00:35:48.819 131394 DEBUG oslo_service.service [req-d372807c-b5ea-4952-bcc4-a8bd2708afe8 - - - - -] barbican.barbican_endpoint_type = public log_opt_values /usr/lib/python3/dist-packages/oslo_config/cfg.py:2609
2025-02-06 00:35:48.819 131394 DEBUG oslo_service.service [req-d372807c-b5ea-4952-bcc4-a8bd2708afe8 - - - - -] barbican.barbican_region_name = None log_opt_values /usr/lib/python3/dist-packages/oslo_config/cfg.py:2609
2025-02-06 00:35:48.819 131394 DEBUG oslo_service.service [req-d372807c-b5ea-4952-bcc4-a8bd2708afe8 - - - - -] barbican.cafile = None log_opt_values /usr/lib/python3/dist-packages/oslo_config/cfg.py:2609
2025-02-06 00:35:48.819 131394 DEBUG oslo_service.service [req-d372807c-b5ea-4952-bcc4-a8bd2708afe8 - - - - -] barbican.certfile = None log_opt_values /usr/lib/python3/dist-packages/oslo_config/cfg.py:2609
2025-02-06 00:35:48.820 131394 DEBUG oslo_service.service [req-d372807c-b5ea-4952-bcc4-a8bd2708afe8 - - - - -] barbican.collect_timing = False log_opt_values /usr/lib/python3/dist-packages/oslo_config/cfg.py:2609
2025-02-06 00:35:48.820 131394 DEBUG oslo_service.service [req-d372807c-b5ea-4952-bcc4-a8bd2708afe8 - - - - -] barbican.insecure = False log_opt_values /usr/lib/python3/dist-packages/oslo_config/cfg.py:2609
2025-02-06 00:35:48.820 131394 DEBUG oslo_service.service [req-d372807c-b5ea-4952-bcc4-a8bd2708afe8 - - - - -] barbican.keyfile = None log_opt_values /usr/lib/python3/dist-packages/oslo_config/cfg.py:2609
2025-02-06 00:35:48.820 131394 DEBUG oslo_service.service [req-d372807c-b5ea-4952-bcc4-a8bd2708afe8 - - - - -] barbican.number_of_retries = 60 log_opt_values /usr/lib/python3/dist-packages/oslo_config/cfg.py:2609
2025-02-06 00:35:48.820 131394 DEBUG oslo_service.service [req-d372807c-b5ea-4952-bcc4-a8bd2708afe8 - - - - -] barbican.retry_delay = 1 log_opt_values /usr/lib/python3/dist-packages/oslo_config/cfg.py:2609
2025-02-06 00:35:48.821 131394 DEBUG oslo_service.service [req-d372807c-b5ea-4952-bcc4-a8bd2708afe8 - - - - -] barbican.send_service_user_token = False log_opt_values /usr/lib/python3/dist-packages/oslo_config/cfg.py:2609
2025-02-06 00:35:48.821 131394 DEBUG oslo_service.service [req-d372807c-b5ea-4952-bcc4-a8bd2708afe8 - - - - -] barbican.split_loggers = False log_opt_values /usr/lib/python3/dist-packages/oslo_config/cfg.py:2609
2025-02-06 00:35:48.821 131394 DEBUG oslo_service.service [req-d372807c-b5ea-4952-bcc4-a8bd2708afe8 - - - - -] barbican.timeout = None log_opt_values /usr/lib/python3/dist-packages/oslo_config/cfg.py:2609
2025-02-06 00:35:48.821 131394 DEBUG oslo_service.service [req-d372807c-b5ea-4952-bcc4-a8bd2708afe8 - - - - -] barbican.verify_ssl = True log_opt_values /usr/lib/python3/dist-packages/oslo_config/cfg.py:2609
2025-02-06 00:35:48.821 131394 DEBUG oslo_service.service [req-d372807c-b5ea-4952-bcc4-a8bd2708afe8 - - - - -] barbican.verify_ssl_path = None log_opt_values /usr/lib/python3/dist-packages/oslo_config/cfg.py:2609
2025-02-06 00:35:48.821 131394 DEBUG oslo_service.service [req-d372807c-b5ea-4952-bcc4-a8bd2708afe8 - - - - -] barbican_service_user.auth_section = None log_opt_values /usr/lib/python3/dist-packages/oslo_config/cfg.py:2609
2025-02-06 00:35:48.822 131394 DEBUG oslo_service.service [req-d372807c-b5ea-4952-bcc4-a8bd2708afe8 - - - - -] barbican_service_user.auth_type = None log_opt_values /usr/lib/python3/dist-packages/oslo_config/cfg.py:2609
2025-02-06 00:35:48.822 131394 DEBUG oslo_service.service [req-d372807c-b5ea-4952-bcc4-a8bd2708afe8 - - - - -] barbican_service_user.cafile = None log_opt_values /usr/lib/python3/dist-packages/oslo_config/cfg.py:2609
2025-02-06 00:35:48.822 131394 DEBUG oslo_service.service [req-d372807c-b5ea-4952-bcc4-a8bd2708afe8 - - - - -] barbican_service_user.certfile = None log_opt_values /usr/lib/python3/dist-packages/oslo_config/cfg.py:2609
2025-02-06 00:35:48.822 131394 DEBUG oslo_service.service [req-d372807c-b5ea-4952-bcc4-a8bd2708afe8 - - - - -] barbican_service_user.collect_timing = False log_opt_values /usr/lib/python3/dist-packages/oslo_config/cfg.py:2609
2025-02-06 00:35:48.822 131394 DEBUG oslo_service.service [req-d372807c-b5ea-4952-bcc4-a8bd2708afe8 - - - - -] barbican_service_user.insecure = False log_opt_values /usr/lib/python3/dist-packages/oslo_config/cfg.py:2609
2025-02-06 00:35:48.822 131394 DEBUG oslo_service.service [req-d372807c-b5ea-4952-bcc4-a8bd2708afe8 - - - - -] barbican_service_user.keyfile = None log_opt_values /usr/lib/python3/dist-packages/oslo_config/cfg.py:2609
2025-02-06 00:35:48.823 131394 DEBUG oslo_service.service [req-d372807c-b5ea-4952-bcc4-a8bd2708afe8 - - - - -] barbican_service_user.split_loggers = False log_opt_values /usr/lib/python3/dist-packages/oslo_config/cfg.py:2609
2025-02-06 00:35:48.823 131394 DEBUG oslo_service.service [req-d372807c-b5ea-4952-bcc4-a8bd2708afe8 - - - - -] barbican_service_user.timeout = None log_opt_values /usr/lib/python3/dist-packages/oslo_config/cfg.py:2609
2025-02-06 00:35:48.823 131394 DEBUG oslo_service.service [req-d372807c-b5ea-4952-bcc4-a8bd2708afe8 - - - - -] vault.approle_role_id = None log_opt_values /usr/lib/python3/dist-packages/oslo_config/cfg.py:2609
2025-02-06 00:35:48.823 131394 DEBUG oslo_service.service [req-d372807c-b5ea-4952-bcc4-a8bd2708afe8 - - - - -] vault.approle_secret_id = None log_opt_values /usr/lib/python3/dist-packages/oslo_config/cfg.py:2609
2025-02-06 00:35:48.823 131394 DEBUG oslo_service.service [req-d372807c-b5ea-4952-bcc4-a8bd2708afe8 - - - - -] vault.cafile = None log_opt_values /usr/lib/python3/dist-packages/oslo_config/cfg.py:2609
2025-02-06 00:35:48.824 131394 DEBUG oslo_service.service [req-d372807c-b5ea-4952-bcc4-a8bd2708afe8 - - - - -] vault.certfile = None log_opt_values /usr/lib/python3/dist-packages/oslo_config/cfg.py:2609
2025-02-06 00:35:48.824 131394 DEBUG oslo_service.service [req-d372807c-b5ea-4952-bcc4-a8bd2708afe8 - - - - -] vault.collect_timing = False log_opt_values /usr/lib/python3/dist-packages/oslo_config/cfg.py:2609
2025-02-06 00:35:48.824 131394 DEBUG oslo_service.service [req-d372807c-b5ea-4952-bcc4-a8bd2708afe8 - - - - -] vault.insecure = False log_opt_values /usr/lib/python3/dist-packages/oslo_config/cfg.py:2609
2025-02-06 00:35:48.824 131394 DEBUG oslo_service.service [req-d372807c-b5ea-4952-bcc4-a8bd2708afe8 - - - - -] vault.keyfile = None log_opt_values /usr/lib/python3/dist-packages/oslo_config/cfg.py:2609
2025-02-06 00:35:48.824 131394 DEBUG oslo_service.service [req-d372807c-b5ea-4952-bcc4-a8bd2708afe8 - - - - -] vault.kv_mountpoint = secret log_opt_values /usr/lib/python3/dist-packages/oslo_config/cfg.py:2609
2025-02-06 00:35:48.824 131394 DEBUG oslo_service.service [req-d372807c-b5ea-4952-bcc4-a8bd2708afe8 - - - - -] vault.kv_version = 2 log_opt_values /usr/lib/python3/dist-packages/oslo_config/cfg.py:2609
2025-02-06 00:35:48.825 131394 DEBUG oslo_service.service [req-d372807c-b5ea-4952-bcc4-a8bd2708afe8 - - - - -] vault.namespace = None log_opt_values /usr/lib/python3/dist-packages/oslo_config/cfg.py:2609
2025-02-06 00:35:48.825 131394 DEBUG oslo_service.service [req-d372807c-b5ea-4952-bcc4-a8bd2708afe8 - - - - -] vault.root_token_id = None log_opt_values /usr/lib/python3/dist-packages/oslo_config/cfg.py:2609
2025-02-06 00:35:48.825 131394 DEBUG oslo_service.service [req-d372807c-b5ea-4952-bcc4-a8bd2708afe8 - - - - -] vault.split_loggers = False log_opt_values /usr/lib/python3/dist-packages/oslo_config/cfg.py:2609
2025-02-06 00:35:48.825 131394 DEBUG oslo_service.service [req-d372807c-b5ea-4952-bcc4-a8bd2708afe8 - - - - -] vault.ssl_ca_crt_file = None log_opt_values /usr/lib/python3/dist-packages/oslo_config/cfg.py:2609
2025-02-06 00:35:48.825 131394 DEBUG oslo_service.service [req-d372807c-b5ea-4952-bcc4-a8bd2708afe8 - - - - -] vault.timeout = None log_opt_values /usr/lib/python3/dist-packages/oslo_config/cfg.py:2609
2025-02-06 00:35:48.825 131394 DEBUG oslo_service.service [req-d372807c-b5ea-4952-bcc4-a8bd2708afe8 - - - - -] vault.use_ssl = False log_opt_values /usr/lib/python3/dist-packages/oslo_config/cfg.py:2609
2025-02-06 00:35:48.826 131394 DEBUG oslo_service.service [req-d372807c-b5ea-4952-bcc4-a8bd2708afe8 - - - - -] vault.vault_url = http://127.0.0.1:8200 log_opt_values /usr/lib/python3/dist-packages/oslo_config/cfg.py:2609
2025-02-06 00:35:48.826 131394 DEBUG oslo_service.service [req-d372807c-b5ea-4952-bcc4-a8bd2708afe8 - - - - -] keystone.cafile = None log_opt_values /usr/lib/python3/dist-packages/oslo_config/cfg.py:2609
2025-02-06 00:35:48.826 131394 DEBUG oslo_service.service [req-d372807c-b5ea-4952-bcc4-a8bd2708afe8 - - - - -] keystone.certfile = None log_opt_values /usr/lib/python3/dist-packages/oslo_config/cfg.py:2609
2025-02-06 00:35:48.826 131394 DEBUG oslo_service.service [req-d372807c-b5ea-4952-bcc4-a8bd2708afe8 - - - - -] keystone.collect_timing = False log_opt_values /usr/lib/python3/dist-packages/oslo_config/cfg.py:2609
2025-02-06 00:35:48.826 131394 DEBUG oslo_service.service [req-d372807c-b5ea-4952-bcc4-a8bd2708afe8 - - - - -] keystone.connect_retries = None log_opt_values /usr/lib/python3/dist-packages/oslo_config/cfg.py:2609
2025-02-06 00:35:48.827 131394 DEBUG oslo_service.service [req-d372807c-b5ea-4952-bcc4-a8bd2708afe8 - - - - -] keystone.connect_retry_delay = None log_opt_values /usr/lib/python3/dist-packages/oslo_config/cfg.py:2609
2025-02-06 00:35:48.827 131394 DEBUG oslo_service.service [req-d372807c-b5ea-4952-bcc4-a8bd2708afe8 - - - - -] keystone.endpoint_override = None log_opt_values /usr/lib/python3/dist-packages/oslo_config/cfg.py:2609
2025-02-06 00:35:48.827 131394 DEBUG oslo_service.service [req-d372807c-b5ea-4952-bcc4-a8bd2708afe8 - - - - -] keystone.insecure = False log_opt_values /usr/lib/python3/dist-packages/oslo_config/cfg.py:2609
2025-02-06 00:35:48.827 131394 DEBUG oslo_service.service [req-d372807c-b5ea-4952-bcc4-a8bd2708afe8 - - - - -] keystone.keyfile = None log_opt_values /usr/lib/python3/dist-packages/oslo_config/cfg.py:2609
2025-02-06 00:35:48.827 131394 DEBUG oslo_service.service [req-d372807c-b5ea-4952-bcc4-a8bd2708afe8 - - - - -] keystone.max_version = None log_opt_values /usr/lib/python3/dist-packages/oslo_config/cfg.py:2609
2025-02-06 00:35:48.827 131394 DEBUG oslo_service.service [req-d372807c-b5ea-4952-bcc4-a8bd2708afe8 - - - - -] keystone.min_version = None log_opt_values /usr/lib/python3/dist-packages/oslo_config/cfg.py:2609
2025-02-06 00:35:48.828 131394 DEBUG oslo_service.service [req-d372807c-b5ea-4952-bcc4-a8bd2708afe8 - - - - -] keystone.region_name = None log_opt_values /usr/lib/python3/dist-packages/oslo_config/cfg.py:2609
2025-02-06 00:35:48.828 131394 DEBUG oslo_service.service [req-d372807c-b5ea-4952-bcc4-a8bd2708afe8 - - - - -] keystone.service_name = None log_opt_values /usr/lib/python3/dist-packages/oslo_config/cfg.py:2609
2025-02-06 00:35:48.828 131394 DEBUG oslo_service.service [req-d372807c-b5ea-4952-bcc4-a8bd2708afe8 - - - - -] keystone.service_type = identity log_opt_values /usr/lib/python3/dist-packages/oslo_config/cfg.py:2609
2025-02-06 00:35:48.828 131394 DEBUG oslo_service.service [req-d372807c-b5ea-4952-bcc4-a8bd2708afe8 - - - - -] keystone.split_loggers = False log_opt_values /usr/lib/python3/dist-packages/oslo_config/cfg.py:2609
2025-02-06 00:35:48.828 131394 DEBUG oslo_service.service [req-d372807c-b5ea-4952-bcc4-a8bd2708afe8 - - - - -] keystone.status_code_retries = None log_opt_values /usr/lib/python3/dist-packages/oslo_config/cfg.py:2609
2025-02-06 00:35:48.828 131394 DEBUG oslo_service.service [req-d372807c-b5ea-4952-bcc4-a8bd2708afe8 - - - - -] keystone.status_code_retry_delay = None log_opt_values /usr/lib/python3/dist-packages/oslo_config/cfg.py:2609
2025-02-06 00:35:48.829 131394 DEBUG oslo_service.service [req-d372807c-b5ea-4952-bcc4-a8bd2708afe8 - - - - -] keystone.timeout = None log_opt_values /usr/lib/python3/dist-packages/oslo_config/cfg.py:2609
2025-02-06 00:35:48.829 131394 DEBUG oslo_service.service [req-d372807c-b5ea-4952-bcc4-a8bd2708afe8 - - - - -] keystone.valid_interfaces = ['internal', 'public'] log_opt_values /usr/lib/python3/dist-packages/oslo_config/cfg.py:2609
2025-02-06 00:35:48.829 131394 DEBUG oslo_service.service [req-d372807c-b5ea-4952-bcc4-a8bd2708afe8 - - - - -] keystone.version = None log_opt_values /usr/lib/python3/dist-packages/oslo_config/cfg.py:2609
2025-02-06 00:35:48.829 131394 DEBUG oslo_service.service [req-d372807c-b5ea-4952-bcc4-a8bd2708afe8 - - - - -] libvirt.connection_uri = log_opt_values /usr/lib/python3/dist-packages/oslo_config/cfg.py:2609
2025-02-06 00:35:48.829 131394 DEBUG oslo_service.service [req-d372807c-b5ea-4952-bcc4-a8bd2708afe8 - - - - -] libvirt.cpu_mode = None log_opt_values /usr/lib/python3/dist-packages/oslo_config/cfg.py:2609
2025-02-06 00:35:48.829 131394 DEBUG oslo_service.service [req-d372807c-b5ea-4952-bcc4-a8bd2708afe8 - - - - -] libvirt.cpu_model_extra_flags = [] log_opt_values /usr/lib/python3/dist-packages/oslo_config/cfg.py:2609
2025-02-06 00:35:48.830 131394 DEBUG oslo_service.service [req-d372807c-b5ea-4952-bcc4-a8bd2708afe8 - - - - -] libvirt.cpu_models = [] log_opt_values /usr/lib/python3/dist-packages/oslo_config/cfg.py:2609
2025-02-06 00:35:48.830 131394 DEBUG oslo_service.service [req-d372807c-b5ea-4952-bcc4-a8bd2708afe8 - - - - -] libvirt.device_detach_attempts = 8 log_opt_values /usr/lib/python3/dist-packages/oslo_config/cfg.py:2609
2025-02-06 00:35:48.830 131394 DEBUG oslo_service.service [req-d372807c-b5ea-4952-bcc4-a8bd2708afe8 - - - - -] libvirt.device_detach_timeout = 20 log_opt_values /usr/lib/python3/dist-packages/oslo_config/cfg.py:2609
2025-02-06 00:35:48.830 131394 DEBUG oslo_service.service [req-d372807c-b5ea-4952-bcc4-a8bd2708afe8 - - - - -] libvirt.disk_cachemodes = [] log_opt_values /usr/lib/python3/dist-packages/oslo_config/cfg.py:2609
2025-02-06 00:35:48.830 131394 DEBUG oslo_service.service [req-d372807c-b5ea-4952-bcc4-a8bd2708afe8 - - - - -] libvirt.disk_prefix = None log_opt_values /usr/lib/python3/dist-packages/oslo_config/cfg.py:2609
2025-02-06 00:35:48.831 131394 DEBUG oslo_service.service [req-d372807c-b5ea-4952-bcc4-a8bd2708afe8 - - - - -] libvirt.enabled_perf_events = [] log_opt_values /usr/lib/python3/dist-packages/oslo_config/cfg.py:2609
2025-02-06 00:35:48.831 131394 DEBUG oslo_service.service [req-d372807c-b5ea-4952-bcc4-a8bd2708afe8 - - - - -] libvirt.file_backed_memory = 0 log_opt_values /usr/lib/python3/dist-packages/oslo_config/cfg.py:2609
2025-02-06 00:35:48.831 131394 DEBUG oslo_service.service [req-d372807c-b5ea-4952-bcc4-a8bd2708afe8 - - - - -] libvirt.gid_maps = [] log_opt_values /usr/lib/python3/dist-packages/oslo_config/cfg.py:2609
2025-02-06 00:35:48.831 131394 DEBUG oslo_service.service [req-d372807c-b5ea-4952-bcc4-a8bd2708afe8 - - - - -] libvirt.hw_disk_discard = None log_opt_values /usr/lib/python3/dist-packages/oslo_config/cfg.py:2609
2025-02-06 00:35:48.831 131394 DEBUG oslo_service.service [req-d372807c-b5ea-4952-bcc4-a8bd2708afe8 - - - - -] libvirt.hw_machine_type = None log_opt_values /usr/lib/python3/dist-packages/oslo_config/cfg.py:2609
