2025-02-06 00:34:37.724 125856 DEBUG oslo_service.service [req-c9d78a8a-5a7b-43f8-a42b-266f4de0a694 - - - - -] reclaim_instance_interval = 0 log_opt_values /usr/lib/python3/dist-packages/oslo_config/cfg.py:2602
2025-02-06 00:34:37.724 125856 DEBUG oslo_service.service [req-c9d78a8a-5a7b-43f8-a42b-266f4de0a694 - - - - -] record = None log_opt_values /usr/lib/python3/dist-packages/oslo_config/cfg.py:2602
2025-02-06 00:34:37.724 125856 DEBUG oslo_service.service [req-c9d78a8a-5a7b-43f8-a42b-266f4de0a694 - - - - -] report_interval = 10 log_opt_values /usr/lib/python3/dist-packages/oslo_config/cfg.py:2602
2025-02-06 00:34:37.724 125856 DEBUG oslo_service.service [req-c9d78a8a-5a7b-43f8-a42b-266f4de0a694 - - - - -] rescue_timeout = 0 log_opt_values /usr/lib/python3/dist-packages/oslo_config/cfg.py:2602
2025-02-06 00:34:37.725 125856 DEBUG oslo_service.service [req-c9d78a8a-5a7b-43f8-a42b-266f4de0a694 - - - - -] reserved_host_cpus = 0 log_opt_values /usr/lib/python3/dist-packages/oslo_config/cfg.py:2602
2025-02-06 00:34:37.725 125856 DEBUG oslo_service.service [req-c9d78a8a-5a7b-43f8-a42b-266f4de0a694 - - - - -] reserved_host_disk_mb = 0 log_opt_values /usr/lib/python3/dist-packages/oslo_config/cfg.py:2602
2025-02-06 00:34:37.725 125856 DEBUG oslo_service.service [req-c9d78a8a-5a7b-43f8-a42b-266f4de0a694 - - - - -] reserved_host_memory_mb = 512 log_opt_values /usr/lib/python3/dist-packages/oslo_config/cfg.py:2602
2025-02-06 00:34:37.725 125856 DEBUG oslo_service.service [req-c9d78a8a-5a7b-43f8-a42b-266f4de0a694 - - - - -] reserved_huge_pages = None log_opt_values /usr/lib/python3/dist-packages/oslo_config/cfg.py:2602
2025-02-06 00:34:37.726 125856 DEBUG oslo_service.service [req-c9d78a8a-5a7b-43f8-a42b-266f4de0a694 - - - - -] resize_confirm_window = 0 log_opt_values /usr/lib/python3/dist-packages/oslo_config/cfg.py:2602
2025-02-06 00:34:37.726 125856 DEBUG oslo_service.service [req-c9d78a8a-5a7b-43f8-a42b-266f4de0a694 - - - - -] resize_fs_using_block_device = False log_opt_values /usr/lib/python3/dist-packages/oslo_config/cfg.py:2602
2025-02-06 00:34:37.726 125856 DEBUG oslo_service.service [req-c9d78a8a-5a7b-43f8-a42b-266f4de0a694 - - - - -] resume_guests_state_on_host_boot = False log_opt_values /usr/lib/python3/dist-packages/oslo_config/cfg.py:2602
2025-02-06 00:34:37.727 125856 DEBUG oslo_service.service [req-c9d78a8a-5a7b-43f8-a42b-266f4de0a694 - - - - -] rootwrap_config = /etc/nova/rootwrap.conf log_opt_values /usr/lib/python3/dist-packages/oslo_config/cfg.py:2602
2025-02-06 00:34:37.730 125856 DEBUG oslo_service.service [req-c9d78a8a-5a7b-43f8-a42b-266f4de0a694 - - - - -] run_external_periodic_tasks = True log_opt_values /usr/lib/python3/dist-packages/oslo_config/cfg.py:2602
2025-02-06 00:34:37.731 125856 DEBUG oslo_service.service [req-c9d78a8a-5a7b-43f8-a42b-266f4de0a694 - - - - -] running_deleted_instance_action = reap log_opt_values /usr/lib/python3/dist-packages/oslo_config/cfg.py:2602
2025-02-06 00:34:37.732 125856 DEBUG oslo_service.service [req-c9d78a8a-5a7b-43f8-a42b-266f4de0a694 - - - - -] running_deleted_instance_poll_interval = 1800 log_opt_values /usr/lib/python3/dist-packages/oslo_config/cfg.py:2602
2025-02-06 00:34:37.732 125856 DEBUG oslo_service.service [req-c9d78a8a-5a7b-43f8-a42b-266f4de0a694 - - - - -] running_deleted_instance_timeout = 0 log_opt_values /usr/lib/python3/dist-packages/oslo_config/cfg.py:2602
2025-02-06 00:34:37.732 125856 DEBUG oslo_service.service [req-c9d78a8a-5a7b-43f8-a42b-266f4de0a694 - - - - -] scheduler_instance_sync_interval = 120 log_opt_values /usr/lib/python3/dist-packages/oslo_config/cfg.py:2602
2025-02-06 00:34:37.733 125856 DEBUG oslo_service.service [req-c9d78a8a-5a7b-43f8-a42b-266f4de0a694 - - - - -] service_down_time = 60 log_opt_values /usr/lib/python3/dist-packages/oslo_config/cfg.py:2602
2025-02-06 00:34:37.733 125856 DEBUG oslo_service.service [req-c9d78a8a-5a7b-43f8-a42b-266f4de0a694 - - - - -] servicegroup_driver = db log_opt_values /usr/lib/python3/dist-packages/oslo_config/cfg.py:2602
2025-02-06 00:34:37.734 125856 DEBUG oslo_service.service [req-c9d78a8a-5a7b-43f8-a42b-266f4de0a694 - - - - -] shelved_offload_time = 0 log_opt_values /usr/lib/python3/dist-packages/oslo_config/cfg.py:2602
2025-02-06 00:34:37.734 127512 DEBUG nova.service [req-762fefb9-ae29-4a3f-8063-106b1cc4bdee - - - - -] Creating RPC server for service scheduler start /usr/lib/python3/dist-packages/nova/service.py:182
2025-02-06 00:34:37.734 125856 DEBUG oslo_service.service [req-c9d78a8a-5a7b-43f8-a42b-266f4de0a694 - - - - -] shelved_poll_interval = 3600 log_opt_values /usr/lib/python3/dist-packages/oslo_config/cfg.py:2602
2025-02-06 00:34:37.735 125856 DEBUG oslo_service.service [req-c9d78a8a-5a7b-43f8-a42b-266f4de0a694 - - - - -] shutdown_timeout = 60 log_opt_values /usr/lib/python3/dist-packages/oslo_config/cfg.py:2602
2025-02-06 00:34:37.735 125856 DEBUG oslo_service.service [req-c9d78a8a-5a7b-43f8-a42b-266f4de0a694 - - - - -] source_is_ipv6 = False log_opt_values /usr/lib/python3/dist-packages/oslo_config/cfg.py:2602
2025-02-06 00:34:37.736 125856 DEBUG oslo_service.service [req-c9d78a8a-5a7b-43f8-a42b-266f4de0a694 - - - - -] ssl_only = False log_opt_values /usr/lib/python3/dist-packages/oslo_config/cfg.py:2602
2025-02-06 00:34:37.736 125856 DEBUG oslo_service.service [req-c9d78a8a-5a7b-43f8-a42b-266f4de0a694 - - - - -] state_path = /var/lib/nova log_opt_values /usr/lib/python3/dist-packages/oslo_config/cfg.py:2602
2025-02-06 00:34:37.736 125856 DEBUG oslo_service.service [req-c9d78a8a-5a7b-43f8-a42b-266f4de0a694 - - - - -] sync_power_state_interval = 600 log_opt_values /usr/lib/python3/dist-packages/oslo_config/cfg.py:2602
2025-02-06 00:34:37.737 125856 DEBUG oslo_service.service [req-c9d78a8a-5a7b-43f8-a42b-266f4de0a694 - - - - -] sync_power_state_pool_size = 1000 log_opt_values /usr/lib/python3/dist-packages/oslo_config/cfg.py:2602
2025-02-06 00:34:37.738 125856 DEBUG oslo_service.service [req-c9d78a8a-5a7b-43f8-a42b-266f4de0a694 - - - - -] syslog_log_facility = LOG_USER log_opt_values /usr/lib/python3/dist-packages/oslo_config/cfg.py:2602
2025-02-06 00:34:37.738 125856 DEBUG oslo_service.service [req-c9d78a8a-5a7b-43f8-a42b-266f4de0a694 - - - - -] tempdir = None log_opt_values /usr/lib/python3/dist-packages/oslo_config/cfg.py:2602
2025-02-06 00:34:37.738 125856 DEBUG oslo_service.service [req-c9d78a8a-5a7b-43f8-a42b-266f4de0a694 - - - - -] timeout_nbd = 10 log_opt_values /usr/lib/python3/dist-packages/oslo_config/cfg.py:2602
2025-02-06 00:34:37.739 125856 DEBUG oslo_service.service [req-c9d78a8a-5a7b-43f8-a42b-266f4de0a694 - - - - -] transport_url = **** log_opt_values /usr/lib/python3/dist-packages/oslo_config/cfg.py:2602
2025-02-06 00:34:37.739 125856 DEBUG oslo_service.service [req-c9d78a8a-5a7b-43f8-a42b-266f4de0a694 - - - - -] update_resources_interval = 0 log_opt_values /usr/lib/python3/dist-packages/oslo_config/cfg.py:2602
2025-02-06 00:34:37.739 125856 DEBUG oslo_service.service [req-c9d78a8a-5a7b-43f8-a42b-266f4de0a694 - - - - -] use_cow_images = True log_opt_values /usr/lib/python3/dist-packages/oslo_config/cfg.py:2602
2025-02-06 00:34:37.740 125856 DEBUG oslo_service.service [req-c9d78a8a-5a7b-43f8-a42b-266f4de0a694 - - - - -] use_eventlog = False log_opt_values /usr/lib/python3/dist-packages/oslo_config/cfg.py:2602
2025-02-06 00:34:37.740 125856 DEBUG oslo_service.service [req-c9d78a8a-5a7b-43f8-a42b-266f4de0a694 - - - - -] use_journal = False log_opt_values /usr/lib/python3/dist-packages/oslo_config/cfg.py:2602
2025-02-06 00:34:37.740 125856 DEBUG oslo_service.service [req-c9d78a8a-5a7b-43f8-a42b-266f4de0a694 - - - - -] use_json = False log_opt_values /usr/lib/python3/dist-packages/oslo_config/cfg.py:2602
2025-02-06 00:34:37.740 125856 DEBUG oslo_service.service [req-c9d78a8a-5a7b-43f8-a42b-266f4de0a694 - - - - -] use_rootwrap_daemon = False log_opt_values /usr/lib/python3/dist-packages/oslo_config/cfg.py:2602
2025-02-06 00:34:37.740 125856 DEBUG oslo_service.service [req-c9d78a8a-5a7b-43f8-a42b-266f4de0a694 - - - - -] use_stderr = False log_opt_values /usr/lib/python3/dist-packages/oslo_config/cfg.py:2602
2025-02-06 00:34:37.741 125856 DEBUG oslo_service.service [req-c9d78a8a-5a7b-43f8-a42b-266f4de0a694 - - - - -] use_syslog = False log_opt_values /usr/lib/python3/dist-packages/oslo_config/cfg.py:2602
2025-02-06 00:34:37.741 125856 DEBUG oslo_service.service [req-c9d78a8a-5a7b-43f8-a42b-266f4de0a694 - - - - -] vcpu_pin_set = None log_opt_values /usr/lib/python3/dist-packages/oslo_config/cfg.py:2602
2025-02-06 00:34:37.741 125856 DEBUG oslo_service.service [req-c9d78a8a-5a7b-43f8-a42b-266f4de0a694 - - - - -] vif_plugging_is_fatal = True log_opt_values /usr/lib/python3/dist-packages/oslo_config/cfg.py:2602
2025-02-06 00:34:37.742 125856 DEBUG oslo_service.service [req-c9d78a8a-5a7b-43f8-a42b-266f4de0a694 - - - - -] vif_plugging_timeout = 300 log_opt_values /usr/lib/python3/dist-packages/oslo_config/cfg.py:2602
2025-02-06 00:34:37.742 125856 DEBUG oslo_service.service [req-c9d78a8a-5a7b-43f8-a42b-266f4de0a694 - - - - -] virt_mkfs = [] log_opt_values /usr/lib/python3/dist-packages/oslo_config/cfg.py:2602
2025-02-06 00:34:37.742 127519 DEBUG nova.service [req-f369f23d-4f35-44f9-a6bd-f1836e3ffacb - - - - -] Creating RPC server for service scheduler start /usr/lib/python3/dist-packages/nova/service.py:182
2025-02-06 00:34:37.742 125856 DEBUG oslo_service.service [req-c9d78a8a-5a7b-43f8-a42b-266f4de0a694 - - - - -] volume_usage_poll_interval = 0 log_opt_values /usr/lib/python3/dist-packages/oslo_config/cfg.py:2602
2025-02-06 00:34:37.742 127513 DEBUG nova.service [req-88b2bedc-899e-4d75-a196-57893abf8123 - - - - -] Creating RPC server for service scheduler start /usr/lib/python3/dist-packages/nova/service.py:182
2025-02-06 00:34:37.742 125856 DEBUG oslo_service.service [req-c9d78a8a-5a7b-43f8-a42b-266f4de0a694 - - - - -] watch_log_file = False log_opt_values /usr/lib/python3/dist-packages/oslo_config/cfg.py:2602
2025-02-06 00:34:37.743 125856 DEBUG oslo_service.service [req-c9d78a8a-5a7b-43f8-a42b-266f4de0a694 - - - - -] web = /usr/share/spice-html5 log_opt_values /usr/lib/python3/dist-packages/oslo_config/cfg.py:2602
2025-02-06 00:34:37.743 125856 DEBUG oslo_service.service [req-c9d78a8a-5a7b-43f8-a42b-266f4de0a694 - - - - -] oslo_concurrency.disable_process_locking = False log_opt_values /usr/lib/python3/dist-packages/oslo_config/cfg.py:2609
2025-02-06 00:34:37.743 125856 DEBUG oslo_service.service [req-c9d78a8a-5a7b-43f8-a42b-266f4de0a694 - - - - -] oslo_concurrency.lock_path = /var/lock/nova log_opt_values /usr/lib/python3/dist-packages/oslo_config/cfg.py:2609
2025-02-06 00:34:37.744 125856 WARNING oslo_config.cfg [req-c9d78a8a-5a7b-43f8-a42b-266f4de0a694 - - - - -] Deprecated: Option "auth_strategy" from group "api" is deprecated for removal ( The only non-default choice, ``noauth2``, is for internal development and testing purposes only and should not be used in deployments. This option and its middleware, NoAuthMiddleware[V2_18], will be removed in a future release. ). Its value may be silently ignored in the future.
2025-02-06 00:34:37.744 125856 DEBUG oslo_service.service [req-c9d78a8a-5a7b-43f8-a42b-266f4de0a694 - - - - -] api.auth_strategy = keystone log_opt_values /usr/lib/python3/dist-packages/oslo_config/cfg.py:2609
2025-02-06 00:34:37.744 125856 DEBUG oslo_service.service [req-c9d78a8a-5a7b-43f8-a42b-266f4de0a694 - - - - -] api.compute_link_prefix = None log_opt_values /usr/lib/python3/dist-packages/oslo_config/cfg.py:2609
2025-02-06 00:34:37.744 125856 DEBUG oslo_service.service [req-c9d78a8a-5a7b-43f8-a42b-266f4de0a694 - - - - -] api.config_drive_skip_versions = 1.0 2007-01-19 2007-03-01 2007-08-29 2007-10-10 2007-12-15 2008-02-01 2008-09-01 log_opt_values /usr/lib/python3/dist-packages/oslo_config/cfg.py:2609
2025-02-06 00:34:37.745 125856 DEBUG oslo_service.service [req-c9d78a8a-5a7b-43f8-a42b-266f4de0a694 - - - - -] api.dhcp_domain = novalocal log_opt_values /usr/lib/python3/dist-packages/oslo_config/cfg.py:2609
2025-02-06 00:34:37.745 125856 DEBUG oslo_service.service [req-c9d78a8a-5a7b-43f8-a42b-266f4de0a694 - - - - -] api.enable_instance_password = True log_opt_values /usr/lib/python3/dist-packages/oslo_config/cfg.py:2609
2025-02-06 00:34:37.745 127520 DEBUG nova.service [req-2efdae65-54c7-4b48-97c4-15a51dc522f3 - - - - -] Creating RPC server for service scheduler start /usr/lib/python3/dist-packages/nova/service.py:182
2025-02-06 00:34:37.745 125856 DEBUG oslo_service.service [req-c9d78a8a-5a7b-43f8-a42b-266f4de0a694 - - - - -] api.glance_link_prefix = None log_opt_values /usr/lib/python3/dist-packages/oslo_config/cfg.py:2609
2025-02-06 00:34:37.746 125856 DEBUG oslo_service.service [req-c9d78a8a-5a7b-43f8-a42b-266f4de0a694 - - - - -] api.instance_list_cells_batch_fixed_size = 100 log_opt_values /usr/lib/python3/dist-packages/oslo_config/cfg.py:2609
2025-02-06 00:34:37.746 125856 DEBUG oslo_service.service [req-c9d78a8a-5a7b-43f8-a42b-266f4de0a694 - - - - -] api.instance_list_cells_batch_strategy = distributed log_opt_values /usr/lib/python3/dist-packages/oslo_config/cfg.py:2609
2025-02-06 00:34:37.746 125856 DEBUG oslo_service.service [req-c9d78a8a-5a7b-43f8-a42b-266f4de0a694 - - - - -] api.instance_list_per_project_cells = False log_opt_values /usr/lib/python3/dist-packages/oslo_config/cfg.py:2609
2025-02-06 00:34:37.746 125856 DEBUG oslo_service.service [req-c9d78a8a-5a7b-43f8-a42b-266f4de0a694 - - - - -] api.list_records_by_skipping_down_cells = True log_opt_values /usr/lib/python3/dist-packages/oslo_config/cfg.py:2609
2025-02-06 00:34:37.746 125856 DEBUG oslo_service.service [req-c9d78a8a-5a7b-43f8-a42b-266f4de0a694 - - - - -] api.local_metadata_per_cell = False log_opt_values /usr/lib/python3/dist-packages/oslo_config/cfg.py:2609
2025-02-06 00:34:37.747 125856 DEBUG oslo_service.service [req-c9d78a8a-5a7b-43f8-a42b-266f4de0a694 - - - - -] api.max_limit = 1000 log_opt_values /usr/lib/python3/dist-packages/oslo_config/cfg.py:2609
2025-02-06 00:34:37.747 125856 DEBUG oslo_service.service [req-c9d78a8a-5a7b-43f8-a42b-266f4de0a694 - - - - -] api.metadata_cache_expiration = 15 log_opt_values /usr/lib/python3/dist-packages/oslo_config/cfg.py:2609
2025-02-06 00:34:37.747 125856 DEBUG oslo_service.service [req-c9d78a8a-5a7b-43f8-a42b-266f4de0a694 - - - - -] api.neutron_default_tenant_id = default log_opt_values /usr/lib/python3/dist-packages/oslo_config/cfg.py:2609
2025-02-06 00:34:37.747 125856 DEBUG oslo_service.service [req-c9d78a8a-5a7b-43f8-a42b-266f4de0a694 - - - - -] api.use_forwarded_for = False log_opt_values /usr/lib/python3/dist-packages/oslo_config/cfg.py:2609
2025-02-06 00:34:37.748 125856 DEBUG oslo_service.service [req-c9d78a8a-5a7b-43f8-a42b-266f4de0a694 - - - - -] api.use_neutron_default_nets = False log_opt_values /usr/lib/python3/dist-packages/oslo_config/cfg.py:2609
2025-02-06 00:34:37.748 125856 DEBUG oslo_service.service [req-c9d78a8a-5a7b-43f8-a42b-266f4de0a694 - - - - -] api.vendordata_dynamic_connect_timeout = 5 log_opt_values /usr/lib/python3/dist-packages/oslo_config/cfg.py:2609
2025-02-06 00:34:37.748 125856 DEBUG oslo_service.service [req-c9d78a8a-5a7b-43f8-a42b-266f4de0a694 - - - - -] api.vendordata_dynamic_failure_fatal = False log_opt_values /usr/lib/python3/dist-packages/oslo_config/cfg.py:2609
2025-02-06 00:34:37.749 125856 DEBUG oslo_service.service [req-c9d78a8a-5a7b-43f8-a42b-266f4de0a694 - - - - -] api.vendordata_dynamic_read_timeout = 5 log_opt_values /usr/lib/python3/dist-packages/oslo_config/cfg.py:2609
2025-02-06 00:34:37.749 125856 DEBUG oslo_service.service [req-c9d78a8a-5a7b-43f8-a42b-266f4de0a694 - - - - -] api.vendordata_dynamic_ssl_certfile = log_opt_values /usr/lib/python3/dist-packages/oslo_config/cfg.py:2609
2025-02-06 00:34:37.749 125856 DEBUG oslo_service.service [req-c9d78a8a-5a7b-43f8-a42b-266f4de0a694 - - - - -] api.vendordata_dynamic_targets = [] log_opt_values /usr/lib/python3/dist-packages/oslo_config/cfg.py:2609
2025-02-06 00:34:37.749 125856 DEBUG oslo_service.service [req-c9d78a8a-5a7b-43f8-a42b-266f4de0a694 - - - - -] api.vendordata_jsonfile_path = None log_opt_values /usr/lib/python3/dist-packages/oslo_config/cfg.py:2609
2025-02-06 00:34:37.750 125856 DEBUG oslo_service.service [req-c9d78a8a-5a7b-43f8-a42b-266f4de0a694 - - - - -] api.vendordata_providers = ['StaticJSON'] log_opt_values /usr/lib/python3/dist-packages/oslo_config/cfg.py:2609
2025-02-06 00:34:37.750 125856 DEBUG oslo_service.service [req-c9d78a8a-5a7b-43f8-a42b-266f4de0a694 - - - - -] cache.backend = dogpile.cache.null log_opt_values /usr/lib/python3/dist-packages/oslo_config/cfg.py:2609
2025-02-06 00:34:37.750 125856 DEBUG oslo_service.service [req-c9d78a8a-5a7b-43f8-a42b-266f4de0a694 - - - - -] cache.backend_argument = **** log_opt_values /usr/lib/python3/dist-packages/oslo_config/cfg.py:2609
2025-02-06 00:34:37.750 125856 DEBUG oslo_service.service [req-c9d78a8a-5a7b-43f8-a42b-266f4de0a694 - - - - -] cache.config_prefix = cache.oslo log_opt_values /usr/lib/python3/dist-packages/oslo_config/cfg.py:2609
2025-02-06 00:34:37.751 125856 DEBUG oslo_service.service [req-c9d78a8a-5a7b-43f8-a42b-266f4de0a694 - - - - -] cache.debug_cache_backend = False log_opt_values /usr/lib/python3/dist-packages/oslo_config/cfg.py:2609
2025-02-06 00:34:37.751 125856 DEBUG oslo_service.service [req-c9d78a8a-5a7b-43f8-a42b-266f4de0a694 - - - - -] cache.enabled = False log_opt_values /usr/lib/python3/dist-packages/oslo_config/cfg.py:2609
2025-02-06 00:34:37.751 125856 DEBUG oslo_service.service [req-c9d78a8a-5a7b-43f8-a42b-266f4de0a694 - - - - -] cache.expiration_time = 600 log_opt_values /usr/lib/python3/dist-packages/oslo_config/cfg.py:2609
2025-02-06 00:34:37.752 125856 DEBUG oslo_service.service [req-c9d78a8a-5a7b-43f8-a42b-266f4de0a694 - - - - -] cache.memcache_dead_retry = 300 log_opt_values /usr/lib/python3/dist-packages/oslo_config/cfg.py:2609
2025-02-06 00:34:37.752 125856 DEBUG oslo_service.service [req-c9d78a8a-5a7b-43f8-a42b-266f4de0a694 - - - - -] cache.memcache_pool_connection_get_timeout = 10 log_opt_values /usr/lib/python3/dist-packages/oslo_config/cfg.py:2609
2025-02-06 00:34:37.752 125856 DEBUG oslo_service.service [req-c9d78a8a-5a7b-43f8-a42b-266f4de0a694 - - - - -] cache.memcache_pool_flush_on_reconnect = False log_opt_values /usr/lib/python3/dist-packages/oslo_config/cfg.py:2609
2025-02-06 00:34:37.754 125856 DEBUG oslo_service.service [req-c9d78a8a-5a7b-43f8-a42b-266f4de0a694 - - - - -] cache.memcache_pool_maxsize = 10 log_opt_values /usr/lib/python3/dist-packages/oslo_config/cfg.py:2609
2025-02-06 00:34:37.756 125856 DEBUG oslo_service.service [req-c9d78a8a-5a7b-43f8-a42b-266f4de0a694 - - - - -] cache.memcache_pool_unused_timeout = 60 log_opt_values /usr/lib/python3/dist-packages/oslo_config/cfg.py:2609
2025-02-06 00:34:37.757 125856 DEBUG oslo_service.service [req-c9d78a8a-5a7b-43f8-a42b-266f4de0a694 - - - - -] cache.memcache_servers = ['localhost:11211'] log_opt_values /usr/lib/python3/dist-packages/oslo_config/cfg.py:2609
2025-02-06 00:34:37.757 125856 DEBUG oslo_service.service [req-c9d78a8a-5a7b-43f8-a42b-266f4de0a694 - - - - -] cache.memcache_socket_timeout = 1.0 log_opt_values /usr/lib/python3/dist-packages/oslo_config/cfg.py:2609
2025-02-06 00:34:37.758 125856 DEBUG oslo_service.service [req-c9d78a8a-5a7b-43f8-a42b-266f4de0a694 - - - - -] cache.proxies = [] log_opt_values /usr/lib/python3/dist-packages/oslo_config/cfg.py:2609
2025-02-06 00:34:37.759 125856 DEBUG oslo_service.service [req-c9d78a8a-5a7b-43f8-a42b-266f4de0a694 - - - - -] cache.tls_allowed_ciphers = None log_opt_values /usr/lib/python3/dist-packages/oslo_config/cfg.py:2609
2025-02-06 00:34:37.759 125856 DEBUG oslo_service.service [req-c9d78a8a-5a7b-43f8-a42b-266f4de0a694 - - - - -] cache.tls_cafile = None log_opt_values /usr/lib/python3/dist-packages/oslo_config/cfg.py:2609
2025-02-06 00:34:37.759 125856 DEBUG oslo_service.service [req-c9d78a8a-5a7b-43f8-a42b-266f4de0a694 - - - - -] cache.tls_certfile = None log_opt_values /usr/lib/python3/dist-packages/oslo_config/cfg.py:2609
2025-02-06 00:34:37.760 125856 DEBUG oslo_service.service [req-c9d78a8a-5a7b-43f8-a42b-266f4de0a694 - - - - -] cache.tls_enabled = False log_opt_values /usr/lib/python3/dist-packages/oslo_config/cfg.py:2609
2025-02-06 00:34:37.760 125856 DEBUG oslo_service.service [req-c9d78a8a-5a7b-43f8-a42b-266f4de0a694 - - - - -] cache.tls_keyfile = None log_opt_values /usr/lib/python3/dist-packages/oslo_config/cfg.py:2609
2025-02-06 00:34:37.760 125856 DEBUG oslo_service.service [req-c9d78a8a-5a7b-43f8-a42b-266f4de0a694 - - - - -] cinder.auth_section = None log_opt_values /usr/lib/python3/dist-packages/oslo_config/cfg.py:2609
2025-02-06 00:34:37.761 125856 DEBUG oslo_service.service [req-c9d78a8a-5a7b-43f8-a42b-266f4de0a694 - - - - -] cinder.auth_type = None log_opt_values /usr/lib/python3/dist-packages/oslo_config/cfg.py:2609
2025-02-06 00:34:37.762 125856 DEBUG oslo_service.service [req-c9d78a8a-5a7b-43f8-a42b-266f4de0a694 - - - - -] cinder.cafile = None log_opt_values /usr/lib/python3/dist-packages/oslo_config/cfg.py:2609
2025-02-06 00:34:37.764 125856 DEBUG oslo_service.service [req-c9d78a8a-5a7b-43f8-a42b-266f4de0a694 - - - - -] cinder.catalog_info = volumev3::publicURL log_opt_values /usr/lib/python3/dist-packages/oslo_config/cfg.py:2609
2025-02-06 00:34:37.764 125856 DEBUG oslo_service.service [req-c9d78a8a-5a7b-43f8-a42b-266f4de0a694 - - - - -] cinder.certfile = None log_opt_values /usr/lib/python3/dist-packages/oslo_config/cfg.py:2609
2025-02-06 00:34:37.764 125856 DEBUG oslo_service.service [req-c9d78a8a-5a7b-43f8-a42b-266f4de0a694 - - - - -] cinder.collect_timing = False log_opt_values /usr/lib/python3/dist-packages/oslo_config/cfg.py:2609
2025-02-06 00:34:37.765 125856 DEBUG oslo_service.service [req-c9d78a8a-5a7b-43f8-a42b-266f4de0a694 - - - - -] cinder.cross_az_attach = True log_opt_values /usr/lib/python3/dist-packages/oslo_config/cfg.py:2609
2025-02-06 00:34:37.765 125856 DEBUG oslo_service.service [req-c9d78a8a-5a7b-43f8-a42b-266f4de0a694 - - - - -] cinder.debug = False log_opt_values /usr/lib/python3/dist-packages/oslo_config/cfg.py:2609
2025-02-06 00:34:37.765 125856 DEBUG oslo_service.service [req-c9d78a8a-5a7b-43f8-a42b-266f4de0a694 - - - - -] cinder.endpoint_template = None log_opt_values /usr/lib/python3/dist-packages/oslo_config/cfg.py:2609
2025-02-06 00:34:37.765 125856 DEBUG oslo_service.service [req-c9d78a8a-5a7b-43f8-a42b-266f4de0a694 - - - - -] cinder.http_retries = 3 log_opt_values /usr/lib/python3/dist-packages/oslo_config/cfg.py:2609
2025-02-06 00:34:37.766 125856 DEBUG oslo_service.service [req-c9d78a8a-5a7b-43f8-a42b-266f4de0a694 - - - - -] cinder.insecure = False log_opt_values /usr/lib/python3/dist-packages/oslo_config/cfg.py:2609
2025-02-06 00:34:37.766 125856 DEBUG oslo_service.service [req-c9d78a8a-5a7b-43f8-a42b-266f4de0a694 - - - - -] cinder.keyfile = None log_opt_values /usr/lib/python3/dist-packages/oslo_config/cfg.py:2609
2025-02-06 00:34:37.766 125856 DEBUG oslo_service.service [req-c9d78a8a-5a7b-43f8-a42b-266f4de0a694 - - - - -] cinder.os_region_name = None log_opt_values /usr/lib/python3/dist-packages/oslo_config/cfg.py:2609
2025-02-06 00:34:37.769 125856 DEBUG oslo_service.service [req-c9d78a8a-5a7b-43f8-a42b-266f4de0a694 - - - - -] cinder.split_loggers = False log_opt_values /usr/lib/python3/dist-packages/oslo_config/cfg.py:2609
2025-02-06 00:34:37.769 127513 DEBUG oslo_messaging._drivers.amqpdriver [-] Listener is running poll /usr/lib/python3/dist-packages/oslo_messaging/_drivers/amqpdriver.py:343
2025-02-06 00:34:37.772 127513 DEBUG oslo_messaging._drivers.amqpdriver [-] AMQPListener connection consume poll /usr/lib/python3/dist-packages/oslo_messaging/_drivers/amqpdriver.py:357
2025-02-06 00:34:37.773 127519 DEBUG oslo_messaging._drivers.amqpdriver [-] Listener is running poll /usr/lib/python3/dist-packages/oslo_messaging/_drivers/amqpdriver.py:343
2025-02-06 00:34:37.773 127519 DEBUG oslo_messaging._drivers.amqpdriver [-] AMQPListener connection consume poll /usr/lib/python3/dist-packages/oslo_messaging/_drivers/amqpdriver.py:357
2025-02-06 00:34:37.770 125856 DEBUG oslo_service.service [req-c9d78a8a-5a7b-43f8-a42b-266f4de0a694 - - - - -] cinder.timeout = None log_opt_values /usr/lib/python3/dist-packages/oslo_config/cfg.py:2609
2025-02-06 00:34:37.773 127519 DEBUG nova.service [req-f369f23d-4f35-44f9-a6bd-f1836e3ffacb - - - - -] Join ServiceGroup membership for this service scheduler start /usr/lib/python3/dist-packages/nova/service.py:199
2025-02-06 00:34:37.774 127519 DEBUG nova.servicegroup.drivers.db [req-f369f23d-4f35-44f9-a6bd-f1836e3ffacb - - - - -] DB_Driver: join new ServiceGroup member juju-981570-0-lxd-7 to the scheduler group, service = join /usr/lib/python3/dist-packages/nova/servicegroup/drivers/db.py:44
2025-02-06 00:34:37.773 127512 DEBUG oslo_messaging._drivers.amqpdriver [-] Listener is running poll /usr/lib/python3/dist-packages/oslo_messaging/_drivers/amqpdriver.py:343
2025-02-06 00:34:37.773 127513 DEBUG nova.service [req-88b2bedc-899e-4d75-a196-57893abf8123 - - - - -] Join ServiceGroup membership for this service scheduler start /usr/lib/python3/dist-packages/nova/service.py:199
2025-02-06 00:34:37.774 127512 DEBUG oslo_messaging._drivers.amqpdriver [-] AMQPListener connection consume poll /usr/lib/python3/dist-packages/oslo_messaging/_drivers/amqpdriver.py:357
2025-02-06 00:34:37.774 127513 DEBUG nova.servicegroup.drivers.db [req-88b2bedc-899e-4d75-a196-57893abf8123 - - - - -] DB_Driver: join new ServiceGroup member juju-981570-0-lxd-7 to the scheduler group, service = join /usr/lib/python3/dist-packages/nova/servicegroup/drivers/db.py:44
2025-02-06 00:34:37.774 125856 DEBUG oslo_service.service [req-c9d78a8a-5a7b-43f8-a42b-266f4de0a694 - - - - -] compute.consecutive_build_service_disable_threshold = 10 log_opt_values /usr/lib/python3/dist-packages/oslo_config/cfg.py:2609
2025-02-06 00:34:37.775 125856 DEBUG oslo_service.service [req-c9d78a8a-5a7b-43f8-a42b-266f4de0a694 - - - - -] compute.cpu_dedicated_set = None log_opt_values /usr/lib/python3/dist-packages/oslo_config/cfg.py:2609
2025-02-06 00:34:37.775 125856 DEBUG oslo_service.service [req-c9d78a8a-5a7b-43f8-a42b-266f4de0a694 - - - - -] compute.cpu_shared_set = None log_opt_values /usr/lib/python3/dist-packages/oslo_config/cfg.py:2609
2025-02-06 00:34:37.776 125856 DEBUG oslo_service.service [req-c9d78a8a-5a7b-43f8-a42b-266f4de0a694 - - - - -] compute.image_type_exclude_list = [] log_opt_values /usr/lib/python3/dist-packages/oslo_config/cfg.py:2609
2025-02-06 00:34:37.776 125856 DEBUG oslo_service.service [req-c9d78a8a-5a7b-43f8-a42b-266f4de0a694 - - - - -] compute.live_migration_wait_for_vif_plug = True log_opt_values /usr/lib/python3/dist-packages/oslo_config/cfg.py:2609
2025-02-06 00:34:37.776 127519 DEBUG oslo_messaging._drivers.amqpdriver [-] AMQPListener connection timeout poll /usr/lib/python3/dist-packages/oslo_messaging/_drivers/amqpdriver.py:360
2025-02-06 00:34:37.776 127519 DEBUG oslo_messaging._drivers.amqpdriver [-] Listener is running poll /usr/lib/python3/dist-packages/oslo_messaging/_drivers/amqpdriver.py:343
2025-02-06 00:34:37.776 125856 DEBUG oslo_service.service [req-c9d78a8a-5a7b-43f8-a42b-266f4de0a694 - - - - -] compute.max_concurrent_disk_ops = 0 log_opt_values /usr/lib/python3/dist-packages/oslo_config/cfg.py:2609
2025-02-06 00:34:37.777 127519 DEBUG oslo_messaging._drivers.amqpdriver [-] AMQPListener connection consume poll /usr/lib/python3/dist-packages/oslo_messaging/_drivers/amqpdriver.py:357
2025-02-06 00:34:37.777 127520 DEBUG oslo_messaging._drivers.amqpdriver [-] Listener is running poll /usr/lib/python3/dist-packages/oslo_messaging/_drivers/amqpdriver.py:343
2025-02-06 00:34:37.777 127512 DEBUG nova.service [req-762fefb9-ae29-4a3f-8063-106b1cc4bdee - - - - -] Join ServiceGroup membership for this service scheduler start /usr/lib/python3/dist-packages/nova/service.py:199
2025-02-06 00:34:37.777 127520 DEBUG oslo_messaging._drivers.amqpdriver [-] AMQPListener connection consume poll /usr/lib/python3/dist-packages/oslo_messaging/_drivers/amqpdriver.py:357
2025-02-06 00:34:37.777 125856 DEBUG oslo_service.service [req-c9d78a8a-5a7b-43f8-a42b-266f4de0a694 - - - - -] compute.max_disk_devices_to_attach = -1 log_opt_values /usr/lib/python3/dist-packages/oslo_config/cfg.py:2609
2025-02-06 00:34:37.777 127512 DEBUG nova.servicegroup.drivers.db [req-762fefb9-ae29-4a3f-8063-106b1cc4bdee - - - - -] DB_Driver: join new ServiceGroup member juju-981570-0-lxd-7 to the scheduler group, service = join /usr/lib/python3/dist-packages/nova/servicegroup/drivers/db.py:44
2025-02-06 00:34:37.777 125856 DEBUG oslo_service.service [req-c9d78a8a-5a7b-43f8-a42b-266f4de0a694 - - - - -] compute.packing_host_numa_cells_allocation_strategy = True log_opt_values /usr/lib/python3/dist-packages/oslo_config/cfg.py:2609
2025-02-06 00:34:37.777 127520 DEBUG nova.service [req-2efdae65-54c7-4b48-97c4-15a51dc522f3 - - - - -] Join ServiceGroup membership for this service scheduler start /usr/lib/python3/dist-packages/nova/service.py:199
2025-02-06 00:34:37.778 127512 DEBUG oslo_messaging._drivers.amqpdriver [-] AMQPListener connection timeout poll /usr/lib/python3/dist-packages/oslo_messaging/_drivers/amqpdriver.py:360
2025-02-06 00:34:37.778 127520 DEBUG nova.servicegroup.drivers.db [req-2efdae65-54c7-4b48-97c4-15a51dc522f3 - - - - -] DB_Driver: join new ServiceGroup member juju-981570-0-lxd-7 to the scheduler group, service = join /usr/lib/python3/dist-packages/nova/servicegroup/drivers/db.py:44
2025-02-06 00:34:37.778 125856 DEBUG oslo_service.service [req-c9d78a8a-5a7b-43f8-a42b-266f4de0a694 - - - - -] compute.provider_config_location = /etc/nova/provider_config/ log_opt_values /usr/lib/python3/dist-packages/oslo_config/cfg.py:2609
2025-02-06 00:34:37.778 127512 DEBUG oslo_messaging._drivers.amqpdriver [-] Listener is running poll /usr/lib/python3/dist-packages/oslo_messaging/_drivers/amqpdriver.py:343
2025-02-06 00:34:37.778 127512 DEBUG oslo_messaging._drivers.amqpdriver [-] AMQPListener connection consume poll /usr/lib/python3/dist-packages/oslo_messaging/_drivers/amqpdriver.py:357
2025-02-06 00:34:37.778 127513 DEBUG oslo_messaging._drivers.amqpdriver [-] AMQPListener connection timeout poll /usr/lib/python3/dist-packages/oslo_messaging/_drivers/amqpdriver.py:360
2025-02-06 00:34:37.778 125856 DEBUG oslo_service.service [req-c9d78a8a-5a7b-43f8-a42b-266f4de0a694 - - - - -] compute.resource_provider_association_refresh = 300 log_opt_values /usr/lib/python3/dist-packages/oslo_config/cfg.py:2609
2025-02-06 00:34:37.778 127513 DEBUG oslo_messaging._drivers.amqpdriver [-] Listener is running poll /usr/lib/python3/dist-packages/oslo_messaging/_drivers/amqpdriver.py:343
2025-02-06 00:34:37.779 127513 DEBUG oslo_messaging._drivers.amqpdriver [-] AMQPListener connection consume poll /usr/lib/python3/dist-packages/oslo_messaging/_drivers/amqpdriver.py:357
2025-02-06 00:34:37.779 125856 DEBUG oslo_service.service [req-c9d78a8a-5a7b-43f8-a42b-266f4de0a694 - - - - -] compute.shutdown_retry_interval = 10 log_opt_values /usr/lib/python3/dist-packages/oslo_config/cfg.py:2609
2025-02-06 00:34:37.779 125856 DEBUG oslo_service.service [req-c9d78a8a-5a7b-43f8-a42b-266f4de0a694 - - - - -] compute.vmdk_allowed_types = ['streamOptimized', 'monolithicSparse'] log_opt_values /usr/lib/python3/dist-packages/oslo_config/cfg.py:2609
2025-02-06 00:34:37.779 125856 DEBUG oslo_service.service [req-c9d78a8a-5a7b-43f8-a42b-266f4de0a694 - - - - -] conductor.workers = 4 log_opt_values /usr/lib/python3/dist-packages/oslo_config/cfg.py:2609
2025-02-06 00:34:37.780 125856 DEBUG oslo_service.service [req-c9d78a8a-5a7b-43f8-a42b-266f4de0a694 - - - - -] console.allowed_origins = [] log_opt_values /usr/lib/python3/dist-packages/oslo_config/cfg.py:2609
2025-02-06 00:34:37.780 127520 DEBUG oslo_messaging._drivers.amqpdriver [-] AMQPListener connection timeout poll /usr/lib/python3/dist-packages/oslo_messaging/_drivers/amqpdriver.py:360
2025-02-06 00:34:37.780 125856 DEBUG oslo_service.service [req-c9d78a8a-5a7b-43f8-a42b-266f4de0a694 - - - - -] console.ssl_ciphers = None log_opt_values /usr/lib/python3/dist-packages/oslo_config/cfg.py:2609
2025-02-06 00:34:37.780 127520 DEBUG oslo_messaging._drivers.amqpdriver [-] Listener is running poll /usr/lib/python3/dist-packages/oslo_messaging/_drivers/amqpdriver.py:343
2025-02-06 00:34:37.780 127520 DEBUG oslo_messaging._drivers.amqpdriver [-] AMQPListener connection consume poll /usr/lib/python3/dist-packages/oslo_messaging/_drivers/amqpdriver.py:357
2025-02-06 00:34:37.780 125856 DEBUG oslo_service.service [req-c9d78a8a-5a7b-43f8-a42b-266f4de0a694 - - - - -] console.ssl_minimum_version = default log_opt_values /usr/lib/python3/dist-packages/oslo_config/cfg.py:2609
2025-02-06 00:34:37.781 125856 DEBUG oslo_service.service [req-c9d78a8a-5a7b-43f8-a42b-266f4de0a694 - - - - -] consoleauth.token_ttl = 600 log_opt_values /usr/lib/python3/dist-packages/oslo_config/cfg.py:2609
2025-02-06 00:34:37.781 125856 DEBUG oslo_service.service [req-c9d78a8a-5a7b-43f8-a42b-266f4de0a694 - - - - -] cyborg.cafile = None log_opt_values /usr/lib/python3/dist-packages/oslo_config/cfg.py:2609
2025-02-06 00:34:37.781 125856 DEBUG oslo_service.service [req-c9d78a8a-5a7b-43f8-a42b-266f4de0a694 - - - - -] cyborg.certfile = None log_opt_values /usr/lib/python3/dist-packages/oslo_config/cfg.py:2609
2025-02-06 00:34:37.781 125856 DEBUG oslo_service.service [req-c9d78a8a-5a7b-43f8-a42b-266f4de0a694 - - - - -] cyborg.collect_timing = False log_opt_values /usr/lib/python3/dist-packages/oslo_config/cfg.py:2609
2025-02-06 00:34:37.782 125856 DEBUG oslo_service.service [req-c9d78a8a-5a7b-43f8-a42b-266f4de0a694 - - - - -] cyborg.connect_retries = None log_opt_values /usr/lib/python3/dist-packages/oslo_config/cfg.py:2609
2025-02-06 00:34:37.782 125856 DEBUG oslo_service.service [req-c9d78a8a-5a7b-43f8-a42b-266f4de0a694 - - - - -] cyborg.connect_retry_delay = None log_opt_values /usr/lib/python3/dist-packages/oslo_config/cfg.py:2609
2025-02-06 00:34:37.782 125856 DEBUG oslo_service.service [req-c9d78a8a-5a7b-43f8-a42b-266f4de0a694 - - - - -] cyborg.endpoint_override = None log_opt_values /usr/lib/python3/dist-packages/oslo_config/cfg.py:2609
2025-02-06 00:34:37.782 125856 DEBUG oslo_service.service [req-c9d78a8a-5a7b-43f8-a42b-266f4de0a694 - - - - -] cyborg.insecure = False log_opt_values /usr/lib/python3/dist-packages/oslo_config/cfg.py:2609
2025-02-06 00:34:37.783 125856 DEBUG oslo_service.service [req-c9d78a8a-5a7b-43f8-a42b-266f4de0a694 - - - - -] cyborg.keyfile = None log_opt_values /usr/lib/python3/dist-packages/oslo_config/cfg.py:2609
2025-02-06 00:34:37.783 125856 DEBUG oslo_service.service [req-c9d78a8a-5a7b-43f8-a42b-266f4de0a694 - - - - -] cyborg.max_version = None log_opt_values /usr/lib/python3/dist-packages/oslo_config/cfg.py:2609
2025-02-06 00:34:37.783 125856 DEBUG oslo_service.service [req-c9d78a8a-5a7b-43f8-a42b-266f4de0a694 - - - - -] cyborg.min_version = None log_opt_values /usr/lib/python3/dist-packages/oslo_config/cfg.py:2609
2025-02-06 00:34:37.783 125856 DEBUG oslo_service.service [req-c9d78a8a-5a7b-43f8-a42b-266f4de0a694 - - - - -] cyborg.region_name = None log_opt_values /usr/lib/python3/dist-packages/oslo_config/cfg.py:2609
2025-02-06 00:34:37.784 125856 DEBUG oslo_service.service [req-c9d78a8a-5a7b-43f8-a42b-266f4de0a694 - - - - -] cyborg.service_name = None log_opt_values /usr/lib/python3/dist-packages/oslo_config/cfg.py:2609
2025-02-06 00:34:37.784 125856 DEBUG oslo_service.service [req-c9d78a8a-5a7b-43f8-a42b-266f4de0a694 - - - - -] cyborg.service_type = accelerator log_opt_values /usr/lib/python3/dist-packages/oslo_config/cfg.py:2609
2025-02-06 00:34:37.784 125856 DEBUG oslo_service.service [req-c9d78a8a-5a7b-43f8-a42b-266f4de0a694 - - - - -] cyborg.split_loggers = False log_opt_values /usr/lib/python3/dist-packages/oslo_config/cfg.py:2609
2025-02-06 00:34:37.784 125856 DEBUG oslo_service.service [req-c9d78a8a-5a7b-43f8-a42b-266f4de0a694 - - - - -] cyborg.status_code_retries = None log_opt_values /usr/lib/python3/dist-packages/oslo_config/cfg.py:2609
2025-02-06 00:34:37.785 125856 DEBUG oslo_service.service [req-c9d78a8a-5a7b-43f8-a42b-266f4de0a694 - - - - -] cyborg.status_code_retry_delay = None log_opt_values /usr/lib/python3/dist-packages/oslo_config/cfg.py:2609
2025-02-06 00:34:37.785 125856 DEBUG oslo_service.service [req-c9d78a8a-5a7b-43f8-a42b-266f4de0a694 - - - - -] cyborg.timeout = None log_opt_values /usr/lib/python3/dist-packages/oslo_config/cfg.py:2609
2025-02-06 00:34:37.785 125856 DEBUG oslo_service.service [req-c9d78a8a-5a7b-43f8-a42b-266f4de0a694 - - - - -] cyborg.valid_interfaces = ['internal', 'public'] log_opt_values /usr/lib/python3/dist-packages/oslo_config/cfg.py:2609
2025-02-06 00:34:37.785 125856 DEBUG oslo_service.service [req-c9d78a8a-5a7b-43f8-a42b-266f4de0a694 - - - - -] cyborg.version = None log_opt_values /usr/lib/python3/dist-packages/oslo_config/cfg.py:2609
2025-02-06 00:34:37.785 125856 DEBUG oslo_service.service [req-c9d78a8a-5a7b-43f8-a42b-266f4de0a694 - - - - -] database.backend = sqlalchemy log_opt_values /usr/lib/python3/dist-packages/oslo_config/cfg.py:2609
2025-02-06 00:34:37.786 125856 DEBUG oslo_service.service [req-c9d78a8a-5a7b-43f8-a42b-266f4de0a694 - - - - -] database.connection = **** log_opt_values /usr/lib/python3/dist-packages/oslo_config/cfg.py:2609
2025-02-06 00:34:37.786 125856 DEBUG oslo_service.service [req-c9d78a8a-5a7b-43f8-a42b-266f4de0a694 - - - - -] database.connection_debug = 0 log_opt_values /usr/lib/python3/dist-packages/oslo_config/cfg.py:2609
2025-02-06 00:34:37.786 125856 DEBUG oslo_service.service [req-c9d78a8a-5a7b-43f8-a42b-266f4de0a694 - - - - -] database.connection_parameters = log_opt_values /usr/lib/python3/dist-packages/oslo_config/cfg.py:2609
2025-02-06 00:34:37.786 125856 DEBUG oslo_service.service [req-c9d78a8a-5a7b-43f8-a42b-266f4de0a694 - - - - -] database.connection_recycle_time = 3600 log_opt_values /usr/lib/python3/dist-packages/oslo_config/cfg.py:2609
2025-02-06 00:34:37.787 125856 DEBUG oslo_service.service [req-c9d78a8a-5a7b-43f8-a42b-266f4de0a694 - - - - -] database.connection_trace = False log_opt_values /usr/lib/python3/dist-packages/oslo_config/cfg.py:2609
2025-02-06 00:34:37.787 125856 DEBUG oslo_service.service [req-c9d78a8a-5a7b-43f8-a42b-266f4de0a694 - - - - -] database.db_inc_retry_interval = True log_opt_values /usr/lib/python3/dist-packages/oslo_config/cfg.py:2609
2025-02-06 00:34:37.787 125856 DEBUG oslo_service.service [req-c9d78a8a-5a7b-43f8-a42b-266f4de0a694 - - - - -] database.db_max_retries = 20 log_opt_values /usr/lib/python3/dist-packages/oslo_config/cfg.py:2609
2025-02-06 00:34:37.787 125856 DEBUG oslo_service.service [req-c9d78a8a-5a7b-43f8-a42b-266f4de0a694 - - - - -] database.db_max_retry_interval = 10 log_opt_values /usr/lib/python3/dist-packages/oslo_config/cfg.py:2609
2025-02-06 00:34:37.787 125856 DEBUG oslo_service.service [req-c9d78a8a-5a7b-43f8-a42b-266f4de0a694 - - - - -] database.db_retry_interval = 1 log_opt_values /usr/lib/python3/dist-packages/oslo_config/cfg.py:2609
2025-02-06 00:34:37.787 125856 DEBUG oslo_service.service [req-c9d78a8a-5a7b-43f8-a42b-266f4de0a694 - - - - -] database.max_overflow = 50 log_opt_values /usr/lib/python3/dist-packages/oslo_config/cfg.py:2609
2025-02-06 00:34:37.788 125856 DEBUG oslo_service.service [req-c9d78a8a-5a7b-43f8-a42b-266f4de0a694 - - - - -] database.max_pool_size = 4 log_opt_values /usr/lib/python3/dist-packages/oslo_config/cfg.py:2609
2025-02-06 00:34:37.788 125856 DEBUG oslo_service.service [req-c9d78a8a-5a7b-43f8-a42b-266f4de0a694 - - - - -] database.max_retries = 10 log_opt_values /usr/lib/python3/dist-packages/oslo_config/cfg.py:2609
2025-02-06 00:34:37.788 125856 DEBUG oslo_service.service [req-c9d78a8a-5a7b-43f8-a42b-266f4de0a694 - - - - -] database.mysql_enable_ndb = False log_opt_values /usr/lib/python3/dist-packages/oslo_config/cfg.py:2609
2025-02-06 00:34:37.789 125856 DEBUG oslo_service.service [req-c9d78a8a-5a7b-43f8-a42b-266f4de0a694 - - - - -] database.mysql_sql_mode = TRADITIONAL log_opt_values /usr/lib/python3/dist-packages/oslo_config/cfg.py:2609
2025-02-06 00:34:37.789 125856 DEBUG oslo_service.service [req-c9d78a8a-5a7b-43f8-a42b-266f4de0a694 - - - - -] database.pool_timeout = None log_opt_values /usr/lib/python3/dist-packages/oslo_config/cfg.py:2609
2025-02-06 00:34:37.789 125856 DEBUG oslo_service.service [req-c9d78a8a-5a7b-43f8-a42b-266f4de0a694 - - - - -] database.retry_interval = 10 log_opt_values /usr/lib/python3/dist-packages/oslo_config/cfg.py:2609
2025-02-06 00:34:37.789 125856 DEBUG oslo_service.service [req-c9d78a8a-5a7b-43f8-a42b-266f4de0a694 - - - - -] database.slave_connection = **** log_opt_values /usr/lib/python3/dist-packages/oslo_config/cfg.py:2609
2025-02-06 00:34:37.789 125856 DEBUG oslo_service.service [req-c9d78a8a-5a7b-43f8-a42b-266f4de0a694 - - - - -] database.sqlite_synchronous = True log_opt_values /usr/lib/python3/dist-packages/oslo_config/cfg.py:2609
2025-02-06 00:34:37.790 125856 DEBUG oslo_service.service [req-c9d78a8a-5a7b-43f8-a42b-266f4de0a694 - - - - -] database.use_db_reconnect = False log_opt_values /usr/lib/python3/dist-packages/oslo_config/cfg.py:2609
2025-02-06 00:34:37.790 125856 DEBUG oslo_service.service [req-c9d78a8a-5a7b-43f8-a42b-266f4de0a694 - - - - -] api_database.backend = sqlalchemy log_opt_values /usr/lib/python3/dist-packages/oslo_config/cfg.py:2609
2025-02-06 00:34:37.790 125856 DEBUG oslo_service.service [req-c9d78a8a-5a7b-43f8-a42b-266f4de0a694 - - - - -] api_database.connection = **** log_opt_values /usr/lib/python3/dist-packages/oslo_config/cfg.py:2609
2025-02-06 00:34:37.790 125856 DEBUG oslo_service.service [req-c9d78a8a-5a7b-43f8-a42b-266f4de0a694 - - - - -] api_database.connection_debug = 0 log_opt_values /usr/lib/python3/dist-packages/oslo_config/cfg.py:2609
2025-02-06 00:34:37.791 125856 DEBUG oslo_service.service [req-c9d78a8a-5a7b-43f8-a42b-266f4de0a694 - - - - -] api_database.connection_parameters = log_opt_values /usr/lib/python3/dist-packages/oslo_config/cfg.py:2609
2025-02-06 00:34:37.791 125856 DEBUG oslo_service.service [req-c9d78a8a-5a7b-43f8-a42b-266f4de0a694 - - - - -] api_database.connection_recycle_time = 3600 log_opt_values /usr/lib/python3/dist-packages/oslo_config/cfg.py:2609
2025-02-06 00:34:37.791 125856 DEBUG oslo_service.service [req-c9d78a8a-5a7b-43f8-a42b-266f4de0a694 - - - - -] api_database.connection_trace = False log_opt_values /usr/lib/python3/dist-packages/oslo_config/cfg.py:2609
2025-02-06 00:34:37.791 125856 DEBUG oslo_service.service [req-c9d78a8a-5a7b-43f8-a42b-266f4de0a694 - - - - -] api_database.db_inc_retry_interval = True log_opt_values /usr/lib/python3/dist-packages/oslo_config/cfg.py:2609
2025-02-06 00:34:37.791 125856 DEBUG oslo_service.service [req-c9d78a8a-5a7b-43f8-a42b-266f4de0a694 - - - - -] api_database.db_max_retries = 20 log_opt_values /usr/lib/python3/dist-packages/oslo_config/cfg.py:2609
2025-02-06 00:34:37.792 125856 DEBUG oslo_service.service [req-c9d78a8a-5a7b-43f8-a42b-266f4de0a694 - - - - -] api_database.db_max_retry_interval = 10 log_opt_values /usr/lib/python3/dist-packages/oslo_config/cfg.py:2609
2025-02-06 00:34:37.792 125856 DEBUG oslo_service.service [req-c9d78a8a-5a7b-43f8-a42b-266f4de0a694 - - - - -] api_database.db_retry_interval = 1 log_opt_values /usr/lib/python3/dist-packages/oslo_config/cfg.py:2609
2025-02-06 00:34:37.792 125856 DEBUG oslo_service.service [req-c9d78a8a-5a7b-43f8-a42b-266f4de0a694 - - - - -] api_database.max_overflow = 50 log_opt_values /usr/lib/python3/dist-packages/oslo_config/cfg.py:2609
2025-02-06 00:34:37.792 125856 DEBUG oslo_service.service [req-c9d78a8a-5a7b-43f8-a42b-266f4de0a694 - - - - -] api_database.max_pool_size = 4 log_opt_values /usr/lib/python3/dist-packages/oslo_config/cfg.py:2609
2025-02-06 00:34:37.793 125856 DEBUG oslo_service.service [req-c9d78a8a-5a7b-43f8-a42b-266f4de0a694 - - - - -] api_database.max_retries = 10 log_opt_values /usr/lib/python3/dist-packages/oslo_config/cfg.py:2609
2025-02-06 00:34:37.793 125856 DEBUG oslo_service.service [req-c9d78a8a-5a7b-43f8-a42b-266f4de0a694 - - - - -] api_database.mysql_enable_ndb = False log_opt_values /usr/lib/python3/dist-packages/oslo_config/cfg.py:2609
2025-02-06 00:34:37.793 125856 DEBUG oslo_service.service [req-c9d78a8a-5a7b-43f8-a42b-266f4de0a694 - - - - -] api_database.mysql_sql_mode = TRADITIONAL log_opt_values /usr/lib/python3/dist-packages/oslo_config/cfg.py:2609
2025-02-06 00:34:37.793 125856 DEBUG oslo_service.service [req-c9d78a8a-5a7b-43f8-a42b-266f4de0a694 - - - - -] api_database.pool_timeout = None log_opt_values /usr/lib/python3/dist-packages/oslo_config/cfg.py:2609
2025-02-06 00:34:37.793 125856 DEBUG oslo_service.service [req-c9d78a8a-5a7b-43f8-a42b-266f4de0a694 - - - - -] api_database.retry_interval = 10 log_opt_values /usr/lib/python3/dist-packages/oslo_config/cfg.py:2609
2025-02-06 00:34:37.794 125856 DEBUG oslo_service.service [req-c9d78a8a-5a7b-43f8-a42b-266f4de0a694 - - - - -] api_database.slave_connection = **** log_opt_values /usr/lib/python3/dist-packages/oslo_config/cfg.py:2609
2025-02-06 00:34:37.794 125856 DEBUG oslo_service.service [req-c9d78a8a-5a7b-43f8-a42b-266f4de0a694 - - - - -] api_database.sqlite_synchronous = True log_opt_values /usr/lib/python3/dist-packages/oslo_config/cfg.py:2609
2025-02-06 00:34:37.794 125856 DEBUG oslo_service.service [req-c9d78a8a-5a7b-43f8-a42b-266f4de0a694 - - - - -] devices.enabled_mdev_types = [] log_opt_values /usr/lib/python3/dist-packages/oslo_config/cfg.py:2609
2025-02-06 00:34:37.795 125856 DEBUG oslo_service.service [req-c9d78a8a-5a7b-43f8-a42b-266f4de0a694 - - - - -] ephemeral_storage_encryption.cipher = aes-xts-plain64 log_opt_values /usr/lib/python3/dist-packages/oslo_config/cfg.py:2609
2025-02-06 00:34:37.795 125856 DEBUG oslo_service.service [req-c9d78a8a-5a7b-43f8-a42b-266f4de0a694 - - - - -] ephemeral_storage_encryption.enabled = False log_opt_values /usr/lib/python3/dist-packages/oslo_config/cfg.py:2609
2025-02-06 00:34:37.795 125856 DEBUG oslo_service.service [req-c9d78a8a-5a7b-43f8-a42b-266f4de0a694 - - - - -] ephemeral_storage_encryption.key_size = 512 log_opt_values /usr/lib/python3/dist-packages/oslo_config/cfg.py:2609
2025-02-06 00:34:37.795 125856 WARNING oslo_config.cfg [req-c9d78a8a-5a7b-43f8-a42b-266f4de0a694 - - - - -] Deprecated: Option "api_servers" from group "glance" is deprecated for removal ( Support for image service configuration via standard keystoneauth1 Adapter options was added in the 17.0.0 Queens release. The api_servers option was retained temporarily to allow consumers time to cut over to a real load balancing solution. ). Its value may be silently ignored in the future.
2025-02-06 00:34:37.796 125856 DEBUG oslo_service.service [req-c9d78a8a-5a7b-43f8-a42b-266f4de0a694 - - - - -] glance.api_servers = ['http://252.29.168.57:9292'] log_opt_values /usr/lib/python3/dist-packages/oslo_config/cfg.py:2609
2025-02-06 00:34:37.797 125856 DEBUG oslo_service.service [req-c9d78a8a-5a7b-43f8-a42b-266f4de0a694 - - - - -] glance.cafile = None log_opt_values /usr/lib/python3/dist-packages/oslo_config/cfg.py:2609
2025-02-06 00:34:37.797 125856 DEBUG oslo_service.service [req-c9d78a8a-5a7b-43f8-a42b-266f4de0a694 - - - - -] glance.certfile = None log_opt_values /usr/lib/python3/dist-packages/oslo_config/cfg.py:2609
2025-02-06 00:34:37.797 125856 DEBUG oslo_service.service [req-c9d78a8a-5a7b-43f8-a42b-266f4de0a694 - - - - -] glance.collect_timing = False log_opt_values /usr/lib/python3/dist-packages/oslo_config/cfg.py:2609
2025-02-06 00:34:37.797 125856 DEBUG oslo_service.service [req-c9d78a8a-5a7b-43f8-a42b-266f4de0a694 - - - - -] glance.connect_retries = None log_opt_values /usr/lib/python3/dist-packages/oslo_config/cfg.py:2609
2025-02-06 00:34:37.798 125856 DEBUG oslo_service.service [req-c9d78a8a-5a7b-43f8-a42b-266f4de0a694 - - - - -] glance.connect_retry_delay = None log_opt_values /usr/lib/python3/dist-packages/oslo_config/cfg.py:2609
2025-02-06 00:34:37.798 125856 DEBUG oslo_service.service [req-c9d78a8a-5a7b-43f8-a42b-266f4de0a694 - - - - -] glance.debug = False log_opt_values /usr/lib/python3/dist-packages/oslo_config/cfg.py:2609
2025-02-06 00:34:37.798 125856 DEBUG oslo_service.service [req-c9d78a8a-5a7b-43f8-a42b-266f4de0a694 - - - - -] glance.default_trusted_certificate_ids = [] log_opt_values /usr/lib/python3/dist-packages/oslo_config/cfg.py:2609
2025-02-06 00:34:37.798 125856 DEBUG oslo_service.service [req-c9d78a8a-5a7b-43f8-a42b-266f4de0a694 - - - - -] glance.enable_certificate_validation = False log_opt_values /usr/lib/python3/dist-packages/oslo_config/cfg.py:2609
2025-02-06 00:34:37.799 125856 DEBUG oslo_service.service [req-c9d78a8a-5a7b-43f8-a42b-266f4de0a694 - - - - -] glance.enable_rbd_download = False log_opt_values /usr/lib/python3/dist-packages/oslo_config/cfg.py:2609
2025-02-06 00:34:37.799 125856 DEBUG oslo_service.service [req-c9d78a8a-5a7b-43f8-a42b-266f4de0a694 - - - - -] glance.endpoint_override = None log_opt_values /usr/lib/python3/dist-packages/oslo_config/cfg.py:2609
2025-02-06 00:34:37.799 125856 DEBUG oslo_service.service [req-c9d78a8a-5a7b-43f8-a42b-266f4de0a694 - - - - -] glance.insecure = False log_opt_values /usr/lib/python3/dist-packages/oslo_config/cfg.py:2609
2025-02-06 00:34:37.800 125856 DEBUG oslo_service.service [req-c9d78a8a-5a7b-43f8-a42b-266f4de0a694 - - - - -] glance.keyfile = None log_opt_values /usr/lib/python3/dist-packages/oslo_config/cfg.py:2609
2025-02-06 00:34:37.800 125856 DEBUG oslo_service.service [req-c9d78a8a-5a7b-43f8-a42b-266f4de0a694 - - - - -] glance.max_version = None log_opt_values /usr/lib/python3/dist-packages/oslo_config/cfg.py:2609
2025-02-06 00:34:37.800 125856 DEBUG oslo_service.service [req-c9d78a8a-5a7b-43f8-a42b-266f4de0a694 - - - - -] glance.min_version = None log_opt_values /usr/lib/python3/dist-packages/oslo_config/cfg.py:2609
