2025-01-27 00:35:42.216 130375 DEBUG oslo_service.service [req-b523535a-f6ab-40ec-aada-97c782440be6 - - - - -] config_file = ['/etc/nova/nova.conf'] log_opt_values /usr/lib/python3/dist-packages/oslo_config/cfg.py:2602
2025-01-27 00:35:42.216 130689 DEBUG oslo_db.sqlalchemy.engines [req-daf4f687-5fc3-4304-961b-c6dbe18aa809 - - - - -] MySQL server mode set to STRICT_TRANS_TABLES,STRICT_ALL_TABLES,NO_ZERO_IN_DATE,NO_ZERO_DATE,ERROR_FOR_DIVISION_BY_ZERO,TRADITIONAL,NO_ENGINE_SUBSTITUTION _check_effective_sql_mode /usr/lib/python3/dist-packages/oslo_db/sqlalchemy/engines.py:314
2025-01-27 00:35:42.216 130375 DEBUG oslo_service.service [req-b523535a-f6ab-40ec-aada-97c782440be6 - - - - -] config_source = [] log_opt_values /usr/lib/python3/dist-packages/oslo_config/cfg.py:2602
2025-01-27 00:35:42.216 130375 DEBUG oslo_service.service [req-b523535a-f6ab-40ec-aada-97c782440be6 - - - - -] console_host = juju-d15fdb-0-lxd-7 log_opt_values /usr/lib/python3/dist-packages/oslo_config/cfg.py:2602
2025-01-27 00:35:42.216 130375 DEBUG oslo_service.service [req-b523535a-f6ab-40ec-aada-97c782440be6 - - - - -] control_exchange = nova log_opt_values /usr/lib/python3/dist-packages/oslo_config/cfg.py:2602
2025-01-27 00:35:42.217 130375 DEBUG oslo_service.service [req-b523535a-f6ab-40ec-aada-97c782440be6 - - - - -] cpu_allocation_ratio = 2.0 log_opt_values /usr/lib/python3/dist-packages/oslo_config/cfg.py:2602
2025-01-27 00:35:42.217 130375 DEBUG oslo_service.service [req-b523535a-f6ab-40ec-aada-97c782440be6 - - - - -] daemon = False log_opt_values /usr/lib/python3/dist-packages/oslo_config/cfg.py:2602
2025-01-27 00:35:42.217 130375 DEBUG oslo_service.service [req-b523535a-f6ab-40ec-aada-97c782440be6 - - - - -] debug = True log_opt_values /usr/lib/python3/dist-packages/oslo_config/cfg.py:2602
2025-01-27 00:35:42.217 130688 DEBUG oslo_db.sqlalchemy.engines [req-bb0c9128-c684-4746-b4ec-0008495e7230 - - - - -] MySQL server mode set to STRICT_TRANS_TABLES,STRICT_ALL_TABLES,NO_ZERO_IN_DATE,NO_ZERO_DATE,ERROR_FOR_DIVISION_BY_ZERO,TRADITIONAL,NO_ENGINE_SUBSTITUTION _check_effective_sql_mode /usr/lib/python3/dist-packages/oslo_db/sqlalchemy/engines.py:314
2025-01-27 00:35:42.217 130375 DEBUG oslo_service.service [req-b523535a-f6ab-40ec-aada-97c782440be6 - - - - -] default_access_ip_network_name = None log_opt_values /usr/lib/python3/dist-packages/oslo_config/cfg.py:2602
2025-01-27 00:35:42.218 130375 DEBUG oslo_service.service [req-b523535a-f6ab-40ec-aada-97c782440be6 - - - - -] default_availability_zone = nova log_opt_values /usr/lib/python3/dist-packages/oslo_config/cfg.py:2602
2025-01-27 00:35:42.218 130375 DEBUG oslo_service.service [req-b523535a-f6ab-40ec-aada-97c782440be6 - - - - -] default_ephemeral_format = None log_opt_values /usr/lib/python3/dist-packages/oslo_config/cfg.py:2602
2025-01-27 00:35:42.219 130375 DEBUG oslo_service.service [req-b523535a-f6ab-40ec-aada-97c782440be6 - - - - -] default_log_levels = ['amqp=WARN', 'amqplib=WARN', 'boto=WARN', 'qpid=WARN', 'sqlalchemy=WARN', 'suds=INFO', 'oslo.messaging=INFO', 'oslo_messaging=DEBUG', 'iso8601=WARN', 'requests.packages.urllib3.connectionpool=WARN', 'urllib3.connectionpool=WARN', 'websocket=WARN', 'requests.packages.urllib3.util.retry=WARN', 'urllib3.util.retry=WARN', 'keystonemiddleware=WARN', 'routes.middleware=WARN', 'stevedore=WARN', 'taskflow=WARN', 'keystoneauth=WARN', 'oslo.cache=INFO', 'dogpile.core.dogpile=INFO', 'glanceclient=WARN', 'oslo.privsep.daemon=INFO'] log_opt_values /usr/lib/python3/dist-packages/oslo_config/cfg.py:2602
2025-01-27 00:35:42.219 130375 DEBUG oslo_service.service [req-b523535a-f6ab-40ec-aada-97c782440be6 - - - - -] default_schedule_zone = None log_opt_values /usr/lib/python3/dist-packages/oslo_config/cfg.py:2602
2025-01-27 00:35:42.219 130375 DEBUG oslo_service.service [req-b523535a-f6ab-40ec-aada-97c782440be6 - - - - -] disk_allocation_ratio = 1.0 log_opt_values /usr/lib/python3/dist-packages/oslo_config/cfg.py:2602
2025-01-27 00:35:42.220 130375 DEBUG oslo_service.service [req-b523535a-f6ab-40ec-aada-97c782440be6 - - - - -] enable_new_services = True log_opt_values /usr/lib/python3/dist-packages/oslo_config/cfg.py:2602
2025-01-27 00:35:42.220 130375 DEBUG oslo_service.service [req-b523535a-f6ab-40ec-aada-97c782440be6 - - - - -] enabled_apis = ['osapi_compute', 'metadata'] log_opt_values /usr/lib/python3/dist-packages/oslo_config/cfg.py:2602
2025-01-27 00:35:42.221 130375 DEBUG oslo_service.service [req-b523535a-f6ab-40ec-aada-97c782440be6 - - - - -] enabled_ssl_apis = [] log_opt_values /usr/lib/python3/dist-packages/oslo_config/cfg.py:2602
2025-01-27 00:35:42.221 130375 DEBUG oslo_service.service [req-b523535a-f6ab-40ec-aada-97c782440be6 - - - - -] fatal_deprecations = False log_opt_values /usr/lib/python3/dist-packages/oslo_config/cfg.py:2602
2025-01-27 00:35:42.221 130375 DEBUG oslo_service.service [req-b523535a-f6ab-40ec-aada-97c782440be6 - - - - -] flat_injected = False log_opt_values /usr/lib/python3/dist-packages/oslo_config/cfg.py:2602
2025-01-27 00:35:42.221 130375 DEBUG oslo_service.service [req-b523535a-f6ab-40ec-aada-97c782440be6 - - - - -] force_config_drive = False log_opt_values /usr/lib/python3/dist-packages/oslo_config/cfg.py:2602
2025-01-27 00:35:42.222 130375 DEBUG oslo_service.service [req-b523535a-f6ab-40ec-aada-97c782440be6 - - - - -] force_raw_images = True log_opt_values /usr/lib/python3/dist-packages/oslo_config/cfg.py:2602
2025-01-27 00:35:42.222 130375 DEBUG oslo_service.service [req-b523535a-f6ab-40ec-aada-97c782440be6 - - - - -] graceful_shutdown_timeout = 60 log_opt_values /usr/lib/python3/dist-packages/oslo_config/cfg.py:2602
2025-01-27 00:35:42.222 130375 DEBUG oslo_service.service [req-b523535a-f6ab-40ec-aada-97c782440be6 - - - - -] heal_instance_info_cache_interval = 60 log_opt_values /usr/lib/python3/dist-packages/oslo_config/cfg.py:2602
2025-01-27 00:35:42.223 130375 DEBUG oslo_service.service [req-b523535a-f6ab-40ec-aada-97c782440be6 - - - - -] host = juju-d15fdb-0-lxd-7 log_opt_values /usr/lib/python3/dist-packages/oslo_config/cfg.py:2602
2025-01-27 00:35:42.223 130375 DEBUG oslo_service.service [req-b523535a-f6ab-40ec-aada-97c782440be6 - - - - -] initial_cpu_allocation_ratio = 16.0 log_opt_values /usr/lib/python3/dist-packages/oslo_config/cfg.py:2602
2025-01-27 00:35:42.223 130375 DEBUG oslo_service.service [req-b523535a-f6ab-40ec-aada-97c782440be6 - - - - -] initial_disk_allocation_ratio = 1.0 log_opt_values /usr/lib/python3/dist-packages/oslo_config/cfg.py:2602
2025-01-27 00:35:42.223 130375 DEBUG oslo_service.service [req-b523535a-f6ab-40ec-aada-97c782440be6 - - - - -] initial_ram_allocation_ratio = 1.5 log_opt_values /usr/lib/python3/dist-packages/oslo_config/cfg.py:2602
2025-01-27 00:35:42.224 130375 DEBUG oslo_service.service [req-b523535a-f6ab-40ec-aada-97c782440be6 - - - - -] injected_network_template = /usr/lib/python3/dist-packages/nova/virt/interfaces.template log_opt_values /usr/lib/python3/dist-packages/oslo_config/cfg.py:2602
2025-01-27 00:35:42.224 130375 DEBUG oslo_service.service [req-b523535a-f6ab-40ec-aada-97c782440be6 - - - - -] instance_build_timeout = 0 log_opt_values /usr/lib/python3/dist-packages/oslo_config/cfg.py:2602
2025-01-27 00:35:42.224 130375 DEBUG oslo_service.service [req-b523535a-f6ab-40ec-aada-97c782440be6 - - - - -] instance_delete_interval = 300 log_opt_values /usr/lib/python3/dist-packages/oslo_config/cfg.py:2602
2025-01-27 00:35:42.224 130375 DEBUG oslo_service.service [req-b523535a-f6ab-40ec-aada-97c782440be6 - - - - -] instance_format = [instance: %(uuid)s] log_opt_values /usr/lib/python3/dist-packages/oslo_config/cfg.py:2602
2025-01-27 00:35:42.225 130375 DEBUG oslo_service.service [req-b523535a-f6ab-40ec-aada-97c782440be6 - - - - -] instance_name_template = instance-%08x log_opt_values /usr/lib/python3/dist-packages/oslo_config/cfg.py:2602
2025-01-27 00:35:42.225 130375 DEBUG oslo_service.service [req-b523535a-f6ab-40ec-aada-97c782440be6 - - - - -] instance_usage_audit = False log_opt_values /usr/lib/python3/dist-packages/oslo_config/cfg.py:2602
2025-01-27 00:35:42.225 130375 DEBUG oslo_service.service [req-b523535a-f6ab-40ec-aada-97c782440be6 - - - - -] instance_usage_audit_period = month log_opt_values /usr/lib/python3/dist-packages/oslo_config/cfg.py:2602
2025-01-27 00:35:42.225 130375 DEBUG oslo_service.service [req-b523535a-f6ab-40ec-aada-97c782440be6 - - - - -] instance_uuid_format = [instance: %(uuid)s] log_opt_values /usr/lib/python3/dist-packages/oslo_config/cfg.py:2602
2025-01-27 00:35:42.225 130375 DEBUG oslo_service.service [req-b523535a-f6ab-40ec-aada-97c782440be6 - - - - -] instances_path = /var/lib/nova/instances log_opt_values /usr/lib/python3/dist-packages/oslo_config/cfg.py:2602
2025-01-27 00:35:42.226 130375 DEBUG oslo_service.service [req-b523535a-f6ab-40ec-aada-97c782440be6 - - - - -] internal_service_availability_zone = internal log_opt_values /usr/lib/python3/dist-packages/oslo_config/cfg.py:2602
2025-01-27 00:35:42.226 130375 DEBUG oslo_service.service [req-b523535a-f6ab-40ec-aada-97c782440be6 - - - - -] key = None log_opt_values /usr/lib/python3/dist-packages/oslo_config/cfg.py:2602
2025-01-27 00:35:42.226 130375 DEBUG oslo_service.service [req-b523535a-f6ab-40ec-aada-97c782440be6 - - - - -] live_migration_retry_count = 30 log_opt_values /usr/lib/python3/dist-packages/oslo_config/cfg.py:2602
2025-01-27 00:35:42.227 130375 DEBUG oslo_service.service [req-b523535a-f6ab-40ec-aada-97c782440be6 - - - - -] log_config_append = None log_opt_values /usr/lib/python3/dist-packages/oslo_config/cfg.py:2602
2025-01-27 00:35:42.227 130375 DEBUG oslo_service.service [req-b523535a-f6ab-40ec-aada-97c782440be6 - - - - -] log_date_format = %Y-%m-%d %H:%M:%S log_opt_values /usr/lib/python3/dist-packages/oslo_config/cfg.py:2602
2025-01-27 00:35:42.227 130375 DEBUG oslo_service.service [req-b523535a-f6ab-40ec-aada-97c782440be6 - - - - -] log_dir = /var/log/nova log_opt_values /usr/lib/python3/dist-packages/oslo_config/cfg.py:2602
2025-01-27 00:35:42.227 130375 DEBUG oslo_service.service [req-b523535a-f6ab-40ec-aada-97c782440be6 - - - - -] log_file = /var/log/nova/nova-scheduler.log log_opt_values /usr/lib/python3/dist-packages/oslo_config/cfg.py:2602
2025-01-27 00:35:42.227 130375 DEBUG oslo_service.service [req-b523535a-f6ab-40ec-aada-97c782440be6 - - - - -] log_options = True log_opt_values /usr/lib/python3/dist-packages/oslo_config/cfg.py:2602
2025-01-27 00:35:42.227 130375 DEBUG oslo_service.service [req-b523535a-f6ab-40ec-aada-97c782440be6 - - - - -] log_rotate_interval = 1 log_opt_values /usr/lib/python3/dist-packages/oslo_config/cfg.py:2602
2025-01-27 00:35:42.228 130375 DEBUG oslo_service.service [req-b523535a-f6ab-40ec-aada-97c782440be6 - - - - -] log_rotate_interval_type = days log_opt_values /usr/lib/python3/dist-packages/oslo_config/cfg.py:2602
2025-01-27 00:35:42.228 130375 DEBUG oslo_service.service [req-b523535a-f6ab-40ec-aada-97c782440be6 - - - - -] log_rotation_type = none log_opt_values /usr/lib/python3/dist-packages/oslo_config/cfg.py:2602
2025-01-27 00:35:42.228 130375 DEBUG oslo_service.service [req-b523535a-f6ab-40ec-aada-97c782440be6 - - - - -] logging_context_format_string = %(asctime)s.%(msecs)03d %(process)d %(levelname)s %(name)s [%(request_id)s %(user_identity)s] %(instance)s%(message)s log_opt_values /usr/lib/python3/dist-packages/oslo_config/cfg.py:2602
2025-01-27 00:35:42.228 130375 DEBUG oslo_service.service [req-b523535a-f6ab-40ec-aada-97c782440be6 - - - - -] logging_debug_format_suffix = %(funcName)s %(pathname)s:%(lineno)d log_opt_values /usr/lib/python3/dist-packages/oslo_config/cfg.py:2602
2025-01-27 00:35:42.228 130375 DEBUG oslo_service.service [req-b523535a-f6ab-40ec-aada-97c782440be6 - - - - -] logging_default_format_string = %(asctime)s.%(msecs)03d %(process)d %(levelname)s %(name)s [-] %(instance)s%(message)s log_opt_values /usr/lib/python3/dist-packages/oslo_config/cfg.py:2602
2025-01-27 00:35:42.228 130375 DEBUG oslo_service.service [req-b523535a-f6ab-40ec-aada-97c782440be6 - - - - -] logging_exception_prefix = %(asctime)s.%(msecs)03d %(process)d ERROR %(name)s %(instance)s log_opt_values /usr/lib/python3/dist-packages/oslo_config/cfg.py:2602
2025-01-27 00:35:42.229 130375 DEBUG oslo_service.service [req-b523535a-f6ab-40ec-aada-97c782440be6 - - - - -] logging_user_identity_format = %(user)s %(project)s %(domain)s %(user_domain)s %(project_domain)s log_opt_values /usr/lib/python3/dist-packages/oslo_config/cfg.py:2602
2025-01-27 00:35:42.229 130375 DEBUG oslo_service.service [req-b523535a-f6ab-40ec-aada-97c782440be6 - - - - -] long_rpc_timeout = 1800 log_opt_values /usr/lib/python3/dist-packages/oslo_config/cfg.py:2602
2025-01-27 00:35:42.229 130375 DEBUG oslo_service.service [req-b523535a-f6ab-40ec-aada-97c782440be6 - - - - -] max_concurrent_builds = 10 log_opt_values /usr/lib/python3/dist-packages/oslo_config/cfg.py:2602
2025-01-27 00:35:42.229 130375 DEBUG oslo_service.service [req-b523535a-f6ab-40ec-aada-97c782440be6 - - - - -] max_concurrent_live_migrations = 1 log_opt_values /usr/lib/python3/dist-packages/oslo_config/cfg.py:2602
2025-01-27 00:35:42.230 130375 DEBUG oslo_service.service [req-b523535a-f6ab-40ec-aada-97c782440be6 - - - - -] max_concurrent_snapshots = 5 log_opt_values /usr/lib/python3/dist-packages/oslo_config/cfg.py:2602
2025-01-27 00:35:42.230 130375 DEBUG oslo_service.service [req-b523535a-f6ab-40ec-aada-97c782440be6 - - - - -] max_local_block_devices = 3 log_opt_values /usr/lib/python3/dist-packages/oslo_config/cfg.py:2602
2025-01-27 00:35:42.230 130375 DEBUG oslo_service.service [req-b523535a-f6ab-40ec-aada-97c782440be6 - - - - -] max_logfile_count = 30 log_opt_values /usr/lib/python3/dist-packages/oslo_config/cfg.py:2602
2025-01-27 00:35:42.231 130375 DEBUG oslo_service.service [req-b523535a-f6ab-40ec-aada-97c782440be6 - - - - -] max_logfile_size_mb = 200 log_opt_values /usr/lib/python3/dist-packages/oslo_config/cfg.py:2602
2025-01-27 00:35:42.231 130375 DEBUG oslo_service.service [req-b523535a-f6ab-40ec-aada-97c782440be6 - - - - -] maximum_instance_delete_attempts = 5 log_opt_values /usr/lib/python3/dist-packages/oslo_config/cfg.py:2602
2025-01-27 00:35:42.231 130375 DEBUG oslo_service.service [req-b523535a-f6ab-40ec-aada-97c782440be6 - - - - -] metadata_listen = 0.0.0.0 log_opt_values /usr/lib/python3/dist-packages/oslo_config/cfg.py:2602
2025-01-27 00:35:42.232 130375 DEBUG oslo_service.service [req-b523535a-f6ab-40ec-aada-97c782440be6 - - - - -] metadata_listen_port = 8765 log_opt_values /usr/lib/python3/dist-packages/oslo_config/cfg.py:2602
2025-01-27 00:35:42.232 130375 DEBUG oslo_service.service [req-b523535a-f6ab-40ec-aada-97c782440be6 - - - - -] metadata_workers = None log_opt_values /usr/lib/python3/dist-packages/oslo_config/cfg.py:2602
2025-01-27 00:35:42.232 130375 DEBUG oslo_service.service [req-b523535a-f6ab-40ec-aada-97c782440be6 - - - - -] migrate_max_retries = -1 log_opt_values /usr/lib/python3/dist-packages/oslo_config/cfg.py:2602
2025-01-27 00:35:42.232 130375 DEBUG oslo_service.service [req-b523535a-f6ab-40ec-aada-97c782440be6 - - - - -] mkisofs_cmd = genisoimage log_opt_values /usr/lib/python3/dist-packages/oslo_config/cfg.py:2602
2025-01-27 00:35:42.232 130375 DEBUG oslo_service.service [req-b523535a-f6ab-40ec-aada-97c782440be6 - - - - -] my_block_storage_ip = 252.31.119.17 log_opt_values /usr/lib/python3/dist-packages/oslo_config/cfg.py:2602
2025-01-27 00:35:42.233 130375 DEBUG oslo_service.service [req-b523535a-f6ab-40ec-aada-97c782440be6 - - - - -] my_ip = 252.31.119.17 log_opt_values /usr/lib/python3/dist-packages/oslo_config/cfg.py:2602
2025-01-27 00:35:42.233 130375 DEBUG oslo_service.service [req-b523535a-f6ab-40ec-aada-97c782440be6 - - - - -] network_allocate_retries = 0 log_opt_values /usr/lib/python3/dist-packages/oslo_config/cfg.py:2602
2025-01-27 00:35:42.233 130375 DEBUG oslo_service.service [req-b523535a-f6ab-40ec-aada-97c782440be6 - - - - -] non_inheritable_image_properties = ['cache_in_nova', 'bittorrent'] log_opt_values /usr/lib/python3/dist-packages/oslo_config/cfg.py:2602
2025-01-27 00:35:42.233 130375 DEBUG oslo_service.service [req-b523535a-f6ab-40ec-aada-97c782440be6 - - - - -] osapi_compute_listen = 0.0.0.0 log_opt_values /usr/lib/python3/dist-packages/oslo_config/cfg.py:2602
2025-01-27 00:35:42.233 130375 DEBUG oslo_service.service [req-b523535a-f6ab-40ec-aada-97c782440be6 - - - - -] osapi_compute_listen_port = 8764 log_opt_values /usr/lib/python3/dist-packages/oslo_config/cfg.py:2602
2025-01-27 00:35:42.234 130375 DEBUG oslo_service.service [req-b523535a-f6ab-40ec-aada-97c782440be6 - - - - -] osapi_compute_unique_server_name_scope = log_opt_values /usr/lib/python3/dist-packages/oslo_config/cfg.py:2602
2025-01-27 00:35:42.234 130375 DEBUG oslo_service.service [req-b523535a-f6ab-40ec-aada-97c782440be6 - - - - -] osapi_compute_workers = 4 log_opt_values /usr/lib/python3/dist-packages/oslo_config/cfg.py:2602
2025-01-27 00:35:42.234 130375 DEBUG oslo_service.service [req-b523535a-f6ab-40ec-aada-97c782440be6 - - - - -] password_length = 12 log_opt_values /usr/lib/python3/dist-packages/oslo_config/cfg.py:2602
2025-01-27 00:35:42.234 130690 DEBUG oslo_db.sqlalchemy.engines [req-3e221214-45b9-4b38-9ade-b962bec3eb01 - - - - -] MySQL server mode set to STRICT_TRANS_TABLES,STRICT_ALL_TABLES,NO_ZERO_IN_DATE,NO_ZERO_DATE,ERROR_FOR_DIVISION_BY_ZERO,TRADITIONAL,NO_ENGINE_SUBSTITUTION _check_effective_sql_mode /usr/lib/python3/dist-packages/oslo_db/sqlalchemy/engines.py:314
2025-01-27 00:35:42.234 130375 DEBUG oslo_service.service [req-b523535a-f6ab-40ec-aada-97c782440be6 - - - - -] periodic_enable = True log_opt_values /usr/lib/python3/dist-packages/oslo_config/cfg.py:2602
2025-01-27 00:35:42.234 130375 DEBUG oslo_service.service [req-b523535a-f6ab-40ec-aada-97c782440be6 - - - - -] periodic_fuzzy_delay = 60 log_opt_values /usr/lib/python3/dist-packages/oslo_config/cfg.py:2602
2025-01-27 00:35:42.235 130375 DEBUG oslo_service.service [req-b523535a-f6ab-40ec-aada-97c782440be6 - - - - -] pointer_model = usbtablet log_opt_values /usr/lib/python3/dist-packages/oslo_config/cfg.py:2602
2025-01-27 00:35:42.236 130375 DEBUG oslo_service.service [req-b523535a-f6ab-40ec-aada-97c782440be6 - - - - -] preallocate_images = none log_opt_values /usr/lib/python3/dist-packages/oslo_config/cfg.py:2602
2025-01-27 00:35:42.236 130375 DEBUG oslo_service.service [req-b523535a-f6ab-40ec-aada-97c782440be6 - - - - -] publish_errors = False log_opt_values /usr/lib/python3/dist-packages/oslo_config/cfg.py:2602
2025-01-27 00:35:42.237 130375 DEBUG oslo_service.service [req-b523535a-f6ab-40ec-aada-97c782440be6 - - - - -] pybasedir = /usr/lib/python3/dist-packages log_opt_values /usr/lib/python3/dist-packages/oslo_config/cfg.py:2602
2025-01-27 00:35:42.237 130375 DEBUG oslo_service.service [req-b523535a-f6ab-40ec-aada-97c782440be6 - - - - -] ram_allocation_ratio = 0.98 log_opt_values /usr/lib/python3/dist-packages/oslo_config/cfg.py:2602
2025-01-27 00:35:42.238 130375 DEBUG oslo_service.service [req-b523535a-f6ab-40ec-aada-97c782440be6 - - - - -] rate_limit_burst = 0 log_opt_values /usr/lib/python3/dist-packages/oslo_config/cfg.py:2602
2025-01-27 00:35:42.238 130375 DEBUG oslo_service.service [req-b523535a-f6ab-40ec-aada-97c782440be6 - - - - -] rate_limit_except_level = CRITICAL log_opt_values /usr/lib/python3/dist-packages/oslo_config/cfg.py:2602
2025-01-27 00:35:42.238 130375 DEBUG oslo_service.service [req-b523535a-f6ab-40ec-aada-97c782440be6 - - - - -] rate_limit_interval = 0 log_opt_values /usr/lib/python3/dist-packages/oslo_config/cfg.py:2602
2025-01-27 00:35:42.239 130375 DEBUG oslo_service.service [req-b523535a-f6ab-40ec-aada-97c782440be6 - - - - -] reboot_timeout = 0 log_opt_values /usr/lib/python3/dist-packages/oslo_config/cfg.py:2602
2025-01-27 00:35:42.240 130375 DEBUG oslo_service.service [req-b523535a-f6ab-40ec-aada-97c782440be6 - - - - -] reclaim_instance_interval = 0 log_opt_values /usr/lib/python3/dist-packages/oslo_config/cfg.py:2602
2025-01-27 00:35:42.240 130375 DEBUG oslo_service.service [req-b523535a-f6ab-40ec-aada-97c782440be6 - - - - -] record = None log_opt_values /usr/lib/python3/dist-packages/oslo_config/cfg.py:2602
2025-01-27 00:35:42.240 130375 DEBUG oslo_service.service [req-b523535a-f6ab-40ec-aada-97c782440be6 - - - - -] report_interval = 10 log_opt_values /usr/lib/python3/dist-packages/oslo_config/cfg.py:2602
2025-01-27 00:35:42.240 130375 DEBUG oslo_service.service [req-b523535a-f6ab-40ec-aada-97c782440be6 - - - - -] rescue_timeout = 0 log_opt_values /usr/lib/python3/dist-packages/oslo_config/cfg.py:2602
2025-01-27 00:35:42.240 130375 DEBUG oslo_service.service [req-b523535a-f6ab-40ec-aada-97c782440be6 - - - - -] reserved_host_cpus = 0 log_opt_values /usr/lib/python3/dist-packages/oslo_config/cfg.py:2602
2025-01-27 00:35:42.242 130375 DEBUG oslo_service.service [req-b523535a-f6ab-40ec-aada-97c782440be6 - - - - -] reserved_host_disk_mb = 0 log_opt_values /usr/lib/python3/dist-packages/oslo_config/cfg.py:2602
2025-01-27 00:35:42.242 130375 DEBUG oslo_service.service [req-b523535a-f6ab-40ec-aada-97c782440be6 - - - - -] reserved_host_memory_mb = 512 log_opt_values /usr/lib/python3/dist-packages/oslo_config/cfg.py:2602
2025-01-27 00:35:42.242 130375 DEBUG oslo_service.service [req-b523535a-f6ab-40ec-aada-97c782440be6 - - - - -] reserved_huge_pages = None log_opt_values /usr/lib/python3/dist-packages/oslo_config/cfg.py:2602
2025-01-27 00:35:42.242 130375 DEBUG oslo_service.service [req-b523535a-f6ab-40ec-aada-97c782440be6 - - - - -] resize_confirm_window = 0 log_opt_values /usr/lib/python3/dist-packages/oslo_config/cfg.py:2602
2025-01-27 00:35:42.242 130375 DEBUG oslo_service.service [req-b523535a-f6ab-40ec-aada-97c782440be6 - - - - -] resize_fs_using_block_device = False log_opt_values /usr/lib/python3/dist-packages/oslo_config/cfg.py:2602
2025-01-27 00:35:42.243 130375 DEBUG oslo_service.service [req-b523535a-f6ab-40ec-aada-97c782440be6 - - - - -] resume_guests_state_on_host_boot = False log_opt_values /usr/lib/python3/dist-packages/oslo_config/cfg.py:2602
2025-01-27 00:35:42.243 130375 DEBUG oslo_service.service [req-b523535a-f6ab-40ec-aada-97c782440be6 - - - - -] rootwrap_config = /etc/nova/rootwrap.conf log_opt_values /usr/lib/python3/dist-packages/oslo_config/cfg.py:2602
2025-01-27 00:35:42.243 130687 DEBUG nova.service [req-21c19833-cabb-4af6-b6de-1b84461c42fe - - - - -] Creating RPC server for service scheduler start /usr/lib/python3/dist-packages/nova/service.py:182
2025-01-27 00:35:42.244 130375 DEBUG oslo_service.service [req-b523535a-f6ab-40ec-aada-97c782440be6 - - - - -] run_external_periodic_tasks = True log_opt_values /usr/lib/python3/dist-packages/oslo_config/cfg.py:2602
2025-01-27 00:35:42.244 130375 DEBUG oslo_service.service [req-b523535a-f6ab-40ec-aada-97c782440be6 - - - - -] running_deleted_instance_action = reap log_opt_values /usr/lib/python3/dist-packages/oslo_config/cfg.py:2602
2025-01-27 00:35:42.244 130375 DEBUG oslo_service.service [req-b523535a-f6ab-40ec-aada-97c782440be6 - - - - -] running_deleted_instance_poll_interval = 1800 log_opt_values /usr/lib/python3/dist-packages/oslo_config/cfg.py:2602
2025-01-27 00:35:42.244 130375 DEBUG oslo_service.service [req-b523535a-f6ab-40ec-aada-97c782440be6 - - - - -] running_deleted_instance_timeout = 0 log_opt_values /usr/lib/python3/dist-packages/oslo_config/cfg.py:2602
2025-01-27 00:35:42.245 130375 DEBUG oslo_service.service [req-b523535a-f6ab-40ec-aada-97c782440be6 - - - - -] scheduler_instance_sync_interval = 120 log_opt_values /usr/lib/python3/dist-packages/oslo_config/cfg.py:2602
2025-01-27 00:35:42.245 130375 DEBUG oslo_service.service [req-b523535a-f6ab-40ec-aada-97c782440be6 - - - - -] service_down_time = 60 log_opt_values /usr/lib/python3/dist-packages/oslo_config/cfg.py:2602
2025-01-27 00:35:42.245 130375 DEBUG oslo_service.service [req-b523535a-f6ab-40ec-aada-97c782440be6 - - - - -] servicegroup_driver = db log_opt_values /usr/lib/python3/dist-packages/oslo_config/cfg.py:2602
2025-01-27 00:35:42.247 130375 DEBUG oslo_service.service [req-b523535a-f6ab-40ec-aada-97c782440be6 - - - - -] shelved_offload_time = 0 log_opt_values /usr/lib/python3/dist-packages/oslo_config/cfg.py:2602
2025-01-27 00:35:42.247 130375 DEBUG oslo_service.service [req-b523535a-f6ab-40ec-aada-97c782440be6 - - - - -] shelved_poll_interval = 3600 log_opt_values /usr/lib/python3/dist-packages/oslo_config/cfg.py:2602
2025-01-27 00:35:42.247 130375 DEBUG oslo_service.service [req-b523535a-f6ab-40ec-aada-97c782440be6 - - - - -] shutdown_timeout = 60 log_opt_values /usr/lib/python3/dist-packages/oslo_config/cfg.py:2602
2025-01-27 00:35:42.247 130375 DEBUG oslo_service.service [req-b523535a-f6ab-40ec-aada-97c782440be6 - - - - -] source_is_ipv6 = False log_opt_values /usr/lib/python3/dist-packages/oslo_config/cfg.py:2602
2025-01-27 00:35:42.248 130375 DEBUG oslo_service.service [req-b523535a-f6ab-40ec-aada-97c782440be6 - - - - -] ssl_only = False log_opt_values /usr/lib/python3/dist-packages/oslo_config/cfg.py:2602
2025-01-27 00:35:42.248 130375 DEBUG oslo_service.service [req-b523535a-f6ab-40ec-aada-97c782440be6 - - - - -] state_path = /var/lib/nova log_opt_values /usr/lib/python3/dist-packages/oslo_config/cfg.py:2602
2025-01-27 00:35:42.249 130375 DEBUG oslo_service.service [req-b523535a-f6ab-40ec-aada-97c782440be6 - - - - -] sync_power_state_interval = 600 log_opt_values /usr/lib/python3/dist-packages/oslo_config/cfg.py:2602
2025-01-27 00:35:42.249 130375 DEBUG oslo_service.service [req-b523535a-f6ab-40ec-aada-97c782440be6 - - - - -] sync_power_state_pool_size = 1000 log_opt_values /usr/lib/python3/dist-packages/oslo_config/cfg.py:2602
2025-01-27 00:35:42.249 130375 DEBUG oslo_service.service [req-b523535a-f6ab-40ec-aada-97c782440be6 - - - - -] syslog_log_facility = LOG_USER log_opt_values /usr/lib/python3/dist-packages/oslo_config/cfg.py:2602
2025-01-27 00:35:42.249 130375 DEBUG oslo_service.service [req-b523535a-f6ab-40ec-aada-97c782440be6 - - - - -] tempdir = None log_opt_values /usr/lib/python3/dist-packages/oslo_config/cfg.py:2602
2025-01-27 00:35:42.249 130375 DEBUG oslo_service.service [req-b523535a-f6ab-40ec-aada-97c782440be6 - - - - -] timeout_nbd = 10 log_opt_values /usr/lib/python3/dist-packages/oslo_config/cfg.py:2602
2025-01-27 00:35:42.249 130375 DEBUG oslo_service.service [req-b523535a-f6ab-40ec-aada-97c782440be6 - - - - -] transport_url = **** log_opt_values /usr/lib/python3/dist-packages/oslo_config/cfg.py:2602
2025-01-27 00:35:42.249 130689 DEBUG nova.service [req-daf4f687-5fc3-4304-961b-c6dbe18aa809 - - - - -] Creating RPC server for service scheduler start /usr/lib/python3/dist-packages/nova/service.py:182
2025-01-27 00:35:42.250 130375 DEBUG oslo_service.service [req-b523535a-f6ab-40ec-aada-97c782440be6 - - - - -] update_resources_interval = 0 log_opt_values /usr/lib/python3/dist-packages/oslo_config/cfg.py:2602
2025-01-27 00:35:42.250 130375 DEBUG oslo_service.service [req-b523535a-f6ab-40ec-aada-97c782440be6 - - - - -] use_cow_images = True log_opt_values /usr/lib/python3/dist-packages/oslo_config/cfg.py:2602
2025-01-27 00:35:42.250 130375 DEBUG oslo_service.service [req-b523535a-f6ab-40ec-aada-97c782440be6 - - - - -] use_eventlog = False log_opt_values /usr/lib/python3/dist-packages/oslo_config/cfg.py:2602
2025-01-27 00:35:42.250 130375 DEBUG oslo_service.service [req-b523535a-f6ab-40ec-aada-97c782440be6 - - - - -] use_journal = False log_opt_values /usr/lib/python3/dist-packages/oslo_config/cfg.py:2602
2025-01-27 00:35:42.250 130375 DEBUG oslo_service.service [req-b523535a-f6ab-40ec-aada-97c782440be6 - - - - -] use_json = False log_opt_values /usr/lib/python3/dist-packages/oslo_config/cfg.py:2602
2025-01-27 00:35:42.251 130375 DEBUG oslo_service.service [req-b523535a-f6ab-40ec-aada-97c782440be6 - - - - -] use_rootwrap_daemon = False log_opt_values /usr/lib/python3/dist-packages/oslo_config/cfg.py:2602
2025-01-27 00:35:42.251 130375 DEBUG oslo_service.service [req-b523535a-f6ab-40ec-aada-97c782440be6 - - - - -] use_stderr = False log_opt_values /usr/lib/python3/dist-packages/oslo_config/cfg.py:2602
2025-01-27 00:35:42.251 130375 DEBUG oslo_service.service [req-b523535a-f6ab-40ec-aada-97c782440be6 - - - - -] use_syslog = False log_opt_values /usr/lib/python3/dist-packages/oslo_config/cfg.py:2602
2025-01-27 00:35:42.251 130375 DEBUG oslo_service.service [req-b523535a-f6ab-40ec-aada-97c782440be6 - - - - -] vcpu_pin_set = None log_opt_values /usr/lib/python3/dist-packages/oslo_config/cfg.py:2602
2025-01-27 00:35:42.251 130688 DEBUG nova.service [req-bb0c9128-c684-4746-b4ec-0008495e7230 - - - - -] Creating RPC server for service scheduler start /usr/lib/python3/dist-packages/nova/service.py:182
2025-01-27 00:35:42.251 130375 DEBUG oslo_service.service [req-b523535a-f6ab-40ec-aada-97c782440be6 - - - - -] vif_plugging_is_fatal = True log_opt_values /usr/lib/python3/dist-packages/oslo_config/cfg.py:2602
2025-01-27 00:35:42.251 130375 DEBUG oslo_service.service [req-b523535a-f6ab-40ec-aada-97c782440be6 - - - - -] vif_plugging_timeout = 300 log_opt_values /usr/lib/python3/dist-packages/oslo_config/cfg.py:2602
2025-01-27 00:35:42.252 130375 DEBUG oslo_service.service [req-b523535a-f6ab-40ec-aada-97c782440be6 - - - - -] virt_mkfs = [] log_opt_values /usr/lib/python3/dist-packages/oslo_config/cfg.py:2602
2025-01-27 00:35:42.252 130375 DEBUG oslo_service.service [req-b523535a-f6ab-40ec-aada-97c782440be6 - - - - -] volume_usage_poll_interval = 0 log_opt_values /usr/lib/python3/dist-packages/oslo_config/cfg.py:2602
2025-01-27 00:35:42.252 130375 DEBUG oslo_service.service [req-b523535a-f6ab-40ec-aada-97c782440be6 - - - - -] watch_log_file = False log_opt_values /usr/lib/python3/dist-packages/oslo_config/cfg.py:2602
2025-01-27 00:35:42.252 130375 DEBUG oslo_service.service [req-b523535a-f6ab-40ec-aada-97c782440be6 - - - - -] web = /usr/share/spice-html5 log_opt_values /usr/lib/python3/dist-packages/oslo_config/cfg.py:2602
2025-01-27 00:35:42.253 130375 DEBUG oslo_service.service [req-b523535a-f6ab-40ec-aada-97c782440be6 - - - - -] oslo_concurrency.disable_process_locking = False log_opt_values /usr/lib/python3/dist-packages/oslo_config/cfg.py:2609
2025-01-27 00:35:42.253 130375 DEBUG oslo_service.service [req-b523535a-f6ab-40ec-aada-97c782440be6 - - - - -] oslo_concurrency.lock_path = /var/lock/nova log_opt_values /usr/lib/python3/dist-packages/oslo_config/cfg.py:2609
2025-01-27 00:35:42.253 130375 WARNING oslo_config.cfg [req-b523535a-f6ab-40ec-aada-97c782440be6 - - - - -] Deprecated: Option "auth_strategy" from group "api" is deprecated for removal ( The only non-default choice, ``noauth2``, is for internal development and testing purposes only and should not be used in deployments. This option and its middleware, NoAuthMiddleware[V2_18], will be removed in a future release. ). Its value may be silently ignored in the future.
2025-01-27 00:35:42.253 130375 DEBUG oslo_service.service [req-b523535a-f6ab-40ec-aada-97c782440be6 - - - - -] api.auth_strategy = keystone log_opt_values /usr/lib/python3/dist-packages/oslo_config/cfg.py:2609
2025-01-27 00:35:42.254 130375 DEBUG oslo_service.service [req-b523535a-f6ab-40ec-aada-97c782440be6 - - - - -] api.compute_link_prefix = None log_opt_values /usr/lib/python3/dist-packages/oslo_config/cfg.py:2609
2025-01-27 00:35:42.254 130375 DEBUG oslo_service.service [req-b523535a-f6ab-40ec-aada-97c782440be6 - - - - -] api.config_drive_skip_versions = 1.0 2007-01-19 2007-03-01 2007-08-29 2007-10-10 2007-12-15 2008-02-01 2008-09-01 log_opt_values /usr/lib/python3/dist-packages/oslo_config/cfg.py:2609
2025-01-27 00:35:42.254 130375 DEBUG oslo_service.service [req-b523535a-f6ab-40ec-aada-97c782440be6 - - - - -] api.dhcp_domain = novalocal log_opt_values /usr/lib/python3/dist-packages/oslo_config/cfg.py:2609
2025-01-27 00:35:42.255 130375 DEBUG oslo_service.service [req-b523535a-f6ab-40ec-aada-97c782440be6 - - - - -] api.enable_instance_password = True log_opt_values /usr/lib/python3/dist-packages/oslo_config/cfg.py:2609
2025-01-27 00:35:42.255 130375 DEBUG oslo_service.service [req-b523535a-f6ab-40ec-aada-97c782440be6 - - - - -] api.glance_link_prefix = None log_opt_values /usr/lib/python3/dist-packages/oslo_config/cfg.py:2609
2025-01-27 00:35:42.255 130375 DEBUG oslo_service.service [req-b523535a-f6ab-40ec-aada-97c782440be6 - - - - -] api.instance_list_cells_batch_fixed_size = 100 log_opt_values /usr/lib/python3/dist-packages/oslo_config/cfg.py:2609
2025-01-27 00:35:42.255 130375 DEBUG oslo_service.service [req-b523535a-f6ab-40ec-aada-97c782440be6 - - - - -] api.instance_list_cells_batch_strategy = distributed log_opt_values /usr/lib/python3/dist-packages/oslo_config/cfg.py:2609
2025-01-27 00:35:42.256 130375 DEBUG oslo_service.service [req-b523535a-f6ab-40ec-aada-97c782440be6 - - - - -] api.instance_list_per_project_cells = False log_opt_values /usr/lib/python3/dist-packages/oslo_config/cfg.py:2609
2025-01-27 00:35:42.256 130375 DEBUG oslo_service.service [req-b523535a-f6ab-40ec-aada-97c782440be6 - - - - -] api.list_records_by_skipping_down_cells = True log_opt_values /usr/lib/python3/dist-packages/oslo_config/cfg.py:2609
2025-01-27 00:35:42.256 130375 DEBUG oslo_service.service [req-b523535a-f6ab-40ec-aada-97c782440be6 - - - - -] api.local_metadata_per_cell = False log_opt_values /usr/lib/python3/dist-packages/oslo_config/cfg.py:2609
2025-01-27 00:35:42.256 130375 DEBUG oslo_service.service [req-b523535a-f6ab-40ec-aada-97c782440be6 - - - - -] api.max_limit = 1000 log_opt_values /usr/lib/python3/dist-packages/oslo_config/cfg.py:2609
2025-01-27 00:35:42.258 130690 DEBUG nova.service [req-3e221214-45b9-4b38-9ade-b962bec3eb01 - - - - -] Creating RPC server for service scheduler start /usr/lib/python3/dist-packages/nova/service.py:182
2025-01-27 00:35:42.258 130375 DEBUG oslo_service.service [req-b523535a-f6ab-40ec-aada-97c782440be6 - - - - -] api.metadata_cache_expiration = 15 log_opt_values /usr/lib/python3/dist-packages/oslo_config/cfg.py:2609
2025-01-27 00:35:42.261 130375 DEBUG oslo_service.service [req-b523535a-f6ab-40ec-aada-97c782440be6 - - - - -] api.neutron_default_tenant_id = default log_opt_values /usr/lib/python3/dist-packages/oslo_config/cfg.py:2609
2025-01-27 00:35:42.261 130375 DEBUG oslo_service.service [req-b523535a-f6ab-40ec-aada-97c782440be6 - - - - -] api.use_forwarded_for = False log_opt_values /usr/lib/python3/dist-packages/oslo_config/cfg.py:2609
2025-01-27 00:35:42.263 130375 DEBUG oslo_service.service [req-b523535a-f6ab-40ec-aada-97c782440be6 - - - - -] api.use_neutron_default_nets = False log_opt_values /usr/lib/python3/dist-packages/oslo_config/cfg.py:2609
2025-01-27 00:35:42.264 130375 DEBUG oslo_service.service [req-b523535a-f6ab-40ec-aada-97c782440be6 - - - - -] api.vendordata_dynamic_connect_timeout = 5 log_opt_values /usr/lib/python3/dist-packages/oslo_config/cfg.py:2609
2025-01-27 00:35:42.265 130375 DEBUG oslo_service.service [req-b523535a-f6ab-40ec-aada-97c782440be6 - - - - -] api.vendordata_dynamic_failure_fatal = False log_opt_values /usr/lib/python3/dist-packages/oslo_config/cfg.py:2609
2025-01-27 00:35:42.266 130375 DEBUG oslo_service.service [req-b523535a-f6ab-40ec-aada-97c782440be6 - - - - -] api.vendordata_dynamic_read_timeout = 5 log_opt_values /usr/lib/python3/dist-packages/oslo_config/cfg.py:2609
2025-01-27 00:35:42.266 130375 DEBUG oslo_service.service [req-b523535a-f6ab-40ec-aada-97c782440be6 - - - - -] api.vendordata_dynamic_ssl_certfile = log_opt_values /usr/lib/python3/dist-packages/oslo_config/cfg.py:2609
2025-01-27 00:35:42.266 130375 DEBUG oslo_service.service [req-b523535a-f6ab-40ec-aada-97c782440be6 - - - - -] api.vendordata_dynamic_targets = [] log_opt_values /usr/lib/python3/dist-packages/oslo_config/cfg.py:2609
2025-01-27 00:35:42.267 130375 DEBUG oslo_service.service [req-b523535a-f6ab-40ec-aada-97c782440be6 - - - - -] api.vendordata_jsonfile_path = None log_opt_values /usr/lib/python3/dist-packages/oslo_config/cfg.py:2609
2025-01-27 00:35:42.268 130375 DEBUG oslo_service.service [req-b523535a-f6ab-40ec-aada-97c782440be6 - - - - -] api.vendordata_providers = ['StaticJSON'] log_opt_values /usr/lib/python3/dist-packages/oslo_config/cfg.py:2609
2025-01-27 00:35:42.271 130375 DEBUG oslo_service.service [req-b523535a-f6ab-40ec-aada-97c782440be6 - - - - -] cache.backend = dogpile.cache.null log_opt_values /usr/lib/python3/dist-packages/oslo_config/cfg.py:2609
2025-01-27 00:35:42.272 130375 DEBUG oslo_service.service [req-b523535a-f6ab-40ec-aada-97c782440be6 - - - - -] cache.backend_argument = **** log_opt_values /usr/lib/python3/dist-packages/oslo_config/cfg.py:2609
2025-01-27 00:35:42.273 130375 DEBUG oslo_service.service [req-b523535a-f6ab-40ec-aada-97c782440be6 - - - - -] cache.config_prefix = cache.oslo log_opt_values /usr/lib/python3/dist-packages/oslo_config/cfg.py:2609
2025-01-27 00:35:42.273 130375 DEBUG oslo_service.service [req-b523535a-f6ab-40ec-aada-97c782440be6 - - - - -] cache.debug_cache_backend = False log_opt_values /usr/lib/python3/dist-packages/oslo_config/cfg.py:2609
2025-01-27 00:35:42.274 130375 DEBUG oslo_service.service [req-b523535a-f6ab-40ec-aada-97c782440be6 - - - - -] cache.enabled = False log_opt_values /usr/lib/python3/dist-packages/oslo_config/cfg.py:2609
2025-01-27 00:35:42.274 130375 DEBUG oslo_service.service [req-b523535a-f6ab-40ec-aada-97c782440be6 - - - - -] cache.expiration_time = 600 log_opt_values /usr/lib/python3/dist-packages/oslo_config/cfg.py:2609
2025-01-27 00:35:42.274 130375 DEBUG oslo_service.service [req-b523535a-f6ab-40ec-aada-97c782440be6 - - - - -] cache.memcache_dead_retry = 300 log_opt_values /usr/lib/python3/dist-packages/oslo_config/cfg.py:2609
2025-01-27 00:35:42.274 130375 DEBUG oslo_service.service [req-b523535a-f6ab-40ec-aada-97c782440be6 - - - - -] cache.memcache_pool_connection_get_timeout = 10 log_opt_values /usr/lib/python3/dist-packages/oslo_config/cfg.py:2609
2025-01-27 00:35:42.274 130375 DEBUG oslo_service.service [req-b523535a-f6ab-40ec-aada-97c782440be6 - - - - -] cache.memcache_pool_flush_on_reconnect = False log_opt_values /usr/lib/python3/dist-packages/oslo_config/cfg.py:2609
2025-01-27 00:35:42.275 130375 DEBUG oslo_service.service [req-b523535a-f6ab-40ec-aada-97c782440be6 - - - - -] cache.memcache_pool_maxsize = 10 log_opt_values /usr/lib/python3/dist-packages/oslo_config/cfg.py:2609
2025-01-27 00:35:42.275 130375 DEBUG oslo_service.service [req-b523535a-f6ab-40ec-aada-97c782440be6 - - - - -] cache.memcache_pool_unused_timeout = 60 log_opt_values /usr/lib/python3/dist-packages/oslo_config/cfg.py:2609
2025-01-27 00:35:42.275 130375 DEBUG oslo_service.service [req-b523535a-f6ab-40ec-aada-97c782440be6 - - - - -] cache.memcache_servers = ['localhost:11211'] log_opt_values /usr/lib/python3/dist-packages/oslo_config/cfg.py:2609
2025-01-27 00:35:42.275 130375 DEBUG oslo_service.service [req-b523535a-f6ab-40ec-aada-97c782440be6 - - - - -] cache.memcache_socket_timeout = 1.0 log_opt_values /usr/lib/python3/dist-packages/oslo_config/cfg.py:2609
2025-01-27 00:35:42.275 130375 DEBUG oslo_service.service [req-b523535a-f6ab-40ec-aada-97c782440be6 - - - - -] cache.proxies = [] log_opt_values /usr/lib/python3/dist-packages/oslo_config/cfg.py:2609
2025-01-27 00:35:42.276 130375 DEBUG oslo_service.service [req-b523535a-f6ab-40ec-aada-97c782440be6 - - - - -] cache.tls_allowed_ciphers = None log_opt_values /usr/lib/python3/dist-packages/oslo_config/cfg.py:2609
2025-01-27 00:35:42.276 130375 DEBUG oslo_service.service [req-b523535a-f6ab-40ec-aada-97c782440be6 - - - - -] cache.tls_cafile = None log_opt_values /usr/lib/python3/dist-packages/oslo_config/cfg.py:2609
2025-01-27 00:35:42.276 130375 DEBUG oslo_service.service [req-b523535a-f6ab-40ec-aada-97c782440be6 - - - - -] cache.tls_certfile = None log_opt_values /usr/lib/python3/dist-packages/oslo_config/cfg.py:2609
2025-01-27 00:35:42.276 130375 DEBUG oslo_service.service [req-b523535a-f6ab-40ec-aada-97c782440be6 - - - - -] cache.tls_enabled = False log_opt_values /usr/lib/python3/dist-packages/oslo_config/cfg.py:2609
2025-01-27 00:35:42.277 130375 DEBUG oslo_service.service [req-b523535a-f6ab-40ec-aada-97c782440be6 - - - - -] cache.tls_keyfile = None log_opt_values /usr/lib/python3/dist-packages/oslo_config/cfg.py:2609
2025-01-27 00:35:42.277 130375 DEBUG oslo_service.service [req-b523535a-f6ab-40ec-aada-97c782440be6 - - - - -] cinder.auth_section = None log_opt_values /usr/lib/python3/dist-packages/oslo_config/cfg.py:2609
2025-01-27 00:35:42.277 130375 DEBUG oslo_service.service [req-b523535a-f6ab-40ec-aada-97c782440be6 - - - - -] cinder.auth_type = None log_opt_values /usr/lib/python3/dist-packages/oslo_config/cfg.py:2609
2025-01-27 00:35:42.277 130688 DEBUG oslo_messaging._drivers.amqpdriver [-] Listener is running poll /usr/lib/python3/dist-packages/oslo_messaging/_drivers/amqpdriver.py:343
2025-01-27 00:35:42.278 130375 DEBUG oslo_service.service [req-b523535a-f6ab-40ec-aada-97c782440be6 - - - - -] cinder.cafile = None log_opt_values /usr/lib/python3/dist-packages/oslo_config/cfg.py:2609
2025-01-27 00:35:42.278 130688 DEBUG oslo_messaging._drivers.amqpdriver [-] AMQPListener connection consume poll /usr/lib/python3/dist-packages/oslo_messaging/_drivers/amqpdriver.py:357
2025-01-27 00:35:42.278 130687 DEBUG oslo_messaging._drivers.amqpdriver [-] Listener is running poll /usr/lib/python3/dist-packages/oslo_messaging/_drivers/amqpdriver.py:343
2025-01-27 00:35:42.278 130375 DEBUG oslo_service.service [req-b523535a-f6ab-40ec-aada-97c782440be6 - - - - -] cinder.catalog_info = volumev3::publicURL log_opt_values /usr/lib/python3/dist-packages/oslo_config/cfg.py:2609
2025-01-27 00:35:42.278 130687 DEBUG oslo_messaging._drivers.amqpdriver [-] AMQPListener connection consume poll /usr/lib/python3/dist-packages/oslo_messaging/_drivers/amqpdriver.py:357
2025-01-27 00:35:42.278 130375 DEBUG oslo_service.service [req-b523535a-f6ab-40ec-aada-97c782440be6 - - - - -] cinder.certfile = None log_opt_values /usr/lib/python3/dist-packages/oslo_config/cfg.py:2609
2025-01-27 00:35:42.279 130375 DEBUG oslo_service.service [req-b523535a-f6ab-40ec-aada-97c782440be6 - - - - -] cinder.collect_timing = False log_opt_values /usr/lib/python3/dist-packages/oslo_config/cfg.py:2609
2025-01-27 00:35:42.278 130688 DEBUG nova.service [req-bb0c9128-c684-4746-b4ec-0008495e7230 - - - - -] Join ServiceGroup membership for this service scheduler start /usr/lib/python3/dist-packages/nova/service.py:199
2025-01-27 00:35:42.279 130375 DEBUG oslo_service.service [req-b523535a-f6ab-40ec-aada-97c782440be6 - - - - -] cinder.cross_az_attach = True log_opt_values /usr/lib/python3/dist-packages/oslo_config/cfg.py:2609
2025-01-27 00:35:42.279 130375 DEBUG oslo_service.service [req-b523535a-f6ab-40ec-aada-97c782440be6 - - - - -] cinder.debug = False log_opt_values /usr/lib/python3/dist-packages/oslo_config/cfg.py:2609
2025-01-27 00:35:42.279 130375 DEBUG oslo_service.service [req-b523535a-f6ab-40ec-aada-97c782440be6 - - - - -] cinder.endpoint_template = None log_opt_values /usr/lib/python3/dist-packages/oslo_config/cfg.py:2609
2025-01-27 00:35:42.279 130688 DEBUG nova.servicegroup.drivers.db [req-bb0c9128-c684-4746-b4ec-0008495e7230 - - - - -] DB_Driver: join new ServiceGroup member juju-d15fdb-0-lxd-7 to the scheduler group, service = join /usr/lib/python3/dist-packages/nova/servicegroup/drivers/db.py:44
2025-01-27 00:35:42.279 130375 DEBUG oslo_service.service [req-b523535a-f6ab-40ec-aada-97c782440be6 - - - - -] cinder.http_retries = 3 log_opt_values /usr/lib/python3/dist-packages/oslo_config/cfg.py:2609
2025-01-27 00:35:42.279 130375 DEBUG oslo_service.service [req-b523535a-f6ab-40ec-aada-97c782440be6 - - - - -] cinder.insecure = False log_opt_values /usr/lib/python3/dist-packages/oslo_config/cfg.py:2609
2025-01-27 00:35:42.280 130375 DEBUG oslo_service.service [req-b523535a-f6ab-40ec-aada-97c782440be6 - - - - -] cinder.keyfile = None log_opt_values /usr/lib/python3/dist-packages/oslo_config/cfg.py:2609
2025-01-27 00:35:42.280 130375 DEBUG oslo_service.service [req-b523535a-f6ab-40ec-aada-97c782440be6 - - - - -] cinder.os_region_name = None log_opt_values /usr/lib/python3/dist-packages/oslo_config/cfg.py:2609
2025-01-27 00:35:42.280 130375 DEBUG oslo_service.service [req-b523535a-f6ab-40ec-aada-97c782440be6 - - - - -] cinder.split_loggers = False log_opt_values /usr/lib/python3/dist-packages/oslo_config/cfg.py:2609
2025-01-27 00:35:42.281 130375 DEBUG oslo_service.service [req-b523535a-f6ab-40ec-aada-97c782440be6 - - - - -] cinder.timeout = None log_opt_values /usr/lib/python3/dist-packages/oslo_config/cfg.py:2609
2025-01-27 00:35:42.281 130375 DEBUG oslo_service.service [req-b523535a-f6ab-40ec-aada-97c782440be6 - - - - -] compute.consecutive_build_service_disable_threshold = 10 log_opt_values /usr/lib/python3/dist-packages/oslo_config/cfg.py:2609
2025-01-27 00:35:42.281 130375 DEBUG oslo_service.service [req-b523535a-f6ab-40ec-aada-97c782440be6 - - - - -] compute.cpu_dedicated_set = None log_opt_values /usr/lib/python3/dist-packages/oslo_config/cfg.py:2609
2025-01-27 00:35:42.282 130375 DEBUG oslo_service.service [req-b523535a-f6ab-40ec-aada-97c782440be6 - - - - -] compute.cpu_shared_set = None log_opt_values /usr/lib/python3/dist-packages/oslo_config/cfg.py:2609
2025-01-27 00:35:42.282 130375 DEBUG oslo_service.service [req-b523535a-f6ab-40ec-aada-97c782440be6 - - - - -] compute.image_type_exclude_list = [] log_opt_values /usr/lib/python3/dist-packages/oslo_config/cfg.py:2609
2025-01-27 00:35:42.282 130375 DEBUG oslo_service.service [req-b523535a-f6ab-40ec-aada-97c782440be6 - - - - -] compute.live_migration_wait_for_vif_plug = True log_opt_values /usr/lib/python3/dist-packages/oslo_config/cfg.py:2609
2025-01-27 00:35:42.282 130688 DEBUG oslo_messaging._drivers.amqpdriver [-] AMQPListener connection timeout poll /usr/lib/python3/dist-packages/oslo_messaging/_drivers/amqpdriver.py:360
2025-01-27 00:35:42.282 130375 DEBUG oslo_service.service [req-b523535a-f6ab-40ec-aada-97c782440be6 - - - - -] compute.max_concurrent_disk_ops = 0 log_opt_values /usr/lib/python3/dist-packages/oslo_config/cfg.py:2609
2025-01-27 00:35:42.282 130688 DEBUG oslo_messaging._drivers.amqpdriver [-] Listener is running poll /usr/lib/python3/dist-packages/oslo_messaging/_drivers/amqpdriver.py:343
2025-01-27 00:35:42.282 130688 DEBUG oslo_messaging._drivers.amqpdriver [-] AMQPListener connection consume poll /usr/lib/python3/dist-packages/oslo_messaging/_drivers/amqpdriver.py:357
2025-01-27 00:35:42.282 130375 DEBUG oslo_service.service [req-b523535a-f6ab-40ec-aada-97c782440be6 - - - - -] compute.max_disk_devices_to_attach = -1 log_opt_values /usr/lib/python3/dist-packages/oslo_config/cfg.py:2609
2025-01-27 00:35:42.283 130375 DEBUG oslo_service.service [req-b523535a-f6ab-40ec-aada-97c782440be6 - - - - -] compute.packing_host_numa_cells_allocation_strategy = True log_opt_values /usr/lib/python3/dist-packages/oslo_config/cfg.py:2609
2025-01-27 00:35:42.283 130375 DEBUG oslo_service.service [req-b523535a-f6ab-40ec-aada-97c782440be6 - - - - -] compute.provider_config_location = /etc/nova/provider_config/ log_opt_values /usr/lib/python3/dist-packages/oslo_config/cfg.py:2609
2025-01-27 00:35:42.283 130687 DEBUG nova.service [req-21c19833-cabb-4af6-b6de-1b84461c42fe - - - - -] Join ServiceGroup membership for this service scheduler start /usr/lib/python3/dist-packages/nova/service.py:199
2025-01-27 00:35:42.283 130689 DEBUG oslo_messaging._drivers.amqpdriver [-] Listener is running poll /usr/lib/python3/dist-packages/oslo_messaging/_drivers/amqpdriver.py:343
2025-01-27 00:35:42.283 130375 DEBUG oslo_service.service [req-b523535a-f6ab-40ec-aada-97c782440be6 - - - - -] compute.resource_provider_association_refresh = 300 log_opt_values /usr/lib/python3/dist-packages/oslo_config/cfg.py:2609
2025-01-27 00:35:42.283 130689 DEBUG oslo_messaging._drivers.amqpdriver [-] AMQPListener connection consume poll /usr/lib/python3/dist-packages/oslo_messaging/_drivers/amqpdriver.py:357
2025-01-27 00:35:42.283 130690 DEBUG oslo_messaging._drivers.amqpdriver [-] Listener is running poll /usr/lib/python3/dist-packages/oslo_messaging/_drivers/amqpdriver.py:343
2025-01-27 00:35:42.283 130687 DEBUG nova.servicegroup.drivers.db [req-21c19833-cabb-4af6-b6de-1b84461c42fe - - - - -] DB_Driver: join new ServiceGroup member juju-d15fdb-0-lxd-7 to the scheduler group, service = join /usr/lib/python3/dist-packages/nova/servicegroup/drivers/db.py:44
2025-01-27 00:35:42.283 130375 DEBUG oslo_service.service [req-b523535a-f6ab-40ec-aada-97c782440be6 - - - - -] compute.shutdown_retry_interval = 10 log_opt_values /usr/lib/python3/dist-packages/oslo_config/cfg.py:2609
2025-01-27 00:35:42.283 130690 DEBUG oslo_messaging._drivers.amqpdriver [-] AMQPListener connection consume poll /usr/lib/python3/dist-packages/oslo_messaging/_drivers/amqpdriver.py:357
2025-01-27 00:35:42.283 130375 DEBUG oslo_service.service [req-b523535a-f6ab-40ec-aada-97c782440be6 - - - - -] compute.vmdk_allowed_types = ['streamOptimized', 'monolithicSparse'] log_opt_values /usr/lib/python3/dist-packages/oslo_config/cfg.py:2609
2025-01-27 00:35:42.284 130375 DEBUG oslo_service.service [req-b523535a-f6ab-40ec-aada-97c782440be6 - - - - -] conductor.workers = 4 log_opt_values /usr/lib/python3/dist-packages/oslo_config/cfg.py:2609
2025-01-27 00:35:42.284 130375 DEBUG oslo_service.service [req-b523535a-f6ab-40ec-aada-97c782440be6 - - - - -] console.allowed_origins = [] log_opt_values /usr/lib/python3/dist-packages/oslo_config/cfg.py:2609
2025-01-27 00:35:42.284 130687 DEBUG oslo_messaging._drivers.amqpdriver [-] AMQPListener connection timeout poll /usr/lib/python3/dist-packages/oslo_messaging/_drivers/amqpdriver.py:360
2025-01-27 00:35:42.284 130687 DEBUG oslo_messaging._drivers.amqpdriver [-] Listener is running poll /usr/lib/python3/dist-packages/oslo_messaging/_drivers/amqpdriver.py:343
2025-01-27 00:35:42.284 130375 DEBUG oslo_service.service [req-b523535a-f6ab-40ec-aada-97c782440be6 - - - - -] console.ssl_ciphers = None log_opt_values /usr/lib/python3/dist-packages/oslo_config/cfg.py:2609
