2024-08-22 00:38:21.686 136655 DEBUG oslo_service.service [req-4fe80728-d4cb-48d2-9fc0-26b4dec5fb17 - - - - -] wsgi.tcp_keepidle = 600 log_opt_values /usr/lib/python3/dist-packages/oslo_config/cfg.py:2609
2024-08-22 00:38:21.686 136655 DEBUG oslo_service.service [req-4fe80728-d4cb-48d2-9fc0-26b4dec5fb17 - - - - -] wsgi.wsgi_log_format = %(client_ip)s "%(request_line)s" status: %(status_code)s len: %(body_length)s time: %(wall_seconds).7f log_opt_values /usr/lib/python3/dist-packages/oslo_config/cfg.py:2609
2024-08-22 00:38:21.686 136655 DEBUG oslo_service.service [req-4fe80728-d4cb-48d2-9fc0-26b4dec5fb17 - - - - -] zvm.ca_file = None log_opt_values /usr/lib/python3/dist-packages/oslo_config/cfg.py:2609
2024-08-22 00:38:21.686 136655 DEBUG oslo_service.service [req-4fe80728-d4cb-48d2-9fc0-26b4dec5fb17 - - - - -] zvm.cloud_connector_url = None log_opt_values /usr/lib/python3/dist-packages/oslo_config/cfg.py:2609
2024-08-22 00:38:21.687 136655 DEBUG oslo_service.service [req-4fe80728-d4cb-48d2-9fc0-26b4dec5fb17 - - - - -] zvm.image_tmp_path = /var/lib/nova/images log_opt_values /usr/lib/python3/dist-packages/oslo_config/cfg.py:2609
2024-08-22 00:38:21.687 136655 DEBUG oslo_service.service [req-4fe80728-d4cb-48d2-9fc0-26b4dec5fb17 - - - - -] zvm.reachable_timeout = 300 log_opt_values /usr/lib/python3/dist-packages/oslo_config/cfg.py:2609
2024-08-22 00:38:21.687 136655 DEBUG oslo_service.service [req-4fe80728-d4cb-48d2-9fc0-26b4dec5fb17 - - - - -] oslo_messaging_metrics.metrics_buffer_size = 1000 log_opt_values /usr/lib/python3/dist-packages/oslo_config/cfg.py:2609
2024-08-22 00:38:21.687 136655 DEBUG oslo_service.service [req-4fe80728-d4cb-48d2-9fc0-26b4dec5fb17 - - - - -] oslo_messaging_metrics.metrics_enabled = False log_opt_values /usr/lib/python3/dist-packages/oslo_config/cfg.py:2609
2024-08-22 00:38:21.687 136655 DEBUG oslo_service.service [req-4fe80728-d4cb-48d2-9fc0-26b4dec5fb17 - - - - -] oslo_messaging_metrics.metrics_process_name = log_opt_values /usr/lib/python3/dist-packages/oslo_config/cfg.py:2609
2024-08-22 00:38:21.688 136655 DEBUG oslo_service.service [req-4fe80728-d4cb-48d2-9fc0-26b4dec5fb17 - - - - -] oslo_messaging_metrics.metrics_socket_file = /var/tmp/metrics_collector.sock log_opt_values /usr/lib/python3/dist-packages/oslo_config/cfg.py:2609
2024-08-22 00:38:21.688 136655 DEBUG oslo_service.service [req-4fe80728-d4cb-48d2-9fc0-26b4dec5fb17 - - - - -] oslo_messaging_metrics.metrics_thread_stop_timeout = 10 log_opt_values /usr/lib/python3/dist-packages/oslo_config/cfg.py:2609
2024-08-22 00:38:21.688 136655 DEBUG oslo_service.service [req-4fe80728-d4cb-48d2-9fc0-26b4dec5fb17 - - - - -] oslo_policy.enforce_new_defaults = False log_opt_values /usr/lib/python3/dist-packages/oslo_config/cfg.py:2609
2024-08-22 00:38:21.688 136655 DEBUG oslo_service.service [req-4fe80728-d4cb-48d2-9fc0-26b4dec5fb17 - - - - -] oslo_policy.enforce_scope = False log_opt_values /usr/lib/python3/dist-packages/oslo_config/cfg.py:2609
2024-08-22 00:38:21.688 136655 DEBUG oslo_service.service [req-4fe80728-d4cb-48d2-9fc0-26b4dec5fb17 - - - - -] oslo_policy.policy_default_rule = default log_opt_values /usr/lib/python3/dist-packages/oslo_config/cfg.py:2609
2024-08-22 00:38:21.688 136655 DEBUG oslo_service.service [req-4fe80728-d4cb-48d2-9fc0-26b4dec5fb17 - - - - -] oslo_policy.policy_dirs = ['policy.d'] log_opt_values /usr/lib/python3/dist-packages/oslo_config/cfg.py:2609
2024-08-22 00:38:21.689 136655 DEBUG oslo_service.service [req-4fe80728-d4cb-48d2-9fc0-26b4dec5fb17 - - - - -] oslo_policy.policy_file = policy.yaml log_opt_values /usr/lib/python3/dist-packages/oslo_config/cfg.py:2609
2024-08-22 00:38:21.689 136655 DEBUG oslo_service.service [req-4fe80728-d4cb-48d2-9fc0-26b4dec5fb17 - - - - -] oslo_policy.remote_content_type = application/x-www-form-urlencoded log_opt_values /usr/lib/python3/dist-packages/oslo_config/cfg.py:2609
2024-08-22 00:38:21.689 136655 DEBUG oslo_service.service [req-4fe80728-d4cb-48d2-9fc0-26b4dec5fb17 - - - - -] oslo_policy.remote_ssl_ca_crt_file = None log_opt_values /usr/lib/python3/dist-packages/oslo_config/cfg.py:2609
2024-08-22 00:38:21.689 136655 DEBUG oslo_service.service [req-4fe80728-d4cb-48d2-9fc0-26b4dec5fb17 - - - - -] oslo_policy.remote_ssl_client_crt_file = None log_opt_values /usr/lib/python3/dist-packages/oslo_config/cfg.py:2609
2024-08-22 00:38:21.689 136655 DEBUG oslo_service.service [req-4fe80728-d4cb-48d2-9fc0-26b4dec5fb17 - - - - -] oslo_policy.remote_ssl_client_key_file = None log_opt_values /usr/lib/python3/dist-packages/oslo_config/cfg.py:2609
2024-08-22 00:38:21.689 136655 DEBUG oslo_service.service [req-4fe80728-d4cb-48d2-9fc0-26b4dec5fb17 - - - - -] oslo_policy.remote_ssl_verify_server_crt = False log_opt_values /usr/lib/python3/dist-packages/oslo_config/cfg.py:2609
2024-08-22 00:38:21.689 136655 DEBUG oslo_service.service [req-4fe80728-d4cb-48d2-9fc0-26b4dec5fb17 - - - - -] oslo_versionedobjects.fatal_exception_format_errors = False log_opt_values /usr/lib/python3/dist-packages/oslo_config/cfg.py:2609
2024-08-22 00:38:21.690 136655 DEBUG oslo_service.service [req-4fe80728-d4cb-48d2-9fc0-26b4dec5fb17 - - - - -] oslo_middleware.http_basic_auth_user_file = /etc/htpasswd log_opt_values /usr/lib/python3/dist-packages/oslo_config/cfg.py:2609
2024-08-22 00:38:21.690 136655 DEBUG oslo_service.service [req-4fe80728-d4cb-48d2-9fc0-26b4dec5fb17 - - - - -] profiler.connection_string = messaging:// log_opt_values /usr/lib/python3/dist-packages/oslo_config/cfg.py:2609
2024-08-22 00:38:21.690 136655 DEBUG oslo_service.service [req-4fe80728-d4cb-48d2-9fc0-26b4dec5fb17 - - - - -] profiler.enabled = False log_opt_values /usr/lib/python3/dist-packages/oslo_config/cfg.py:2609
2024-08-22 00:38:21.690 136655 DEBUG oslo_service.service [req-4fe80728-d4cb-48d2-9fc0-26b4dec5fb17 - - - - -] profiler.es_doc_type = notification log_opt_values /usr/lib/python3/dist-packages/oslo_config/cfg.py:2609
2024-08-22 00:38:21.690 136655 DEBUG oslo_service.service [req-4fe80728-d4cb-48d2-9fc0-26b4dec5fb17 - - - - -] profiler.es_scroll_size = 10000 log_opt_values /usr/lib/python3/dist-packages/oslo_config/cfg.py:2609
2024-08-22 00:38:21.691 136655 DEBUG oslo_service.service [req-4fe80728-d4cb-48d2-9fc0-26b4dec5fb17 - - - - -] profiler.es_scroll_time = 2m log_opt_values /usr/lib/python3/dist-packages/oslo_config/cfg.py:2609
2024-08-22 00:38:21.691 136655 DEBUG oslo_service.service [req-4fe80728-d4cb-48d2-9fc0-26b4dec5fb17 - - - - -] profiler.filter_error_trace = False log_opt_values /usr/lib/python3/dist-packages/oslo_config/cfg.py:2609
2024-08-22 00:38:21.691 136655 DEBUG oslo_service.service [req-4fe80728-d4cb-48d2-9fc0-26b4dec5fb17 - - - - -] profiler.hmac_keys = SECRET_KEY log_opt_values /usr/lib/python3/dist-packages/oslo_config/cfg.py:2609
2024-08-22 00:38:21.691 136655 DEBUG oslo_service.service [req-4fe80728-d4cb-48d2-9fc0-26b4dec5fb17 - - - - -] profiler.sentinel_service_name = mymaster log_opt_values /usr/lib/python3/dist-packages/oslo_config/cfg.py:2609
2024-08-22 00:38:21.691 136655 DEBUG oslo_service.service [req-4fe80728-d4cb-48d2-9fc0-26b4dec5fb17 - - - - -] profiler.socket_timeout = 0.1 log_opt_values /usr/lib/python3/dist-packages/oslo_config/cfg.py:2609
2024-08-22 00:38:21.691 136655 DEBUG oslo_service.service [req-4fe80728-d4cb-48d2-9fc0-26b4dec5fb17 - - - - -] profiler.trace_sqlalchemy = False log_opt_values /usr/lib/python3/dist-packages/oslo_config/cfg.py:2609
2024-08-22 00:38:21.691 136655 DEBUG oslo_service.service [req-4fe80728-d4cb-48d2-9fc0-26b4dec5fb17 - - - - -] remote_debug.host = None log_opt_values /usr/lib/python3/dist-packages/oslo_config/cfg.py:2609
2024-08-22 00:38:21.692 136655 DEBUG oslo_service.service [req-4fe80728-d4cb-48d2-9fc0-26b4dec5fb17 - - - - -] remote_debug.port = None log_opt_values /usr/lib/python3/dist-packages/oslo_config/cfg.py:2609
2024-08-22 00:38:21.692 136655 DEBUG oslo_service.service [req-4fe80728-d4cb-48d2-9fc0-26b4dec5fb17 - - - - -] oslo_messaging_rabbit.amqp_auto_delete = False log_opt_values /usr/lib/python3/dist-packages/oslo_config/cfg.py:2609
2024-08-22 00:38:21.692 136655 DEBUG oslo_service.service [req-4fe80728-d4cb-48d2-9fc0-26b4dec5fb17 - - - - -] oslo_messaging_rabbit.amqp_durable_queues = False log_opt_values /usr/lib/python3/dist-packages/oslo_config/cfg.py:2609
2024-08-22 00:38:21.692 136655 DEBUG oslo_service.service [req-4fe80728-d4cb-48d2-9fc0-26b4dec5fb17 - - - - -] oslo_messaging_rabbit.conn_pool_min_size = 2 log_opt_values /usr/lib/python3/dist-packages/oslo_config/cfg.py:2609
2024-08-22 00:38:21.692 136655 DEBUG oslo_service.service [req-4fe80728-d4cb-48d2-9fc0-26b4dec5fb17 - - - - -] oslo_messaging_rabbit.conn_pool_ttl = 1200 log_opt_values /usr/lib/python3/dist-packages/oslo_config/cfg.py:2609
2024-08-22 00:38:21.692 136655 DEBUG oslo_service.service [req-4fe80728-d4cb-48d2-9fc0-26b4dec5fb17 - - - - -] oslo_messaging_rabbit.direct_mandatory_flag = True log_opt_values /usr/lib/python3/dist-packages/oslo_config/cfg.py:2609
2024-08-22 00:38:21.693 136655 DEBUG oslo_service.service [req-4fe80728-d4cb-48d2-9fc0-26b4dec5fb17 - - - - -] oslo_messaging_rabbit.enable_cancel_on_failover = False log_opt_values /usr/lib/python3/dist-packages/oslo_config/cfg.py:2609
2024-08-22 00:38:21.693 136655 DEBUG oslo_service.service [req-4fe80728-d4cb-48d2-9fc0-26b4dec5fb17 - - - - -] oslo_messaging_rabbit.heartbeat_in_pthread = True log_opt_values /usr/lib/python3/dist-packages/oslo_config/cfg.py:2609
2024-08-22 00:38:21.693 136655 DEBUG oslo_service.service [req-4fe80728-d4cb-48d2-9fc0-26b4dec5fb17 - - - - -] oslo_messaging_rabbit.heartbeat_rate = 2 log_opt_values /usr/lib/python3/dist-packages/oslo_config/cfg.py:2609
2024-08-22 00:38:21.693 136655 DEBUG oslo_service.service [req-4fe80728-d4cb-48d2-9fc0-26b4dec5fb17 - - - - -] oslo_messaging_rabbit.heartbeat_timeout_threshold = 60 log_opt_values /usr/lib/python3/dist-packages/oslo_config/cfg.py:2609
2024-08-22 00:38:21.693 136655 DEBUG oslo_service.service [req-4fe80728-d4cb-48d2-9fc0-26b4dec5fb17 - - - - -] oslo_messaging_rabbit.kombu_compression = None log_opt_values /usr/lib/python3/dist-packages/oslo_config/cfg.py:2609
2024-08-22 00:38:21.693 136655 DEBUG oslo_service.service [req-4fe80728-d4cb-48d2-9fc0-26b4dec5fb17 - - - - -] oslo_messaging_rabbit.kombu_failover_strategy = round-robin log_opt_values /usr/lib/python3/dist-packages/oslo_config/cfg.py:2609
2024-08-22 00:38:21.694 136655 DEBUG oslo_service.service [req-4fe80728-d4cb-48d2-9fc0-26b4dec5fb17 - - - - -] oslo_messaging_rabbit.kombu_missing_consumer_retry_timeout = 60 log_opt_values /usr/lib/python3/dist-packages/oslo_config/cfg.py:2609
2024-08-22 00:38:21.694 136655 DEBUG oslo_service.service [req-4fe80728-d4cb-48d2-9fc0-26b4dec5fb17 - - - - -] oslo_messaging_rabbit.kombu_reconnect_delay = 1.0 log_opt_values /usr/lib/python3/dist-packages/oslo_config/cfg.py:2609
2024-08-22 00:38:21.694 136655 DEBUG oslo_service.service [req-4fe80728-d4cb-48d2-9fc0-26b4dec5fb17 - - - - -] oslo_messaging_rabbit.rabbit_ha_queues = False log_opt_values /usr/lib/python3/dist-packages/oslo_config/cfg.py:2609
2024-08-22 00:38:21.694 136655 DEBUG oslo_service.service [req-4fe80728-d4cb-48d2-9fc0-26b4dec5fb17 - - - - -] oslo_messaging_rabbit.rabbit_interval_max = 30 log_opt_values /usr/lib/python3/dist-packages/oslo_config/cfg.py:2609
2024-08-22 00:38:21.694 136655 DEBUG oslo_service.service [req-4fe80728-d4cb-48d2-9fc0-26b4dec5fb17 - - - - -] oslo_messaging_rabbit.rabbit_login_method = AMQPLAIN log_opt_values /usr/lib/python3/dist-packages/oslo_config/cfg.py:2609
2024-08-22 00:38:21.694 136655 DEBUG oslo_service.service [req-4fe80728-d4cb-48d2-9fc0-26b4dec5fb17 - - - - -] oslo_messaging_rabbit.rabbit_qos_prefetch_count = 0 log_opt_values /usr/lib/python3/dist-packages/oslo_config/cfg.py:2609
2024-08-22 00:38:21.695 136655 DEBUG oslo_service.service [req-4fe80728-d4cb-48d2-9fc0-26b4dec5fb17 - - - - -] oslo_messaging_rabbit.rabbit_quorum_queue = False log_opt_values /usr/lib/python3/dist-packages/oslo_config/cfg.py:2609
2024-08-22 00:38:21.695 136655 DEBUG oslo_service.service [req-4fe80728-d4cb-48d2-9fc0-26b4dec5fb17 - - - - -] oslo_messaging_rabbit.rabbit_retry_backoff = 2 log_opt_values /usr/lib/python3/dist-packages/oslo_config/cfg.py:2609
2024-08-22 00:38:21.695 136655 DEBUG oslo_service.service [req-4fe80728-d4cb-48d2-9fc0-26b4dec5fb17 - - - - -] oslo_messaging_rabbit.rabbit_retry_interval = 1 log_opt_values /usr/lib/python3/dist-packages/oslo_config/cfg.py:2609
2024-08-22 00:38:21.695 136655 DEBUG oslo_service.service [req-4fe80728-d4cb-48d2-9fc0-26b4dec5fb17 - - - - -] oslo_messaging_rabbit.rabbit_transient_queues_ttl = 1800 log_opt_values /usr/lib/python3/dist-packages/oslo_config/cfg.py:2609
2024-08-22 00:38:21.695 136655 DEBUG oslo_service.service [req-4fe80728-d4cb-48d2-9fc0-26b4dec5fb17 - - - - -] oslo_messaging_rabbit.rpc_conn_pool_size = 30 log_opt_values /usr/lib/python3/dist-packages/oslo_config/cfg.py:2609
2024-08-22 00:38:21.695 136655 DEBUG oslo_service.service [req-4fe80728-d4cb-48d2-9fc0-26b4dec5fb17 - - - - -] oslo_messaging_rabbit.ssl = False log_opt_values /usr/lib/python3/dist-packages/oslo_config/cfg.py:2609
2024-08-22 00:38:21.695 136655 DEBUG oslo_service.service [req-4fe80728-d4cb-48d2-9fc0-26b4dec5fb17 - - - - -] oslo_messaging_rabbit.ssl_ca_file = log_opt_values /usr/lib/python3/dist-packages/oslo_config/cfg.py:2609
2024-08-22 00:38:21.696 136655 DEBUG oslo_service.service [req-4fe80728-d4cb-48d2-9fc0-26b4dec5fb17 - - - - -] oslo_messaging_rabbit.ssl_cert_file = log_opt_values /usr/lib/python3/dist-packages/oslo_config/cfg.py:2609
2024-08-22 00:38:21.696 136655 DEBUG oslo_service.service [req-4fe80728-d4cb-48d2-9fc0-26b4dec5fb17 - - - - -] oslo_messaging_rabbit.ssl_key_file = log_opt_values /usr/lib/python3/dist-packages/oslo_config/cfg.py:2609
2024-08-22 00:38:21.696 136655 DEBUG oslo_service.service [req-4fe80728-d4cb-48d2-9fc0-26b4dec5fb17 - - - - -] oslo_messaging_rabbit.ssl_version = log_opt_values /usr/lib/python3/dist-packages/oslo_config/cfg.py:2609
2024-08-22 00:38:21.696 136655 DEBUG oslo_service.service [req-4fe80728-d4cb-48d2-9fc0-26b4dec5fb17 - - - - -] oslo_messaging_notifications.driver = ['messagingv2'] log_opt_values /usr/lib/python3/dist-packages/oslo_config/cfg.py:2609
2024-08-22 00:38:21.696 136655 DEBUG oslo_service.service [req-4fe80728-d4cb-48d2-9fc0-26b4dec5fb17 - - - - -] oslo_messaging_notifications.retry = -1 log_opt_values /usr/lib/python3/dist-packages/oslo_config/cfg.py:2609
2024-08-22 00:38:21.696 136655 DEBUG oslo_service.service [req-4fe80728-d4cb-48d2-9fc0-26b4dec5fb17 - - - - -] oslo_messaging_notifications.topics = ['notifications'] log_opt_values /usr/lib/python3/dist-packages/oslo_config/cfg.py:2609
2024-08-22 00:38:21.697 136655 DEBUG oslo_service.service [req-4fe80728-d4cb-48d2-9fc0-26b4dec5fb17 - - - - -] oslo_messaging_notifications.transport_url = **** log_opt_values /usr/lib/python3/dist-packages/oslo_config/cfg.py:2609
2024-08-22 00:38:21.697 136655 DEBUG oslo_service.service [req-4fe80728-d4cb-48d2-9fc0-26b4dec5fb17 - - - - -] oslo_limit.auth_section = None log_opt_values /usr/lib/python3/dist-packages/oslo_config/cfg.py:2609
2024-08-22 00:38:21.697 136655 DEBUG oslo_service.service [req-4fe80728-d4cb-48d2-9fc0-26b4dec5fb17 - - - - -] oslo_limit.auth_type = None log_opt_values /usr/lib/python3/dist-packages/oslo_config/cfg.py:2609
2024-08-22 00:38:21.697 136655 DEBUG oslo_service.service [req-4fe80728-d4cb-48d2-9fc0-26b4dec5fb17 - - - - -] oslo_limit.cafile = None log_opt_values /usr/lib/python3/dist-packages/oslo_config/cfg.py:2609
2024-08-22 00:38:21.697 136655 DEBUG oslo_service.service [req-4fe80728-d4cb-48d2-9fc0-26b4dec5fb17 - - - - -] oslo_limit.certfile = None log_opt_values /usr/lib/python3/dist-packages/oslo_config/cfg.py:2609
2024-08-22 00:38:21.697 136655 DEBUG oslo_service.service [req-4fe80728-d4cb-48d2-9fc0-26b4dec5fb17 - - - - -] oslo_limit.collect_timing = False log_opt_values /usr/lib/python3/dist-packages/oslo_config/cfg.py:2609
2024-08-22 00:38:21.698 136655 DEBUG oslo_service.service [req-4fe80728-d4cb-48d2-9fc0-26b4dec5fb17 - - - - -] oslo_limit.connect_retries = None log_opt_values /usr/lib/python3/dist-packages/oslo_config/cfg.py:2609
2024-08-22 00:38:21.698 136655 DEBUG oslo_service.service [req-4fe80728-d4cb-48d2-9fc0-26b4dec5fb17 - - - - -] oslo_limit.connect_retry_delay = None log_opt_values /usr/lib/python3/dist-packages/oslo_config/cfg.py:2609
2024-08-22 00:38:21.698 136655 DEBUG oslo_service.service [req-4fe80728-d4cb-48d2-9fc0-26b4dec5fb17 - - - - -] oslo_limit.endpoint_id = None log_opt_values /usr/lib/python3/dist-packages/oslo_config/cfg.py:2609
2024-08-22 00:38:21.698 136655 DEBUG oslo_service.service [req-4fe80728-d4cb-48d2-9fc0-26b4dec5fb17 - - - - -] oslo_limit.endpoint_override = None log_opt_values /usr/lib/python3/dist-packages/oslo_config/cfg.py:2609
2024-08-22 00:38:21.698 136655 DEBUG oslo_service.service [req-4fe80728-d4cb-48d2-9fc0-26b4dec5fb17 - - - - -] oslo_limit.insecure = False log_opt_values /usr/lib/python3/dist-packages/oslo_config/cfg.py:2609
2024-08-22 00:38:21.698 136655 DEBUG oslo_service.service [req-4fe80728-d4cb-48d2-9fc0-26b4dec5fb17 - - - - -] oslo_limit.keyfile = None log_opt_values /usr/lib/python3/dist-packages/oslo_config/cfg.py:2609
2024-08-22 00:38:21.698 136655 DEBUG oslo_service.service [req-4fe80728-d4cb-48d2-9fc0-26b4dec5fb17 - - - - -] oslo_limit.max_version = None log_opt_values /usr/lib/python3/dist-packages/oslo_config/cfg.py:2609
2024-08-22 00:38:21.699 136655 DEBUG oslo_service.service [req-4fe80728-d4cb-48d2-9fc0-26b4dec5fb17 - - - - -] oslo_limit.min_version = None log_opt_values /usr/lib/python3/dist-packages/oslo_config/cfg.py:2609
2024-08-22 00:38:21.699 136655 DEBUG oslo_service.service [req-4fe80728-d4cb-48d2-9fc0-26b4dec5fb17 - - - - -] oslo_limit.region_name = None log_opt_values /usr/lib/python3/dist-packages/oslo_config/cfg.py:2609
2024-08-22 00:38:21.699 136655 DEBUG oslo_service.service [req-4fe80728-d4cb-48d2-9fc0-26b4dec5fb17 - - - - -] oslo_limit.service_name = None log_opt_values /usr/lib/python3/dist-packages/oslo_config/cfg.py:2609
2024-08-22 00:38:21.699 136655 DEBUG oslo_service.service [req-4fe80728-d4cb-48d2-9fc0-26b4dec5fb17 - - - - -] oslo_limit.service_type = None log_opt_values /usr/lib/python3/dist-packages/oslo_config/cfg.py:2609
2024-08-22 00:38:21.699 136655 DEBUG oslo_service.service [req-4fe80728-d4cb-48d2-9fc0-26b4dec5fb17 - - - - -] oslo_limit.split_loggers = False log_opt_values /usr/lib/python3/dist-packages/oslo_config/cfg.py:2609
2024-08-22 00:38:21.699 136655 DEBUG oslo_service.service [req-4fe80728-d4cb-48d2-9fc0-26b4dec5fb17 - - - - -] oslo_limit.status_code_retries = None log_opt_values /usr/lib/python3/dist-packages/oslo_config/cfg.py:2609
2024-08-22 00:38:21.700 136655 DEBUG oslo_service.service [req-4fe80728-d4cb-48d2-9fc0-26b4dec5fb17 - - - - -] oslo_limit.status_code_retry_delay = None log_opt_values /usr/lib/python3/dist-packages/oslo_config/cfg.py:2609
2024-08-22 00:38:21.700 136655 DEBUG oslo_service.service [req-4fe80728-d4cb-48d2-9fc0-26b4dec5fb17 - - - - -] oslo_limit.timeout = None log_opt_values /usr/lib/python3/dist-packages/oslo_config/cfg.py:2609
2024-08-22 00:38:21.700 136655 DEBUG oslo_service.service [req-4fe80728-d4cb-48d2-9fc0-26b4dec5fb17 - - - - -] oslo_limit.valid_interfaces = None log_opt_values /usr/lib/python3/dist-packages/oslo_config/cfg.py:2609
2024-08-22 00:38:21.700 136655 DEBUG oslo_service.service [req-4fe80728-d4cb-48d2-9fc0-26b4dec5fb17 - - - - -] oslo_limit.version = None log_opt_values /usr/lib/python3/dist-packages/oslo_config/cfg.py:2609
2024-08-22 00:38:21.700 136655 DEBUG oslo_service.service [req-4fe80728-d4cb-48d2-9fc0-26b4dec5fb17 - - - - -] oslo_reports.file_event_handler = None log_opt_values /usr/lib/python3/dist-packages/oslo_config/cfg.py:2609
2024-08-22 00:38:21.700 136655 DEBUG oslo_service.service [req-4fe80728-d4cb-48d2-9fc0-26b4dec5fb17 - - - - -] oslo_reports.file_event_handler_interval = 1 log_opt_values /usr/lib/python3/dist-packages/oslo_config/cfg.py:2609
2024-08-22 00:38:21.701 136655 DEBUG oslo_service.service [req-4fe80728-d4cb-48d2-9fc0-26b4dec5fb17 - - - - -] oslo_reports.log_dir = None log_opt_values /usr/lib/python3/dist-packages/oslo_config/cfg.py:2609
2024-08-22 00:38:21.701 136655 DEBUG oslo_service.service [req-4fe80728-d4cb-48d2-9fc0-26b4dec5fb17 - - - - -] ******************************************************************************** log_opt_values /usr/lib/python3/dist-packages/oslo_config/cfg.py:2613
2024-08-22 00:38:22.568 137059 DEBUG oslo_messaging._drivers.amqpdriver [-] AMQPListener connection timeout poll /usr/lib/python3/dist-packages/oslo_messaging/_drivers/amqpdriver.py:360
2024-08-22 00:38:22.569 137059 DEBUG oslo_messaging._drivers.amqpdriver [-] Listener is running poll /usr/lib/python3/dist-packages/oslo_messaging/_drivers/amqpdriver.py:343
2024-08-22 00:38:22.569 137059 DEBUG oslo_messaging._drivers.amqpdriver [-] AMQPListener connection consume poll /usr/lib/python3/dist-packages/oslo_messaging/_drivers/amqpdriver.py:357
2024-08-22 00:38:22.580 137064 DEBUG oslo_messaging._drivers.amqpdriver [-] AMQPListener connection timeout poll /usr/lib/python3/dist-packages/oslo_messaging/_drivers/amqpdriver.py:360
2024-08-22 00:38:22.580 137064 DEBUG oslo_messaging._drivers.amqpdriver [-] Listener is running poll /usr/lib/python3/dist-packages/oslo_messaging/_drivers/amqpdriver.py:343
2024-08-22 00:38:22.580 137064 DEBUG oslo_messaging._drivers.amqpdriver [-] AMQPListener connection consume poll /usr/lib/python3/dist-packages/oslo_messaging/_drivers/amqpdriver.py:357
2024-08-22 00:38:22.589 137066 DEBUG oslo_messaging._drivers.amqpdriver [-] AMQPListener connection timeout poll /usr/lib/python3/dist-packages/oslo_messaging/_drivers/amqpdriver.py:360
2024-08-22 00:38:22.589 137066 DEBUG oslo_messaging._drivers.amqpdriver [-] Listener is running poll /usr/lib/python3/dist-packages/oslo_messaging/_drivers/amqpdriver.py:343
2024-08-22 00:38:22.589 137066 DEBUG oslo_messaging._drivers.amqpdriver [-] AMQPListener connection consume poll /usr/lib/python3/dist-packages/oslo_messaging/_drivers/amqpdriver.py:357
2024-08-22 00:38:22.591 137062 DEBUG oslo_messaging._drivers.amqpdriver [-] AMQPListener connection timeout poll /usr/lib/python3/dist-packages/oslo_messaging/_drivers/amqpdriver.py:360
2024-08-22 00:38:22.591 137062 DEBUG oslo_messaging._drivers.amqpdriver [-] Listener is running poll /usr/lib/python3/dist-packages/oslo_messaging/_drivers/amqpdriver.py:343
2024-08-22 00:38:22.591 137062 DEBUG oslo_messaging._drivers.amqpdriver [-] AMQPListener connection consume poll /usr/lib/python3/dist-packages/oslo_messaging/_drivers/amqpdriver.py:357
2024-08-22 00:38:24.570 137059 DEBUG oslo_messaging._drivers.amqpdriver [-] AMQPListener connection timeout poll /usr/lib/python3/dist-packages/oslo_messaging/_drivers/amqpdriver.py:360
2024-08-22 00:38:24.571 137059 DEBUG oslo_messaging._drivers.amqpdriver [-] Listener is running poll /usr/lib/python3/dist-packages/oslo_messaging/_drivers/amqpdriver.py:343
2024-08-22 00:38:24.571 137059 DEBUG oslo_messaging._drivers.amqpdriver [-] AMQPListener connection consume poll /usr/lib/python3/dist-packages/oslo_messaging/_drivers/amqpdriver.py:357
2024-08-22 00:38:24.583 137064 DEBUG oslo_messaging._drivers.amqpdriver [-] AMQPListener connection timeout poll /usr/lib/python3/dist-packages/oslo_messaging/_drivers/amqpdriver.py:360
2024-08-22 00:38:24.583 137064 DEBUG oslo_messaging._drivers.amqpdriver [-] Listener is running poll /usr/lib/python3/dist-packages/oslo_messaging/_drivers/amqpdriver.py:343
2024-08-22 00:38:24.583 137064 DEBUG oslo_messaging._drivers.amqpdriver [-] AMQPListener connection consume poll /usr/lib/python3/dist-packages/oslo_messaging/_drivers/amqpdriver.py:357
2024-08-22 00:38:24.590 137066 DEBUG oslo_messaging._drivers.amqpdriver [-] AMQPListener connection timeout poll /usr/lib/python3/dist-packages/oslo_messaging/_drivers/amqpdriver.py:360
2024-08-22 00:38:24.590 137066 DEBUG oslo_messaging._drivers.amqpdriver [-] Listener is running poll /usr/lib/python3/dist-packages/oslo_messaging/_drivers/amqpdriver.py:343
2024-08-22 00:38:24.590 137066 DEBUG oslo_messaging._drivers.amqpdriver [-] AMQPListener connection consume poll /usr/lib/python3/dist-packages/oslo_messaging/_drivers/amqpdriver.py:357
2024-08-22 00:38:24.593 137062 DEBUG oslo_messaging._drivers.amqpdriver [-] AMQPListener connection timeout poll /usr/lib/python3/dist-packages/oslo_messaging/_drivers/amqpdriver.py:360
2024-08-22 00:38:24.594 137062 DEBUG oslo_messaging._drivers.amqpdriver [-] Listener is running poll /usr/lib/python3/dist-packages/oslo_messaging/_drivers/amqpdriver.py:343
2024-08-22 00:38:24.594 137062 DEBUG oslo_messaging._drivers.amqpdriver [-] AMQPListener connection consume poll /usr/lib/python3/dist-packages/oslo_messaging/_drivers/amqpdriver.py:357
2024-08-22 00:38:28.572 137059 DEBUG oslo_messaging._drivers.amqpdriver [-] AMQPListener connection timeout poll /usr/lib/python3/dist-packages/oslo_messaging/_drivers/amqpdriver.py:360
2024-08-22 00:38:28.573 137059 DEBUG oslo_messaging._drivers.amqpdriver [-] Listener is running poll /usr/lib/python3/dist-packages/oslo_messaging/_drivers/amqpdriver.py:343
2024-08-22 00:38:28.573 137059 DEBUG oslo_messaging._drivers.amqpdriver [-] AMQPListener connection consume poll /usr/lib/python3/dist-packages/oslo_messaging/_drivers/amqpdriver.py:357
2024-08-22 00:38:28.586 137064 DEBUG oslo_messaging._drivers.amqpdriver [-] AMQPListener connection timeout poll /usr/lib/python3/dist-packages/oslo_messaging/_drivers/amqpdriver.py:360
2024-08-22 00:38:28.586 137064 DEBUG oslo_messaging._drivers.amqpdriver [-] Listener is running poll /usr/lib/python3/dist-packages/oslo_messaging/_drivers/amqpdriver.py:343
2024-08-22 00:38:28.586 137064 DEBUG oslo_messaging._drivers.amqpdriver [-] AMQPListener connection consume poll /usr/lib/python3/dist-packages/oslo_messaging/_drivers/amqpdriver.py:357
2024-08-22 00:38:28.593 137066 DEBUG oslo_messaging._drivers.amqpdriver [-] AMQPListener connection timeout poll /usr/lib/python3/dist-packages/oslo_messaging/_drivers/amqpdriver.py:360
2024-08-22 00:38:28.593 137066 DEBUG oslo_messaging._drivers.amqpdriver [-] Listener is running poll /usr/lib/python3/dist-packages/oslo_messaging/_drivers/amqpdriver.py:343
2024-08-22 00:38:28.594 137066 DEBUG oslo_messaging._drivers.amqpdriver [-] AMQPListener connection consume poll /usr/lib/python3/dist-packages/oslo_messaging/_drivers/amqpdriver.py:357
2024-08-22 00:38:28.596 137062 DEBUG oslo_messaging._drivers.amqpdriver [-] AMQPListener connection timeout poll /usr/lib/python3/dist-packages/oslo_messaging/_drivers/amqpdriver.py:360
2024-08-22 00:38:28.597 137062 DEBUG oslo_messaging._drivers.amqpdriver [-] Listener is running poll /usr/lib/python3/dist-packages/oslo_messaging/_drivers/amqpdriver.py:343
2024-08-22 00:38:28.597 137062 DEBUG oslo_messaging._drivers.amqpdriver [-] AMQPListener connection consume poll /usr/lib/python3/dist-packages/oslo_messaging/_drivers/amqpdriver.py:357
2024-08-22 00:38:36.574 137059 DEBUG oslo_messaging._drivers.amqpdriver [-] AMQPListener connection timeout poll /usr/lib/python3/dist-packages/oslo_messaging/_drivers/amqpdriver.py:360
2024-08-22 00:38:36.575 137059 DEBUG oslo_messaging._drivers.amqpdriver [-] Listener is running poll /usr/lib/python3/dist-packages/oslo_messaging/_drivers/amqpdriver.py:343
2024-08-22 00:38:36.575 137059 DEBUG oslo_messaging._drivers.amqpdriver [-] AMQPListener connection consume poll /usr/lib/python3/dist-packages/oslo_messaging/_drivers/amqpdriver.py:357
2024-08-22 00:38:36.587 137064 DEBUG oslo_messaging._drivers.amqpdriver [-] AMQPListener connection timeout poll /usr/lib/python3/dist-packages/oslo_messaging/_drivers/amqpdriver.py:360
2024-08-22 00:38:36.588 137064 DEBUG oslo_messaging._drivers.amqpdriver [-] Listener is running poll /usr/lib/python3/dist-packages/oslo_messaging/_drivers/amqpdriver.py:343
2024-08-22 00:38:36.588 137064 DEBUG oslo_messaging._drivers.amqpdriver [-] AMQPListener connection consume poll /usr/lib/python3/dist-packages/oslo_messaging/_drivers/amqpdriver.py:357
2024-08-22 00:38:36.596 137066 DEBUG oslo_messaging._drivers.amqpdriver [-] AMQPListener connection timeout poll /usr/lib/python3/dist-packages/oslo_messaging/_drivers/amqpdriver.py:360
2024-08-22 00:38:36.597 137066 DEBUG oslo_messaging._drivers.amqpdriver [-] Listener is running poll /usr/lib/python3/dist-packages/oslo_messaging/_drivers/amqpdriver.py:343
2024-08-22 00:38:36.597 137066 DEBUG oslo_messaging._drivers.amqpdriver [-] AMQPListener connection consume poll /usr/lib/python3/dist-packages/oslo_messaging/_drivers/amqpdriver.py:357
2024-08-22 00:38:36.598 137062 DEBUG oslo_messaging._drivers.amqpdriver [-] AMQPListener connection timeout poll /usr/lib/python3/dist-packages/oslo_messaging/_drivers/amqpdriver.py:360
2024-08-22 00:38:36.598 137062 DEBUG oslo_messaging._drivers.amqpdriver [-] Listener is running poll /usr/lib/python3/dist-packages/oslo_messaging/_drivers/amqpdriver.py:343
2024-08-22 00:38:36.598 137062 DEBUG oslo_messaging._drivers.amqpdriver [-] AMQPListener connection consume poll /usr/lib/python3/dist-packages/oslo_messaging/_drivers/amqpdriver.py:357
2024-08-22 00:38:42.574 137059 DEBUG oslo_service.periodic_task [req-933fb051-98a3-4443-8572-cfbe8cf83a33 - - - - -] Running periodic task SchedulerManager._discover_hosts_in_cells run_periodic_tasks /usr/lib/python3/dist-packages/oslo_service/periodic_task.py:210
2024-08-22 00:38:42.575 137059 DEBUG oslo_db.sqlalchemy.engines [req-933fb051-98a3-4443-8572-cfbe8cf83a33 - - - - -] Parent process 136655 forked (137059) with an open database connection, which is being discarded and recreated. checkout /usr/lib/python3/dist-packages/oslo_db/sqlalchemy/engines.py:413
2024-08-22 00:38:42.580 137059 DEBUG oslo_concurrency.lockutils [req-933fb051-98a3-4443-8572-cfbe8cf83a33 - - - - -] Lock "266c6cc8-e742-4823-860d-7101e860e130" acquired by "nova.context.set_target_cell..get_or_set_cached_cell_and_set_connections" :: waited 0.000s inner /usr/lib/python3/dist-packages/oslo_concurrency/lockutils.py:386
2024-08-22 00:38:42.582 137059 DEBUG oslo_concurrency.lockutils [req-933fb051-98a3-4443-8572-cfbe8cf83a33 - - - - -] Lock "266c6cc8-e742-4823-860d-7101e860e130" "released" by "nova.context.set_target_cell..get_or_set_cached_cell_and_set_connections" :: held 0.002s inner /usr/lib/python3/dist-packages/oslo_concurrency/lockutils.py:400
2024-08-22 00:38:42.586 137059 DEBUG oslo_db.sqlalchemy.engines [req-933fb051-98a3-4443-8572-cfbe8cf83a33 - - - - -] MySQL server mode set to STRICT_TRANS_TABLES,STRICT_ALL_TABLES,NO_ZERO_IN_DATE,NO_ZERO_DATE,ERROR_FOR_DIVISION_BY_ZERO,TRADITIONAL,NO_ENGINE_SUBSTITUTION _check_effective_sql_mode /usr/lib/python3/dist-packages/oslo_db/sqlalchemy/engines.py:314
2024-08-22 00:38:59.585 137064 DEBUG oslo_service.periodic_task [req-0d57ef27-9452-4bc0-96a9-d392ebc1abf6 - - - - -] Running periodic task SchedulerManager._discover_hosts_in_cells run_periodic_tasks /usr/lib/python3/dist-packages/oslo_service/periodic_task.py:210
2024-08-22 00:38:59.586 137064 DEBUG oslo_db.sqlalchemy.engines [req-0d57ef27-9452-4bc0-96a9-d392ebc1abf6 - - - - -] Parent process 136655 forked (137064) with an open database connection, which is being discarded and recreated. checkout /usr/lib/python3/dist-packages/oslo_db/sqlalchemy/engines.py:413
2024-08-22 00:38:59.592 137064 DEBUG oslo_concurrency.lockutils [req-0d57ef27-9452-4bc0-96a9-d392ebc1abf6 - - - - -] Lock "266c6cc8-e742-4823-860d-7101e860e130" acquired by "nova.context.set_target_cell..get_or_set_cached_cell_and_set_connections" :: waited 0.000s inner /usr/lib/python3/dist-packages/oslo_concurrency/lockutils.py:386
2024-08-22 00:38:59.593 137064 DEBUG oslo_concurrency.lockutils [req-0d57ef27-9452-4bc0-96a9-d392ebc1abf6 - - - - -] Lock "266c6cc8-e742-4823-860d-7101e860e130" "released" by "nova.context.set_target_cell..get_or_set_cached_cell_and_set_connections" :: held 0.002s inner /usr/lib/python3/dist-packages/oslo_concurrency/lockutils.py:400
2024-08-22 00:38:59.598 137064 DEBUG oslo_db.sqlalchemy.engines [req-0d57ef27-9452-4bc0-96a9-d392ebc1abf6 - - - - -] MySQL server mode set to STRICT_TRANS_TABLES,STRICT_ALL_TABLES,NO_ZERO_IN_DATE,NO_ZERO_DATE,ERROR_FOR_DIVISION_BY_ZERO,TRADITIONAL,NO_ENGINE_SUBSTITUTION _check_effective_sql_mode /usr/lib/python3/dist-packages/oslo_db/sqlalchemy/engines.py:314
2024-08-22 00:39:06.558 137059 DEBUG oslo_messaging._drivers.amqpdriver [-] AMQPListener connection timeout poll /usr/lib/python3/dist-packages/oslo_messaging/_drivers/amqpdriver.py:360
2024-08-22 00:39:06.559 137059 DEBUG oslo_messaging._drivers.amqpdriver [-] Listener is running poll /usr/lib/python3/dist-packages/oslo_messaging/_drivers/amqpdriver.py:343
2024-08-22 00:39:06.559 137059 DEBUG oslo_messaging._drivers.amqpdriver [-] AMQPListener connection consume poll /usr/lib/python3/dist-packages/oslo_messaging/_drivers/amqpdriver.py:357
2024-08-22 00:39:06.574 137064 DEBUG oslo_messaging._drivers.amqpdriver [-] AMQPListener connection timeout poll /usr/lib/python3/dist-packages/oslo_messaging/_drivers/amqpdriver.py:360
2024-08-22 00:39:06.574 137064 DEBUG oslo_messaging._drivers.amqpdriver [-] Listener is running poll /usr/lib/python3/dist-packages/oslo_messaging/_drivers/amqpdriver.py:343
2024-08-22 00:39:06.575 137064 DEBUG oslo_messaging._drivers.amqpdriver [-] AMQPListener connection consume poll /usr/lib/python3/dist-packages/oslo_messaging/_drivers/amqpdriver.py:357
2024-08-22 00:39:06.582 137066 DEBUG oslo_messaging._drivers.amqpdriver [-] AMQPListener connection timeout poll /usr/lib/python3/dist-packages/oslo_messaging/_drivers/amqpdriver.py:360
2024-08-22 00:39:06.582 137066 DEBUG oslo_messaging._drivers.amqpdriver [-] Listener is running poll /usr/lib/python3/dist-packages/oslo_messaging/_drivers/amqpdriver.py:343
2024-08-22 00:39:06.583 137066 DEBUG oslo_messaging._drivers.amqpdriver [-] AMQPListener connection consume poll /usr/lib/python3/dist-packages/oslo_messaging/_drivers/amqpdriver.py:357
2024-08-22 00:39:06.586 137062 DEBUG oslo_messaging._drivers.amqpdriver [-] AMQPListener connection timeout poll /usr/lib/python3/dist-packages/oslo_messaging/_drivers/amqpdriver.py:360
2024-08-22 00:39:06.586 137062 DEBUG oslo_messaging._drivers.amqpdriver [-] Listener is running poll /usr/lib/python3/dist-packages/oslo_messaging/_drivers/amqpdriver.py:343
2024-08-22 00:39:06.586 137062 DEBUG oslo_messaging._drivers.amqpdriver [-] AMQPListener connection consume poll /usr/lib/python3/dist-packages/oslo_messaging/_drivers/amqpdriver.py:357
2024-08-22 00:39:06.588 137062 DEBUG oslo_service.periodic_task [req-aa2c95e9-7b45-4c1d-957c-f66b16a7d137 - - - - -] Running periodic task SchedulerManager._discover_hosts_in_cells run_periodic_tasks /usr/lib/python3/dist-packages/oslo_service/periodic_task.py:210
2024-08-22 00:39:06.589 137062 DEBUG oslo_db.sqlalchemy.engines [req-aa2c95e9-7b45-4c1d-957c-f66b16a7d137 - - - - -] Parent process 136655 forked (137062) with an open database connection, which is being discarded and recreated. checkout /usr/lib/python3/dist-packages/oslo_db/sqlalchemy/engines.py:413
2024-08-22 00:39:06.589 137066 DEBUG oslo_service.periodic_task [req-b1be3614-4220-4546-ab28-124982139ae2 - - - - -] Running periodic task SchedulerManager._discover_hosts_in_cells run_periodic_tasks /usr/lib/python3/dist-packages/oslo_service/periodic_task.py:210
2024-08-22 00:39:06.590 137066 DEBUG oslo_db.sqlalchemy.engines [req-b1be3614-4220-4546-ab28-124982139ae2 - - - - -] Parent process 136655 forked (137066) with an open database connection, which is being discarded and recreated. checkout /usr/lib/python3/dist-packages/oslo_db/sqlalchemy/engines.py:413
2024-08-22 00:39:06.595 137062 DEBUG oslo_concurrency.lockutils [req-aa2c95e9-7b45-4c1d-957c-f66b16a7d137 - - - - -] Lock "266c6cc8-e742-4823-860d-7101e860e130" acquired by "nova.context.set_target_cell..get_or_set_cached_cell_and_set_connections" :: waited 0.000s inner /usr/lib/python3/dist-packages/oslo_concurrency/lockutils.py:386
2024-08-22 00:39:06.596 137066 DEBUG oslo_concurrency.lockutils [req-b1be3614-4220-4546-ab28-124982139ae2 - - - - -] Lock "266c6cc8-e742-4823-860d-7101e860e130" acquired by "nova.context.set_target_cell..get_or_set_cached_cell_and_set_connections" :: waited 0.000s inner /usr/lib/python3/dist-packages/oslo_concurrency/lockutils.py:386
2024-08-22 00:39:06.596 137062 DEBUG oslo_concurrency.lockutils [req-aa2c95e9-7b45-4c1d-957c-f66b16a7d137 - - - - -] Lock "266c6cc8-e742-4823-860d-7101e860e130" "released" by "nova.context.set_target_cell..get_or_set_cached_cell_and_set_connections" :: held 0.002s inner /usr/lib/python3/dist-packages/oslo_concurrency/lockutils.py:400
2024-08-22 00:39:06.598 137066 DEBUG oslo_concurrency.lockutils [req-b1be3614-4220-4546-ab28-124982139ae2 - - - - -] Lock "266c6cc8-e742-4823-860d-7101e860e130" "released" by "nova.context.set_target_cell..get_or_set_cached_cell_and_set_connections" :: held 0.002s inner /usr/lib/python3/dist-packages/oslo_concurrency/lockutils.py:400
2024-08-22 00:39:06.601 137062 DEBUG oslo_db.sqlalchemy.engines [req-aa2c95e9-7b45-4c1d-957c-f66b16a7d137 - - - - -] MySQL server mode set to STRICT_TRANS_TABLES,STRICT_ALL_TABLES,NO_ZERO_IN_DATE,NO_ZERO_DATE,ERROR_FOR_DIVISION_BY_ZERO,TRADITIONAL,NO_ENGINE_SUBSTITUTION _check_effective_sql_mode /usr/lib/python3/dist-packages/oslo_db/sqlalchemy/engines.py:314
2024-08-22 00:39:06.605 137066 DEBUG oslo_db.sqlalchemy.engines [req-b1be3614-4220-4546-ab28-124982139ae2 - - - - -] MySQL server mode set to STRICT_TRANS_TABLES,STRICT_ALL_TABLES,NO_ZERO_IN_DATE,NO_ZERO_DATE,ERROR_FOR_DIVISION_BY_ZERO,TRADITIONAL,NO_ENGINE_SUBSTITUTION _check_effective_sql_mode /usr/lib/python3/dist-packages/oslo_db/sqlalchemy/engines.py:314
2024-08-22 00:39:12.600 137059 DEBUG oslo_service.periodic_task [req-933fb051-98a3-4443-8572-cfbe8cf83a33 - - - - -] Running periodic task SchedulerManager._discover_hosts_in_cells run_periodic_tasks /usr/lib/python3/dist-packages/oslo_service/periodic_task.py:210
2024-08-22 00:39:12.604 137059 DEBUG oslo_concurrency.lockutils [req-15e77c55-c6f6-42da-8b2d-7842eb8ac742 - - - - -] Lock "266c6cc8-e742-4823-860d-7101e860e130" acquired by "nova.context.set_target_cell..get_or_set_cached_cell_and_set_connections" :: waited 0.000s inner /usr/lib/python3/dist-packages/oslo_concurrency/lockutils.py:386
2024-08-22 00:39:12.604 137059 DEBUG oslo_concurrency.lockutils [req-15e77c55-c6f6-42da-8b2d-7842eb8ac742 - - - - -] Lock "266c6cc8-e742-4823-860d-7101e860e130" "released" by "nova.context.set_target_cell..get_or_set_cached_cell_and_set_connections" :: held 0.000s inner /usr/lib/python3/dist-packages/oslo_concurrency/lockutils.py:400
2024-08-22 00:39:29.611 137064 DEBUG oslo_service.periodic_task [req-0d57ef27-9452-4bc0-96a9-d392ebc1abf6 - - - - -] Running periodic task SchedulerManager._discover_hosts_in_cells run_periodic_tasks /usr/lib/python3/dist-packages/oslo_service/periodic_task.py:210
2024-08-22 00:39:29.615 137064 DEBUG oslo_concurrency.lockutils [req-7a8bc677-92e2-445e-94cc-2c7230bdd1f5 - - - - -] Lock "266c6cc8-e742-4823-860d-7101e860e130" acquired by "nova.context.set_target_cell..get_or_set_cached_cell_and_set_connections" :: waited 0.000s inner /usr/lib/python3/dist-packages/oslo_concurrency/lockutils.py:386
2024-08-22 00:39:29.616 137064 DEBUG oslo_concurrency.lockutils [req-7a8bc677-92e2-445e-94cc-2c7230bdd1f5 - - - - -] Lock "266c6cc8-e742-4823-860d-7101e860e130" "released" by "nova.context.set_target_cell..get_or_set_cached_cell_and_set_connections" :: held 0.000s inner /usr/lib/python3/dist-packages/oslo_concurrency/lockutils.py:400
2024-08-22 00:39:36.612 137062 DEBUG oslo_service.periodic_task [req-aa2c95e9-7b45-4c1d-957c-f66b16a7d137 - - - - -] Running periodic task SchedulerManager._discover_hosts_in_cells run_periodic_tasks /usr/lib/python3/dist-packages/oslo_service/periodic_task.py:210
2024-08-22 00:39:36.616 137062 DEBUG oslo_concurrency.lockutils [req-21ec7e50-a942-45f0-a68b-6f448a906de5 - - - - -] Lock "266c6cc8-e742-4823-860d-7101e860e130" acquired by "nova.context.set_target_cell..get_or_set_cached_cell_and_set_connections" :: waited 0.000s inner /usr/lib/python3/dist-packages/oslo_concurrency/lockutils.py:386
2024-08-22 00:39:36.616 137062 DEBUG oslo_concurrency.lockutils [req-21ec7e50-a942-45f0-a68b-6f448a906de5 - - - - -] Lock "266c6cc8-e742-4823-860d-7101e860e130" "released" by "nova.context.set_target_cell..get_or_set_cached_cell_and_set_connections" :: held 0.000s inner /usr/lib/python3/dist-packages/oslo_concurrency/lockutils.py:400
2024-08-22 00:39:36.623 137066 DEBUG oslo_service.periodic_task [req-b1be3614-4220-4546-ab28-124982139ae2 - - - - -] Running periodic task SchedulerManager._discover_hosts_in_cells run_periodic_tasks /usr/lib/python3/dist-packages/oslo_service/periodic_task.py:210
2024-08-22 00:39:36.626 137066 DEBUG oslo_concurrency.lockutils [req-618be0cd-beaf-459e-83c7-c76d446f3a11 - - - - -] Lock "266c6cc8-e742-4823-860d-7101e860e130" acquired by "nova.context.set_target_cell..get_or_set_cached_cell_and_set_connections" :: waited 0.000s inner /usr/lib/python3/dist-packages/oslo_concurrency/lockutils.py:386
2024-08-22 00:39:36.626 137066 DEBUG oslo_concurrency.lockutils [req-618be0cd-beaf-459e-83c7-c76d446f3a11 - - - - -] Lock "266c6cc8-e742-4823-860d-7101e860e130" "released" by "nova.context.set_target_cell..get_or_set_cached_cell_and_set_connections" :: held 0.000s inner /usr/lib/python3/dist-packages/oslo_concurrency/lockutils.py:400
2024-08-22 00:39:38.561 137059 DEBUG oslo_messaging._drivers.amqpdriver [-] AMQPListener connection timeout poll /usr/lib/python3/dist-packages/oslo_messaging/_drivers/amqpdriver.py:360
2024-08-22 00:39:38.562 137059 DEBUG oslo_messaging._drivers.amqpdriver [-] Listener is running poll /usr/lib/python3/dist-packages/oslo_messaging/_drivers/amqpdriver.py:343
2024-08-22 00:39:38.562 137059 DEBUG oslo_messaging._drivers.amqpdriver [-] AMQPListener connection consume poll /usr/lib/python3/dist-packages/oslo_messaging/_drivers/amqpdriver.py:357
2024-08-22 00:39:38.576 137064 DEBUG oslo_messaging._drivers.amqpdriver [-] AMQPListener connection timeout poll /usr/lib/python3/dist-packages/oslo_messaging/_drivers/amqpdriver.py:360
2024-08-22 00:39:38.576 137064 DEBUG oslo_messaging._drivers.amqpdriver [-] Listener is running poll /usr/lib/python3/dist-packages/oslo_messaging/_drivers/amqpdriver.py:343
2024-08-22 00:39:38.576 137064 DEBUG oslo_messaging._drivers.amqpdriver [-] AMQPListener connection consume poll /usr/lib/python3/dist-packages/oslo_messaging/_drivers/amqpdriver.py:357
2024-08-22 00:39:38.584 137066 DEBUG oslo_messaging._drivers.amqpdriver [-] AMQPListener connection timeout poll /usr/lib/python3/dist-packages/oslo_messaging/_drivers/amqpdriver.py:360
2024-08-22 00:39:38.585 137066 DEBUG oslo_messaging._drivers.amqpdriver [-] Listener is running poll /usr/lib/python3/dist-packages/oslo_messaging/_drivers/amqpdriver.py:343
2024-08-22 00:39:38.585 137066 DEBUG oslo_messaging._drivers.amqpdriver [-] AMQPListener connection consume poll /usr/lib/python3/dist-packages/oslo_messaging/_drivers/amqpdriver.py:357
2024-08-22 00:39:38.589 137062 DEBUG oslo_messaging._drivers.amqpdriver [-] AMQPListener connection timeout poll /usr/lib/python3/dist-packages/oslo_messaging/_drivers/amqpdriver.py:360
2024-08-22 00:39:38.590 137062 DEBUG oslo_messaging._drivers.amqpdriver [-] Listener is running poll /usr/lib/python3/dist-packages/oslo_messaging/_drivers/amqpdriver.py:343
2024-08-22 00:39:38.590 137062 DEBUG oslo_messaging._drivers.amqpdriver [-] AMQPListener connection consume poll /usr/lib/python3/dist-packages/oslo_messaging/_drivers/amqpdriver.py:357
2024-08-22 00:39:42.612 137059 DEBUG oslo_service.periodic_task [req-15e77c55-c6f6-42da-8b2d-7842eb8ac742 - - - - -] Running periodic task SchedulerManager._discover_hosts_in_cells run_periodic_tasks /usr/lib/python3/dist-packages/oslo_service/periodic_task.py:210
2024-08-22 00:39:42.616 137059 DEBUG oslo_concurrency.lockutils [req-27b8b47e-31b6-44a6-9ba0-1b431dcc0c39 - - - - -] Lock "266c6cc8-e742-4823-860d-7101e860e130" acquired by "nova.context.set_target_cell..get_or_set_cached_cell_and_set_connections" :: waited 0.000s inner /usr/lib/python3/dist-packages/oslo_concurrency/lockutils.py:386
2024-08-22 00:39:42.616 137059 DEBUG oslo_concurrency.lockutils [req-27b8b47e-31b6-44a6-9ba0-1b431dcc0c39 - - - - -] Lock "266c6cc8-e742-4823-860d-7101e860e130" "released" by "nova.context.set_target_cell..get_or_set_cached_cell_and_set_connections" :: held 0.000s inner /usr/lib/python3/dist-packages/oslo_concurrency/lockutils.py:400
2024-08-22 00:40:00.587 137064 DEBUG oslo_service.periodic_task [req-7a8bc677-92e2-445e-94cc-2c7230bdd1f5 - - - - -] Running periodic task SchedulerManager._discover_hosts_in_cells run_periodic_tasks /usr/lib/python3/dist-packages/oslo_service/periodic_task.py:210
2024-08-22 00:40:00.590 137064 DEBUG oslo_concurrency.lockutils [req-783f40f0-8a37-40be-b447-7eb96f92f234 - - - - -] Lock "266c6cc8-e742-4823-860d-7101e860e130" acquired by "nova.context.set_target_cell..get_or_set_cached_cell_and_set_connections" :: waited 0.000s inner /usr/lib/python3/dist-packages/oslo_concurrency/lockutils.py:386
2024-08-22 00:40:00.591 137064 DEBUG oslo_concurrency.lockutils [req-783f40f0-8a37-40be-b447-7eb96f92f234 - - - - -] Lock "266c6cc8-e742-4823-860d-7101e860e130" "released" by "nova.context.set_target_cell..get_or_set_cached_cell_and_set_connections" :: held 0.000s inner /usr/lib/python3/dist-packages/oslo_concurrency/lockutils.py:400
2024-08-22 00:40:06.621 137062 DEBUG oslo_service.periodic_task [req-21ec7e50-a942-45f0-a68b-6f448a906de5 - - - - -] Running periodic task SchedulerManager._discover_hosts_in_cells run_periodic_tasks /usr/lib/python3/dist-packages/oslo_service/periodic_task.py:210
2024-08-22 00:40:06.625 137062 DEBUG oslo_concurrency.lockutils [req-f1aa56d4-ea04-4e44-9cf9-7d93239adb95 - - - - -] Lock "266c6cc8-e742-4823-860d-7101e860e130" acquired by "nova.context.set_target_cell..get_or_set_cached_cell_and_set_connections" :: waited 0.000s inner /usr/lib/python3/dist-packages/oslo_concurrency/lockutils.py:386
2024-08-22 00:40:06.625 137062 DEBUG oslo_concurrency.lockutils [req-f1aa56d4-ea04-4e44-9cf9-7d93239adb95 - - - - -] Lock "266c6cc8-e742-4823-860d-7101e860e130" "released" by "nova.context.set_target_cell..get_or_set_cached_cell_and_set_connections" :: held 0.000s inner /usr/lib/python3/dist-packages/oslo_concurrency/lockutils.py:400
2024-08-22 00:40:07.591 137066 DEBUG oslo_service.periodic_task [req-618be0cd-beaf-459e-83c7-c76d446f3a11 - - - - -] Running periodic task SchedulerManager._discover_hosts_in_cells run_periodic_tasks /usr/lib/python3/dist-packages/oslo_service/periodic_task.py:210
2024-08-22 00:40:07.596 137066 DEBUG oslo_concurrency.lockutils [req-d182c6d6-7c89-42a6-ae52-eaf90d81fb5f - - - - -] Lock "266c6cc8-e742-4823-860d-7101e860e130" acquired by "nova.context.set_target_cell..get_or_set_cached_cell_and_set_connections" :: waited 0.000s inner /usr/lib/python3/dist-packages/oslo_concurrency/lockutils.py:386
2024-08-22 00:40:07.596 137066 DEBUG oslo_concurrency.lockutils [req-d182c6d6-7c89-42a6-ae52-eaf90d81fb5f - - - - -] Lock "266c6cc8-e742-4823-860d-7101e860e130" "released" by "nova.context.set_target_cell..get_or_set_cached_cell_and_set_connections" :: held 0.000s inner /usr/lib/python3/dist-packages/oslo_concurrency/lockutils.py:400
2024-08-22 00:40:12.627 137059 DEBUG oslo_service.periodic_task [req-27b8b47e-31b6-44a6-9ba0-1b431dcc0c39 - - - - -] Running periodic task SchedulerManager._discover_hosts_in_cells run_periodic_tasks /usr/lib/python3/dist-packages/oslo_service/periodic_task.py:210
2024-08-22 00:40:12.631 137059 DEBUG oslo_concurrency.lockutils [req-0cd7ac38-b376-4bf1-b98e-c636573f5a22 - - - - -] Lock "266c6cc8-e742-4823-860d-7101e860e130" acquired by "nova.context.set_target_cell..get_or_set_cached_cell_and_set_connections" :: waited 0.000s inner /usr/lib/python3/dist-packages/oslo_concurrency/lockutils.py:386
2024-08-22 00:40:12.633 137059 DEBUG oslo_concurrency.lockutils [req-0cd7ac38-b376-4bf1-b98e-c636573f5a22 - - - - -] Lock "266c6cc8-e742-4823-860d-7101e860e130" "released" by "nova.context.set_target_cell..get_or_set_cached_cell_and_set_connections" :: held 0.002s inner /usr/lib/python3/dist-packages/oslo_concurrency/lockutils.py:400
2024-08-22 00:40:30.598 137064 DEBUG oslo_service.periodic_task [req-783f40f0-8a37-40be-b447-7eb96f92f234 - - - - -] Running periodic task SchedulerManager._discover_hosts_in_cells run_periodic_tasks /usr/lib/python3/dist-packages/oslo_service/periodic_task.py:210
2024-08-22 00:40:30.602 137064 DEBUG oslo_concurrency.lockutils [req-6994e0d3-383d-4590-88eb-1bcf667652f6 - - - - -] Lock "266c6cc8-e742-4823-860d-7101e860e130" acquired by "nova.context.set_target_cell..get_or_set_cached_cell_and_set_connections" :: waited 0.000s inner /usr/lib/python3/dist-packages/oslo_concurrency/lockutils.py:386
2024-08-22 00:40:30.602 137064 DEBUG oslo_concurrency.lockutils [req-6994e0d3-383d-4590-88eb-1bcf667652f6 - - - - -] Lock "266c6cc8-e742-4823-860d-7101e860e130" "released" by "nova.context.set_target_cell..get_or_set_cached_cell_and_set_connections" :: held 0.000s inner /usr/lib/python3/dist-packages/oslo_concurrency/lockutils.py:400
2024-08-22 00:40:37.590 137062 DEBUG oslo_service.periodic_task [req-f1aa56d4-ea04-4e44-9cf9-7d93239adb95 - - - - -] Running periodic task SchedulerManager._discover_hosts_in_cells run_periodic_tasks /usr/lib/python3/dist-packages/oslo_service/periodic_task.py:210
