2024-08-22 00:37:45.205 121170 DEBUG oslo_service.service [req-30e987fd-64df-4fea-bad8-b05e3b2c28ab - - - - -] oslo_limit.keyfile = None log_opt_values /usr/lib/python3/dist-packages/oslo_config/cfg.py:2609
2024-08-22 00:37:45.205 121170 DEBUG oslo_service.service [req-30e987fd-64df-4fea-bad8-b05e3b2c28ab - - - - -] oslo_limit.max_version = None log_opt_values /usr/lib/python3/dist-packages/oslo_config/cfg.py:2609
2024-08-22 00:37:45.206 121170 DEBUG oslo_service.service [req-30e987fd-64df-4fea-bad8-b05e3b2c28ab - - - - -] oslo_limit.min_version = None log_opt_values /usr/lib/python3/dist-packages/oslo_config/cfg.py:2609
2024-08-22 00:37:45.206 121170 DEBUG oslo_service.service [req-30e987fd-64df-4fea-bad8-b05e3b2c28ab - - - - -] oslo_limit.region_name = None log_opt_values /usr/lib/python3/dist-packages/oslo_config/cfg.py:2609
2024-08-22 00:37:45.206 121170 DEBUG oslo_service.service [req-30e987fd-64df-4fea-bad8-b05e3b2c28ab - - - - -] oslo_limit.service_name = None log_opt_values /usr/lib/python3/dist-packages/oslo_config/cfg.py:2609
2024-08-22 00:37:45.206 121170 DEBUG oslo_service.service [req-30e987fd-64df-4fea-bad8-b05e3b2c28ab - - - - -] oslo_limit.service_type = None log_opt_values /usr/lib/python3/dist-packages/oslo_config/cfg.py:2609
2024-08-22 00:37:45.206 121170 DEBUG oslo_service.service [req-30e987fd-64df-4fea-bad8-b05e3b2c28ab - - - - -] oslo_limit.split_loggers = False log_opt_values /usr/lib/python3/dist-packages/oslo_config/cfg.py:2609
2024-08-22 00:37:45.206 121170 DEBUG oslo_service.service [req-30e987fd-64df-4fea-bad8-b05e3b2c28ab - - - - -] oslo_limit.status_code_retries = None log_opt_values /usr/lib/python3/dist-packages/oslo_config/cfg.py:2609
2024-08-22 00:37:45.207 121170 DEBUG oslo_service.service [req-30e987fd-64df-4fea-bad8-b05e3b2c28ab - - - - -] oslo_limit.status_code_retry_delay = None log_opt_values /usr/lib/python3/dist-packages/oslo_config/cfg.py:2609
2024-08-22 00:37:45.207 121170 DEBUG oslo_service.service [req-30e987fd-64df-4fea-bad8-b05e3b2c28ab - - - - -] oslo_limit.timeout = None log_opt_values /usr/lib/python3/dist-packages/oslo_config/cfg.py:2609
2024-08-22 00:37:45.207 121170 DEBUG oslo_service.service [req-30e987fd-64df-4fea-bad8-b05e3b2c28ab - - - - -] oslo_limit.valid_interfaces = None log_opt_values /usr/lib/python3/dist-packages/oslo_config/cfg.py:2609
2024-08-22 00:37:45.207 121170 DEBUG oslo_service.service [req-30e987fd-64df-4fea-bad8-b05e3b2c28ab - - - - -] oslo_limit.version = None log_opt_values /usr/lib/python3/dist-packages/oslo_config/cfg.py:2609
2024-08-22 00:37:45.207 121170 DEBUG oslo_service.service [req-30e987fd-64df-4fea-bad8-b05e3b2c28ab - - - - -] oslo_reports.file_event_handler = None log_opt_values /usr/lib/python3/dist-packages/oslo_config/cfg.py:2609
2024-08-22 00:37:45.207 121170 DEBUG oslo_service.service [req-30e987fd-64df-4fea-bad8-b05e3b2c28ab - - - - -] oslo_reports.file_event_handler_interval = 1 log_opt_values /usr/lib/python3/dist-packages/oslo_config/cfg.py:2609
2024-08-22 00:37:45.208 121170 DEBUG oslo_service.service [req-30e987fd-64df-4fea-bad8-b05e3b2c28ab - - - - -] oslo_reports.log_dir = None log_opt_values /usr/lib/python3/dist-packages/oslo_config/cfg.py:2609
2024-08-22 00:37:45.208 121170 DEBUG oslo_service.service [req-30e987fd-64df-4fea-bad8-b05e3b2c28ab - - - - -] ******************************************************************************** log_opt_values /usr/lib/python3/dist-packages/oslo_config/cfg.py:2613
2024-08-22 00:37:45.488 122234 DEBUG nova.service [req-743f0cf9-6ee9-42fb-9bdb-0ae8cff2b890 - - - - -] Creating RPC server for service scheduler start /usr/lib/python3/dist-packages/nova/service.py:182
2024-08-22 00:37:45.499 122235 DEBUG nova.service [req-39c3013f-bbaf-43f3-ad68-1ab16af31f0a - - - - -] Creating RPC server for service scheduler start /usr/lib/python3/dist-packages/nova/service.py:182
2024-08-22 00:37:45.505 122228 DEBUG nova.service [req-836d0c3d-b83a-4401-8e6f-10edccc6878b - - - - -] Creating RPC server for service scheduler start /usr/lib/python3/dist-packages/nova/service.py:182
2024-08-22 00:37:45.512 122236 DEBUG nova.service [req-ecd779ae-e275-4782-8952-ced54c3b8491 - - - - -] Creating RPC server for service scheduler start /usr/lib/python3/dist-packages/nova/service.py:182
2024-08-22 00:37:45.535 122235 DEBUG oslo_messaging._drivers.amqpdriver [-] Listener is running poll /usr/lib/python3/dist-packages/oslo_messaging/_drivers/amqpdriver.py:343
2024-08-22 00:37:45.535 122235 DEBUG oslo_messaging._drivers.amqpdriver [-] AMQPListener connection consume poll /usr/lib/python3/dist-packages/oslo_messaging/_drivers/amqpdriver.py:357
2024-08-22 00:37:45.535 122234 DEBUG oslo_messaging._drivers.amqpdriver [-] Listener is running poll /usr/lib/python3/dist-packages/oslo_messaging/_drivers/amqpdriver.py:343
2024-08-22 00:37:45.536 122234 DEBUG oslo_messaging._drivers.amqpdriver [-] AMQPListener connection consume poll /usr/lib/python3/dist-packages/oslo_messaging/_drivers/amqpdriver.py:357
2024-08-22 00:37:45.538 122234 DEBUG nova.service [req-743f0cf9-6ee9-42fb-9bdb-0ae8cff2b890 - - - - -] Join ServiceGroup membership for this service scheduler start /usr/lib/python3/dist-packages/nova/service.py:199
2024-08-22 00:37:45.538 122235 DEBUG nova.service [req-39c3013f-bbaf-43f3-ad68-1ab16af31f0a - - - - -] Join ServiceGroup membership for this service scheduler start /usr/lib/python3/dist-packages/nova/service.py:199
2024-08-22 00:37:45.541 122235 DEBUG nova.servicegroup.drivers.db [req-39c3013f-bbaf-43f3-ad68-1ab16af31f0a - - - - -] DB_Driver: join new ServiceGroup member juju-427d9a-0-lxd-7 to the scheduler group, service = join /usr/lib/python3/dist-packages/nova/servicegroup/drivers/db.py:44
2024-08-22 00:37:45.542 122234 DEBUG nova.servicegroup.drivers.db [req-743f0cf9-6ee9-42fb-9bdb-0ae8cff2b890 - - - - -] DB_Driver: join new ServiceGroup member juju-427d9a-0-lxd-7 to the scheduler group, service = join /usr/lib/python3/dist-packages/nova/servicegroup/drivers/db.py:44
2024-08-22 00:37:45.542 122234 DEBUG oslo_messaging._drivers.amqpdriver [-] AMQPListener connection timeout poll /usr/lib/python3/dist-packages/oslo_messaging/_drivers/amqpdriver.py:360
2024-08-22 00:37:45.542 122228 DEBUG oslo_messaging._drivers.amqpdriver [-] Listener is running poll /usr/lib/python3/dist-packages/oslo_messaging/_drivers/amqpdriver.py:343
2024-08-22 00:37:45.542 122234 DEBUG oslo_messaging._drivers.amqpdriver [-] Listener is running poll /usr/lib/python3/dist-packages/oslo_messaging/_drivers/amqpdriver.py:343
2024-08-22 00:37:45.542 122228 DEBUG oslo_messaging._drivers.amqpdriver [-] AMQPListener connection consume poll /usr/lib/python3/dist-packages/oslo_messaging/_drivers/amqpdriver.py:357
2024-08-22 00:37:45.542 122234 DEBUG oslo_messaging._drivers.amqpdriver [-] AMQPListener connection consume poll /usr/lib/python3/dist-packages/oslo_messaging/_drivers/amqpdriver.py:357
2024-08-22 00:37:45.541 122235 DEBUG oslo_messaging._drivers.amqpdriver [-] AMQPListener connection timeout poll /usr/lib/python3/dist-packages/oslo_messaging/_drivers/amqpdriver.py:360
2024-08-22 00:37:45.543 122235 DEBUG oslo_messaging._drivers.amqpdriver [-] Listener is running poll /usr/lib/python3/dist-packages/oslo_messaging/_drivers/amqpdriver.py:343
2024-08-22 00:37:45.543 122235 DEBUG oslo_messaging._drivers.amqpdriver [-] AMQPListener connection consume poll /usr/lib/python3/dist-packages/oslo_messaging/_drivers/amqpdriver.py:357
2024-08-22 00:37:45.543 122228 DEBUG nova.service [req-836d0c3d-b83a-4401-8e6f-10edccc6878b - - - - -] Join ServiceGroup membership for this service scheduler start /usr/lib/python3/dist-packages/nova/service.py:199
2024-08-22 00:37:45.543 122228 DEBUG nova.servicegroup.drivers.db [req-836d0c3d-b83a-4401-8e6f-10edccc6878b - - - - -] DB_Driver: join new ServiceGroup member juju-427d9a-0-lxd-7 to the scheduler group, service = join /usr/lib/python3/dist-packages/nova/servicegroup/drivers/db.py:44
2024-08-22 00:37:45.547 122228 DEBUG oslo_messaging._drivers.amqpdriver [-] AMQPListener connection timeout poll /usr/lib/python3/dist-packages/oslo_messaging/_drivers/amqpdriver.py:360
2024-08-22 00:37:45.547 122228 DEBUG oslo_messaging._drivers.amqpdriver [-] Listener is running poll /usr/lib/python3/dist-packages/oslo_messaging/_drivers/amqpdriver.py:343
2024-08-22 00:37:45.547 122228 DEBUG oslo_messaging._drivers.amqpdriver [-] AMQPListener connection consume poll /usr/lib/python3/dist-packages/oslo_messaging/_drivers/amqpdriver.py:357
2024-08-22 00:37:45.583 122236 DEBUG oslo_messaging._drivers.amqpdriver [-] Listener is running poll /usr/lib/python3/dist-packages/oslo_messaging/_drivers/amqpdriver.py:343
2024-08-22 00:37:45.583 122236 DEBUG oslo_messaging._drivers.amqpdriver [-] AMQPListener connection consume poll /usr/lib/python3/dist-packages/oslo_messaging/_drivers/amqpdriver.py:357
2024-08-22 00:37:45.584 122236 DEBUG nova.service [req-ecd779ae-e275-4782-8952-ced54c3b8491 - - - - -] Join ServiceGroup membership for this service scheduler start /usr/lib/python3/dist-packages/nova/service.py:199
2024-08-22 00:37:45.584 122236 DEBUG nova.servicegroup.drivers.db [req-ecd779ae-e275-4782-8952-ced54c3b8491 - - - - -] DB_Driver: join new ServiceGroup member juju-427d9a-0-lxd-7 to the scheduler group, service = join /usr/lib/python3/dist-packages/nova/servicegroup/drivers/db.py:44
2024-08-22 00:37:45.586 122236 DEBUG oslo_messaging._drivers.amqpdriver [-] AMQPListener connection timeout poll /usr/lib/python3/dist-packages/oslo_messaging/_drivers/amqpdriver.py:360
2024-08-22 00:37:45.587 122236 DEBUG oslo_messaging._drivers.amqpdriver [-] Listener is running poll /usr/lib/python3/dist-packages/oslo_messaging/_drivers/amqpdriver.py:343
2024-08-22 00:37:45.587 122236 DEBUG oslo_messaging._drivers.amqpdriver [-] AMQPListener connection consume poll /usr/lib/python3/dist-packages/oslo_messaging/_drivers/amqpdriver.py:357
2024-08-22 00:37:46.545 122235 DEBUG oslo_messaging._drivers.amqpdriver [-] AMQPListener connection timeout poll /usr/lib/python3/dist-packages/oslo_messaging/_drivers/amqpdriver.py:360
2024-08-22 00:37:46.545 122235 DEBUG oslo_messaging._drivers.amqpdriver [-] Listener is running poll /usr/lib/python3/dist-packages/oslo_messaging/_drivers/amqpdriver.py:343
2024-08-22 00:37:46.545 122235 DEBUG oslo_messaging._drivers.amqpdriver [-] AMQPListener connection consume poll /usr/lib/python3/dist-packages/oslo_messaging/_drivers/amqpdriver.py:357
2024-08-22 00:37:46.547 122234 DEBUG oslo_messaging._drivers.amqpdriver [-] AMQPListener connection timeout poll /usr/lib/python3/dist-packages/oslo_messaging/_drivers/amqpdriver.py:360
2024-08-22 00:37:46.547 122234 DEBUG oslo_messaging._drivers.amqpdriver [-] Listener is running poll /usr/lib/python3/dist-packages/oslo_messaging/_drivers/amqpdriver.py:343
2024-08-22 00:37:46.547 122234 DEBUG oslo_messaging._drivers.amqpdriver [-] AMQPListener connection consume poll /usr/lib/python3/dist-packages/oslo_messaging/_drivers/amqpdriver.py:357
2024-08-22 00:37:46.548 122228 DEBUG oslo_messaging._drivers.amqpdriver [-] AMQPListener connection timeout poll /usr/lib/python3/dist-packages/oslo_messaging/_drivers/amqpdriver.py:360
2024-08-22 00:37:46.549 122228 DEBUG oslo_messaging._drivers.amqpdriver [-] Listener is running poll /usr/lib/python3/dist-packages/oslo_messaging/_drivers/amqpdriver.py:343
2024-08-22 00:37:46.549 122228 DEBUG oslo_messaging._drivers.amqpdriver [-] AMQPListener connection consume poll /usr/lib/python3/dist-packages/oslo_messaging/_drivers/amqpdriver.py:357
2024-08-22 00:37:46.588 122236 DEBUG oslo_messaging._drivers.amqpdriver [-] AMQPListener connection timeout poll /usr/lib/python3/dist-packages/oslo_messaging/_drivers/amqpdriver.py:360
2024-08-22 00:37:46.588 122236 DEBUG oslo_messaging._drivers.amqpdriver [-] Listener is running poll /usr/lib/python3/dist-packages/oslo_messaging/_drivers/amqpdriver.py:343
2024-08-22 00:37:46.588 122236 DEBUG oslo_messaging._drivers.amqpdriver [-] AMQPListener connection consume poll /usr/lib/python3/dist-packages/oslo_messaging/_drivers/amqpdriver.py:357
2024-08-22 00:37:48.547 122235 DEBUG oslo_messaging._drivers.amqpdriver [-] AMQPListener connection timeout poll /usr/lib/python3/dist-packages/oslo_messaging/_drivers/amqpdriver.py:360
2024-08-22 00:37:48.547 122235 DEBUG oslo_messaging._drivers.amqpdriver [-] Listener is running poll /usr/lib/python3/dist-packages/oslo_messaging/_drivers/amqpdriver.py:343
2024-08-22 00:37:48.547 122235 DEBUG oslo_messaging._drivers.amqpdriver [-] AMQPListener connection consume poll /usr/lib/python3/dist-packages/oslo_messaging/_drivers/amqpdriver.py:357
2024-08-22 00:37:48.549 122234 DEBUG oslo_messaging._drivers.amqpdriver [-] AMQPListener connection timeout poll /usr/lib/python3/dist-packages/oslo_messaging/_drivers/amqpdriver.py:360
2024-08-22 00:37:48.550 122234 DEBUG oslo_messaging._drivers.amqpdriver [-] Listener is running poll /usr/lib/python3/dist-packages/oslo_messaging/_drivers/amqpdriver.py:343
2024-08-22 00:37:48.550 122234 DEBUG oslo_messaging._drivers.amqpdriver [-] AMQPListener connection consume poll /usr/lib/python3/dist-packages/oslo_messaging/_drivers/amqpdriver.py:357
2024-08-22 00:37:48.551 122228 DEBUG oslo_messaging._drivers.amqpdriver [-] AMQPListener connection timeout poll /usr/lib/python3/dist-packages/oslo_messaging/_drivers/amqpdriver.py:360
2024-08-22 00:37:48.551 122228 DEBUG oslo_messaging._drivers.amqpdriver [-] Listener is running poll /usr/lib/python3/dist-packages/oslo_messaging/_drivers/amqpdriver.py:343
2024-08-22 00:37:48.551 122228 DEBUG oslo_messaging._drivers.amqpdriver [-] AMQPListener connection consume poll /usr/lib/python3/dist-packages/oslo_messaging/_drivers/amqpdriver.py:357
2024-08-22 00:37:48.590 122236 DEBUG oslo_messaging._drivers.amqpdriver [-] AMQPListener connection timeout poll /usr/lib/python3/dist-packages/oslo_messaging/_drivers/amqpdriver.py:360
2024-08-22 00:37:48.590 122236 DEBUG oslo_messaging._drivers.amqpdriver [-] Listener is running poll /usr/lib/python3/dist-packages/oslo_messaging/_drivers/amqpdriver.py:343
2024-08-22 00:37:48.591 122236 DEBUG oslo_messaging._drivers.amqpdriver [-] AMQPListener connection consume poll /usr/lib/python3/dist-packages/oslo_messaging/_drivers/amqpdriver.py:357
2024-08-22 00:37:52.550 122235 DEBUG oslo_messaging._drivers.amqpdriver [-] AMQPListener connection timeout poll /usr/lib/python3/dist-packages/oslo_messaging/_drivers/amqpdriver.py:360
2024-08-22 00:37:52.551 122235 DEBUG oslo_messaging._drivers.amqpdriver [-] Listener is running poll /usr/lib/python3/dist-packages/oslo_messaging/_drivers/amqpdriver.py:343
2024-08-22 00:37:52.551 122235 DEBUG oslo_messaging._drivers.amqpdriver [-] AMQPListener connection consume poll /usr/lib/python3/dist-packages/oslo_messaging/_drivers/amqpdriver.py:357
2024-08-22 00:37:52.551 122234 DEBUG oslo_messaging._drivers.amqpdriver [-] AMQPListener connection timeout poll /usr/lib/python3/dist-packages/oslo_messaging/_drivers/amqpdriver.py:360
2024-08-22 00:37:52.552 122234 DEBUG oslo_messaging._drivers.amqpdriver [-] Listener is running poll /usr/lib/python3/dist-packages/oslo_messaging/_drivers/amqpdriver.py:343
2024-08-22 00:37:52.552 122234 DEBUG oslo_messaging._drivers.amqpdriver [-] AMQPListener connection consume poll /usr/lib/python3/dist-packages/oslo_messaging/_drivers/amqpdriver.py:357
2024-08-22 00:37:52.554 122228 DEBUG oslo_messaging._drivers.amqpdriver [-] AMQPListener connection timeout poll /usr/lib/python3/dist-packages/oslo_messaging/_drivers/amqpdriver.py:360
2024-08-22 00:37:52.554 122228 DEBUG oslo_messaging._drivers.amqpdriver [-] Listener is running poll /usr/lib/python3/dist-packages/oslo_messaging/_drivers/amqpdriver.py:343
2024-08-22 00:37:52.554 122228 DEBUG oslo_messaging._drivers.amqpdriver [-] AMQPListener connection consume poll /usr/lib/python3/dist-packages/oslo_messaging/_drivers/amqpdriver.py:357
2024-08-22 00:37:52.592 122236 DEBUG oslo_messaging._drivers.amqpdriver [-] AMQPListener connection timeout poll /usr/lib/python3/dist-packages/oslo_messaging/_drivers/amqpdriver.py:360
2024-08-22 00:37:52.592 122236 DEBUG oslo_messaging._drivers.amqpdriver [-] Listener is running poll /usr/lib/python3/dist-packages/oslo_messaging/_drivers/amqpdriver.py:343
2024-08-22 00:37:52.592 122236 DEBUG oslo_messaging._drivers.amqpdriver [-] AMQPListener connection consume poll /usr/lib/python3/dist-packages/oslo_messaging/_drivers/amqpdriver.py:357
2024-08-22 00:38:00.552 122235 DEBUG oslo_messaging._drivers.amqpdriver [-] AMQPListener connection timeout poll /usr/lib/python3/dist-packages/oslo_messaging/_drivers/amqpdriver.py:360
2024-08-22 00:38:00.552 122235 DEBUG oslo_messaging._drivers.amqpdriver [-] Listener is running poll /usr/lib/python3/dist-packages/oslo_messaging/_drivers/amqpdriver.py:343
2024-08-22 00:38:00.552 122235 DEBUG oslo_messaging._drivers.amqpdriver [-] AMQPListener connection consume poll /usr/lib/python3/dist-packages/oslo_messaging/_drivers/amqpdriver.py:357
2024-08-22 00:38:00.554 122234 DEBUG oslo_messaging._drivers.amqpdriver [-] AMQPListener connection timeout poll /usr/lib/python3/dist-packages/oslo_messaging/_drivers/amqpdriver.py:360
2024-08-22 00:38:00.554 122234 DEBUG oslo_messaging._drivers.amqpdriver [-] Listener is running poll /usr/lib/python3/dist-packages/oslo_messaging/_drivers/amqpdriver.py:343
2024-08-22 00:38:00.555 122234 DEBUG oslo_messaging._drivers.amqpdriver [-] AMQPListener connection consume poll /usr/lib/python3/dist-packages/oslo_messaging/_drivers/amqpdriver.py:357
2024-08-22 00:38:00.555 122228 DEBUG oslo_messaging._drivers.amqpdriver [-] AMQPListener connection timeout poll /usr/lib/python3/dist-packages/oslo_messaging/_drivers/amqpdriver.py:360
2024-08-22 00:38:00.555 122228 DEBUG oslo_messaging._drivers.amqpdriver [-] Listener is running poll /usr/lib/python3/dist-packages/oslo_messaging/_drivers/amqpdriver.py:343
2024-08-22 00:38:00.556 122228 DEBUG oslo_messaging._drivers.amqpdriver [-] AMQPListener connection consume poll /usr/lib/python3/dist-packages/oslo_messaging/_drivers/amqpdriver.py:357
2024-08-22 00:38:00.593 122236 DEBUG oslo_messaging._drivers.amqpdriver [-] AMQPListener connection timeout poll /usr/lib/python3/dist-packages/oslo_messaging/_drivers/amqpdriver.py:360
2024-08-22 00:38:00.593 122236 DEBUG oslo_messaging._drivers.amqpdriver [-] Listener is running poll /usr/lib/python3/dist-packages/oslo_messaging/_drivers/amqpdriver.py:343
2024-08-22 00:38:00.594 122236 DEBUG oslo_messaging._drivers.amqpdriver [-] AMQPListener connection consume poll /usr/lib/python3/dist-packages/oslo_messaging/_drivers/amqpdriver.py:357
2024-08-22 00:38:02.546 122228 DEBUG oslo_service.periodic_task [req-51dec3ee-cbdb-44d6-b2bd-5a9d177d4221 - - - - -] Running periodic task SchedulerManager._discover_hosts_in_cells run_periodic_tasks /usr/lib/python3/dist-packages/oslo_service/periodic_task.py:210
2024-08-22 00:38:02.547 122228 DEBUG oslo_db.sqlalchemy.engines [req-51dec3ee-cbdb-44d6-b2bd-5a9d177d4221 - - - - -] Parent process 121170 forked (122228) with an open database connection, which is being discarded and recreated. checkout /usr/lib/python3/dist-packages/oslo_db/sqlalchemy/engines.py:413
2024-08-22 00:38:02.553 122228 DEBUG oslo_concurrency.lockutils [req-51dec3ee-cbdb-44d6-b2bd-5a9d177d4221 - - - - -] Lock "266c6cc8-e742-4823-860d-7101e860e130" acquired by "nova.context.set_target_cell..get_or_set_cached_cell_and_set_connections" :: waited 0.000s inner /usr/lib/python3/dist-packages/oslo_concurrency/lockutils.py:386
2024-08-22 00:38:02.555 122228 DEBUG oslo_concurrency.lockutils [req-51dec3ee-cbdb-44d6-b2bd-5a9d177d4221 - - - - -] Lock "266c6cc8-e742-4823-860d-7101e860e130" "released" by "nova.context.set_target_cell..get_or_set_cached_cell_and_set_connections" :: held 0.002s inner /usr/lib/python3/dist-packages/oslo_concurrency/lockutils.py:400
2024-08-22 00:38:02.560 122228 DEBUG oslo_db.sqlalchemy.engines [req-51dec3ee-cbdb-44d6-b2bd-5a9d177d4221 - - - - -] MySQL server mode set to STRICT_TRANS_TABLES,STRICT_ALL_TABLES,NO_ZERO_IN_DATE,NO_ZERO_DATE,ERROR_FOR_DIVISION_BY_ZERO,TRADITIONAL,NO_ENGINE_SUBSTITUTION _check_effective_sql_mode /usr/lib/python3/dist-packages/oslo_db/sqlalchemy/engines.py:314
2024-08-22 00:38:02.617 122228 INFO nova.scheduler.manager [req-51dec3ee-cbdb-44d6-b2bd-5a9d177d4221 - - - - -] Discovered 1 new hosts: cell1:cn-jenkins-deploy-platform-juju-os-375-1
2024-08-22 00:38:19.427 121170 INFO oslo_service.service [req-30e987fd-64df-4fea-bad8-b05e3b2c28ab - - - - -] Caught SIGTERM, stopping children
2024-08-22 00:38:19.428 121170 DEBUG oslo_concurrency.lockutils [req-30e987fd-64df-4fea-bad8-b05e3b2c28ab - - - - -] Acquired lock "singleton_lock" lock /usr/lib/python3/dist-packages/oslo_concurrency/lockutils.py:294
2024-08-22 00:38:19.428 121170 DEBUG oslo_concurrency.lockutils [req-30e987fd-64df-4fea-bad8-b05e3b2c28ab - - - - -] Releasing lock "singleton_lock" lock /usr/lib/python3/dist-packages/oslo_concurrency/lockutils.py:312
2024-08-22 00:38:19.428 121170 DEBUG oslo_service.service [req-30e987fd-64df-4fea-bad8-b05e3b2c28ab - - - - -] Stop services. stop /usr/lib/python3/dist-packages/oslo_service/service.py:695
2024-08-22 00:38:19.428 121170 DEBUG oslo_service.service [req-30e987fd-64df-4fea-bad8-b05e3b2c28ab - - - - -] Killing children. stop /usr/lib/python3/dist-packages/oslo_service/service.py:700
2024-08-22 00:38:19.428 121170 INFO oslo_service.service [req-30e987fd-64df-4fea-bad8-b05e3b2c28ab - - - - -] Waiting on 4 children to exit
2024-08-22 00:38:19.436 121170 INFO oslo_service.service [req-30e987fd-64df-4fea-bad8-b05e3b2c28ab - - - - -] Child 122228 killed by signal 15
2024-08-22 00:38:19.436 121170 INFO oslo_service.service [req-30e987fd-64df-4fea-bad8-b05e3b2c28ab - - - - -] Child 122234 killed by signal 15
2024-08-22 00:38:19.436 121170 INFO oslo_service.service [req-30e987fd-64df-4fea-bad8-b05e3b2c28ab - - - - -] Child 122235 killed by signal 15
2024-08-22 00:38:19.436 121170 INFO oslo_service.service [req-30e987fd-64df-4fea-bad8-b05e3b2c28ab - - - - -] Child 122236 killed by signal 15
2024-08-22 00:38:20.963 136655 DEBUG oslo_db.sqlalchemy.engines [req-87a169e8-24d2-4d4f-8c34-ca41efaa71c8 - - - - -] MySQL server mode set to STRICT_TRANS_TABLES,STRICT_ALL_TABLES,NO_ZERO_IN_DATE,NO_ZERO_DATE,ERROR_FOR_DIVISION_BY_ZERO,TRADITIONAL,NO_ENGINE_SUBSTITUTION _check_effective_sql_mode /usr/lib/python3/dist-packages/oslo_db/sqlalchemy/engines.py:314
2024-08-22 00:38:20.993 136655 DEBUG nova.scheduler.host_manager [req-87a169e8-24d2-4d4f-8c34-ca41efaa71c8 - - - - -] Found 1 cells: 266c6cc8-e742-4823-860d-7101e860e130 refresh_cells_caches /usr/lib/python3/dist-packages/nova/scheduler/host_manager.py:730
2024-08-22 00:38:20.993 136655 DEBUG nova.scheduler.host_manager [req-87a169e8-24d2-4d4f-8c34-ca41efaa71c8 - - - - -] Found 0 disabled cells: refresh_cells_caches /usr/lib/python3/dist-packages/nova/scheduler/host_manager.py:742
2024-08-22 00:38:20.997 136655 WARNING nova.scheduler.filters.availability_zone_filter [req-87a169e8-24d2-4d4f-8c34-ca41efaa71c8 - - - - -] The 'AvailabilityZoneFilter' is deprecated since the 24.0.0 (Xena) release. Since the 18.0.0 (Rocky) release, nova has supported mapping AZs to placement aggregates. The feature is enabled by the 'query_placement_for_availability_zone' config option and is now enabled by default. As such, the 'AvailabilityZoneFilter' is no longer required. Nova is currently configured to use both placement and the AvailabilityZoneFilter for AZ enforcement.
2024-08-22 00:38:21.073 136655 DEBUG nova.scheduler.host_manager [req-87a169e8-24d2-4d4f-8c34-ca41efaa71c8 - - - - -] START:_async_init_instance_info _async_init_instance_info /usr/lib/python3/dist-packages/nova/scheduler/host_manager.py:411
2024-08-22 00:38:21.075 136655 DEBUG oslo_concurrency.lockutils [req-439cef1d-582f-4a58-b47f-2fea8a61042b - - - - -] Lock "266c6cc8-e742-4823-860d-7101e860e130" acquired by "nova.context.set_target_cell..get_or_set_cached_cell_and_set_connections" :: waited 0.000s inner /usr/lib/python3/dist-packages/oslo_concurrency/lockutils.py:386
2024-08-22 00:38:21.076 136655 DEBUG oslo_concurrency.lockutils [req-439cef1d-582f-4a58-b47f-2fea8a61042b - - - - -] Lock "266c6cc8-e742-4823-860d-7101e860e130" "released" by "nova.context.set_target_cell..get_or_set_cached_cell_and_set_connections" :: held 0.001s inner /usr/lib/python3/dist-packages/oslo_concurrency/lockutils.py:400
2024-08-22 00:38:21.081 136655 DEBUG oslo_db.sqlalchemy.engines [req-439cef1d-582f-4a58-b47f-2fea8a61042b - - - - -] MySQL server mode set to STRICT_TRANS_TABLES,STRICT_ALL_TABLES,NO_ZERO_IN_DATE,NO_ZERO_DATE,ERROR_FOR_DIVISION_BY_ZERO,TRADITIONAL,NO_ENGINE_SUBSTITUTION _check_effective_sql_mode /usr/lib/python3/dist-packages/oslo_db/sqlalchemy/engines.py:314
2024-08-22 00:38:21.091 136655 DEBUG nova.scheduler.host_manager [req-439cef1d-582f-4a58-b47f-2fea8a61042b - - - - -] Total number of compute nodes: 1 _async_init_instance_info /usr/lib/python3/dist-packages/nova/scheduler/host_manager.py:424
2024-08-22 00:38:21.091 136655 DEBUG oslo_concurrency.lockutils [req-439cef1d-582f-4a58-b47f-2fea8a61042b - - - - -] Lock "266c6cc8-e742-4823-860d-7101e860e130" acquired by "nova.context.set_target_cell..get_or_set_cached_cell_and_set_connections" :: waited 0.000s inner /usr/lib/python3/dist-packages/oslo_concurrency/lockutils.py:386
2024-08-22 00:38:21.091 136655 DEBUG oslo_concurrency.lockutils [req-439cef1d-582f-4a58-b47f-2fea8a61042b - - - - -] Lock "266c6cc8-e742-4823-860d-7101e860e130" "released" by "nova.context.set_target_cell..get_or_set_cached_cell_and_set_connections" :: held 0.000s inner /usr/lib/python3/dist-packages/oslo_concurrency/lockutils.py:400
2024-08-22 00:38:21.159 136655 DEBUG nova.scheduler.host_manager [req-439cef1d-582f-4a58-b47f-2fea8a61042b - - - - -] Adding 0 instances for hosts 10-20 _async_init_instance_info /usr/lib/python3/dist-packages/nova/scheduler/host_manager.py:443
2024-08-22 00:38:21.159 136655 DEBUG nova.scheduler.host_manager [req-439cef1d-582f-4a58-b47f-2fea8a61042b - - - - -] END:_async_init_instance_info _async_init_instance_info /usr/lib/python3/dist-packages/nova/scheduler/host_manager.py:454
2024-08-22 00:38:21.479 136655 DEBUG nova.context [req-87a169e8-24d2-4d4f-8c34-ca41efaa71c8 - - - - -] Found 2 cells: 00000000-0000-0000-0000-000000000000(cell0),266c6cc8-e742-4823-860d-7101e860e130(cell1) load_cells /usr/lib/python3/dist-packages/nova/context.py:464
2024-08-22 00:38:21.480 136655 DEBUG oslo_concurrency.lockutils [req-4fe80728-d4cb-48d2-9fc0-26b4dec5fb17 - - - - -] Lock "00000000-0000-0000-0000-000000000000" acquired by "nova.context.set_target_cell..get_or_set_cached_cell_and_set_connections" :: waited 0.000s inner /usr/lib/python3/dist-packages/oslo_concurrency/lockutils.py:386
2024-08-22 00:38:21.481 136655 DEBUG oslo_concurrency.lockutils [req-4fe80728-d4cb-48d2-9fc0-26b4dec5fb17 - - - - -] Lock "00000000-0000-0000-0000-000000000000" "released" by "nova.context.set_target_cell..get_or_set_cached_cell_and_set_connections" :: held 0.001s inner /usr/lib/python3/dist-packages/oslo_concurrency/lockutils.py:400
2024-08-22 00:38:21.481 136655 DEBUG oslo_concurrency.lockutils [req-4fe80728-d4cb-48d2-9fc0-26b4dec5fb17 - - - - -] Lock "266c6cc8-e742-4823-860d-7101e860e130" acquired by "nova.context.set_target_cell..get_or_set_cached_cell_and_set_connections" :: waited 0.000s inner /usr/lib/python3/dist-packages/oslo_concurrency/lockutils.py:386
2024-08-22 00:38:21.482 136655 DEBUG oslo_concurrency.lockutils [req-4fe80728-d4cb-48d2-9fc0-26b4dec5fb17 - - - - -] Lock "266c6cc8-e742-4823-860d-7101e860e130" "released" by "nova.context.set_target_cell..get_or_set_cached_cell_and_set_connections" :: held 0.000s inner /usr/lib/python3/dist-packages/oslo_concurrency/lockutils.py:400
2024-08-22 00:38:21.490 136655 DEBUG oslo_db.sqlalchemy.engines [req-4fe80728-d4cb-48d2-9fc0-26b4dec5fb17 - - - - -] MySQL server mode set to STRICT_TRANS_TABLES,STRICT_ALL_TABLES,NO_ZERO_IN_DATE,NO_ZERO_DATE,ERROR_FOR_DIVISION_BY_ZERO,TRADITIONAL,NO_ENGINE_SUBSTITUTION _check_effective_sql_mode /usr/lib/python3/dist-packages/oslo_db/sqlalchemy/engines.py:314
2024-08-22 00:38:21.500 136655 DEBUG oslo_concurrency.lockutils [req-4fe80728-d4cb-48d2-9fc0-26b4dec5fb17 - - - - -] Acquired lock "singleton_lock" lock /usr/lib/python3/dist-packages/oslo_concurrency/lockutils.py:294
2024-08-22 00:38:21.500 136655 DEBUG oslo_concurrency.lockutils [req-4fe80728-d4cb-48d2-9fc0-26b4dec5fb17 - - - - -] Releasing lock "singleton_lock" lock /usr/lib/python3/dist-packages/oslo_concurrency/lockutils.py:312
2024-08-22 00:38:21.501 136655 INFO oslo_service.service [req-4fe80728-d4cb-48d2-9fc0-26b4dec5fb17 - - - - -] Starting 4 workers
2024-08-22 00:38:21.505 136655 DEBUG oslo_service.service [req-4fe80728-d4cb-48d2-9fc0-26b4dec5fb17 - - - - -] Started child 137059 _start_child /usr/lib/python3/dist-packages/oslo_service/service.py:575
2024-08-22 00:38:21.508 137059 INFO nova.service [-] Starting scheduler node (version 25.2.1)
2024-08-22 00:38:21.510 136655 DEBUG oslo_service.service [req-4fe80728-d4cb-48d2-9fc0-26b4dec5fb17 - - - - -] Started child 137062 _start_child /usr/lib/python3/dist-packages/oslo_service/service.py:575
2024-08-22 00:38:21.514 137062 INFO nova.service [-] Starting scheduler node (version 25.2.1)
2024-08-22 00:38:21.514 136655 DEBUG oslo_service.service [req-4fe80728-d4cb-48d2-9fc0-26b4dec5fb17 - - - - -] Started child 137064 _start_child /usr/lib/python3/dist-packages/oslo_service/service.py:575
2024-08-22 00:38:21.518 137059 DEBUG oslo_db.sqlalchemy.engines [req-22f89823-8df6-4719-8244-c381218a7e1e - - - - -] MySQL server mode set to STRICT_TRANS_TABLES,STRICT_ALL_TABLES,NO_ZERO_IN_DATE,NO_ZERO_DATE,ERROR_FOR_DIVISION_BY_ZERO,TRADITIONAL,NO_ENGINE_SUBSTITUTION _check_effective_sql_mode /usr/lib/python3/dist-packages/oslo_db/sqlalchemy/engines.py:314
2024-08-22 00:38:21.518 137064 INFO nova.service [-] Starting scheduler node (version 25.2.1)
2024-08-22 00:38:21.520 136655 DEBUG oslo_service.service [req-4fe80728-d4cb-48d2-9fc0-26b4dec5fb17 - - - - -] Started child 137066 _start_child /usr/lib/python3/dist-packages/oslo_service/service.py:575
2024-08-22 00:38:21.522 136655 DEBUG oslo_service.service [req-4fe80728-d4cb-48d2-9fc0-26b4dec5fb17 - - - - -] Full set of CONF: wait /usr/lib/python3/dist-packages/oslo_service/service.py:649
2024-08-22 00:38:21.523 136655 DEBUG oslo_service.service [req-4fe80728-d4cb-48d2-9fc0-26b4dec5fb17 - - - - -] ******************************************************************************** log_opt_values /usr/lib/python3/dist-packages/oslo_config/cfg.py:2589
2024-08-22 00:38:21.523 136655 DEBUG oslo_service.service [req-4fe80728-d4cb-48d2-9fc0-26b4dec5fb17 - - - - -] Configuration options gathered from: log_opt_values /usr/lib/python3/dist-packages/oslo_config/cfg.py:2590
2024-08-22 00:38:21.523 136655 DEBUG oslo_service.service [req-4fe80728-d4cb-48d2-9fc0-26b4dec5fb17 - - - - -] command line args: ['--config-file=/etc/nova/nova.conf', '--log-file=/var/log/nova/nova-scheduler.log'] log_opt_values /usr/lib/python3/dist-packages/oslo_config/cfg.py:2591
2024-08-22 00:38:21.523 136655 DEBUG oslo_service.service [req-4fe80728-d4cb-48d2-9fc0-26b4dec5fb17 - - - - -] config files: ['/etc/nova/nova.conf'] log_opt_values /usr/lib/python3/dist-packages/oslo_config/cfg.py:2592
2024-08-22 00:38:21.523 136655 DEBUG oslo_service.service [req-4fe80728-d4cb-48d2-9fc0-26b4dec5fb17 - - - - -] ================================================================================ log_opt_values /usr/lib/python3/dist-packages/oslo_config/cfg.py:2594
2024-08-22 00:38:21.524 136655 DEBUG oslo_service.service [req-4fe80728-d4cb-48d2-9fc0-26b4dec5fb17 - - - - -] allow_resize_to_same_host = False log_opt_values /usr/lib/python3/dist-packages/oslo_config/cfg.py:2602
2024-08-22 00:38:21.524 136655 DEBUG oslo_service.service [req-4fe80728-d4cb-48d2-9fc0-26b4dec5fb17 - - - - -] arq_binding_timeout = 300 log_opt_values /usr/lib/python3/dist-packages/oslo_config/cfg.py:2602
2024-08-22 00:38:21.524 136655 DEBUG oslo_service.service [req-4fe80728-d4cb-48d2-9fc0-26b4dec5fb17 - - - - -] block_device_allocate_retries = 60 log_opt_values /usr/lib/python3/dist-packages/oslo_config/cfg.py:2602
2024-08-22 00:38:21.524 136655 DEBUG oslo_service.service [req-4fe80728-d4cb-48d2-9fc0-26b4dec5fb17 - - - - -] block_device_allocate_retries_interval = 3 log_opt_values /usr/lib/python3/dist-packages/oslo_config/cfg.py:2602
2024-08-22 00:38:21.525 136655 DEBUG oslo_service.service [req-4fe80728-d4cb-48d2-9fc0-26b4dec5fb17 - - - - -] cert = self.pem log_opt_values /usr/lib/python3/dist-packages/oslo_config/cfg.py:2602
2024-08-22 00:38:21.525 136655 DEBUG oslo_service.service [req-4fe80728-d4cb-48d2-9fc0-26b4dec5fb17 - - - - -] compute_driver = libvirt.LibvirtDriver log_opt_values /usr/lib/python3/dist-packages/oslo_config/cfg.py:2602
2024-08-22 00:38:21.525 137066 INFO nova.service [-] Starting scheduler node (version 25.2.1)
2024-08-22 00:38:21.525 136655 DEBUG oslo_service.service [req-4fe80728-d4cb-48d2-9fc0-26b4dec5fb17 - - - - -] compute_monitors = [] log_opt_values /usr/lib/python3/dist-packages/oslo_config/cfg.py:2602
2024-08-22 00:38:21.525 136655 DEBUG oslo_service.service [req-4fe80728-d4cb-48d2-9fc0-26b4dec5fb17 - - - - -] config_dir = [] log_opt_values /usr/lib/python3/dist-packages/oslo_config/cfg.py:2602
2024-08-22 00:38:21.526 136655 DEBUG oslo_service.service [req-4fe80728-d4cb-48d2-9fc0-26b4dec5fb17 - - - - -] config_drive_format = iso9660 log_opt_values /usr/lib/python3/dist-packages/oslo_config/cfg.py:2602
2024-08-22 00:38:21.526 136655 DEBUG oslo_service.service [req-4fe80728-d4cb-48d2-9fc0-26b4dec5fb17 - - - - -] config_file = ['/etc/nova/nova.conf'] log_opt_values /usr/lib/python3/dist-packages/oslo_config/cfg.py:2602
2024-08-22 00:38:21.526 136655 DEBUG oslo_service.service [req-4fe80728-d4cb-48d2-9fc0-26b4dec5fb17 - - - - -] config_source = [] log_opt_values /usr/lib/python3/dist-packages/oslo_config/cfg.py:2602
2024-08-22 00:38:21.527 136655 DEBUG oslo_service.service [req-4fe80728-d4cb-48d2-9fc0-26b4dec5fb17 - - - - -] console_host = juju-427d9a-0-lxd-7 log_opt_values /usr/lib/python3/dist-packages/oslo_config/cfg.py:2602
2024-08-22 00:38:21.527 136655 DEBUG oslo_service.service [req-4fe80728-d4cb-48d2-9fc0-26b4dec5fb17 - - - - -] control_exchange = nova log_opt_values /usr/lib/python3/dist-packages/oslo_config/cfg.py:2602
2024-08-22 00:38:21.527 136655 DEBUG oslo_service.service [req-4fe80728-d4cb-48d2-9fc0-26b4dec5fb17 - - - - -] cpu_allocation_ratio = 2.0 log_opt_values /usr/lib/python3/dist-packages/oslo_config/cfg.py:2602
2024-08-22 00:38:21.527 136655 DEBUG oslo_service.service [req-4fe80728-d4cb-48d2-9fc0-26b4dec5fb17 - - - - -] daemon = False log_opt_values /usr/lib/python3/dist-packages/oslo_config/cfg.py:2602
2024-08-22 00:38:21.528 136655 DEBUG oslo_service.service [req-4fe80728-d4cb-48d2-9fc0-26b4dec5fb17 - - - - -] debug = True log_opt_values /usr/lib/python3/dist-packages/oslo_config/cfg.py:2602
2024-08-22 00:38:21.528 136655 DEBUG oslo_service.service [req-4fe80728-d4cb-48d2-9fc0-26b4dec5fb17 - - - - -] default_access_ip_network_name = None log_opt_values /usr/lib/python3/dist-packages/oslo_config/cfg.py:2602
2024-08-22 00:38:21.528 136655 DEBUG oslo_service.service [req-4fe80728-d4cb-48d2-9fc0-26b4dec5fb17 - - - - -] default_availability_zone = nova log_opt_values /usr/lib/python3/dist-packages/oslo_config/cfg.py:2602
2024-08-22 00:38:21.528 136655 DEBUG oslo_service.service [req-4fe80728-d4cb-48d2-9fc0-26b4dec5fb17 - - - - -] default_ephemeral_format = None log_opt_values /usr/lib/python3/dist-packages/oslo_config/cfg.py:2602
2024-08-22 00:38:21.528 136655 DEBUG oslo_service.service [req-4fe80728-d4cb-48d2-9fc0-26b4dec5fb17 - - - - -] default_log_levels = ['amqp=WARN', 'amqplib=WARN', 'boto=WARN', 'qpid=WARN', 'sqlalchemy=WARN', 'suds=INFO', 'oslo.messaging=INFO', 'oslo_messaging=DEBUG', 'iso8601=WARN', 'requests.packages.urllib3.connectionpool=WARN', 'urllib3.connectionpool=WARN', 'websocket=WARN', 'requests.packages.urllib3.util.retry=WARN', 'urllib3.util.retry=WARN', 'keystonemiddleware=WARN', 'routes.middleware=WARN', 'stevedore=WARN', 'taskflow=WARN', 'keystoneauth=WARN', 'oslo.cache=INFO', 'dogpile.core.dogpile=INFO', 'glanceclient=WARN', 'oslo.privsep.daemon=INFO'] log_opt_values /usr/lib/python3/dist-packages/oslo_config/cfg.py:2602
2024-08-22 00:38:21.529 136655 DEBUG oslo_service.service [req-4fe80728-d4cb-48d2-9fc0-26b4dec5fb17 - - - - -] default_schedule_zone = None log_opt_values /usr/lib/python3/dist-packages/oslo_config/cfg.py:2602
2024-08-22 00:38:21.529 136655 DEBUG oslo_service.service [req-4fe80728-d4cb-48d2-9fc0-26b4dec5fb17 - - - - -] disk_allocation_ratio = 1.0 log_opt_values /usr/lib/python3/dist-packages/oslo_config/cfg.py:2602
2024-08-22 00:38:21.529 136655 DEBUG oslo_service.service [req-4fe80728-d4cb-48d2-9fc0-26b4dec5fb17 - - - - -] enable_new_services = True log_opt_values /usr/lib/python3/dist-packages/oslo_config/cfg.py:2602
2024-08-22 00:38:21.529 136655 DEBUG oslo_service.service [req-4fe80728-d4cb-48d2-9fc0-26b4dec5fb17 - - - - -] enabled_apis = ['osapi_compute', 'metadata'] log_opt_values /usr/lib/python3/dist-packages/oslo_config/cfg.py:2602
2024-08-22 00:38:21.530 136655 DEBUG oslo_service.service [req-4fe80728-d4cb-48d2-9fc0-26b4dec5fb17 - - - - -] enabled_ssl_apis = [] log_opt_values /usr/lib/python3/dist-packages/oslo_config/cfg.py:2602
2024-08-22 00:38:21.529 137062 DEBUG oslo_db.sqlalchemy.engines [req-6f325483-f85c-42be-bf00-69e575f4941e - - - - -] MySQL server mode set to STRICT_TRANS_TABLES,STRICT_ALL_TABLES,NO_ZERO_IN_DATE,NO_ZERO_DATE,ERROR_FOR_DIVISION_BY_ZERO,TRADITIONAL,NO_ENGINE_SUBSTITUTION _check_effective_sql_mode /usr/lib/python3/dist-packages/oslo_db/sqlalchemy/engines.py:314
2024-08-22 00:38:21.530 136655 DEBUG oslo_service.service [req-4fe80728-d4cb-48d2-9fc0-26b4dec5fb17 - - - - -] fatal_deprecations = False log_opt_values /usr/lib/python3/dist-packages/oslo_config/cfg.py:2602
2024-08-22 00:38:21.530 136655 DEBUG oslo_service.service [req-4fe80728-d4cb-48d2-9fc0-26b4dec5fb17 - - - - -] flat_injected = False log_opt_values /usr/lib/python3/dist-packages/oslo_config/cfg.py:2602
2024-08-22 00:38:21.530 136655 DEBUG oslo_service.service [req-4fe80728-d4cb-48d2-9fc0-26b4dec5fb17 - - - - -] force_config_drive = False log_opt_values /usr/lib/python3/dist-packages/oslo_config/cfg.py:2602
2024-08-22 00:38:21.531 136655 DEBUG oslo_service.service [req-4fe80728-d4cb-48d2-9fc0-26b4dec5fb17 - - - - -] force_raw_images = True log_opt_values /usr/lib/python3/dist-packages/oslo_config/cfg.py:2602
2024-08-22 00:38:21.531 136655 DEBUG oslo_service.service [req-4fe80728-d4cb-48d2-9fc0-26b4dec5fb17 - - - - -] graceful_shutdown_timeout = 60 log_opt_values /usr/lib/python3/dist-packages/oslo_config/cfg.py:2602
2024-08-22 00:38:21.531 136655 DEBUG oslo_service.service [req-4fe80728-d4cb-48d2-9fc0-26b4dec5fb17 - - - - -] heal_instance_info_cache_interval = 60 log_opt_values /usr/lib/python3/dist-packages/oslo_config/cfg.py:2602
2024-08-22 00:38:21.532 136655 DEBUG oslo_service.service [req-4fe80728-d4cb-48d2-9fc0-26b4dec5fb17 - - - - -] host = juju-427d9a-0-lxd-7 log_opt_values /usr/lib/python3/dist-packages/oslo_config/cfg.py:2602
2024-08-22 00:38:21.532 136655 DEBUG oslo_service.service [req-4fe80728-d4cb-48d2-9fc0-26b4dec5fb17 - - - - -] initial_cpu_allocation_ratio = 16.0 log_opt_values /usr/lib/python3/dist-packages/oslo_config/cfg.py:2602
2024-08-22 00:38:21.532 136655 DEBUG oslo_service.service [req-4fe80728-d4cb-48d2-9fc0-26b4dec5fb17 - - - - -] initial_disk_allocation_ratio = 1.0 log_opt_values /usr/lib/python3/dist-packages/oslo_config/cfg.py:2602
2024-08-22 00:38:21.532 137059 DEBUG nova.service [req-22f89823-8df6-4719-8244-c381218a7e1e - - - - -] Creating RPC server for service scheduler start /usr/lib/python3/dist-packages/nova/service.py:182
2024-08-22 00:38:21.532 136655 DEBUG oslo_service.service [req-4fe80728-d4cb-48d2-9fc0-26b4dec5fb17 - - - - -] initial_ram_allocation_ratio = 1.5 log_opt_values /usr/lib/python3/dist-packages/oslo_config/cfg.py:2602
2024-08-22 00:38:21.533 136655 DEBUG oslo_service.service [req-4fe80728-d4cb-48d2-9fc0-26b4dec5fb17 - - - - -] injected_network_template = /usr/lib/python3/dist-packages/nova/virt/interfaces.template log_opt_values /usr/lib/python3/dist-packages/oslo_config/cfg.py:2602
2024-08-22 00:38:21.533 136655 DEBUG oslo_service.service [req-4fe80728-d4cb-48d2-9fc0-26b4dec5fb17 - - - - -] instance_build_timeout = 0 log_opt_values /usr/lib/python3/dist-packages/oslo_config/cfg.py:2602
2024-08-22 00:38:21.533 136655 DEBUG oslo_service.service [req-4fe80728-d4cb-48d2-9fc0-26b4dec5fb17 - - - - -] instance_delete_interval = 300 log_opt_values /usr/lib/python3/dist-packages/oslo_config/cfg.py:2602
2024-08-22 00:38:21.533 136655 DEBUG oslo_service.service [req-4fe80728-d4cb-48d2-9fc0-26b4dec5fb17 - - - - -] instance_format = [instance: %(uuid)s] log_opt_values /usr/lib/python3/dist-packages/oslo_config/cfg.py:2602
2024-08-22 00:38:21.534 136655 DEBUG oslo_service.service [req-4fe80728-d4cb-48d2-9fc0-26b4dec5fb17 - - - - -] instance_name_template = instance-%08x log_opt_values /usr/lib/python3/dist-packages/oslo_config/cfg.py:2602
2024-08-22 00:38:21.534 136655 DEBUG oslo_service.service [req-4fe80728-d4cb-48d2-9fc0-26b4dec5fb17 - - - - -] instance_usage_audit = False log_opt_values /usr/lib/python3/dist-packages/oslo_config/cfg.py:2602
2024-08-22 00:38:21.534 136655 DEBUG oslo_service.service [req-4fe80728-d4cb-48d2-9fc0-26b4dec5fb17 - - - - -] instance_usage_audit_period = month log_opt_values /usr/lib/python3/dist-packages/oslo_config/cfg.py:2602
2024-08-22 00:38:21.534 136655 DEBUG oslo_service.service [req-4fe80728-d4cb-48d2-9fc0-26b4dec5fb17 - - - - -] instance_uuid_format = [instance: %(uuid)s] log_opt_values /usr/lib/python3/dist-packages/oslo_config/cfg.py:2602
2024-08-22 00:38:21.534 136655 DEBUG oslo_service.service [req-4fe80728-d4cb-48d2-9fc0-26b4dec5fb17 - - - - -] instances_path = /var/lib/nova/instances log_opt_values /usr/lib/python3/dist-packages/oslo_config/cfg.py:2602
2024-08-22 00:38:21.535 136655 DEBUG oslo_service.service [req-4fe80728-d4cb-48d2-9fc0-26b4dec5fb17 - - - - -] internal_service_availability_zone = internal log_opt_values /usr/lib/python3/dist-packages/oslo_config/cfg.py:2602
2024-08-22 00:38:21.534 137064 DEBUG oslo_db.sqlalchemy.engines [req-77605be1-c13a-4340-9bf0-f7371bf41556 - - - - -] MySQL server mode set to STRICT_TRANS_TABLES,STRICT_ALL_TABLES,NO_ZERO_IN_DATE,NO_ZERO_DATE,ERROR_FOR_DIVISION_BY_ZERO,TRADITIONAL,NO_ENGINE_SUBSTITUTION _check_effective_sql_mode /usr/lib/python3/dist-packages/oslo_db/sqlalchemy/engines.py:314
2024-08-22 00:38:21.534 137066 DEBUG oslo_db.sqlalchemy.engines [req-7d7c5308-4961-4473-a183-d3fbde09e8d1 - - - - -] MySQL server mode set to STRICT_TRANS_TABLES,STRICT_ALL_TABLES,NO_ZERO_IN_DATE,NO_ZERO_DATE,ERROR_FOR_DIVISION_BY_ZERO,TRADITIONAL,NO_ENGINE_SUBSTITUTION _check_effective_sql_mode /usr/lib/python3/dist-packages/oslo_db/sqlalchemy/engines.py:314
2024-08-22 00:38:21.535 136655 DEBUG oslo_service.service [req-4fe80728-d4cb-48d2-9fc0-26b4dec5fb17 - - - - -] key = None log_opt_values /usr/lib/python3/dist-packages/oslo_config/cfg.py:2602
2024-08-22 00:38:21.535 136655 DEBUG oslo_service.service [req-4fe80728-d4cb-48d2-9fc0-26b4dec5fb17 - - - - -] live_migration_retry_count = 30 log_opt_values /usr/lib/python3/dist-packages/oslo_config/cfg.py:2602
2024-08-22 00:38:21.535 136655 DEBUG oslo_service.service [req-4fe80728-d4cb-48d2-9fc0-26b4dec5fb17 - - - - -] log_config_append = None log_opt_values /usr/lib/python3/dist-packages/oslo_config/cfg.py:2602
2024-08-22 00:38:21.536 136655 DEBUG oslo_service.service [req-4fe80728-d4cb-48d2-9fc0-26b4dec5fb17 - - - - -] log_date_format = %Y-%m-%d %H:%M:%S log_opt_values /usr/lib/python3/dist-packages/oslo_config/cfg.py:2602
2024-08-22 00:38:21.536 136655 DEBUG oslo_service.service [req-4fe80728-d4cb-48d2-9fc0-26b4dec5fb17 - - - - -] log_dir = /var/log/nova log_opt_values /usr/lib/python3/dist-packages/oslo_config/cfg.py:2602
2024-08-22 00:38:21.536 136655 DEBUG oslo_service.service [req-4fe80728-d4cb-48d2-9fc0-26b4dec5fb17 - - - - -] log_file = /var/log/nova/nova-scheduler.log log_opt_values /usr/lib/python3/dist-packages/oslo_config/cfg.py:2602
2024-08-22 00:38:21.537 136655 DEBUG oslo_service.service [req-4fe80728-d4cb-48d2-9fc0-26b4dec5fb17 - - - - -] log_options = True log_opt_values /usr/lib/python3/dist-packages/oslo_config/cfg.py:2602
2024-08-22 00:38:21.538 136655 DEBUG oslo_service.service [req-4fe80728-d4cb-48d2-9fc0-26b4dec5fb17 - - - - -] log_rotate_interval = 1 log_opt_values /usr/lib/python3/dist-packages/oslo_config/cfg.py:2602
2024-08-22 00:38:21.538 136655 DEBUG oslo_service.service [req-4fe80728-d4cb-48d2-9fc0-26b4dec5fb17 - - - - -] log_rotate_interval_type = days log_opt_values /usr/lib/python3/dist-packages/oslo_config/cfg.py:2602
2024-08-22 00:38:21.538 136655 DEBUG oslo_service.service [req-4fe80728-d4cb-48d2-9fc0-26b4dec5fb17 - - - - -] log_rotation_type = none log_opt_values /usr/lib/python3/dist-packages/oslo_config/cfg.py:2602
2024-08-22 00:38:21.540 136655 DEBUG oslo_service.service [req-4fe80728-d4cb-48d2-9fc0-26b4dec5fb17 - - - - -] logging_context_format_string = %(asctime)s.%(msecs)03d %(process)d %(levelname)s %(name)s [%(request_id)s %(user_identity)s] %(instance)s%(message)s log_opt_values /usr/lib/python3/dist-packages/oslo_config/cfg.py:2602
2024-08-22 00:38:21.540 136655 DEBUG oslo_service.service [req-4fe80728-d4cb-48d2-9fc0-26b4dec5fb17 - - - - -] logging_debug_format_suffix = %(funcName)s %(pathname)s:%(lineno)d log_opt_values /usr/lib/python3/dist-packages/oslo_config/cfg.py:2602
2024-08-22 00:38:21.540 136655 DEBUG oslo_service.service [req-4fe80728-d4cb-48d2-9fc0-26b4dec5fb17 - - - - -] logging_default_format_string = %(asctime)s.%(msecs)03d %(process)d %(levelname)s %(name)s [-] %(instance)s%(message)s log_opt_values /usr/lib/python3/dist-packages/oslo_config/cfg.py:2602
2024-08-22 00:38:21.541 136655 DEBUG oslo_service.service [req-4fe80728-d4cb-48d2-9fc0-26b4dec5fb17 - - - - -] logging_exception_prefix = %(asctime)s.%(msecs)03d %(process)d ERROR %(name)s %(instance)s log_opt_values /usr/lib/python3/dist-packages/oslo_config/cfg.py:2602
2024-08-22 00:38:21.541 136655 DEBUG oslo_service.service [req-4fe80728-d4cb-48d2-9fc0-26b4dec5fb17 - - - - -] logging_user_identity_format = %(user)s %(project)s %(domain)s %(user_domain)s %(project_domain)s log_opt_values /usr/lib/python3/dist-packages/oslo_config/cfg.py:2602
2024-08-22 00:38:21.541 136655 DEBUG oslo_service.service [req-4fe80728-d4cb-48d2-9fc0-26b4dec5fb17 - - - - -] long_rpc_timeout = 1800 log_opt_values /usr/lib/python3/dist-packages/oslo_config/cfg.py:2602
2024-08-22 00:38:21.542 136655 DEBUG oslo_service.service [req-4fe80728-d4cb-48d2-9fc0-26b4dec5fb17 - - - - -] max_concurrent_builds = 10 log_opt_values /usr/lib/python3/dist-packages/oslo_config/cfg.py:2602
2024-08-22 00:38:21.543 136655 DEBUG oslo_service.service [req-4fe80728-d4cb-48d2-9fc0-26b4dec5fb17 - - - - -] max_concurrent_live_migrations = 1 log_opt_values /usr/lib/python3/dist-packages/oslo_config/cfg.py:2602
2024-08-22 00:38:21.543 136655 DEBUG oslo_service.service [req-4fe80728-d4cb-48d2-9fc0-26b4dec5fb17 - - - - -] max_concurrent_snapshots = 5 log_opt_values /usr/lib/python3/dist-packages/oslo_config/cfg.py:2602
2024-08-22 00:38:21.543 136655 DEBUG oslo_service.service [req-4fe80728-d4cb-48d2-9fc0-26b4dec5fb17 - - - - -] max_local_block_devices = 3 log_opt_values /usr/lib/python3/dist-packages/oslo_config/cfg.py:2602
2024-08-22 00:38:21.543 136655 DEBUG oslo_service.service [req-4fe80728-d4cb-48d2-9fc0-26b4dec5fb17 - - - - -] max_logfile_count = 30 log_opt_values /usr/lib/python3/dist-packages/oslo_config/cfg.py:2602
2024-08-22 00:38:21.544 136655 DEBUG oslo_service.service [req-4fe80728-d4cb-48d2-9fc0-26b4dec5fb17 - - - - -] max_logfile_size_mb = 200 log_opt_values /usr/lib/python3/dist-packages/oslo_config/cfg.py:2602
2024-08-22 00:38:21.544 136655 DEBUG oslo_service.service [req-4fe80728-d4cb-48d2-9fc0-26b4dec5fb17 - - - - -] maximum_instance_delete_attempts = 5 log_opt_values /usr/lib/python3/dist-packages/oslo_config/cfg.py:2602
2024-08-22 00:38:21.544 136655 DEBUG oslo_service.service [req-4fe80728-d4cb-48d2-9fc0-26b4dec5fb17 - - - - -] metadata_listen = 0.0.0.0 log_opt_values /usr/lib/python3/dist-packages/oslo_config/cfg.py:2602
2024-08-22 00:38:21.544 136655 DEBUG oslo_service.service [req-4fe80728-d4cb-48d2-9fc0-26b4dec5fb17 - - - - -] metadata_listen_port = 8765 log_opt_values /usr/lib/python3/dist-packages/oslo_config/cfg.py:2602
2024-08-22 00:38:21.544 136655 DEBUG oslo_service.service [req-4fe80728-d4cb-48d2-9fc0-26b4dec5fb17 - - - - -] metadata_workers = None log_opt_values /usr/lib/python3/dist-packages/oslo_config/cfg.py:2602
2024-08-22 00:38:21.544 136655 DEBUG oslo_service.service [req-4fe80728-d4cb-48d2-9fc0-26b4dec5fb17 - - - - -] migrate_max_retries = -1 log_opt_values /usr/lib/python3/dist-packages/oslo_config/cfg.py:2602
2024-08-22 00:38:21.545 136655 DEBUG oslo_service.service [req-4fe80728-d4cb-48d2-9fc0-26b4dec5fb17 - - - - -] mkisofs_cmd = genisoimage log_opt_values /usr/lib/python3/dist-packages/oslo_config/cfg.py:2602
2024-08-22 00:38:21.545 136655 DEBUG oslo_service.service [req-4fe80728-d4cb-48d2-9fc0-26b4dec5fb17 - - - - -] my_block_storage_ip = 252.61.63.137 log_opt_values /usr/lib/python3/dist-packages/oslo_config/cfg.py:2602
2024-08-22 00:38:21.545 136655 DEBUG oslo_service.service [req-4fe80728-d4cb-48d2-9fc0-26b4dec5fb17 - - - - -] my_ip = 252.61.63.137 log_opt_values /usr/lib/python3/dist-packages/oslo_config/cfg.py:2602
2024-08-22 00:38:21.545 136655 DEBUG oslo_service.service [req-4fe80728-d4cb-48d2-9fc0-26b4dec5fb17 - - - - -] network_allocate_retries = 0 log_opt_values /usr/lib/python3/dist-packages/oslo_config/cfg.py:2602
