2024-08-22 00:38:21.545 136655 DEBUG oslo_service.service [req-4fe80728-d4cb-48d2-9fc0-26b4dec5fb17 - - - - -] non_inheritable_image_properties = ['cache_in_nova', 'bittorrent'] log_opt_values /usr/lib/python3/dist-packages/oslo_config/cfg.py:2602
2024-08-22 00:38:21.546 136655 DEBUG oslo_service.service [req-4fe80728-d4cb-48d2-9fc0-26b4dec5fb17 - - - - -] osapi_compute_listen = 0.0.0.0 log_opt_values /usr/lib/python3/dist-packages/oslo_config/cfg.py:2602
2024-08-22 00:38:21.546 136655 DEBUG oslo_service.service [req-4fe80728-d4cb-48d2-9fc0-26b4dec5fb17 - - - - -] osapi_compute_listen_port = 8764 log_opt_values /usr/lib/python3/dist-packages/oslo_config/cfg.py:2602
2024-08-22 00:38:21.546 136655 DEBUG oslo_service.service [req-4fe80728-d4cb-48d2-9fc0-26b4dec5fb17 - - - - -] osapi_compute_unique_server_name_scope = log_opt_values /usr/lib/python3/dist-packages/oslo_config/cfg.py:2602
2024-08-22 00:38:21.546 136655 DEBUG oslo_service.service [req-4fe80728-d4cb-48d2-9fc0-26b4dec5fb17 - - - - -] osapi_compute_workers = 4 log_opt_values /usr/lib/python3/dist-packages/oslo_config/cfg.py:2602
2024-08-22 00:38:21.546 136655 DEBUG oslo_service.service [req-4fe80728-d4cb-48d2-9fc0-26b4dec5fb17 - - - - -] password_length = 12 log_opt_values /usr/lib/python3/dist-packages/oslo_config/cfg.py:2602
2024-08-22 00:38:21.547 136655 DEBUG oslo_service.service [req-4fe80728-d4cb-48d2-9fc0-26b4dec5fb17 - - - - -] periodic_enable = True log_opt_values /usr/lib/python3/dist-packages/oslo_config/cfg.py:2602
2024-08-22 00:38:21.547 136655 DEBUG oslo_service.service [req-4fe80728-d4cb-48d2-9fc0-26b4dec5fb17 - - - - -] periodic_fuzzy_delay = 60 log_opt_values /usr/lib/python3/dist-packages/oslo_config/cfg.py:2602
2024-08-22 00:38:21.547 136655 DEBUG oslo_service.service [req-4fe80728-d4cb-48d2-9fc0-26b4dec5fb17 - - - - -] pointer_model = usbtablet log_opt_values /usr/lib/python3/dist-packages/oslo_config/cfg.py:2602
2024-08-22 00:38:21.548 136655 DEBUG oslo_service.service [req-4fe80728-d4cb-48d2-9fc0-26b4dec5fb17 - - - - -] preallocate_images = none log_opt_values /usr/lib/python3/dist-packages/oslo_config/cfg.py:2602
2024-08-22 00:38:21.548 136655 DEBUG oslo_service.service [req-4fe80728-d4cb-48d2-9fc0-26b4dec5fb17 - - - - -] publish_errors = False log_opt_values /usr/lib/python3/dist-packages/oslo_config/cfg.py:2602
2024-08-22 00:38:21.548 136655 DEBUG oslo_service.service [req-4fe80728-d4cb-48d2-9fc0-26b4dec5fb17 - - - - -] pybasedir = /usr/lib/python3/dist-packages log_opt_values /usr/lib/python3/dist-packages/oslo_config/cfg.py:2602
2024-08-22 00:38:21.548 136655 DEBUG oslo_service.service [req-4fe80728-d4cb-48d2-9fc0-26b4dec5fb17 - - - - -] ram_allocation_ratio = 0.98 log_opt_values /usr/lib/python3/dist-packages/oslo_config/cfg.py:2602
2024-08-22 00:38:21.549 136655 DEBUG oslo_service.service [req-4fe80728-d4cb-48d2-9fc0-26b4dec5fb17 - - - - -] rate_limit_burst = 0 log_opt_values /usr/lib/python3/dist-packages/oslo_config/cfg.py:2602
2024-08-22 00:38:21.549 136655 DEBUG oslo_service.service [req-4fe80728-d4cb-48d2-9fc0-26b4dec5fb17 - - - - -] rate_limit_except_level = CRITICAL log_opt_values /usr/lib/python3/dist-packages/oslo_config/cfg.py:2602
2024-08-22 00:38:21.549 136655 DEBUG oslo_service.service [req-4fe80728-d4cb-48d2-9fc0-26b4dec5fb17 - - - - -] rate_limit_interval = 0 log_opt_values /usr/lib/python3/dist-packages/oslo_config/cfg.py:2602
2024-08-22 00:38:21.549 136655 DEBUG oslo_service.service [req-4fe80728-d4cb-48d2-9fc0-26b4dec5fb17 - - - - -] reboot_timeout = 0 log_opt_values /usr/lib/python3/dist-packages/oslo_config/cfg.py:2602
2024-08-22 00:38:21.550 136655 DEBUG oslo_service.service [req-4fe80728-d4cb-48d2-9fc0-26b4dec5fb17 - - - - -] reclaim_instance_interval = 0 log_opt_values /usr/lib/python3/dist-packages/oslo_config/cfg.py:2602
2024-08-22 00:38:21.550 136655 DEBUG oslo_service.service [req-4fe80728-d4cb-48d2-9fc0-26b4dec5fb17 - - - - -] record = None log_opt_values /usr/lib/python3/dist-packages/oslo_config/cfg.py:2602
2024-08-22 00:38:21.550 136655 DEBUG oslo_service.service [req-4fe80728-d4cb-48d2-9fc0-26b4dec5fb17 - - - - -] report_interval = 10 log_opt_values /usr/lib/python3/dist-packages/oslo_config/cfg.py:2602
2024-08-22 00:38:21.551 136655 DEBUG oslo_service.service [req-4fe80728-d4cb-48d2-9fc0-26b4dec5fb17 - - - - -] rescue_timeout = 0 log_opt_values /usr/lib/python3/dist-packages/oslo_config/cfg.py:2602
2024-08-22 00:38:21.551 137064 DEBUG nova.service [req-77605be1-c13a-4340-9bf0-f7371bf41556 - - - - -] Creating RPC server for service scheduler start /usr/lib/python3/dist-packages/nova/service.py:182
2024-08-22 00:38:21.551 136655 DEBUG oslo_service.service [req-4fe80728-d4cb-48d2-9fc0-26b4dec5fb17 - - - - -] reserved_host_cpus = 0 log_opt_values /usr/lib/python3/dist-packages/oslo_config/cfg.py:2602
2024-08-22 00:38:21.551 136655 DEBUG oslo_service.service [req-4fe80728-d4cb-48d2-9fc0-26b4dec5fb17 - - - - -] reserved_host_disk_mb = 0 log_opt_values /usr/lib/python3/dist-packages/oslo_config/cfg.py:2602
2024-08-22 00:38:21.551 136655 DEBUG oslo_service.service [req-4fe80728-d4cb-48d2-9fc0-26b4dec5fb17 - - - - -] reserved_host_memory_mb = 512 log_opt_values /usr/lib/python3/dist-packages/oslo_config/cfg.py:2602
2024-08-22 00:38:21.551 136655 DEBUG oslo_service.service [req-4fe80728-d4cb-48d2-9fc0-26b4dec5fb17 - - - - -] reserved_huge_pages = None log_opt_values /usr/lib/python3/dist-packages/oslo_config/cfg.py:2602
2024-08-22 00:38:21.551 136655 DEBUG oslo_service.service [req-4fe80728-d4cb-48d2-9fc0-26b4dec5fb17 - - - - -] resize_confirm_window = 0 log_opt_values /usr/lib/python3/dist-packages/oslo_config/cfg.py:2602
2024-08-22 00:38:21.552 136655 DEBUG oslo_service.service [req-4fe80728-d4cb-48d2-9fc0-26b4dec5fb17 - - - - -] resize_fs_using_block_device = False log_opt_values /usr/lib/python3/dist-packages/oslo_config/cfg.py:2602
2024-08-22 00:38:21.552 136655 DEBUG oslo_service.service [req-4fe80728-d4cb-48d2-9fc0-26b4dec5fb17 - - - - -] resume_guests_state_on_host_boot = False log_opt_values /usr/lib/python3/dist-packages/oslo_config/cfg.py:2602
2024-08-22 00:38:21.552 136655 DEBUG oslo_service.service [req-4fe80728-d4cb-48d2-9fc0-26b4dec5fb17 - - - - -] rootwrap_config = /etc/nova/rootwrap.conf log_opt_values /usr/lib/python3/dist-packages/oslo_config/cfg.py:2602
2024-08-22 00:38:21.552 136655 DEBUG oslo_service.service [req-4fe80728-d4cb-48d2-9fc0-26b4dec5fb17 - - - - -] run_external_periodic_tasks = True log_opt_values /usr/lib/python3/dist-packages/oslo_config/cfg.py:2602
2024-08-22 00:38:21.553 136655 DEBUG oslo_service.service [req-4fe80728-d4cb-48d2-9fc0-26b4dec5fb17 - - - - -] running_deleted_instance_action = reap log_opt_values /usr/lib/python3/dist-packages/oslo_config/cfg.py:2602
2024-08-22 00:38:21.553 136655 DEBUG oslo_service.service [req-4fe80728-d4cb-48d2-9fc0-26b4dec5fb17 - - - - -] running_deleted_instance_poll_interval = 1800 log_opt_values /usr/lib/python3/dist-packages/oslo_config/cfg.py:2602
2024-08-22 00:38:21.553 136655 DEBUG oslo_service.service [req-4fe80728-d4cb-48d2-9fc0-26b4dec5fb17 - - - - -] running_deleted_instance_timeout = 0 log_opt_values /usr/lib/python3/dist-packages/oslo_config/cfg.py:2602
2024-08-22 00:38:21.553 136655 DEBUG oslo_service.service [req-4fe80728-d4cb-48d2-9fc0-26b4dec5fb17 - - - - -] scheduler_instance_sync_interval = 120 log_opt_values /usr/lib/python3/dist-packages/oslo_config/cfg.py:2602
2024-08-22 00:38:21.553 136655 DEBUG oslo_service.service [req-4fe80728-d4cb-48d2-9fc0-26b4dec5fb17 - - - - -] service_down_time = 60 log_opt_values /usr/lib/python3/dist-packages/oslo_config/cfg.py:2602
2024-08-22 00:38:21.554 136655 DEBUG oslo_service.service [req-4fe80728-d4cb-48d2-9fc0-26b4dec5fb17 - - - - -] servicegroup_driver = db log_opt_values /usr/lib/python3/dist-packages/oslo_config/cfg.py:2602
2024-08-22 00:38:21.555 136655 DEBUG oslo_service.service [req-4fe80728-d4cb-48d2-9fc0-26b4dec5fb17 - - - - -] shelved_offload_time = 0 log_opt_values /usr/lib/python3/dist-packages/oslo_config/cfg.py:2602
2024-08-22 00:38:21.555 136655 DEBUG oslo_service.service [req-4fe80728-d4cb-48d2-9fc0-26b4dec5fb17 - - - - -] shelved_poll_interval = 3600 log_opt_values /usr/lib/python3/dist-packages/oslo_config/cfg.py:2602
2024-08-22 00:38:21.555 136655 DEBUG oslo_service.service [req-4fe80728-d4cb-48d2-9fc0-26b4dec5fb17 - - - - -] shutdown_timeout = 60 log_opt_values /usr/lib/python3/dist-packages/oslo_config/cfg.py:2602
2024-08-22 00:38:21.555 137066 DEBUG nova.service [req-7d7c5308-4961-4473-a183-d3fbde09e8d1 - - - - -] Creating RPC server for service scheduler start /usr/lib/python3/dist-packages/nova/service.py:182
2024-08-22 00:38:21.555 136655 DEBUG oslo_service.service [req-4fe80728-d4cb-48d2-9fc0-26b4dec5fb17 - - - - -] source_is_ipv6 = False log_opt_values /usr/lib/python3/dist-packages/oslo_config/cfg.py:2602
2024-08-22 00:38:21.556 136655 DEBUG oslo_service.service [req-4fe80728-d4cb-48d2-9fc0-26b4dec5fb17 - - - - -] ssl_only = False log_opt_values /usr/lib/python3/dist-packages/oslo_config/cfg.py:2602
2024-08-22 00:38:21.556 136655 DEBUG oslo_service.service [req-4fe80728-d4cb-48d2-9fc0-26b4dec5fb17 - - - - -] state_path = /var/lib/nova log_opt_values /usr/lib/python3/dist-packages/oslo_config/cfg.py:2602
2024-08-22 00:38:21.556 136655 DEBUG oslo_service.service [req-4fe80728-d4cb-48d2-9fc0-26b4dec5fb17 - - - - -] sync_power_state_interval = 600 log_opt_values /usr/lib/python3/dist-packages/oslo_config/cfg.py:2602
2024-08-22 00:38:21.556 136655 DEBUG oslo_service.service [req-4fe80728-d4cb-48d2-9fc0-26b4dec5fb17 - - - - -] sync_power_state_pool_size = 1000 log_opt_values /usr/lib/python3/dist-packages/oslo_config/cfg.py:2602
2024-08-22 00:38:21.556 136655 DEBUG oslo_service.service [req-4fe80728-d4cb-48d2-9fc0-26b4dec5fb17 - - - - -] syslog_log_facility = LOG_USER log_opt_values /usr/lib/python3/dist-packages/oslo_config/cfg.py:2602
2024-08-22 00:38:21.556 136655 DEBUG oslo_service.service [req-4fe80728-d4cb-48d2-9fc0-26b4dec5fb17 - - - - -] tempdir = None log_opt_values /usr/lib/python3/dist-packages/oslo_config/cfg.py:2602
2024-08-22 00:38:21.557 136655 DEBUG oslo_service.service [req-4fe80728-d4cb-48d2-9fc0-26b4dec5fb17 - - - - -] timeout_nbd = 10 log_opt_values /usr/lib/python3/dist-packages/oslo_config/cfg.py:2602
2024-08-22 00:38:21.557 136655 DEBUG oslo_service.service [req-4fe80728-d4cb-48d2-9fc0-26b4dec5fb17 - - - - -] transport_url = **** log_opt_values /usr/lib/python3/dist-packages/oslo_config/cfg.py:2602
2024-08-22 00:38:21.557 136655 DEBUG oslo_service.service [req-4fe80728-d4cb-48d2-9fc0-26b4dec5fb17 - - - - -] update_resources_interval = 0 log_opt_values /usr/lib/python3/dist-packages/oslo_config/cfg.py:2602
2024-08-22 00:38:21.557 136655 DEBUG oslo_service.service [req-4fe80728-d4cb-48d2-9fc0-26b4dec5fb17 - - - - -] use_cow_images = True log_opt_values /usr/lib/python3/dist-packages/oslo_config/cfg.py:2602
2024-08-22 00:38:21.557 136655 DEBUG oslo_service.service [req-4fe80728-d4cb-48d2-9fc0-26b4dec5fb17 - - - - -] use_eventlog = False log_opt_values /usr/lib/python3/dist-packages/oslo_config/cfg.py:2602
2024-08-22 00:38:21.558 136655 DEBUG oslo_service.service [req-4fe80728-d4cb-48d2-9fc0-26b4dec5fb17 - - - - -] use_journal = False log_opt_values /usr/lib/python3/dist-packages/oslo_config/cfg.py:2602
2024-08-22 00:38:21.558 136655 DEBUG oslo_service.service [req-4fe80728-d4cb-48d2-9fc0-26b4dec5fb17 - - - - -] use_json = False log_opt_values /usr/lib/python3/dist-packages/oslo_config/cfg.py:2602
2024-08-22 00:38:21.558 136655 DEBUG oslo_service.service [req-4fe80728-d4cb-48d2-9fc0-26b4dec5fb17 - - - - -] use_rootwrap_daemon = False log_opt_values /usr/lib/python3/dist-packages/oslo_config/cfg.py:2602
2024-08-22 00:38:21.558 136655 DEBUG oslo_service.service [req-4fe80728-d4cb-48d2-9fc0-26b4dec5fb17 - - - - -] use_stderr = False log_opt_values /usr/lib/python3/dist-packages/oslo_config/cfg.py:2602
2024-08-22 00:38:21.558 136655 DEBUG oslo_service.service [req-4fe80728-d4cb-48d2-9fc0-26b4dec5fb17 - - - - -] use_syslog = False log_opt_values /usr/lib/python3/dist-packages/oslo_config/cfg.py:2602
2024-08-22 00:38:21.559 136655 DEBUG oslo_service.service [req-4fe80728-d4cb-48d2-9fc0-26b4dec5fb17 - - - - -] vcpu_pin_set = None log_opt_values /usr/lib/python3/dist-packages/oslo_config/cfg.py:2602
2024-08-22 00:38:21.560 136655 DEBUG oslo_service.service [req-4fe80728-d4cb-48d2-9fc0-26b4dec5fb17 - - - - -] vif_plugging_is_fatal = True log_opt_values /usr/lib/python3/dist-packages/oslo_config/cfg.py:2602
2024-08-22 00:38:21.559 137059 DEBUG oslo_messaging._drivers.amqpdriver [-] Listener is running poll /usr/lib/python3/dist-packages/oslo_messaging/_drivers/amqpdriver.py:343
2024-08-22 00:38:21.560 136655 DEBUG oslo_service.service [req-4fe80728-d4cb-48d2-9fc0-26b4dec5fb17 - - - - -] vif_plugging_timeout = 300 log_opt_values /usr/lib/python3/dist-packages/oslo_config/cfg.py:2602
2024-08-22 00:38:21.560 137059 DEBUG oslo_messaging._drivers.amqpdriver [-] AMQPListener connection consume poll /usr/lib/python3/dist-packages/oslo_messaging/_drivers/amqpdriver.py:357
2024-08-22 00:38:21.560 136655 DEBUG oslo_service.service [req-4fe80728-d4cb-48d2-9fc0-26b4dec5fb17 - - - - -] virt_mkfs = [] log_opt_values /usr/lib/python3/dist-packages/oslo_config/cfg.py:2602
2024-08-22 00:38:21.560 136655 DEBUG oslo_service.service [req-4fe80728-d4cb-48d2-9fc0-26b4dec5fb17 - - - - -] volume_usage_poll_interval = 0 log_opt_values /usr/lib/python3/dist-packages/oslo_config/cfg.py:2602
2024-08-22 00:38:21.560 136655 DEBUG oslo_service.service [req-4fe80728-d4cb-48d2-9fc0-26b4dec5fb17 - - - - -] watch_log_file = False log_opt_values /usr/lib/python3/dist-packages/oslo_config/cfg.py:2602
2024-08-22 00:38:21.561 136655 DEBUG oslo_service.service [req-4fe80728-d4cb-48d2-9fc0-26b4dec5fb17 - - - - -] web = /usr/share/spice-html5 log_opt_values /usr/lib/python3/dist-packages/oslo_config/cfg.py:2602
2024-08-22 00:38:21.561 136655 DEBUG oslo_service.service [req-4fe80728-d4cb-48d2-9fc0-26b4dec5fb17 - - - - -] oslo_concurrency.disable_process_locking = False log_opt_values /usr/lib/python3/dist-packages/oslo_config/cfg.py:2609
2024-08-22 00:38:21.562 136655 DEBUG oslo_service.service [req-4fe80728-d4cb-48d2-9fc0-26b4dec5fb17 - - - - -] oslo_concurrency.lock_path = /var/lock/nova log_opt_values /usr/lib/python3/dist-packages/oslo_config/cfg.py:2609
2024-08-22 00:38:21.546 137062 DEBUG nova.service [req-6f325483-f85c-42be-bf00-69e575f4941e - - - - -] Creating RPC server for service scheduler start /usr/lib/python3/dist-packages/nova/service.py:182
2024-08-22 00:38:21.562 136655 WARNING oslo_config.cfg [req-4fe80728-d4cb-48d2-9fc0-26b4dec5fb17 - - - - -] Deprecated: Option "auth_strategy" from group "api" is deprecated for removal ( The only non-default choice, ``noauth2``, is for internal development and testing purposes only and should not be used in deployments. This option and its middleware, NoAuthMiddleware[V2_18], will be removed in a future release. ). Its value may be silently ignored in the future.
2024-08-22 00:38:21.562 137059 DEBUG nova.service [req-22f89823-8df6-4719-8244-c381218a7e1e - - - - -] Join ServiceGroup membership for this service scheduler start /usr/lib/python3/dist-packages/nova/service.py:199
2024-08-22 00:38:21.563 136655 DEBUG oslo_service.service [req-4fe80728-d4cb-48d2-9fc0-26b4dec5fb17 - - - - -] api.auth_strategy = keystone log_opt_values /usr/lib/python3/dist-packages/oslo_config/cfg.py:2609
2024-08-22 00:38:21.563 136655 DEBUG oslo_service.service [req-4fe80728-d4cb-48d2-9fc0-26b4dec5fb17 - - - - -] api.compute_link_prefix = None log_opt_values /usr/lib/python3/dist-packages/oslo_config/cfg.py:2609
2024-08-22 00:38:21.563 136655 DEBUG oslo_service.service [req-4fe80728-d4cb-48d2-9fc0-26b4dec5fb17 - - - - -] api.config_drive_skip_versions = 1.0 2007-01-19 2007-03-01 2007-08-29 2007-10-10 2007-12-15 2008-02-01 2008-09-01 log_opt_values /usr/lib/python3/dist-packages/oslo_config/cfg.py:2609
2024-08-22 00:38:21.563 137059 DEBUG nova.servicegroup.drivers.db [req-22f89823-8df6-4719-8244-c381218a7e1e - - - - -] DB_Driver: join new ServiceGroup member juju-427d9a-0-lxd-7 to the scheduler group, service = join /usr/lib/python3/dist-packages/nova/servicegroup/drivers/db.py:44
2024-08-22 00:38:21.564 136655 DEBUG oslo_service.service [req-4fe80728-d4cb-48d2-9fc0-26b4dec5fb17 - - - - -] api.dhcp_domain = novalocal log_opt_values /usr/lib/python3/dist-packages/oslo_config/cfg.py:2609
2024-08-22 00:38:21.564 136655 DEBUG oslo_service.service [req-4fe80728-d4cb-48d2-9fc0-26b4dec5fb17 - - - - -] api.enable_instance_password = True log_opt_values /usr/lib/python3/dist-packages/oslo_config/cfg.py:2609
2024-08-22 00:38:21.564 136655 DEBUG oslo_service.service [req-4fe80728-d4cb-48d2-9fc0-26b4dec5fb17 - - - - -] api.glance_link_prefix = None log_opt_values /usr/lib/python3/dist-packages/oslo_config/cfg.py:2609
2024-08-22 00:38:21.565 136655 DEBUG oslo_service.service [req-4fe80728-d4cb-48d2-9fc0-26b4dec5fb17 - - - - -] api.instance_list_cells_batch_fixed_size = 100 log_opt_values /usr/lib/python3/dist-packages/oslo_config/cfg.py:2609
2024-08-22 00:38:21.565 136655 DEBUG oslo_service.service [req-4fe80728-d4cb-48d2-9fc0-26b4dec5fb17 - - - - -] api.instance_list_cells_batch_strategy = distributed log_opt_values /usr/lib/python3/dist-packages/oslo_config/cfg.py:2609
2024-08-22 00:38:21.565 136655 DEBUG oslo_service.service [req-4fe80728-d4cb-48d2-9fc0-26b4dec5fb17 - - - - -] api.instance_list_per_project_cells = False log_opt_values /usr/lib/python3/dist-packages/oslo_config/cfg.py:2609
2024-08-22 00:38:21.565 136655 DEBUG oslo_service.service [req-4fe80728-d4cb-48d2-9fc0-26b4dec5fb17 - - - - -] api.list_records_by_skipping_down_cells = True log_opt_values /usr/lib/python3/dist-packages/oslo_config/cfg.py:2609
2024-08-22 00:38:21.565 136655 DEBUG oslo_service.service [req-4fe80728-d4cb-48d2-9fc0-26b4dec5fb17 - - - - -] api.local_metadata_per_cell = False log_opt_values /usr/lib/python3/dist-packages/oslo_config/cfg.py:2609
2024-08-22 00:38:21.566 136655 DEBUG oslo_service.service [req-4fe80728-d4cb-48d2-9fc0-26b4dec5fb17 - - - - -] api.max_limit = 1000 log_opt_values /usr/lib/python3/dist-packages/oslo_config/cfg.py:2609
2024-08-22 00:38:21.566 136655 DEBUG oslo_service.service [req-4fe80728-d4cb-48d2-9fc0-26b4dec5fb17 - - - - -] api.metadata_cache_expiration = 15 log_opt_values /usr/lib/python3/dist-packages/oslo_config/cfg.py:2609
2024-08-22 00:38:21.566 137059 DEBUG oslo_messaging._drivers.amqpdriver [-] AMQPListener connection timeout poll /usr/lib/python3/dist-packages/oslo_messaging/_drivers/amqpdriver.py:360
2024-08-22 00:38:21.567 137059 DEBUG oslo_messaging._drivers.amqpdriver [-] Listener is running poll /usr/lib/python3/dist-packages/oslo_messaging/_drivers/amqpdriver.py:343
2024-08-22 00:38:21.567 137059 DEBUG oslo_messaging._drivers.amqpdriver [-] AMQPListener connection consume poll /usr/lib/python3/dist-packages/oslo_messaging/_drivers/amqpdriver.py:357
2024-08-22 00:38:21.567 136655 DEBUG oslo_service.service [req-4fe80728-d4cb-48d2-9fc0-26b4dec5fb17 - - - - -] api.neutron_default_tenant_id = default log_opt_values /usr/lib/python3/dist-packages/oslo_config/cfg.py:2609
2024-08-22 00:38:21.567 136655 DEBUG oslo_service.service [req-4fe80728-d4cb-48d2-9fc0-26b4dec5fb17 - - - - -] api.use_forwarded_for = False log_opt_values /usr/lib/python3/dist-packages/oslo_config/cfg.py:2609
2024-08-22 00:38:21.569 136655 DEBUG oslo_service.service [req-4fe80728-d4cb-48d2-9fc0-26b4dec5fb17 - - - - -] api.use_neutron_default_nets = False log_opt_values /usr/lib/python3/dist-packages/oslo_config/cfg.py:2609
2024-08-22 00:38:21.569 136655 DEBUG oslo_service.service [req-4fe80728-d4cb-48d2-9fc0-26b4dec5fb17 - - - - -] api.vendordata_dynamic_connect_timeout = 5 log_opt_values /usr/lib/python3/dist-packages/oslo_config/cfg.py:2609
2024-08-22 00:38:21.569 136655 DEBUG oslo_service.service [req-4fe80728-d4cb-48d2-9fc0-26b4dec5fb17 - - - - -] api.vendordata_dynamic_failure_fatal = False log_opt_values /usr/lib/python3/dist-packages/oslo_config/cfg.py:2609
2024-08-22 00:38:21.570 136655 DEBUG oslo_service.service [req-4fe80728-d4cb-48d2-9fc0-26b4dec5fb17 - - - - -] api.vendordata_dynamic_read_timeout = 5 log_opt_values /usr/lib/python3/dist-packages/oslo_config/cfg.py:2609
2024-08-22 00:38:21.570 136655 DEBUG oslo_service.service [req-4fe80728-d4cb-48d2-9fc0-26b4dec5fb17 - - - - -] api.vendordata_dynamic_ssl_certfile = log_opt_values /usr/lib/python3/dist-packages/oslo_config/cfg.py:2609
2024-08-22 00:38:21.570 136655 DEBUG oslo_service.service [req-4fe80728-d4cb-48d2-9fc0-26b4dec5fb17 - - - - -] api.vendordata_dynamic_targets = [] log_opt_values /usr/lib/python3/dist-packages/oslo_config/cfg.py:2609
2024-08-22 00:38:21.570 136655 DEBUG oslo_service.service [req-4fe80728-d4cb-48d2-9fc0-26b4dec5fb17 - - - - -] api.vendordata_jsonfile_path = None log_opt_values /usr/lib/python3/dist-packages/oslo_config/cfg.py:2609
2024-08-22 00:38:21.570 136655 DEBUG oslo_service.service [req-4fe80728-d4cb-48d2-9fc0-26b4dec5fb17 - - - - -] api.vendordata_providers = ['StaticJSON'] log_opt_values /usr/lib/python3/dist-packages/oslo_config/cfg.py:2609
2024-08-22 00:38:21.571 136655 DEBUG oslo_service.service [req-4fe80728-d4cb-48d2-9fc0-26b4dec5fb17 - - - - -] cache.backend = dogpile.cache.null log_opt_values /usr/lib/python3/dist-packages/oslo_config/cfg.py:2609
2024-08-22 00:38:21.571 136655 DEBUG oslo_service.service [req-4fe80728-d4cb-48d2-9fc0-26b4dec5fb17 - - - - -] cache.backend_argument = **** log_opt_values /usr/lib/python3/dist-packages/oslo_config/cfg.py:2609
2024-08-22 00:38:21.571 136655 DEBUG oslo_service.service [req-4fe80728-d4cb-48d2-9fc0-26b4dec5fb17 - - - - -] cache.config_prefix = cache.oslo log_opt_values /usr/lib/python3/dist-packages/oslo_config/cfg.py:2609
2024-08-22 00:38:21.572 136655 DEBUG oslo_service.service [req-4fe80728-d4cb-48d2-9fc0-26b4dec5fb17 - - - - -] cache.debug_cache_backend = False log_opt_values /usr/lib/python3/dist-packages/oslo_config/cfg.py:2609
2024-08-22 00:38:21.572 136655 DEBUG oslo_service.service [req-4fe80728-d4cb-48d2-9fc0-26b4dec5fb17 - - - - -] cache.enabled = False log_opt_values /usr/lib/python3/dist-packages/oslo_config/cfg.py:2609
2024-08-22 00:38:21.572 136655 DEBUG oslo_service.service [req-4fe80728-d4cb-48d2-9fc0-26b4dec5fb17 - - - - -] cache.expiration_time = 600 log_opt_values /usr/lib/python3/dist-packages/oslo_config/cfg.py:2609
2024-08-22 00:38:21.573 136655 DEBUG oslo_service.service [req-4fe80728-d4cb-48d2-9fc0-26b4dec5fb17 - - - - -] cache.memcache_dead_retry = 300 log_opt_values /usr/lib/python3/dist-packages/oslo_config/cfg.py:2609
2024-08-22 00:38:21.573 136655 DEBUG oslo_service.service [req-4fe80728-d4cb-48d2-9fc0-26b4dec5fb17 - - - - -] cache.memcache_pool_connection_get_timeout = 10 log_opt_values /usr/lib/python3/dist-packages/oslo_config/cfg.py:2609
2024-08-22 00:38:21.574 136655 DEBUG oslo_service.service [req-4fe80728-d4cb-48d2-9fc0-26b4dec5fb17 - - - - -] cache.memcache_pool_flush_on_reconnect = False log_opt_values /usr/lib/python3/dist-packages/oslo_config/cfg.py:2609
2024-08-22 00:38:21.574 137064 DEBUG oslo_messaging._drivers.amqpdriver [-] Listener is running poll /usr/lib/python3/dist-packages/oslo_messaging/_drivers/amqpdriver.py:343
2024-08-22 00:38:21.575 137064 DEBUG oslo_messaging._drivers.amqpdriver [-] AMQPListener connection consume poll /usr/lib/python3/dist-packages/oslo_messaging/_drivers/amqpdriver.py:357
2024-08-22 00:38:21.575 136655 DEBUG oslo_service.service [req-4fe80728-d4cb-48d2-9fc0-26b4dec5fb17 - - - - -] cache.memcache_pool_maxsize = 10 log_opt_values /usr/lib/python3/dist-packages/oslo_config/cfg.py:2609
2024-08-22 00:38:21.575 136655 DEBUG oslo_service.service [req-4fe80728-d4cb-48d2-9fc0-26b4dec5fb17 - - - - -] cache.memcache_pool_unused_timeout = 60 log_opt_values /usr/lib/python3/dist-packages/oslo_config/cfg.py:2609
2024-08-22 00:38:21.575 136655 DEBUG oslo_service.service [req-4fe80728-d4cb-48d2-9fc0-26b4dec5fb17 - - - - -] cache.memcache_servers = ['localhost:11211'] log_opt_values /usr/lib/python3/dist-packages/oslo_config/cfg.py:2609
2024-08-22 00:38:21.576 136655 DEBUG oslo_service.service [req-4fe80728-d4cb-48d2-9fc0-26b4dec5fb17 - - - - -] cache.memcache_socket_timeout = 1.0 log_opt_values /usr/lib/python3/dist-packages/oslo_config/cfg.py:2609
2024-08-22 00:38:21.576 136655 DEBUG oslo_service.service [req-4fe80728-d4cb-48d2-9fc0-26b4dec5fb17 - - - - -] cache.proxies = [] log_opt_values /usr/lib/python3/dist-packages/oslo_config/cfg.py:2609
2024-08-22 00:38:21.576 136655 DEBUG oslo_service.service [req-4fe80728-d4cb-48d2-9fc0-26b4dec5fb17 - - - - -] cache.tls_allowed_ciphers = None log_opt_values /usr/lib/python3/dist-packages/oslo_config/cfg.py:2609
2024-08-22 00:38:21.577 136655 DEBUG oslo_service.service [req-4fe80728-d4cb-48d2-9fc0-26b4dec5fb17 - - - - -] cache.tls_cafile = None log_opt_values /usr/lib/python3/dist-packages/oslo_config/cfg.py:2609
2024-08-22 00:38:21.577 136655 DEBUG oslo_service.service [req-4fe80728-d4cb-48d2-9fc0-26b4dec5fb17 - - - - -] cache.tls_certfile = None log_opt_values /usr/lib/python3/dist-packages/oslo_config/cfg.py:2609
2024-08-22 00:38:21.577 136655 DEBUG oslo_service.service [req-4fe80728-d4cb-48d2-9fc0-26b4dec5fb17 - - - - -] cache.tls_enabled = False log_opt_values /usr/lib/python3/dist-packages/oslo_config/cfg.py:2609
2024-08-22 00:38:21.577 136655 DEBUG oslo_service.service [req-4fe80728-d4cb-48d2-9fc0-26b4dec5fb17 - - - - -] cache.tls_keyfile = None log_opt_values /usr/lib/python3/dist-packages/oslo_config/cfg.py:2609
2024-08-22 00:38:21.577 137064 DEBUG nova.service [req-77605be1-c13a-4340-9bf0-f7371bf41556 - - - - -] Join ServiceGroup membership for this service scheduler start /usr/lib/python3/dist-packages/nova/service.py:199
2024-08-22 00:38:21.578 136655 DEBUG oslo_service.service [req-4fe80728-d4cb-48d2-9fc0-26b4dec5fb17 - - - - -] cinder.auth_section = None log_opt_values /usr/lib/python3/dist-packages/oslo_config/cfg.py:2609
2024-08-22 00:38:21.578 136655 DEBUG oslo_service.service [req-4fe80728-d4cb-48d2-9fc0-26b4dec5fb17 - - - - -] cinder.auth_type = None log_opt_values /usr/lib/python3/dist-packages/oslo_config/cfg.py:2609
2024-08-22 00:38:21.578 137064 DEBUG nova.servicegroup.drivers.db [req-77605be1-c13a-4340-9bf0-f7371bf41556 - - - - -] DB_Driver: join new ServiceGroup member juju-427d9a-0-lxd-7 to the scheduler group, service = join /usr/lib/python3/dist-packages/nova/servicegroup/drivers/db.py:44
2024-08-22 00:38:21.579 136655 DEBUG oslo_service.service [req-4fe80728-d4cb-48d2-9fc0-26b4dec5fb17 - - - - -] cinder.cafile = None log_opt_values /usr/lib/python3/dist-packages/oslo_config/cfg.py:2609
2024-08-22 00:38:21.579 137064 DEBUG oslo_messaging._drivers.amqpdriver [-] AMQPListener connection timeout poll /usr/lib/python3/dist-packages/oslo_messaging/_drivers/amqpdriver.py:360
2024-08-22 00:38:21.579 136655 DEBUG oslo_service.service [req-4fe80728-d4cb-48d2-9fc0-26b4dec5fb17 - - - - -] cinder.catalog_info = volumev3::publicURL log_opt_values /usr/lib/python3/dist-packages/oslo_config/cfg.py:2609
2024-08-22 00:38:21.579 137064 DEBUG oslo_messaging._drivers.amqpdriver [-] Listener is running poll /usr/lib/python3/dist-packages/oslo_messaging/_drivers/amqpdriver.py:343
2024-08-22 00:38:21.579 137064 DEBUG oslo_messaging._drivers.amqpdriver [-] AMQPListener connection consume poll /usr/lib/python3/dist-packages/oslo_messaging/_drivers/amqpdriver.py:357
2024-08-22 00:38:21.579 136655 DEBUG oslo_service.service [req-4fe80728-d4cb-48d2-9fc0-26b4dec5fb17 - - - - -] cinder.certfile = None log_opt_values /usr/lib/python3/dist-packages/oslo_config/cfg.py:2609
2024-08-22 00:38:21.579 136655 DEBUG oslo_service.service [req-4fe80728-d4cb-48d2-9fc0-26b4dec5fb17 - - - - -] cinder.collect_timing = False log_opt_values /usr/lib/python3/dist-packages/oslo_config/cfg.py:2609
2024-08-22 00:38:21.579 136655 DEBUG oslo_service.service [req-4fe80728-d4cb-48d2-9fc0-26b4dec5fb17 - - - - -] cinder.cross_az_attach = True log_opt_values /usr/lib/python3/dist-packages/oslo_config/cfg.py:2609
2024-08-22 00:38:21.580 136655 DEBUG oslo_service.service [req-4fe80728-d4cb-48d2-9fc0-26b4dec5fb17 - - - - -] cinder.debug = False log_opt_values /usr/lib/python3/dist-packages/oslo_config/cfg.py:2609
2024-08-22 00:38:21.580 136655 DEBUG oslo_service.service [req-4fe80728-d4cb-48d2-9fc0-26b4dec5fb17 - - - - -] cinder.endpoint_template = None log_opt_values /usr/lib/python3/dist-packages/oslo_config/cfg.py:2609
2024-08-22 00:38:21.581 136655 DEBUG oslo_service.service [req-4fe80728-d4cb-48d2-9fc0-26b4dec5fb17 - - - - -] cinder.http_retries = 3 log_opt_values /usr/lib/python3/dist-packages/oslo_config/cfg.py:2609
2024-08-22 00:38:21.581 136655 DEBUG oslo_service.service [req-4fe80728-d4cb-48d2-9fc0-26b4dec5fb17 - - - - -] cinder.insecure = False log_opt_values /usr/lib/python3/dist-packages/oslo_config/cfg.py:2609
2024-08-22 00:38:21.581 136655 DEBUG oslo_service.service [req-4fe80728-d4cb-48d2-9fc0-26b4dec5fb17 - - - - -] cinder.keyfile = None log_opt_values /usr/lib/python3/dist-packages/oslo_config/cfg.py:2609
2024-08-22 00:38:21.581 136655 DEBUG oslo_service.service [req-4fe80728-d4cb-48d2-9fc0-26b4dec5fb17 - - - - -] cinder.os_region_name = None log_opt_values /usr/lib/python3/dist-packages/oslo_config/cfg.py:2609
2024-08-22 00:38:21.582 136655 DEBUG oslo_service.service [req-4fe80728-d4cb-48d2-9fc0-26b4dec5fb17 - - - - -] cinder.split_loggers = False log_opt_values /usr/lib/python3/dist-packages/oslo_config/cfg.py:2609
2024-08-22 00:38:21.583 136655 DEBUG oslo_service.service [req-4fe80728-d4cb-48d2-9fc0-26b4dec5fb17 - - - - -] cinder.timeout = None log_opt_values /usr/lib/python3/dist-packages/oslo_config/cfg.py:2609
2024-08-22 00:38:21.583 136655 DEBUG oslo_service.service [req-4fe80728-d4cb-48d2-9fc0-26b4dec5fb17 - - - - -] compute.consecutive_build_service_disable_threshold = 10 log_opt_values /usr/lib/python3/dist-packages/oslo_config/cfg.py:2609
2024-08-22 00:38:21.583 136655 DEBUG oslo_service.service [req-4fe80728-d4cb-48d2-9fc0-26b4dec5fb17 - - - - -] compute.cpu_dedicated_set = None log_opt_values /usr/lib/python3/dist-packages/oslo_config/cfg.py:2609
2024-08-22 00:38:21.583 136655 DEBUG oslo_service.service [req-4fe80728-d4cb-48d2-9fc0-26b4dec5fb17 - - - - -] compute.cpu_shared_set = None log_opt_values /usr/lib/python3/dist-packages/oslo_config/cfg.py:2609
2024-08-22 00:38:21.582 137066 DEBUG oslo_messaging._drivers.amqpdriver [-] Listener is running poll /usr/lib/python3/dist-packages/oslo_messaging/_drivers/amqpdriver.py:343
2024-08-22 00:38:21.583 136655 DEBUG oslo_service.service [req-4fe80728-d4cb-48d2-9fc0-26b4dec5fb17 - - - - -] compute.image_type_exclude_list = [] log_opt_values /usr/lib/python3/dist-packages/oslo_config/cfg.py:2609
2024-08-22 00:38:21.585 137066 DEBUG oslo_messaging._drivers.amqpdriver [-] AMQPListener connection consume poll /usr/lib/python3/dist-packages/oslo_messaging/_drivers/amqpdriver.py:357
2024-08-22 00:38:21.585 136655 DEBUG oslo_service.service [req-4fe80728-d4cb-48d2-9fc0-26b4dec5fb17 - - - - -] compute.live_migration_wait_for_vif_plug = True log_opt_values /usr/lib/python3/dist-packages/oslo_config/cfg.py:2609
2024-08-22 00:38:21.585 136655 DEBUG oslo_service.service [req-4fe80728-d4cb-48d2-9fc0-26b4dec5fb17 - - - - -] compute.max_concurrent_disk_ops = 0 log_opt_values /usr/lib/python3/dist-packages/oslo_config/cfg.py:2609
2024-08-22 00:38:21.585 136655 DEBUG oslo_service.service [req-4fe80728-d4cb-48d2-9fc0-26b4dec5fb17 - - - - -] compute.max_disk_devices_to_attach = -1 log_opt_values /usr/lib/python3/dist-packages/oslo_config/cfg.py:2609
2024-08-22 00:38:21.585 136655 DEBUG oslo_service.service [req-4fe80728-d4cb-48d2-9fc0-26b4dec5fb17 - - - - -] compute.packing_host_numa_cells_allocation_strategy = True log_opt_values /usr/lib/python3/dist-packages/oslo_config/cfg.py:2609
2024-08-22 00:38:21.585 136655 DEBUG oslo_service.service [req-4fe80728-d4cb-48d2-9fc0-26b4dec5fb17 - - - - -] compute.provider_config_location = /etc/nova/provider_config/ log_opt_values /usr/lib/python3/dist-packages/oslo_config/cfg.py:2609
2024-08-22 00:38:21.585 137062 DEBUG oslo_messaging._drivers.amqpdriver [-] Listener is running poll /usr/lib/python3/dist-packages/oslo_messaging/_drivers/amqpdriver.py:343
2024-08-22 00:38:21.586 136655 DEBUG oslo_service.service [req-4fe80728-d4cb-48d2-9fc0-26b4dec5fb17 - - - - -] compute.resource_provider_association_refresh = 300 log_opt_values /usr/lib/python3/dist-packages/oslo_config/cfg.py:2609
2024-08-22 00:38:21.586 136655 DEBUG oslo_service.service [req-4fe80728-d4cb-48d2-9fc0-26b4dec5fb17 - - - - -] compute.shutdown_retry_interval = 10 log_opt_values /usr/lib/python3/dist-packages/oslo_config/cfg.py:2609
2024-08-22 00:38:21.586 137062 DEBUG oslo_messaging._drivers.amqpdriver [-] AMQPListener connection consume poll /usr/lib/python3/dist-packages/oslo_messaging/_drivers/amqpdriver.py:357
2024-08-22 00:38:21.586 136655 DEBUG oslo_service.service [req-4fe80728-d4cb-48d2-9fc0-26b4dec5fb17 - - - - -] compute.vmdk_allowed_types = ['streamOptimized', 'monolithicSparse'] log_opt_values /usr/lib/python3/dist-packages/oslo_config/cfg.py:2609
2024-08-22 00:38:21.586 136655 DEBUG oslo_service.service [req-4fe80728-d4cb-48d2-9fc0-26b4dec5fb17 - - - - -] conductor.workers = 4 log_opt_values /usr/lib/python3/dist-packages/oslo_config/cfg.py:2609
2024-08-22 00:38:21.586 136655 DEBUG oslo_service.service [req-4fe80728-d4cb-48d2-9fc0-26b4dec5fb17 - - - - -] console.allowed_origins = [] log_opt_values /usr/lib/python3/dist-packages/oslo_config/cfg.py:2609
2024-08-22 00:38:21.586 137062 DEBUG nova.service [req-6f325483-f85c-42be-bf00-69e575f4941e - - - - -] Join ServiceGroup membership for this service scheduler start /usr/lib/python3/dist-packages/nova/service.py:199
2024-08-22 00:38:21.586 137066 DEBUG nova.service [req-7d7c5308-4961-4473-a183-d3fbde09e8d1 - - - - -] Join ServiceGroup membership for this service scheduler start /usr/lib/python3/dist-packages/nova/service.py:199
2024-08-22 00:38:21.587 136655 DEBUG oslo_service.service [req-4fe80728-d4cb-48d2-9fc0-26b4dec5fb17 - - - - -] console.ssl_ciphers = None log_opt_values /usr/lib/python3/dist-packages/oslo_config/cfg.py:2609
2024-08-22 00:38:21.587 136655 DEBUG oslo_service.service [req-4fe80728-d4cb-48d2-9fc0-26b4dec5fb17 - - - - -] console.ssl_minimum_version = default log_opt_values /usr/lib/python3/dist-packages/oslo_config/cfg.py:2609
2024-08-22 00:38:21.587 137062 DEBUG nova.servicegroup.drivers.db [req-6f325483-f85c-42be-bf00-69e575f4941e - - - - -] DB_Driver: join new ServiceGroup member juju-427d9a-0-lxd-7 to the scheduler group, service = join /usr/lib/python3/dist-packages/nova/servicegroup/drivers/db.py:44
2024-08-22 00:38:21.587 137066 DEBUG nova.servicegroup.drivers.db [req-7d7c5308-4961-4473-a183-d3fbde09e8d1 - - - - -] DB_Driver: join new ServiceGroup member juju-427d9a-0-lxd-7 to the scheduler group, service = join /usr/lib/python3/dist-packages/nova/servicegroup/drivers/db.py:44
2024-08-22 00:38:21.587 136655 DEBUG oslo_service.service [req-4fe80728-d4cb-48d2-9fc0-26b4dec5fb17 - - - - -] consoleauth.token_ttl = 600 log_opt_values /usr/lib/python3/dist-packages/oslo_config/cfg.py:2609
2024-08-22 00:38:21.587 136655 DEBUG oslo_service.service [req-4fe80728-d4cb-48d2-9fc0-26b4dec5fb17 - - - - -] cyborg.cafile = None log_opt_values /usr/lib/python3/dist-packages/oslo_config/cfg.py:2609
2024-08-22 00:38:21.587 136655 DEBUG oslo_service.service [req-4fe80728-d4cb-48d2-9fc0-26b4dec5fb17 - - - - -] cyborg.certfile = None log_opt_values /usr/lib/python3/dist-packages/oslo_config/cfg.py:2609
2024-08-22 00:38:21.588 137066 DEBUG oslo_messaging._drivers.amqpdriver [-] AMQPListener connection timeout poll /usr/lib/python3/dist-packages/oslo_messaging/_drivers/amqpdriver.py:360
2024-08-22 00:38:21.588 136655 DEBUG oslo_service.service [req-4fe80728-d4cb-48d2-9fc0-26b4dec5fb17 - - - - -] cyborg.collect_timing = False log_opt_values /usr/lib/python3/dist-packages/oslo_config/cfg.py:2609
2024-08-22 00:38:21.588 137066 DEBUG oslo_messaging._drivers.amqpdriver [-] Listener is running poll /usr/lib/python3/dist-packages/oslo_messaging/_drivers/amqpdriver.py:343
2024-08-22 00:38:21.588 136655 DEBUG oslo_service.service [req-4fe80728-d4cb-48d2-9fc0-26b4dec5fb17 - - - - -] cyborg.connect_retries = None log_opt_values /usr/lib/python3/dist-packages/oslo_config/cfg.py:2609
2024-08-22 00:38:21.588 137066 DEBUG oslo_messaging._drivers.amqpdriver [-] AMQPListener connection consume poll /usr/lib/python3/dist-packages/oslo_messaging/_drivers/amqpdriver.py:357
2024-08-22 00:38:21.588 136655 DEBUG oslo_service.service [req-4fe80728-d4cb-48d2-9fc0-26b4dec5fb17 - - - - -] cyborg.connect_retry_delay = None log_opt_values /usr/lib/python3/dist-packages/oslo_config/cfg.py:2609
2024-08-22 00:38:21.588 136655 DEBUG oslo_service.service [req-4fe80728-d4cb-48d2-9fc0-26b4dec5fb17 - - - - -] cyborg.endpoint_override = None log_opt_values /usr/lib/python3/dist-packages/oslo_config/cfg.py:2609
2024-08-22 00:38:21.588 136655 DEBUG oslo_service.service [req-4fe80728-d4cb-48d2-9fc0-26b4dec5fb17 - - - - -] cyborg.insecure = False log_opt_values /usr/lib/python3/dist-packages/oslo_config/cfg.py:2609
2024-08-22 00:38:21.589 136655 DEBUG oslo_service.service [req-4fe80728-d4cb-48d2-9fc0-26b4dec5fb17 - - - - -] cyborg.keyfile = None log_opt_values /usr/lib/python3/dist-packages/oslo_config/cfg.py:2609
2024-08-22 00:38:21.589 136655 DEBUG oslo_service.service [req-4fe80728-d4cb-48d2-9fc0-26b4dec5fb17 - - - - -] cyborg.max_version = None log_opt_values /usr/lib/python3/dist-packages/oslo_config/cfg.py:2609
2024-08-22 00:38:21.589 136655 DEBUG oslo_service.service [req-4fe80728-d4cb-48d2-9fc0-26b4dec5fb17 - - - - -] cyborg.min_version = None log_opt_values /usr/lib/python3/dist-packages/oslo_config/cfg.py:2609
2024-08-22 00:38:21.589 136655 DEBUG oslo_service.service [req-4fe80728-d4cb-48d2-9fc0-26b4dec5fb17 - - - - -] cyborg.region_name = None log_opt_values /usr/lib/python3/dist-packages/oslo_config/cfg.py:2609
2024-08-22 00:38:21.589 137062 DEBUG oslo_messaging._drivers.amqpdriver [-] AMQPListener connection timeout poll /usr/lib/python3/dist-packages/oslo_messaging/_drivers/amqpdriver.py:360
2024-08-22 00:38:21.589 136655 DEBUG oslo_service.service [req-4fe80728-d4cb-48d2-9fc0-26b4dec5fb17 - - - - -] cyborg.service_name = None log_opt_values /usr/lib/python3/dist-packages/oslo_config/cfg.py:2609
2024-08-22 00:38:21.589 137062 DEBUG oslo_messaging._drivers.amqpdriver [-] Listener is running poll /usr/lib/python3/dist-packages/oslo_messaging/_drivers/amqpdriver.py:343
2024-08-22 00:38:21.590 137062 DEBUG oslo_messaging._drivers.amqpdriver [-] AMQPListener connection consume poll /usr/lib/python3/dist-packages/oslo_messaging/_drivers/amqpdriver.py:357
2024-08-22 00:38:21.590 136655 DEBUG oslo_service.service [req-4fe80728-d4cb-48d2-9fc0-26b4dec5fb17 - - - - -] cyborg.service_type = accelerator log_opt_values /usr/lib/python3/dist-packages/oslo_config/cfg.py:2609
2024-08-22 00:38:21.590 136655 DEBUG oslo_service.service [req-4fe80728-d4cb-48d2-9fc0-26b4dec5fb17 - - - - -] cyborg.split_loggers = False log_opt_values /usr/lib/python3/dist-packages/oslo_config/cfg.py:2609
2024-08-22 00:38:21.590 136655 DEBUG oslo_service.service [req-4fe80728-d4cb-48d2-9fc0-26b4dec5fb17 - - - - -] cyborg.status_code_retries = None log_opt_values /usr/lib/python3/dist-packages/oslo_config/cfg.py:2609
2024-08-22 00:38:21.590 136655 DEBUG oslo_service.service [req-4fe80728-d4cb-48d2-9fc0-26b4dec5fb17 - - - - -] cyborg.status_code_retry_delay = None log_opt_values /usr/lib/python3/dist-packages/oslo_config/cfg.py:2609
2024-08-22 00:38:21.590 136655 DEBUG oslo_service.service [req-4fe80728-d4cb-48d2-9fc0-26b4dec5fb17 - - - - -] cyborg.timeout = None log_opt_values /usr/lib/python3/dist-packages/oslo_config/cfg.py:2609
2024-08-22 00:38:21.590 136655 DEBUG oslo_service.service [req-4fe80728-d4cb-48d2-9fc0-26b4dec5fb17 - - - - -] cyborg.valid_interfaces = ['internal', 'public'] log_opt_values /usr/lib/python3/dist-packages/oslo_config/cfg.py:2609
2024-08-22 00:38:21.591 136655 DEBUG oslo_service.service [req-4fe80728-d4cb-48d2-9fc0-26b4dec5fb17 - - - - -] cyborg.version = None log_opt_values /usr/lib/python3/dist-packages/oslo_config/cfg.py:2609
2024-08-22 00:38:21.591 136655 DEBUG oslo_service.service [req-4fe80728-d4cb-48d2-9fc0-26b4dec5fb17 - - - - -] database.backend = sqlalchemy log_opt_values /usr/lib/python3/dist-packages/oslo_config/cfg.py:2609
2024-08-22 00:38:21.591 136655 DEBUG oslo_service.service [req-4fe80728-d4cb-48d2-9fc0-26b4dec5fb17 - - - - -] database.connection = **** log_opt_values /usr/lib/python3/dist-packages/oslo_config/cfg.py:2609
2024-08-22 00:38:21.591 136655 DEBUG oslo_service.service [req-4fe80728-d4cb-48d2-9fc0-26b4dec5fb17 - - - - -] database.connection_debug = 0 log_opt_values /usr/lib/python3/dist-packages/oslo_config/cfg.py:2609
2024-08-22 00:38:21.591 136655 DEBUG oslo_service.service [req-4fe80728-d4cb-48d2-9fc0-26b4dec5fb17 - - - - -] database.connection_parameters = log_opt_values /usr/lib/python3/dist-packages/oslo_config/cfg.py:2609
2024-08-22 00:38:21.592 136655 DEBUG oslo_service.service [req-4fe80728-d4cb-48d2-9fc0-26b4dec5fb17 - - - - -] database.connection_recycle_time = 3600 log_opt_values /usr/lib/python3/dist-packages/oslo_config/cfg.py:2609
2024-08-22 00:38:21.592 136655 DEBUG oslo_service.service [req-4fe80728-d4cb-48d2-9fc0-26b4dec5fb17 - - - - -] database.connection_trace = False log_opt_values /usr/lib/python3/dist-packages/oslo_config/cfg.py:2609
2024-08-22 00:38:21.592 136655 DEBUG oslo_service.service [req-4fe80728-d4cb-48d2-9fc0-26b4dec5fb17 - - - - -] database.db_inc_retry_interval = True log_opt_values /usr/lib/python3/dist-packages/oslo_config/cfg.py:2609
2024-08-22 00:38:21.592 136655 DEBUG oslo_service.service [req-4fe80728-d4cb-48d2-9fc0-26b4dec5fb17 - - - - -] database.db_max_retries = 20 log_opt_values /usr/lib/python3/dist-packages/oslo_config/cfg.py:2609
2024-08-22 00:38:21.592 136655 DEBUG oslo_service.service [req-4fe80728-d4cb-48d2-9fc0-26b4dec5fb17 - - - - -] database.db_max_retry_interval = 10 log_opt_values /usr/lib/python3/dist-packages/oslo_config/cfg.py:2609
2024-08-22 00:38:21.592 136655 DEBUG oslo_service.service [req-4fe80728-d4cb-48d2-9fc0-26b4dec5fb17 - - - - -] database.db_retry_interval = 1 log_opt_values /usr/lib/python3/dist-packages/oslo_config/cfg.py:2609
2024-08-22 00:38:21.593 136655 DEBUG oslo_service.service [req-4fe80728-d4cb-48d2-9fc0-26b4dec5fb17 - - - - -] database.max_overflow = 50 log_opt_values /usr/lib/python3/dist-packages/oslo_config/cfg.py:2609
2024-08-22 00:38:21.593 136655 DEBUG oslo_service.service [req-4fe80728-d4cb-48d2-9fc0-26b4dec5fb17 - - - - -] database.max_pool_size = 4 log_opt_values /usr/lib/python3/dist-packages/oslo_config/cfg.py:2609
2024-08-22 00:38:21.593 136655 DEBUG oslo_service.service [req-4fe80728-d4cb-48d2-9fc0-26b4dec5fb17 - - - - -] database.max_retries = 10 log_opt_values /usr/lib/python3/dist-packages/oslo_config/cfg.py:2609
2024-08-22 00:38:21.593 136655 DEBUG oslo_service.service [req-4fe80728-d4cb-48d2-9fc0-26b4dec5fb17 - - - - -] database.mysql_enable_ndb = False log_opt_values /usr/lib/python3/dist-packages/oslo_config/cfg.py:2609
2024-08-22 00:38:21.593 136655 DEBUG oslo_service.service [req-4fe80728-d4cb-48d2-9fc0-26b4dec5fb17 - - - - -] database.mysql_sql_mode = TRADITIONAL log_opt_values /usr/lib/python3/dist-packages/oslo_config/cfg.py:2609
2024-08-22 00:38:21.594 136655 DEBUG oslo_service.service [req-4fe80728-d4cb-48d2-9fc0-26b4dec5fb17 - - - - -] database.pool_timeout = None log_opt_values /usr/lib/python3/dist-packages/oslo_config/cfg.py:2609
2024-08-22 00:38:21.594 136655 DEBUG oslo_service.service [req-4fe80728-d4cb-48d2-9fc0-26b4dec5fb17 - - - - -] database.retry_interval = 10 log_opt_values /usr/lib/python3/dist-packages/oslo_config/cfg.py:2609
2024-08-22 00:38:21.594 136655 DEBUG oslo_service.service [req-4fe80728-d4cb-48d2-9fc0-26b4dec5fb17 - - - - -] database.slave_connection = **** log_opt_values /usr/lib/python3/dist-packages/oslo_config/cfg.py:2609
2024-08-22 00:38:21.594 136655 DEBUG oslo_service.service [req-4fe80728-d4cb-48d2-9fc0-26b4dec5fb17 - - - - -] database.sqlite_synchronous = True log_opt_values /usr/lib/python3/dist-packages/oslo_config/cfg.py:2609
2024-08-22 00:38:21.594 136655 DEBUG oslo_service.service [req-4fe80728-d4cb-48d2-9fc0-26b4dec5fb17 - - - - -] database.use_db_reconnect = False log_opt_values /usr/lib/python3/dist-packages/oslo_config/cfg.py:2609
2024-08-22 00:38:21.595 136655 DEBUG oslo_service.service [req-4fe80728-d4cb-48d2-9fc0-26b4dec5fb17 - - - - -] api_database.backend = sqlalchemy log_opt_values /usr/lib/python3/dist-packages/oslo_config/cfg.py:2609
2024-08-22 00:38:21.595 136655 DEBUG oslo_service.service [req-4fe80728-d4cb-48d2-9fc0-26b4dec5fb17 - - - - -] api_database.connection = **** log_opt_values /usr/lib/python3/dist-packages/oslo_config/cfg.py:2609
2024-08-22 00:38:21.595 136655 DEBUG oslo_service.service [req-4fe80728-d4cb-48d2-9fc0-26b4dec5fb17 - - - - -] api_database.connection_debug = 0 log_opt_values /usr/lib/python3/dist-packages/oslo_config/cfg.py:2609
2024-08-22 00:38:21.595 136655 DEBUG oslo_service.service [req-4fe80728-d4cb-48d2-9fc0-26b4dec5fb17 - - - - -] api_database.connection_parameters = log_opt_values /usr/lib/python3/dist-packages/oslo_config/cfg.py:2609
2024-08-22 00:38:21.595 136655 DEBUG oslo_service.service [req-4fe80728-d4cb-48d2-9fc0-26b4dec5fb17 - - - - -] api_database.connection_recycle_time = 3600 log_opt_values /usr/lib/python3/dist-packages/oslo_config/cfg.py:2609
2024-08-22 00:38:21.595 136655 DEBUG oslo_service.service [req-4fe80728-d4cb-48d2-9fc0-26b4dec5fb17 - - - - -] api_database.connection_trace = False log_opt_values /usr/lib/python3/dist-packages/oslo_config/cfg.py:2609
2024-08-22 00:38:21.596 136655 DEBUG oslo_service.service [req-4fe80728-d4cb-48d2-9fc0-26b4dec5fb17 - - - - -] api_database.db_inc_retry_interval = True log_opt_values /usr/lib/python3/dist-packages/oslo_config/cfg.py:2609
2024-08-22 00:38:21.596 136655 DEBUG oslo_service.service [req-4fe80728-d4cb-48d2-9fc0-26b4dec5fb17 - - - - -] api_database.db_max_retries = 20 log_opt_values /usr/lib/python3/dist-packages/oslo_config/cfg.py:2609
2024-08-22 00:38:21.596 136655 DEBUG oslo_service.service [req-4fe80728-d4cb-48d2-9fc0-26b4dec5fb17 - - - - -] api_database.db_max_retry_interval = 10 log_opt_values /usr/lib/python3/dist-packages/oslo_config/cfg.py:2609
2024-08-22 00:38:21.596 136655 DEBUG oslo_service.service [req-4fe80728-d4cb-48d2-9fc0-26b4dec5fb17 - - - - -] api_database.db_retry_interval = 1 log_opt_values /usr/lib/python3/dist-packages/oslo_config/cfg.py:2609
2024-08-22 00:38:21.596 136655 DEBUG oslo_service.service [req-4fe80728-d4cb-48d2-9fc0-26b4dec5fb17 - - - - -] api_database.max_overflow = 50 log_opt_values /usr/lib/python3/dist-packages/oslo_config/cfg.py:2609
2024-08-22 00:38:21.596 136655 DEBUG oslo_service.service [req-4fe80728-d4cb-48d2-9fc0-26b4dec5fb17 - - - - -] api_database.max_pool_size = 4 log_opt_values /usr/lib/python3/dist-packages/oslo_config/cfg.py:2609
2024-08-22 00:38:21.597 136655 DEBUG oslo_service.service [req-4fe80728-d4cb-48d2-9fc0-26b4dec5fb17 - - - - -] api_database.max_retries = 10 log_opt_values /usr/lib/python3/dist-packages/oslo_config/cfg.py:2609
2024-08-22 00:38:21.597 136655 DEBUG oslo_service.service [req-4fe80728-d4cb-48d2-9fc0-26b4dec5fb17 - - - - -] api_database.mysql_enable_ndb = False log_opt_values /usr/lib/python3/dist-packages/oslo_config/cfg.py:2609
2024-08-22 00:38:21.597 136655 DEBUG oslo_service.service [req-4fe80728-d4cb-48d2-9fc0-26b4dec5fb17 - - - - -] api_database.mysql_sql_mode = TRADITIONAL log_opt_values /usr/lib/python3/dist-packages/oslo_config/cfg.py:2609
2024-08-22 00:38:21.597 136655 DEBUG oslo_service.service [req-4fe80728-d4cb-48d2-9fc0-26b4dec5fb17 - - - - -] api_database.pool_timeout = None log_opt_values /usr/lib/python3/dist-packages/oslo_config/cfg.py:2609
2024-08-22 00:38:21.597 136655 DEBUG oslo_service.service [req-4fe80728-d4cb-48d2-9fc0-26b4dec5fb17 - - - - -] api_database.retry_interval = 10 log_opt_values /usr/lib/python3/dist-packages/oslo_config/cfg.py:2609
2024-08-22 00:38:21.597 136655 DEBUG oslo_service.service [req-4fe80728-d4cb-48d2-9fc0-26b4dec5fb17 - - - - -] api_database.slave_connection = **** log_opt_values /usr/lib/python3/dist-packages/oslo_config/cfg.py:2609
2024-08-22 00:38:21.598 136655 DEBUG oslo_service.service [req-4fe80728-d4cb-48d2-9fc0-26b4dec5fb17 - - - - -] api_database.sqlite_synchronous = True log_opt_values /usr/lib/python3/dist-packages/oslo_config/cfg.py:2609
2024-08-22 00:38:21.598 136655 DEBUG oslo_service.service [req-4fe80728-d4cb-48d2-9fc0-26b4dec5fb17 - - - - -] devices.enabled_mdev_types = [] log_opt_values /usr/lib/python3/dist-packages/oslo_config/cfg.py:2609
2024-08-22 00:38:21.598 136655 DEBUG oslo_service.service [req-4fe80728-d4cb-48d2-9fc0-26b4dec5fb17 - - - - -] ephemeral_storage_encryption.cipher = aes-xts-plain64 log_opt_values /usr/lib/python3/dist-packages/oslo_config/cfg.py:2609
2024-08-22 00:38:21.598 136655 DEBUG oslo_service.service [req-4fe80728-d4cb-48d2-9fc0-26b4dec5fb17 - - - - -] ephemeral_storage_encryption.enabled = False log_opt_values /usr/lib/python3/dist-packages/oslo_config/cfg.py:2609
2024-08-22 00:38:21.599 136655 DEBUG oslo_service.service [req-4fe80728-d4cb-48d2-9fc0-26b4dec5fb17 - - - - -] ephemeral_storage_encryption.key_size = 512 log_opt_values /usr/lib/python3/dist-packages/oslo_config/cfg.py:2609
