2024-08-22 01:54:24.877 66235 DEBUG oslo_service.service [-] clients_neutron.ca_file = None log_opt_values /usr/lib/python3/dist-packages/oslo_config/cfg.py:2609
2024-08-22 01:54:24.877 66235 DEBUG oslo_service.service [-] clients_neutron.cert_file = None log_opt_values /usr/lib/python3/dist-packages/oslo_config/cfg.py:2609
2024-08-22 01:54:24.877 66235 DEBUG oslo_service.service [-] clients_neutron.endpoint_type = None log_opt_values /usr/lib/python3/dist-packages/oslo_config/cfg.py:2609
2024-08-22 01:54:24.877 66235 DEBUG oslo_service.service [-] clients_neutron.insecure = None log_opt_values /usr/lib/python3/dist-packages/oslo_config/cfg.py:2609
2024-08-22 01:54:24.877 66235 DEBUG oslo_service.service [-] clients_neutron.key_file = None log_opt_values /usr/lib/python3/dist-packages/oslo_config/cfg.py:2609
2024-08-22 01:54:24.877 66235 DEBUG oslo_service.service [-] clients_nova.ca_file = None log_opt_values /usr/lib/python3/dist-packages/oslo_config/cfg.py:2609
2024-08-22 01:54:24.877 66235 DEBUG oslo_service.service [-] clients_nova.cert_file = None log_opt_values /usr/lib/python3/dist-packages/oslo_config/cfg.py:2609
2024-08-22 01:54:24.878 66235 DEBUG oslo_service.service [-] clients_nova.endpoint_type = None log_opt_values /usr/lib/python3/dist-packages/oslo_config/cfg.py:2609
2024-08-22 01:54:24.878 66235 DEBUG oslo_service.service [-] clients_nova.http_log_debug = False log_opt_values /usr/lib/python3/dist-packages/oslo_config/cfg.py:2609
2024-08-22 01:54:24.878 66235 DEBUG oslo_service.service [-] clients_nova.insecure = None log_opt_values /usr/lib/python3/dist-packages/oslo_config/cfg.py:2609
2024-08-22 01:54:24.878 66235 DEBUG oslo_service.service [-] clients_nova.key_file = None log_opt_values /usr/lib/python3/dist-packages/oslo_config/cfg.py:2609
2024-08-22 01:54:24.878 66235 DEBUG oslo_service.service [-] clients_octavia.ca_file = None log_opt_values /usr/lib/python3/dist-packages/oslo_config/cfg.py:2609
2024-08-22 01:54:24.878 66235 DEBUG oslo_service.service [-] clients_octavia.cert_file = None log_opt_values /usr/lib/python3/dist-packages/oslo_config/cfg.py:2609
2024-08-22 01:54:24.878 66235 DEBUG oslo_service.service [-] clients_octavia.endpoint_type = None log_opt_values /usr/lib/python3/dist-packages/oslo_config/cfg.py:2609
2024-08-22 01:54:24.878 66235 DEBUG oslo_service.service [-] clients_octavia.insecure = None log_opt_values /usr/lib/python3/dist-packages/oslo_config/cfg.py:2609
2024-08-22 01:54:24.878 66235 DEBUG oslo_service.service [-] clients_octavia.key_file = None log_opt_values /usr/lib/python3/dist-packages/oslo_config/cfg.py:2609
2024-08-22 01:54:24.879 66235 DEBUG oslo_service.service [-] clients_sahara.ca_file = None log_opt_values /usr/lib/python3/dist-packages/oslo_config/cfg.py:2609
2024-08-22 01:54:24.878 66463 INFO heat.engine.worker [-] Starting engine_worker (1.4) in engine 765a18a4-0366-44fc-b464-121e7e1f5a81.
2024-08-22 01:54:24.879 66235 DEBUG oslo_service.service [-] clients_sahara.cert_file = None log_opt_values /usr/lib/python3/dist-packages/oslo_config/cfg.py:2609
2024-08-22 01:54:24.879 66235 DEBUG oslo_service.service [-] clients_sahara.endpoint_type = None log_opt_values /usr/lib/python3/dist-packages/oslo_config/cfg.py:2609
2024-08-22 01:54:24.879 66235 DEBUG oslo_service.service [-] clients_sahara.insecure = None log_opt_values /usr/lib/python3/dist-packages/oslo_config/cfg.py:2609
2024-08-22 01:54:24.879 66235 DEBUG oslo_service.service [-] clients_sahara.key_file = None log_opt_values /usr/lib/python3/dist-packages/oslo_config/cfg.py:2609
2024-08-22 01:54:24.879 66235 DEBUG oslo_service.service [-] clients_senlin.ca_file = None log_opt_values /usr/lib/python3/dist-packages/oslo_config/cfg.py:2609
2024-08-22 01:54:24.879 66235 DEBUG oslo_service.service [-] clients_senlin.cert_file = None log_opt_values /usr/lib/python3/dist-packages/oslo_config/cfg.py:2609
2024-08-22 01:54:24.879 66235 DEBUG oslo_service.service [-] clients_senlin.endpoint_type = None log_opt_values /usr/lib/python3/dist-packages/oslo_config/cfg.py:2609
2024-08-22 01:54:24.879 66235 DEBUG oslo_service.service [-] clients_senlin.insecure = None log_opt_values /usr/lib/python3/dist-packages/oslo_config/cfg.py:2609
2024-08-22 01:54:24.879 66235 DEBUG oslo_service.service [-] clients_senlin.key_file = None log_opt_values /usr/lib/python3/dist-packages/oslo_config/cfg.py:2609
2024-08-22 01:54:24.880 66235 DEBUG oslo_service.service [-] clients_swift.ca_file = None log_opt_values /usr/lib/python3/dist-packages/oslo_config/cfg.py:2609
2024-08-22 01:54:24.880 66235 DEBUG oslo_service.service [-] clients_swift.cert_file = None log_opt_values /usr/lib/python3/dist-packages/oslo_config/cfg.py:2609
2024-08-22 01:54:24.880 66235 DEBUG oslo_service.service [-] clients_swift.endpoint_type = None log_opt_values /usr/lib/python3/dist-packages/oslo_config/cfg.py:2609
2024-08-22 01:54:24.880 66235 DEBUG oslo_service.service [-] clients_swift.insecure = None log_opt_values /usr/lib/python3/dist-packages/oslo_config/cfg.py:2609
2024-08-22 01:54:24.880 66235 DEBUG oslo_service.service [-] clients_swift.key_file = None log_opt_values /usr/lib/python3/dist-packages/oslo_config/cfg.py:2609
2024-08-22 01:54:24.880 66235 DEBUG oslo_service.service [-] clients_trove.ca_file = None log_opt_values /usr/lib/python3/dist-packages/oslo_config/cfg.py:2609
2024-08-22 01:54:24.880 66235 DEBUG oslo_service.service [-] clients_trove.cert_file = None log_opt_values /usr/lib/python3/dist-packages/oslo_config/cfg.py:2609
2024-08-22 01:54:24.880 66235 DEBUG oslo_service.service [-] clients_trove.endpoint_type = None log_opt_values /usr/lib/python3/dist-packages/oslo_config/cfg.py:2609
2024-08-22 01:54:24.880 66235 DEBUG oslo_service.service [-] clients_trove.insecure = None log_opt_values /usr/lib/python3/dist-packages/oslo_config/cfg.py:2609
2024-08-22 01:54:24.880 66235 DEBUG oslo_service.service [-] clients_trove.key_file = None log_opt_values /usr/lib/python3/dist-packages/oslo_config/cfg.py:2609
2024-08-22 01:54:24.881 66235 DEBUG oslo_service.service [-] clients_vitrage.ca_file = None log_opt_values /usr/lib/python3/dist-packages/oslo_config/cfg.py:2609
2024-08-22 01:54:24.881 66235 DEBUG oslo_service.service [-] clients_vitrage.cert_file = None log_opt_values /usr/lib/python3/dist-packages/oslo_config/cfg.py:2609
2024-08-22 01:54:24.881 66235 DEBUG oslo_service.service [-] clients_vitrage.endpoint_type = None log_opt_values /usr/lib/python3/dist-packages/oslo_config/cfg.py:2609
2024-08-22 01:54:24.881 66235 DEBUG oslo_service.service [-] clients_vitrage.insecure = None log_opt_values /usr/lib/python3/dist-packages/oslo_config/cfg.py:2609
2024-08-22 01:54:24.881 66235 DEBUG oslo_service.service [-] clients_vitrage.key_file = None log_opt_values /usr/lib/python3/dist-packages/oslo_config/cfg.py:2609
2024-08-22 01:54:24.881 66235 DEBUG oslo_service.service [-] clients_zaqar.ca_file = None log_opt_values /usr/lib/python3/dist-packages/oslo_config/cfg.py:2609
2024-08-22 01:54:24.881 66235 DEBUG oslo_service.service [-] clients_zaqar.cert_file = None log_opt_values /usr/lib/python3/dist-packages/oslo_config/cfg.py:2609
2024-08-22 01:54:24.881 66235 DEBUG oslo_service.service [-] clients_zaqar.endpoint_type = None log_opt_values /usr/lib/python3/dist-packages/oslo_config/cfg.py:2609
2024-08-22 01:54:24.881 66235 DEBUG oslo_service.service [-] clients_zaqar.insecure = None log_opt_values /usr/lib/python3/dist-packages/oslo_config/cfg.py:2609
2024-08-22 01:54:24.881 66235 DEBUG oslo_service.service [-] clients_zaqar.key_file = None log_opt_values /usr/lib/python3/dist-packages/oslo_config/cfg.py:2609
2024-08-22 01:54:24.882 66235 DEBUG oslo_service.service [-] database.backend = sqlalchemy log_opt_values /usr/lib/python3/dist-packages/oslo_config/cfg.py:2609
2024-08-22 01:54:24.882 66235 DEBUG oslo_service.service [-] database.connection = **** log_opt_values /usr/lib/python3/dist-packages/oslo_config/cfg.py:2609
2024-08-22 01:54:24.882 66235 DEBUG oslo_service.service [-] database.connection_debug = 0 log_opt_values /usr/lib/python3/dist-packages/oslo_config/cfg.py:2609
2024-08-22 01:54:24.882 66235 DEBUG oslo_service.service [-] database.connection_parameters = log_opt_values /usr/lib/python3/dist-packages/oslo_config/cfg.py:2609
2024-08-22 01:54:24.882 66235 DEBUG oslo_service.service [-] database.connection_recycle_time = 3600 log_opt_values /usr/lib/python3/dist-packages/oslo_config/cfg.py:2609
2024-08-22 01:54:24.882 66235 DEBUG oslo_service.service [-] database.connection_trace = False log_opt_values /usr/lib/python3/dist-packages/oslo_config/cfg.py:2609
2024-08-22 01:54:24.882 66235 DEBUG oslo_service.service [-] database.db_inc_retry_interval = True log_opt_values /usr/lib/python3/dist-packages/oslo_config/cfg.py:2609
2024-08-22 01:54:24.882 66235 DEBUG oslo_service.service [-] database.db_max_retries = 20 log_opt_values /usr/lib/python3/dist-packages/oslo_config/cfg.py:2609
2024-08-22 01:54:24.883 66235 DEBUG oslo_service.service [-] database.db_max_retry_interval = 10 log_opt_values /usr/lib/python3/dist-packages/oslo_config/cfg.py:2609
2024-08-22 01:54:24.883 66235 DEBUG oslo_service.service [-] database.db_retry_interval = 1 log_opt_values /usr/lib/python3/dist-packages/oslo_config/cfg.py:2609
2024-08-22 01:54:24.883 66235 DEBUG oslo_service.service [-] database.max_overflow = 50 log_opt_values /usr/lib/python3/dist-packages/oslo_config/cfg.py:2609
2024-08-22 01:54:24.883 66235 DEBUG oslo_service.service [-] database.max_pool_size = 5 log_opt_values /usr/lib/python3/dist-packages/oslo_config/cfg.py:2609
2024-08-22 01:54:24.883 66235 DEBUG oslo_service.service [-] database.max_retries = 10 log_opt_values /usr/lib/python3/dist-packages/oslo_config/cfg.py:2609
2024-08-22 01:54:24.883 66235 DEBUG oslo_service.service [-] database.mysql_enable_ndb = False log_opt_values /usr/lib/python3/dist-packages/oslo_config/cfg.py:2609
2024-08-22 01:54:24.883 66235 DEBUG oslo_service.service [-] database.mysql_sql_mode = TRADITIONAL log_opt_values /usr/lib/python3/dist-packages/oslo_config/cfg.py:2609
2024-08-22 01:54:24.883 66235 DEBUG oslo_service.service [-] database.pool_timeout = None log_opt_values /usr/lib/python3/dist-packages/oslo_config/cfg.py:2609
2024-08-22 01:54:24.883 66235 DEBUG oslo_service.service [-] database.retry_interval = 10 log_opt_values /usr/lib/python3/dist-packages/oslo_config/cfg.py:2609
2024-08-22 01:54:24.884 66235 DEBUG oslo_service.service [-] database.slave_connection = **** log_opt_values /usr/lib/python3/dist-packages/oslo_config/cfg.py:2609
2024-08-22 01:54:24.884 66235 DEBUG oslo_service.service [-] database.sqlite_synchronous = True log_opt_values /usr/lib/python3/dist-packages/oslo_config/cfg.py:2609
2024-08-22 01:54:24.884 66235 DEBUG oslo_service.service [-] database.use_db_reconnect = False log_opt_values /usr/lib/python3/dist-packages/oslo_config/cfg.py:2609
2024-08-22 01:54:24.884 66235 DEBUG oslo_service.service [-] oslo_messaging_metrics.metrics_buffer_size = 1000 log_opt_values /usr/lib/python3/dist-packages/oslo_config/cfg.py:2609
2024-08-22 01:54:24.884 66235 DEBUG oslo_service.service [-] oslo_messaging_metrics.metrics_enabled = False log_opt_values /usr/lib/python3/dist-packages/oslo_config/cfg.py:2609
2024-08-22 01:54:24.884 66235 DEBUG oslo_service.service [-] oslo_messaging_metrics.metrics_process_name = log_opt_values /usr/lib/python3/dist-packages/oslo_config/cfg.py:2609
2024-08-22 01:54:24.884 66235 DEBUG oslo_service.service [-] oslo_messaging_metrics.metrics_socket_file = /var/tmp/metrics_collector.sock log_opt_values /usr/lib/python3/dist-packages/oslo_config/cfg.py:2609
2024-08-22 01:54:24.884 66235 DEBUG oslo_service.service [-] oslo_messaging_metrics.metrics_thread_stop_timeout = 10 log_opt_values /usr/lib/python3/dist-packages/oslo_config/cfg.py:2609
2024-08-22 01:54:24.884 66235 DEBUG oslo_service.service [-] oslo_policy.enforce_new_defaults = False log_opt_values /usr/lib/python3/dist-packages/oslo_config/cfg.py:2609
2024-08-22 01:54:24.885 66235 DEBUG oslo_service.service [-] oslo_policy.enforce_scope = False log_opt_values /usr/lib/python3/dist-packages/oslo_config/cfg.py:2609
2024-08-22 01:54:24.885 66235 DEBUG oslo_service.service [-] oslo_policy.policy_default_rule = default log_opt_values /usr/lib/python3/dist-packages/oslo_config/cfg.py:2609
2024-08-22 01:54:24.885 66235 DEBUG oslo_service.service [-] oslo_policy.policy_dirs = ['policy.d'] log_opt_values /usr/lib/python3/dist-packages/oslo_config/cfg.py:2609
2024-08-22 01:54:24.885 66235 DEBUG oslo_service.service [-] oslo_policy.policy_file = policy.yaml log_opt_values /usr/lib/python3/dist-packages/oslo_config/cfg.py:2609
2024-08-22 01:54:24.885 66235 DEBUG oslo_service.service [-] oslo_policy.remote_content_type = application/x-www-form-urlencoded log_opt_values /usr/lib/python3/dist-packages/oslo_config/cfg.py:2609
2024-08-22 01:54:24.885 66235 DEBUG oslo_service.service [-] oslo_policy.remote_ssl_ca_crt_file = None log_opt_values /usr/lib/python3/dist-packages/oslo_config/cfg.py:2609
2024-08-22 01:54:24.885 66235 DEBUG oslo_service.service [-] oslo_policy.remote_ssl_client_crt_file = None log_opt_values /usr/lib/python3/dist-packages/oslo_config/cfg.py:2609
2024-08-22 01:54:24.885 66235 DEBUG oslo_service.service [-] oslo_policy.remote_ssl_client_key_file = None log_opt_values /usr/lib/python3/dist-packages/oslo_config/cfg.py:2609
2024-08-22 01:54:24.886 66235 DEBUG oslo_service.service [-] oslo_policy.remote_ssl_verify_server_crt = False log_opt_values /usr/lib/python3/dist-packages/oslo_config/cfg.py:2609
2024-08-22 01:54:24.886 66235 DEBUG oslo_service.service [-] trustee.auth_section = None log_opt_values /usr/lib/python3/dist-packages/oslo_config/cfg.py:2609
2024-08-22 01:54:24.886 66235 WARNING oslo_config.cfg [-] Deprecated: Option "auth_plugin" from group "trustee" is deprecated. Use option "auth_type" from group "trustee".
2024-08-22 01:54:24.886 66235 DEBUG oslo_service.service [-] trustee.auth_type = password log_opt_values /usr/lib/python3/dist-packages/oslo_config/cfg.py:2609
2024-08-22 01:54:24.886 66235 DEBUG oslo_service.service [-] oslo_versionedobjects.fatal_exception_format_errors = False log_opt_values /usr/lib/python3/dist-packages/oslo_config/cfg.py:2609
2024-08-22 01:54:24.886 66235 DEBUG oslo_service.service [-] oslo_messaging_rabbit.amqp_auto_delete = False log_opt_values /usr/lib/python3/dist-packages/oslo_config/cfg.py:2609
2024-08-22 01:54:24.887 66235 DEBUG oslo_service.service [-] oslo_messaging_rabbit.amqp_durable_queues = False log_opt_values /usr/lib/python3/dist-packages/oslo_config/cfg.py:2609
2024-08-22 01:54:24.887 66235 DEBUG oslo_service.service [-] oslo_messaging_rabbit.conn_pool_min_size = 2 log_opt_values /usr/lib/python3/dist-packages/oslo_config/cfg.py:2609
2024-08-22 01:54:24.887 66235 DEBUG oslo_service.service [-] oslo_messaging_rabbit.conn_pool_ttl = 1200 log_opt_values /usr/lib/python3/dist-packages/oslo_config/cfg.py:2609
2024-08-22 01:54:24.887 66235 DEBUG oslo_service.service [-] oslo_messaging_rabbit.direct_mandatory_flag = True log_opt_values /usr/lib/python3/dist-packages/oslo_config/cfg.py:2609
2024-08-22 01:54:24.887 66235 DEBUG oslo_service.service [-] oslo_messaging_rabbit.enable_cancel_on_failover = False log_opt_values /usr/lib/python3/dist-packages/oslo_config/cfg.py:2609
2024-08-22 01:54:24.887 66235 DEBUG oslo_service.service [-] oslo_messaging_rabbit.heartbeat_in_pthread = True log_opt_values /usr/lib/python3/dist-packages/oslo_config/cfg.py:2609
2024-08-22 01:54:24.887 66235 DEBUG oslo_service.service [-] oslo_messaging_rabbit.heartbeat_rate = 2 log_opt_values /usr/lib/python3/dist-packages/oslo_config/cfg.py:2609
2024-08-22 01:54:24.887 66235 DEBUG oslo_service.service [-] oslo_messaging_rabbit.heartbeat_timeout_threshold = 60 log_opt_values /usr/lib/python3/dist-packages/oslo_config/cfg.py:2609
2024-08-22 01:54:24.887 66235 DEBUG oslo_service.service [-] oslo_messaging_rabbit.kombu_compression = None log_opt_values /usr/lib/python3/dist-packages/oslo_config/cfg.py:2609
2024-08-22 01:54:24.888 66235 DEBUG oslo_service.service [-] oslo_messaging_rabbit.kombu_failover_strategy = round-robin log_opt_values /usr/lib/python3/dist-packages/oslo_config/cfg.py:2609
2024-08-22 01:54:24.888 66235 DEBUG oslo_service.service [-] oslo_messaging_rabbit.kombu_missing_consumer_retry_timeout = 60 log_opt_values /usr/lib/python3/dist-packages/oslo_config/cfg.py:2609
2024-08-22 01:54:24.888 66235 DEBUG oslo_service.service [-] oslo_messaging_rabbit.kombu_reconnect_delay = 1.0 log_opt_values /usr/lib/python3/dist-packages/oslo_config/cfg.py:2609
2024-08-22 01:54:24.888 66235 DEBUG oslo_service.service [-] oslo_messaging_rabbit.rabbit_ha_queues = False log_opt_values /usr/lib/python3/dist-packages/oslo_config/cfg.py:2609
2024-08-22 01:54:24.888 66235 DEBUG oslo_service.service [-] oslo_messaging_rabbit.rabbit_interval_max = 30 log_opt_values /usr/lib/python3/dist-packages/oslo_config/cfg.py:2609
2024-08-22 01:54:24.888 66235 DEBUG oslo_service.service [-] oslo_messaging_rabbit.rabbit_login_method = AMQPLAIN log_opt_values /usr/lib/python3/dist-packages/oslo_config/cfg.py:2609
2024-08-22 01:54:24.888 66235 DEBUG oslo_service.service [-] oslo_messaging_rabbit.rabbit_qos_prefetch_count = 0 log_opt_values /usr/lib/python3/dist-packages/oslo_config/cfg.py:2609
2024-08-22 01:54:24.888 66235 DEBUG oslo_service.service [-] oslo_messaging_rabbit.rabbit_quorum_queue = False log_opt_values /usr/lib/python3/dist-packages/oslo_config/cfg.py:2609
2024-08-22 01:54:24.888 66235 DEBUG oslo_service.service [-] oslo_messaging_rabbit.rabbit_retry_backoff = 2 log_opt_values /usr/lib/python3/dist-packages/oslo_config/cfg.py:2609
2024-08-22 01:54:24.889 66235 DEBUG oslo_service.service [-] oslo_messaging_rabbit.rabbit_retry_interval = 1 log_opt_values /usr/lib/python3/dist-packages/oslo_config/cfg.py:2609
2024-08-22 01:54:24.889 66235 DEBUG oslo_service.service [-] oslo_messaging_rabbit.rabbit_transient_queues_ttl = 1800 log_opt_values /usr/lib/python3/dist-packages/oslo_config/cfg.py:2609
2024-08-22 01:54:24.889 66235 DEBUG oslo_service.service [-] oslo_messaging_rabbit.rpc_conn_pool_size = 30 log_opt_values /usr/lib/python3/dist-packages/oslo_config/cfg.py:2609
2024-08-22 01:54:24.889 66235 DEBUG oslo_service.service [-] oslo_messaging_rabbit.ssl = False log_opt_values /usr/lib/python3/dist-packages/oslo_config/cfg.py:2609
2024-08-22 01:54:24.889 66235 DEBUG oslo_service.service [-] oslo_messaging_rabbit.ssl_ca_file = log_opt_values /usr/lib/python3/dist-packages/oslo_config/cfg.py:2609
2024-08-22 01:54:24.889 66235 DEBUG oslo_service.service [-] oslo_messaging_rabbit.ssl_cert_file = log_opt_values /usr/lib/python3/dist-packages/oslo_config/cfg.py:2609
2024-08-22 01:54:24.889 66235 DEBUG oslo_service.service [-] oslo_messaging_rabbit.ssl_key_file = log_opt_values /usr/lib/python3/dist-packages/oslo_config/cfg.py:2609
2024-08-22 01:54:24.889 66235 DEBUG oslo_service.service [-] oslo_messaging_rabbit.ssl_version = log_opt_values /usr/lib/python3/dist-packages/oslo_config/cfg.py:2609
2024-08-22 01:54:24.890 66235 DEBUG oslo_service.service [-] oslo_messaging_notifications.driver = [] log_opt_values /usr/lib/python3/dist-packages/oslo_config/cfg.py:2609
2024-08-22 01:54:24.890 66235 DEBUG oslo_service.service [-] oslo_messaging_notifications.retry = -1 log_opt_values /usr/lib/python3/dist-packages/oslo_config/cfg.py:2609
2024-08-22 01:54:24.890 66235 DEBUG oslo_service.service [-] oslo_messaging_notifications.topics = ['notifications'] log_opt_values /usr/lib/python3/dist-packages/oslo_config/cfg.py:2609
2024-08-22 01:54:24.890 66235 DEBUG oslo_service.service [-] oslo_messaging_notifications.transport_url = **** log_opt_values /usr/lib/python3/dist-packages/oslo_config/cfg.py:2609
2024-08-22 01:54:24.890 66235 DEBUG oslo_service.service [-] cache.backend = dogpile.cache.null log_opt_values /usr/lib/python3/dist-packages/oslo_config/cfg.py:2609
2024-08-22 01:54:24.891 66235 DEBUG oslo_service.service [-] cache.backend_argument = **** log_opt_values /usr/lib/python3/dist-packages/oslo_config/cfg.py:2609
2024-08-22 01:54:24.891 66235 DEBUG oslo_service.service [-] cache.config_prefix = cache.oslo log_opt_values /usr/lib/python3/dist-packages/oslo_config/cfg.py:2609
2024-08-22 01:54:24.891 66235 DEBUG oslo_service.service [-] cache.debug_cache_backend = False log_opt_values /usr/lib/python3/dist-packages/oslo_config/cfg.py:2609
2024-08-22 01:54:24.891 66235 DEBUG oslo_service.service [-] cache.enabled = False log_opt_values /usr/lib/python3/dist-packages/oslo_config/cfg.py:2609
2024-08-22 01:54:24.891 66235 DEBUG oslo_service.service [-] cache.expiration_time = 600 log_opt_values /usr/lib/python3/dist-packages/oslo_config/cfg.py:2609
2024-08-22 01:54:24.891 66235 DEBUG oslo_service.service [-] cache.memcache_dead_retry = 300 log_opt_values /usr/lib/python3/dist-packages/oslo_config/cfg.py:2609
2024-08-22 01:54:24.891 66235 DEBUG oslo_service.service [-] cache.memcache_pool_connection_get_timeout = 10 log_opt_values /usr/lib/python3/dist-packages/oslo_config/cfg.py:2609
2024-08-22 01:54:24.891 66235 DEBUG oslo_service.service [-] cache.memcache_pool_flush_on_reconnect = False log_opt_values /usr/lib/python3/dist-packages/oslo_config/cfg.py:2609
2024-08-22 01:54:24.892 66235 DEBUG oslo_service.service [-] cache.memcache_pool_maxsize = 10 log_opt_values /usr/lib/python3/dist-packages/oslo_config/cfg.py:2609
2024-08-22 01:54:24.892 66235 DEBUG oslo_service.service [-] cache.memcache_pool_unused_timeout = 60 log_opt_values /usr/lib/python3/dist-packages/oslo_config/cfg.py:2609
2024-08-22 01:54:24.892 66235 DEBUG oslo_service.service [-] cache.memcache_servers = ['localhost:11211'] log_opt_values /usr/lib/python3/dist-packages/oslo_config/cfg.py:2609
2024-08-22 01:54:24.892 66235 DEBUG oslo_service.service [-] cache.memcache_socket_timeout = 1.0 log_opt_values /usr/lib/python3/dist-packages/oslo_config/cfg.py:2609
2024-08-22 01:54:24.892 66235 DEBUG oslo_service.service [-] cache.proxies = [] log_opt_values /usr/lib/python3/dist-packages/oslo_config/cfg.py:2609
2024-08-22 01:54:24.892 66235 DEBUG oslo_service.service [-] cache.tls_allowed_ciphers = None log_opt_values /usr/lib/python3/dist-packages/oslo_config/cfg.py:2609
2024-08-22 01:54:24.892 66235 DEBUG oslo_service.service [-] cache.tls_cafile = None log_opt_values /usr/lib/python3/dist-packages/oslo_config/cfg.py:2609
2024-08-22 01:54:24.892 66235 DEBUG oslo_service.service [-] cache.tls_certfile = None log_opt_values /usr/lib/python3/dist-packages/oslo_config/cfg.py:2609
2024-08-22 01:54:24.892 66235 DEBUG oslo_service.service [-] cache.tls_enabled = False log_opt_values /usr/lib/python3/dist-packages/oslo_config/cfg.py:2609
2024-08-22 01:54:24.893 66235 DEBUG oslo_service.service [-] cache.tls_keyfile = None log_opt_values /usr/lib/python3/dist-packages/oslo_config/cfg.py:2609
2024-08-22 01:54:24.893 66235 DEBUG oslo_service.service [-] constraint_validation_cache.caching = True log_opt_values /usr/lib/python3/dist-packages/oslo_config/cfg.py:2609
2024-08-22 01:54:24.893 66235 DEBUG oslo_service.service [-] constraint_validation_cache.expiration_time = 60 log_opt_values /usr/lib/python3/dist-packages/oslo_config/cfg.py:2609
2024-08-22 01:54:24.893 66235 DEBUG oslo_service.service [-] service_extension_cache.caching = True log_opt_values /usr/lib/python3/dist-packages/oslo_config/cfg.py:2609
2024-08-22 01:54:24.893 66235 DEBUG oslo_service.service [-] service_extension_cache.expiration_time = 3600 log_opt_values /usr/lib/python3/dist-packages/oslo_config/cfg.py:2609
2024-08-22 01:54:24.893 66235 DEBUG oslo_service.service [-] resource_finder_cache.caching = True log_opt_values /usr/lib/python3/dist-packages/oslo_config/cfg.py:2609
2024-08-22 01:54:24.893 66235 DEBUG oslo_service.service [-] resource_finder_cache.expiration_time = 3600 log_opt_values /usr/lib/python3/dist-packages/oslo_config/cfg.py:2609
2024-08-22 01:54:24.893 66235 DEBUG oslo_service.service [-] yaql.limit_iterators = 200 log_opt_values /usr/lib/python3/dist-packages/oslo_config/cfg.py:2609
2024-08-22 01:54:24.893 66235 DEBUG oslo_service.service [-] yaql.memory_quota = 10000 log_opt_values /usr/lib/python3/dist-packages/oslo_config/cfg.py:2609
2024-08-22 01:54:24.894 66235 DEBUG oslo_service.service [-] ******************************************************************************** log_opt_values /usr/lib/python3/dist-packages/oslo_config/cfg.py:2613
2024-08-22 01:54:24.906 66464 INFO heat.engine.worker [-] Starting engine_worker (1.4) in engine 2c9d3763-5d6b-4b0c-87ae-70cb32cb4cd0.
2024-08-22 01:54:24.918 66461 DEBUG oslo_db.sqlalchemy.engines [req-7d56174b-a930-44f0-9423-cad40a029b53 - - - - -] MySQL server mode set to STRICT_TRANS_TABLES,STRICT_ALL_TABLES,NO_ZERO_IN_DATE,NO_ZERO_DATE,ERROR_FOR_DIVISION_BY_ZERO,TRADITIONAL,NO_ENGINE_SUBSTITUTION _check_effective_sql_mode /usr/lib/python3/dist-packages/oslo_db/sqlalchemy/engines.py:314
2024-08-22 01:54:24.929 66462 DEBUG oslo_db.sqlalchemy.engines [req-272bcdfb-a903-4e5a-aecb-0b110479c828 - - - - -] MySQL server mode set to STRICT_TRANS_TABLES,STRICT_ALL_TABLES,NO_ZERO_IN_DATE,NO_ZERO_DATE,ERROR_FOR_DIVISION_BY_ZERO,TRADITIONAL,NO_ENGINE_SUBSTITUTION _check_effective_sql_mode /usr/lib/python3/dist-packages/oslo_db/sqlalchemy/engines.py:314
2024-08-22 01:54:24.931 66463 DEBUG oslo_db.sqlalchemy.engines [req-dce6827b-813a-4128-948f-bb3237856d37 - - - - -] MySQL server mode set to STRICT_TRANS_TABLES,STRICT_ALL_TABLES,NO_ZERO_IN_DATE,NO_ZERO_DATE,ERROR_FOR_DIVISION_BY_ZERO,TRADITIONAL,NO_ENGINE_SUBSTITUTION _check_effective_sql_mode /usr/lib/python3/dist-packages/oslo_db/sqlalchemy/engines.py:314
2024-08-22 01:54:24.956 66464 DEBUG oslo_db.sqlalchemy.engines [req-bda8cc41-c5d5-4626-bec6-dfa4bb27151c - - - - -] MySQL server mode set to STRICT_TRANS_TABLES,STRICT_ALL_TABLES,NO_ZERO_IN_DATE,NO_ZERO_DATE,ERROR_FOR_DIVISION_BY_ZERO,TRADITIONAL,NO_ENGINE_SUBSTITUTION _check_effective_sql_mode /usr/lib/python3/dist-packages/oslo_db/sqlalchemy/engines.py:314
2024-08-22 01:54:24.960 66461 DEBUG heat.engine.service [req-7d56174b-a930-44f0-9423-cad40a029b53 - - - - -] Service 04e3ae4a-9d90-4012-8ce4-cb65a46e08dd was aborted service_manage_cleanup /usr/lib/python3/dist-packages/heat/engine/service.py:2391
2024-08-22 01:54:24.972 66463 DEBUG heat.engine.service [req-dce6827b-813a-4128-948f-bb3237856d37 - - - - -] Service 04e3ae4a-9d90-4012-8ce4-cb65a46e08dd was aborted service_manage_cleanup /usr/lib/python3/dist-packages/heat/engine/service.py:2391
2024-08-22 01:54:24.973 66462 DEBUG heat.engine.service [req-272bcdfb-a903-4e5a-aecb-0b110479c828 - - - - -] Service 04e3ae4a-9d90-4012-8ce4-cb65a46e08dd was aborted service_manage_cleanup /usr/lib/python3/dist-packages/heat/engine/service.py:2391
2024-08-22 01:54:24.974 66461 DEBUG heat.engine.service [req-7d56174b-a930-44f0-9423-cad40a029b53 - - - - -] Service 22b7bf76-d82e-4f53-a6c5-26e852630ea0 was aborted service_manage_cleanup /usr/lib/python3/dist-packages/heat/engine/service.py:2391
2024-08-22 01:54:24.979 66463 DEBUG heat.engine.service [req-dce6827b-813a-4128-948f-bb3237856d37 - - - - -] Service 22b7bf76-d82e-4f53-a6c5-26e852630ea0 was aborted service_manage_cleanup /usr/lib/python3/dist-packages/heat/engine/service.py:2391
2024-08-22 01:54:24.982 66462 DEBUG heat.engine.service [req-272bcdfb-a903-4e5a-aecb-0b110479c828 - - - - -] Service 22b7bf76-d82e-4f53-a6c5-26e852630ea0 was aborted service_manage_cleanup /usr/lib/python3/dist-packages/heat/engine/service.py:2391
2024-08-22 01:54:24.986 66461 DEBUG heat.engine.service [req-7d56174b-a930-44f0-9423-cad40a029b53 - - - - -] Service 28ae71ab-c382-4601-a4ab-25bbafc83400 was aborted service_manage_cleanup /usr/lib/python3/dist-packages/heat/engine/service.py:2391
2024-08-22 01:54:24.986 66463 DEBUG heat.engine.service [req-dce6827b-813a-4128-948f-bb3237856d37 - - - - -] Service 28ae71ab-c382-4601-a4ab-25bbafc83400 was aborted service_manage_cleanup /usr/lib/python3/dist-packages/heat/engine/service.py:2391
2024-08-22 01:54:24.987 66462 DEBUG heat.engine.service [req-272bcdfb-a903-4e5a-aecb-0b110479c828 - - - - -] Service 28ae71ab-c382-4601-a4ab-25bbafc83400 was aborted service_manage_cleanup /usr/lib/python3/dist-packages/heat/engine/service.py:2391
2024-08-22 01:54:24.996 66461 DEBUG heat.engine.service [req-7d56174b-a930-44f0-9423-cad40a029b53 - - - - -] Service 3fd99f41-9b37-4a07-9b3d-bd87357644db was aborted service_manage_cleanup /usr/lib/python3/dist-packages/heat/engine/service.py:2391
2024-08-22 01:54:24.996 66462 DEBUG heat.engine.service [req-272bcdfb-a903-4e5a-aecb-0b110479c828 - - - - -] Service 3fd99f41-9b37-4a07-9b3d-bd87357644db was aborted service_manage_cleanup /usr/lib/python3/dist-packages/heat/engine/service.py:2391
2024-08-22 01:54:24.997 66463 DEBUG heat.engine.service [req-dce6827b-813a-4128-948f-bb3237856d37 - - - - -] Service 3fd99f41-9b37-4a07-9b3d-bd87357644db was aborted service_manage_cleanup /usr/lib/python3/dist-packages/heat/engine/service.py:2391
2024-08-22 01:54:24.999 66464 DEBUG heat.engine.service [req-bda8cc41-c5d5-4626-bec6-dfa4bb27151c - - - - -] Service 3fd99f41-9b37-4a07-9b3d-bd87357644db was aborted service_manage_cleanup /usr/lib/python3/dist-packages/heat/engine/service.py:2391
2024-08-22 01:54:25.006 66461 DEBUG heat.engine.service [req-7d56174b-a930-44f0-9423-cad40a029b53 - - - - -] Service 64ce0e1e-4ded-48af-9256-79585408244f was aborted service_manage_cleanup /usr/lib/python3/dist-packages/heat/engine/service.py:2391
2024-08-22 01:54:25.007 66462 DEBUG heat.engine.service [req-272bcdfb-a903-4e5a-aecb-0b110479c828 - - - - -] Service 64ce0e1e-4ded-48af-9256-79585408244f was aborted service_manage_cleanup /usr/lib/python3/dist-packages/heat/engine/service.py:2391
2024-08-22 01:54:25.007 66463 DEBUG heat.engine.service [req-dce6827b-813a-4128-948f-bb3237856d37 - - - - -] Service 64ce0e1e-4ded-48af-9256-79585408244f was aborted service_manage_cleanup /usr/lib/python3/dist-packages/heat/engine/service.py:2391
2024-08-22 01:54:25.008 66464 DEBUG heat.engine.service [req-bda8cc41-c5d5-4626-bec6-dfa4bb27151c - - - - -] Service 64ce0e1e-4ded-48af-9256-79585408244f was aborted service_manage_cleanup /usr/lib/python3/dist-packages/heat/engine/service.py:2391
2024-08-22 01:54:25.016 66461 DEBUG heat.engine.service [req-7d56174b-a930-44f0-9423-cad40a029b53 - - - - -] Service 70153ba0-50c8-4c7b-a0fa-9978a2708ab9 was aborted service_manage_cleanup /usr/lib/python3/dist-packages/heat/engine/service.py:2391
2024-08-22 01:54:25.016 66462 DEBUG heat.engine.service [req-272bcdfb-a903-4e5a-aecb-0b110479c828 - - - - -] Service 70153ba0-50c8-4c7b-a0fa-9978a2708ab9 was aborted service_manage_cleanup /usr/lib/python3/dist-packages/heat/engine/service.py:2391
2024-08-22 01:54:25.017 66463 DEBUG heat.engine.service [req-dce6827b-813a-4128-948f-bb3237856d37 - - - - -] Service 70153ba0-50c8-4c7b-a0fa-9978a2708ab9 was aborted service_manage_cleanup /usr/lib/python3/dist-packages/heat/engine/service.py:2391
2024-08-22 01:54:25.018 66464 DEBUG heat.engine.service [req-bda8cc41-c5d5-4626-bec6-dfa4bb27151c - - - - -] Service 70153ba0-50c8-4c7b-a0fa-9978a2708ab9 was aborted service_manage_cleanup /usr/lib/python3/dist-packages/heat/engine/service.py:2391
2024-08-22 01:54:25.027 66461 DEBUG heat.engine.service [req-7d56174b-a930-44f0-9423-cad40a029b53 - - - - -] Service 7571209e-32b8-483a-809e-240d1bfc535a was aborted service_manage_cleanup /usr/lib/python3/dist-packages/heat/engine/service.py:2391
2024-08-22 01:54:25.028 66462 DEBUG heat.engine.service [req-272bcdfb-a903-4e5a-aecb-0b110479c828 - - - - -] Service 7571209e-32b8-483a-809e-240d1bfc535a was aborted service_manage_cleanup /usr/lib/python3/dist-packages/heat/engine/service.py:2391
2024-08-22 01:54:25.028 66463 DEBUG heat.engine.service [req-dce6827b-813a-4128-948f-bb3237856d37 - - - - -] Service 7571209e-32b8-483a-809e-240d1bfc535a was aborted service_manage_cleanup /usr/lib/python3/dist-packages/heat/engine/service.py:2391
2024-08-22 01:54:25.029 66464 DEBUG heat.engine.service [req-bda8cc41-c5d5-4626-bec6-dfa4bb27151c - - - - -] Service 7571209e-32b8-483a-809e-240d1bfc535a was aborted service_manage_cleanup /usr/lib/python3/dist-packages/heat/engine/service.py:2391
2024-08-22 01:54:25.044 66461 DEBUG heat.engine.service [req-7d56174b-a930-44f0-9423-cad40a029b53 - - - - -] Service 7ba63983-44cf-4ac2-aaec-61d5f765d9c4 was aborted service_manage_cleanup /usr/lib/python3/dist-packages/heat/engine/service.py:2391
2024-08-22 01:54:25.044 66462 DEBUG heat.engine.service [req-272bcdfb-a903-4e5a-aecb-0b110479c828 - - - - -] Service 7ba63983-44cf-4ac2-aaec-61d5f765d9c4 was aborted service_manage_cleanup /usr/lib/python3/dist-packages/heat/engine/service.py:2391
2024-08-22 01:54:25.045 66463 DEBUG heat.engine.service [req-dce6827b-813a-4128-948f-bb3237856d37 - - - - -] Service 7ba63983-44cf-4ac2-aaec-61d5f765d9c4 was aborted service_manage_cleanup /usr/lib/python3/dist-packages/heat/engine/service.py:2391
2024-08-22 01:54:25.046 66464 DEBUG heat.engine.service [req-bda8cc41-c5d5-4626-bec6-dfa4bb27151c - - - - -] Service 7ba63983-44cf-4ac2-aaec-61d5f765d9c4 was aborted service_manage_cleanup /usr/lib/python3/dist-packages/heat/engine/service.py:2391
2024-08-22 01:54:25.058 66461 DEBUG heat.engine.service [req-7d56174b-a930-44f0-9423-cad40a029b53 - - - - -] Service 82b45d0a-ee23-422a-ac62-87735a78ed47 was aborted service_manage_cleanup /usr/lib/python3/dist-packages/heat/engine/service.py:2391
2024-08-22 01:54:25.059 66462 DEBUG heat.engine.service [req-272bcdfb-a903-4e5a-aecb-0b110479c828 - - - - -] Service 82b45d0a-ee23-422a-ac62-87735a78ed47 was aborted service_manage_cleanup /usr/lib/python3/dist-packages/heat/engine/service.py:2391
2024-08-22 01:54:25.060 66463 DEBUG heat.engine.service [req-dce6827b-813a-4128-948f-bb3237856d37 - - - - -] Service 82b45d0a-ee23-422a-ac62-87735a78ed47 was aborted service_manage_cleanup /usr/lib/python3/dist-packages/heat/engine/service.py:2391
2024-08-22 01:54:25.060 66464 DEBUG heat.engine.service [req-bda8cc41-c5d5-4626-bec6-dfa4bb27151c - - - - -] Service 82b45d0a-ee23-422a-ac62-87735a78ed47 was aborted service_manage_cleanup /usr/lib/python3/dist-packages/heat/engine/service.py:2391
2024-08-22 01:54:25.068 66461 DEBUG heat.engine.service [req-7d56174b-a930-44f0-9423-cad40a029b53 - - - - -] Service 9bf3a164-a835-4293-bfb3-84467504e42d was aborted service_manage_cleanup /usr/lib/python3/dist-packages/heat/engine/service.py:2391
2024-08-22 01:54:25.068 66462 DEBUG heat.engine.service [req-272bcdfb-a903-4e5a-aecb-0b110479c828 - - - - -] Service 9bf3a164-a835-4293-bfb3-84467504e42d was aborted service_manage_cleanup /usr/lib/python3/dist-packages/heat/engine/service.py:2391
2024-08-22 01:54:25.069 66463 DEBUG heat.engine.service [req-dce6827b-813a-4128-948f-bb3237856d37 - - - - -] Service 9bf3a164-a835-4293-bfb3-84467504e42d was aborted service_manage_cleanup /usr/lib/python3/dist-packages/heat/engine/service.py:2391
2024-08-22 01:54:25.070 66464 DEBUG heat.engine.service [req-bda8cc41-c5d5-4626-bec6-dfa4bb27151c - - - - -] Service 9bf3a164-a835-4293-bfb3-84467504e42d was aborted service_manage_cleanup /usr/lib/python3/dist-packages/heat/engine/service.py:2391
2024-08-22 01:54:25.078 66461 DEBUG heat.engine.service [req-7d56174b-a930-44f0-9423-cad40a029b53 - - - - -] Service c25153ef-471d-47ff-93f9-8314ac9250f5 was aborted service_manage_cleanup /usr/lib/python3/dist-packages/heat/engine/service.py:2391
2024-08-22 01:54:25.078 66462 DEBUG heat.engine.service [req-272bcdfb-a903-4e5a-aecb-0b110479c828 - - - - -] Service c25153ef-471d-47ff-93f9-8314ac9250f5 was aborted service_manage_cleanup /usr/lib/python3/dist-packages/heat/engine/service.py:2391
2024-08-22 01:54:25.079 66464 DEBUG heat.engine.service [req-bda8cc41-c5d5-4626-bec6-dfa4bb27151c - - - - -] Service c25153ef-471d-47ff-93f9-8314ac9250f5 was aborted service_manage_cleanup /usr/lib/python3/dist-packages/heat/engine/service.py:2391
2024-08-22 01:54:25.079 66463 DEBUG heat.engine.service [req-dce6827b-813a-4128-948f-bb3237856d37 - - - - -] Service c25153ef-471d-47ff-93f9-8314ac9250f5 was aborted service_manage_cleanup /usr/lib/python3/dist-packages/heat/engine/service.py:2391
2024-08-22 01:54:25.088 66461 DEBUG heat.engine.service [req-7d56174b-a930-44f0-9423-cad40a029b53 - - - - -] Service cdb075de-b3ea-43e3-836c-4a3e87faebd8 was aborted service_manage_cleanup /usr/lib/python3/dist-packages/heat/engine/service.py:2391
2024-08-22 01:54:25.089 66462 DEBUG heat.engine.service [req-272bcdfb-a903-4e5a-aecb-0b110479c828 - - - - -] Service cdb075de-b3ea-43e3-836c-4a3e87faebd8 was aborted service_manage_cleanup /usr/lib/python3/dist-packages/heat/engine/service.py:2391
2024-08-22 01:54:25.090 66464 DEBUG heat.engine.service [req-bda8cc41-c5d5-4626-bec6-dfa4bb27151c - - - - -] Service cdb075de-b3ea-43e3-836c-4a3e87faebd8 was aborted service_manage_cleanup /usr/lib/python3/dist-packages/heat/engine/service.py:2391
2024-08-22 01:54:25.091 66463 DEBUG heat.engine.service [req-dce6827b-813a-4128-948f-bb3237856d37 - - - - -] Service cdb075de-b3ea-43e3-836c-4a3e87faebd8 was aborted service_manage_cleanup /usr/lib/python3/dist-packages/heat/engine/service.py:2391
2024-08-22 01:54:25.120 66462 DEBUG heat.engine.service [req-a74feebd-8ec9-44fd-8f99-19f91051a2a2 - - - - -] Service 5e5d043d-ccc7-4f32-a82e-2b68a0c71fce is started service_manage_report /usr/lib/python3/dist-packages/heat/engine/service.py:2363
2024-08-22 01:54:25.120 66461 DEBUG heat.engine.service [req-5e8a0345-f5aa-445c-b24b-bdb4db0709bd - - - - -] Service 06096a7a-5cd5-4dbf-a120-62cdf479d45b is started service_manage_report /usr/lib/python3/dist-packages/heat/engine/service.py:2363
2024-08-22 01:54:25.124 66463 DEBUG heat.engine.service [req-738cf33b-5976-4815-882a-b5cc4a7b90f4 - - - - -] Service 905a9a11-1b0f-4ccc-b53e-7e73f3166ffa is started service_manage_report /usr/lib/python3/dist-packages/heat/engine/service.py:2363
2024-08-22 01:54:25.125 66464 DEBUG heat.engine.service [req-f5e7eb54-86e1-4bcf-82ac-3eb9e76cd694 - - - - -] Service 3c933f76-c0c9-4f35-99fd-48f1dd0e5c31 is started service_manage_report /usr/lib/python3/dist-packages/heat/engine/service.py:2363
2024-08-22 01:54:25.131 66462 DEBUG heat.engine.service [req-a74feebd-8ec9-44fd-8f99-19f91051a2a2 - - - - -] Service 5e5d043d-ccc7-4f32-a82e-2b68a0c71fce is updated service_manage_report /usr/lib/python3/dist-packages/heat/engine/service.py:2370
2024-08-22 01:54:25.135 66461 DEBUG heat.engine.service [req-5e8a0345-f5aa-445c-b24b-bdb4db0709bd - - - - -] Service 06096a7a-5cd5-4dbf-a120-62cdf479d45b is updated service_manage_report /usr/lib/python3/dist-packages/heat/engine/service.py:2370
2024-08-22 01:54:25.139 66463 DEBUG heat.engine.service [req-738cf33b-5976-4815-882a-b5cc4a7b90f4 - - - - -] Service 905a9a11-1b0f-4ccc-b53e-7e73f3166ffa is updated service_manage_report /usr/lib/python3/dist-packages/heat/engine/service.py:2370
2024-08-22 01:54:25.142 66464 DEBUG heat.engine.service [req-f5e7eb54-86e1-4bcf-82ac-3eb9e76cd694 - - - - -] Service 3c933f76-c0c9-4f35-99fd-48f1dd0e5c31 is updated service_manage_report /usr/lib/python3/dist-packages/heat/engine/service.py:2370
2024-08-22 01:55:25.110 66461 DEBUG heat.engine.service [req-f74ff4e1-6897-4c7e-a758-ae15f765f0e9 - - - - -] Service 06096a7a-5cd5-4dbf-a120-62cdf479d45b is updated service_manage_report /usr/lib/python3/dist-packages/heat/engine/service.py:2370
2024-08-22 01:55:25.115 66463 DEBUG heat.engine.service [req-d94a57e2-3bda-4fec-b181-f20df9b8a4ed - - - - -] Service 905a9a11-1b0f-4ccc-b53e-7e73f3166ffa is updated service_manage_report /usr/lib/python3/dist-packages/heat/engine/service.py:2370
2024-08-22 01:55:25.117 66462 DEBUG heat.engine.service [req-b4343718-1ac7-4bc4-9ce9-50a0306e60ea - - - - -] Service 5e5d043d-ccc7-4f32-a82e-2b68a0c71fce is updated service_manage_report /usr/lib/python3/dist-packages/heat/engine/service.py:2370
2024-08-22 01:55:25.135 66464 DEBUG heat.engine.service [req-ba4c18de-a17d-49cd-926a-570a8f7a7beb - - - - -] Service 3c933f76-c0c9-4f35-99fd-48f1dd0e5c31 is updated service_manage_report /usr/lib/python3/dist-packages/heat/engine/service.py:2370
2024-08-22 01:55:29.387 66463 DEBUG heat.engine.service [-] Attempting to stop engine service... _stop_rpc_server /usr/lib/python3/dist-packages/heat/engine/service.py:437
2024-08-22 01:55:29.387 66462 DEBUG heat.engine.service [-] Attempting to stop engine service... _stop_rpc_server /usr/lib/python3/dist-packages/heat/engine/service.py:437
2024-08-22 01:55:29.388 66464 DEBUG heat.engine.service [-] Attempting to stop engine service... _stop_rpc_server /usr/lib/python3/dist-packages/heat/engine/service.py:437
2024-08-22 01:55:29.390 66461 DEBUG heat.engine.service [-] Attempting to stop engine service... _stop_rpc_server /usr/lib/python3/dist-packages/heat/engine/service.py:437
2024-08-22 01:55:29.390 66235 INFO oslo_service.service [-] Caught SIGTERM, stopping children
2024-08-22 01:55:29.391 66235 DEBUG oslo_concurrency.lockutils [-] Acquired lock "singleton_lock" lock /usr/lib/python3/dist-packages/oslo_concurrency/lockutils.py:294
2024-08-22 01:55:29.391 66235 DEBUG oslo_concurrency.lockutils [-] Releasing lock "singleton_lock" lock /usr/lib/python3/dist-packages/oslo_concurrency/lockutils.py:312
2024-08-22 01:55:29.391 66235 DEBUG oslo_service.service [-] Stop services. stop /usr/lib/python3/dist-packages/oslo_service/service.py:695
2024-08-22 01:55:29.391 66235 INFO heat.engine.service [-] All threads were gone, terminating engine
2024-08-22 01:55:29.391 66235 DEBUG oslo_service.service [-] Killing children. stop /usr/lib/python3/dist-packages/oslo_service/service.py:700
2024-08-22 01:55:29.392 66235 INFO oslo_service.service [-] Waiting on 4 children to exit
2024-08-22 01:55:29.404 66235 INFO oslo_service.service [-] Child 66461 killed by signal 15
2024-08-22 01:55:29.404 66235 INFO oslo_service.service [-] Child 66464 killed by signal 15
2024-08-22 01:55:29.405 66235 INFO oslo_service.service [-] Child 66462 killed by signal 15
2024-08-22 01:55:29.410 66235 INFO oslo_service.service [-] Child 66463 killed by signal 15
2024-08-22 01:55:31.010 67714 DEBUG oslo_concurrency.lockutils [-] Lock "context-manager" acquired by "neutron_lib.db.api._create_context_manager" :: waited 0.000s inner /usr/lib/python3/dist-packages/oslo_concurrency/lockutils.py:386
2024-08-22 01:55:31.011 67714 DEBUG oslo_concurrency.lockutils [-] Lock "context-manager" "released" by "neutron_lib.db.api._create_context_manager" :: held 0.000s inner /usr/lib/python3/dist-packages/oslo_concurrency/lockutils.py:400
2024-08-22 01:55:33.291 67714 WARNING heat.engine.environment [-] OS::Aodh::Alarm is DEPRECATED. Theshold alarm relies on ceilometer-api and has been deprecated in aodh since Ocata. Use OS::Aodh::GnocchiAggregationByResourcesAlarm instead.
2024-08-22 01:55:33.292 67714 WARNING heat.engine.environment [-] OS::Aodh::CombinationAlarm is HIDDEN. OS::Aodh::CombinationAlarm is deprecated and has been removed from Aodh, use OS::Aodh::CompositeAlarm instead.
2024-08-22 01:55:33.292 67714 WARNING heat.engine.environment [-] OS::Designate::Domain is HIDDEN. This resource has been removed, use OS::Designate::Zone instead.
2024-08-22 01:55:33.292 67714 WARNING heat.engine.environment [-] OS::Designate::Record is HIDDEN. This resource has been removed, use OS::Designate::RecordSet instead.
2024-08-22 01:55:33.292 67714 WARNING heat.engine.environment [-] OS::Glance::Image is DEPRECATED. Creating a Glance Image based on an existing URL location requires the Glance v1 API, which is deprecated.
2024-08-22 01:55:33.292 67714 WARNING heat.engine.environment [-] OS::Heat::HARestarter is HIDDEN. The HARestarter resource type has been removed. Existing stacks containing HARestarter resources can still be used, but the HARestarter resource will be a placeholder that does nothing.
2024-08-22 01:55:33.292 67714 WARNING heat.engine.environment [-] OS::Heat::SoftwareDeployments is HIDDEN. Please use OS::Heat::SoftwareDeploymentGroup instead.
2024-08-22 01:55:33.293 67714 WARNING heat.engine.environment [-] OS::Heat::StructuredDeployments is HIDDEN. Please use OS::Heat::StructuredDeploymentGroup instead.
2024-08-22 01:55:33.293 67714 WARNING heat.engine.environment [-] OS::Magnum::Bay is HIDDEN. Please use OS::Magnum::Cluster instead.
2024-08-22 01:55:33.293 67714 WARNING heat.engine.environment [-] OS::Magnum::BayModel is HIDDEN. Please use OS::Magnum::ClusterTemplate instead.
2024-08-22 01:55:33.293 67714 WARNING heat.engine.environment [-] OS::Neutron::ExtraRoute is UNSUPPORTED. Use this resource at your own risk.
2024-08-22 01:55:33.293 67714 WARNING heat.engine.environment [-] OS::Neutron::HealthMonitor is HIDDEN. Use LBaaS V2 instead.
2024-08-22 01:55:33.293 67714 WARNING heat.engine.environment [-] OS::Neutron::Pool is HIDDEN. Use LBaaS V2 instead.
2024-08-22 01:55:33.294 67714 WARNING heat.engine.environment [-] OS::Neutron::PoolMember is HIDDEN. Use LBaaS V2 instead.
2024-08-22 01:55:33.294 67714 WARNING heat.engine.environment [-] OS::Neutron::LoadBalancer is HIDDEN. Use LBaaS V2 instead.
2024-08-22 01:55:33.294 67714 WARNING heat.engine.environment [-] OS::Neutron::RouterGateway is HIDDEN. Use the `external_gateway_info` property in the router resource to set up the gateway.
2024-08-22 01:55:33.294 67714 WARNING heat.engine.environment [-] OS::Nova::FloatingIP is HIDDEN. Please use OS::Neutron::FloatingIP instead.
2024-08-22 01:55:33.294 67714 WARNING heat.engine.environment [-] OS::Nova::FloatingIPAssociation is HIDDEN. Please use OS::Neutron::FloatingIPAssociation instead.
2024-08-22 01:55:33.296 67714 INFO heat.engine.environment [-] Loading /etc/heat/environment.d/default.yaml
2024-08-22 01:55:33.297 67714 INFO heat.engine.environment [-] Registered: [Plugin](User:False) AWS::AutoScaling::AutoScalingGroup ->
2024-08-22 01:55:33.297 67714 INFO heat.engine.environment [-] Registered: [Plugin](User:False) AWS::AutoScaling::LaunchConfiguration ->
2024-08-22 01:55:33.297 67714 INFO heat.engine.environment [-] Registered: [Plugin](User:False) AWS::AutoScaling::ScalingPolicy ->
2024-08-22 01:55:33.298 67714 INFO heat.engine.environment [-] Registered: [Plugin](User:False) AWS::CloudFormation::Stack ->
2024-08-22 01:55:33.298 67714 INFO heat.engine.environment [-] Registered: [Plugin](User:False) AWS::CloudFormation::WaitCondition ->
2024-08-22 01:55:33.298 67714 INFO heat.engine.environment [-] Registered: [Plugin](User:False) AWS::CloudFormation::WaitConditionHandle ->
2024-08-22 01:55:33.298 67714 INFO heat.engine.environment [-] Registered: [Plugin](User:False) AWS::EC2::EIP ->
2024-08-22 01:55:33.298 67714 INFO heat.engine.environment [-] Registered: [Plugin](User:False) AWS::EC2::EIPAssociation ->
2024-08-22 01:55:33.298 67714 INFO heat.engine.environment [-] Registered: [Plugin](User:False) AWS::EC2::Instance ->
2024-08-22 01:55:33.298 67714 INFO heat.engine.environment [-] Registered: [Plugin](User:False) AWS::EC2::InternetGateway ->
2024-08-22 01:55:33.298 67714 INFO heat.engine.environment [-] Registered: [Plugin](User:False) AWS::EC2::VPCGatewayAttachment ->
2024-08-22 01:55:33.298 67714 INFO heat.engine.environment [-] Registered: [Plugin](User:False) AWS::EC2::NetworkInterface ->
2024-08-22 01:55:33.298 67714 INFO heat.engine.environment [-] Registered: [Plugin](User:False) AWS::EC2::RouteTable ->
2024-08-22 01:55:33.298 67714 INFO heat.engine.environment [-] Registered: [Plugin](User:False) AWS::EC2::SubnetRouteTableAssociation ->
2024-08-22 01:55:33.298 67714 INFO heat.engine.environment [-] Registered: [Plugin](User:False) AWS::EC2::SecurityGroup ->
2024-08-22 01:55:33.299 67714 INFO heat.engine.environment [-] Registered: [Plugin](User:False) AWS::EC2::Subnet ->
2024-08-22 01:55:33.299 67714 INFO heat.engine.environment [-] Registered: [Plugin](User:False) AWS::EC2::Volume ->
2024-08-22 01:55:33.299 67714 INFO heat.engine.environment [-] Registered: [Plugin](User:False) AWS::EC2::VolumeAttachment ->
2024-08-22 01:55:33.299 67714 INFO heat.engine.environment [-] Registered: [Plugin](User:False) AWS::EC2::VPC ->
2024-08-22 01:55:33.299 67714 INFO heat.engine.environment [-] Registered: [Plugin](User:False) AWS::IAM::User ->
2024-08-22 01:55:33.299 67714 INFO heat.engine.environment [-] Registered: [Plugin](User:False) AWS::IAM::AccessKey ->
2024-08-22 01:55:33.299 67714 INFO heat.engine.environment [-] Registered: [Plugin](User:False) AWS::ElasticLoadBalancing::LoadBalancer ->
2024-08-22 01:55:33.299 67714 INFO heat.engine.environment [-] Registered: [Plugin](User:False) AWS::S3::Bucket ->
2024-08-22 01:55:33.299 67714 INFO heat.engine.environment [-] Registered: [Plugin](User:False) OS::Aodh::Alarm ->
2024-08-22 01:55:33.299 67714 INFO heat.engine.environment [-] Registered: [Plugin](User:False) OS::Aodh::CombinationAlarm ->
2024-08-22 01:55:33.300 67714 INFO heat.engine.environment [-] Registered: [Plugin](User:False) OS::Aodh::EventAlarm ->
2024-08-22 01:55:33.300 67714 INFO heat.engine.environment [-] Registered: [Plugin](User:False) OS::Aodh::LBMemberHealthAlarm ->
2024-08-22 01:55:33.300 67714 INFO heat.engine.environment [-] Registered: [Plugin](User:False) OS::Aodh::CompositeAlarm ->
2024-08-22 01:55:33.300 67714 INFO heat.engine.environment [-] Registered: [Plugin](User:False) OS::Aodh::GnocchiResourcesAlarm ->
2024-08-22 01:55:33.300 67714 INFO heat.engine.environment [-] Registered: [Plugin](User:False) OS::Aodh::GnocchiAggregationByMetricsAlarm ->
2024-08-22 01:55:33.300 67714 INFO heat.engine.environment [-] Registered: [Plugin](User:False) OS::Aodh::GnocchiAggregationByResourcesAlarm ->
2024-08-22 01:55:33.300 67714 INFO heat.engine.environment [-] Registered: [Plugin](User:False) OS::Barbican::GenericContainer ->
2024-08-22 01:55:33.300 67714 INFO heat.engine.environment [-] Registered: [Plugin](User:False) OS::Barbican::CertificateContainer ->
