2024-08-22 01:15:17.245 37419 DEBUG heat.engine.service [req-074afec2-5e3d-4dea-80d1-c5af99b15018 - - - - -] Service 3fd99f41-9b37-4a07-9b3d-bd87357644db is updated service_manage_report /usr/lib/python3/dist-packages/heat/engine/service.py:2370
2024-08-22 01:15:17.287 37420 DEBUG heat.engine.service [req-8eed5d1a-ea1c-4f15-8d53-963c0a8044c2 - - - - -] Service 64ce0e1e-4ded-48af-9256-79585408244f is updated service_manage_report /usr/lib/python3/dist-packages/heat/engine/service.py:2370
2024-08-22 01:15:17.317 37421 DEBUG heat.engine.service [req-7726c39a-6eb1-4540-b4e2-eac1ef378ff0 - - - - -] Service cdb075de-b3ea-43e3-836c-4a3e87faebd8 is updated service_manage_report /usr/lib/python3/dist-packages/heat/engine/service.py:2370
2024-08-22 01:15:17.318 37418 DEBUG heat.engine.service [req-ed4763c4-66b8-4d25-8e06-1c3080f8c41a - - - - -] Service c25153ef-471d-47ff-93f9-8314ac9250f5 is updated service_manage_report /usr/lib/python3/dist-packages/heat/engine/service.py:2370
2024-08-22 01:16:17.247 37419 DEBUG heat.engine.service [req-042e2da5-edd3-4e3d-b5c6-85a230cf90ee - - - - -] Service 3fd99f41-9b37-4a07-9b3d-bd87357644db is updated service_manage_report /usr/lib/python3/dist-packages/heat/engine/service.py:2370
2024-08-22 01:16:17.289 37420 DEBUG heat.engine.service [req-092101e9-c660-43ba-b05d-31241d5bc79c - - - - -] Service 64ce0e1e-4ded-48af-9256-79585408244f is updated service_manage_report /usr/lib/python3/dist-packages/heat/engine/service.py:2370
2024-08-22 01:16:17.321 37421 DEBUG heat.engine.service [req-fb9f9d70-b807-4069-bb8f-71f11818165c - - - - -] Service cdb075de-b3ea-43e3-836c-4a3e87faebd8 is updated service_manage_report /usr/lib/python3/dist-packages/heat/engine/service.py:2370
2024-08-22 01:16:17.322 37418 DEBUG heat.engine.service [req-ed217013-e123-466d-9ed4-4e92d9f8c9bf - - - - -] Service c25153ef-471d-47ff-93f9-8314ac9250f5 is updated service_manage_report /usr/lib/python3/dist-packages/heat/engine/service.py:2370
2024-08-22 01:17:17.479 37419 DEBUG heat.engine.service [req-831bb9dc-c051-483b-a994-ccaec176d377 - - - - -] Service 3fd99f41-9b37-4a07-9b3d-bd87357644db is updated service_manage_report /usr/lib/python3/dist-packages/heat/engine/service.py:2370
2024-08-22 01:17:17.482 37420 DEBUG heat.engine.service [req-cf684108-bfbf-4135-8b38-31d66be9eb91 - - - - -] Service 64ce0e1e-4ded-48af-9256-79585408244f is updated service_manage_report /usr/lib/python3/dist-packages/heat/engine/service.py:2370
2024-08-22 01:17:17.482 37421 DEBUG heat.engine.service [req-f5edd1da-f30b-4424-a071-7fd7177924f1 - - - - -] Service cdb075de-b3ea-43e3-836c-4a3e87faebd8 is updated service_manage_report /usr/lib/python3/dist-packages/heat/engine/service.py:2370
2024-08-22 01:17:17.482 37418 DEBUG heat.engine.service [req-77d8bbb1-fd45-4371-87e4-51cfd6be8538 - - - - -] Service c25153ef-471d-47ff-93f9-8314ac9250f5 is updated service_manage_report /usr/lib/python3/dist-packages/heat/engine/service.py:2370
2024-08-22 01:18:17.252 37419 DEBUG heat.engine.service [req-d54e815f-3410-4e46-a61a-9886e872027f - - - - -] Service 3fd99f41-9b37-4a07-9b3d-bd87357644db is updated service_manage_report /usr/lib/python3/dist-packages/heat/engine/service.py:2370
2024-08-22 01:18:17.296 37420 DEBUG heat.engine.service [req-2f82e8a0-7bc2-4760-8eff-da20eee766e9 - - - - -] Service 64ce0e1e-4ded-48af-9256-79585408244f is updated service_manage_report /usr/lib/python3/dist-packages/heat/engine/service.py:2370
2024-08-22 01:18:17.326 37421 DEBUG heat.engine.service [req-6c6b82e5-c2f9-41a6-ac62-aa1c4cace527 - - - - -] Service cdb075de-b3ea-43e3-836c-4a3e87faebd8 is updated service_manage_report /usr/lib/python3/dist-packages/heat/engine/service.py:2370
2024-08-22 01:18:17.329 37418 DEBUG heat.engine.service [req-fad36bbe-5628-488b-8218-e716f94277c5 - - - - -] Service c25153ef-471d-47ff-93f9-8314ac9250f5 is updated service_manage_report /usr/lib/python3/dist-packages/heat/engine/service.py:2370
2024-08-22 01:19:17.619 37419 DEBUG heat.engine.service [req-84755f55-b3e7-4ffa-aabd-a4f1989490bd - - - - -] Service 3fd99f41-9b37-4a07-9b3d-bd87357644db is updated service_manage_report /usr/lib/python3/dist-packages/heat/engine/service.py:2370
2024-08-22 01:19:17.626 37420 DEBUG heat.engine.service [req-afdc9990-415e-4995-a16e-e9e63ded337a - - - - -] Service 64ce0e1e-4ded-48af-9256-79585408244f is updated service_manage_report /usr/lib/python3/dist-packages/heat/engine/service.py:2370
2024-08-22 01:19:17.629 37421 DEBUG heat.engine.service [req-daccedb5-a73b-4c6f-ac13-5ace731fea1f - - - - -] Service cdb075de-b3ea-43e3-836c-4a3e87faebd8 is updated service_manage_report /usr/lib/python3/dist-packages/heat/engine/service.py:2370
2024-08-22 01:19:17.629 37418 DEBUG heat.engine.service [req-e124e368-4746-47d5-b9a6-0c26f3914a69 - - - - -] Service c25153ef-471d-47ff-93f9-8314ac9250f5 is updated service_manage_report /usr/lib/python3/dist-packages/heat/engine/service.py:2370
2024-08-22 01:20:17.254 37419 DEBUG heat.engine.service [req-481f168a-9dee-4b46-8273-4cbb99c5f4ee - - - - -] Service 3fd99f41-9b37-4a07-9b3d-bd87357644db is updated service_manage_report /usr/lib/python3/dist-packages/heat/engine/service.py:2370
2024-08-22 01:20:17.300 37420 DEBUG heat.engine.service [req-9d13925c-b1e2-4ab6-9024-5afc1cb02e03 - - - - -] Service 64ce0e1e-4ded-48af-9256-79585408244f is updated service_manage_report /usr/lib/python3/dist-packages/heat/engine/service.py:2370
2024-08-22 01:20:17.322 37418 DEBUG heat.engine.service [req-5416f9ba-d949-4725-a412-6e80f4b44f59 - - - - -] Service c25153ef-471d-47ff-93f9-8314ac9250f5 is updated service_manage_report /usr/lib/python3/dist-packages/heat/engine/service.py:2370
2024-08-22 01:20:17.330 37421 DEBUG heat.engine.service [req-b57ff82f-dbb0-4c1c-b056-3e0217cd265e - - - - -] Service cdb075de-b3ea-43e3-836c-4a3e87faebd8 is updated service_manage_report /usr/lib/python3/dist-packages/heat/engine/service.py:2370
2024-08-22 01:21:17.571 37419 DEBUG heat.engine.service [req-12b6351e-75d2-4306-97eb-d6ccdbcb9ee9 - - - - -] Service 3fd99f41-9b37-4a07-9b3d-bd87357644db is updated service_manage_report /usr/lib/python3/dist-packages/heat/engine/service.py:2370
2024-08-22 01:21:17.577 37418 DEBUG heat.engine.service [req-8fd59a16-c17f-4fb8-8b6c-51ff31588daf - - - - -] Service c25153ef-471d-47ff-93f9-8314ac9250f5 is updated service_manage_report /usr/lib/python3/dist-packages/heat/engine/service.py:2370
2024-08-22 01:21:17.578 37420 DEBUG heat.engine.service [req-aeeafde1-1d74-4dde-9afc-3d8445433cc4 - - - - -] Service 64ce0e1e-4ded-48af-9256-79585408244f is updated service_manage_report /usr/lib/python3/dist-packages/heat/engine/service.py:2370
2024-08-22 01:21:17.578 37421 DEBUG heat.engine.service [req-e8516556-0758-49e2-85bf-a7e0d104e01e - - - - -] Service cdb075de-b3ea-43e3-836c-4a3e87faebd8 is updated service_manage_report /usr/lib/python3/dist-packages/heat/engine/service.py:2370
2024-08-22 01:22:17.255 37419 DEBUG heat.engine.service [req-efa508b0-36fa-49b6-8bb1-88610c567a16 - - - - -] Service 3fd99f41-9b37-4a07-9b3d-bd87357644db is updated service_manage_report /usr/lib/python3/dist-packages/heat/engine/service.py:2370
2024-08-22 01:22:17.302 37420 DEBUG heat.engine.service [req-a8dcafe7-ced7-4e16-8b9a-3b0f93bcea68 - - - - -] Service 64ce0e1e-4ded-48af-9256-79585408244f is updated service_manage_report /usr/lib/python3/dist-packages/heat/engine/service.py:2370
2024-08-22 01:22:17.331 37418 DEBUG heat.engine.service [req-9e941bb0-95dc-4593-a63e-eba5cf52086e - - - - -] Service c25153ef-471d-47ff-93f9-8314ac9250f5 is updated service_manage_report /usr/lib/python3/dist-packages/heat/engine/service.py:2370
2024-08-22 01:22:17.333 37421 DEBUG heat.engine.service [req-3287901a-619f-4c78-9c74-1b601418b6d3 - - - - -] Service cdb075de-b3ea-43e3-836c-4a3e87faebd8 is updated service_manage_report /usr/lib/python3/dist-packages/heat/engine/service.py:2370
2024-08-22 01:23:17.257 37419 DEBUG heat.engine.service [req-8e1b358f-fad7-4381-a709-e830853ff194 - - - - -] Service 3fd99f41-9b37-4a07-9b3d-bd87357644db is updated service_manage_report /usr/lib/python3/dist-packages/heat/engine/service.py:2370
2024-08-22 01:23:17.304 37420 DEBUG heat.engine.service [req-a8359d4f-4ccb-4c78-a63b-0cea3a3579fa - - - - -] Service 64ce0e1e-4ded-48af-9256-79585408244f is updated service_manage_report /usr/lib/python3/dist-packages/heat/engine/service.py:2370
2024-08-22 01:23:17.332 37418 DEBUG heat.engine.service [req-c7a05a58-f742-4f83-bbc7-28c35ca01d50 - - - - -] Service c25153ef-471d-47ff-93f9-8314ac9250f5 is updated service_manage_report /usr/lib/python3/dist-packages/heat/engine/service.py:2370
2024-08-22 01:23:17.334 37421 DEBUG heat.engine.service [req-a322474e-adaf-4c89-a97d-fd13685d731a - - - - -] Service cdb075de-b3ea-43e3-836c-4a3e87faebd8 is updated service_manage_report /usr/lib/python3/dist-packages/heat/engine/service.py:2370
2024-08-22 01:24:17.261 37419 DEBUG heat.engine.service [req-6ba1e206-87f1-489c-a0e3-e790501e8270 - - - - -] Service 3fd99f41-9b37-4a07-9b3d-bd87357644db is updated service_manage_report /usr/lib/python3/dist-packages/heat/engine/service.py:2370
2024-08-22 01:24:17.307 37420 DEBUG heat.engine.service [req-5ad3922e-4cfb-4a51-a6de-e521cdaae4a0 - - - - -] Service 64ce0e1e-4ded-48af-9256-79585408244f is updated service_manage_report /usr/lib/python3/dist-packages/heat/engine/service.py:2370
2024-08-22 01:24:17.336 37418 DEBUG heat.engine.service [req-71da487c-5027-4ffc-8825-e23e3c722072 - - - - -] Service c25153ef-471d-47ff-93f9-8314ac9250f5 is updated service_manage_report /usr/lib/python3/dist-packages/heat/engine/service.py:2370
2024-08-22 01:24:17.341 37421 DEBUG heat.engine.service [req-cb4e8408-e533-4a7e-b51e-bf4f775b783f - - - - -] Service cdb075de-b3ea-43e3-836c-4a3e87faebd8 is updated service_manage_report /usr/lib/python3/dist-packages/heat/engine/service.py:2370
2024-08-22 01:25:17.266 37419 DEBUG heat.engine.service [req-4715ee1a-a184-4c04-bd06-582c5b77c7ae - - - - -] Service 3fd99f41-9b37-4a07-9b3d-bd87357644db is updated service_manage_report /usr/lib/python3/dist-packages/heat/engine/service.py:2370
2024-08-22 01:25:17.309 37420 DEBUG heat.engine.service [req-fcf135dd-10bd-41bc-9597-b5718285ff3b - - - - -] Service 64ce0e1e-4ded-48af-9256-79585408244f is updated service_manage_report /usr/lib/python3/dist-packages/heat/engine/service.py:2370
2024-08-22 01:25:17.333 37421 DEBUG heat.engine.service [req-263a1191-2001-4f45-aac9-6d03f15b8966 - - - - -] Service cdb075de-b3ea-43e3-836c-4a3e87faebd8 is updated service_manage_report /usr/lib/python3/dist-packages/heat/engine/service.py:2370
2024-08-22 01:25:17.337 37418 DEBUG heat.engine.service [req-d814284e-7682-4548-9452-29c91d58ae3f - - - - -] Service c25153ef-471d-47ff-93f9-8314ac9250f5 is updated service_manage_report /usr/lib/python3/dist-packages/heat/engine/service.py:2370
2024-08-22 01:26:17.271 37419 DEBUG heat.engine.service [req-00ceafea-18b4-4f88-98da-bcb11ea8f532 - - - - -] Service 3fd99f41-9b37-4a07-9b3d-bd87357644db is updated service_manage_report /usr/lib/python3/dist-packages/heat/engine/service.py:2370
2024-08-22 01:26:17.311 37420 DEBUG heat.engine.service [req-9fd7a8ad-659d-4524-ae47-09b8e69ff1f6 - - - - -] Service 64ce0e1e-4ded-48af-9256-79585408244f is updated service_manage_report /usr/lib/python3/dist-packages/heat/engine/service.py:2370
2024-08-22 01:26:17.340 37421 DEBUG heat.engine.service [req-d365200e-f3ca-43ee-8641-12fd79b4013a - - - - -] Service cdb075de-b3ea-43e3-836c-4a3e87faebd8 is updated service_manage_report /usr/lib/python3/dist-packages/heat/engine/service.py:2370
2024-08-22 01:26:17.342 37418 DEBUG heat.engine.service [req-fd916af6-f714-44b4-91c4-828e79f2ebbd - - - - -] Service c25153ef-471d-47ff-93f9-8314ac9250f5 is updated service_manage_report /usr/lib/python3/dist-packages/heat/engine/service.py:2370
2024-08-22 01:27:17.274 37419 DEBUG heat.engine.service [req-8802cfeb-40d2-4ea6-b2ff-5d0125e7f7d4 - - - - -] Service 3fd99f41-9b37-4a07-9b3d-bd87357644db is updated service_manage_report /usr/lib/python3/dist-packages/heat/engine/service.py:2370
2024-08-22 01:27:17.315 37420 DEBUG heat.engine.service [req-3499920a-beba-4140-9dc2-ddd6e8ba40df - - - - -] Service 64ce0e1e-4ded-48af-9256-79585408244f is updated service_manage_report /usr/lib/python3/dist-packages/heat/engine/service.py:2370
2024-08-22 01:27:17.332 37421 DEBUG heat.engine.service [req-f1ba8f06-2e9e-4532-bc85-5d450f53953f - - - - -] Service cdb075de-b3ea-43e3-836c-4a3e87faebd8 is updated service_manage_report /usr/lib/python3/dist-packages/heat/engine/service.py:2370
2024-08-22 01:27:17.348 37418 DEBUG heat.engine.service [req-1e951c97-a13e-419b-90a4-a26120cf3d4e - - - - -] Service c25153ef-471d-47ff-93f9-8314ac9250f5 is updated service_manage_report /usr/lib/python3/dist-packages/heat/engine/service.py:2370
2024-08-22 01:28:17.910 37419 DEBUG heat.engine.service [req-b0cd47b8-7049-4de5-95ed-6bd20675e448 - - - - -] Service 3fd99f41-9b37-4a07-9b3d-bd87357644db is updated service_manage_report /usr/lib/python3/dist-packages/heat/engine/service.py:2370
2024-08-22 01:28:17.934 37420 DEBUG heat.engine.service [req-4b1e30d2-70cf-4563-ae4a-c697cf8c4fb3 - - - - -] Service 64ce0e1e-4ded-48af-9256-79585408244f is updated service_manage_report /usr/lib/python3/dist-packages/heat/engine/service.py:2370
2024-08-22 01:28:17.934 37418 DEBUG heat.engine.service [req-c986633c-83e5-4517-93b6-5cb4b80b2617 - - - - -] Service c25153ef-471d-47ff-93f9-8314ac9250f5 is updated service_manage_report /usr/lib/python3/dist-packages/heat/engine/service.py:2370
2024-08-22 01:28:17.934 37421 DEBUG heat.engine.service [req-6e86eefb-b569-40f2-8cda-0e7c4a405ac3 - - - - -] Service cdb075de-b3ea-43e3-836c-4a3e87faebd8 is updated service_manage_report /usr/lib/python3/dist-packages/heat/engine/service.py:2370
2024-08-22 01:29:17.272 37419 DEBUG heat.engine.service [req-0d0201fe-1715-45db-8950-0bfd26e05dc8 - - - - -] Service 3fd99f41-9b37-4a07-9b3d-bd87357644db is updated service_manage_report /usr/lib/python3/dist-packages/heat/engine/service.py:2370
2024-08-22 01:29:17.320 37420 DEBUG heat.engine.service [req-52ee2ea4-9c0c-4ecc-b2cd-2d252813f824 - - - - -] Service 64ce0e1e-4ded-48af-9256-79585408244f is updated service_manage_report /usr/lib/python3/dist-packages/heat/engine/service.py:2370
2024-08-22 01:29:17.336 37421 DEBUG heat.engine.service [req-e92252b5-5d9b-4f45-bf2a-eec829e8e126 - - - - -] Service cdb075de-b3ea-43e3-836c-4a3e87faebd8 is updated service_manage_report /usr/lib/python3/dist-packages/heat/engine/service.py:2370
2024-08-22 01:29:17.350 37418 DEBUG heat.engine.service [req-f86c0760-05a5-47cc-b629-4d04644ca9e0 - - - - -] Service c25153ef-471d-47ff-93f9-8314ac9250f5 is updated service_manage_report /usr/lib/python3/dist-packages/heat/engine/service.py:2370
2024-08-22 01:30:17.276 37419 DEBUG heat.engine.service [req-21c9ba03-7122-48ce-9a9f-548782b69096 - - - - -] Service 3fd99f41-9b37-4a07-9b3d-bd87357644db is updated service_manage_report /usr/lib/python3/dist-packages/heat/engine/service.py:2370
2024-08-22 01:30:17.312 37420 DEBUG heat.engine.service [req-cfdde15b-81a9-4275-a75f-cad871bf6680 - - - - -] Service 64ce0e1e-4ded-48af-9256-79585408244f is updated service_manage_report /usr/lib/python3/dist-packages/heat/engine/service.py:2370
2024-08-22 01:30:17.338 37421 DEBUG heat.engine.service [req-3f7e8729-f5c8-47fb-bad0-5b7eedc34c1e - - - - -] Service cdb075de-b3ea-43e3-836c-4a3e87faebd8 is updated service_manage_report /usr/lib/python3/dist-packages/heat/engine/service.py:2370
2024-08-22 01:30:17.351 37418 DEBUG heat.engine.service [req-460f17dd-2c8c-477c-b6c1-04bd54351c39 - - - - -] Service c25153ef-471d-47ff-93f9-8314ac9250f5 is updated service_manage_report /usr/lib/python3/dist-packages/heat/engine/service.py:2370
2024-08-22 01:31:17.279 37419 DEBUG heat.engine.service [req-be22f9a3-cb40-40d7-bf03-d177e5f0848d - - - - -] Service 3fd99f41-9b37-4a07-9b3d-bd87357644db is updated service_manage_report /usr/lib/python3/dist-packages/heat/engine/service.py:2370
2024-08-22 01:31:17.315 37420 DEBUG heat.engine.service [req-e6f8850b-b69b-4668-803c-c5fadea8061f - - - - -] Service 64ce0e1e-4ded-48af-9256-79585408244f is updated service_manage_report /usr/lib/python3/dist-packages/heat/engine/service.py:2370
2024-08-22 01:31:17.341 37421 DEBUG heat.engine.service [req-a91367d2-9f09-4bf3-9072-1b5adf7eb563 - - - - -] Service cdb075de-b3ea-43e3-836c-4a3e87faebd8 is updated service_manage_report /usr/lib/python3/dist-packages/heat/engine/service.py:2370
2024-08-22 01:31:17.352 37418 DEBUG heat.engine.service [req-f6f1f63f-de40-4cd5-92a5-cbeb5f0f7746 - - - - -] Service c25153ef-471d-47ff-93f9-8314ac9250f5 is updated service_manage_report /usr/lib/python3/dist-packages/heat/engine/service.py:2370
2024-08-22 01:32:17.285 37419 DEBUG heat.engine.service [req-3e82e675-54ec-453c-8ebe-fa1309b10f16 - - - - -] Service 3fd99f41-9b37-4a07-9b3d-bd87357644db is updated service_manage_report /usr/lib/python3/dist-packages/heat/engine/service.py:2370
2024-08-22 01:32:17.318 37420 DEBUG heat.engine.service [req-484c1523-d633-4b8c-a6c2-1247015f7202 - - - - -] Service 64ce0e1e-4ded-48af-9256-79585408244f is updated service_manage_report /usr/lib/python3/dist-packages/heat/engine/service.py:2370
2024-08-22 01:32:17.348 37421 DEBUG heat.engine.service [req-55c57f3e-7294-4f55-8f5d-50803990523a - - - - -] Service cdb075de-b3ea-43e3-836c-4a3e87faebd8 is updated service_manage_report /usr/lib/python3/dist-packages/heat/engine/service.py:2370
2024-08-22 01:32:17.356 37418 DEBUG heat.engine.service [req-10f0809c-801f-4057-a9b8-5f110ccc2071 - - - - -] Service c25153ef-471d-47ff-93f9-8314ac9250f5 is updated service_manage_report /usr/lib/python3/dist-packages/heat/engine/service.py:2370
2024-08-22 01:33:17.280 37419 DEBUG heat.engine.service [req-3700d4fa-65bd-4ed4-bf7e-ad0fc74304f0 - - - - -] Service 3fd99f41-9b37-4a07-9b3d-bd87357644db is updated service_manage_report /usr/lib/python3/dist-packages/heat/engine/service.py:2370
2024-08-22 01:33:17.321 37420 DEBUG heat.engine.service [req-aa607df3-8f5b-4356-816d-d64a5ff32151 - - - - -] Service 64ce0e1e-4ded-48af-9256-79585408244f is updated service_manage_report /usr/lib/python3/dist-packages/heat/engine/service.py:2370
2024-08-22 01:33:17.339 37421 DEBUG heat.engine.service [req-5844ea4b-4680-46fc-b9d2-01670bb720dd - - - - -] Service cdb075de-b3ea-43e3-836c-4a3e87faebd8 is updated service_manage_report /usr/lib/python3/dist-packages/heat/engine/service.py:2370
2024-08-22 01:33:17.359 37418 DEBUG heat.engine.service [req-a13b4ea9-88a1-457e-8d81-ed94a86bb6eb - - - - -] Service c25153ef-471d-47ff-93f9-8314ac9250f5 is updated service_manage_report /usr/lib/python3/dist-packages/heat/engine/service.py:2370
2024-08-22 01:34:17.283 37419 DEBUG heat.engine.service [req-d10b7726-4b6a-45f1-8d50-4c06d4c4daef - - - - -] Service 3fd99f41-9b37-4a07-9b3d-bd87357644db is updated service_manage_report /usr/lib/python3/dist-packages/heat/engine/service.py:2370
2024-08-22 01:34:17.323 37420 DEBUG heat.engine.service [req-1d3bc152-5ced-4ca5-a25c-2a20d89d6b28 - - - - -] Service 64ce0e1e-4ded-48af-9256-79585408244f is updated service_manage_report /usr/lib/python3/dist-packages/heat/engine/service.py:2370
2024-08-22 01:34:17.341 37421 DEBUG heat.engine.service [req-1ff62ef3-4864-4239-85c1-7f7ab1dce68b - - - - -] Service cdb075de-b3ea-43e3-836c-4a3e87faebd8 is updated service_manage_report /usr/lib/python3/dist-packages/heat/engine/service.py:2370
2024-08-22 01:34:17.363 37418 DEBUG heat.engine.service [req-551ffa37-4718-4645-9013-a1b113ceb6ed - - - - -] Service c25153ef-471d-47ff-93f9-8314ac9250f5 is updated service_manage_report /usr/lib/python3/dist-packages/heat/engine/service.py:2370
2024-08-22 01:35:17.288 37419 DEBUG heat.engine.service [req-b98fdebf-b8e0-4050-b4e2-46f0f50b4b1e - - - - -] Service 3fd99f41-9b37-4a07-9b3d-bd87357644db is updated service_manage_report /usr/lib/python3/dist-packages/heat/engine/service.py:2370
2024-08-22 01:35:17.328 37420 DEBUG heat.engine.service [req-2cd8591c-dbd0-41a8-80ce-01a214586ec3 - - - - -] Service 64ce0e1e-4ded-48af-9256-79585408244f is updated service_manage_report /usr/lib/python3/dist-packages/heat/engine/service.py:2370
2024-08-22 01:35:17.343 37421 DEBUG heat.engine.service [req-555983bc-d696-4a01-af2a-c18b861c232c - - - - -] Service cdb075de-b3ea-43e3-836c-4a3e87faebd8 is updated service_manage_report /usr/lib/python3/dist-packages/heat/engine/service.py:2370
2024-08-22 01:35:17.366 37418 DEBUG heat.engine.service [req-7775976f-7094-45a2-a38b-080d4d9c86c9 - - - - -] Service c25153ef-471d-47ff-93f9-8314ac9250f5 is updated service_manage_report /usr/lib/python3/dist-packages/heat/engine/service.py:2370
2024-08-22 01:36:17.300 37419 DEBUG heat.engine.service [req-5b6a7432-b09d-4888-990d-b0f12b8a8d18 - - - - -] Service 3fd99f41-9b37-4a07-9b3d-bd87357644db is updated service_manage_report /usr/lib/python3/dist-packages/heat/engine/service.py:2370
2024-08-22 01:36:17.336 37420 DEBUG heat.engine.service [req-15966a73-b1ac-447c-8a8d-c5ee2f7a9b86 - - - - -] Service 64ce0e1e-4ded-48af-9256-79585408244f is updated service_manage_report /usr/lib/python3/dist-packages/heat/engine/service.py:2370
2024-08-22 01:36:17.348 37421 DEBUG heat.engine.service [req-b7271b29-baca-459f-9e4c-b4203d63348f - - - - -] Service cdb075de-b3ea-43e3-836c-4a3e87faebd8 is updated service_manage_report /usr/lib/python3/dist-packages/heat/engine/service.py:2370
2024-08-22 01:36:17.373 37418 DEBUG heat.engine.service [req-513b4c40-5c31-4fe8-8dff-5d6fe7654530 - - - - -] Service c25153ef-471d-47ff-93f9-8314ac9250f5 is updated service_manage_report /usr/lib/python3/dist-packages/heat/engine/service.py:2370
2024-08-22 01:37:17.363 37419 DEBUG heat.engine.service [req-c27bb16f-41e6-46b0-aafa-8347b3ba3b35 - - - - -] Service 3fd99f41-9b37-4a07-9b3d-bd87357644db is updated service_manage_report /usr/lib/python3/dist-packages/heat/engine/service.py:2370
2024-08-22 01:37:17.373 37420 DEBUG heat.engine.service [req-c1d6fb14-2565-45b5-ba7f-952c54130ed8 - - - - -] Service 64ce0e1e-4ded-48af-9256-79585408244f is updated service_manage_report /usr/lib/python3/dist-packages/heat/engine/service.py:2370
2024-08-22 01:37:17.373 37421 DEBUG heat.engine.service [req-5250b8a1-b4a4-41f1-907c-06c756717ad0 - - - - -] Service cdb075de-b3ea-43e3-836c-4a3e87faebd8 is updated service_manage_report /usr/lib/python3/dist-packages/heat/engine/service.py:2370
2024-08-22 01:37:17.374 37418 DEBUG heat.engine.service [req-f6efeca5-7888-4a02-a4c0-e59b959b05e4 - - - - -] Service c25153ef-471d-47ff-93f9-8314ac9250f5 is updated service_manage_report /usr/lib/python3/dist-packages/heat/engine/service.py:2370
2024-08-22 01:38:17.298 37419 DEBUG heat.engine.service [req-ff7063cd-b97d-42fd-996a-d152b115f7cf - - - - -] Service 3fd99f41-9b37-4a07-9b3d-bd87357644db is updated service_manage_report /usr/lib/python3/dist-packages/heat/engine/service.py:2370
2024-08-22 01:38:17.325 37420 DEBUG heat.engine.service [req-0f0315c7-7d78-4e88-8ee5-23fd07576116 - - - - -] Service 64ce0e1e-4ded-48af-9256-79585408244f is updated service_manage_report /usr/lib/python3/dist-packages/heat/engine/service.py:2370
2024-08-22 01:38:17.355 37421 DEBUG heat.engine.service [req-c759483d-5a95-45b7-b66d-a62b0ba27c38 - - - - -] Service cdb075de-b3ea-43e3-836c-4a3e87faebd8 is updated service_manage_report /usr/lib/python3/dist-packages/heat/engine/service.py:2370
2024-08-22 01:38:17.366 37418 DEBUG heat.engine.service [req-f4fea86e-9d4d-4cab-aea8-28469142c8e7 - - - - -] Service c25153ef-471d-47ff-93f9-8314ac9250f5 is updated service_manage_report /usr/lib/python3/dist-packages/heat/engine/service.py:2370
2024-08-22 01:39:17.304 37419 DEBUG heat.engine.service [req-c281fac8-a765-4e04-8e0e-d963d118256b - - - - -] Service 3fd99f41-9b37-4a07-9b3d-bd87357644db is updated service_manage_report /usr/lib/python3/dist-packages/heat/engine/service.py:2370
2024-08-22 01:39:17.328 37420 DEBUG heat.engine.service [req-0b6f1ec7-3cbb-4217-a250-19d61c0a1cba - - - - -] Service 64ce0e1e-4ded-48af-9256-79585408244f is updated service_manage_report /usr/lib/python3/dist-packages/heat/engine/service.py:2370
2024-08-22 01:39:17.357 37421 DEBUG heat.engine.service [req-86b687eb-9576-4718-bf08-6c8caff82dec - - - - -] Service cdb075de-b3ea-43e3-836c-4a3e87faebd8 is updated service_manage_report /usr/lib/python3/dist-packages/heat/engine/service.py:2370
2024-08-22 01:39:17.369 37418 DEBUG heat.engine.service [req-a9561b98-63a7-4890-b727-0afcc8af96b0 - - - - -] Service c25153ef-471d-47ff-93f9-8314ac9250f5 is updated service_manage_report /usr/lib/python3/dist-packages/heat/engine/service.py:2370
2024-08-22 01:40:17.296 37419 DEBUG heat.engine.service [req-5bb51e7d-0679-41ae-a67d-d4fc508c017b - - - - -] Service 3fd99f41-9b37-4a07-9b3d-bd87357644db is updated service_manage_report /usr/lib/python3/dist-packages/heat/engine/service.py:2370
2024-08-22 01:40:17.331 37420 DEBUG heat.engine.service [req-23669614-1b8a-4d61-acba-7b9bae355260 - - - - -] Service 64ce0e1e-4ded-48af-9256-79585408244f is updated service_manage_report /usr/lib/python3/dist-packages/heat/engine/service.py:2370
2024-08-22 01:40:17.358 37421 DEBUG heat.engine.service [req-c7d96465-99ac-4262-bca1-ae364b2186ac - - - - -] Service cdb075de-b3ea-43e3-836c-4a3e87faebd8 is updated service_manage_report /usr/lib/python3/dist-packages/heat/engine/service.py:2370
2024-08-22 01:40:17.372 37418 DEBUG heat.engine.service [req-6537fd1d-40b8-48cf-9035-3814a8694622 - - - - -] Service c25153ef-471d-47ff-93f9-8314ac9250f5 is updated service_manage_report /usr/lib/python3/dist-packages/heat/engine/service.py:2370
2024-08-22 01:41:17.303 37419 DEBUG heat.engine.service [req-a9b80e17-3da6-42d1-b315-42ef1ad9ed99 - - - - -] Service 3fd99f41-9b37-4a07-9b3d-bd87357644db is updated service_manage_report /usr/lib/python3/dist-packages/heat/engine/service.py:2370
2024-08-22 01:41:17.333 37420 DEBUG heat.engine.service [req-092155ec-893d-42e0-9d3e-66327ab57f40 - - - - -] Service 64ce0e1e-4ded-48af-9256-79585408244f is updated service_manage_report /usr/lib/python3/dist-packages/heat/engine/service.py:2370
2024-08-22 01:41:17.362 37421 DEBUG heat.engine.service [req-b414f9f1-772c-44eb-ac24-7319cc99cf45 - - - - -] Service cdb075de-b3ea-43e3-836c-4a3e87faebd8 is updated service_manage_report /usr/lib/python3/dist-packages/heat/engine/service.py:2370
2024-08-22 01:41:17.373 37418 DEBUG heat.engine.service [req-ea82a8c0-1a04-4a85-9939-bfd410b10800 - - - - -] Service c25153ef-471d-47ff-93f9-8314ac9250f5 is updated service_manage_report /usr/lib/python3/dist-packages/heat/engine/service.py:2370
2024-08-22 01:42:17.308 37419 DEBUG heat.engine.service [req-b6ebbaed-087a-4995-b7ef-6676cdfd9048 - - - - -] Service 3fd99f41-9b37-4a07-9b3d-bd87357644db is updated service_manage_report /usr/lib/python3/dist-packages/heat/engine/service.py:2370
2024-08-22 01:42:17.341 37420 DEBUG heat.engine.service [req-11ea01d5-8ce2-43f7-96aa-8d1ba7419381 - - - - -] Service 64ce0e1e-4ded-48af-9256-79585408244f is updated service_manage_report /usr/lib/python3/dist-packages/heat/engine/service.py:2370
2024-08-22 01:42:17.385 37421 DEBUG heat.engine.service [req-f324992b-cfc9-4572-9810-a49f91d78d39 - - - - -] Service cdb075de-b3ea-43e3-836c-4a3e87faebd8 is updated service_manage_report /usr/lib/python3/dist-packages/heat/engine/service.py:2370
2024-08-22 01:42:17.390 37418 DEBUG heat.engine.service [req-c61e6f7c-4c90-4ddc-b31e-c683a3f98e90 - - - - -] Service c25153ef-471d-47ff-93f9-8314ac9250f5 is updated service_manage_report /usr/lib/python3/dist-packages/heat/engine/service.py:2370
2024-08-22 01:43:17.302 37419 DEBUG heat.engine.service [req-525048bc-4048-410e-9e7e-5deaaf466548 - - - - -] Service 3fd99f41-9b37-4a07-9b3d-bd87357644db is updated service_manage_report /usr/lib/python3/dist-packages/heat/engine/service.py:2370
2024-08-22 01:43:17.331 37420 DEBUG heat.engine.service [req-6a3f2346-6cdd-4d94-83bb-bb3ac7b21e52 - - - - -] Service 64ce0e1e-4ded-48af-9256-79585408244f is updated service_manage_report /usr/lib/python3/dist-packages/heat/engine/service.py:2370
2024-08-22 01:43:17.367 37421 DEBUG heat.engine.service [req-c6fb319d-732c-4455-bb51-be2507a976ad - - - - -] Service cdb075de-b3ea-43e3-836c-4a3e87faebd8 is updated service_manage_report /usr/lib/python3/dist-packages/heat/engine/service.py:2370
2024-08-22 01:43:17.373 37418 DEBUG heat.engine.service [req-fff4f43d-5ed7-4c1b-adf5-4770ef168928 - - - - -] Service c25153ef-471d-47ff-93f9-8314ac9250f5 is updated service_manage_report /usr/lib/python3/dist-packages/heat/engine/service.py:2370
2024-08-22 01:44:17.306 37419 DEBUG heat.engine.service [req-23a7cc8d-4c5b-495f-b129-8df3fda3e8c3 - - - - -] Service 3fd99f41-9b37-4a07-9b3d-bd87357644db is updated service_manage_report /usr/lib/python3/dist-packages/heat/engine/service.py:2370
2024-08-22 01:44:17.333 37420 DEBUG heat.engine.service [req-3379f056-3482-4a1a-a044-a883bac356ae - - - - -] Service 64ce0e1e-4ded-48af-9256-79585408244f is updated service_manage_report /usr/lib/python3/dist-packages/heat/engine/service.py:2370
2024-08-22 01:44:17.368 37421 DEBUG heat.engine.service [req-0e5d0fa8-42cd-46fa-b3ee-ac46c1340a02 - - - - -] Service cdb075de-b3ea-43e3-836c-4a3e87faebd8 is updated service_manage_report /usr/lib/python3/dist-packages/heat/engine/service.py:2370
2024-08-22 01:44:17.376 37418 DEBUG heat.engine.service [req-483a19b0-334c-44b6-b1b1-c45dc172f351 - - - - -] Service c25153ef-471d-47ff-93f9-8314ac9250f5 is updated service_manage_report /usr/lib/python3/dist-packages/heat/engine/service.py:2370
2024-08-22 01:45:17.314 37419 DEBUG heat.engine.service [req-c3c1b951-a30d-4d1b-91b3-dce21c0a5cd9 - - - - -] Service 3fd99f41-9b37-4a07-9b3d-bd87357644db is updated service_manage_report /usr/lib/python3/dist-packages/heat/engine/service.py:2370
2024-08-22 01:45:17.334 37420 DEBUG heat.engine.service [req-3a82feeb-09b2-459a-bb1c-0cd12c05ff90 - - - - -] Service 64ce0e1e-4ded-48af-9256-79585408244f is updated service_manage_report /usr/lib/python3/dist-packages/heat/engine/service.py:2370
2024-08-22 01:45:17.372 37421 DEBUG heat.engine.service [req-fb0dae89-fe18-4f84-ab7f-aff50d379e6c - - - - -] Service cdb075de-b3ea-43e3-836c-4a3e87faebd8 is updated service_manage_report /usr/lib/python3/dist-packages/heat/engine/service.py:2370
2024-08-22 01:45:17.378 37418 DEBUG heat.engine.service [req-6df54fcb-d445-4884-9c6c-5357b15f65a4 - - - - -] Service c25153ef-471d-47ff-93f9-8314ac9250f5 is updated service_manage_report /usr/lib/python3/dist-packages/heat/engine/service.py:2370
2024-08-22 01:46:17.309 37419 DEBUG heat.engine.service [req-af32030f-da74-49c7-adb5-bd581ad407c5 - - - - -] Service 3fd99f41-9b37-4a07-9b3d-bd87357644db is updated service_manage_report /usr/lib/python3/dist-packages/heat/engine/service.py:2370
2024-08-22 01:46:17.337 37420 DEBUG heat.engine.service [req-7ea9bed2-ebeb-4256-befd-bc4f79dc2679 - - - - -] Service 64ce0e1e-4ded-48af-9256-79585408244f is updated service_manage_report /usr/lib/python3/dist-packages/heat/engine/service.py:2370
2024-08-22 01:46:17.374 37421 DEBUG heat.engine.service [req-460e772e-474f-4806-8ef7-39e5612aa515 - - - - -] Service cdb075de-b3ea-43e3-836c-4a3e87faebd8 is updated service_manage_report /usr/lib/python3/dist-packages/heat/engine/service.py:2370
2024-08-22 01:46:17.383 37418 DEBUG heat.engine.service [req-57e258d5-57cd-473b-8a12-49d1037b99ad - - - - -] Service c25153ef-471d-47ff-93f9-8314ac9250f5 is updated service_manage_report /usr/lib/python3/dist-packages/heat/engine/service.py:2370
2024-08-22 01:47:17.312 37419 DEBUG heat.engine.service [req-4a4b21ee-d063-4c85-8444-54f215dcce7b - - - - -] Service 3fd99f41-9b37-4a07-9b3d-bd87357644db is updated service_manage_report /usr/lib/python3/dist-packages/heat/engine/service.py:2370
2024-08-22 01:47:17.339 37420 DEBUG heat.engine.service [req-049d0cbb-7b2d-40d1-817d-b737425ec8dc - - - - -] Service 64ce0e1e-4ded-48af-9256-79585408244f is updated service_manage_report /usr/lib/python3/dist-packages/heat/engine/service.py:2370
2024-08-22 01:47:17.376 37421 DEBUG heat.engine.service [req-07d42885-0b36-4f7c-b2bd-0976c04b220f - - - - -] Service cdb075de-b3ea-43e3-836c-4a3e87faebd8 is updated service_manage_report /usr/lib/python3/dist-packages/heat/engine/service.py:2370
2024-08-22 01:47:17.383 37418 DEBUG heat.engine.service [req-2fdffa72-6a38-4181-9df1-035d1d79b93d - - - - -] Service c25153ef-471d-47ff-93f9-8314ac9250f5 is updated service_manage_report /usr/lib/python3/dist-packages/heat/engine/service.py:2370
2024-08-22 01:48:17.565 37419 DEBUG heat.engine.service [req-88cf471d-bdc5-4c32-8494-c55b9e9ea5b8 - - - - -] Service 3fd99f41-9b37-4a07-9b3d-bd87357644db is updated service_manage_report /usr/lib/python3/dist-packages/heat/engine/service.py:2370
2024-08-22 01:48:17.570 37418 DEBUG heat.engine.service [req-4e796819-d184-4d7d-9af0-a9f1dcbf7bee - - - - -] Service c25153ef-471d-47ff-93f9-8314ac9250f5 is updated service_manage_report /usr/lib/python3/dist-packages/heat/engine/service.py:2370
2024-08-22 01:48:17.570 37421 DEBUG heat.engine.service [req-a7e97cb2-adf5-4412-a17b-e30d44253f46 - - - - -] Service cdb075de-b3ea-43e3-836c-4a3e87faebd8 is updated service_manage_report /usr/lib/python3/dist-packages/heat/engine/service.py:2370
2024-08-22 01:48:17.570 37420 DEBUG heat.engine.service [req-61ca3735-d854-4dec-bc96-86d2af346310 - - - - -] Service 64ce0e1e-4ded-48af-9256-79585408244f is updated service_manage_report /usr/lib/python3/dist-packages/heat/engine/service.py:2370
2024-08-22 01:48:59.437 37421 DEBUG heat.engine.service [-] Attempting to stop engine service... _stop_rpc_server /usr/lib/python3/dist-packages/heat/engine/service.py:437
2024-08-22 01:48:59.437 37420 DEBUG heat.engine.service [-] Attempting to stop engine service... _stop_rpc_server /usr/lib/python3/dist-packages/heat/engine/service.py:437
2024-08-22 01:48:59.437 37419 DEBUG heat.engine.service [-] Attempting to stop engine service... _stop_rpc_server /usr/lib/python3/dist-packages/heat/engine/service.py:437
2024-08-22 01:48:59.438 37418 DEBUG heat.engine.service [-] Attempting to stop engine service... _stop_rpc_server /usr/lib/python3/dist-packages/heat/engine/service.py:437
2024-08-22 01:48:59.439 37201 INFO oslo_service.service [-] Caught SIGTERM, stopping children
2024-08-22 01:48:59.449 37201 DEBUG oslo_concurrency.lockutils [-] Acquired lock "singleton_lock" lock /usr/lib/python3/dist-packages/oslo_concurrency/lockutils.py:294
2024-08-22 01:48:59.450 37201 DEBUG oslo_concurrency.lockutils [-] Releasing lock "singleton_lock" lock /usr/lib/python3/dist-packages/oslo_concurrency/lockutils.py:312
2024-08-22 01:48:59.450 37201 DEBUG oslo_service.service [-] Stop services. stop /usr/lib/python3/dist-packages/oslo_service/service.py:695
2024-08-22 01:48:59.450 37201 INFO heat.engine.service [-] All threads were gone, terminating engine
2024-08-22 01:48:59.450 37201 DEBUG oslo_service.service [-] Killing children. stop /usr/lib/python3/dist-packages/oslo_service/service.py:700
2024-08-22 01:48:59.450 37201 INFO oslo_service.service [-] Waiting on 4 children to exit
2024-08-22 01:48:59.460 37201 INFO oslo_service.service [-] Child 37418 killed by signal 15
2024-08-22 01:48:59.462 37201 INFO oslo_service.service [-] Child 37419 killed by signal 15
2024-08-22 01:48:59.463 37201 INFO oslo_service.service [-] Child 37420 killed by signal 15
2024-08-22 01:48:59.465 37201 INFO oslo_service.service [-] Child 37421 killed by signal 15
2024-08-22 01:49:02.458 61749 DEBUG oslo_concurrency.lockutils [-] Lock "context-manager" acquired by "neutron_lib.db.api._create_context_manager" :: waited 0.000s inner /usr/lib/python3/dist-packages/oslo_concurrency/lockutils.py:386
2024-08-22 01:49:02.459 61749 DEBUG oslo_concurrency.lockutils [-] Lock "context-manager" "released" by "neutron_lib.db.api._create_context_manager" :: held 0.000s inner /usr/lib/python3/dist-packages/oslo_concurrency/lockutils.py:400
2024-08-22 01:49:03.282 61749 WARNING heat.engine.environment [-] OS::Aodh::Alarm is DEPRECATED. Theshold alarm relies on ceilometer-api and has been deprecated in aodh since Ocata. Use OS::Aodh::GnocchiAggregationByResourcesAlarm instead.
2024-08-22 01:49:03.283 61749 WARNING heat.engine.environment [-] OS::Aodh::CombinationAlarm is HIDDEN. OS::Aodh::CombinationAlarm is deprecated and has been removed from Aodh, use OS::Aodh::CompositeAlarm instead.
2024-08-22 01:49:03.283 61749 WARNING heat.engine.environment [-] OS::Designate::Domain is HIDDEN. This resource has been removed, use OS::Designate::Zone instead.
2024-08-22 01:49:03.283 61749 WARNING heat.engine.environment [-] OS::Designate::Record is HIDDEN. This resource has been removed, use OS::Designate::RecordSet instead.
2024-08-22 01:49:03.283 61749 WARNING heat.engine.environment [-] OS::Glance::Image is DEPRECATED. Creating a Glance Image based on an existing URL location requires the Glance v1 API, which is deprecated.
2024-08-22 01:49:03.284 61749 WARNING heat.engine.environment [-] OS::Heat::HARestarter is HIDDEN. The HARestarter resource type has been removed. Existing stacks containing HARestarter resources can still be used, but the HARestarter resource will be a placeholder that does nothing.
2024-08-22 01:49:03.284 61749 WARNING heat.engine.environment [-] OS::Heat::SoftwareDeployments is HIDDEN. Please use OS::Heat::SoftwareDeploymentGroup instead.
2024-08-22 01:49:03.284 61749 WARNING heat.engine.environment [-] OS::Heat::StructuredDeployments is HIDDEN. Please use OS::Heat::StructuredDeploymentGroup instead.
2024-08-22 01:49:03.284 61749 WARNING heat.engine.environment [-] OS::Magnum::Bay is HIDDEN. Please use OS::Magnum::Cluster instead.
2024-08-22 01:49:03.284 61749 WARNING heat.engine.environment [-] OS::Magnum::BayModel is HIDDEN. Please use OS::Magnum::ClusterTemplate instead.
2024-08-22 01:49:03.284 61749 WARNING heat.engine.environment [-] OS::Neutron::ExtraRoute is UNSUPPORTED. Use this resource at your own risk.
2024-08-22 01:49:03.285 61749 WARNING heat.engine.environment [-] OS::Neutron::HealthMonitor is HIDDEN. Use LBaaS V2 instead.
2024-08-22 01:49:03.285 61749 WARNING heat.engine.environment [-] OS::Neutron::Pool is HIDDEN. Use LBaaS V2 instead.
2024-08-22 01:49:03.285 61749 WARNING heat.engine.environment [-] OS::Neutron::PoolMember is HIDDEN. Use LBaaS V2 instead.
2024-08-22 01:49:03.285 61749 WARNING heat.engine.environment [-] OS::Neutron::LoadBalancer is HIDDEN. Use LBaaS V2 instead.
2024-08-22 01:49:03.285 61749 WARNING heat.engine.environment [-] OS::Neutron::RouterGateway is HIDDEN. Use the `external_gateway_info` property in the router resource to set up the gateway.
2024-08-22 01:49:03.285 61749 WARNING heat.engine.environment [-] OS::Nova::FloatingIP is HIDDEN. Please use OS::Neutron::FloatingIP instead.
2024-08-22 01:49:03.286 61749 WARNING heat.engine.environment [-] OS::Nova::FloatingIPAssociation is HIDDEN. Please use OS::Neutron::FloatingIPAssociation instead.
2024-08-22 01:49:03.287 61749 INFO heat.engine.environment [-] Loading /etc/heat/environment.d/default.yaml
2024-08-22 01:49:03.289 61749 INFO heat.engine.environment [-] Registered: [Plugin](User:False) AWS::AutoScaling::AutoScalingGroup ->
2024-08-22 01:49:03.289 61749 INFO heat.engine.environment [-] Registered: [Plugin](User:False) AWS::AutoScaling::LaunchConfiguration ->
2024-08-22 01:49:03.289 61749 INFO heat.engine.environment [-] Registered: [Plugin](User:False) AWS::AutoScaling::ScalingPolicy ->
2024-08-22 01:49:03.289 61749 INFO heat.engine.environment [-] Registered: [Plugin](User:False) AWS::CloudFormation::Stack ->
2024-08-22 01:49:03.289 61749 INFO heat.engine.environment [-] Registered: [Plugin](User:False) AWS::CloudFormation::WaitCondition ->
2024-08-22 01:49:03.289 61749 INFO heat.engine.environment [-] Registered: [Plugin](User:False) AWS::CloudFormation::WaitConditionHandle ->
2024-08-22 01:49:03.289 61749 INFO heat.engine.environment [-] Registered: [Plugin](User:False) AWS::EC2::EIP ->
2024-08-22 01:49:03.289 61749 INFO heat.engine.environment [-] Registered: [Plugin](User:False) AWS::EC2::EIPAssociation ->
2024-08-22 01:49:03.289 61749 INFO heat.engine.environment [-] Registered: [Plugin](User:False) AWS::EC2::Instance ->
2024-08-22 01:49:03.289 61749 INFO heat.engine.environment [-] Registered: [Plugin](User:False) AWS::EC2::InternetGateway ->
2024-08-22 01:49:03.289 61749 INFO heat.engine.environment [-] Registered: [Plugin](User:False) AWS::EC2::VPCGatewayAttachment ->
2024-08-22 01:49:03.290 61749 INFO heat.engine.environment [-] Registered: [Plugin](User:False) AWS::EC2::NetworkInterface ->
2024-08-22 01:49:03.290 61749 INFO heat.engine.environment [-] Registered: [Plugin](User:False) AWS::EC2::RouteTable ->
2024-08-22 01:49:03.290 61749 INFO heat.engine.environment [-] Registered: [Plugin](User:False) AWS::EC2::SubnetRouteTableAssociation ->
2024-08-22 01:49:03.290 61749 INFO heat.engine.environment [-] Registered: [Plugin](User:False) AWS::EC2::SecurityGroup ->
2024-08-22 01:49:03.290 61749 INFO heat.engine.environment [-] Registered: [Plugin](User:False) AWS::EC2::Subnet ->
2024-08-22 01:49:03.290 61749 INFO heat.engine.environment [-] Registered: [Plugin](User:False) AWS::EC2::Volume ->
2024-08-22 01:49:03.290 61749 INFO heat.engine.environment [-] Registered: [Plugin](User:False) AWS::EC2::VolumeAttachment ->
2024-08-22 01:49:03.290 61749 INFO heat.engine.environment [-] Registered: [Plugin](User:False) AWS::EC2::VPC ->
2024-08-22 01:49:03.290 61749 INFO heat.engine.environment [-] Registered: [Plugin](User:False) AWS::IAM::User ->
2024-08-22 01:49:03.290 61749 INFO heat.engine.environment [-] Registered: [Plugin](User:False) AWS::IAM::AccessKey ->
2024-08-22 01:49:03.290 61749 INFO heat.engine.environment [-] Registered: [Plugin](User:False) AWS::ElasticLoadBalancing::LoadBalancer ->
2024-08-22 01:49:03.291 61749 INFO heat.engine.environment [-] Registered: [Plugin](User:False) AWS::S3::Bucket ->
2024-08-22 01:49:03.291 61749 INFO heat.engine.environment [-] Registered: [Plugin](User:False) OS::Aodh::Alarm ->
2024-08-22 01:49:03.291 61749 INFO heat.engine.environment [-] Registered: [Plugin](User:False) OS::Aodh::CombinationAlarm ->
2024-08-22 01:49:03.291 61749 INFO heat.engine.environment [-] Registered: [Plugin](User:False) OS::Aodh::EventAlarm ->
2024-08-22 01:49:03.291 61749 INFO heat.engine.environment [-] Registered: [Plugin](User:False) OS::Aodh::LBMemberHealthAlarm ->
2024-08-22 01:49:03.291 61749 INFO heat.engine.environment [-] Registered: [Plugin](User:False) OS::Aodh::CompositeAlarm ->
2024-08-22 01:49:03.291 61749 INFO heat.engine.environment [-] Registered: [Plugin](User:False) OS::Aodh::GnocchiResourcesAlarm ->
2024-08-22 01:49:03.291 61749 INFO heat.engine.environment [-] Registered: [Plugin](User:False) OS::Aodh::GnocchiAggregationByMetricsAlarm ->
2024-08-22 01:49:03.291 61749 INFO heat.engine.environment [-] Registered: [Plugin](User:False) OS::Aodh::GnocchiAggregationByResourcesAlarm ->
2024-08-22 01:49:03.291 61749 INFO heat.engine.environment [-] Registered: [Plugin](User:False) OS::Barbican::GenericContainer ->
2024-08-22 01:49:03.291 61749 INFO heat.engine.environment [-] Registered: [Plugin](User:False) OS::Barbican::CertificateContainer ->
2024-08-22 01:49:03.291 61749 INFO heat.engine.environment [-] Registered: [Plugin](User:False) OS::Barbican::RSAContainer ->
2024-08-22 01:49:03.291 61749 INFO heat.engine.environment [-] Registered: [Plugin](User:False) OS::Barbican::Order ->
2024-08-22 01:49:03.292 61749 INFO heat.engine.environment [-] Registered: [Plugin](User:False) OS::Barbican::Secret ->
2024-08-22 01:49:03.292 61749 INFO heat.engine.environment [-] Registered: [Plugin](User:False) OS::Blazar::Host ->
2024-08-22 01:49:03.292 61749 INFO heat.engine.environment [-] Registered: [Plugin](User:False) OS::Blazar::Lease ->
2024-08-22 01:49:03.292 61749 INFO heat.engine.environment [-] Registered: [Plugin](User:False) OS::Cinder::EncryptedVolumeType ->
2024-08-22 01:49:03.292 61749 INFO heat.engine.environment [-] Registered: [Plugin](User:False) OS::Cinder::QoSSpecs ->
2024-08-22 01:49:03.292 61749 INFO heat.engine.environment [-] Registered: [Plugin](User:False) OS::Cinder::QoSAssociation ->
2024-08-22 01:49:03.292 61749 INFO heat.engine.environment [-] Registered: [Plugin](User:False) OS::Cinder::Quota ->
2024-08-22 01:49:03.292 61749 INFO heat.engine.environment [-] Registered: [Plugin](User:False) OS::Cinder::Volume ->
2024-08-22 01:49:03.292 61749 INFO heat.engine.environment [-] Registered: [Plugin](User:False) OS::Cinder::VolumeAttachment ->
2024-08-22 01:49:03.292 61749 INFO heat.engine.environment [-] Registered: [Plugin](User:False) OS::Cinder::VolumeType ->
2024-08-22 01:49:03.292 61749 INFO heat.engine.environment [-] Registered: [Plugin](User:False) OS::Designate::Domain ->
2024-08-22 01:49:03.292 61749 INFO heat.engine.environment [-] Registered: [Plugin](User:False) OS::Designate::Record ->
2024-08-22 01:49:03.293 61749 INFO heat.engine.environment [-] Registered: [Plugin](User:False) OS::Designate::RecordSet ->
2024-08-22 01:49:03.293 61749 INFO heat.engine.environment [-] Registered: [Plugin](User:False) OS::Designate::Zone ->
2024-08-22 01:49:03.293 61749 INFO heat.engine.environment [-] Registered: [Plugin](User:False) OS::Glance::Image ->
2024-08-22 01:49:03.293 61749 INFO heat.engine.environment [-] Registered: [Plugin](User:False) OS::Glance::WebImage ->
2024-08-22 01:49:03.293 61749 INFO heat.engine.environment [-] Registered: [Plugin](User:False) OS::Heat::AccessPolicy ->
2024-08-22 01:49:03.293 61749 INFO heat.engine.environment [-] Registered: [Plugin](User:False) OS::Heat::AutoScalingGroup ->
2024-08-22 01:49:03.293 61749 INFO heat.engine.environment [-] Registered: [Plugin](User:False) OS::Heat::CloudConfig ->
2024-08-22 01:49:03.293 61749 INFO heat.engine.environment [-] Registered: [Plugin](User:False) OS::Heat::Delay ->
2024-08-22 01:49:03.293 61749 INFO heat.engine.environment [-] Registered: [Plugin](User:False) OS::Heat::DeployedServer ->
2024-08-22 01:49:03.293 61749 INFO heat.engine.environment [-] Registered: [Plugin](User:False) OS::Heat::HARestarter ->
2024-08-22 01:49:03.293 61749 INFO heat.engine.environment [-] Registered: [Plugin](User:False) OS::Heat::InstanceGroup ->
2024-08-22 01:49:03.293 61749 INFO heat.engine.environment [-] Registered: [Plugin](User:False) OS::Heat::MultipartMime ->
2024-08-22 01:49:03.294 61749 INFO heat.engine.environment [-] Registered: [Plugin](User:False) OS::Heat::None ->
2024-08-22 01:49:03.294 61749 INFO heat.engine.environment [-] Registered: [Plugin](User:False) OS::Heat::RandomString ->
2024-08-22 01:49:03.294 61749 INFO heat.engine.environment [-] Registered: [Plugin](User:False) OS::Heat::Stack ->
2024-08-22 01:49:03.294 61749 INFO heat.engine.environment [-] Registered: [Plugin](User:False) OS::Heat::ResourceChain ->
2024-08-22 01:49:03.294 61749 INFO heat.engine.environment [-] Registered: [Plugin](User:False) OS::Heat::ResourceGroup ->
2024-08-22 01:49:03.294 61749 INFO heat.engine.environment [-] Registered: [Plugin](User:False) OS::Heat::ScalingPolicy ->
2024-08-22 01:49:03.294 61749 INFO heat.engine.environment [-] Registered: [Plugin](User:False) OS::Heat::SoftwareComponent ->
2024-08-22 01:49:03.294 61749 INFO heat.engine.environment [-] Registered: [Plugin](User:False) OS::Heat::SoftwareConfig ->
2024-08-22 01:49:03.294 61749 INFO heat.engine.environment [-] Registered: [Plugin](User:False) OS::Heat::SoftwareDeployment ->
2024-08-22 01:49:03.294 61749 INFO heat.engine.environment [-] Registered: [Plugin](User:False) OS::Heat::SoftwareDeploymentGroup ->
2024-08-22 01:49:03.294 61749 INFO heat.engine.environment [-] Registered: [Plugin](User:False) OS::Heat::SoftwareDeployments ->
2024-08-22 01:49:03.294 61749 INFO heat.engine.environment [-] Registered: [Plugin](User:False) OS::Heat::StructuredConfig ->
2024-08-22 01:49:03.295 61749 INFO heat.engine.environment [-] Registered: [Plugin](User:False) OS::Heat::StructuredDeployment ->
2024-08-22 01:49:03.295 61749 INFO heat.engine.environment [-] Registered: [Plugin](User:False) OS::Heat::StructuredDeploymentGroup ->
2024-08-22 01:49:03.295 61749 INFO heat.engine.environment [-] Registered: [Plugin](User:False) OS::Heat::StructuredDeployments ->
2024-08-22 01:49:03.295 61749 INFO heat.engine.environment [-] Registered: [Plugin](User:False) OS::Heat::SwiftSignal ->
2024-08-22 01:49:03.295 61749 INFO heat.engine.environment [-] Registered: [Plugin](User:False) OS::Heat::SwiftSignalHandle ->
2024-08-22 01:49:03.295 61749 INFO heat.engine.environment [-] Registered: [Plugin](User:False) OS::Heat::TestResource ->
2024-08-22 01:49:03.295 61749 INFO heat.engine.environment [-] Registered: [Plugin](User:False) OS::Heat::Value ->
2024-08-22 01:49:03.295 61749 INFO heat.engine.environment [-] Registered: [Plugin](User:False) OS::Heat::WaitCondition ->
2024-08-22 01:49:03.295 61749 INFO heat.engine.environment [-] Registered: [Plugin](User:False) OS::Heat::WaitConditionHandle ->
2024-08-22 01:49:03.295 61749 INFO heat.engine.environment [-] Registered: [Plugin](User:False) OS::Heat::UpdateWaitConditionHandle ->
2024-08-22 01:49:03.295 61749 INFO heat.engine.environment [-] Registered: [Plugin](User:False) OS::Ironic::Port ->
2024-08-22 01:49:03.295 61749 INFO heat.engine.environment [-] Registered: [Plugin](User:False) OS::Keystone::Domain ->
2024-08-22 01:49:03.296 61749 INFO heat.engine.environment [-] Registered: [Plugin](User:False) OS::Keystone::Endpoint ->
2024-08-22 01:49:03.296 61749 INFO heat.engine.environment [-] Registered: [Plugin](User:False) OS::Keystone::Group ->
2024-08-22 01:49:03.296 61749 INFO heat.engine.environment [-] Registered: [Plugin](User:False) OS::Keystone::Project ->
2024-08-22 01:49:03.296 61749 INFO heat.engine.environment [-] Registered: [Plugin](User:False) OS::Keystone::Region ->
2024-08-22 01:49:03.296 61749 INFO heat.engine.environment [-] Registered: [Plugin](User:False) OS::Keystone::Role ->
