2024-08-22 02:14:58.580 7 DEBUG oslo_service.service [-] ml2_type_gre.tunnel_id_ranges = [] log_opt_values /var/lib/kolla/venv/lib/python3.6/site-packages/oslo_config/cfg.py:2611
2024-08-22 02:14:58.580 7 DEBUG oslo_service.service [-] ml2_type_vlan.network_vlan_ranges = [] log_opt_values /var/lib/kolla/venv/lib/python3.6/site-packages/oslo_config/cfg.py:2611
2024-08-22 02:14:58.580 7 DEBUG oslo_service.service [-] ml2_type_vxlan.vni_ranges = [] log_opt_values /var/lib/kolla/venv/lib/python3.6/site-packages/oslo_config/cfg.py:2611
2024-08-22 02:14:58.580 7 DEBUG oslo_service.service [-] ml2_type_vxlan.vxlan_group = None log_opt_values /var/lib/kolla/venv/lib/python3.6/site-packages/oslo_config/cfg.py:2611
2024-08-22 02:14:58.580 7 DEBUG oslo_service.service [-] database.backend = sqlalchemy log_opt_values /var/lib/kolla/venv/lib/python3.6/site-packages/oslo_config/cfg.py:2611
2024-08-22 02:14:58.580 7 DEBUG oslo_service.service [-] database.connection = **** log_opt_values /var/lib/kolla/venv/lib/python3.6/site-packages/oslo_config/cfg.py:2611
2024-08-22 02:14:58.580 7 DEBUG oslo_service.service [-] database.connection_debug = 0 log_opt_values /var/lib/kolla/venv/lib/python3.6/site-packages/oslo_config/cfg.py:2611
2024-08-22 02:14:58.580 7 DEBUG oslo_service.service [-] database.connection_parameters = log_opt_values /var/lib/kolla/venv/lib/python3.6/site-packages/oslo_config/cfg.py:2611
2024-08-22 02:14:58.580 7 DEBUG oslo_service.service [-] database.connection_recycle_time = 10 log_opt_values /var/lib/kolla/venv/lib/python3.6/site-packages/oslo_config/cfg.py:2611
2024-08-22 02:14:58.580 7 DEBUG oslo_service.service [-] database.connection_trace = False log_opt_values /var/lib/kolla/venv/lib/python3.6/site-packages/oslo_config/cfg.py:2611
2024-08-22 02:14:58.580 7 DEBUG oslo_service.service [-] database.db_inc_retry_interval = True log_opt_values /var/lib/kolla/venv/lib/python3.6/site-packages/oslo_config/cfg.py:2611
2024-08-22 02:14:58.580 7 DEBUG oslo_service.service [-] database.db_max_retries = 20 log_opt_values /var/lib/kolla/venv/lib/python3.6/site-packages/oslo_config/cfg.py:2611
2024-08-22 02:14:58.581 7 DEBUG oslo_service.service [-] database.db_max_retry_interval = 10 log_opt_values /var/lib/kolla/venv/lib/python3.6/site-packages/oslo_config/cfg.py:2611
2024-08-22 02:14:58.581 7 DEBUG oslo_service.service [-] database.db_retry_interval = 1 log_opt_values /var/lib/kolla/venv/lib/python3.6/site-packages/oslo_config/cfg.py:2611
2024-08-22 02:14:58.581 7 DEBUG oslo_service.service [-] database.max_overflow = 50 log_opt_values /var/lib/kolla/venv/lib/python3.6/site-packages/oslo_config/cfg.py:2611
2024-08-22 02:14:58.581 7 DEBUG oslo_service.service [-] database.max_pool_size = 1 log_opt_values /var/lib/kolla/venv/lib/python3.6/site-packages/oslo_config/cfg.py:2611
2024-08-22 02:14:58.581 7 DEBUG oslo_service.service [-] database.max_retries = -1 log_opt_values /var/lib/kolla/venv/lib/python3.6/site-packages/oslo_config/cfg.py:2611
2024-08-22 02:14:58.581 7 DEBUG oslo_service.service [-] database.mysql_enable_ndb = False log_opt_values /var/lib/kolla/venv/lib/python3.6/site-packages/oslo_config/cfg.py:2611
2024-08-22 02:14:58.581 7 DEBUG oslo_service.service [-] database.mysql_sql_mode = TRADITIONAL log_opt_values /var/lib/kolla/venv/lib/python3.6/site-packages/oslo_config/cfg.py:2611
2024-08-22 02:14:58.581 7 DEBUG oslo_service.service [-] database.pool_timeout = None log_opt_values /var/lib/kolla/venv/lib/python3.6/site-packages/oslo_config/cfg.py:2611
2024-08-22 02:14:58.581 7 DEBUG oslo_service.service [-] database.retry_interval = 10 log_opt_values /var/lib/kolla/venv/lib/python3.6/site-packages/oslo_config/cfg.py:2611
2024-08-22 02:14:58.581 7 DEBUG oslo_service.service [-] database.slave_connection = **** log_opt_values /var/lib/kolla/venv/lib/python3.6/site-packages/oslo_config/cfg.py:2611
2024-08-22 02:14:58.581 7 DEBUG oslo_service.service [-] database.sqlite_synchronous = True log_opt_values /var/lib/kolla/venv/lib/python3.6/site-packages/oslo_config/cfg.py:2611
2024-08-22 02:14:58.581 7 DEBUG oslo_service.service [-] database.use_db_reconnect = False log_opt_values /var/lib/kolla/venv/lib/python3.6/site-packages/oslo_config/cfg.py:2611
2024-08-22 02:14:58.581 7 DEBUG oslo_service.service [-] ******************************************************************************** log_opt_values /var/lib/kolla/venv/lib/python3.6/site-packages/oslo_config/cfg.py:2613
2024-08-22 02:14:59.845 22 DEBUG neutron.wsgi [-] (22) accepted ('10.0.0.36', 51322) server /var/lib/kolla/venv/lib/python3.6/site-packages/eventlet/wsgi.py:1004
2024-08-22 02:14:59.851 22 INFO neutron.wsgi [-] 10.0.0.36 "GET / HTTP/1.1" status: 200 len: 227 time: 0.0049114
2024-08-22 02:15:09.610 23 DEBUG neutron.api.rpc.handlers.dhcp_rpc [req-e3fee392-899f-483f-9d85-a5255f93e71b - - - - -] get_active_networks_info from cn-jenkins-deploy-platform-ansible-os-1709-1 get_active_networks_info /var/lib/kolla/venv/lib/python3.6/site-packages/neutron/api/rpc/handlers/dhcp_rpc.py:159
2024-08-22 02:15:09.635 27 DEBUG neutron_lib.callbacks.manager [req-67103f0c-bedd-4cdf-90d1-46142bead75d - - - - -] Publish callbacks ['neutron.services.segments.db._update_segment_host_mapping_for_agent-8731579671360', 'neutron.services.l3_router.l3_router_plugin.DVRResourceOperationHandler.create_fip_agent_gw_ports-2057661'] for agent (6b83f8fd-1cb1-4a44-b235-55801e24869e), after_create _notify_loop /var/lib/kolla/venv/lib/python3.6/site-packages/neutron_lib/callbacks/manager.py:177
2024-08-22 02:15:09.650 23 DEBUG neutron.scheduler.dhcp_agent_scheduler [req-e3fee392-899f-483f-9d85-a5255f93e71b - - - - -] No non-hosted networks auto_schedule_networks /var/lib/kolla/venv/lib/python3.6/site-packages/neutron/scheduler/dhcp_agent_scheduler.py:60
2024-08-22 02:15:31.457 22 DEBUG neutron.wsgi [-] (22) accepted ('10.0.0.36', 38176) server /var/lib/kolla/venv/lib/python3.6/site-packages/eventlet/wsgi.py:1004
2024-08-22 02:15:31.461 22 INFO neutron.wsgi [-] 10.0.0.36 "GET / HTTP/1.1" status: 200 len: 227 time: 0.0031548
2024-08-22 02:15:35.355 28 DEBUG neutron_lib.callbacks.manager [req-04592496-2485-4c08-88a8-9ae76ff35b78 - - - - -] Publish callbacks ['neutron.services.segments.db._update_segment_host_mapping_for_agent-8731579671360', 'neutron.services.l3_router.l3_router_plugin.DVRResourceOperationHandler.create_fip_agent_gw_ports-2057661'] for agent (33113aab-d55f-4679-8616-e02eeda701ef), after_create _notify_loop /var/lib/kolla/venv/lib/python3.6/site-packages/neutron_lib/callbacks/manager.py:177
2024-08-22 02:15:39.624 26 DEBUG neutron_lib.callbacks.manager [req-b0a8b271-5af0-4416-8b43-26bfbc25e74a - - - - -] Publish callbacks ['neutron.services.segments.db._update_segment_host_mapping_for_agent-8731579671360', 'neutron.plugins.ml2.plugin.Ml2Plugin._retry_binding_revived_agents--9223372036853974853'] for agent (6b83f8fd-1cb1-4a44-b235-55801e24869e), after_update _notify_loop /var/lib/kolla/venv/lib/python3.6/site-packages/neutron_lib/callbacks/manager.py:177
2024-08-22 02:15:41.541 29 DEBUG neutron.db.agents_db [req-4a8b77f1-3d85-4c0c-a5a1-c2d72a21c2ef - - - - -] Agent healthcheck: found 2 active agents agent_health_check /var/lib/kolla/venv/lib/python3.6/site-packages/neutron/db/agents_db.py:318
2024-08-22 02:16:01.502 22 DEBUG neutron.wsgi [-] (22) accepted ('10.0.0.36', 54266) server /var/lib/kolla/venv/lib/python3.6/site-packages/eventlet/wsgi.py:1004
2024-08-22 02:16:01.506 22 INFO neutron.wsgi [-] 10.0.0.36 "GET / HTTP/1.1" status: 200 len: 227 time: 0.0030129
2024-08-22 02:16:03.870 23 DEBUG neutron_lib.callbacks.manager [req-04592496-2485-4c08-88a8-9ae76ff35b78 - - - - -] Publish callbacks ['neutron.services.segments.db._update_segment_host_mapping_for_agent-8731579671360', 'neutron.plugins.ml2.plugin.Ml2Plugin._retry_binding_revived_agents--9223372036853974853'] for agent (33113aab-d55f-4679-8616-e02eeda701ef), after_update _notify_loop /var/lib/kolla/venv/lib/python3.6/site-packages/neutron_lib/callbacks/manager.py:177
2024-08-22 02:16:11.798 25 DEBUG neutron_lib.callbacks.manager [req-4692665a-7a39-4b26-b3e3-a7a0543e15d6 - - - - -] Publish callbacks ['neutron.services.segments.db._update_segment_host_mapping_for_agent-8731579671360', 'neutron.plugins.ml2.plugin.Ml2Plugin._retry_binding_revived_agents--9223372036853974853'] for agent (6b83f8fd-1cb1-4a44-b235-55801e24869e), after_update _notify_loop /var/lib/kolla/venv/lib/python3.6/site-packages/neutron_lib/callbacks/manager.py:177
2024-08-22 02:16:18.528 29 DEBUG neutron.db.agents_db [req-4a8b77f1-3d85-4c0c-a5a1-c2d72a21c2ef - - - - -] Agent healthcheck: found 2 active agents agent_health_check /var/lib/kolla/venv/lib/python3.6/site-packages/neutron/db/agents_db.py:318
2024-08-22 02:16:31.551 22 DEBUG neutron.wsgi [-] (22) accepted ('10.0.0.36', 56088) server /var/lib/kolla/venv/lib/python3.6/site-packages/eventlet/wsgi.py:1004
2024-08-22 02:16:31.555 22 INFO neutron.wsgi [-] 10.0.0.36 "GET / HTTP/1.1" status: 200 len: 227 time: 0.0029340
2024-08-22 02:16:36.014 24 DEBUG neutron_lib.callbacks.manager [req-04592496-2485-4c08-88a8-9ae76ff35b78 - - - - -] Publish callbacks ['neutron.services.segments.db._update_segment_host_mapping_for_agent-8731579671360', 'neutron.plugins.ml2.plugin.Ml2Plugin._retry_binding_revived_agents--9223372036853974853'] for agent (33113aab-d55f-4679-8616-e02eeda701ef), after_update _notify_loop /var/lib/kolla/venv/lib/python3.6/site-packages/neutron_lib/callbacks/manager.py:177
2024-08-22 02:16:39.612 27 DEBUG neutron_lib.callbacks.manager [req-d587e957-14c4-4a3e-a744-c7398f5047b0 - - - - -] Publish callbacks ['neutron.services.segments.db._update_segment_host_mapping_for_agent-8731579671360', 'neutron.plugins.ml2.plugin.Ml2Plugin._retry_binding_revived_agents--9223372036853974853'] for agent (6b83f8fd-1cb1-4a44-b235-55801e24869e), after_update _notify_loop /var/lib/kolla/venv/lib/python3.6/site-packages/neutron_lib/callbacks/manager.py:177
2024-08-22 02:16:55.527 29 DEBUG neutron.db.agents_db [req-4a8b77f1-3d85-4c0c-a5a1-c2d72a21c2ef - - - - -] Agent healthcheck: found 2 active agents agent_health_check /var/lib/kolla/venv/lib/python3.6/site-packages/neutron/db/agents_db.py:318
2024-08-22 02:17:01.596 22 DEBUG neutron.wsgi [-] (22) accepted ('10.0.0.36', 42606) server /var/lib/kolla/venv/lib/python3.6/site-packages/eventlet/wsgi.py:1004
2024-08-22 02:17:01.599 22 INFO neutron.wsgi [-] 10.0.0.36 "GET / HTTP/1.1" status: 200 len: 227 time: 0.0028603
2024-08-22 02:17:03.869 28 DEBUG neutron_lib.callbacks.manager [req-04592496-2485-4c08-88a8-9ae76ff35b78 - - - - -] Publish callbacks ['neutron.services.segments.db._update_segment_host_mapping_for_agent-8731579671360', 'neutron.plugins.ml2.plugin.Ml2Plugin._retry_binding_revived_agents--9223372036853974853'] for agent (33113aab-d55f-4679-8616-e02eeda701ef), after_update _notify_loop /var/lib/kolla/venv/lib/python3.6/site-packages/neutron_lib/callbacks/manager.py:177
2024-08-22 02:17:09.607 26 DEBUG neutron_lib.callbacks.manager [req-f0848cb5-7e18-4963-ba84-83933b2429ff - - - - -] Publish callbacks ['neutron.services.segments.db._update_segment_host_mapping_for_agent-8731579671360', 'neutron.plugins.ml2.plugin.Ml2Plugin._retry_binding_revived_agents--9223372036853974853'] for agent (6b83f8fd-1cb1-4a44-b235-55801e24869e), after_update _notify_loop /var/lib/kolla/venv/lib/python3.6/site-packages/neutron_lib/callbacks/manager.py:177
2024-08-22 02:17:31.640 22 DEBUG neutron.wsgi [-] (22) accepted ('10.0.0.36', 33960) server /var/lib/kolla/venv/lib/python3.6/site-packages/eventlet/wsgi.py:1004
2024-08-22 02:17:31.645 22 INFO neutron.wsgi [-] 10.0.0.36 "GET / HTTP/1.1" status: 200 len: 227 time: 0.0046878
2024-08-22 02:17:32.527 29 DEBUG neutron.db.agents_db [req-4a8b77f1-3d85-4c0c-a5a1-c2d72a21c2ef - - - - -] Agent healthcheck: found 2 active agents agent_health_check /var/lib/kolla/venv/lib/python3.6/site-packages/neutron/db/agents_db.py:318
2024-08-22 02:17:33.869 23 DEBUG neutron_lib.callbacks.manager [req-04592496-2485-4c08-88a8-9ae76ff35b78 - - - - -] Publish callbacks ['neutron.services.segments.db._update_segment_host_mapping_for_agent-8731579671360', 'neutron.plugins.ml2.plugin.Ml2Plugin._retry_binding_revived_agents--9223372036853974853'] for agent (33113aab-d55f-4679-8616-e02eeda701ef), after_update _notify_loop /var/lib/kolla/venv/lib/python3.6/site-packages/neutron_lib/callbacks/manager.py:177
2024-08-22 02:17:39.615 25 DEBUG neutron_lib.callbacks.manager [req-d80aa461-8151-4e9e-8d38-04d686774600 - - - - -] Publish callbacks ['neutron.services.segments.db._update_segment_host_mapping_for_agent-8731579671360', 'neutron.plugins.ml2.plugin.Ml2Plugin._retry_binding_revived_agents--9223372036853974853'] for agent (6b83f8fd-1cb1-4a44-b235-55801e24869e), after_update _notify_loop /var/lib/kolla/venv/lib/python3.6/site-packages/neutron_lib/callbacks/manager.py:177
2024-08-22 02:18:01.685 22 DEBUG neutron.wsgi [-] (22) accepted ('10.0.0.36', 36834) server /var/lib/kolla/venv/lib/python3.6/site-packages/eventlet/wsgi.py:1004
2024-08-22 02:18:01.689 22 INFO neutron.wsgi [-] 10.0.0.36 "GET / HTTP/1.1" status: 200 len: 227 time: 0.0028248
2024-08-22 02:18:04.223 24 DEBUG neutron_lib.callbacks.manager [req-04592496-2485-4c08-88a8-9ae76ff35b78 - - - - -] Publish callbacks ['neutron.services.segments.db._update_segment_host_mapping_for_agent-8731579671360', 'neutron.plugins.ml2.plugin.Ml2Plugin._retry_binding_revived_agents--9223372036853974853'] for agent (33113aab-d55f-4679-8616-e02eeda701ef), after_update _notify_loop /var/lib/kolla/venv/lib/python3.6/site-packages/neutron_lib/callbacks/manager.py:177
2024-08-22 02:18:09.524 29 DEBUG neutron.db.agents_db [req-4a8b77f1-3d85-4c0c-a5a1-c2d72a21c2ef - - - - -] Agent healthcheck: found 2 active agents agent_health_check /var/lib/kolla/venv/lib/python3.6/site-packages/neutron/db/agents_db.py:318
2024-08-22 02:18:09.612 27 DEBUG neutron_lib.callbacks.manager [req-2bd8b06a-d020-429b-952b-edcbfbe8e7ce - - - - -] Publish callbacks ['neutron.services.segments.db._update_segment_host_mapping_for_agent-8731579671360', 'neutron.plugins.ml2.plugin.Ml2Plugin._retry_binding_revived_agents--9223372036853974853'] for agent (6b83f8fd-1cb1-4a44-b235-55801e24869e), after_update _notify_loop /var/lib/kolla/venv/lib/python3.6/site-packages/neutron_lib/callbacks/manager.py:177
2024-08-22 02:18:31.729 22 DEBUG neutron.wsgi [-] (22) accepted ('10.0.0.36', 55286) server /var/lib/kolla/venv/lib/python3.6/site-packages/eventlet/wsgi.py:1004
2024-08-22 02:18:31.732 22 INFO neutron.wsgi [-] 10.0.0.36 "GET / HTTP/1.1" status: 200 len: 227 time: 0.0027008
2024-08-22 02:18:33.873 28 DEBUG neutron_lib.callbacks.manager [req-04592496-2485-4c08-88a8-9ae76ff35b78 - - - - -] Publish callbacks ['neutron.services.segments.db._update_segment_host_mapping_for_agent-8731579671360', 'neutron.plugins.ml2.plugin.Ml2Plugin._retry_binding_revived_agents--9223372036853974853'] for agent (33113aab-d55f-4679-8616-e02eeda701ef), after_update _notify_loop /var/lib/kolla/venv/lib/python3.6/site-packages/neutron_lib/callbacks/manager.py:177
2024-08-22 02:18:39.609 26 DEBUG neutron_lib.callbacks.manager [req-0c2e1620-6dc9-4a40-8770-71524afb3a1c - - - - -] Publish callbacks ['neutron.services.segments.db._update_segment_host_mapping_for_agent-8731579671360', 'neutron.plugins.ml2.plugin.Ml2Plugin._retry_binding_revived_agents--9223372036853974853'] for agent (6b83f8fd-1cb1-4a44-b235-55801e24869e), after_update _notify_loop /var/lib/kolla/venv/lib/python3.6/site-packages/neutron_lib/callbacks/manager.py:177
2024-08-22 02:18:46.520 29 DEBUG neutron.db.agents_db [req-4a8b77f1-3d85-4c0c-a5a1-c2d72a21c2ef - - - - -] Agent healthcheck: found 2 active agents agent_health_check /var/lib/kolla/venv/lib/python3.6/site-packages/neutron/db/agents_db.py:318
2024-08-22 02:19:01.772 22 DEBUG neutron.wsgi [-] (22) accepted ('10.0.0.36', 47848) server /var/lib/kolla/venv/lib/python3.6/site-packages/eventlet/wsgi.py:1004
2024-08-22 02:19:01.776 22 INFO neutron.wsgi [-] 10.0.0.36 "GET / HTTP/1.1" status: 200 len: 227 time: 0.0027950
2024-08-22 02:19:03.892 23 DEBUG neutron_lib.callbacks.manager [req-04592496-2485-4c08-88a8-9ae76ff35b78 - - - - -] Publish callbacks ['neutron.services.segments.db._update_segment_host_mapping_for_agent-8731579671360', 'neutron.plugins.ml2.plugin.Ml2Plugin._retry_binding_revived_agents--9223372036853974853'] for agent (33113aab-d55f-4679-8616-e02eeda701ef), after_update _notify_loop /var/lib/kolla/venv/lib/python3.6/site-packages/neutron_lib/callbacks/manager.py:177
2024-08-22 02:19:09.608 25 DEBUG neutron_lib.callbacks.manager [req-b8d487bf-15a1-432e-8d46-84b664652965 - - - - -] Publish callbacks ['neutron.services.segments.db._update_segment_host_mapping_for_agent-8731579671360', 'neutron.plugins.ml2.plugin.Ml2Plugin._retry_binding_revived_agents--9223372036853974853'] for agent (6b83f8fd-1cb1-4a44-b235-55801e24869e), after_update _notify_loop /var/lib/kolla/venv/lib/python3.6/site-packages/neutron_lib/callbacks/manager.py:177
2024-08-22 02:19:23.521 29 DEBUG neutron.db.agents_db [req-4a8b77f1-3d85-4c0c-a5a1-c2d72a21c2ef - - - - -] Agent healthcheck: found 2 active agents agent_health_check /var/lib/kolla/venv/lib/python3.6/site-packages/neutron/db/agents_db.py:318
2024-08-22 02:19:31.816 22 DEBUG neutron.wsgi [-] (22) accepted ('10.0.0.36', 54364) server /var/lib/kolla/venv/lib/python3.6/site-packages/eventlet/wsgi.py:1004
2024-08-22 02:19:31.820 22 INFO neutron.wsgi [-] 10.0.0.36 "GET / HTTP/1.1" status: 200 len: 227 time: 0.0036960
2024-08-22 02:19:33.877 24 DEBUG neutron_lib.callbacks.manager [req-04592496-2485-4c08-88a8-9ae76ff35b78 - - - - -] Publish callbacks ['neutron.services.segments.db._update_segment_host_mapping_for_agent-8731579671360', 'neutron.plugins.ml2.plugin.Ml2Plugin._retry_binding_revived_agents--9223372036853974853'] for agent (33113aab-d55f-4679-8616-e02eeda701ef), after_update _notify_loop /var/lib/kolla/venv/lib/python3.6/site-packages/neutron_lib/callbacks/manager.py:177
2024-08-22 02:19:40.027 27 DEBUG neutron_lib.callbacks.manager [req-956b333b-f29b-4e61-9166-255052e05f72 - - - - -] Publish callbacks ['neutron.services.segments.db._update_segment_host_mapping_for_agent-8731579671360', 'neutron.plugins.ml2.plugin.Ml2Plugin._retry_binding_revived_agents--9223372036853974853'] for agent (6b83f8fd-1cb1-4a44-b235-55801e24869e), after_update _notify_loop /var/lib/kolla/venv/lib/python3.6/site-packages/neutron_lib/callbacks/manager.py:177
2024-08-22 02:20:00.518 29 DEBUG neutron.db.agents_db [req-4a8b77f1-3d85-4c0c-a5a1-c2d72a21c2ef - - - - -] Agent healthcheck: found 2 active agents agent_health_check /var/lib/kolla/venv/lib/python3.6/site-packages/neutron/db/agents_db.py:318
2024-08-22 02:20:01.861 22 DEBUG neutron.wsgi [-] (22) accepted ('10.0.0.36', 36768) server /var/lib/kolla/venv/lib/python3.6/site-packages/eventlet/wsgi.py:1004
2024-08-22 02:20:01.865 22 INFO neutron.wsgi [-] 10.0.0.36 "GET / HTTP/1.1" status: 200 len: 227 time: 0.0031898
2024-08-22 02:20:03.880 28 DEBUG neutron_lib.callbacks.manager [req-04592496-2485-4c08-88a8-9ae76ff35b78 - - - - -] Publish callbacks ['neutron.services.segments.db._update_segment_host_mapping_for_agent-8731579671360', 'neutron.plugins.ml2.plugin.Ml2Plugin._retry_binding_revived_agents--9223372036853974853'] for agent (33113aab-d55f-4679-8616-e02eeda701ef), after_update _notify_loop /var/lib/kolla/venv/lib/python3.6/site-packages/neutron_lib/callbacks/manager.py:177
2024-08-22 02:20:09.602 26 DEBUG neutron_lib.callbacks.manager [req-ba7d9947-9a4a-4243-89c8-c9e3a6ac68b2 - - - - -] Publish callbacks ['neutron.services.segments.db._update_segment_host_mapping_for_agent-8731579671360', 'neutron.plugins.ml2.plugin.Ml2Plugin._retry_binding_revived_agents--9223372036853974853'] for agent (6b83f8fd-1cb1-4a44-b235-55801e24869e), after_update _notify_loop /var/lib/kolla/venv/lib/python3.6/site-packages/neutron_lib/callbacks/manager.py:177
2024-08-22 02:20:31.904 22 DEBUG neutron.wsgi [-] (22) accepted ('10.0.0.36', 39054) server /var/lib/kolla/venv/lib/python3.6/site-packages/eventlet/wsgi.py:1004
2024-08-22 02:20:31.908 22 INFO neutron.wsgi [-] 10.0.0.36 "GET / HTTP/1.1" status: 200 len: 227 time: 0.0033476
2024-08-22 02:20:36.258 23 DEBUG neutron_lib.callbacks.manager [req-04592496-2485-4c08-88a8-9ae76ff35b78 - - - - -] Publish callbacks ['neutron.services.segments.db._update_segment_host_mapping_for_agent-8731579671360', 'neutron.plugins.ml2.plugin.Ml2Plugin._retry_binding_revived_agents--9223372036853974853'] for agent (33113aab-d55f-4679-8616-e02eeda701ef), after_update _notify_loop /var/lib/kolla/venv/lib/python3.6/site-packages/neutron_lib/callbacks/manager.py:177
2024-08-22 02:20:37.519 29 DEBUG neutron.db.agents_db [req-4a8b77f1-3d85-4c0c-a5a1-c2d72a21c2ef - - - - -] Agent healthcheck: found 2 active agents agent_health_check /var/lib/kolla/venv/lib/python3.6/site-packages/neutron/db/agents_db.py:318
2024-08-22 02:20:39.633 25 DEBUG neutron_lib.callbacks.manager [req-b9bb0f3e-6c7c-4243-b929-5328f1d7b16f - - - - -] Publish callbacks ['neutron.services.segments.db._update_segment_host_mapping_for_agent-8731579671360', 'neutron.plugins.ml2.plugin.Ml2Plugin._retry_binding_revived_agents--9223372036853974853'] for agent (6b83f8fd-1cb1-4a44-b235-55801e24869e), after_update _notify_loop /var/lib/kolla/venv/lib/python3.6/site-packages/neutron_lib/callbacks/manager.py:177
2024-08-22 02:21:01.948 22 DEBUG neutron.wsgi [-] (22) accepted ('10.0.0.36', 51998) server /var/lib/kolla/venv/lib/python3.6/site-packages/eventlet/wsgi.py:1004
2024-08-22 02:21:01.951 22 INFO neutron.wsgi [-] 10.0.0.36 "GET / HTTP/1.1" status: 200 len: 227 time: 0.0028012
2024-08-22 02:21:04.398 24 DEBUG neutron_lib.callbacks.manager [req-04592496-2485-4c08-88a8-9ae76ff35b78 - - - - -] Publish callbacks ['neutron.services.segments.db._update_segment_host_mapping_for_agent-8731579671360', 'neutron.plugins.ml2.plugin.Ml2Plugin._retry_binding_revived_agents--9223372036853974853'] for agent (33113aab-d55f-4679-8616-e02eeda701ef), after_update _notify_loop /var/lib/kolla/venv/lib/python3.6/site-packages/neutron_lib/callbacks/manager.py:177
2024-08-22 02:21:09.609 27 DEBUG neutron_lib.callbacks.manager [req-5ec82026-9d86-4d31-9ea4-0b1a4cfa0db1 - - - - -] Publish callbacks ['neutron.services.segments.db._update_segment_host_mapping_for_agent-8731579671360', 'neutron.plugins.ml2.plugin.Ml2Plugin._retry_binding_revived_agents--9223372036853974853'] for agent (6b83f8fd-1cb1-4a44-b235-55801e24869e), after_update _notify_loop /var/lib/kolla/venv/lib/python3.6/site-packages/neutron_lib/callbacks/manager.py:177
2024-08-22 02:21:14.517 29 DEBUG neutron.db.agents_db [req-4a8b77f1-3d85-4c0c-a5a1-c2d72a21c2ef - - - - -] Agent healthcheck: found 2 active agents agent_health_check /var/lib/kolla/venv/lib/python3.6/site-packages/neutron/db/agents_db.py:318
2024-08-22 02:21:31.992 22 DEBUG neutron.wsgi [-] (22) accepted ('10.0.0.36', 53858) server /var/lib/kolla/venv/lib/python3.6/site-packages/eventlet/wsgi.py:1004
2024-08-22 02:21:31.997 22 INFO neutron.wsgi [-] 10.0.0.36 "GET / HTTP/1.1" status: 200 len: 227 time: 0.0039582
2024-08-22 02:21:33.887 28 DEBUG neutron_lib.callbacks.manager [req-04592496-2485-4c08-88a8-9ae76ff35b78 - - - - -] Publish callbacks ['neutron.services.segments.db._update_segment_host_mapping_for_agent-8731579671360', 'neutron.plugins.ml2.plugin.Ml2Plugin._retry_binding_revived_agents--9223372036853974853'] for agent (33113aab-d55f-4679-8616-e02eeda701ef), after_update _notify_loop /var/lib/kolla/venv/lib/python3.6/site-packages/neutron_lib/callbacks/manager.py:177
2024-08-22 02:21:40.731 26 DEBUG neutron_lib.callbacks.manager [req-c4ecdf28-c927-4951-b8f5-4a40370a96e7 - - - - -] Publish callbacks ['neutron.services.segments.db._update_segment_host_mapping_for_agent-8731579671360', 'neutron.plugins.ml2.plugin.Ml2Plugin._retry_binding_revived_agents--9223372036853974853'] for agent (6b83f8fd-1cb1-4a44-b235-55801e24869e), after_update _notify_loop /var/lib/kolla/venv/lib/python3.6/site-packages/neutron_lib/callbacks/manager.py:177
2024-08-22 02:21:51.516 29 DEBUG neutron.db.agents_db [req-4a8b77f1-3d85-4c0c-a5a1-c2d72a21c2ef - - - - -] Agent healthcheck: found 2 active agents agent_health_check /var/lib/kolla/venv/lib/python3.6/site-packages/neutron/db/agents_db.py:318
2024-08-22 02:22:02.037 22 DEBUG neutron.wsgi [-] (22) accepted ('10.0.0.36', 60860) server /var/lib/kolla/venv/lib/python3.6/site-packages/eventlet/wsgi.py:1004
2024-08-22 02:22:02.040 22 INFO neutron.wsgi [-] 10.0.0.36 "GET / HTTP/1.1" status: 200 len: 227 time: 0.0027740
2024-08-22 02:22:04.856 23 DEBUG neutron_lib.callbacks.manager [req-04592496-2485-4c08-88a8-9ae76ff35b78 - - - - -] Publish callbacks ['neutron.services.segments.db._update_segment_host_mapping_for_agent-8731579671360', 'neutron.plugins.ml2.plugin.Ml2Plugin._retry_binding_revived_agents--9223372036853974853'] for agent (33113aab-d55f-4679-8616-e02eeda701ef), after_update _notify_loop /var/lib/kolla/venv/lib/python3.6/site-packages/neutron_lib/callbacks/manager.py:177
2024-08-22 02:22:12.959 25 DEBUG neutron_lib.callbacks.manager [req-a89be6db-cf26-4160-ac11-5cd7c14d57fb - - - - -] Publish callbacks ['neutron.services.segments.db._update_segment_host_mapping_for_agent-8731579671360', 'neutron.plugins.ml2.plugin.Ml2Plugin._retry_binding_revived_agents--9223372036853974853'] for agent (6b83f8fd-1cb1-4a44-b235-55801e24869e), after_update _notify_loop /var/lib/kolla/venv/lib/python3.6/site-packages/neutron_lib/callbacks/manager.py:177
2024-08-22 02:22:28.512 29 DEBUG neutron.db.agents_db [req-4a8b77f1-3d85-4c0c-a5a1-c2d72a21c2ef - - - - -] Agent healthcheck: found 2 active agents agent_health_check /var/lib/kolla/venv/lib/python3.6/site-packages/neutron/db/agents_db.py:318
2024-08-22 02:22:32.086 22 DEBUG neutron.wsgi [-] (22) accepted ('10.0.0.36', 45442) server /var/lib/kolla/venv/lib/python3.6/site-packages/eventlet/wsgi.py:1004
2024-08-22 02:22:32.090 22 INFO neutron.wsgi [-] 10.0.0.36 "GET / HTTP/1.1" status: 200 len: 227 time: 0.0030906
2024-08-22 02:22:33.894 24 DEBUG neutron_lib.callbacks.manager [req-04592496-2485-4c08-88a8-9ae76ff35b78 - - - - -] Publish callbacks ['neutron.services.segments.db._update_segment_host_mapping_for_agent-8731579671360', 'neutron.plugins.ml2.plugin.Ml2Plugin._retry_binding_revived_agents--9223372036853974853'] for agent (33113aab-d55f-4679-8616-e02eeda701ef), after_update _notify_loop /var/lib/kolla/venv/lib/python3.6/site-packages/neutron_lib/callbacks/manager.py:177
2024-08-22 02:22:39.606 27 DEBUG neutron_lib.callbacks.manager [req-1d7f305a-431d-41d1-95b0-64fdc6dd55ee - - - - -] Publish callbacks ['neutron.services.segments.db._update_segment_host_mapping_for_agent-8731579671360', 'neutron.plugins.ml2.plugin.Ml2Plugin._retry_binding_revived_agents--9223372036853974853'] for agent (6b83f8fd-1cb1-4a44-b235-55801e24869e), after_update _notify_loop /var/lib/kolla/venv/lib/python3.6/site-packages/neutron_lib/callbacks/manager.py:177
2024-08-22 02:23:03.987 22 DEBUG neutron.wsgi [-] (22) accepted ('10.0.0.36', 34186) server /var/lib/kolla/venv/lib/python3.6/site-packages/eventlet/wsgi.py:1004
2024-08-22 02:23:04.057 22 INFO neutron.wsgi [-] 10.0.0.36 "GET / HTTP/1.1" status: 200 len: 227 time: 0.0029263
2024-08-22 02:23:04.083 28 DEBUG neutron_lib.callbacks.manager [req-04592496-2485-4c08-88a8-9ae76ff35b78 - - - - -] Publish callbacks ['neutron.services.segments.db._update_segment_host_mapping_for_agent-8731579671360', 'neutron.plugins.ml2.plugin.Ml2Plugin._retry_binding_revived_agents--9223372036853974853'] for agent (33113aab-d55f-4679-8616-e02eeda701ef), after_update _notify_loop /var/lib/kolla/venv/lib/python3.6/site-packages/neutron_lib/callbacks/manager.py:177
2024-08-22 02:23:05.508 29 DEBUG neutron.db.agents_db [req-4a8b77f1-3d85-4c0c-a5a1-c2d72a21c2ef - - - - -] Agent healthcheck: found 2 active agents agent_health_check /var/lib/kolla/venv/lib/python3.6/site-packages/neutron/db/agents_db.py:318
2024-08-22 02:23:15.917 26 DEBUG neutron_lib.callbacks.manager [req-c74f516d-0394-4ab8-a326-a71a44412eb1 - - - - -] Publish callbacks ['neutron.services.segments.db._update_segment_host_mapping_for_agent-8731579671360', 'neutron.plugins.ml2.plugin.Ml2Plugin._retry_binding_revived_agents--9223372036853974853'] for agent (6b83f8fd-1cb1-4a44-b235-55801e24869e), after_update _notify_loop /var/lib/kolla/venv/lib/python3.6/site-packages/neutron_lib/callbacks/manager.py:177
2024-08-22 02:23:33.897 23 DEBUG neutron_lib.callbacks.manager [req-04592496-2485-4c08-88a8-9ae76ff35b78 - - - - -] Publish callbacks ['neutron.services.segments.db._update_segment_host_mapping_for_agent-8731579671360', 'neutron.plugins.ml2.plugin.Ml2Plugin._retry_binding_revived_agents--9223372036853974853'] for agent (33113aab-d55f-4679-8616-e02eeda701ef), after_update _notify_loop /var/lib/kolla/venv/lib/python3.6/site-packages/neutron_lib/callbacks/manager.py:177
2024-08-22 02:23:34.112 22 DEBUG neutron.wsgi [-] (22) accepted ('10.0.0.36', 53032) server /var/lib/kolla/venv/lib/python3.6/site-packages/eventlet/wsgi.py:1004
2024-08-22 02:23:34.115 22 INFO neutron.wsgi [-] 10.0.0.36 "GET / HTTP/1.1" status: 200 len: 227 time: 0.0027153
2024-08-22 02:23:39.604 25 DEBUG neutron_lib.callbacks.manager [req-c103c649-3d1a-4cd8-af57-518d953d0f50 - - - - -] Publish callbacks ['neutron.services.segments.db._update_segment_host_mapping_for_agent-8731579671360', 'neutron.plugins.ml2.plugin.Ml2Plugin._retry_binding_revived_agents--9223372036853974853'] for agent (6b83f8fd-1cb1-4a44-b235-55801e24869e), after_update _notify_loop /var/lib/kolla/venv/lib/python3.6/site-packages/neutron_lib/callbacks/manager.py:177
2024-08-22 02:23:42.518 29 DEBUG neutron.db.agents_db [req-4a8b77f1-3d85-4c0c-a5a1-c2d72a21c2ef - - - - -] Agent healthcheck: found 2 active agents agent_health_check /var/lib/kolla/venv/lib/python3.6/site-packages/neutron/db/agents_db.py:318
2024-08-22 02:24:03.935 24 DEBUG neutron_lib.callbacks.manager [req-04592496-2485-4c08-88a8-9ae76ff35b78 - - - - -] Publish callbacks ['neutron.services.segments.db._update_segment_host_mapping_for_agent-8731579671360', 'neutron.plugins.ml2.plugin.Ml2Plugin._retry_binding_revived_agents--9223372036853974853'] for agent (33113aab-d55f-4679-8616-e02eeda701ef), after_update _notify_loop /var/lib/kolla/venv/lib/python3.6/site-packages/neutron_lib/callbacks/manager.py:177
2024-08-22 02:24:04.155 22 DEBUG neutron.wsgi [-] (22) accepted ('10.0.0.36', 37986) server /var/lib/kolla/venv/lib/python3.6/site-packages/eventlet/wsgi.py:1004
2024-08-22 02:24:04.159 22 INFO neutron.wsgi [-] 10.0.0.36 "GET / HTTP/1.1" status: 200 len: 227 time: 0.0026860
2024-08-22 02:24:09.600 27 DEBUG neutron_lib.callbacks.manager [req-d9dbe51f-a61a-4a67-824d-c3d2da39eb1a - - - - -] Publish callbacks ['neutron.services.segments.db._update_segment_host_mapping_for_agent-8731579671360', 'neutron.plugins.ml2.plugin.Ml2Plugin._retry_binding_revived_agents--9223372036853974853'] for agent (6b83f8fd-1cb1-4a44-b235-55801e24869e), after_update _notify_loop /var/lib/kolla/venv/lib/python3.6/site-packages/neutron_lib/callbacks/manager.py:177
2024-08-22 02:24:19.516 29 DEBUG neutron.db.agents_db [req-4a8b77f1-3d85-4c0c-a5a1-c2d72a21c2ef - - - - -] Agent healthcheck: found 2 active agents agent_health_check /var/lib/kolla/venv/lib/python3.6/site-packages/neutron/db/agents_db.py:318
2024-08-22 02:24:36.053 28 DEBUG neutron_lib.callbacks.manager [req-04592496-2485-4c08-88a8-9ae76ff35b78 - - - - -] Publish callbacks ['neutron.services.segments.db._update_segment_host_mapping_for_agent-8731579671360', 'neutron.plugins.ml2.plugin.Ml2Plugin._retry_binding_revived_agents--9223372036853974853'] for agent (33113aab-d55f-4679-8616-e02eeda701ef), after_update _notify_loop /var/lib/kolla/venv/lib/python3.6/site-packages/neutron_lib/callbacks/manager.py:177
2024-08-22 02:24:36.116 22 DEBUG neutron.wsgi [-] (22) accepted ('10.0.0.36', 58026) server /var/lib/kolla/venv/lib/python3.6/site-packages/eventlet/wsgi.py:1004
2024-08-22 02:24:36.119 22 INFO neutron.wsgi [-] 10.0.0.36 "GET / HTTP/1.1" status: 200 len: 227 time: 0.0026271
2024-08-22 02:24:40.117 26 DEBUG neutron_lib.callbacks.manager [req-898aefc5-7845-4d17-b294-763a363e2623 - - - - -] Publish callbacks ['neutron.services.segments.db._update_segment_host_mapping_for_agent-8731579671360', 'neutron.plugins.ml2.plugin.Ml2Plugin._retry_binding_revived_agents--9223372036853974853'] for agent (6b83f8fd-1cb1-4a44-b235-55801e24869e), after_update _notify_loop /var/lib/kolla/venv/lib/python3.6/site-packages/neutron_lib/callbacks/manager.py:177
2024-08-22 02:24:56.526 29 DEBUG neutron.db.agents_db [req-4a8b77f1-3d85-4c0c-a5a1-c2d72a21c2ef - - - - -] Agent healthcheck: found 2 active agents agent_health_check /var/lib/kolla/venv/lib/python3.6/site-packages/neutron/db/agents_db.py:318
2024-08-22 02:25:04.304 23 DEBUG neutron_lib.callbacks.manager [req-04592496-2485-4c08-88a8-9ae76ff35b78 - - - - -] Publish callbacks ['neutron.services.segments.db._update_segment_host_mapping_for_agent-8731579671360', 'neutron.plugins.ml2.plugin.Ml2Plugin._retry_binding_revived_agents--9223372036853974853'] for agent (33113aab-d55f-4679-8616-e02eeda701ef), after_update _notify_loop /var/lib/kolla/venv/lib/python3.6/site-packages/neutron_lib/callbacks/manager.py:177
2024-08-22 02:25:06.187 22 DEBUG neutron.wsgi [-] (22) accepted ('10.0.0.36', 38468) server /var/lib/kolla/venv/lib/python3.6/site-packages/eventlet/wsgi.py:1004
2024-08-22 02:25:06.191 22 INFO neutron.wsgi [-] 10.0.0.36 "GET / HTTP/1.1" status: 200 len: 227 time: 0.0033050
2024-08-22 02:25:09.597 25 DEBUG neutron_lib.callbacks.manager [req-e60a5c19-74d4-4326-a47a-51e1515d7b63 - - - - -] Publish callbacks ['neutron.services.segments.db._update_segment_host_mapping_for_agent-8731579671360', 'neutron.plugins.ml2.plugin.Ml2Plugin._retry_binding_revived_agents--9223372036853974853'] for agent (6b83f8fd-1cb1-4a44-b235-55801e24869e), after_update _notify_loop /var/lib/kolla/venv/lib/python3.6/site-packages/neutron_lib/callbacks/manager.py:177
2024-08-22 02:25:33.516 29 DEBUG neutron.db.agents_db [req-4a8b77f1-3d85-4c0c-a5a1-c2d72a21c2ef - - - - -] Agent healthcheck: found 2 active agents agent_health_check /var/lib/kolla/venv/lib/python3.6/site-packages/neutron/db/agents_db.py:318
2024-08-22 02:25:33.906 24 DEBUG neutron_lib.callbacks.manager [req-04592496-2485-4c08-88a8-9ae76ff35b78 - - - - -] Publish callbacks ['neutron.services.segments.db._update_segment_host_mapping_for_agent-8731579671360', 'neutron.plugins.ml2.plugin.Ml2Plugin._retry_binding_revived_agents--9223372036853974853'] for agent (33113aab-d55f-4679-8616-e02eeda701ef), after_update _notify_loop /var/lib/kolla/venv/lib/python3.6/site-packages/neutron_lib/callbacks/manager.py:177
2024-08-22 02:25:36.238 22 DEBUG neutron.wsgi [-] (22) accepted ('10.0.0.36', 54066) server /var/lib/kolla/venv/lib/python3.6/site-packages/eventlet/wsgi.py:1004
2024-08-22 02:25:36.242 22 INFO neutron.wsgi [-] 10.0.0.36 "GET / HTTP/1.1" status: 200 len: 227 time: 0.0027578
2024-08-22 02:25:39.593 27 DEBUG neutron_lib.callbacks.manager [req-bd13ef18-351d-4162-a667-c99b941f1374 - - - - -] Publish callbacks ['neutron.services.segments.db._update_segment_host_mapping_for_agent-8731579671360', 'neutron.plugins.ml2.plugin.Ml2Plugin._retry_binding_revived_agents--9223372036853974853'] for agent (6b83f8fd-1cb1-4a44-b235-55801e24869e), after_update _notify_loop /var/lib/kolla/venv/lib/python3.6/site-packages/neutron_lib/callbacks/manager.py:177
2024-08-22 02:26:04.556 28 DEBUG neutron_lib.callbacks.manager [req-04592496-2485-4c08-88a8-9ae76ff35b78 - - - - -] Publish callbacks ['neutron.services.segments.db._update_segment_host_mapping_for_agent-8731579671360', 'neutron.plugins.ml2.plugin.Ml2Plugin._retry_binding_revived_agents--9223372036853974853'] for agent (33113aab-d55f-4679-8616-e02eeda701ef), after_update _notify_loop /var/lib/kolla/venv/lib/python3.6/site-packages/neutron_lib/callbacks/manager.py:177
2024-08-22 02:26:06.297 22 DEBUG neutron.wsgi [-] (22) accepted ('10.0.0.36', 50722) server /var/lib/kolla/venv/lib/python3.6/site-packages/eventlet/wsgi.py:1004
2024-08-22 02:26:06.301 22 INFO neutron.wsgi [-] 10.0.0.36 "GET / HTTP/1.1" status: 200 len: 227 time: 0.0027082
2024-08-22 02:26:09.599 26 DEBUG neutron_lib.callbacks.manager [req-49e1cae8-ac24-44a2-8d3d-653c103d44d8 - - - - -] Publish callbacks ['neutron.services.segments.db._update_segment_host_mapping_for_agent-8731579671360', 'neutron.plugins.ml2.plugin.Ml2Plugin._retry_binding_revived_agents--9223372036853974853'] for agent (6b83f8fd-1cb1-4a44-b235-55801e24869e), after_update _notify_loop /var/lib/kolla/venv/lib/python3.6/site-packages/neutron_lib/callbacks/manager.py:177
2024-08-22 02:26:10.512 29 DEBUG neutron.db.agents_db [req-4a8b77f1-3d85-4c0c-a5a1-c2d72a21c2ef - - - - -] Agent healthcheck: found 2 active agents agent_health_check /var/lib/kolla/venv/lib/python3.6/site-packages/neutron/db/agents_db.py:318
2024-08-22 02:26:33.909 23 DEBUG neutron_lib.callbacks.manager [req-04592496-2485-4c08-88a8-9ae76ff35b78 - - - - -] Publish callbacks ['neutron.services.segments.db._update_segment_host_mapping_for_agent-8731579671360', 'neutron.plugins.ml2.plugin.Ml2Plugin._retry_binding_revived_agents--9223372036853974853'] for agent (33113aab-d55f-4679-8616-e02eeda701ef), after_update _notify_loop /var/lib/kolla/venv/lib/python3.6/site-packages/neutron_lib/callbacks/manager.py:177
2024-08-22 02:26:36.343 22 DEBUG neutron.wsgi [-] (22) accepted ('10.0.0.36', 43198) server /var/lib/kolla/venv/lib/python3.6/site-packages/eventlet/wsgi.py:1004
2024-08-22 02:26:36.347 22 INFO neutron.wsgi [-] 10.0.0.36 "GET / HTTP/1.1" status: 200 len: 227 time: 0.0027611
2024-08-22 02:26:39.600 25 DEBUG neutron_lib.callbacks.manager [req-7a2c7da1-8671-466c-8afa-20b6a57fb36b - - - - -] Publish callbacks ['neutron.services.segments.db._update_segment_host_mapping_for_agent-8731579671360', 'neutron.plugins.ml2.plugin.Ml2Plugin._retry_binding_revived_agents--9223372036853974853'] for agent (6b83f8fd-1cb1-4a44-b235-55801e24869e), after_update _notify_loop /var/lib/kolla/venv/lib/python3.6/site-packages/neutron_lib/callbacks/manager.py:177
2024-08-22 02:26:47.512 29 DEBUG neutron.db.agents_db [req-4a8b77f1-3d85-4c0c-a5a1-c2d72a21c2ef - - - - -] Agent healthcheck: found 2 active agents agent_health_check /var/lib/kolla/venv/lib/python3.6/site-packages/neutron/db/agents_db.py:318
2024-08-22 02:27:04.478 24 DEBUG neutron_lib.callbacks.manager [req-04592496-2485-4c08-88a8-9ae76ff35b78 - - - - -] Publish callbacks ['neutron.services.segments.db._update_segment_host_mapping_for_agent-8731579671360', 'neutron.plugins.ml2.plugin.Ml2Plugin._retry_binding_revived_agents--9223372036853974853'] for agent (33113aab-d55f-4679-8616-e02eeda701ef), after_update _notify_loop /var/lib/kolla/venv/lib/python3.6/site-packages/neutron_lib/callbacks/manager.py:177
2024-08-22 02:27:06.388 22 DEBUG neutron.wsgi [-] (22) accepted ('10.0.0.36', 51960) server /var/lib/kolla/venv/lib/python3.6/site-packages/eventlet/wsgi.py:1004
2024-08-22 02:27:06.391 22 INFO neutron.wsgi [-] 10.0.0.36 "GET / HTTP/1.1" status: 200 len: 227 time: 0.0027299
2024-08-22 02:27:12.380 27 DEBUG neutron_lib.callbacks.manager [req-1ad3118e-762a-4119-8247-3ec13197972d - - - - -] Publish callbacks ['neutron.services.segments.db._update_segment_host_mapping_for_agent-8731579671360', 'neutron.plugins.ml2.plugin.Ml2Plugin._retry_binding_revived_agents--9223372036853974853'] for agent (6b83f8fd-1cb1-4a44-b235-55801e24869e), after_update _notify_loop /var/lib/kolla/venv/lib/python3.6/site-packages/neutron_lib/callbacks/manager.py:177
2024-08-22 02:27:24.507 29 DEBUG neutron.db.agents_db [req-4a8b77f1-3d85-4c0c-a5a1-c2d72a21c2ef - - - - -] Agent healthcheck: found 2 active agents agent_health_check /var/lib/kolla/venv/lib/python3.6/site-packages/neutron/db/agents_db.py:318
2024-08-22 02:27:33.913 28 DEBUG neutron_lib.callbacks.manager [req-04592496-2485-4c08-88a8-9ae76ff35b78 - - - - -] Publish callbacks ['neutron.services.segments.db._update_segment_host_mapping_for_agent-8731579671360', 'neutron.plugins.ml2.plugin.Ml2Plugin._retry_binding_revived_agents--9223372036853974853'] for agent (33113aab-d55f-4679-8616-e02eeda701ef), after_update _notify_loop /var/lib/kolla/venv/lib/python3.6/site-packages/neutron_lib/callbacks/manager.py:177
2024-08-22 02:27:36.433 22 DEBUG neutron.wsgi [-] (22) accepted ('10.0.0.36', 43438) server /var/lib/kolla/venv/lib/python3.6/site-packages/eventlet/wsgi.py:1004
2024-08-22 02:27:36.437 22 INFO neutron.wsgi [-] 10.0.0.36 "GET / HTTP/1.1" status: 200 len: 227 time: 0.0031941
2024-08-22 02:27:40.499 26 DEBUG neutron_lib.callbacks.manager [req-e315e7cf-2140-4d98-814e-81185ca1a441 - - - - -] Publish callbacks ['neutron.services.segments.db._update_segment_host_mapping_for_agent-8731579671360', 'neutron.plugins.ml2.plugin.Ml2Plugin._retry_binding_revived_agents--9223372036853974853'] for agent (6b83f8fd-1cb1-4a44-b235-55801e24869e), after_update _notify_loop /var/lib/kolla/venv/lib/python3.6/site-packages/neutron_lib/callbacks/manager.py:177
2024-08-22 02:28:01.516 29 DEBUG neutron.db.agents_db [req-4a8b77f1-3d85-4c0c-a5a1-c2d72a21c2ef - - - - -] Agent healthcheck: found 2 active agents agent_health_check /var/lib/kolla/venv/lib/python3.6/site-packages/neutron/db/agents_db.py:318
2024-08-22 02:28:03.916 23 DEBUG neutron_lib.callbacks.manager [req-04592496-2485-4c08-88a8-9ae76ff35b78 - - - - -] Publish callbacks ['neutron.services.segments.db._update_segment_host_mapping_for_agent-8731579671360', 'neutron.plugins.ml2.plugin.Ml2Plugin._retry_binding_revived_agents--9223372036853974853'] for agent (33113aab-d55f-4679-8616-e02eeda701ef), after_update _notify_loop /var/lib/kolla/venv/lib/python3.6/site-packages/neutron_lib/callbacks/manager.py:177
2024-08-22 02:28:06.479 22 DEBUG neutron.wsgi [-] (22) accepted ('10.0.0.36', 49804) server /var/lib/kolla/venv/lib/python3.6/site-packages/eventlet/wsgi.py:1004
2024-08-22 02:28:06.484 22 INFO neutron.wsgi [-] 10.0.0.36 "GET / HTTP/1.1" status: 200 len: 227 time: 0.0035448
2024-08-22 02:28:09.597 25 DEBUG neutron_lib.callbacks.manager [req-f0b7e755-cfab-44e2-a0b3-070688ea8a72 - - - - -] Publish callbacks ['neutron.services.segments.db._update_segment_host_mapping_for_agent-8731579671360', 'neutron.plugins.ml2.plugin.Ml2Plugin._retry_binding_revived_agents--9223372036853974853'] for agent (6b83f8fd-1cb1-4a44-b235-55801e24869e), after_update _notify_loop /var/lib/kolla/venv/lib/python3.6/site-packages/neutron_lib/callbacks/manager.py:177
2024-08-22 02:28:36.527 22 DEBUG neutron.wsgi [-] (22) accepted ('10.0.0.36', 42792) server /var/lib/kolla/venv/lib/python3.6/site-packages/eventlet/wsgi.py:1004
2024-08-22 02:28:36.530 22 INFO neutron.wsgi [-] 10.0.0.36 "GET / HTTP/1.1" status: 200 len: 227 time: 0.0027165
2024-08-22 02:28:36.871 24 DEBUG neutron_lib.callbacks.manager [req-04592496-2485-4c08-88a8-9ae76ff35b78 - - - - -] Publish callbacks ['neutron.services.segments.db._update_segment_host_mapping_for_agent-8731579671360', 'neutron.plugins.ml2.plugin.Ml2Plugin._retry_binding_revived_agents--9223372036853974853'] for agent (33113aab-d55f-4679-8616-e02eeda701ef), after_update _notify_loop /var/lib/kolla/venv/lib/python3.6/site-packages/neutron_lib/callbacks/manager.py:177
2024-08-22 02:28:38.516 29 DEBUG neutron.db.agents_db [req-4a8b77f1-3d85-4c0c-a5a1-c2d72a21c2ef - - - - -] Agent healthcheck: found 2 active agents agent_health_check /var/lib/kolla/venv/lib/python3.6/site-packages/neutron/db/agents_db.py:318
2024-08-22 02:28:40.795 27 DEBUG neutron_lib.callbacks.manager [req-e31bf486-31f9-48ad-8df4-df1eeea3c49c - - - - -] Publish callbacks ['neutron.services.segments.db._update_segment_host_mapping_for_agent-8731579671360', 'neutron.plugins.ml2.plugin.Ml2Plugin._retry_binding_revived_agents--9223372036853974853'] for agent (6b83f8fd-1cb1-4a44-b235-55801e24869e), after_update _notify_loop /var/lib/kolla/venv/lib/python3.6/site-packages/neutron_lib/callbacks/manager.py:177
2024-08-22 02:29:04.967 28 DEBUG neutron_lib.callbacks.manager [req-04592496-2485-4c08-88a8-9ae76ff35b78 - - - - -] Publish callbacks ['neutron.services.segments.db._update_segment_host_mapping_for_agent-8731579671360', 'neutron.plugins.ml2.plugin.Ml2Plugin._retry_binding_revived_agents--9223372036853974853'] for agent (33113aab-d55f-4679-8616-e02eeda701ef), after_update _notify_loop /var/lib/kolla/venv/lib/python3.6/site-packages/neutron_lib/callbacks/manager.py:177
2024-08-22 02:29:06.573 22 DEBUG neutron.wsgi [-] (22) accepted ('10.0.0.36', 47376) server /var/lib/kolla/venv/lib/python3.6/site-packages/eventlet/wsgi.py:1004
2024-08-22 02:29:06.577 22 INFO neutron.wsgi [-] 10.0.0.36 "GET / HTTP/1.1" status: 200 len: 227 time: 0.0027516
2024-08-22 02:29:09.593 26 DEBUG neutron_lib.callbacks.manager [req-835670fd-9434-4f27-9d7b-9b30a835f594 - - - - -] Publish callbacks ['neutron.services.segments.db._update_segment_host_mapping_for_agent-8731579671360', 'neutron.plugins.ml2.plugin.Ml2Plugin._retry_binding_revived_agents--9223372036853974853'] for agent (6b83f8fd-1cb1-4a44-b235-55801e24869e), after_update _notify_loop /var/lib/kolla/venv/lib/python3.6/site-packages/neutron_lib/callbacks/manager.py:177
2024-08-22 02:29:15.512 29 DEBUG neutron.db.agents_db [req-4a8b77f1-3d85-4c0c-a5a1-c2d72a21c2ef - - - - -] Agent healthcheck: found 2 active agents agent_health_check /var/lib/kolla/venv/lib/python3.6/site-packages/neutron/db/agents_db.py:318
2024-08-22 02:29:36.627 22 DEBUG neutron.wsgi [-] (22) accepted ('10.0.0.36', 45028) server /var/lib/kolla/venv/lib/python3.6/site-packages/eventlet/wsgi.py:1004
2024-08-22 02:29:36.630 22 INFO neutron.wsgi [-] 10.0.0.36 "GET / HTTP/1.1" status: 200 len: 227 time: 0.0027499
2024-08-22 02:29:37.171 23 DEBUG neutron_lib.callbacks.manager [req-04592496-2485-4c08-88a8-9ae76ff35b78 - - - - -] Publish callbacks ['neutron.services.segments.db._update_segment_host_mapping_for_agent-8731579671360', 'neutron.plugins.ml2.plugin.Ml2Plugin._retry_binding_revived_agents--9223372036853974853'] for agent (33113aab-d55f-4679-8616-e02eeda701ef), after_update _notify_loop /var/lib/kolla/venv/lib/python3.6/site-packages/neutron_lib/callbacks/manager.py:177
2024-08-22 02:29:41.194 25 DEBUG neutron_lib.callbacks.manager [req-8128b374-eb7b-482e-9db5-46e8c3af3224 - - - - -] Publish callbacks ['neutron.services.segments.db._update_segment_host_mapping_for_agent-8731579671360', 'neutron.plugins.ml2.plugin.Ml2Plugin._retry_binding_revived_agents--9223372036853974853'] for agent (6b83f8fd-1cb1-4a44-b235-55801e24869e), after_update _notify_loop /var/lib/kolla/venv/lib/python3.6/site-packages/neutron_lib/callbacks/manager.py:177
2024-08-22 02:29:52.508 29 DEBUG neutron.db.agents_db [req-4a8b77f1-3d85-4c0c-a5a1-c2d72a21c2ef - - - - -] Agent healthcheck: found 2 active agents agent_health_check /var/lib/kolla/venv/lib/python3.6/site-packages/neutron/db/agents_db.py:318
2024-08-22 02:30:05.327 24 DEBUG neutron_lib.callbacks.manager [req-04592496-2485-4c08-88a8-9ae76ff35b78 - - - - -] Publish callbacks ['neutron.services.segments.db._update_segment_host_mapping_for_agent-8731579671360', 'neutron.plugins.ml2.plugin.Ml2Plugin._retry_binding_revived_agents--9223372036853974853'] for agent (33113aab-d55f-4679-8616-e02eeda701ef), after_update _notify_loop /var/lib/kolla/venv/lib/python3.6/site-packages/neutron_lib/callbacks/manager.py:177
2024-08-22 02:30:06.672 22 DEBUG neutron.wsgi [-] (22) accepted ('10.0.0.36', 36076) server /var/lib/kolla/venv/lib/python3.6/site-packages/eventlet/wsgi.py:1004
2024-08-22 02:30:06.677 22 INFO neutron.wsgi [-] 10.0.0.36 "GET / HTTP/1.1" status: 200 len: 227 time: 0.0034873
2024-08-22 02:30:09.593 27 DEBUG neutron_lib.callbacks.manager [req-a8f223a1-b2f7-48ae-90fc-41c1b9c00c99 - - - - -] Publish callbacks ['neutron.services.segments.db._update_segment_host_mapping_for_agent-8731579671360', 'neutron.plugins.ml2.plugin.Ml2Plugin._retry_binding_revived_agents--9223372036853974853'] for agent (6b83f8fd-1cb1-4a44-b235-55801e24869e), after_update _notify_loop /var/lib/kolla/venv/lib/python3.6/site-packages/neutron_lib/callbacks/manager.py:177
2024-08-22 02:30:29.505 29 DEBUG neutron.db.agents_db [req-4a8b77f1-3d85-4c0c-a5a1-c2d72a21c2ef - - - - -] Agent healthcheck: found 2 active agents agent_health_check /var/lib/kolla/venv/lib/python3.6/site-packages/neutron/db/agents_db.py:318
2024-08-22 02:30:33.932 28 DEBUG neutron_lib.callbacks.manager [req-04592496-2485-4c08-88a8-9ae76ff35b78 - - - - -] Publish callbacks ['neutron.services.segments.db._update_segment_host_mapping_for_agent-8731579671360', 'neutron.plugins.ml2.plugin.Ml2Plugin._retry_binding_revived_agents--9223372036853974853'] for agent (33113aab-d55f-4679-8616-e02eeda701ef), after_update _notify_loop /var/lib/kolla/venv/lib/python3.6/site-packages/neutron_lib/callbacks/manager.py:177
2024-08-22 02:30:36.738 22 DEBUG neutron.wsgi [-] (22) accepted ('10.0.0.36', 49000) server /var/lib/kolla/venv/lib/python3.6/site-packages/eventlet/wsgi.py:1004
2024-08-22 02:30:36.742 22 INFO neutron.wsgi [-] 10.0.0.36 "GET / HTTP/1.1" status: 200 len: 227 time: 0.0026033
2024-08-22 02:30:41.709 26 DEBUG neutron_lib.callbacks.manager [req-8bd291cb-1c00-4926-a823-1c2991101a72 - - - - -] Publish callbacks ['neutron.services.segments.db._update_segment_host_mapping_for_agent-8731579671360', 'neutron.plugins.ml2.plugin.Ml2Plugin._retry_binding_revived_agents--9223372036853974853'] for agent (6b83f8fd-1cb1-4a44-b235-55801e24869e), after_update _notify_loop /var/lib/kolla/venv/lib/python3.6/site-packages/neutron_lib/callbacks/manager.py:177
