2026-08-31 02:06:07.554 29 DEBUG neutron_lib.callbacks.manager [None req-618e8b92-8ecc-4df4-9359-1158376d91c2 - - - - - -] Publish callbacks ['neutron.services.segments.db._update_segment_host_mapping_for_agent-8780553715577', 'neutron.plugins.ml2.plugin.Ml2Plugin._retry_binding_revived_agents-1364564'] for agent (18cd1142-8d1e-4e49-abf3-2ac37d1ad502), after_update _notify_loop /var/lib/kolla/venv/lib64/python3.9/site-packages/neutron_lib/callbacks/manager.py:184
2026-08-31 02:06:13.726 23 DEBUG neutron.api.wsgi [-] (23) accepted ('10.0.0.177', 39312) server /var/lib/kolla/venv/lib64/python3.9/site-packages/eventlet/wsgi.py:1037
2026-08-31 02:06:13.729 23 INFO neutron.api.wsgi [-] 10.0.0.177 "GET / HTTP/1.1" status: 200 len: 228 time: 0.0017207
2026-08-31 02:06:17.480 27 DEBUG neutron_lib.callbacks.manager [None req-b1d86e8b-8fcc-4706-90cf-c3e5138a8328 - - - - - -] Publish callbacks ['neutron.services.segments.db._update_segment_host_mapping_for_agent-8780553715577', 'neutron.plugins.ml2.plugin.Ml2Plugin._retry_binding_revived_agents-1364564'] for agent (c3ff98f0-8544-42b9-a441-850829766818), after_update _notify_loop /var/lib/kolla/venv/lib64/python3.9/site-packages/neutron_lib/callbacks/manager.py:184
2026-08-31 02:06:24.778 30 DEBUG neutron.db.agents_db [None req-a9251f7f-cf1f-49f7-a60c-833c0d5955a6 - - - - - -] Agent healthcheck: found 2 active agents agent_health_check /var/lib/kolla/venv/lib64/python3.9/site-packages/neutron/db/agents_db.py:317
2026-08-31 02:06:37.550 26 DEBUG neutron_lib.callbacks.manager [None req-618e8b92-8ecc-4df4-9359-1158376d91c2 - - - - - -] Publish callbacks ['neutron.services.segments.db._update_segment_host_mapping_for_agent-8780553715577', 'neutron.plugins.ml2.plugin.Ml2Plugin._retry_binding_revived_agents-1364564'] for agent (18cd1142-8d1e-4e49-abf3-2ac37d1ad502), after_update _notify_loop /var/lib/kolla/venv/lib64/python3.9/site-packages/neutron_lib/callbacks/manager.py:184
2026-08-31 02:06:43.774 23 DEBUG neutron.api.wsgi [-] (23) accepted ('10.0.0.177', 39330) server /var/lib/kolla/venv/lib64/python3.9/site-packages/eventlet/wsgi.py:1037
2026-08-31 02:06:43.776 23 INFO neutron.api.wsgi [-] 10.0.0.177 "GET / HTTP/1.1" status: 200 len: 228 time: 0.0013666
2026-08-31 02:06:47.457 24 DEBUG neutron_lib.callbacks.manager [None req-6d6177ef-add8-4fef-8c84-9cffe69a29fe - - - - - -] Publish callbacks ['neutron.services.segments.db._update_segment_host_mapping_for_agent-8780553715577', 'neutron.plugins.ml2.plugin.Ml2Plugin._retry_binding_revived_agents-1364564'] for agent (c3ff98f0-8544-42b9-a441-850829766818), after_update _notify_loop /var/lib/kolla/venv/lib64/python3.9/site-packages/neutron_lib/callbacks/manager.py:184
2026-08-31 02:07:01.778 30 DEBUG neutron.db.agents_db [None req-a9251f7f-cf1f-49f7-a60c-833c0d5955a6 - - - - - -] Agent healthcheck: found 2 active agents agent_health_check /var/lib/kolla/venv/lib64/python3.9/site-packages/neutron/db/agents_db.py:317
2026-08-31 02:07:07.550 25 DEBUG neutron_lib.callbacks.manager [None req-618e8b92-8ecc-4df4-9359-1158376d91c2 - - - - - -] Publish callbacks ['neutron.services.segments.db._update_segment_host_mapping_for_agent-8780553715577', 'neutron.plugins.ml2.plugin.Ml2Plugin._retry_binding_revived_agents-1364564'] for agent (18cd1142-8d1e-4e49-abf3-2ac37d1ad502), after_update _notify_loop /var/lib/kolla/venv/lib64/python3.9/site-packages/neutron_lib/callbacks/manager.py:184
2026-08-31 02:07:13.820 23 DEBUG neutron.api.wsgi [-] (23) accepted ('10.0.0.177', 51184) server /var/lib/kolla/venv/lib64/python3.9/site-packages/eventlet/wsgi.py:1037
2026-08-31 02:07:13.823 23 INFO neutron.api.wsgi [-] 10.0.0.177 "GET / HTTP/1.1" status: 200 len: 228 time: 0.0014040
2026-08-31 02:07:17.456 28 DEBUG neutron_lib.callbacks.manager [None req-fcefbb22-ead4-48ce-8683-2c174adf0746 - - - - - -] Publish callbacks ['neutron.services.segments.db._update_segment_host_mapping_for_agent-8780553715577', 'neutron.plugins.ml2.plugin.Ml2Plugin._retry_binding_revived_agents-1364564'] for agent (c3ff98f0-8544-42b9-a441-850829766818), after_update _notify_loop /var/lib/kolla/venv/lib64/python3.9/site-packages/neutron_lib/callbacks/manager.py:184
2026-08-31 02:07:37.549 29 DEBUG neutron_lib.callbacks.manager [None req-618e8b92-8ecc-4df4-9359-1158376d91c2 - - - - - -] Publish callbacks ['neutron.services.segments.db._update_segment_host_mapping_for_agent-8780553715577', 'neutron.plugins.ml2.plugin.Ml2Plugin._retry_binding_revived_agents-1364564'] for agent (18cd1142-8d1e-4e49-abf3-2ac37d1ad502), after_update _notify_loop /var/lib/kolla/venv/lib64/python3.9/site-packages/neutron_lib/callbacks/manager.py:184
2026-08-31 02:07:38.778 30 DEBUG neutron.db.agents_db [None req-a9251f7f-cf1f-49f7-a60c-833c0d5955a6 - - - - - -] Agent healthcheck: found 2 active agents agent_health_check /var/lib/kolla/venv/lib64/python3.9/site-packages/neutron/db/agents_db.py:317
2026-08-31 02:07:43.869 23 DEBUG neutron.api.wsgi [-] (23) accepted ('10.0.0.177', 41224) server /var/lib/kolla/venv/lib64/python3.9/site-packages/eventlet/wsgi.py:1037
2026-08-31 02:07:43.871 23 INFO neutron.api.wsgi [-] 10.0.0.177 "GET / HTTP/1.1" status: 200 len: 228 time: 0.0017488
2026-08-31 02:07:47.461 27 DEBUG neutron_lib.callbacks.manager [None req-94101b55-2baa-4606-98c8-272db7041e4f - - - - - -] Publish callbacks ['neutron.services.segments.db._update_segment_host_mapping_for_agent-8780553715577', 'neutron.plugins.ml2.plugin.Ml2Plugin._retry_binding_revived_agents-1364564'] for agent (c3ff98f0-8544-42b9-a441-850829766818), after_update _notify_loop /var/lib/kolla/venv/lib64/python3.9/site-packages/neutron_lib/callbacks/manager.py:184
2026-08-31 02:08:07.550 26 DEBUG neutron_lib.callbacks.manager [None req-618e8b92-8ecc-4df4-9359-1158376d91c2 - - - - - -] Publish callbacks ['neutron.services.segments.db._update_segment_host_mapping_for_agent-8780553715577', 'neutron.plugins.ml2.plugin.Ml2Plugin._retry_binding_revived_agents-1364564'] for agent (18cd1142-8d1e-4e49-abf3-2ac37d1ad502), after_update _notify_loop /var/lib/kolla/venv/lib64/python3.9/site-packages/neutron_lib/callbacks/manager.py:184
2026-08-31 02:08:13.917 23 DEBUG neutron.api.wsgi [-] (23) accepted ('10.0.0.177', 56790) server /var/lib/kolla/venv/lib64/python3.9/site-packages/eventlet/wsgi.py:1037
2026-08-31 02:08:13.919 23 INFO neutron.api.wsgi [-] 10.0.0.177 "GET / HTTP/1.1" status: 200 len: 228 time: 0.0013635
2026-08-31 02:08:15.777 30 DEBUG neutron.db.agents_db [None req-a9251f7f-cf1f-49f7-a60c-833c0d5955a6 - - - - - -] Agent healthcheck: found 2 active agents agent_health_check /var/lib/kolla/venv/lib64/python3.9/site-packages/neutron/db/agents_db.py:317
2026-08-31 02:08:17.460 24 DEBUG neutron_lib.callbacks.manager [None req-a74fe878-e9a5-4946-afc6-623ba57cc26c - - - - - -] Publish callbacks ['neutron.services.segments.db._update_segment_host_mapping_for_agent-8780553715577', 'neutron.plugins.ml2.plugin.Ml2Plugin._retry_binding_revived_agents-1364564'] for agent (c3ff98f0-8544-42b9-a441-850829766818), after_update _notify_loop /var/lib/kolla/venv/lib64/python3.9/site-packages/neutron_lib/callbacks/manager.py:184
2026-08-31 02:08:37.666 25 DEBUG neutron_lib.callbacks.manager [None req-618e8b92-8ecc-4df4-9359-1158376d91c2 - - - - - -] Publish callbacks ['neutron.services.segments.db._update_segment_host_mapping_for_agent-8780553715577', 'neutron.plugins.ml2.plugin.Ml2Plugin._retry_binding_revived_agents-1364564'] for agent (18cd1142-8d1e-4e49-abf3-2ac37d1ad502), after_update _notify_loop /var/lib/kolla/venv/lib64/python3.9/site-packages/neutron_lib/callbacks/manager.py:184
2026-08-31 02:08:43.966 23 DEBUG neutron.api.wsgi [-] (23) accepted ('10.0.0.177', 34936) server /var/lib/kolla/venv/lib64/python3.9/site-packages/eventlet/wsgi.py:1037
2026-08-31 02:08:43.968 23 INFO neutron.api.wsgi [-] 10.0.0.177 "GET / HTTP/1.1" status: 200 len: 228 time: 0.0014787
2026-08-31 02:08:47.462 28 DEBUG neutron_lib.callbacks.manager [None req-1d685b1e-96a2-4b79-8b87-f648d86c4c50 - - - - - -] Publish callbacks ['neutron.services.segments.db._update_segment_host_mapping_for_agent-8780553715577', 'neutron.plugins.ml2.plugin.Ml2Plugin._retry_binding_revived_agents-1364564'] for agent (c3ff98f0-8544-42b9-a441-850829766818), after_update _notify_loop /var/lib/kolla/venv/lib64/python3.9/site-packages/neutron_lib/callbacks/manager.py:184
2026-08-31 02:08:52.784 30 DEBUG neutron.db.agents_db [None req-a9251f7f-cf1f-49f7-a60c-833c0d5955a6 - - - - - -] Agent healthcheck: found 2 active agents agent_health_check /var/lib/kolla/venv/lib64/python3.9/site-packages/neutron/db/agents_db.py:317
2026-08-31 02:09:07.548 29 DEBUG neutron_lib.callbacks.manager [None req-618e8b92-8ecc-4df4-9359-1158376d91c2 - - - - - -] Publish callbacks ['neutron.services.segments.db._update_segment_host_mapping_for_agent-8780553715577', 'neutron.plugins.ml2.plugin.Ml2Plugin._retry_binding_revived_agents-1364564'] for agent (18cd1142-8d1e-4e49-abf3-2ac37d1ad502), after_update _notify_loop /var/lib/kolla/venv/lib64/python3.9/site-packages/neutron_lib/callbacks/manager.py:184
2026-08-31 02:09:14.013 23 DEBUG neutron.api.wsgi [-] (23) accepted ('10.0.0.177', 40368) server /var/lib/kolla/venv/lib64/python3.9/site-packages/eventlet/wsgi.py:1037
2026-08-31 02:09:14.016 23 INFO neutron.api.wsgi [-] 10.0.0.177 "GET / HTTP/1.1" status: 200 len: 228 time: 0.0017574
2026-08-31 02:09:17.462 27 DEBUG neutron_lib.callbacks.manager [None req-567b13eb-5c59-429e-8e08-8be5d5ebceda - - - - - -] Publish callbacks ['neutron.services.segments.db._update_segment_host_mapping_for_agent-8780553715577', 'neutron.plugins.ml2.plugin.Ml2Plugin._retry_binding_revived_agents-1364564'] for agent (c3ff98f0-8544-42b9-a441-850829766818), after_update _notify_loop /var/lib/kolla/venv/lib64/python3.9/site-packages/neutron_lib/callbacks/manager.py:184
2026-08-31 02:09:29.782 30 DEBUG neutron.db.agents_db [None req-a9251f7f-cf1f-49f7-a60c-833c0d5955a6 - - - - - -] Agent healthcheck: found 2 active agents agent_health_check /var/lib/kolla/venv/lib64/python3.9/site-packages/neutron/db/agents_db.py:317
2026-08-31 02:09:37.546 26 DEBUG neutron_lib.callbacks.manager [None req-618e8b92-8ecc-4df4-9359-1158376d91c2 - - - - - -] Publish callbacks ['neutron.services.segments.db._update_segment_host_mapping_for_agent-8780553715577', 'neutron.plugins.ml2.plugin.Ml2Plugin._retry_binding_revived_agents-1364564'] for agent (18cd1142-8d1e-4e49-abf3-2ac37d1ad502), after_update _notify_loop /var/lib/kolla/venv/lib64/python3.9/site-packages/neutron_lib/callbacks/manager.py:184
2026-08-31 02:09:44.062 23 DEBUG neutron.api.wsgi [-] (23) accepted ('10.0.0.177', 37124) server /var/lib/kolla/venv/lib64/python3.9/site-packages/eventlet/wsgi.py:1037
2026-08-31 02:09:44.065 23 INFO neutron.api.wsgi [-] 10.0.0.177 "GET / HTTP/1.1" status: 200 len: 228 time: 0.0018995
2026-08-31 02:09:47.458 24 DEBUG neutron_lib.callbacks.manager [None req-d59bc6a2-c624-4fcd-b6ad-ed32ecf94a63 - - - - - -] Publish callbacks ['neutron.services.segments.db._update_segment_host_mapping_for_agent-8780553715577', 'neutron.plugins.ml2.plugin.Ml2Plugin._retry_binding_revived_agents-1364564'] for agent (c3ff98f0-8544-42b9-a441-850829766818), after_update _notify_loop /var/lib/kolla/venv/lib64/python3.9/site-packages/neutron_lib/callbacks/manager.py:184
2026-08-31 02:10:06.786 30 DEBUG neutron.db.agents_db [None req-a9251f7f-cf1f-49f7-a60c-833c0d5955a6 - - - - - -] Agent healthcheck: found 2 active agents agent_health_check /var/lib/kolla/venv/lib64/python3.9/site-packages/neutron/db/agents_db.py:317
2026-08-31 02:10:07.564 25 DEBUG neutron_lib.callbacks.manager [None req-618e8b92-8ecc-4df4-9359-1158376d91c2 - - - - - -] Publish callbacks ['neutron.services.segments.db._update_segment_host_mapping_for_agent-8780553715577', 'neutron.plugins.ml2.plugin.Ml2Plugin._retry_binding_revived_agents-1364564'] for agent (18cd1142-8d1e-4e49-abf3-2ac37d1ad502), after_update _notify_loop /var/lib/kolla/venv/lib64/python3.9/site-packages/neutron_lib/callbacks/manager.py:184
2026-08-31 02:10:14.111 23 DEBUG neutron.api.wsgi [-] (23) accepted ('10.0.0.177', 41172) server /var/lib/kolla/venv/lib64/python3.9/site-packages/eventlet/wsgi.py:1037
2026-08-31 02:10:14.113 23 INFO neutron.api.wsgi [-] 10.0.0.177 "GET / HTTP/1.1" status: 200 len: 228 time: 0.0013664
2026-08-31 02:10:17.460 28 DEBUG neutron_lib.callbacks.manager [None req-7a233ba7-525f-422f-9153-57a755de8c73 - - - - - -] Publish callbacks ['neutron.services.segments.db._update_segment_host_mapping_for_agent-8780553715577', 'neutron.plugins.ml2.plugin.Ml2Plugin._retry_binding_revived_agents-1364564'] for agent (c3ff98f0-8544-42b9-a441-850829766818), after_update _notify_loop /var/lib/kolla/venv/lib64/python3.9/site-packages/neutron_lib/callbacks/manager.py:184
2026-08-31 02:10:37.543 29 DEBUG neutron_lib.callbacks.manager [None req-618e8b92-8ecc-4df4-9359-1158376d91c2 - - - - - -] Publish callbacks ['neutron.services.segments.db._update_segment_host_mapping_for_agent-8780553715577', 'neutron.plugins.ml2.plugin.Ml2Plugin._retry_binding_revived_agents-1364564'] for agent (18cd1142-8d1e-4e49-abf3-2ac37d1ad502), after_update _notify_loop /var/lib/kolla/venv/lib64/python3.9/site-packages/neutron_lib/callbacks/manager.py:184
2026-08-31 02:10:43.785 30 DEBUG neutron.db.agents_db [None req-a9251f7f-cf1f-49f7-a60c-833c0d5955a6 - - - - - -] Agent healthcheck: found 2 active agents agent_health_check /var/lib/kolla/venv/lib64/python3.9/site-packages/neutron/db/agents_db.py:317
2026-08-31 02:10:44.158 23 DEBUG neutron.api.wsgi [-] (23) accepted ('10.0.0.177', 56806) server /var/lib/kolla/venv/lib64/python3.9/site-packages/eventlet/wsgi.py:1037
2026-08-31 02:10:44.161 23 INFO neutron.api.wsgi [-] 10.0.0.177 "GET / HTTP/1.1" status: 200 len: 228 time: 0.0013690
2026-08-31 02:10:47.456 27 DEBUG neutron_lib.callbacks.manager [None req-bdb16b97-7af1-49a1-83e6-5333eb41268e - - - - - -] Publish callbacks ['neutron.services.segments.db._update_segment_host_mapping_for_agent-8780553715577', 'neutron.plugins.ml2.plugin.Ml2Plugin._retry_binding_revived_agents-1364564'] for agent (c3ff98f0-8544-42b9-a441-850829766818), after_update _notify_loop /var/lib/kolla/venv/lib64/python3.9/site-packages/neutron_lib/callbacks/manager.py:184
2026-08-31 02:11:07.546 26 DEBUG neutron_lib.callbacks.manager [None req-618e8b92-8ecc-4df4-9359-1158376d91c2 - - - - - -] Publish callbacks ['neutron.services.segments.db._update_segment_host_mapping_for_agent-8780553715577', 'neutron.plugins.ml2.plugin.Ml2Plugin._retry_binding_revived_agents-1364564'] for agent (18cd1142-8d1e-4e49-abf3-2ac37d1ad502), after_update _notify_loop /var/lib/kolla/venv/lib64/python3.9/site-packages/neutron_lib/callbacks/manager.py:184
2026-08-31 02:11:14.213 23 DEBUG neutron.api.wsgi [-] (23) accepted ('10.0.0.177', 37538) server /var/lib/kolla/venv/lib64/python3.9/site-packages/eventlet/wsgi.py:1037
2026-08-31 02:11:14.215 23 INFO neutron.api.wsgi [-] 10.0.0.177 "GET / HTTP/1.1" status: 200 len: 228 time: 0.0015161
2026-08-31 02:11:17.455 24 DEBUG neutron_lib.callbacks.manager [None req-d1ae0a2c-786d-4496-adaa-3d98cce1bf79 - - - - - -] Publish callbacks ['neutron.services.segments.db._update_segment_host_mapping_for_agent-8780553715577', 'neutron.plugins.ml2.plugin.Ml2Plugin._retry_binding_revived_agents-1364564'] for agent (c3ff98f0-8544-42b9-a441-850829766818), after_update _notify_loop /var/lib/kolla/venv/lib64/python3.9/site-packages/neutron_lib/callbacks/manager.py:184
2026-08-31 02:11:20.785 30 DEBUG neutron.db.agents_db [None req-a9251f7f-cf1f-49f7-a60c-833c0d5955a6 - - - - - -] Agent healthcheck: found 2 active agents agent_health_check /var/lib/kolla/venv/lib64/python3.9/site-packages/neutron/db/agents_db.py:317
2026-08-31 02:11:37.544 25 DEBUG neutron_lib.callbacks.manager [None req-618e8b92-8ecc-4df4-9359-1158376d91c2 - - - - - -] Publish callbacks ['neutron.services.segments.db._update_segment_host_mapping_for_agent-8780553715577', 'neutron.plugins.ml2.plugin.Ml2Plugin._retry_binding_revived_agents-1364564'] for agent (18cd1142-8d1e-4e49-abf3-2ac37d1ad502), after_update _notify_loop /var/lib/kolla/venv/lib64/python3.9/site-packages/neutron_lib/callbacks/manager.py:184
2026-08-31 02:11:44.283 23 DEBUG neutron.api.wsgi [-] (23) accepted ('10.0.0.177', 55584) server /var/lib/kolla/venv/lib64/python3.9/site-packages/eventlet/wsgi.py:1037
2026-08-31 02:11:44.287 23 INFO neutron.api.wsgi [-] 10.0.0.177 "GET / HTTP/1.1" status: 200 len: 228 time: 0.0029552
2026-08-31 02:11:47.453 28 DEBUG neutron_lib.callbacks.manager [None req-8cf1dc49-298f-4895-8825-f26200068231 - - - - - -] Publish callbacks ['neutron.services.segments.db._update_segment_host_mapping_for_agent-8780553715577', 'neutron.plugins.ml2.plugin.Ml2Plugin._retry_binding_revived_agents-1364564'] for agent (c3ff98f0-8544-42b9-a441-850829766818), after_update _notify_loop /var/lib/kolla/venv/lib64/python3.9/site-packages/neutron_lib/callbacks/manager.py:184
2026-08-31 02:11:57.783 30 DEBUG neutron.db.agents_db [None req-a9251f7f-cf1f-49f7-a60c-833c0d5955a6 - - - - - -] Agent healthcheck: found 2 active agents agent_health_check /var/lib/kolla/venv/lib64/python3.9/site-packages/neutron/db/agents_db.py:317
2026-08-31 02:12:07.545 29 DEBUG neutron_lib.callbacks.manager [None req-618e8b92-8ecc-4df4-9359-1158376d91c2 - - - - - -] Publish callbacks ['neutron.services.segments.db._update_segment_host_mapping_for_agent-8780553715577', 'neutron.plugins.ml2.plugin.Ml2Plugin._retry_binding_revived_agents-1364564'] for agent (18cd1142-8d1e-4e49-abf3-2ac37d1ad502), after_update _notify_loop /var/lib/kolla/venv/lib64/python3.9/site-packages/neutron_lib/callbacks/manager.py:184
2026-08-31 02:12:14.335 23 DEBUG neutron.api.wsgi [-] (23) accepted ('10.0.0.177', 41592) server /var/lib/kolla/venv/lib64/python3.9/site-packages/eventlet/wsgi.py:1037
2026-08-31 02:12:14.337 23 INFO neutron.api.wsgi [-] 10.0.0.177 "GET / HTTP/1.1" status: 200 len: 228 time: 0.0013833
2026-08-31 02:12:17.455 27 DEBUG neutron_lib.callbacks.manager [None req-474f43d1-153f-42f2-84e8-2738ef61b3b2 - - - - - -] Publish callbacks ['neutron.services.segments.db._update_segment_host_mapping_for_agent-8780553715577', 'neutron.plugins.ml2.plugin.Ml2Plugin._retry_binding_revived_agents-1364564'] for agent (c3ff98f0-8544-42b9-a441-850829766818), after_update _notify_loop /var/lib/kolla/venv/lib64/python3.9/site-packages/neutron_lib/callbacks/manager.py:184
2026-08-31 02:12:34.781 30 DEBUG neutron.db.agents_db [None req-a9251f7f-cf1f-49f7-a60c-833c0d5955a6 - - - - - -] Agent healthcheck: found 2 active agents agent_health_check /var/lib/kolla/venv/lib64/python3.9/site-packages/neutron/db/agents_db.py:317
2026-08-31 02:12:37.540 26 DEBUG neutron_lib.callbacks.manager [None req-618e8b92-8ecc-4df4-9359-1158376d91c2 - - - - - -] Publish callbacks ['neutron.services.segments.db._update_segment_host_mapping_for_agent-8780553715577', 'neutron.plugins.ml2.plugin.Ml2Plugin._retry_binding_revived_agents-1364564'] for agent (18cd1142-8d1e-4e49-abf3-2ac37d1ad502), after_update _notify_loop /var/lib/kolla/venv/lib64/python3.9/site-packages/neutron_lib/callbacks/manager.py:184
2026-08-31 02:12:44.384 23 DEBUG neutron.api.wsgi [-] (23) accepted ('10.0.0.177', 59108) server /var/lib/kolla/venv/lib64/python3.9/site-packages/eventlet/wsgi.py:1037
2026-08-31 02:12:44.386 23 INFO neutron.api.wsgi [-] 10.0.0.177 "GET / HTTP/1.1" status: 200 len: 228 time: 0.0015643
2026-08-31 02:12:47.451 24 DEBUG neutron_lib.callbacks.manager [None req-22eb3036-69c3-47a0-a01a-730fb182670d - - - - - -] Publish callbacks ['neutron.services.segments.db._update_segment_host_mapping_for_agent-8780553715577', 'neutron.plugins.ml2.plugin.Ml2Plugin._retry_binding_revived_agents-1364564'] for agent (c3ff98f0-8544-42b9-a441-850829766818), after_update _notify_loop /var/lib/kolla/venv/lib64/python3.9/site-packages/neutron_lib/callbacks/manager.py:184
2026-08-31 02:13:07.537 25 DEBUG neutron_lib.callbacks.manager [None req-618e8b92-8ecc-4df4-9359-1158376d91c2 - - - - - -] Publish callbacks ['neutron.services.segments.db._update_segment_host_mapping_for_agent-8780553715577', 'neutron.plugins.ml2.plugin.Ml2Plugin._retry_binding_revived_agents-1364564'] for agent (18cd1142-8d1e-4e49-abf3-2ac37d1ad502), after_update _notify_loop /var/lib/kolla/venv/lib64/python3.9/site-packages/neutron_lib/callbacks/manager.py:184
2026-08-31 02:13:08.337 7 INFO oslo_service.service [-] Caught SIGTERM, stopping children
2026-08-31 02:13:08.338 7 DEBUG oslo_concurrency.lockutils [-] Acquiring lock "singleton_lock" lock /var/lib/kolla/venv/lib64/python3.9/site-packages/oslo_concurrency/lockutils.py:310
2026-08-31 02:13:08.338 7 DEBUG oslo_concurrency.lockutils [-] Acquired lock "singleton_lock" lock /var/lib/kolla/venv/lib64/python3.9/site-packages/oslo_concurrency/lockutils.py:313
2026-08-31 02:13:08.338 7 DEBUG oslo_concurrency.lockutils [-] Releasing lock "singleton_lock" lock /var/lib/kolla/venv/lib64/python3.9/site-packages/oslo_concurrency/lockutils.py:331
2026-08-31 02:13:08.338 7 DEBUG oslo_service.service [-] Stop services. stop /var/lib/kolla/venv/lib64/python3.9/site-packages/oslo_service/service.py:699
2026-08-31 02:13:08.338 7 DEBUG neutron.service [-] calling RpcWorker stop() stop /var/lib/kolla/venv/lib64/python3.9/site-packages/neutron/service.py:142
2026-08-31 02:13:08.338 7 DEBUG neutron.service [-] calling RpcWorker stop() stop /var/lib/kolla/venv/lib64/python3.9/site-packages/neutron/service.py:142
2026-08-31 02:13:08.338 7 DEBUG oslo_service.service [-] Killing children. stop /var/lib/kolla/venv/lib64/python3.9/site-packages/oslo_service/service.py:704
2026-08-31 02:13:08.339 7 INFO oslo_service.service [-] Waiting on 8 children to exit
2026-08-31 02:13:08.339 25 DEBUG neutron.service [-] calling RpcWorker stop() stop /var/lib/kolla/venv/lib64/python3.9/site-packages/neutron/service.py:142
2026-08-31 02:13:08.339 23 INFO neutron.api.wsgi [-] (23) wsgi exited, is_accepting=True
2026-08-31 02:13:08.339 26 DEBUG neutron.service [-] calling RpcWorker stop() stop /var/lib/kolla/venv/lib64/python3.9/site-packages/neutron/service.py:142
2026-08-31 02:13:08.339 24 DEBUG neutron.service [-] calling RpcWorker stop() stop /var/lib/kolla/venv/lib64/python3.9/site-packages/neutron/service.py:142
2026-08-31 02:13:08.340 25 DEBUG neutron.service [-] calling stop on stop /var/lib/kolla/venv/lib64/python3.9/site-packages/neutron/service.py:145
2026-08-31 02:13:08.340 27 DEBUG neutron.service [-] calling RpcWorker stop() stop /var/lib/kolla/venv/lib64/python3.9/site-packages/neutron/service.py:142
2026-08-31 02:13:08.340 26 DEBUG neutron.service [-] calling stop on stop /var/lib/kolla/venv/lib64/python3.9/site-packages/neutron/service.py:145
2026-08-31 02:13:08.340 23 DEBUG oslo_concurrency.lockutils [None req-63fd8b66-3ae8-42ec-aeeb-b4852b6e0067 - - - - - -] Acquiring lock "singleton_lock" lock /var/lib/kolla/venv/lib64/python3.9/site-packages/oslo_concurrency/lockutils.py:310
2026-08-31 02:13:08.340 24 DEBUG neutron.service [-] calling stop on stop /var/lib/kolla/venv/lib64/python3.9/site-packages/neutron/service.py:145
2026-08-31 02:13:08.341 23 DEBUG oslo_concurrency.lockutils [None req-63fd8b66-3ae8-42ec-aeeb-b4852b6e0067 - - - - - -] Acquired lock "singleton_lock" lock /var/lib/kolla/venv/lib64/python3.9/site-packages/oslo_concurrency/lockutils.py:313
2026-08-31 02:13:08.342 23 DEBUG oslo_concurrency.lockutils [None req-63fd8b66-3ae8-42ec-aeeb-b4852b6e0067 - - - - - -] Releasing lock "singleton_lock" lock /var/lib/kolla/venv/lib64/python3.9/site-packages/oslo_concurrency/lockutils.py:331
2026-08-31 02:13:08.340 27 DEBUG neutron.service [-] calling stop on stop /var/lib/kolla/venv/lib64/python3.9/site-packages/neutron/service.py:145
2026-08-31 02:13:08.342 30 DEBUG neutron.service [-] calling RpcWorker stop() stop /var/lib/kolla/venv/lib64/python3.9/site-packages/neutron/service.py:142
2026-08-31 02:13:08.342 29 DEBUG neutron.service [-] calling RpcWorker stop() stop /var/lib/kolla/venv/lib64/python3.9/site-packages/neutron/service.py:142
2026-08-31 02:13:08.342 30 DEBUG neutron.service [-] calling stop on stop /var/lib/kolla/venv/lib64/python3.9/site-packages/neutron/service.py:145
2026-08-31 02:13:08.342 29 DEBUG neutron.service [-] calling stop on stop /var/lib/kolla/venv/lib64/python3.9/site-packages/neutron/service.py:145
2026-08-31 02:13:08.347 7 INFO oslo_service.service [-] Child 23 exited with status 0
2026-08-31 02:13:08.347 28 DEBUG neutron.service [-] calling RpcWorker stop() stop /var/lib/kolla/venv/lib64/python3.9/site-packages/neutron/service.py:142
2026-08-31 02:13:08.348 28 DEBUG neutron.service [-] calling stop on stop /var/lib/kolla/venv/lib64/python3.9/site-packages/neutron/service.py:145
2026-08-31 02:13:10.684 27 DEBUG oslo_concurrency.lockutils [None req-63fd8b66-3ae8-42ec-aeeb-b4852b6e0067 - - - - - -] Acquiring lock "singleton_lock" lock /var/lib/kolla/venv/lib64/python3.9/site-packages/oslo_concurrency/lockutils.py:310
2026-08-31 02:13:10.685 27 DEBUG oslo_concurrency.lockutils [None req-63fd8b66-3ae8-42ec-aeeb-b4852b6e0067 - - - - - -] Acquired lock "singleton_lock" lock /var/lib/kolla/venv/lib64/python3.9/site-packages/oslo_concurrency/lockutils.py:313
2026-08-31 02:13:10.685 27 DEBUG oslo_concurrency.lockutils [None req-63fd8b66-3ae8-42ec-aeeb-b4852b6e0067 - - - - - -] Releasing lock "singleton_lock" lock /var/lib/kolla/venv/lib64/python3.9/site-packages/oslo_concurrency/lockutils.py:331
2026-08-31 02:13:10.685 27 DEBUG neutron.service [None req-63fd8b66-3ae8-42ec-aeeb-b4852b6e0067 - - - - - -] calling RpcWorker wait() _wait /var/lib/kolla/venv/lib64/python3.9/site-packages/neutron/service.py:132
2026-08-31 02:13:10.686 27 DEBUG neutron.service [None req-63fd8b66-3ae8-42ec-aeeb-b4852b6e0067 - - - - - -] calling wait on _wait /var/lib/kolla/venv/lib64/python3.9/site-packages/neutron/service.py:135
2026-08-31 02:13:10.694 27 WARNING amqp [None req-63fd8b66-3ae8-42ec-aeeb-b4852b6e0067 - - - - - -] Received method (60, 30) during closing channel 1. This method will be ignored
2026-08-31 02:13:10.696 27 DEBUG neutron.service [None req-63fd8b66-3ae8-42ec-aeeb-b4852b6e0067 - - - - - -] returning from RpcWorker wait() _wait /var/lib/kolla/venv/lib64/python3.9/site-packages/neutron/service.py:139
2026-08-31 02:13:10.702 7 INFO oslo_service.service [-] Child 27 exited with status 0
2026-08-31 02:13:11.778 30 DEBUG neutron.db.agents_db [None req-a9251f7f-cf1f-49f7-a60c-833c0d5955a6 - - - - - -] Agent healthcheck: found 2 active agents agent_health_check /var/lib/kolla/venv/lib64/python3.9/site-packages/neutron/db/agents_db.py:317
2026-08-31 02:13:16.772 25 DEBUG neutron.service [-] calling stop on stop /var/lib/kolla/venv/lib64/python3.9/site-packages/neutron/service.py:145
2026-08-31 02:13:16.773 24 DEBUG neutron.service [-] calling stop on stop /var/lib/kolla/venv/lib64/python3.9/site-packages/neutron/service.py:145
2026-08-31 02:13:16.781 28 DEBUG oslo_concurrency.lockutils [None req-63fd8b66-3ae8-42ec-aeeb-b4852b6e0067 - - - - - -] Acquiring lock "singleton_lock" lock /var/lib/kolla/venv/lib64/python3.9/site-packages/oslo_concurrency/lockutils.py:310
2026-08-31 02:13:16.782 28 DEBUG oslo_concurrency.lockutils [None req-63fd8b66-3ae8-42ec-aeeb-b4852b6e0067 - - - - - -] Acquired lock "singleton_lock" lock /var/lib/kolla/venv/lib64/python3.9/site-packages/oslo_concurrency/lockutils.py:313
2026-08-31 02:13:16.782 28 DEBUG oslo_concurrency.lockutils [None req-63fd8b66-3ae8-42ec-aeeb-b4852b6e0067 - - - - - -] Releasing lock "singleton_lock" lock /var/lib/kolla/venv/lib64/python3.9/site-packages/oslo_concurrency/lockutils.py:331
2026-08-31 02:13:16.782 28 DEBUG neutron.service [None req-63fd8b66-3ae8-42ec-aeeb-b4852b6e0067 - - - - - -] calling RpcWorker wait() _wait /var/lib/kolla/venv/lib64/python3.9/site-packages/neutron/service.py:132
2026-08-31 02:13:16.782 28 DEBUG neutron.service [None req-63fd8b66-3ae8-42ec-aeeb-b4852b6e0067 - - - - - -] calling wait on _wait /var/lib/kolla/venv/lib64/python3.9/site-packages/neutron/service.py:135
2026-08-31 02:13:16.784 29 DEBUG oslo_concurrency.lockutils [None req-63fd8b66-3ae8-42ec-aeeb-b4852b6e0067 - - - - - -] Acquiring lock "singleton_lock" lock /var/lib/kolla/venv/lib64/python3.9/site-packages/oslo_concurrency/lockutils.py:310
2026-08-31 02:13:16.785 29 DEBUG oslo_concurrency.lockutils [None req-63fd8b66-3ae8-42ec-aeeb-b4852b6e0067 - - - - - -] Acquired lock "singleton_lock" lock /var/lib/kolla/venv/lib64/python3.9/site-packages/oslo_concurrency/lockutils.py:313
2026-08-31 02:13:16.785 29 DEBUG oslo_concurrency.lockutils [None req-63fd8b66-3ae8-42ec-aeeb-b4852b6e0067 - - - - - -] Releasing lock "singleton_lock" lock /var/lib/kolla/venv/lib64/python3.9/site-packages/oslo_concurrency/lockutils.py:331
2026-08-31 02:13:16.785 29 DEBUG neutron.service [None req-63fd8b66-3ae8-42ec-aeeb-b4852b6e0067 - - - - - -] calling RpcWorker wait() _wait /var/lib/kolla/venv/lib64/python3.9/site-packages/neutron/service.py:132
2026-08-31 02:13:16.786 26 DEBUG neutron.service [-] calling stop on stop /var/lib/kolla/venv/lib64/python3.9/site-packages/neutron/service.py:145
2026-08-31 02:13:16.787 29 DEBUG neutron.service [None req-63fd8b66-3ae8-42ec-aeeb-b4852b6e0067 - - - - - -] calling wait on _wait /var/lib/kolla/venv/lib64/python3.9/site-packages/neutron/service.py:135
2026-08-31 02:13:16.788 28 WARNING amqp [None req-63fd8b66-3ae8-42ec-aeeb-b4852b6e0067 - - - - - -] Received method (60, 30) during closing channel 1. This method will be ignored
2026-08-31 02:13:16.789 28 DEBUG neutron.service [None req-63fd8b66-3ae8-42ec-aeeb-b4852b6e0067 - - - - - -] returning from RpcWorker wait() _wait /var/lib/kolla/venv/lib64/python3.9/site-packages/neutron/service.py:139
2026-08-31 02:13:16.794 29 WARNING amqp [None req-63fd8b66-3ae8-42ec-aeeb-b4852b6e0067 - - - - - -] Received method (60, 30) during closing channel 1. This method will be ignored
2026-08-31 02:13:16.796 29 DEBUG neutron.service [None req-63fd8b66-3ae8-42ec-aeeb-b4852b6e0067 - - - - - -] returning from RpcWorker wait() _wait /var/lib/kolla/venv/lib64/python3.9/site-packages/neutron/service.py:139
2026-08-31 02:13:16.797 7 INFO oslo_service.service [-] Child 28 exited with status 0
2026-08-31 02:13:16.802 30 DEBUG oslo_concurrency.lockutils [None req-63fd8b66-3ae8-42ec-aeeb-b4852b6e0067 - - - - - -] Acquiring lock "singleton_lock" lock /var/lib/kolla/venv/lib64/python3.9/site-packages/oslo_concurrency/lockutils.py:310
2026-08-31 02:13:16.803 30 DEBUG oslo_concurrency.lockutils [None req-63fd8b66-3ae8-42ec-aeeb-b4852b6e0067 - - - - - -] Acquired lock "singleton_lock" lock /var/lib/kolla/venv/lib64/python3.9/site-packages/oslo_concurrency/lockutils.py:313
2026-08-31 02:13:16.803 7 INFO oslo_service.service [-] Child 29 exited with status 0
2026-08-31 02:13:16.803 30 DEBUG oslo_concurrency.lockutils [None req-63fd8b66-3ae8-42ec-aeeb-b4852b6e0067 - - - - - -] Releasing lock "singleton_lock" lock /var/lib/kolla/venv/lib64/python3.9/site-packages/oslo_concurrency/lockutils.py:331
2026-08-31 02:13:16.804 30 DEBUG neutron.service [None req-63fd8b66-3ae8-42ec-aeeb-b4852b6e0067 - - - - - -] calling RpcWorker wait() _wait /var/lib/kolla/venv/lib64/python3.9/site-packages/neutron/service.py:132
2026-08-31 02:13:16.804 30 DEBUG neutron.service [None req-63fd8b66-3ae8-42ec-aeeb-b4852b6e0067 - - - - - -] calling wait on _wait /var/lib/kolla/venv/lib64/python3.9/site-packages/neutron/service.py:135
2026-08-31 02:13:16.811 30 WARNING amqp [None req-63fd8b66-3ae8-42ec-aeeb-b4852b6e0067 - - - - - -] Received method (60, 30) during closing channel 1. This method will be ignored
2026-08-31 02:13:16.813 30 DEBUG neutron.service [None req-63fd8b66-3ae8-42ec-aeeb-b4852b6e0067 - - - - - -] returning from RpcWorker wait() _wait /var/lib/kolla/venv/lib64/python3.9/site-packages/neutron/service.py:139
2026-08-31 02:13:16.818 7 INFO oslo_service.service [-] Child 30 exited with status 0
2026-08-31 02:13:16.835 25 DEBUG neutron.service [-] calling stop on stop /var/lib/kolla/venv/lib64/python3.9/site-packages/neutron/service.py:145
2026-08-31 02:13:16.835 24 DEBUG neutron.service [-] calling stop on stop /var/lib/kolla/venv/lib64/python3.9/site-packages/neutron/service.py:145
2026-08-31 02:13:16.839 26 DEBUG neutron.service [-] calling stop on stop /var/lib/kolla/venv/lib64/python3.9/site-packages/neutron/service.py:145
2026-08-31 02:13:16.881 26 DEBUG neutron.service [-] calling stop on stop /var/lib/kolla/venv/lib64/python3.9/site-packages/neutron/service.py:145
2026-08-31 02:13:16.894 26 DEBUG oslo_concurrency.lockutils [None req-63fd8b66-3ae8-42ec-aeeb-b4852b6e0067 - - - - - -] Acquiring lock "singleton_lock" lock /var/lib/kolla/venv/lib64/python3.9/site-packages/oslo_concurrency/lockutils.py:310
2026-08-31 02:13:16.894 26 DEBUG oslo_concurrency.lockutils [None req-63fd8b66-3ae8-42ec-aeeb-b4852b6e0067 - - - - - -] Acquired lock "singleton_lock" lock /var/lib/kolla/venv/lib64/python3.9/site-packages/oslo_concurrency/lockutils.py:313
2026-08-31 02:13:16.894 26 DEBUG oslo_concurrency.lockutils [None req-63fd8b66-3ae8-42ec-aeeb-b4852b6e0067 - - - - - -] Releasing lock "singleton_lock" lock /var/lib/kolla/venv/lib64/python3.9/site-packages/oslo_concurrency/lockutils.py:331
2026-08-31 02:13:16.895 26 DEBUG neutron.service [None req-63fd8b66-3ae8-42ec-aeeb-b4852b6e0067 - - - - - -] calling RpcWorker wait() _wait /var/lib/kolla/venv/lib64/python3.9/site-packages/neutron/service.py:132
2026-08-31 02:13:16.895 26 DEBUG neutron.service [None req-63fd8b66-3ae8-42ec-aeeb-b4852b6e0067 - - - - - -] calling wait on _wait /var/lib/kolla/venv/lib64/python3.9/site-packages/neutron/service.py:135
2026-08-31 02:13:16.901 26 WARNING amqp [None req-63fd8b66-3ae8-42ec-aeeb-b4852b6e0067 - - - - - -] Received method (60, 30) during closing channel 1. This method will be ignored
2026-08-31 02:13:16.901 26 DEBUG neutron.service [None req-63fd8b66-3ae8-42ec-aeeb-b4852b6e0067 - - - - - -] calling wait on _wait /var/lib/kolla/venv/lib64/python3.9/site-packages/neutron/service.py:135
2026-08-31 02:13:16.906 26 WARNING amqp [None req-63fd8b66-3ae8-42ec-aeeb-b4852b6e0067 - - - - - -] Received method (60, 30) during closing channel 1. This method will be ignored
2026-08-31 02:13:16.907 26 DEBUG neutron.service [None req-63fd8b66-3ae8-42ec-aeeb-b4852b6e0067 - - - - - -] calling wait on _wait /var/lib/kolla/venv/lib64/python3.9/site-packages/neutron/service.py:135
2026-08-31 02:13:16.912 26 WARNING amqp [None req-63fd8b66-3ae8-42ec-aeeb-b4852b6e0067 - - - - - -] Received method (60, 30) during closing channel 1. This method will be ignored
2026-08-31 02:13:16.913 26 DEBUG neutron.service [None req-63fd8b66-3ae8-42ec-aeeb-b4852b6e0067 - - - - - -] calling wait on _wait /var/lib/kolla/venv/lib64/python3.9/site-packages/neutron/service.py:135
2026-08-31 02:13:16.920 26 WARNING amqp [None req-63fd8b66-3ae8-42ec-aeeb-b4852b6e0067 - - - - - -] Received method (60, 30) during closing channel 1. This method will be ignored
2026-08-31 02:13:16.921 26 DEBUG neutron.service [None req-63fd8b66-3ae8-42ec-aeeb-b4852b6e0067 - - - - - -] returning from RpcWorker wait() _wait /var/lib/kolla/venv/lib64/python3.9/site-packages/neutron/service.py:139
2026-08-31 02:13:16.927 7 INFO oslo_service.service [-] Child 26 exited with status 0
2026-08-31 02:13:17.439 24 DEBUG neutron.service [-] calling stop on stop /var/lib/kolla/venv/lib64/python3.9/site-packages/neutron/service.py:145
2026-08-31 02:13:17.448 24 DEBUG neutron_lib.callbacks.manager [None req-13027cd2-998c-478d-984a-1d0d3a9f0b87 - - - - - -] Publish callbacks ['neutron.services.segments.db._update_segment_host_mapping_for_agent-8780553715577', 'neutron.plugins.ml2.plugin.Ml2Plugin._retry_binding_revived_agents-1364564'] for agent (c3ff98f0-8544-42b9-a441-850829766818), after_update _notify_loop /var/lib/kolla/venv/lib64/python3.9/site-packages/neutron_lib/callbacks/manager.py:184
2026-08-31 02:13:20.538 8 INFO neutron.common.config [-] Logging enabled!
2026-08-31 02:13:20.538 8 INFO neutron.common.config [-] /var/lib/kolla/venv/bin/neutron-server version 25.2.4.dev2
2026-08-31 02:13:20.538 8 DEBUG neutron.common.config [-] command line: /var/lib/kolla/venv/bin/neutron-server --config-file /etc/neutron/neutron.conf --config-file /etc/neutron/ContrailPlugin.ini --config-file /etc/neutron/api-paste.ini setup_logging /var/lib/kolla/venv/lib64/python3.9/site-packages/neutron/common/config.py:123
2026-08-31 02:13:20.539 8 DEBUG neutron.common.config [-] ******************************************************************************** log_opt_values /var/lib/kolla/venv/lib64/python3.9/site-packages/oslo_config/cfg.py:2806
2026-08-31 02:13:20.540 8 DEBUG neutron.common.config [-] Configuration options gathered from: log_opt_values /var/lib/kolla/venv/lib64/python3.9/site-packages/oslo_config/cfg.py:2807
2026-08-31 02:13:20.540 8 DEBUG neutron.common.config [-] command line args: ['--config-file', '/etc/neutron/neutron.conf', '--config-file', '/etc/neutron/ContrailPlugin.ini', '--config-file', '/etc/neutron/api-paste.ini'] log_opt_values /var/lib/kolla/venv/lib64/python3.9/site-packages/oslo_config/cfg.py:2808
2026-08-31 02:13:20.540 8 DEBUG neutron.common.config [-] config files: ['/etc/neutron/neutron.conf', '/etc/neutron/ContrailPlugin.ini', '/etc/neutron/api-paste.ini'] log_opt_values /var/lib/kolla/venv/lib64/python3.9/site-packages/oslo_config/cfg.py:2809
2026-08-31 02:13:20.540 8 DEBUG neutron.common.config [-] ================================================================================ log_opt_values /var/lib/kolla/venv/lib64/python3.9/site-packages/oslo_config/cfg.py:2811
2026-08-31 02:13:20.541 8 DEBUG neutron.common.config [-] allow_bulk = True log_opt_values /var/lib/kolla/venv/lib64/python3.9/site-packages/oslo_config/cfg.py:2819
2026-08-31 02:13:20.541 8 DEBUG neutron.common.config [-] api_extensions_path = /opt/plugin/site-packages/neutron_plugin_contrail/extensions:/opt/plugin/site-packages/neutron_lbaas/extensions log_opt_values /var/lib/kolla/venv/lib64/python3.9/site-packages/oslo_config/cfg.py:2819
2026-08-31 02:13:20.541 8 DEBUG neutron.common.config [-] api_paste_config = /etc/neutron/api-paste.ini log_opt_values /var/lib/kolla/venv/lib64/python3.9/site-packages/oslo_config/cfg.py:2819
2026-08-31 02:13:20.541 8 DEBUG neutron.common.config [-] api_workers = 1 log_opt_values /var/lib/kolla/venv/lib64/python3.9/site-packages/oslo_config/cfg.py:2819
2026-08-31 02:13:20.541 8 DEBUG neutron.common.config [-] auth_strategy = keystone log_opt_values /var/lib/kolla/venv/lib64/python3.9/site-packages/oslo_config/cfg.py:2819
2026-08-31 02:13:20.541 8 DEBUG neutron.common.config [-] backlog = 4096 log_opt_values /var/lib/kolla/venv/lib64/python3.9/site-packages/oslo_config/cfg.py:2819
2026-08-31 02:13:20.541 8 DEBUG neutron.common.config [-] base_mac = fa:16:3e:00:00:00 log_opt_values /var/lib/kolla/venv/lib64/python3.9/site-packages/oslo_config/cfg.py:2819
2026-08-31 02:13:20.541 8 DEBUG neutron.common.config [-] bind_host = 10.0.0.177 log_opt_values /var/lib/kolla/venv/lib64/python3.9/site-packages/oslo_config/cfg.py:2819
2026-08-31 02:13:20.542 8 DEBUG neutron.common.config [-] bind_port = 9696 log_opt_values /var/lib/kolla/venv/lib64/python3.9/site-packages/oslo_config/cfg.py:2819
2026-08-31 02:13:20.542 8 DEBUG neutron.common.config [-] client_socket_timeout = 900 log_opt_values /var/lib/kolla/venv/lib64/python3.9/site-packages/oslo_config/cfg.py:2819
2026-08-31 02:13:20.542 8 DEBUG neutron.common.config [-] config_dir = [] log_opt_values /var/lib/kolla/venv/lib64/python3.9/site-packages/oslo_config/cfg.py:2819
2026-08-31 02:13:20.542 8 DEBUG neutron.common.config [-] config_file = ['/etc/neutron/neutron.conf', '/etc/neutron/ContrailPlugin.ini', '/etc/neutron/api-paste.ini'] log_opt_values /var/lib/kolla/venv/lib64/python3.9/site-packages/oslo_config/cfg.py:2819
2026-08-31 02:13:20.542 8 DEBUG neutron.common.config [-] config_source = [] log_opt_values /var/lib/kolla/venv/lib64/python3.9/site-packages/oslo_config/cfg.py:2819
2026-08-31 02:13:20.542 8 DEBUG neutron.common.config [-] control_exchange = neutron log_opt_values /var/lib/kolla/venv/lib64/python3.9/site-packages/oslo_config/cfg.py:2819
2026-08-31 02:13:20.542 8 DEBUG neutron.common.config [-] core_plugin = neutron_plugin_contrail.plugins.opencontrail.contrail_plugin.NeutronPluginContrailCoreV2 log_opt_values /var/lib/kolla/venv/lib64/python3.9/site-packages/oslo_config/cfg.py:2819
2026-08-31 02:13:20.542 8 DEBUG neutron.common.config [-] debug = True log_opt_values /var/lib/kolla/venv/lib64/python3.9/site-packages/oslo_config/cfg.py:2819
2026-08-31 02:13:20.542 8 DEBUG neutron.common.config [-] default_availability_zones = [] log_opt_values /var/lib/kolla/venv/lib64/python3.9/site-packages/oslo_config/cfg.py:2819
2026-08-31 02:13:20.543 8 DEBUG neutron.common.config [-] default_log_levels = ['amqp=WARN', 'amqplib=WARN', 'boto=WARN', 'qpid=WARN', 'sqlalchemy=WARN', 'suds=INFO', 'oslo.messaging=INFO', 'oslo_messaging=INFO', 'iso8601=WARN', 'requests.packages.urllib3.connectionpool=WARN', 'urllib3.connectionpool=WARN', 'websocket=WARN', 'requests.packages.urllib3.util.retry=WARN', 'urllib3.util.retry=WARN', 'keystonemiddleware=WARN', 'routes.middleware=WARN', 'stevedore=WARN', 'taskflow=WARN', 'keystoneauth=WARN', 'oslo.cache=INFO', 'oslo_policy=INFO', 'dogpile.core.dogpile=INFO', 'OFPHandler=INFO', 'OfctlService=INFO', 'os_ken.base.app_manager=INFO', 'os_ken.controller.controller=INFO'] log_opt_values /var/lib/kolla/venv/lib64/python3.9/site-packages/oslo_config/cfg.py:2819
2026-08-31 02:13:20.543 8 DEBUG neutron.common.config [-] dhcp_agent_notification = True log_opt_values /var/lib/kolla/venv/lib64/python3.9/site-packages/oslo_config/cfg.py:2819
2026-08-31 02:13:20.543 8 DEBUG neutron.common.config [-] dhcp_lease_duration = 86400 log_opt_values /var/lib/kolla/venv/lib64/python3.9/site-packages/oslo_config/cfg.py:2819
2026-08-31 02:13:20.543 8 DEBUG neutron.common.config [-] dns_domain = openstacklocal log_opt_values /var/lib/kolla/venv/lib64/python3.9/site-packages/oslo_config/cfg.py:2819
2026-08-31 02:13:20.543 8 DEBUG neutron.common.config [-] enable_signals = True log_opt_values /var/lib/kolla/venv/lib64/python3.9/site-packages/oslo_config/cfg.py:2819
2026-08-31 02:13:20.543 8 DEBUG neutron.common.config [-] enable_traditional_dhcp = True log_opt_values /var/lib/kolla/venv/lib64/python3.9/site-packages/oslo_config/cfg.py:2819
2026-08-31 02:13:20.543 8 DEBUG neutron.common.config [-] external_dns_driver = None log_opt_values /var/lib/kolla/venv/lib64/python3.9/site-packages/oslo_config/cfg.py:2819
2026-08-31 02:13:20.543 8 DEBUG neutron.common.config [-] filter_validation = True log_opt_values /var/lib/kolla/venv/lib64/python3.9/site-packages/oslo_config/cfg.py:2819
2026-08-31 02:13:20.544 8 DEBUG neutron.common.config [-] global_physnet_mtu = 1500 log_opt_values /var/lib/kolla/venv/lib64/python3.9/site-packages/oslo_config/cfg.py:2819
2026-08-31 02:13:20.544 8 DEBUG neutron.common.config [-] host = cn-jenkins-deploy-platform-ansible-os-6236-1 log_opt_values /var/lib/kolla/venv/lib64/python3.9/site-packages/oslo_config/cfg.py:2819
2026-08-31 02:13:20.544 8 DEBUG neutron.common.config [-] http_retries = 3 log_opt_values /var/lib/kolla/venv/lib64/python3.9/site-packages/oslo_config/cfg.py:2819
2026-08-31 02:13:20.544 8 DEBUG neutron.common.config [-] instance_format = [instance: %(uuid)s] log_opt_values /var/lib/kolla/venv/lib64/python3.9/site-packages/oslo_config/cfg.py:2819
2026-08-31 02:13:20.544 8 DEBUG neutron.common.config [-] instance_uuid_format = [instance: %(uuid)s] log_opt_values /var/lib/kolla/venv/lib64/python3.9/site-packages/oslo_config/cfg.py:2819
2026-08-31 02:13:20.544 8 DEBUG neutron.common.config [-] ipam_driver = internal log_opt_values /var/lib/kolla/venv/lib64/python3.9/site-packages/oslo_config/cfg.py:2819
2026-08-31 02:13:20.544 8 DEBUG neutron.common.config [-] ipv6_pd_enabled = False log_opt_values /var/lib/kolla/venv/lib64/python3.9/site-packages/oslo_config/cfg.py:2819
2026-08-31 02:13:20.545 8 DEBUG neutron.common.config [-] log_color = False log_opt_values /var/lib/kolla/venv/lib64/python3.9/site-packages/oslo_config/cfg.py:2819
2026-08-31 02:13:20.545 8 DEBUG neutron.common.config [-] log_config_append = None log_opt_values /var/lib/kolla/venv/lib64/python3.9/site-packages/oslo_config/cfg.py:2819
2026-08-31 02:13:20.545 8 DEBUG neutron.common.config [-] log_date_format = %Y-%m-%d %H:%M:%S log_opt_values /var/lib/kolla/venv/lib64/python3.9/site-packages/oslo_config/cfg.py:2819
2026-08-31 02:13:20.545 8 DEBUG neutron.common.config [-] log_dir = /var/log/kolla/neutron log_opt_values /var/lib/kolla/venv/lib64/python3.9/site-packages/oslo_config/cfg.py:2819
2026-08-31 02:13:20.545 8 DEBUG neutron.common.config [-] log_file = None log_opt_values /var/lib/kolla/venv/lib64/python3.9/site-packages/oslo_config/cfg.py:2819
2026-08-31 02:13:20.545 8 DEBUG neutron.common.config [-] log_rotate_interval = 1 log_opt_values /var/lib/kolla/venv/lib64/python3.9/site-packages/oslo_config/cfg.py:2819
2026-08-31 02:13:20.545 8 DEBUG neutron.common.config [-] log_rotate_interval_type = days log_opt_values /var/lib/kolla/venv/lib64/python3.9/site-packages/oslo_config/cfg.py:2819
2026-08-31 02:13:20.545 8 DEBUG neutron.common.config [-] log_rotation_type = none log_opt_values /var/lib/kolla/venv/lib64/python3.9/site-packages/oslo_config/cfg.py:2819
2026-08-31 02:13:20.546 8 DEBUG neutron.common.config [-] logging_context_format_string = %(asctime)s.%(msecs)03d %(process)d %(levelname)s %(name)s [%(global_request_id)s %(request_id)s %(user_identity)s] %(instance)s%(message)s log_opt_values /var/lib/kolla/venv/lib64/python3.9/site-packages/oslo_config/cfg.py:2819
2026-08-31 02:13:20.546 8 DEBUG neutron.common.config [-] logging_debug_format_suffix = %(funcName)s %(pathname)s:%(lineno)d log_opt_values /var/lib/kolla/venv/lib64/python3.9/site-packages/oslo_config/cfg.py:2819
2026-08-31 02:13:20.546 8 DEBUG neutron.common.config [-] logging_default_format_string = %(asctime)s.%(msecs)03d %(process)d %(levelname)s %(name)s [-] %(instance)s%(message)s log_opt_values /var/lib/kolla/venv/lib64/python3.9/site-packages/oslo_config/cfg.py:2819
2026-08-31 02:13:20.546 8 DEBUG neutron.common.config [-] logging_exception_prefix = %(asctime)s.%(msecs)03d %(process)d ERROR %(name)s %(instance)s log_opt_values /var/lib/kolla/venv/lib64/python3.9/site-packages/oslo_config/cfg.py:2819
2026-08-31 02:13:20.546 8 DEBUG neutron.common.config [-] logging_user_identity_format = %(user)s %(project)s %(domain)s %(system_scope)s %(user_domain)s %(project_domain)s log_opt_values /var/lib/kolla/venv/lib64/python3.9/site-packages/oslo_config/cfg.py:2819
2026-08-31 02:13:20.546 8 DEBUG neutron.common.config [-] max_dns_nameservers = 5 log_opt_values /var/lib/kolla/venv/lib64/python3.9/site-packages/oslo_config/cfg.py:2819
2026-08-31 02:13:20.546 8 DEBUG neutron.common.config [-] max_header_line = 16384 log_opt_values /var/lib/kolla/venv/lib64/python3.9/site-packages/oslo_config/cfg.py:2819
2026-08-31 02:13:20.546 8 DEBUG neutron.common.config [-] max_logfile_count = 30 log_opt_values /var/lib/kolla/venv/lib64/python3.9/site-packages/oslo_config/cfg.py:2819
2026-08-31 02:13:20.546 8 DEBUG neutron.common.config [-] max_logfile_size_mb = 200 log_opt_values /var/lib/kolla/venv/lib64/python3.9/site-packages/oslo_config/cfg.py:2819
2026-08-31 02:13:20.547 8 DEBUG neutron.common.config [-] max_subnet_host_routes = 20 log_opt_values /var/lib/kolla/venv/lib64/python3.9/site-packages/oslo_config/cfg.py:2819
2026-08-31 02:13:20.547 8 DEBUG neutron.common.config [-] my_ip = 10.0.0.177 log_opt_values /var/lib/kolla/venv/lib64/python3.9/site-packages/oslo_config/cfg.py:2819
2026-08-31 02:13:20.547 8 DEBUG neutron.common.config [-] my_ipv6 = ::1 log_opt_values /var/lib/kolla/venv/lib64/python3.9/site-packages/oslo_config/cfg.py:2819
2026-08-31 02:13:20.547 8 DEBUG neutron.common.config [-] network_link_prefix = None log_opt_values /var/lib/kolla/venv/lib64/python3.9/site-packages/oslo_config/cfg.py:2819
2026-08-31 02:13:20.547 8 DEBUG neutron.common.config [-] notify_nova_on_port_data_changes = True log_opt_values /var/lib/kolla/venv/lib64/python3.9/site-packages/oslo_config/cfg.py:2819
2026-08-31 02:13:20.547 8 DEBUG neutron.common.config [-] notify_nova_on_port_status_changes = True log_opt_values /var/lib/kolla/venv/lib64/python3.9/site-packages/oslo_config/cfg.py:2819
2026-08-31 02:13:20.547 8 DEBUG neutron.common.config [-] pagination_max_limit = -1 log_opt_values /var/lib/kolla/venv/lib64/python3.9/site-packages/oslo_config/cfg.py:2819
2026-08-31 02:13:20.547 8 DEBUG neutron.common.config [-] periodic_fuzzy_delay = 5 log_opt_values /var/lib/kolla/venv/lib64/python3.9/site-packages/oslo_config/cfg.py:2819
2026-08-31 02:13:20.548 8 DEBUG neutron.common.config [-] periodic_interval = 40 log_opt_values /var/lib/kolla/venv/lib64/python3.9/site-packages/oslo_config/cfg.py:2819
2026-08-31 02:13:20.548 8 DEBUG neutron.common.config [-] publish_errors = False log_opt_values /var/lib/kolla/venv/lib64/python3.9/site-packages/oslo_config/cfg.py:2819
2026-08-31 02:13:20.548 8 DEBUG neutron.common.config [-] rate_limit_burst = 0 log_opt_values /var/lib/kolla/venv/lib64/python3.9/site-packages/oslo_config/cfg.py:2819
2026-08-31 02:13:20.548 8 DEBUG neutron.common.config [-] rate_limit_except_level = CRITICAL log_opt_values /var/lib/kolla/venv/lib64/python3.9/site-packages/oslo_config/cfg.py:2819
2026-08-31 02:13:20.548 8 DEBUG neutron.common.config [-] rate_limit_interval = 0 log_opt_values /var/lib/kolla/venv/lib64/python3.9/site-packages/oslo_config/cfg.py:2819
2026-08-31 02:13:20.548 8 DEBUG neutron.common.config [-] retry_until_window = 30 log_opt_values /var/lib/kolla/venv/lib64/python3.9/site-packages/oslo_config/cfg.py:2819
