2026-08-24 02:13:09.918 27 DEBUG neutron_lib.callbacks.manager [None req-96156b3c-28b5-402c-806d-c301d8ea1fa2 - - - - - -] Publish callbacks ['neutron.services.segments.db._update_segment_host_mapping_for_agent-8745341396345', 'neutron.plugins.ml2.plugin.Ml2Plugin._retry_binding_revived_agents-32994132'] for agent (a5df2c02-8d13-4807-b400-f9ea7f62a72d), after_update _notify_loop /var/lib/kolla/venv/lib64/python3.9/site-packages/neutron_lib/callbacks/manager.py:184
2026-08-24 02:13:16.394 23 DEBUG neutron.api.wsgi [-] (23) accepted ('10.0.0.38', 41080) server /var/lib/kolla/venv/lib64/python3.9/site-packages/eventlet/wsgi.py:1037
2026-08-24 02:13:16.396 23 INFO neutron.api.wsgi [-] 10.0.0.38 "GET / HTTP/1.1" status: 200 len: 227 time: 0.0013134
2026-08-24 02:13:20.375 28 DEBUG neutron_lib.callbacks.manager [None req-0176c6ae-8246-4f3c-840a-88a47af7487a - - - - - -] Publish callbacks ['neutron.services.segments.db._update_segment_host_mapping_for_agent-8745341396345', 'neutron.plugins.ml2.plugin.Ml2Plugin._retry_binding_revived_agents-32994132'] for agent (a45e075b-1b97-4694-bcbd-ae69459d4684), after_update _notify_loop /var/lib/kolla/venv/lib64/python3.9/site-packages/neutron_lib/callbacks/manager.py:184
2026-08-24 02:13:39.052 30 DEBUG neutron.db.agents_db [None req-5460c630-d059-4800-931e-889c26d1a7c3 - - - - - -] Agent healthcheck: found 2 active agents agent_health_check /var/lib/kolla/venv/lib64/python3.9/site-packages/neutron/db/agents_db.py:317
2026-08-24 02:13:39.904 24 DEBUG neutron_lib.callbacks.manager [None req-96156b3c-28b5-402c-806d-c301d8ea1fa2 - - - - - -] Publish callbacks ['neutron.services.segments.db._update_segment_host_mapping_for_agent-8745341396345', 'neutron.plugins.ml2.plugin.Ml2Plugin._retry_binding_revived_agents-32994132'] for agent (a5df2c02-8d13-4807-b400-f9ea7f62a72d), after_update _notify_loop /var/lib/kolla/venv/lib64/python3.9/site-packages/neutron_lib/callbacks/manager.py:184
2026-08-24 02:13:46.446 23 DEBUG neutron.api.wsgi [-] (23) accepted ('10.0.0.38', 51582) server /var/lib/kolla/venv/lib64/python3.9/site-packages/eventlet/wsgi.py:1037
2026-08-24 02:13:46.448 23 INFO neutron.api.wsgi [-] 10.0.0.38 "GET / HTTP/1.1" status: 200 len: 227 time: 0.0012443
2026-08-24 02:13:50.374 26 DEBUG neutron_lib.callbacks.manager [None req-b09b3f3c-7c23-4184-9c4d-27dd271c471e - - - - - -] Publish callbacks ['neutron.services.segments.db._update_segment_host_mapping_for_agent-8745341396345', 'neutron.plugins.ml2.plugin.Ml2Plugin._retry_binding_revived_agents-32994132'] for agent (a45e075b-1b97-4694-bcbd-ae69459d4684), after_update _notify_loop /var/lib/kolla/venv/lib64/python3.9/site-packages/neutron_lib/callbacks/manager.py:184
2026-08-24 02:14:09.898 25 DEBUG neutron_lib.callbacks.manager [None req-96156b3c-28b5-402c-806d-c301d8ea1fa2 - - - - - -] Publish callbacks ['neutron.services.segments.db._update_segment_host_mapping_for_agent-8745341396345', 'neutron.plugins.ml2.plugin.Ml2Plugin._retry_binding_revived_agents-32994132'] for agent (a5df2c02-8d13-4807-b400-f9ea7f62a72d), after_update _notify_loop /var/lib/kolla/venv/lib64/python3.9/site-packages/neutron_lib/callbacks/manager.py:184
2026-08-24 02:14:16.049 30 DEBUG neutron.db.agents_db [None req-5460c630-d059-4800-931e-889c26d1a7c3 - - - - - -] Agent healthcheck: found 2 active agents agent_health_check /var/lib/kolla/venv/lib64/python3.9/site-packages/neutron/db/agents_db.py:317
2026-08-24 02:14:16.496 23 DEBUG neutron.api.wsgi [-] (23) accepted ('10.0.0.38', 55510) server /var/lib/kolla/venv/lib64/python3.9/site-packages/eventlet/wsgi.py:1037
2026-08-24 02:14:16.498 23 INFO neutron.api.wsgi [-] 10.0.0.38 "GET / HTTP/1.1" status: 200 len: 227 time: 0.0013359
2026-08-24 02:14:20.373 29 DEBUG neutron_lib.callbacks.manager [None req-15dd247b-7c61-4461-81c0-d5c684add176 - - - - - -] Publish callbacks ['neutron.services.segments.db._update_segment_host_mapping_for_agent-8745341396345', 'neutron.plugins.ml2.plugin.Ml2Plugin._retry_binding_revived_agents-32994132'] for agent (a45e075b-1b97-4694-bcbd-ae69459d4684), after_update _notify_loop /var/lib/kolla/venv/lib64/python3.9/site-packages/neutron_lib/callbacks/manager.py:184
2026-08-24 02:14:39.902 27 DEBUG neutron_lib.callbacks.manager [None req-96156b3c-28b5-402c-806d-c301d8ea1fa2 - - - - - -] Publish callbacks ['neutron.services.segments.db._update_segment_host_mapping_for_agent-8745341396345', 'neutron.plugins.ml2.plugin.Ml2Plugin._retry_binding_revived_agents-32994132'] for agent (a5df2c02-8d13-4807-b400-f9ea7f62a72d), after_update _notify_loop /var/lib/kolla/venv/lib64/python3.9/site-packages/neutron_lib/callbacks/manager.py:184
2026-08-24 02:14:46.549 23 DEBUG neutron.api.wsgi [-] (23) accepted ('10.0.0.38', 43780) server /var/lib/kolla/venv/lib64/python3.9/site-packages/eventlet/wsgi.py:1037
2026-08-24 02:14:46.552 23 INFO neutron.api.wsgi [-] 10.0.0.38 "GET / HTTP/1.1" status: 200 len: 227 time: 0.0019684
2026-08-24 02:14:50.381 28 DEBUG neutron_lib.callbacks.manager [None req-7a6be3b9-9bf7-4743-ba0f-d616f94c7a22 - - - - - -] Publish callbacks ['neutron.services.segments.db._update_segment_host_mapping_for_agent-8745341396345', 'neutron.plugins.ml2.plugin.Ml2Plugin._retry_binding_revived_agents-32994132'] for agent (a45e075b-1b97-4694-bcbd-ae69459d4684), after_update _notify_loop /var/lib/kolla/venv/lib64/python3.9/site-packages/neutron_lib/callbacks/manager.py:184
2026-08-24 02:14:53.046 30 DEBUG neutron.db.agents_db [None req-5460c630-d059-4800-931e-889c26d1a7c3 - - - - - -] Agent healthcheck: found 2 active agents agent_health_check /var/lib/kolla/venv/lib64/python3.9/site-packages/neutron/db/agents_db.py:317
2026-08-24 02:15:09.897 24 DEBUG neutron_lib.callbacks.manager [None req-96156b3c-28b5-402c-806d-c301d8ea1fa2 - - - - - -] Publish callbacks ['neutron.services.segments.db._update_segment_host_mapping_for_agent-8745341396345', 'neutron.plugins.ml2.plugin.Ml2Plugin._retry_binding_revived_agents-32994132'] for agent (a5df2c02-8d13-4807-b400-f9ea7f62a72d), after_update _notify_loop /var/lib/kolla/venv/lib64/python3.9/site-packages/neutron_lib/callbacks/manager.py:184
2026-08-24 02:15:16.597 23 DEBUG neutron.api.wsgi [-] (23) accepted ('10.0.0.38', 51874) server /var/lib/kolla/venv/lib64/python3.9/site-packages/eventlet/wsgi.py:1037
2026-08-24 02:15:16.599 23 INFO neutron.api.wsgi [-] 10.0.0.38 "GET / HTTP/1.1" status: 200 len: 227 time: 0.0015216
2026-08-24 02:15:20.367 26 DEBUG neutron_lib.callbacks.manager [None req-882f965d-bc38-48b4-9a38-71d8135ae530 - - - - - -] Publish callbacks ['neutron.services.segments.db._update_segment_host_mapping_for_agent-8745341396345', 'neutron.plugins.ml2.plugin.Ml2Plugin._retry_binding_revived_agents-32994132'] for agent (a45e075b-1b97-4694-bcbd-ae69459d4684), after_update _notify_loop /var/lib/kolla/venv/lib64/python3.9/site-packages/neutron_lib/callbacks/manager.py:184
2026-08-24 02:15:30.047 30 DEBUG neutron.db.agents_db [None req-5460c630-d059-4800-931e-889c26d1a7c3 - - - - - -] Agent healthcheck: found 2 active agents agent_health_check /var/lib/kolla/venv/lib64/python3.9/site-packages/neutron/db/agents_db.py:317
2026-08-24 02:15:39.890 25 DEBUG neutron_lib.callbacks.manager [None req-96156b3c-28b5-402c-806d-c301d8ea1fa2 - - - - - -] Publish callbacks ['neutron.services.segments.db._update_segment_host_mapping_for_agent-8745341396345', 'neutron.plugins.ml2.plugin.Ml2Plugin._retry_binding_revived_agents-32994132'] for agent (a5df2c02-8d13-4807-b400-f9ea7f62a72d), after_update _notify_loop /var/lib/kolla/venv/lib64/python3.9/site-packages/neutron_lib/callbacks/manager.py:184
2026-08-24 02:15:46.644 23 DEBUG neutron.api.wsgi [-] (23) accepted ('10.0.0.38', 34298) server /var/lib/kolla/venv/lib64/python3.9/site-packages/eventlet/wsgi.py:1037
2026-08-24 02:15:46.647 23 INFO neutron.api.wsgi [-] 10.0.0.38 "GET / HTTP/1.1" status: 200 len: 227 time: 0.0016181
2026-08-24 02:15:50.366 29 DEBUG neutron_lib.callbacks.manager [None req-6a8f34f0-7ebf-402b-9369-2d981b156301 - - - - - -] Publish callbacks ['neutron.services.segments.db._update_segment_host_mapping_for_agent-8745341396345', 'neutron.plugins.ml2.plugin.Ml2Plugin._retry_binding_revived_agents-32994132'] for agent (a45e075b-1b97-4694-bcbd-ae69459d4684), after_update _notify_loop /var/lib/kolla/venv/lib64/python3.9/site-packages/neutron_lib/callbacks/manager.py:184
2026-08-24 02:16:07.045 30 DEBUG neutron.db.agents_db [None req-5460c630-d059-4800-931e-889c26d1a7c3 - - - - - -] Agent healthcheck: found 2 active agents agent_health_check /var/lib/kolla/venv/lib64/python3.9/site-packages/neutron/db/agents_db.py:317
2026-08-24 02:16:09.894 27 DEBUG neutron_lib.callbacks.manager [None req-96156b3c-28b5-402c-806d-c301d8ea1fa2 - - - - - -] Publish callbacks ['neutron.services.segments.db._update_segment_host_mapping_for_agent-8745341396345', 'neutron.plugins.ml2.plugin.Ml2Plugin._retry_binding_revived_agents-32994132'] for agent (a5df2c02-8d13-4807-b400-f9ea7f62a72d), after_update _notify_loop /var/lib/kolla/venv/lib64/python3.9/site-packages/neutron_lib/callbacks/manager.py:184
2026-08-24 02:16:16.693 23 DEBUG neutron.api.wsgi [-] (23) accepted ('10.0.0.38', 57680) server /var/lib/kolla/venv/lib64/python3.9/site-packages/eventlet/wsgi.py:1037
2026-08-24 02:16:16.695 23 INFO neutron.api.wsgi [-] 10.0.0.38 "GET / HTTP/1.1" status: 200 len: 227 time: 0.0012014
2026-08-24 02:16:20.363 28 DEBUG neutron_lib.callbacks.manager [None req-b886657b-ebed-4e88-a42a-0cdcc6653448 - - - - - -] Publish callbacks ['neutron.services.segments.db._update_segment_host_mapping_for_agent-8745341396345', 'neutron.plugins.ml2.plugin.Ml2Plugin._retry_binding_revived_agents-32994132'] for agent (a45e075b-1b97-4694-bcbd-ae69459d4684), after_update _notify_loop /var/lib/kolla/venv/lib64/python3.9/site-packages/neutron_lib/callbacks/manager.py:184
2026-08-24 02:16:39.897 24 DEBUG neutron_lib.callbacks.manager [None req-96156b3c-28b5-402c-806d-c301d8ea1fa2 - - - - - -] Publish callbacks ['neutron.services.segments.db._update_segment_host_mapping_for_agent-8745341396345', 'neutron.plugins.ml2.plugin.Ml2Plugin._retry_binding_revived_agents-32994132'] for agent (a5df2c02-8d13-4807-b400-f9ea7f62a72d), after_update _notify_loop /var/lib/kolla/venv/lib64/python3.9/site-packages/neutron_lib/callbacks/manager.py:184
2026-08-24 02:16:44.044 30 DEBUG neutron.db.agents_db [None req-5460c630-d059-4800-931e-889c26d1a7c3 - - - - - -] Agent healthcheck: found 2 active agents agent_health_check /var/lib/kolla/venv/lib64/python3.9/site-packages/neutron/db/agents_db.py:317
2026-08-24 02:16:46.741 23 DEBUG neutron.api.wsgi [-] (23) accepted ('10.0.0.38', 42412) server /var/lib/kolla/venv/lib64/python3.9/site-packages/eventlet/wsgi.py:1037
2026-08-24 02:16:46.744 23 INFO neutron.api.wsgi [-] 10.0.0.38 "GET / HTTP/1.1" status: 200 len: 227 time: 0.0015101
2026-08-24 02:16:50.362 26 DEBUG neutron_lib.callbacks.manager [None req-83260c4c-081d-4207-899d-2f213b83f242 - - - - - -] Publish callbacks ['neutron.services.segments.db._update_segment_host_mapping_for_agent-8745341396345', 'neutron.plugins.ml2.plugin.Ml2Plugin._retry_binding_revived_agents-32994132'] for agent (a45e075b-1b97-4694-bcbd-ae69459d4684), after_update _notify_loop /var/lib/kolla/venv/lib64/python3.9/site-packages/neutron_lib/callbacks/manager.py:184
2026-08-24 02:17:09.890 25 DEBUG neutron_lib.callbacks.manager [None req-96156b3c-28b5-402c-806d-c301d8ea1fa2 - - - - - -] Publish callbacks ['neutron.services.segments.db._update_segment_host_mapping_for_agent-8745341396345', 'neutron.plugins.ml2.plugin.Ml2Plugin._retry_binding_revived_agents-32994132'] for agent (a5df2c02-8d13-4807-b400-f9ea7f62a72d), after_update _notify_loop /var/lib/kolla/venv/lib64/python3.9/site-packages/neutron_lib/callbacks/manager.py:184
2026-08-24 02:17:16.786 23 DEBUG neutron.api.wsgi [-] (23) accepted ('10.0.0.38', 54006) server /var/lib/kolla/venv/lib64/python3.9/site-packages/eventlet/wsgi.py:1037
2026-08-24 02:17:16.789 23 INFO neutron.api.wsgi [-] 10.0.0.38 "GET / HTTP/1.1" status: 200 len: 227 time: 0.0015225
2026-08-24 02:17:20.360 29 DEBUG neutron_lib.callbacks.manager [None req-ddd2b513-98ff-4da7-943a-3f4c35b4278a - - - - - -] Publish callbacks ['neutron.services.segments.db._update_segment_host_mapping_for_agent-8745341396345', 'neutron.plugins.ml2.plugin.Ml2Plugin._retry_binding_revived_agents-32994132'] for agent (a45e075b-1b97-4694-bcbd-ae69459d4684), after_update _notify_loop /var/lib/kolla/venv/lib64/python3.9/site-packages/neutron_lib/callbacks/manager.py:184
2026-08-24 02:17:21.040 30 DEBUG neutron.db.agents_db [None req-5460c630-d059-4800-931e-889c26d1a7c3 - - - - - -] Agent healthcheck: found 2 active agents agent_health_check /var/lib/kolla/venv/lib64/python3.9/site-packages/neutron/db/agents_db.py:317
2026-08-24 02:17:39.943 27 DEBUG neutron_lib.callbacks.manager [None req-96156b3c-28b5-402c-806d-c301d8ea1fa2 - - - - - -] Publish callbacks ['neutron.services.segments.db._update_segment_host_mapping_for_agent-8745341396345', 'neutron.plugins.ml2.plugin.Ml2Plugin._retry_binding_revived_agents-32994132'] for agent (a5df2c02-8d13-4807-b400-f9ea7f62a72d), after_update _notify_loop /var/lib/kolla/venv/lib64/python3.9/site-packages/neutron_lib/callbacks/manager.py:184
2026-08-24 02:17:46.838 23 DEBUG neutron.api.wsgi [-] (23) accepted ('10.0.0.38', 48274) server /var/lib/kolla/venv/lib64/python3.9/site-packages/eventlet/wsgi.py:1037
2026-08-24 02:17:46.840 23 INFO neutron.api.wsgi [-] 10.0.0.38 "GET / HTTP/1.1" status: 200 len: 227 time: 0.0013525
2026-08-24 02:17:50.358 28 DEBUG neutron_lib.callbacks.manager [None req-7cc413db-f1e0-4e87-908b-f4c61fa7a454 - - - - - -] Publish callbacks ['neutron.services.segments.db._update_segment_host_mapping_for_agent-8745341396345', 'neutron.plugins.ml2.plugin.Ml2Plugin._retry_binding_revived_agents-32994132'] for agent (a45e075b-1b97-4694-bcbd-ae69459d4684), after_update _notify_loop /var/lib/kolla/venv/lib64/python3.9/site-packages/neutron_lib/callbacks/manager.py:184
2026-08-24 02:17:58.050 30 DEBUG neutron.db.agents_db [None req-5460c630-d059-4800-931e-889c26d1a7c3 - - - - - -] Agent healthcheck: found 2 active agents agent_health_check /var/lib/kolla/venv/lib64/python3.9/site-packages/neutron/db/agents_db.py:317
2026-08-24 02:18:09.895 24 DEBUG neutron_lib.callbacks.manager [None req-96156b3c-28b5-402c-806d-c301d8ea1fa2 - - - - - -] Publish callbacks ['neutron.services.segments.db._update_segment_host_mapping_for_agent-8745341396345', 'neutron.plugins.ml2.plugin.Ml2Plugin._retry_binding_revived_agents-32994132'] for agent (a5df2c02-8d13-4807-b400-f9ea7f62a72d), after_update _notify_loop /var/lib/kolla/venv/lib64/python3.9/site-packages/neutron_lib/callbacks/manager.py:184
2026-08-24 02:18:16.891 23 DEBUG neutron.api.wsgi [-] (23) accepted ('10.0.0.38', 47022) server /var/lib/kolla/venv/lib64/python3.9/site-packages/eventlet/wsgi.py:1037
2026-08-24 02:18:16.894 23 INFO neutron.api.wsgi [-] 10.0.0.38 "GET / HTTP/1.1" status: 200 len: 227 time: 0.0015788
2026-08-24 02:18:20.359 26 DEBUG neutron_lib.callbacks.manager [None req-3de30dc0-854f-4188-b5cf-d4f19f2925c9 - - - - - -] Publish callbacks ['neutron.services.segments.db._update_segment_host_mapping_for_agent-8745341396345', 'neutron.plugins.ml2.plugin.Ml2Plugin._retry_binding_revived_agents-32994132'] for agent (a45e075b-1b97-4694-bcbd-ae69459d4684), after_update _notify_loop /var/lib/kolla/venv/lib64/python3.9/site-packages/neutron_lib/callbacks/manager.py:184
2026-08-24 02:18:35.050 30 DEBUG neutron.db.agents_db [None req-5460c630-d059-4800-931e-889c26d1a7c3 - - - - - -] Agent healthcheck: found 2 active agents agent_health_check /var/lib/kolla/venv/lib64/python3.9/site-packages/neutron/db/agents_db.py:317
2026-08-24 02:18:39.897 25 DEBUG neutron_lib.callbacks.manager [None req-96156b3c-28b5-402c-806d-c301d8ea1fa2 - - - - - -] Publish callbacks ['neutron.services.segments.db._update_segment_host_mapping_for_agent-8745341396345', 'neutron.plugins.ml2.plugin.Ml2Plugin._retry_binding_revived_agents-32994132'] for agent (a5df2c02-8d13-4807-b400-f9ea7f62a72d), after_update _notify_loop /var/lib/kolla/venv/lib64/python3.9/site-packages/neutron_lib/callbacks/manager.py:184
2026-08-24 02:18:46.943 23 DEBUG neutron.api.wsgi [-] (23) accepted ('10.0.0.38', 60634) server /var/lib/kolla/venv/lib64/python3.9/site-packages/eventlet/wsgi.py:1037
2026-08-24 02:18:46.945 23 INFO neutron.api.wsgi [-] 10.0.0.38 "GET / HTTP/1.1" status: 200 len: 227 time: 0.0016227
2026-08-24 02:18:50.354 29 DEBUG neutron_lib.callbacks.manager [None req-eebaf571-b322-40ec-8ba7-6f74a57e4b4d - - - - - -] Publish callbacks ['neutron.services.segments.db._update_segment_host_mapping_for_agent-8745341396345', 'neutron.plugins.ml2.plugin.Ml2Plugin._retry_binding_revived_agents-32994132'] for agent (a45e075b-1b97-4694-bcbd-ae69459d4684), after_update _notify_loop /var/lib/kolla/venv/lib64/python3.9/site-packages/neutron_lib/callbacks/manager.py:184
2026-08-24 02:19:09.887 27 DEBUG neutron_lib.callbacks.manager [None req-96156b3c-28b5-402c-806d-c301d8ea1fa2 - - - - - -] Publish callbacks ['neutron.services.segments.db._update_segment_host_mapping_for_agent-8745341396345', 'neutron.plugins.ml2.plugin.Ml2Plugin._retry_binding_revived_agents-32994132'] for agent (a5df2c02-8d13-4807-b400-f9ea7f62a72d), after_update _notify_loop /var/lib/kolla/venv/lib64/python3.9/site-packages/neutron_lib/callbacks/manager.py:184
2026-08-24 02:19:12.049 30 DEBUG neutron.db.agents_db [None req-5460c630-d059-4800-931e-889c26d1a7c3 - - - - - -] Agent healthcheck: found 2 active agents agent_health_check /var/lib/kolla/venv/lib64/python3.9/site-packages/neutron/db/agents_db.py:317
2026-08-24 02:19:16.989 23 DEBUG neutron.api.wsgi [-] (23) accepted ('10.0.0.38', 54672) server /var/lib/kolla/venv/lib64/python3.9/site-packages/eventlet/wsgi.py:1037
2026-08-24 02:19:16.991 23 INFO neutron.api.wsgi [-] 10.0.0.38 "GET / HTTP/1.1" status: 200 len: 227 time: 0.0012550
2026-08-24 02:19:20.355 28 DEBUG neutron_lib.callbacks.manager [None req-b3427a8d-eed2-417b-b2e1-e15981a104ff - - - - - -] Publish callbacks ['neutron.services.segments.db._update_segment_host_mapping_for_agent-8745341396345', 'neutron.plugins.ml2.plugin.Ml2Plugin._retry_binding_revived_agents-32994132'] for agent (a45e075b-1b97-4694-bcbd-ae69459d4684), after_update _notify_loop /var/lib/kolla/venv/lib64/python3.9/site-packages/neutron_lib/callbacks/manager.py:184
2026-08-24 02:19:39.603 7 INFO oslo_service.service [-] Caught SIGTERM, stopping children
2026-08-24 02:19:39.604 7 DEBUG oslo_concurrency.lockutils [-] Acquiring lock "singleton_lock" lock /var/lib/kolla/venv/lib64/python3.9/site-packages/oslo_concurrency/lockutils.py:310
2026-08-24 02:19:39.604 7 DEBUG oslo_concurrency.lockutils [-] Acquired lock "singleton_lock" lock /var/lib/kolla/venv/lib64/python3.9/site-packages/oslo_concurrency/lockutils.py:313
2026-08-24 02:19:39.604 7 DEBUG oslo_concurrency.lockutils [-] Releasing lock "singleton_lock" lock /var/lib/kolla/venv/lib64/python3.9/site-packages/oslo_concurrency/lockutils.py:331
2026-08-24 02:19:39.604 7 DEBUG oslo_service.service [-] Stop services. stop /var/lib/kolla/venv/lib64/python3.9/site-packages/oslo_service/service.py:699
2026-08-24 02:19:39.604 7 DEBUG neutron.service [-] calling RpcWorker stop() stop /var/lib/kolla/venv/lib64/python3.9/site-packages/neutron/service.py:142
2026-08-24 02:19:39.604 7 DEBUG neutron.service [-] calling RpcWorker stop() stop /var/lib/kolla/venv/lib64/python3.9/site-packages/neutron/service.py:142
2026-08-24 02:19:39.604 7 DEBUG oslo_service.service [-] Killing children. stop /var/lib/kolla/venv/lib64/python3.9/site-packages/oslo_service/service.py:704
2026-08-24 02:19:39.605 7 INFO oslo_service.service [-] Waiting on 8 children to exit
2026-08-24 02:19:39.605 26 DEBUG neutron.service [-] calling RpcWorker stop() stop /var/lib/kolla/venv/lib64/python3.9/site-packages/neutron/service.py:142
2026-08-24 02:19:39.605 25 DEBUG neutron.service [-] calling RpcWorker stop() stop /var/lib/kolla/venv/lib64/python3.9/site-packages/neutron/service.py:142
2026-08-24 02:19:39.605 30 DEBUG neutron.service [-] calling RpcWorker stop() stop /var/lib/kolla/venv/lib64/python3.9/site-packages/neutron/service.py:142
2026-08-24 02:19:39.605 23 INFO neutron.api.wsgi [-] (23) wsgi exited, is_accepting=True
2026-08-24 02:19:39.606 26 DEBUG neutron.service [-] calling stop on stop /var/lib/kolla/venv/lib64/python3.9/site-packages/neutron/service.py:145
2026-08-24 02:19:39.606 23 DEBUG oslo_concurrency.lockutils [None req-6cc00b53-2190-4f19-b0fa-40d7288cc391 - - - - - -] Acquiring lock "singleton_lock" lock /var/lib/kolla/venv/lib64/python3.9/site-packages/oslo_concurrency/lockutils.py:310
2026-08-24 02:19:39.606 25 DEBUG neutron.service [-] calling stop on stop /var/lib/kolla/venv/lib64/python3.9/site-packages/neutron/service.py:145
2026-08-24 02:19:39.607 23 DEBUG oslo_concurrency.lockutils [None req-6cc00b53-2190-4f19-b0fa-40d7288cc391 - - - - - -] Acquired lock "singleton_lock" lock /var/lib/kolla/venv/lib64/python3.9/site-packages/oslo_concurrency/lockutils.py:313
2026-08-24 02:19:39.607 23 DEBUG oslo_concurrency.lockutils [None req-6cc00b53-2190-4f19-b0fa-40d7288cc391 - - - - - -] Releasing lock "singleton_lock" lock /var/lib/kolla/venv/lib64/python3.9/site-packages/oslo_concurrency/lockutils.py:331
2026-08-24 02:19:39.606 30 DEBUG neutron.service [-] calling stop on stop /var/lib/kolla/venv/lib64/python3.9/site-packages/neutron/service.py:145
2026-08-24 02:19:39.607 27 DEBUG neutron.service [-] calling RpcWorker stop() stop /var/lib/kolla/venv/lib64/python3.9/site-packages/neutron/service.py:142
2026-08-24 02:19:39.608 24 DEBUG neutron.service [-] calling RpcWorker stop() stop /var/lib/kolla/venv/lib64/python3.9/site-packages/neutron/service.py:142
2026-08-24 02:19:39.608 27 DEBUG neutron.service [-] calling stop on stop /var/lib/kolla/venv/lib64/python3.9/site-packages/neutron/service.py:145
2026-08-24 02:19:39.608 24 DEBUG neutron.service [-] calling stop on stop /var/lib/kolla/venv/lib64/python3.9/site-packages/neutron/service.py:145
2026-08-24 02:19:39.610 29 DEBUG neutron.service [-] calling RpcWorker stop() stop /var/lib/kolla/venv/lib64/python3.9/site-packages/neutron/service.py:142
2026-08-24 02:19:39.610 29 DEBUG neutron.service [-] calling stop on stop /var/lib/kolla/venv/lib64/python3.9/site-packages/neutron/service.py:145
2026-08-24 02:19:39.612 7 INFO oslo_service.service [-] Child 23 exited with status 0
2026-08-24 02:19:39.625 28 DEBUG neutron.service [-] calling RpcWorker stop() stop /var/lib/kolla/venv/lib64/python3.9/site-packages/neutron/service.py:142
2026-08-24 02:19:39.626 28 DEBUG neutron.service [-] calling stop on stop /var/lib/kolla/venv/lib64/python3.9/site-packages/neutron/service.py:145
2026-08-24 02:19:39.886 24 DEBUG neutron_lib.callbacks.manager [None req-96156b3c-28b5-402c-806d-c301d8ea1fa2 - - - - - -] Publish callbacks ['neutron.services.segments.db._update_segment_host_mapping_for_agent-8745341396345', 'neutron.plugins.ml2.plugin.Ml2Plugin._retry_binding_revived_agents-32994132'] for agent (a5df2c02-8d13-4807-b400-f9ea7f62a72d), after_update _notify_loop /var/lib/kolla/venv/lib64/python3.9/site-packages/neutron_lib/callbacks/manager.py:184
2026-08-24 02:19:40.046 24 DEBUG neutron.service [-] calling stop on stop /var/lib/kolla/venv/lib64/python3.9/site-packages/neutron/service.py:145
2026-08-24 02:19:40.051 25 DEBUG neutron.service [-] calling stop on stop /var/lib/kolla/venv/lib64/python3.9/site-packages/neutron/service.py:145
2026-08-24 02:19:40.059 26 DEBUG neutron.service [-] calling stop on stop /var/lib/kolla/venv/lib64/python3.9/site-packages/neutron/service.py:145
2026-08-24 02:19:40.083 30 DEBUG oslo_concurrency.lockutils [None req-6cc00b53-2190-4f19-b0fa-40d7288cc391 - - - - - -] Acquiring lock "singleton_lock" lock /var/lib/kolla/venv/lib64/python3.9/site-packages/oslo_concurrency/lockutils.py:310
2026-08-24 02:19:40.084 30 DEBUG oslo_concurrency.lockutils [None req-6cc00b53-2190-4f19-b0fa-40d7288cc391 - - - - - -] Acquired lock "singleton_lock" lock /var/lib/kolla/venv/lib64/python3.9/site-packages/oslo_concurrency/lockutils.py:313
2026-08-24 02:19:40.084 30 DEBUG oslo_concurrency.lockutils [None req-6cc00b53-2190-4f19-b0fa-40d7288cc391 - - - - - -] Releasing lock "singleton_lock" lock /var/lib/kolla/venv/lib64/python3.9/site-packages/oslo_concurrency/lockutils.py:331
2026-08-24 02:19:40.084 30 DEBUG neutron.service [None req-6cc00b53-2190-4f19-b0fa-40d7288cc391 - - - - - -] calling RpcWorker wait() _wait /var/lib/kolla/venv/lib64/python3.9/site-packages/neutron/service.py:132
2026-08-24 02:19:40.085 30 DEBUG neutron.service [None req-6cc00b53-2190-4f19-b0fa-40d7288cc391 - - - - - -] calling wait on _wait /var/lib/kolla/venv/lib64/python3.9/site-packages/neutron/service.py:135
2026-08-24 02:19:40.091 30 WARNING amqp [None req-6cc00b53-2190-4f19-b0fa-40d7288cc391 - - - - - -] Received method (60, 30) during closing channel 1. This method will be ignored
2026-08-24 02:19:40.092 30 DEBUG neutron.service [None req-6cc00b53-2190-4f19-b0fa-40d7288cc391 - - - - - -] returning from RpcWorker wait() _wait /var/lib/kolla/venv/lib64/python3.9/site-packages/neutron/service.py:139
2026-08-24 02:19:40.098 7 INFO oslo_service.service [-] Child 30 exited with status 0
2026-08-24 02:19:40.102 26 DEBUG neutron.service [-] calling stop on stop /var/lib/kolla/venv/lib64/python3.9/site-packages/neutron/service.py:145
2026-08-24 02:19:40.115 25 DEBUG neutron.service [-] calling stop on stop /var/lib/kolla/venv/lib64/python3.9/site-packages/neutron/service.py:145
2026-08-24 02:19:40.122 24 DEBUG neutron.service [-] calling stop on stop /var/lib/kolla/venv/lib64/python3.9/site-packages/neutron/service.py:145
2026-08-24 02:19:40.138 24 DEBUG neutron.service [-] calling stop on stop /var/lib/kolla/venv/lib64/python3.9/site-packages/neutron/service.py:145
2026-08-24 02:19:40.176 24 DEBUG oslo_concurrency.lockutils [None req-6cc00b53-2190-4f19-b0fa-40d7288cc391 - - - - - -] Acquiring lock "singleton_lock" lock /var/lib/kolla/venv/lib64/python3.9/site-packages/oslo_concurrency/lockutils.py:310
2026-08-24 02:19:40.176 24 DEBUG oslo_concurrency.lockutils [None req-6cc00b53-2190-4f19-b0fa-40d7288cc391 - - - - - -] Acquired lock "singleton_lock" lock /var/lib/kolla/venv/lib64/python3.9/site-packages/oslo_concurrency/lockutils.py:313
2026-08-24 02:19:40.176 24 DEBUG oslo_concurrency.lockutils [None req-6cc00b53-2190-4f19-b0fa-40d7288cc391 - - - - - -] Releasing lock "singleton_lock" lock /var/lib/kolla/venv/lib64/python3.9/site-packages/oslo_concurrency/lockutils.py:331
2026-08-24 02:19:40.176 24 DEBUG neutron.service [None req-6cc00b53-2190-4f19-b0fa-40d7288cc391 - - - - - -] calling RpcWorker wait() _wait /var/lib/kolla/venv/lib64/python3.9/site-packages/neutron/service.py:132
2026-08-24 02:19:40.176 24 DEBUG neutron.service [None req-6cc00b53-2190-4f19-b0fa-40d7288cc391 - - - - - -] calling wait on _wait /var/lib/kolla/venv/lib64/python3.9/site-packages/neutron/service.py:135
2026-08-24 02:19:40.182 26 DEBUG neutron.service [-] calling stop on stop /var/lib/kolla/venv/lib64/python3.9/site-packages/neutron/service.py:145
2026-08-24 02:19:40.182 24 WARNING amqp [None req-6cc00b53-2190-4f19-b0fa-40d7288cc391 - - - - - -] Received method (60, 30) during closing channel 1. This method will be ignored
2026-08-24 02:19:40.183 24 DEBUG neutron.service [None req-6cc00b53-2190-4f19-b0fa-40d7288cc391 - - - - - -] calling wait on _wait /var/lib/kolla/venv/lib64/python3.9/site-packages/neutron/service.py:135
2026-08-24 02:19:40.189 24 WARNING amqp [None req-6cc00b53-2190-4f19-b0fa-40d7288cc391 - - - - - -] Received method (60, 30) during closing channel 1. This method will be ignored
2026-08-24 02:19:40.189 25 DEBUG neutron.service [-] calling stop on stop /var/lib/kolla/venv/lib64/python3.9/site-packages/neutron/service.py:145
2026-08-24 02:19:40.190 24 DEBUG neutron.service [None req-6cc00b53-2190-4f19-b0fa-40d7288cc391 - - - - - -] calling wait on _wait /var/lib/kolla/venv/lib64/python3.9/site-packages/neutron/service.py:135
2026-08-24 02:19:40.194 24 WARNING amqp [None req-6cc00b53-2190-4f19-b0fa-40d7288cc391 - - - - - -] Received method (60, 30) during closing channel 1. This method will be ignored
2026-08-24 02:19:40.195 24 DEBUG neutron.service [None req-6cc00b53-2190-4f19-b0fa-40d7288cc391 - - - - - -] calling wait on _wait /var/lib/kolla/venv/lib64/python3.9/site-packages/neutron/service.py:135
2026-08-24 02:19:40.196 26 DEBUG oslo_concurrency.lockutils [None req-6cc00b53-2190-4f19-b0fa-40d7288cc391 - - - - - -] Acquiring lock "singleton_lock" lock /var/lib/kolla/venv/lib64/python3.9/site-packages/oslo_concurrency/lockutils.py:310
2026-08-24 02:19:40.197 26 DEBUG oslo_concurrency.lockutils [None req-6cc00b53-2190-4f19-b0fa-40d7288cc391 - - - - - -] Acquired lock "singleton_lock" lock /var/lib/kolla/venv/lib64/python3.9/site-packages/oslo_concurrency/lockutils.py:313
2026-08-24 02:19:40.197 26 DEBUG oslo_concurrency.lockutils [None req-6cc00b53-2190-4f19-b0fa-40d7288cc391 - - - - - -] Releasing lock "singleton_lock" lock /var/lib/kolla/venv/lib64/python3.9/site-packages/oslo_concurrency/lockutils.py:331
2026-08-24 02:19:40.197 26 DEBUG neutron.service [None req-6cc00b53-2190-4f19-b0fa-40d7288cc391 - - - - - -] calling RpcWorker wait() _wait /var/lib/kolla/venv/lib64/python3.9/site-packages/neutron/service.py:132
2026-08-24 02:19:40.198 26 DEBUG neutron.service [None req-6cc00b53-2190-4f19-b0fa-40d7288cc391 - - - - - -] calling wait on _wait /var/lib/kolla/venv/lib64/python3.9/site-packages/neutron/service.py:135
2026-08-24 02:19:40.199 24 WARNING amqp [None req-6cc00b53-2190-4f19-b0fa-40d7288cc391 - - - - - -] Received method (60, 30) during closing channel 1. This method will be ignored
2026-08-24 02:19:40.199 24 DEBUG neutron.service [None req-6cc00b53-2190-4f19-b0fa-40d7288cc391 - - - - - -] returning from RpcWorker wait() _wait /var/lib/kolla/venv/lib64/python3.9/site-packages/neutron/service.py:139
2026-08-24 02:19:40.201 25 DEBUG oslo_concurrency.lockutils [None req-6cc00b53-2190-4f19-b0fa-40d7288cc391 - - - - - -] Acquiring lock "singleton_lock" lock /var/lib/kolla/venv/lib64/python3.9/site-packages/oslo_concurrency/lockutils.py:310
2026-08-24 02:19:40.202 25 DEBUG oslo_concurrency.lockutils [None req-6cc00b53-2190-4f19-b0fa-40d7288cc391 - - - - - -] Acquired lock "singleton_lock" lock /var/lib/kolla/venv/lib64/python3.9/site-packages/oslo_concurrency/lockutils.py:313
2026-08-24 02:19:40.202 25 DEBUG oslo_concurrency.lockutils [None req-6cc00b53-2190-4f19-b0fa-40d7288cc391 - - - - - -] Releasing lock "singleton_lock" lock /var/lib/kolla/venv/lib64/python3.9/site-packages/oslo_concurrency/lockutils.py:331
2026-08-24 02:19:40.202 25 DEBUG neutron.service [None req-6cc00b53-2190-4f19-b0fa-40d7288cc391 - - - - - -] calling RpcWorker wait() _wait /var/lib/kolla/venv/lib64/python3.9/site-packages/neutron/service.py:132
2026-08-24 02:19:40.202 25 DEBUG neutron.service [None req-6cc00b53-2190-4f19-b0fa-40d7288cc391 - - - - - -] calling wait on _wait /var/lib/kolla/venv/lib64/python3.9/site-packages/neutron/service.py:135
2026-08-24 02:19:40.204 26 WARNING amqp [None req-6cc00b53-2190-4f19-b0fa-40d7288cc391 - - - - - -] Received method (60, 30) during closing channel 1. This method will be ignored
2026-08-24 02:19:40.205 26 DEBUG neutron.service [None req-6cc00b53-2190-4f19-b0fa-40d7288cc391 - - - - - -] calling wait on _wait /var/lib/kolla/venv/lib64/python3.9/site-packages/neutron/service.py:135
2026-08-24 02:19:40.205 7 INFO oslo_service.service [-] Child 24 exited with status 0
2026-08-24 02:19:40.208 25 WARNING amqp [None req-6cc00b53-2190-4f19-b0fa-40d7288cc391 - - - - - -] Received method (60, 30) during closing channel 1. This method will be ignored
2026-08-24 02:19:40.209 25 DEBUG neutron.service [None req-6cc00b53-2190-4f19-b0fa-40d7288cc391 - - - - - -] calling wait on _wait /var/lib/kolla/venv/lib64/python3.9/site-packages/neutron/service.py:135
2026-08-24 02:19:40.210 26 WARNING amqp [None req-6cc00b53-2190-4f19-b0fa-40d7288cc391 - - - - - -] Received method (60, 30) during closing channel 1. This method will be ignored
2026-08-24 02:19:40.213 26 DEBUG neutron.service [None req-6cc00b53-2190-4f19-b0fa-40d7288cc391 - - - - - -] calling wait on _wait /var/lib/kolla/venv/lib64/python3.9/site-packages/neutron/service.py:135
2026-08-24 02:19:40.217 25 WARNING amqp [None req-6cc00b53-2190-4f19-b0fa-40d7288cc391 - - - - - -] Received method (60, 30) during closing channel 1. This method will be ignored
2026-08-24 02:19:40.218 25 DEBUG neutron.service [None req-6cc00b53-2190-4f19-b0fa-40d7288cc391 - - - - - -] calling wait on _wait /var/lib/kolla/venv/lib64/python3.9/site-packages/neutron/service.py:135
2026-08-24 02:19:40.220 26 WARNING amqp [None req-6cc00b53-2190-4f19-b0fa-40d7288cc391 - - - - - -] Received method (60, 30) during closing channel 1. This method will be ignored
2026-08-24 02:19:40.220 26 DEBUG neutron.service [None req-6cc00b53-2190-4f19-b0fa-40d7288cc391 - - - - - -] calling wait on _wait /var/lib/kolla/venv/lib64/python3.9/site-packages/neutron/service.py:135
2026-08-24 02:19:40.223 25 WARNING amqp [None req-6cc00b53-2190-4f19-b0fa-40d7288cc391 - - - - - -] Received method (60, 30) during closing channel 1. This method will be ignored
2026-08-24 02:19:40.225 26 WARNING amqp [None req-6cc00b53-2190-4f19-b0fa-40d7288cc391 - - - - - -] Received method (60, 30) during closing channel 1. This method will be ignored
2026-08-24 02:19:40.225 25 DEBUG neutron.service [None req-6cc00b53-2190-4f19-b0fa-40d7288cc391 - - - - - -] calling wait on _wait /var/lib/kolla/venv/lib64/python3.9/site-packages/neutron/service.py:135
2026-08-24 02:19:40.226 26 DEBUG neutron.service [None req-6cc00b53-2190-4f19-b0fa-40d7288cc391 - - - - - -] returning from RpcWorker wait() _wait /var/lib/kolla/venv/lib64/python3.9/site-packages/neutron/service.py:139
2026-08-24 02:19:40.232 25 WARNING amqp [None req-6cc00b53-2190-4f19-b0fa-40d7288cc391 - - - - - -] Received method (60, 30) during closing channel 1. This method will be ignored
2026-08-24 02:19:40.232 25 DEBUG neutron.service [None req-6cc00b53-2190-4f19-b0fa-40d7288cc391 - - - - - -] returning from RpcWorker wait() _wait /var/lib/kolla/venv/lib64/python3.9/site-packages/neutron/service.py:139
2026-08-24 02:19:40.238 7 INFO oslo_service.service [-] Child 25 exited with status 0
2026-08-24 02:19:40.238 7 INFO oslo_service.service [-] Child 26 exited with status 0
2026-08-24 02:19:43.103 27 DEBUG oslo_concurrency.lockutils [None req-6cc00b53-2190-4f19-b0fa-40d7288cc391 - - - - - -] Acquiring lock "singleton_lock" lock /var/lib/kolla/venv/lib64/python3.9/site-packages/oslo_concurrency/lockutils.py:310
2026-08-24 02:19:43.104 27 DEBUG oslo_concurrency.lockutils [None req-6cc00b53-2190-4f19-b0fa-40d7288cc391 - - - - - -] Acquired lock "singleton_lock" lock /var/lib/kolla/venv/lib64/python3.9/site-packages/oslo_concurrency/lockutils.py:313
2026-08-24 02:19:43.104 27 DEBUG oslo_concurrency.lockutils [None req-6cc00b53-2190-4f19-b0fa-40d7288cc391 - - - - - -] Releasing lock "singleton_lock" lock /var/lib/kolla/venv/lib64/python3.9/site-packages/oslo_concurrency/lockutils.py:331
2026-08-24 02:19:43.104 27 DEBUG neutron.service [None req-6cc00b53-2190-4f19-b0fa-40d7288cc391 - - - - - -] calling RpcWorker wait() _wait /var/lib/kolla/venv/lib64/python3.9/site-packages/neutron/service.py:132
2026-08-24 02:19:43.104 27 DEBUG neutron.service [None req-6cc00b53-2190-4f19-b0fa-40d7288cc391 - - - - - -] calling wait on _wait /var/lib/kolla/venv/lib64/python3.9/site-packages/neutron/service.py:135
2026-08-24 02:19:43.112 27 WARNING amqp [None req-6cc00b53-2190-4f19-b0fa-40d7288cc391 - - - - - -] Received method (60, 30) during closing channel 1. This method will be ignored
2026-08-24 02:19:43.112 27 DEBUG neutron.service [None req-6cc00b53-2190-4f19-b0fa-40d7288cc391 - - - - - -] returning from RpcWorker wait() _wait /var/lib/kolla/venv/lib64/python3.9/site-packages/neutron/service.py:139
2026-08-24 02:19:43.117 7 INFO oslo_service.service [-] Child 27 exited with status 0
2026-08-24 02:19:43.562 28 DEBUG oslo_concurrency.lockutils [None req-6cc00b53-2190-4f19-b0fa-40d7288cc391 - - - - - -] Acquiring lock "singleton_lock" lock /var/lib/kolla/venv/lib64/python3.9/site-packages/oslo_concurrency/lockutils.py:310
2026-08-24 02:19:43.562 28 DEBUG oslo_concurrency.lockutils [None req-6cc00b53-2190-4f19-b0fa-40d7288cc391 - - - - - -] Acquired lock "singleton_lock" lock /var/lib/kolla/venv/lib64/python3.9/site-packages/oslo_concurrency/lockutils.py:313
2026-08-24 02:19:43.562 28 DEBUG oslo_concurrency.lockutils [None req-6cc00b53-2190-4f19-b0fa-40d7288cc391 - - - - - -] Releasing lock "singleton_lock" lock /var/lib/kolla/venv/lib64/python3.9/site-packages/oslo_concurrency/lockutils.py:331
2026-08-24 02:19:43.563 28 DEBUG neutron.service [None req-6cc00b53-2190-4f19-b0fa-40d7288cc391 - - - - - -] calling RpcWorker wait() _wait /var/lib/kolla/venv/lib64/python3.9/site-packages/neutron/service.py:132
2026-08-24 02:19:43.563 28 DEBUG neutron.service [None req-6cc00b53-2190-4f19-b0fa-40d7288cc391 - - - - - -] calling wait on _wait /var/lib/kolla/venv/lib64/python3.9/site-packages/neutron/service.py:135
2026-08-24 02:19:43.569 28 WARNING amqp [None req-6cc00b53-2190-4f19-b0fa-40d7288cc391 - - - - - -] Received method (60, 30) during closing channel 1. This method will be ignored
2026-08-24 02:19:43.569 28 DEBUG neutron.service [None req-6cc00b53-2190-4f19-b0fa-40d7288cc391 - - - - - -] returning from RpcWorker wait() _wait /var/lib/kolla/venv/lib64/python3.9/site-packages/neutron/service.py:139
2026-08-24 02:19:43.576 7 INFO oslo_service.service [-] Child 28 exited with status 0
2026-08-24 02:19:43.590 29 DEBUG oslo_concurrency.lockutils [None req-6cc00b53-2190-4f19-b0fa-40d7288cc391 - - - - - -] Acquiring lock "singleton_lock" lock /var/lib/kolla/venv/lib64/python3.9/site-packages/oslo_concurrency/lockutils.py:310
2026-08-24 02:19:43.590 29 DEBUG oslo_concurrency.lockutils [None req-6cc00b53-2190-4f19-b0fa-40d7288cc391 - - - - - -] Acquired lock "singleton_lock" lock /var/lib/kolla/venv/lib64/python3.9/site-packages/oslo_concurrency/lockutils.py:313
2026-08-24 02:19:43.590 29 DEBUG oslo_concurrency.lockutils [None req-6cc00b53-2190-4f19-b0fa-40d7288cc391 - - - - - -] Releasing lock "singleton_lock" lock /var/lib/kolla/venv/lib64/python3.9/site-packages/oslo_concurrency/lockutils.py:331
2026-08-24 02:19:43.591 29 DEBUG neutron.service [None req-6cc00b53-2190-4f19-b0fa-40d7288cc391 - - - - - -] calling RpcWorker wait() _wait /var/lib/kolla/venv/lib64/python3.9/site-packages/neutron/service.py:132
2026-08-24 02:19:43.591 29 DEBUG neutron.service [None req-6cc00b53-2190-4f19-b0fa-40d7288cc391 - - - - - -] calling wait on _wait /var/lib/kolla/venv/lib64/python3.9/site-packages/neutron/service.py:135
2026-08-24 02:19:43.597 29 WARNING amqp [None req-6cc00b53-2190-4f19-b0fa-40d7288cc391 - - - - - -] Received method (60, 30) during closing channel 1. This method will be ignored
2026-08-24 02:19:43.601 29 DEBUG neutron.service [None req-6cc00b53-2190-4f19-b0fa-40d7288cc391 - - - - - -] returning from RpcWorker wait() _wait /var/lib/kolla/venv/lib64/python3.9/site-packages/neutron/service.py:139
2026-08-24 02:19:43.612 7 INFO oslo_service.service [-] Child 29 exited with status 0
2026-08-24 02:19:43.613 7 INFO oslo_service.service [-] Wait called after thread killed. Cleaning up.
2026-08-24 02:19:43.613 7 DEBUG oslo_service.service [-] Stop services. stop /var/lib/kolla/venv/lib64/python3.9/site-packages/oslo_service/service.py:699
2026-08-24 02:19:43.613 7 DEBUG oslo_service.service [-] Killing children. stop /var/lib/kolla/venv/lib64/python3.9/site-packages/oslo_service/service.py:704
2026-08-24 02:19:58.473 7 INFO neutron.common.config [-] Logging enabled!
2026-08-24 02:19:58.473 7 INFO neutron.common.config [-] /var/lib/kolla/venv/bin/neutron-server version 25.2.4.dev2
2026-08-24 02:19:58.473 7 DEBUG neutron.common.config [-] command line: /var/lib/kolla/venv/bin/neutron-server --config-file /etc/neutron/neutron.conf --config-file /etc/neutron/ContrailPlugin.ini --config-file /etc/neutron/api-paste.ini setup_logging /var/lib/kolla/venv/lib64/python3.9/site-packages/neutron/common/config.py:123
2026-08-24 02:19:58.474 7 DEBUG neutron.common.config [-] ******************************************************************************** log_opt_values /var/lib/kolla/venv/lib64/python3.9/site-packages/oslo_config/cfg.py:2806
2026-08-24 02:19:58.474 7 DEBUG neutron.common.config [-] Configuration options gathered from: log_opt_values /var/lib/kolla/venv/lib64/python3.9/site-packages/oslo_config/cfg.py:2807
2026-08-24 02:19:58.474 7 DEBUG neutron.common.config [-] command line args: ['--config-file', '/etc/neutron/neutron.conf', '--config-file', '/etc/neutron/ContrailPlugin.ini', '--config-file', '/etc/neutron/api-paste.ini'] log_opt_values /var/lib/kolla/venv/lib64/python3.9/site-packages/oslo_config/cfg.py:2808
2026-08-24 02:19:58.474 7 DEBUG neutron.common.config [-] config files: ['/etc/neutron/neutron.conf', '/etc/neutron/ContrailPlugin.ini', '/etc/neutron/api-paste.ini'] log_opt_values /var/lib/kolla/venv/lib64/python3.9/site-packages/oslo_config/cfg.py:2809
2026-08-24 02:19:58.475 7 DEBUG neutron.common.config [-] ================================================================================ log_opt_values /var/lib/kolla/venv/lib64/python3.9/site-packages/oslo_config/cfg.py:2811
2026-08-24 02:19:58.475 7 DEBUG neutron.common.config [-] allow_bulk = True log_opt_values /var/lib/kolla/venv/lib64/python3.9/site-packages/oslo_config/cfg.py:2819
2026-08-24 02:19:58.475 7 DEBUG neutron.common.config [-] api_extensions_path = /opt/plugin/site-packages/neutron_plugin_contrail/extensions:/opt/plugin/site-packages/neutron_lbaas/extensions log_opt_values /var/lib/kolla/venv/lib64/python3.9/site-packages/oslo_config/cfg.py:2819
2026-08-24 02:19:58.475 7 DEBUG neutron.common.config [-] api_paste_config = /etc/neutron/api-paste.ini log_opt_values /var/lib/kolla/venv/lib64/python3.9/site-packages/oslo_config/cfg.py:2819
2026-08-24 02:19:58.475 7 DEBUG neutron.common.config [-] api_workers = 1 log_opt_values /var/lib/kolla/venv/lib64/python3.9/site-packages/oslo_config/cfg.py:2819
2026-08-24 02:19:58.475 7 DEBUG neutron.common.config [-] auth_strategy = keystone log_opt_values /var/lib/kolla/venv/lib64/python3.9/site-packages/oslo_config/cfg.py:2819
2026-08-24 02:19:58.475 7 DEBUG neutron.common.config [-] backlog = 4096 log_opt_values /var/lib/kolla/venv/lib64/python3.9/site-packages/oslo_config/cfg.py:2819
2026-08-24 02:19:58.475 7 DEBUG neutron.common.config [-] base_mac = fa:16:3e:00:00:00 log_opt_values /var/lib/kolla/venv/lib64/python3.9/site-packages/oslo_config/cfg.py:2819
2026-08-24 02:19:58.475 7 DEBUG neutron.common.config [-] bind_host = 10.0.0.38 log_opt_values /var/lib/kolla/venv/lib64/python3.9/site-packages/oslo_config/cfg.py:2819
2026-08-24 02:19:58.475 7 DEBUG neutron.common.config [-] bind_port = 9696 log_opt_values /var/lib/kolla/venv/lib64/python3.9/site-packages/oslo_config/cfg.py:2819
2026-08-24 02:19:58.476 7 DEBUG neutron.common.config [-] client_socket_timeout = 900 log_opt_values /var/lib/kolla/venv/lib64/python3.9/site-packages/oslo_config/cfg.py:2819
2026-08-24 02:19:58.476 7 DEBUG neutron.common.config [-] config_dir = [] log_opt_values /var/lib/kolla/venv/lib64/python3.9/site-packages/oslo_config/cfg.py:2819
2026-08-24 02:19:58.476 7 DEBUG neutron.common.config [-] config_file = ['/etc/neutron/neutron.conf', '/etc/neutron/ContrailPlugin.ini', '/etc/neutron/api-paste.ini'] log_opt_values /var/lib/kolla/venv/lib64/python3.9/site-packages/oslo_config/cfg.py:2819
2026-08-24 02:19:58.476 7 DEBUG neutron.common.config [-] config_source = [] log_opt_values /var/lib/kolla/venv/lib64/python3.9/site-packages/oslo_config/cfg.py:2819
2026-08-24 02:19:58.476 7 DEBUG neutron.common.config [-] control_exchange = neutron log_opt_values /var/lib/kolla/venv/lib64/python3.9/site-packages/oslo_config/cfg.py:2819
2026-08-24 02:19:58.476 7 DEBUG neutron.common.config [-] core_plugin = neutron_plugin_contrail.plugins.opencontrail.contrail_plugin.NeutronPluginContrailCoreV2 log_opt_values /var/lib/kolla/venv/lib64/python3.9/site-packages/oslo_config/cfg.py:2819
2026-08-24 02:19:58.476 7 DEBUG neutron.common.config [-] debug = True log_opt_values /var/lib/kolla/venv/lib64/python3.9/site-packages/oslo_config/cfg.py:2819
2026-08-24 02:19:58.476 7 DEBUG neutron.common.config [-] default_availability_zones = [] log_opt_values /var/lib/kolla/venv/lib64/python3.9/site-packages/oslo_config/cfg.py:2819
2026-08-24 02:19:58.476 7 DEBUG neutron.common.config [-] default_log_levels = ['amqp=WARN', 'amqplib=WARN', 'boto=WARN', 'qpid=WARN', 'sqlalchemy=WARN', 'suds=INFO', 'oslo.messaging=INFO', 'oslo_messaging=INFO', 'iso8601=WARN', 'requests.packages.urllib3.connectionpool=WARN', 'urllib3.connectionpool=WARN', 'websocket=WARN', 'requests.packages.urllib3.util.retry=WARN', 'urllib3.util.retry=WARN', 'keystonemiddleware=WARN', 'routes.middleware=WARN', 'stevedore=WARN', 'taskflow=WARN', 'keystoneauth=WARN', 'oslo.cache=INFO', 'oslo_policy=INFO', 'dogpile.core.dogpile=INFO', 'OFPHandler=INFO', 'OfctlService=INFO', 'os_ken.base.app_manager=INFO', 'os_ken.controller.controller=INFO'] log_opt_values /var/lib/kolla/venv/lib64/python3.9/site-packages/oslo_config/cfg.py:2819
2026-08-24 02:19:58.477 7 DEBUG neutron.common.config [-] dhcp_agent_notification = True log_opt_values /var/lib/kolla/venv/lib64/python3.9/site-packages/oslo_config/cfg.py:2819
2026-08-24 02:19:58.477 7 DEBUG neutron.common.config [-] dhcp_lease_duration = 86400 log_opt_values /var/lib/kolla/venv/lib64/python3.9/site-packages/oslo_config/cfg.py:2819
2026-08-24 02:19:58.477 7 DEBUG neutron.common.config [-] dns_domain = openstacklocal log_opt_values /var/lib/kolla/venv/lib64/python3.9/site-packages/oslo_config/cfg.py:2819
2026-08-24 02:19:58.477 7 DEBUG neutron.common.config [-] enable_signals = True log_opt_values /var/lib/kolla/venv/lib64/python3.9/site-packages/oslo_config/cfg.py:2819
2026-08-24 02:19:58.477 7 DEBUG neutron.common.config [-] enable_traditional_dhcp = True log_opt_values /var/lib/kolla/venv/lib64/python3.9/site-packages/oslo_config/cfg.py:2819
2026-08-24 02:19:58.477 7 DEBUG neutron.common.config [-] external_dns_driver = None log_opt_values /var/lib/kolla/venv/lib64/python3.9/site-packages/oslo_config/cfg.py:2819
2026-08-24 02:19:58.477 7 DEBUG neutron.common.config [-] filter_validation = True log_opt_values /var/lib/kolla/venv/lib64/python3.9/site-packages/oslo_config/cfg.py:2819
2026-08-24 02:19:58.477 7 DEBUG neutron.common.config [-] global_physnet_mtu = 1500 log_opt_values /var/lib/kolla/venv/lib64/python3.9/site-packages/oslo_config/cfg.py:2819
2026-08-24 02:19:58.477 7 DEBUG neutron.common.config [-] host = cn-jenkins-deploy-platform-ansible-os-6210-1 log_opt_values /var/lib/kolla/venv/lib64/python3.9/site-packages/oslo_config/cfg.py:2819
2026-08-24 02:19:58.477 7 DEBUG neutron.common.config [-] http_retries = 3 log_opt_values /var/lib/kolla/venv/lib64/python3.9/site-packages/oslo_config/cfg.py:2819
2026-08-24 02:19:58.478 7 DEBUG neutron.common.config [-] instance_format = [instance: %(uuid)s] log_opt_values /var/lib/kolla/venv/lib64/python3.9/site-packages/oslo_config/cfg.py:2819
2026-08-24 02:19:58.478 7 DEBUG neutron.common.config [-] instance_uuid_format = [instance: %(uuid)s] log_opt_values /var/lib/kolla/venv/lib64/python3.9/site-packages/oslo_config/cfg.py:2819
2026-08-24 02:19:58.478 7 DEBUG neutron.common.config [-] ipam_driver = internal log_opt_values /var/lib/kolla/venv/lib64/python3.9/site-packages/oslo_config/cfg.py:2819
2026-08-24 02:19:58.478 7 DEBUG neutron.common.config [-] ipv6_pd_enabled = False log_opt_values /var/lib/kolla/venv/lib64/python3.9/site-packages/oslo_config/cfg.py:2819
2026-08-24 02:19:58.478 7 DEBUG neutron.common.config [-] log_color = False log_opt_values /var/lib/kolla/venv/lib64/python3.9/site-packages/oslo_config/cfg.py:2819
2026-08-24 02:19:58.478 7 DEBUG neutron.common.config [-] log_config_append = None log_opt_values /var/lib/kolla/venv/lib64/python3.9/site-packages/oslo_config/cfg.py:2819
2026-08-24 02:19:58.478 7 DEBUG neutron.common.config [-] log_date_format = %Y-%m-%d %H:%M:%S log_opt_values /var/lib/kolla/venv/lib64/python3.9/site-packages/oslo_config/cfg.py:2819
2026-08-24 02:19:58.478 7 DEBUG neutron.common.config [-] log_dir = /var/log/kolla/neutron log_opt_values /var/lib/kolla/venv/lib64/python3.9/site-packages/oslo_config/cfg.py:2819
2026-08-24 02:19:58.478 7 DEBUG neutron.common.config [-] log_file = None log_opt_values /var/lib/kolla/venv/lib64/python3.9/site-packages/oslo_config/cfg.py:2819
2026-08-24 02:19:58.478 7 DEBUG neutron.common.config [-] log_rotate_interval = 1 log_opt_values /var/lib/kolla/venv/lib64/python3.9/site-packages/oslo_config/cfg.py:2819
2026-08-24 02:19:58.479 7 DEBUG neutron.common.config [-] log_rotate_interval_type = days log_opt_values /var/lib/kolla/venv/lib64/python3.9/site-packages/oslo_config/cfg.py:2819
2026-08-24 02:19:58.479 7 DEBUG neutron.common.config [-] log_rotation_type = none log_opt_values /var/lib/kolla/venv/lib64/python3.9/site-packages/oslo_config/cfg.py:2819
2026-08-24 02:19:58.479 7 DEBUG neutron.common.config [-] logging_context_format_string = %(asctime)s.%(msecs)03d %(process)d %(levelname)s %(name)s [%(global_request_id)s %(request_id)s %(user_identity)s] %(instance)s%(message)s log_opt_values /var/lib/kolla/venv/lib64/python3.9/site-packages/oslo_config/cfg.py:2819
2026-08-24 02:19:58.479 7 DEBUG neutron.common.config [-] logging_debug_format_suffix = %(funcName)s %(pathname)s:%(lineno)d log_opt_values /var/lib/kolla/venv/lib64/python3.9/site-packages/oslo_config/cfg.py:2819
