2026-08-17 02:12:58.728 30 DEBUG neutron.db.agents_db [None req-a881d121-08c1-43fd-b8f6-b039eef2031e - - - - - -] Agent healthcheck: found 2 active agents agent_health_check /var/lib/kolla/venv/lib64/python3.9/site-packages/neutron/db/agents_db.py:317
2026-08-17 02:13:01.838 27 DEBUG neutron_lib.callbacks.manager [None req-b35fbdaf-60fa-477b-8cad-52a580298692 - - - - - -] Publish callbacks ['neutron.services.segments.db._update_segment_host_mapping_for_agent-8746039989369', 'neutron.plugins.ml2.plugin.Ml2Plugin._retry_binding_revived_agents-4173138'] for agent (cecc1c6b-7384-4e2c-8676-6af965e79d66), after_update _notify_loop /var/lib/kolla/venv/lib64/python3.9/site-packages/neutron_lib/callbacks/manager.py:184
2026-08-17 02:13:07.397 23 DEBUG neutron.api.wsgi [-] (23) accepted ('10.0.0.189', 58280) server /var/lib/kolla/venv/lib64/python3.9/site-packages/eventlet/wsgi.py:1037
2026-08-17 02:13:07.398 23 INFO neutron.api.wsgi [-] 10.0.0.189 "GET / HTTP/1.1" status: 200 len: 228 time: 0.0012071
2026-08-17 02:13:10.781 29 DEBUG neutron_lib.callbacks.manager [None req-e0eaf828-f8c3-497b-abec-6e94615c15e9 - - - - - -] Publish callbacks ['neutron.services.segments.db._update_segment_host_mapping_for_agent-8746039989369', 'neutron.plugins.ml2.plugin.Ml2Plugin._retry_binding_revived_agents-4173138'] for agent (5a890dbd-0b91-46b7-a54e-9bd4c0e7dd5b), after_update _notify_loop /var/lib/kolla/venv/lib64/python3.9/site-packages/neutron_lib/callbacks/manager.py:184
2026-08-17 02:13:31.833 26 DEBUG neutron_lib.callbacks.manager [None req-b35fbdaf-60fa-477b-8cad-52a580298692 - - - - - -] Publish callbacks ['neutron.services.segments.db._update_segment_host_mapping_for_agent-8746039989369', 'neutron.plugins.ml2.plugin.Ml2Plugin._retry_binding_revived_agents-4173138'] for agent (cecc1c6b-7384-4e2c-8676-6af965e79d66), after_update _notify_loop /var/lib/kolla/venv/lib64/python3.9/site-packages/neutron_lib/callbacks/manager.py:184
2026-08-17 02:13:35.735 30 DEBUG neutron.db.agents_db [None req-a881d121-08c1-43fd-b8f6-b039eef2031e - - - - - -] Agent healthcheck: found 2 active agents agent_health_check /var/lib/kolla/venv/lib64/python3.9/site-packages/neutron/db/agents_db.py:317
2026-08-17 02:13:37.442 23 DEBUG neutron.api.wsgi [-] (23) accepted ('10.0.0.189', 60378) server /var/lib/kolla/venv/lib64/python3.9/site-packages/eventlet/wsgi.py:1037
2026-08-17 02:13:37.444 23 INFO neutron.api.wsgi [-] 10.0.0.189 "GET / HTTP/1.1" status: 200 len: 228 time: 0.0012672
2026-08-17 02:13:40.780 25 DEBUG neutron_lib.callbacks.manager [None req-325dc0fa-3940-4ecd-b01e-4eab5b2db6f1 - - - - - -] Publish callbacks ['neutron.services.segments.db._update_segment_host_mapping_for_agent-8746039989369', 'neutron.plugins.ml2.plugin.Ml2Plugin._retry_binding_revived_agents-4173138'] for agent (5a890dbd-0b91-46b7-a54e-9bd4c0e7dd5b), after_update _notify_loop /var/lib/kolla/venv/lib64/python3.9/site-packages/neutron_lib/callbacks/manager.py:184
2026-08-17 02:14:01.829 24 DEBUG neutron_lib.callbacks.manager [None req-b35fbdaf-60fa-477b-8cad-52a580298692 - - - - - -] Publish callbacks ['neutron.services.segments.db._update_segment_host_mapping_for_agent-8746039989369', 'neutron.plugins.ml2.plugin.Ml2Plugin._retry_binding_revived_agents-4173138'] for agent (cecc1c6b-7384-4e2c-8676-6af965e79d66), after_update _notify_loop /var/lib/kolla/venv/lib64/python3.9/site-packages/neutron_lib/callbacks/manager.py:184
2026-08-17 02:14:07.489 23 DEBUG neutron.api.wsgi [-] (23) accepted ('10.0.0.189', 53476) server /var/lib/kolla/venv/lib64/python3.9/site-packages/eventlet/wsgi.py:1037
2026-08-17 02:14:07.491 23 INFO neutron.api.wsgi [-] 10.0.0.189 "GET / HTTP/1.1" status: 200 len: 228 time: 0.0013518
2026-08-17 02:14:10.776 28 DEBUG neutron_lib.callbacks.manager [None req-2563e710-25e6-4f21-b9e6-5ea3506e44ec - - - - - -] Publish callbacks ['neutron.services.segments.db._update_segment_host_mapping_for_agent-8746039989369', 'neutron.plugins.ml2.plugin.Ml2Plugin._retry_binding_revived_agents-4173138'] for agent (5a890dbd-0b91-46b7-a54e-9bd4c0e7dd5b), after_update _notify_loop /var/lib/kolla/venv/lib64/python3.9/site-packages/neutron_lib/callbacks/manager.py:184
2026-08-17 02:14:12.733 30 DEBUG neutron.db.agents_db [None req-a881d121-08c1-43fd-b8f6-b039eef2031e - - - - - -] Agent healthcheck: found 2 active agents agent_health_check /var/lib/kolla/venv/lib64/python3.9/site-packages/neutron/db/agents_db.py:317
2026-08-17 02:14:31.824 27 DEBUG neutron_lib.callbacks.manager [None req-b35fbdaf-60fa-477b-8cad-52a580298692 - - - - - -] Publish callbacks ['neutron.services.segments.db._update_segment_host_mapping_for_agent-8746039989369', 'neutron.plugins.ml2.plugin.Ml2Plugin._retry_binding_revived_agents-4173138'] for agent (cecc1c6b-7384-4e2c-8676-6af965e79d66), after_update _notify_loop /var/lib/kolla/venv/lib64/python3.9/site-packages/neutron_lib/callbacks/manager.py:184
2026-08-17 02:14:37.534 23 DEBUG neutron.api.wsgi [-] (23) accepted ('10.0.0.189', 36040) server /var/lib/kolla/venv/lib64/python3.9/site-packages/eventlet/wsgi.py:1037
2026-08-17 02:14:37.536 23 INFO neutron.api.wsgi [-] 10.0.0.189 "GET / HTTP/1.1" status: 200 len: 228 time: 0.0014794
2026-08-17 02:14:40.775 29 DEBUG neutron_lib.callbacks.manager [None req-1dd9c924-ce38-4445-a40d-9b92b0f11d16 - - - - - -] Publish callbacks ['neutron.services.segments.db._update_segment_host_mapping_for_agent-8746039989369', 'neutron.plugins.ml2.plugin.Ml2Plugin._retry_binding_revived_agents-4173138'] for agent (5a890dbd-0b91-46b7-a54e-9bd4c0e7dd5b), after_update _notify_loop /var/lib/kolla/venv/lib64/python3.9/site-packages/neutron_lib/callbacks/manager.py:184
2026-08-17 02:14:49.732 30 DEBUG neutron.db.agents_db [None req-a881d121-08c1-43fd-b8f6-b039eef2031e - - - - - -] Agent healthcheck: found 2 active agents agent_health_check /var/lib/kolla/venv/lib64/python3.9/site-packages/neutron/db/agents_db.py:317
2026-08-17 02:15:01.831 26 DEBUG neutron_lib.callbacks.manager [None req-b35fbdaf-60fa-477b-8cad-52a580298692 - - - - - -] Publish callbacks ['neutron.services.segments.db._update_segment_host_mapping_for_agent-8746039989369', 'neutron.plugins.ml2.plugin.Ml2Plugin._retry_binding_revived_agents-4173138'] for agent (cecc1c6b-7384-4e2c-8676-6af965e79d66), after_update _notify_loop /var/lib/kolla/venv/lib64/python3.9/site-packages/neutron_lib/callbacks/manager.py:184
2026-08-17 02:15:07.579 23 DEBUG neutron.api.wsgi [-] (23) accepted ('10.0.0.189', 52202) server /var/lib/kolla/venv/lib64/python3.9/site-packages/eventlet/wsgi.py:1037
2026-08-17 02:15:07.581 23 INFO neutron.api.wsgi [-] 10.0.0.189 "GET / HTTP/1.1" status: 200 len: 228 time: 0.0012119
2026-08-17 02:15:10.773 25 DEBUG neutron_lib.callbacks.manager [None req-0a945451-5eaa-4648-b56f-d7f0aeea01e9 - - - - - -] Publish callbacks ['neutron.services.segments.db._update_segment_host_mapping_for_agent-8746039989369', 'neutron.plugins.ml2.plugin.Ml2Plugin._retry_binding_revived_agents-4173138'] for agent (5a890dbd-0b91-46b7-a54e-9bd4c0e7dd5b), after_update _notify_loop /var/lib/kolla/venv/lib64/python3.9/site-packages/neutron_lib/callbacks/manager.py:184
2026-08-17 02:15:26.739 30 DEBUG neutron.db.agents_db [None req-a881d121-08c1-43fd-b8f6-b039eef2031e - - - - - -] Agent healthcheck: found 2 active agents agent_health_check /var/lib/kolla/venv/lib64/python3.9/site-packages/neutron/db/agents_db.py:317
2026-08-17 02:15:31.910 24 DEBUG neutron_lib.callbacks.manager [None req-b35fbdaf-60fa-477b-8cad-52a580298692 - - - - - -] Publish callbacks ['neutron.services.segments.db._update_segment_host_mapping_for_agent-8746039989369', 'neutron.plugins.ml2.plugin.Ml2Plugin._retry_binding_revived_agents-4173138'] for agent (cecc1c6b-7384-4e2c-8676-6af965e79d66), after_update _notify_loop /var/lib/kolla/venv/lib64/python3.9/site-packages/neutron_lib/callbacks/manager.py:184
2026-08-17 02:15:37.626 23 DEBUG neutron.api.wsgi [-] (23) accepted ('10.0.0.189', 54844) server /var/lib/kolla/venv/lib64/python3.9/site-packages/eventlet/wsgi.py:1037
2026-08-17 02:15:37.628 23 INFO neutron.api.wsgi [-] 10.0.0.189 "GET / HTTP/1.1" status: 200 len: 228 time: 0.0012636
2026-08-17 02:15:40.771 28 DEBUG neutron_lib.callbacks.manager [None req-3c4d80a2-da13-48ed-a61c-dc13c2543ab5 - - - - - -] Publish callbacks ['neutron.services.segments.db._update_segment_host_mapping_for_agent-8746039989369', 'neutron.plugins.ml2.plugin.Ml2Plugin._retry_binding_revived_agents-4173138'] for agent (5a890dbd-0b91-46b7-a54e-9bd4c0e7dd5b), after_update _notify_loop /var/lib/kolla/venv/lib64/python3.9/site-packages/neutron_lib/callbacks/manager.py:184
2026-08-17 02:16:01.826 27 DEBUG neutron_lib.callbacks.manager [None req-b35fbdaf-60fa-477b-8cad-52a580298692 - - - - - -] Publish callbacks ['neutron.services.segments.db._update_segment_host_mapping_for_agent-8746039989369', 'neutron.plugins.ml2.plugin.Ml2Plugin._retry_binding_revived_agents-4173138'] for agent (cecc1c6b-7384-4e2c-8676-6af965e79d66), after_update _notify_loop /var/lib/kolla/venv/lib64/python3.9/site-packages/neutron_lib/callbacks/manager.py:184
2026-08-17 02:16:03.738 30 DEBUG neutron.db.agents_db [None req-a881d121-08c1-43fd-b8f6-b039eef2031e - - - - - -] Agent healthcheck: found 2 active agents agent_health_check /var/lib/kolla/venv/lib64/python3.9/site-packages/neutron/db/agents_db.py:317
2026-08-17 02:16:07.719 23 DEBUG neutron.api.wsgi [-] (23) accepted ('10.0.0.189', 52300) server /var/lib/kolla/venv/lib64/python3.9/site-packages/eventlet/wsgi.py:1037
2026-08-17 02:16:07.722 23 INFO neutron.api.wsgi [-] 10.0.0.189 "GET / HTTP/1.1" status: 200 len: 228 time: 0.0013022
2026-08-17 02:16:10.778 29 DEBUG neutron_lib.callbacks.manager [None req-11feb441-cde5-4845-89dc-37597b5a5ea0 - - - - - -] Publish callbacks ['neutron.services.segments.db._update_segment_host_mapping_for_agent-8746039989369', 'neutron.plugins.ml2.plugin.Ml2Plugin._retry_binding_revived_agents-4173138'] for agent (5a890dbd-0b91-46b7-a54e-9bd4c0e7dd5b), after_update _notify_loop /var/lib/kolla/venv/lib64/python3.9/site-packages/neutron_lib/callbacks/manager.py:184
2026-08-17 02:16:31.823 26 DEBUG neutron_lib.callbacks.manager [None req-b35fbdaf-60fa-477b-8cad-52a580298692 - - - - - -] Publish callbacks ['neutron.services.segments.db._update_segment_host_mapping_for_agent-8746039989369', 'neutron.plugins.ml2.plugin.Ml2Plugin._retry_binding_revived_agents-4173138'] for agent (cecc1c6b-7384-4e2c-8676-6af965e79d66), after_update _notify_loop /var/lib/kolla/venv/lib64/python3.9/site-packages/neutron_lib/callbacks/manager.py:184
2026-08-17 02:16:37.779 23 DEBUG neutron.api.wsgi [-] (23) accepted ('10.0.0.189', 45178) server /var/lib/kolla/venv/lib64/python3.9/site-packages/eventlet/wsgi.py:1037
2026-08-17 02:16:37.781 23 INFO neutron.api.wsgi [-] 10.0.0.189 "GET / HTTP/1.1" status: 200 len: 228 time: 0.0016334
2026-08-17 02:16:40.734 30 DEBUG neutron.db.agents_db [None req-a881d121-08c1-43fd-b8f6-b039eef2031e - - - - - -] Agent healthcheck: found 2 active agents agent_health_check /var/lib/kolla/venv/lib64/python3.9/site-packages/neutron/db/agents_db.py:317
2026-08-17 02:16:40.780 25 DEBUG neutron_lib.callbacks.manager [None req-86f3b7c5-3839-4909-9e66-6fca5abd3022 - - - - - -] Publish callbacks ['neutron.services.segments.db._update_segment_host_mapping_for_agent-8746039989369', 'neutron.plugins.ml2.plugin.Ml2Plugin._retry_binding_revived_agents-4173138'] for agent (5a890dbd-0b91-46b7-a54e-9bd4c0e7dd5b), after_update _notify_loop /var/lib/kolla/venv/lib64/python3.9/site-packages/neutron_lib/callbacks/manager.py:184
2026-08-17 02:17:01.821 24 DEBUG neutron_lib.callbacks.manager [None req-b35fbdaf-60fa-477b-8cad-52a580298692 - - - - - -] Publish callbacks ['neutron.services.segments.db._update_segment_host_mapping_for_agent-8746039989369', 'neutron.plugins.ml2.plugin.Ml2Plugin._retry_binding_revived_agents-4173138'] for agent (cecc1c6b-7384-4e2c-8676-6af965e79d66), after_update _notify_loop /var/lib/kolla/venv/lib64/python3.9/site-packages/neutron_lib/callbacks/manager.py:184
2026-08-17 02:17:07.826 23 DEBUG neutron.api.wsgi [-] (23) accepted ('10.0.0.189', 42294) server /var/lib/kolla/venv/lib64/python3.9/site-packages/eventlet/wsgi.py:1037
2026-08-17 02:17:07.829 23 INFO neutron.api.wsgi [-] 10.0.0.189 "GET / HTTP/1.1" status: 200 len: 228 time: 0.0013773
2026-08-17 02:17:10.766 28 DEBUG neutron_lib.callbacks.manager [None req-1467f4f9-ee5a-44c2-9753-a4ec55b0acf7 - - - - - -] Publish callbacks ['neutron.services.segments.db._update_segment_host_mapping_for_agent-8746039989369', 'neutron.plugins.ml2.plugin.Ml2Plugin._retry_binding_revived_agents-4173138'] for agent (5a890dbd-0b91-46b7-a54e-9bd4c0e7dd5b), after_update _notify_loop /var/lib/kolla/venv/lib64/python3.9/site-packages/neutron_lib/callbacks/manager.py:184
2026-08-17 02:17:17.732 30 DEBUG neutron.db.agents_db [None req-a881d121-08c1-43fd-b8f6-b039eef2031e - - - - - -] Agent healthcheck: found 2 active agents agent_health_check /var/lib/kolla/venv/lib64/python3.9/site-packages/neutron/db/agents_db.py:317
2026-08-17 02:17:31.817 27 DEBUG neutron_lib.callbacks.manager [None req-b35fbdaf-60fa-477b-8cad-52a580298692 - - - - - -] Publish callbacks ['neutron.services.segments.db._update_segment_host_mapping_for_agent-8746039989369', 'neutron.plugins.ml2.plugin.Ml2Plugin._retry_binding_revived_agents-4173138'] for agent (cecc1c6b-7384-4e2c-8676-6af965e79d66), after_update _notify_loop /var/lib/kolla/venv/lib64/python3.9/site-packages/neutron_lib/callbacks/manager.py:184
2026-08-17 02:17:37.882 23 DEBUG neutron.api.wsgi [-] (23) accepted ('10.0.0.189', 60028) server /var/lib/kolla/venv/lib64/python3.9/site-packages/eventlet/wsgi.py:1037
2026-08-17 02:17:37.884 23 INFO neutron.api.wsgi [-] 10.0.0.189 "GET / HTTP/1.1" status: 200 len: 228 time: 0.0012915
2026-08-17 02:17:40.765 29 DEBUG neutron_lib.callbacks.manager [None req-81e4aebc-a863-4525-bdcb-57b99cb61050 - - - - - -] Publish callbacks ['neutron.services.segments.db._update_segment_host_mapping_for_agent-8746039989369', 'neutron.plugins.ml2.plugin.Ml2Plugin._retry_binding_revived_agents-4173138'] for agent (5a890dbd-0b91-46b7-a54e-9bd4c0e7dd5b), after_update _notify_loop /var/lib/kolla/venv/lib64/python3.9/site-packages/neutron_lib/callbacks/manager.py:184
2026-08-17 02:17:54.729 30 DEBUG neutron.db.agents_db [None req-a881d121-08c1-43fd-b8f6-b039eef2031e - - - - - -] Agent healthcheck: found 2 active agents agent_health_check /var/lib/kolla/venv/lib64/python3.9/site-packages/neutron/db/agents_db.py:317
2026-08-17 02:18:01.816 26 DEBUG neutron_lib.callbacks.manager [None req-b35fbdaf-60fa-477b-8cad-52a580298692 - - - - - -] Publish callbacks ['neutron.services.segments.db._update_segment_host_mapping_for_agent-8746039989369', 'neutron.plugins.ml2.plugin.Ml2Plugin._retry_binding_revived_agents-4173138'] for agent (cecc1c6b-7384-4e2c-8676-6af965e79d66), after_update _notify_loop /var/lib/kolla/venv/lib64/python3.9/site-packages/neutron_lib/callbacks/manager.py:184
2026-08-17 02:18:07.943 23 DEBUG neutron.api.wsgi [-] (23) accepted ('10.0.0.189', 57802) server /var/lib/kolla/venv/lib64/python3.9/site-packages/eventlet/wsgi.py:1037
2026-08-17 02:18:07.946 23 INFO neutron.api.wsgi [-] 10.0.0.189 "GET / HTTP/1.1" status: 200 len: 228 time: 0.0014849
2026-08-17 02:18:10.763 25 DEBUG neutron_lib.callbacks.manager [None req-6095ea87-5b6d-49b4-bc7b-3d622f488899 - - - - - -] Publish callbacks ['neutron.services.segments.db._update_segment_host_mapping_for_agent-8746039989369', 'neutron.plugins.ml2.plugin.Ml2Plugin._retry_binding_revived_agents-4173138'] for agent (5a890dbd-0b91-46b7-a54e-9bd4c0e7dd5b), after_update _notify_loop /var/lib/kolla/venv/lib64/python3.9/site-packages/neutron_lib/callbacks/manager.py:184
2026-08-17 02:18:31.727 30 DEBUG neutron.db.agents_db [None req-a881d121-08c1-43fd-b8f6-b039eef2031e - - - - - -] Agent healthcheck: found 2 active agents agent_health_check /var/lib/kolla/venv/lib64/python3.9/site-packages/neutron/db/agents_db.py:317
2026-08-17 02:18:31.817 24 DEBUG neutron_lib.callbacks.manager [None req-b35fbdaf-60fa-477b-8cad-52a580298692 - - - - - -] Publish callbacks ['neutron.services.segments.db._update_segment_host_mapping_for_agent-8746039989369', 'neutron.plugins.ml2.plugin.Ml2Plugin._retry_binding_revived_agents-4173138'] for agent (cecc1c6b-7384-4e2c-8676-6af965e79d66), after_update _notify_loop /var/lib/kolla/venv/lib64/python3.9/site-packages/neutron_lib/callbacks/manager.py:184
2026-08-17 02:18:37.990 23 DEBUG neutron.api.wsgi [-] (23) accepted ('10.0.0.189', 51486) server /var/lib/kolla/venv/lib64/python3.9/site-packages/eventlet/wsgi.py:1037
2026-08-17 02:18:37.993 23 INFO neutron.api.wsgi [-] 10.0.0.189 "GET / HTTP/1.1" status: 200 len: 228 time: 0.0017717
2026-08-17 02:18:40.761 28 DEBUG neutron_lib.callbacks.manager [None req-eec1c3b5-c228-4209-986a-0f641273ba82 - - - - - -] Publish callbacks ['neutron.services.segments.db._update_segment_host_mapping_for_agent-8746039989369', 'neutron.plugins.ml2.plugin.Ml2Plugin._retry_binding_revived_agents-4173138'] for agent (5a890dbd-0b91-46b7-a54e-9bd4c0e7dd5b), after_update _notify_loop /var/lib/kolla/venv/lib64/python3.9/site-packages/neutron_lib/callbacks/manager.py:184
2026-08-17 02:19:01.812 27 DEBUG neutron_lib.callbacks.manager [None req-b35fbdaf-60fa-477b-8cad-52a580298692 - - - - - -] Publish callbacks ['neutron.services.segments.db._update_segment_host_mapping_for_agent-8746039989369', 'neutron.plugins.ml2.plugin.Ml2Plugin._retry_binding_revived_agents-4173138'] for agent (cecc1c6b-7384-4e2c-8676-6af965e79d66), after_update _notify_loop /var/lib/kolla/venv/lib64/python3.9/site-packages/neutron_lib/callbacks/manager.py:184
2026-08-17 02:19:08.038 23 DEBUG neutron.api.wsgi [-] (23) accepted ('10.0.0.189', 59354) server /var/lib/kolla/venv/lib64/python3.9/site-packages/eventlet/wsgi.py:1037
2026-08-17 02:19:08.040 23 INFO neutron.api.wsgi [-] 10.0.0.189 "GET / HTTP/1.1" status: 200 len: 228 time: 0.0012720
2026-08-17 02:19:08.725 30 DEBUG neutron.db.agents_db [None req-a881d121-08c1-43fd-b8f6-b039eef2031e - - - - - -] Agent healthcheck: found 2 active agents agent_health_check /var/lib/kolla/venv/lib64/python3.9/site-packages/neutron/db/agents_db.py:317
2026-08-17 02:19:10.760 29 DEBUG neutron_lib.callbacks.manager [None req-71646ad5-fec0-43f4-8478-9e8720448672 - - - - - -] Publish callbacks ['neutron.services.segments.db._update_segment_host_mapping_for_agent-8746039989369', 'neutron.plugins.ml2.plugin.Ml2Plugin._retry_binding_revived_agents-4173138'] for agent (5a890dbd-0b91-46b7-a54e-9bd4c0e7dd5b), after_update _notify_loop /var/lib/kolla/venv/lib64/python3.9/site-packages/neutron_lib/callbacks/manager.py:184
2026-08-17 02:19:30.258 7 INFO oslo_service.service [-] Caught SIGTERM, stopping children
2026-08-17 02:19:30.259 7 DEBUG oslo_concurrency.lockutils [-] Acquiring lock "singleton_lock" lock /var/lib/kolla/venv/lib64/python3.9/site-packages/oslo_concurrency/lockutils.py:310
2026-08-17 02:19:30.259 7 DEBUG oslo_concurrency.lockutils [-] Acquired lock "singleton_lock" lock /var/lib/kolla/venv/lib64/python3.9/site-packages/oslo_concurrency/lockutils.py:313
2026-08-17 02:19:30.259 7 DEBUG oslo_concurrency.lockutils [-] Releasing lock "singleton_lock" lock /var/lib/kolla/venv/lib64/python3.9/site-packages/oslo_concurrency/lockutils.py:331
2026-08-17 02:19:30.259 7 DEBUG oslo_service.service [-] Stop services. stop /var/lib/kolla/venv/lib64/python3.9/site-packages/oslo_service/service.py:699
2026-08-17 02:19:30.260 7 DEBUG neutron.service [-] calling RpcWorker stop() stop /var/lib/kolla/venv/lib64/python3.9/site-packages/neutron/service.py:142
2026-08-17 02:19:30.260 7 DEBUG neutron.service [-] calling RpcWorker stop() stop /var/lib/kolla/venv/lib64/python3.9/site-packages/neutron/service.py:142
2026-08-17 02:19:30.260 7 DEBUG oslo_service.service [-] Killing children. stop /var/lib/kolla/venv/lib64/python3.9/site-packages/oslo_service/service.py:704
2026-08-17 02:19:30.260 7 INFO oslo_service.service [-] Waiting on 8 children to exit
2026-08-17 02:19:30.260 27 DEBUG neutron.service [-] calling RpcWorker stop() stop /var/lib/kolla/venv/lib64/python3.9/site-packages/neutron/service.py:142
2026-08-17 02:19:30.261 26 DEBUG neutron.service [-] calling RpcWorker stop() stop /var/lib/kolla/venv/lib64/python3.9/site-packages/neutron/service.py:142
2026-08-17 02:19:30.261 23 INFO neutron.api.wsgi [-] (23) wsgi exited, is_accepting=True
2026-08-17 02:19:30.260 25 DEBUG neutron.service [-] calling RpcWorker stop() stop /var/lib/kolla/venv/lib64/python3.9/site-packages/neutron/service.py:142
2026-08-17 02:19:30.261 29 DEBUG neutron.service [-] calling RpcWorker stop() stop /var/lib/kolla/venv/lib64/python3.9/site-packages/neutron/service.py:142
2026-08-17 02:19:30.261 26 DEBUG neutron.service [-] calling stop on stop /var/lib/kolla/venv/lib64/python3.9/site-packages/neutron/service.py:145
2026-08-17 02:19:30.261 23 DEBUG oslo_concurrency.lockutils [None req-4577c47b-ec16-4da4-90d8-d0fe2e6614ba - - - - - -] Acquiring lock "singleton_lock" lock /var/lib/kolla/venv/lib64/python3.9/site-packages/oslo_concurrency/lockutils.py:310
2026-08-17 02:19:30.262 23 DEBUG oslo_concurrency.lockutils [None req-4577c47b-ec16-4da4-90d8-d0fe2e6614ba - - - - - -] Acquired lock "singleton_lock" lock /var/lib/kolla/venv/lib64/python3.9/site-packages/oslo_concurrency/lockutils.py:313
2026-08-17 02:19:30.261 27 DEBUG neutron.service [-] calling stop on stop /var/lib/kolla/venv/lib64/python3.9/site-packages/neutron/service.py:145
2026-08-17 02:19:30.262 23 DEBUG oslo_concurrency.lockutils [None req-4577c47b-ec16-4da4-90d8-d0fe2e6614ba - - - - - -] Releasing lock "singleton_lock" lock /var/lib/kolla/venv/lib64/python3.9/site-packages/oslo_concurrency/lockutils.py:331
2026-08-17 02:19:30.261 29 DEBUG neutron.service [-] calling stop on stop /var/lib/kolla/venv/lib64/python3.9/site-packages/neutron/service.py:145
2026-08-17 02:19:30.261 25 DEBUG neutron.service [-] calling stop on stop /var/lib/kolla/venv/lib64/python3.9/site-packages/neutron/service.py:145
2026-08-17 02:19:30.263 30 DEBUG neutron.service [-] calling RpcWorker stop() stop /var/lib/kolla/venv/lib64/python3.9/site-packages/neutron/service.py:142
2026-08-17 02:19:30.263 30 DEBUG neutron.service [-] calling stop on stop /var/lib/kolla/venv/lib64/python3.9/site-packages/neutron/service.py:145
2026-08-17 02:19:30.264 28 DEBUG neutron.service [-] calling RpcWorker stop() stop /var/lib/kolla/venv/lib64/python3.9/site-packages/neutron/service.py:142
2026-08-17 02:19:30.264 28 DEBUG neutron.service [-] calling stop on stop /var/lib/kolla/venv/lib64/python3.9/site-packages/neutron/service.py:145
2026-08-17 02:19:30.266 24 DEBUG neutron.service [-] calling RpcWorker stop() stop /var/lib/kolla/venv/lib64/python3.9/site-packages/neutron/service.py:142
2026-08-17 02:19:30.266 7 INFO oslo_service.service [-] Child 23 exited with status 0
2026-08-17 02:19:30.266 24 DEBUG neutron.service [-] calling stop on stop /var/lib/kolla/venv/lib64/python3.9/site-packages/neutron/service.py:145
2026-08-17 02:19:30.741 24 DEBUG neutron.service [-] calling stop on stop /var/lib/kolla/venv/lib64/python3.9/site-packages/neutron/service.py:145
2026-08-17 02:19:30.745 25 DEBUG neutron.service [-] calling stop on stop /var/lib/kolla/venv/lib64/python3.9/site-packages/neutron/service.py:145
2026-08-17 02:19:30.750 26 DEBUG neutron.service [-] calling stop on stop /var/lib/kolla/venv/lib64/python3.9/site-packages/neutron/service.py:145
2026-08-17 02:19:30.758 30 DEBUG oslo_concurrency.lockutils [None req-4577c47b-ec16-4da4-90d8-d0fe2e6614ba - - - - - -] Acquiring lock "singleton_lock" lock /var/lib/kolla/venv/lib64/python3.9/site-packages/oslo_concurrency/lockutils.py:310
2026-08-17 02:19:30.759 30 DEBUG oslo_concurrency.lockutils [None req-4577c47b-ec16-4da4-90d8-d0fe2e6614ba - - - - - -] Acquired lock "singleton_lock" lock /var/lib/kolla/venv/lib64/python3.9/site-packages/oslo_concurrency/lockutils.py:313
2026-08-17 02:19:30.759 30 DEBUG oslo_concurrency.lockutils [None req-4577c47b-ec16-4da4-90d8-d0fe2e6614ba - - - - - -] Releasing lock "singleton_lock" lock /var/lib/kolla/venv/lib64/python3.9/site-packages/oslo_concurrency/lockutils.py:331
2026-08-17 02:19:30.759 30 DEBUG neutron.service [None req-4577c47b-ec16-4da4-90d8-d0fe2e6614ba - - - - - -] calling RpcWorker wait() _wait /var/lib/kolla/venv/lib64/python3.9/site-packages/neutron/service.py:132
2026-08-17 02:19:30.759 30 DEBUG neutron.service [None req-4577c47b-ec16-4da4-90d8-d0fe2e6614ba - - - - - -] calling wait on _wait /var/lib/kolla/venv/lib64/python3.9/site-packages/neutron/service.py:135
2026-08-17 02:19:30.765 26 DEBUG neutron.service [-] calling stop on stop /var/lib/kolla/venv/lib64/python3.9/site-packages/neutron/service.py:145
2026-08-17 02:19:30.766 30 WARNING amqp [None req-4577c47b-ec16-4da4-90d8-d0fe2e6614ba - - - - - -] Received method (60, 30) during closing channel 1. This method will be ignored
2026-08-17 02:19:30.766 30 DEBUG neutron.service [None req-4577c47b-ec16-4da4-90d8-d0fe2e6614ba - - - - - -] returning from RpcWorker wait() _wait /var/lib/kolla/venv/lib64/python3.9/site-packages/neutron/service.py:139
2026-08-17 02:19:30.771 7 INFO oslo_service.service [-] Child 30 exited with status 0
2026-08-17 02:19:30.778 24 DEBUG neutron.service [-] calling stop on stop /var/lib/kolla/venv/lib64/python3.9/site-packages/neutron/service.py:145
2026-08-17 02:19:30.778 25 DEBUG neutron.service [-] calling stop on stop /var/lib/kolla/venv/lib64/python3.9/site-packages/neutron/service.py:145
2026-08-17 02:19:30.815 26 DEBUG neutron.service [-] calling stop on stop /var/lib/kolla/venv/lib64/python3.9/site-packages/neutron/service.py:145
2026-08-17 02:19:30.822 25 DEBUG neutron.service [-] calling stop on stop /var/lib/kolla/venv/lib64/python3.9/site-packages/neutron/service.py:145
2026-08-17 02:19:30.824 24 DEBUG neutron.service [-] calling stop on stop /var/lib/kolla/venv/lib64/python3.9/site-packages/neutron/service.py:145
2026-08-17 02:19:30.825 26 DEBUG oslo_concurrency.lockutils [None req-4577c47b-ec16-4da4-90d8-d0fe2e6614ba - - - - - -] Acquiring lock "singleton_lock" lock /var/lib/kolla/venv/lib64/python3.9/site-packages/oslo_concurrency/lockutils.py:310
2026-08-17 02:19:30.825 26 DEBUG oslo_concurrency.lockutils [None req-4577c47b-ec16-4da4-90d8-d0fe2e6614ba - - - - - -] Acquired lock "singleton_lock" lock /var/lib/kolla/venv/lib64/python3.9/site-packages/oslo_concurrency/lockutils.py:313
2026-08-17 02:19:30.825 26 DEBUG oslo_concurrency.lockutils [None req-4577c47b-ec16-4da4-90d8-d0fe2e6614ba - - - - - -] Releasing lock "singleton_lock" lock /var/lib/kolla/venv/lib64/python3.9/site-packages/oslo_concurrency/lockutils.py:331
2026-08-17 02:19:30.825 26 DEBUG neutron.service [None req-4577c47b-ec16-4da4-90d8-d0fe2e6614ba - - - - - -] calling RpcWorker wait() _wait /var/lib/kolla/venv/lib64/python3.9/site-packages/neutron/service.py:132
2026-08-17 02:19:30.826 26 DEBUG neutron.service [None req-4577c47b-ec16-4da4-90d8-d0fe2e6614ba - - - - - -] calling wait on _wait /var/lib/kolla/venv/lib64/python3.9/site-packages/neutron/service.py:135
2026-08-17 02:19:30.831 26 WARNING amqp [None req-4577c47b-ec16-4da4-90d8-d0fe2e6614ba - - - - - -] Received method (60, 30) during closing channel 1. This method will be ignored
2026-08-17 02:19:30.832 26 DEBUG neutron.service [None req-4577c47b-ec16-4da4-90d8-d0fe2e6614ba - - - - - -] calling wait on _wait /var/lib/kolla/venv/lib64/python3.9/site-packages/neutron/service.py:135
2026-08-17 02:19:30.835 24 DEBUG oslo_concurrency.lockutils [None req-4577c47b-ec16-4da4-90d8-d0fe2e6614ba - - - - - -] Acquiring lock "singleton_lock" lock /var/lib/kolla/venv/lib64/python3.9/site-packages/oslo_concurrency/lockutils.py:310
2026-08-17 02:19:30.835 25 DEBUG oslo_concurrency.lockutils [None req-4577c47b-ec16-4da4-90d8-d0fe2e6614ba - - - - - -] Acquiring lock "singleton_lock" lock /var/lib/kolla/venv/lib64/python3.9/site-packages/oslo_concurrency/lockutils.py:310
2026-08-17 02:19:30.835 24 DEBUG oslo_concurrency.lockutils [None req-4577c47b-ec16-4da4-90d8-d0fe2e6614ba - - - - - -] Acquired lock "singleton_lock" lock /var/lib/kolla/venv/lib64/python3.9/site-packages/oslo_concurrency/lockutils.py:313
2026-08-17 02:19:30.835 25 DEBUG oslo_concurrency.lockutils [None req-4577c47b-ec16-4da4-90d8-d0fe2e6614ba - - - - - -] Acquired lock "singleton_lock" lock /var/lib/kolla/venv/lib64/python3.9/site-packages/oslo_concurrency/lockutils.py:313
2026-08-17 02:19:30.835 24 DEBUG oslo_concurrency.lockutils [None req-4577c47b-ec16-4da4-90d8-d0fe2e6614ba - - - - - -] Releasing lock "singleton_lock" lock /var/lib/kolla/venv/lib64/python3.9/site-packages/oslo_concurrency/lockutils.py:331
2026-08-17 02:19:30.836 25 DEBUG oslo_concurrency.lockutils [None req-4577c47b-ec16-4da4-90d8-d0fe2e6614ba - - - - - -] Releasing lock "singleton_lock" lock /var/lib/kolla/venv/lib64/python3.9/site-packages/oslo_concurrency/lockutils.py:331
2026-08-17 02:19:30.836 24 DEBUG neutron.service [None req-4577c47b-ec16-4da4-90d8-d0fe2e6614ba - - - - - -] calling RpcWorker wait() _wait /var/lib/kolla/venv/lib64/python3.9/site-packages/neutron/service.py:132
2026-08-17 02:19:30.836 25 DEBUG neutron.service [None req-4577c47b-ec16-4da4-90d8-d0fe2e6614ba - - - - - -] calling RpcWorker wait() _wait /var/lib/kolla/venv/lib64/python3.9/site-packages/neutron/service.py:132
2026-08-17 02:19:30.836 24 DEBUG neutron.service [None req-4577c47b-ec16-4da4-90d8-d0fe2e6614ba - - - - - -] calling wait on _wait /var/lib/kolla/venv/lib64/python3.9/site-packages/neutron/service.py:135
2026-08-17 02:19:30.836 25 DEBUG neutron.service [None req-4577c47b-ec16-4da4-90d8-d0fe2e6614ba - - - - - -] calling wait on _wait /var/lib/kolla/venv/lib64/python3.9/site-packages/neutron/service.py:135
2026-08-17 02:19:30.837 26 WARNING amqp [None req-4577c47b-ec16-4da4-90d8-d0fe2e6614ba - - - - - -] Received method (60, 30) during closing channel 1. This method will be ignored
2026-08-17 02:19:30.837 26 DEBUG neutron.service [None req-4577c47b-ec16-4da4-90d8-d0fe2e6614ba - - - - - -] calling wait on _wait /var/lib/kolla/venv/lib64/python3.9/site-packages/neutron/service.py:135
2026-08-17 02:19:30.841 24 WARNING amqp [None req-4577c47b-ec16-4da4-90d8-d0fe2e6614ba - - - - - -] Received method (60, 30) during closing channel 1. This method will be ignored
2026-08-17 02:19:30.842 24 DEBUG neutron.service [None req-4577c47b-ec16-4da4-90d8-d0fe2e6614ba - - - - - -] calling wait on _wait /var/lib/kolla/venv/lib64/python3.9/site-packages/neutron/service.py:135
2026-08-17 02:19:30.843 25 WARNING amqp [None req-4577c47b-ec16-4da4-90d8-d0fe2e6614ba - - - - - -] Received method (60, 30) during closing channel 1. This method will be ignored
2026-08-17 02:19:30.843 26 WARNING amqp [None req-4577c47b-ec16-4da4-90d8-d0fe2e6614ba - - - - - -] Received method (60, 30) during closing channel 1. This method will be ignored
2026-08-17 02:19:30.844 25 DEBUG neutron.service [None req-4577c47b-ec16-4da4-90d8-d0fe2e6614ba - - - - - -] calling wait on _wait /var/lib/kolla/venv/lib64/python3.9/site-packages/neutron/service.py:135
2026-08-17 02:19:30.844 26 DEBUG neutron.service [None req-4577c47b-ec16-4da4-90d8-d0fe2e6614ba - - - - - -] calling wait on _wait /var/lib/kolla/venv/lib64/python3.9/site-packages/neutron/service.py:135
2026-08-17 02:19:30.848 24 WARNING amqp [None req-4577c47b-ec16-4da4-90d8-d0fe2e6614ba - - - - - -] Received method (60, 30) during closing channel 1. This method will be ignored
2026-08-17 02:19:30.849 24 DEBUG neutron.service [None req-4577c47b-ec16-4da4-90d8-d0fe2e6614ba - - - - - -] calling wait on _wait /var/lib/kolla/venv/lib64/python3.9/site-packages/neutron/service.py:135
2026-08-17 02:19:30.850 26 WARNING amqp [None req-4577c47b-ec16-4da4-90d8-d0fe2e6614ba - - - - - -] Received method (60, 30) during closing channel 1. This method will be ignored
2026-08-17 02:19:30.850 25 WARNING amqp [None req-4577c47b-ec16-4da4-90d8-d0fe2e6614ba - - - - - -] Received method (60, 30) during closing channel 1. This method will be ignored
2026-08-17 02:19:30.851 26 DEBUG neutron.service [None req-4577c47b-ec16-4da4-90d8-d0fe2e6614ba - - - - - -] returning from RpcWorker wait() _wait /var/lib/kolla/venv/lib64/python3.9/site-packages/neutron/service.py:139
2026-08-17 02:19:30.851 25 DEBUG neutron.service [None req-4577c47b-ec16-4da4-90d8-d0fe2e6614ba - - - - - -] calling wait on _wait /var/lib/kolla/venv/lib64/python3.9/site-packages/neutron/service.py:135
2026-08-17 02:19:30.857 7 INFO oslo_service.service [-] Child 26 exited with status 0
2026-08-17 02:19:30.858 24 WARNING amqp [None req-4577c47b-ec16-4da4-90d8-d0fe2e6614ba - - - - - -] Received method (60, 30) during closing channel 1. This method will be ignored
2026-08-17 02:19:30.858 24 DEBUG neutron.service [None req-4577c47b-ec16-4da4-90d8-d0fe2e6614ba - - - - - -] calling wait on _wait /var/lib/kolla/venv/lib64/python3.9/site-packages/neutron/service.py:135
2026-08-17 02:19:30.861 25 WARNING amqp [None req-4577c47b-ec16-4da4-90d8-d0fe2e6614ba - - - - - -] Received method (60, 30) during closing channel 1. This method will be ignored
2026-08-17 02:19:30.861 25 DEBUG neutron.service [None req-4577c47b-ec16-4da4-90d8-d0fe2e6614ba - - - - - -] calling wait on _wait /var/lib/kolla/venv/lib64/python3.9/site-packages/neutron/service.py:135
2026-08-17 02:19:30.864 24 WARNING amqp [None req-4577c47b-ec16-4da4-90d8-d0fe2e6614ba - - - - - -] Received method (60, 30) during closing channel 1. This method will be ignored
2026-08-17 02:19:30.864 24 DEBUG neutron.service [None req-4577c47b-ec16-4da4-90d8-d0fe2e6614ba - - - - - -] returning from RpcWorker wait() _wait /var/lib/kolla/venv/lib64/python3.9/site-packages/neutron/service.py:139
2026-08-17 02:19:30.868 25 WARNING amqp [None req-4577c47b-ec16-4da4-90d8-d0fe2e6614ba - - - - - -] Received method (60, 30) during closing channel 1. This method will be ignored
2026-08-17 02:19:30.869 25 DEBUG neutron.service [None req-4577c47b-ec16-4da4-90d8-d0fe2e6614ba - - - - - -] returning from RpcWorker wait() _wait /var/lib/kolla/venv/lib64/python3.9/site-packages/neutron/service.py:139
2026-08-17 02:19:30.873 7 INFO oslo_service.service [-] Child 25 exited with status 0
2026-08-17 02:19:30.874 7 INFO oslo_service.service [-] Child 24 exited with status 0
2026-08-17 02:19:31.801 28 DEBUG oslo_concurrency.lockutils [None req-4577c47b-ec16-4da4-90d8-d0fe2e6614ba - - - - - -] Acquiring lock "singleton_lock" lock /var/lib/kolla/venv/lib64/python3.9/site-packages/oslo_concurrency/lockutils.py:310
2026-08-17 02:19:31.801 28 DEBUG oslo_concurrency.lockutils [None req-4577c47b-ec16-4da4-90d8-d0fe2e6614ba - - - - - -] Acquired lock "singleton_lock" lock /var/lib/kolla/venv/lib64/python3.9/site-packages/oslo_concurrency/lockutils.py:313
2026-08-17 02:19:31.802 28 DEBUG oslo_concurrency.lockutils [None req-4577c47b-ec16-4da4-90d8-d0fe2e6614ba - - - - - -] Releasing lock "singleton_lock" lock /var/lib/kolla/venv/lib64/python3.9/site-packages/oslo_concurrency/lockutils.py:331
2026-08-17 02:19:31.802 28 DEBUG neutron.service [None req-4577c47b-ec16-4da4-90d8-d0fe2e6614ba - - - - - -] calling RpcWorker wait() _wait /var/lib/kolla/venv/lib64/python3.9/site-packages/neutron/service.py:132
2026-08-17 02:19:31.802 28 DEBUG neutron.service [None req-4577c47b-ec16-4da4-90d8-d0fe2e6614ba - - - - - -] calling wait on _wait /var/lib/kolla/venv/lib64/python3.9/site-packages/neutron/service.py:135
2026-08-17 02:19:31.808 28 DEBUG neutron_lib.callbacks.manager [None req-b35fbdaf-60fa-477b-8cad-52a580298692 - - - - - -] Publish callbacks ['neutron.services.segments.db._update_segment_host_mapping_for_agent-8746039989369', 'neutron.plugins.ml2.plugin.Ml2Plugin._retry_binding_revived_agents-4173138'] for agent (cecc1c6b-7384-4e2c-8676-6af965e79d66), after_update _notify_loop /var/lib/kolla/venv/lib64/python3.9/site-packages/neutron_lib/callbacks/manager.py:184
2026-08-17 02:19:31.814 28 WARNING amqp [None req-4577c47b-ec16-4da4-90d8-d0fe2e6614ba - - - - - -] Received method (60, 30) during closing channel 1. This method will be ignored
2026-08-17 02:19:31.815 28 DEBUG neutron.service [None req-4577c47b-ec16-4da4-90d8-d0fe2e6614ba - - - - - -] returning from RpcWorker wait() _wait /var/lib/kolla/venv/lib64/python3.9/site-packages/neutron/service.py:139
2026-08-17 02:19:31.820 7 INFO oslo_service.service [-] Child 28 exited with status 0
2026-08-17 02:19:33.968 29 DEBUG oslo_concurrency.lockutils [None req-4577c47b-ec16-4da4-90d8-d0fe2e6614ba - - - - - -] Acquiring lock "singleton_lock" lock /var/lib/kolla/venv/lib64/python3.9/site-packages/oslo_concurrency/lockutils.py:310
2026-08-17 02:19:33.969 29 DEBUG oslo_concurrency.lockutils [None req-4577c47b-ec16-4da4-90d8-d0fe2e6614ba - - - - - -] Acquired lock "singleton_lock" lock /var/lib/kolla/venv/lib64/python3.9/site-packages/oslo_concurrency/lockutils.py:313
2026-08-17 02:19:33.969 29 DEBUG oslo_concurrency.lockutils [None req-4577c47b-ec16-4da4-90d8-d0fe2e6614ba - - - - - -] Releasing lock "singleton_lock" lock /var/lib/kolla/venv/lib64/python3.9/site-packages/oslo_concurrency/lockutils.py:331
2026-08-17 02:19:33.969 29 DEBUG neutron.service [None req-4577c47b-ec16-4da4-90d8-d0fe2e6614ba - - - - - -] calling RpcWorker wait() _wait /var/lib/kolla/venv/lib64/python3.9/site-packages/neutron/service.py:132
2026-08-17 02:19:33.969 29 DEBUG neutron.service [None req-4577c47b-ec16-4da4-90d8-d0fe2e6614ba - - - - - -] calling wait on _wait /var/lib/kolla/venv/lib64/python3.9/site-packages/neutron/service.py:135
2026-08-17 02:19:33.976 29 WARNING amqp [None req-4577c47b-ec16-4da4-90d8-d0fe2e6614ba - - - - - -] Received method (60, 30) during closing channel 1. This method will be ignored
2026-08-17 02:19:33.977 29 DEBUG neutron.service [None req-4577c47b-ec16-4da4-90d8-d0fe2e6614ba - - - - - -] returning from RpcWorker wait() _wait /var/lib/kolla/venv/lib64/python3.9/site-packages/neutron/service.py:139
2026-08-17 02:19:33.982 7 INFO oslo_service.service [-] Child 29 exited with status 0
2026-08-17 02:19:35.025 27 DEBUG oslo_concurrency.lockutils [None req-4577c47b-ec16-4da4-90d8-d0fe2e6614ba - - - - - -] Acquiring lock "singleton_lock" lock /var/lib/kolla/venv/lib64/python3.9/site-packages/oslo_concurrency/lockutils.py:310
2026-08-17 02:19:35.025 27 DEBUG oslo_concurrency.lockutils [None req-4577c47b-ec16-4da4-90d8-d0fe2e6614ba - - - - - -] Acquired lock "singleton_lock" lock /var/lib/kolla/venv/lib64/python3.9/site-packages/oslo_concurrency/lockutils.py:313
2026-08-17 02:19:35.025 27 DEBUG oslo_concurrency.lockutils [None req-4577c47b-ec16-4da4-90d8-d0fe2e6614ba - - - - - -] Releasing lock "singleton_lock" lock /var/lib/kolla/venv/lib64/python3.9/site-packages/oslo_concurrency/lockutils.py:331
2026-08-17 02:19:35.025 27 DEBUG neutron.service [None req-4577c47b-ec16-4da4-90d8-d0fe2e6614ba - - - - - -] calling RpcWorker wait() _wait /var/lib/kolla/venv/lib64/python3.9/site-packages/neutron/service.py:132
2026-08-17 02:19:35.026 27 DEBUG neutron.service [None req-4577c47b-ec16-4da4-90d8-d0fe2e6614ba - - - - - -] calling wait on _wait /var/lib/kolla/venv/lib64/python3.9/site-packages/neutron/service.py:135
2026-08-17 02:19:35.032 27 WARNING amqp [None req-4577c47b-ec16-4da4-90d8-d0fe2e6614ba - - - - - -] Received method (60, 30) during closing channel 1. This method will be ignored
2026-08-17 02:19:35.033 27 DEBUG neutron.service [None req-4577c47b-ec16-4da4-90d8-d0fe2e6614ba - - - - - -] returning from RpcWorker wait() _wait /var/lib/kolla/venv/lib64/python3.9/site-packages/neutron/service.py:139
2026-08-17 02:19:35.038 7 INFO oslo_service.service [-] Child 27 exited with status 0
2026-08-17 02:19:35.038 7 INFO oslo_service.service [-] Wait called after thread killed. Cleaning up.
2026-08-17 02:19:35.038 7 DEBUG oslo_service.service [-] Stop services. stop /var/lib/kolla/venv/lib64/python3.9/site-packages/oslo_service/service.py:699
2026-08-17 02:19:35.038 7 DEBUG oslo_service.service [-] Killing children. stop /var/lib/kolla/venv/lib64/python3.9/site-packages/oslo_service/service.py:704
2026-08-17 02:19:49.534 7 INFO neutron.common.config [-] Logging enabled!
2026-08-17 02:19:49.534 7 INFO neutron.common.config [-] /var/lib/kolla/venv/bin/neutron-server version 25.2.4.dev2
2026-08-17 02:19:49.534 7 DEBUG neutron.common.config [-] command line: /var/lib/kolla/venv/bin/neutron-server --config-file /etc/neutron/neutron.conf --config-file /etc/neutron/ContrailPlugin.ini --config-file /etc/neutron/api-paste.ini setup_logging /var/lib/kolla/venv/lib64/python3.9/site-packages/neutron/common/config.py:123
2026-08-17 02:19:49.535 7 DEBUG neutron.common.config [-] ******************************************************************************** log_opt_values /var/lib/kolla/venv/lib64/python3.9/site-packages/oslo_config/cfg.py:2806
2026-08-17 02:19:49.535 7 DEBUG neutron.common.config [-] Configuration options gathered from: log_opt_values /var/lib/kolla/venv/lib64/python3.9/site-packages/oslo_config/cfg.py:2807
2026-08-17 02:19:49.535 7 DEBUG neutron.common.config [-] command line args: ['--config-file', '/etc/neutron/neutron.conf', '--config-file', '/etc/neutron/ContrailPlugin.ini', '--config-file', '/etc/neutron/api-paste.ini'] log_opt_values /var/lib/kolla/venv/lib64/python3.9/site-packages/oslo_config/cfg.py:2808
2026-08-17 02:19:49.536 7 DEBUG neutron.common.config [-] config files: ['/etc/neutron/neutron.conf', '/etc/neutron/ContrailPlugin.ini', '/etc/neutron/api-paste.ini'] log_opt_values /var/lib/kolla/venv/lib64/python3.9/site-packages/oslo_config/cfg.py:2809
2026-08-17 02:19:49.536 7 DEBUG neutron.common.config [-] ================================================================================ log_opt_values /var/lib/kolla/venv/lib64/python3.9/site-packages/oslo_config/cfg.py:2811
2026-08-17 02:19:49.536 7 DEBUG neutron.common.config [-] allow_bulk = True log_opt_values /var/lib/kolla/venv/lib64/python3.9/site-packages/oslo_config/cfg.py:2819
2026-08-17 02:19:49.536 7 DEBUG neutron.common.config [-] api_extensions_path = /opt/plugin/site-packages/neutron_plugin_contrail/extensions:/opt/plugin/site-packages/neutron_lbaas/extensions log_opt_values /var/lib/kolla/venv/lib64/python3.9/site-packages/oslo_config/cfg.py:2819
2026-08-17 02:19:49.536 7 DEBUG neutron.common.config [-] api_paste_config = /etc/neutron/api-paste.ini log_opt_values /var/lib/kolla/venv/lib64/python3.9/site-packages/oslo_config/cfg.py:2819
2026-08-17 02:19:49.536 7 DEBUG neutron.common.config [-] api_workers = 1 log_opt_values /var/lib/kolla/venv/lib64/python3.9/site-packages/oslo_config/cfg.py:2819
2026-08-17 02:19:49.536 7 DEBUG neutron.common.config [-] auth_strategy = keystone log_opt_values /var/lib/kolla/venv/lib64/python3.9/site-packages/oslo_config/cfg.py:2819
2026-08-17 02:19:49.537 7 DEBUG neutron.common.config [-] backlog = 4096 log_opt_values /var/lib/kolla/venv/lib64/python3.9/site-packages/oslo_config/cfg.py:2819
2026-08-17 02:19:49.537 7 DEBUG neutron.common.config [-] base_mac = fa:16:3e:00:00:00 log_opt_values /var/lib/kolla/venv/lib64/python3.9/site-packages/oslo_config/cfg.py:2819
2026-08-17 02:19:49.537 7 DEBUG neutron.common.config [-] bind_host = 10.0.0.189 log_opt_values /var/lib/kolla/venv/lib64/python3.9/site-packages/oslo_config/cfg.py:2819
2026-08-17 02:19:49.537 7 DEBUG neutron.common.config [-] bind_port = 9696 log_opt_values /var/lib/kolla/venv/lib64/python3.9/site-packages/oslo_config/cfg.py:2819
2026-08-17 02:19:49.537 7 DEBUG neutron.common.config [-] client_socket_timeout = 900 log_opt_values /var/lib/kolla/venv/lib64/python3.9/site-packages/oslo_config/cfg.py:2819
2026-08-17 02:19:49.537 7 DEBUG neutron.common.config [-] config_dir = [] log_opt_values /var/lib/kolla/venv/lib64/python3.9/site-packages/oslo_config/cfg.py:2819
2026-08-17 02:19:49.537 7 DEBUG neutron.common.config [-] config_file = ['/etc/neutron/neutron.conf', '/etc/neutron/ContrailPlugin.ini', '/etc/neutron/api-paste.ini'] log_opt_values /var/lib/kolla/venv/lib64/python3.9/site-packages/oslo_config/cfg.py:2819
2026-08-17 02:19:49.537 7 DEBUG neutron.common.config [-] config_source = [] log_opt_values /var/lib/kolla/venv/lib64/python3.9/site-packages/oslo_config/cfg.py:2819
2026-08-17 02:19:49.537 7 DEBUG neutron.common.config [-] control_exchange = neutron log_opt_values /var/lib/kolla/venv/lib64/python3.9/site-packages/oslo_config/cfg.py:2819
2026-08-17 02:19:49.538 7 DEBUG neutron.common.config [-] core_plugin = neutron_plugin_contrail.plugins.opencontrail.contrail_plugin.NeutronPluginContrailCoreV2 log_opt_values /var/lib/kolla/venv/lib64/python3.9/site-packages/oslo_config/cfg.py:2819
2026-08-17 02:19:49.538 7 DEBUG neutron.common.config [-] debug = True log_opt_values /var/lib/kolla/venv/lib64/python3.9/site-packages/oslo_config/cfg.py:2819
2026-08-17 02:19:49.538 7 DEBUG neutron.common.config [-] default_availability_zones = [] log_opt_values /var/lib/kolla/venv/lib64/python3.9/site-packages/oslo_config/cfg.py:2819
2026-08-17 02:19:49.538 7 DEBUG neutron.common.config [-] default_log_levels = ['amqp=WARN', 'amqplib=WARN', 'boto=WARN', 'qpid=WARN', 'sqlalchemy=WARN', 'suds=INFO', 'oslo.messaging=INFO', 'oslo_messaging=INFO', 'iso8601=WARN', 'requests.packages.urllib3.connectionpool=WARN', 'urllib3.connectionpool=WARN', 'websocket=WARN', 'requests.packages.urllib3.util.retry=WARN', 'urllib3.util.retry=WARN', 'keystonemiddleware=WARN', 'routes.middleware=WARN', 'stevedore=WARN', 'taskflow=WARN', 'keystoneauth=WARN', 'oslo.cache=INFO', 'oslo_policy=INFO', 'dogpile.core.dogpile=INFO', 'OFPHandler=INFO', 'OfctlService=INFO', 'os_ken.base.app_manager=INFO', 'os_ken.controller.controller=INFO'] log_opt_values /var/lib/kolla/venv/lib64/python3.9/site-packages/oslo_config/cfg.py:2819
2026-08-17 02:19:49.538 7 DEBUG neutron.common.config [-] dhcp_agent_notification = True log_opt_values /var/lib/kolla/venv/lib64/python3.9/site-packages/oslo_config/cfg.py:2819
2026-08-17 02:19:49.538 7 DEBUG neutron.common.config [-] dhcp_lease_duration = 86400 log_opt_values /var/lib/kolla/venv/lib64/python3.9/site-packages/oslo_config/cfg.py:2819
2026-08-17 02:19:49.538 7 DEBUG neutron.common.config [-] dns_domain = openstacklocal log_opt_values /var/lib/kolla/venv/lib64/python3.9/site-packages/oslo_config/cfg.py:2819
2026-08-17 02:19:49.538 7 DEBUG neutron.common.config [-] enable_signals = True log_opt_values /var/lib/kolla/venv/lib64/python3.9/site-packages/oslo_config/cfg.py:2819
2026-08-17 02:19:49.539 7 DEBUG neutron.common.config [-] enable_traditional_dhcp = True log_opt_values /var/lib/kolla/venv/lib64/python3.9/site-packages/oslo_config/cfg.py:2819
2026-08-17 02:19:49.539 7 DEBUG neutron.common.config [-] external_dns_driver = None log_opt_values /var/lib/kolla/venv/lib64/python3.9/site-packages/oslo_config/cfg.py:2819
2026-08-17 02:19:49.539 7 DEBUG neutron.common.config [-] filter_validation = True log_opt_values /var/lib/kolla/venv/lib64/python3.9/site-packages/oslo_config/cfg.py:2819
2026-08-17 02:19:49.539 7 DEBUG neutron.common.config [-] global_physnet_mtu = 1500 log_opt_values /var/lib/kolla/venv/lib64/python3.9/site-packages/oslo_config/cfg.py:2819
2026-08-17 02:19:49.539 7 DEBUG neutron.common.config [-] host = cn-jenkins-deploy-platform-ansible-os-6168-1 log_opt_values /var/lib/kolla/venv/lib64/python3.9/site-packages/oslo_config/cfg.py:2819
2026-08-17 02:19:49.539 7 DEBUG neutron.common.config [-] http_retries = 3 log_opt_values /var/lib/kolla/venv/lib64/python3.9/site-packages/oslo_config/cfg.py:2819
2026-08-17 02:19:49.539 7 DEBUG neutron.common.config [-] instance_format = [instance: %(uuid)s] log_opt_values /var/lib/kolla/venv/lib64/python3.9/site-packages/oslo_config/cfg.py:2819
2026-08-17 02:19:49.539 7 DEBUG neutron.common.config [-] instance_uuid_format = [instance: %(uuid)s] log_opt_values /var/lib/kolla/venv/lib64/python3.9/site-packages/oslo_config/cfg.py:2819
2026-08-17 02:19:49.540 7 DEBUG neutron.common.config [-] ipam_driver = internal log_opt_values /var/lib/kolla/venv/lib64/python3.9/site-packages/oslo_config/cfg.py:2819
2026-08-17 02:19:49.540 7 DEBUG neutron.common.config [-] ipv6_pd_enabled = False log_opt_values /var/lib/kolla/venv/lib64/python3.9/site-packages/oslo_config/cfg.py:2819
2026-08-17 02:19:49.540 7 DEBUG neutron.common.config [-] log_color = False log_opt_values /var/lib/kolla/venv/lib64/python3.9/site-packages/oslo_config/cfg.py:2819
2026-08-17 02:19:49.540 7 DEBUG neutron.common.config [-] log_config_append = None log_opt_values /var/lib/kolla/venv/lib64/python3.9/site-packages/oslo_config/cfg.py:2819
2026-08-17 02:19:49.540 7 DEBUG neutron.common.config [-] log_date_format = %Y-%m-%d %H:%M:%S log_opt_values /var/lib/kolla/venv/lib64/python3.9/site-packages/oslo_config/cfg.py:2819
2026-08-17 02:19:49.540 7 DEBUG neutron.common.config [-] log_dir = /var/log/kolla/neutron log_opt_values /var/lib/kolla/venv/lib64/python3.9/site-packages/oslo_config/cfg.py:2819
2026-08-17 02:19:49.540 7 DEBUG neutron.common.config [-] log_file = None log_opt_values /var/lib/kolla/venv/lib64/python3.9/site-packages/oslo_config/cfg.py:2819
2026-08-17 02:19:49.540 7 DEBUG neutron.common.config [-] log_rotate_interval = 1 log_opt_values /var/lib/kolla/venv/lib64/python3.9/site-packages/oslo_config/cfg.py:2819
2026-08-17 02:19:49.541 7 DEBUG neutron.common.config [-] log_rotate_interval_type = days log_opt_values /var/lib/kolla/venv/lib64/python3.9/site-packages/oslo_config/cfg.py:2819
2026-08-17 02:19:49.541 7 DEBUG neutron.common.config [-] log_rotation_type = none log_opt_values /var/lib/kolla/venv/lib64/python3.9/site-packages/oslo_config/cfg.py:2819
2026-08-17 02:19:49.541 7 DEBUG neutron.common.config [-] logging_context_format_string = %(asctime)s.%(msecs)03d %(process)d %(levelname)s %(name)s [%(global_request_id)s %(request_id)s %(user_identity)s] %(instance)s%(message)s log_opt_values /var/lib/kolla/venv/lib64/python3.9/site-packages/oslo_config/cfg.py:2819
