2026-06-22 00:37:19.800 139975 DEBUG oslo_service.service [req-a25d5cf7-45c3-4c0b-bfb6-51225209b151 - - - - -] oslo_policy.enforce_scope = False log_opt_values /usr/lib/python3/dist-packages/oslo_config/cfg.py:2609
2026-06-22 00:37:19.800 139975 DEBUG oslo_service.service [req-a25d5cf7-45c3-4c0b-bfb6-51225209b151 - - - - -] oslo_policy.policy_default_rule = default log_opt_values /usr/lib/python3/dist-packages/oslo_config/cfg.py:2609
2026-06-22 00:37:19.800 139975 DEBUG oslo_service.service [req-a25d5cf7-45c3-4c0b-bfb6-51225209b151 - - - - -] oslo_policy.policy_dirs = ['policy.d'] log_opt_values /usr/lib/python3/dist-packages/oslo_config/cfg.py:2609
2026-06-22 00:37:19.801 139975 DEBUG oslo_service.service [req-a25d5cf7-45c3-4c0b-bfb6-51225209b151 - - - - -] oslo_policy.policy_file = policy.yaml log_opt_values /usr/lib/python3/dist-packages/oslo_config/cfg.py:2609
2026-06-22 00:37:19.801 139975 DEBUG oslo_service.service [req-a25d5cf7-45c3-4c0b-bfb6-51225209b151 - - - - -] oslo_policy.remote_content_type = application/x-www-form-urlencoded log_opt_values /usr/lib/python3/dist-packages/oslo_config/cfg.py:2609
2026-06-22 00:37:19.801 139975 DEBUG oslo_service.service [req-a25d5cf7-45c3-4c0b-bfb6-51225209b151 - - - - -] oslo_policy.remote_ssl_ca_crt_file = None log_opt_values /usr/lib/python3/dist-packages/oslo_config/cfg.py:2609
2026-06-22 00:37:19.801 139975 DEBUG oslo_service.service [req-a25d5cf7-45c3-4c0b-bfb6-51225209b151 - - - - -] oslo_policy.remote_ssl_client_crt_file = None log_opt_values /usr/lib/python3/dist-packages/oslo_config/cfg.py:2609
2026-06-22 00:37:19.801 139975 DEBUG oslo_service.service [req-a25d5cf7-45c3-4c0b-bfb6-51225209b151 - - - - -] oslo_policy.remote_ssl_client_key_file = None log_opt_values /usr/lib/python3/dist-packages/oslo_config/cfg.py:2609
2026-06-22 00:37:19.802 139975 DEBUG oslo_service.service [req-a25d5cf7-45c3-4c0b-bfb6-51225209b151 - - - - -] oslo_policy.remote_ssl_verify_server_crt = False log_opt_values /usr/lib/python3/dist-packages/oslo_config/cfg.py:2609
2026-06-22 00:37:19.802 139975 DEBUG oslo_service.service [req-a25d5cf7-45c3-4c0b-bfb6-51225209b151 - - - - -] oslo_versionedobjects.fatal_exception_format_errors = False log_opt_values /usr/lib/python3/dist-packages/oslo_config/cfg.py:2609
2026-06-22 00:37:19.802 139975 DEBUG oslo_service.service [req-a25d5cf7-45c3-4c0b-bfb6-51225209b151 - - - - -] oslo_middleware.http_basic_auth_user_file = /etc/htpasswd log_opt_values /usr/lib/python3/dist-packages/oslo_config/cfg.py:2609
2026-06-22 00:37:19.802 139975 DEBUG oslo_service.service [req-a25d5cf7-45c3-4c0b-bfb6-51225209b151 - - - - -] profiler.connection_string = messaging:// log_opt_values /usr/lib/python3/dist-packages/oslo_config/cfg.py:2609
2026-06-22 00:37:19.803 139975 DEBUG oslo_service.service [req-a25d5cf7-45c3-4c0b-bfb6-51225209b151 - - - - -] profiler.enabled = False log_opt_values /usr/lib/python3/dist-packages/oslo_config/cfg.py:2609
2026-06-22 00:37:19.803 139975 DEBUG oslo_service.service [req-a25d5cf7-45c3-4c0b-bfb6-51225209b151 - - - - -] profiler.es_doc_type = notification log_opt_values /usr/lib/python3/dist-packages/oslo_config/cfg.py:2609
2026-06-22 00:37:19.803 139975 DEBUG oslo_service.service [req-a25d5cf7-45c3-4c0b-bfb6-51225209b151 - - - - -] profiler.es_scroll_size = 10000 log_opt_values /usr/lib/python3/dist-packages/oslo_config/cfg.py:2609
2026-06-22 00:37:19.803 139975 DEBUG oslo_service.service [req-a25d5cf7-45c3-4c0b-bfb6-51225209b151 - - - - -] profiler.es_scroll_time = 2m log_opt_values /usr/lib/python3/dist-packages/oslo_config/cfg.py:2609
2026-06-22 00:37:19.804 139975 DEBUG oslo_service.service [req-a25d5cf7-45c3-4c0b-bfb6-51225209b151 - - - - -] profiler.filter_error_trace = False log_opt_values /usr/lib/python3/dist-packages/oslo_config/cfg.py:2609
2026-06-22 00:37:19.804 139975 DEBUG oslo_service.service [req-a25d5cf7-45c3-4c0b-bfb6-51225209b151 - - - - -] profiler.hmac_keys = SECRET_KEY log_opt_values /usr/lib/python3/dist-packages/oslo_config/cfg.py:2609
2026-06-22 00:37:19.804 139975 DEBUG oslo_service.service [req-a25d5cf7-45c3-4c0b-bfb6-51225209b151 - - - - -] profiler.sentinel_service_name = mymaster log_opt_values /usr/lib/python3/dist-packages/oslo_config/cfg.py:2609
2026-06-22 00:37:19.804 139975 DEBUG oslo_service.service [req-a25d5cf7-45c3-4c0b-bfb6-51225209b151 - - - - -] profiler.socket_timeout = 0.1 log_opt_values /usr/lib/python3/dist-packages/oslo_config/cfg.py:2609
2026-06-22 00:37:19.805 139975 DEBUG oslo_service.service [req-a25d5cf7-45c3-4c0b-bfb6-51225209b151 - - - - -] profiler.trace_sqlalchemy = False log_opt_values /usr/lib/python3/dist-packages/oslo_config/cfg.py:2609
2026-06-22 00:37:19.805 139975 DEBUG oslo_service.service [req-a25d5cf7-45c3-4c0b-bfb6-51225209b151 - - - - -] remote_debug.host = None log_opt_values /usr/lib/python3/dist-packages/oslo_config/cfg.py:2609
2026-06-22 00:37:19.805 139975 DEBUG oslo_service.service [req-a25d5cf7-45c3-4c0b-bfb6-51225209b151 - - - - -] remote_debug.port = None log_opt_values /usr/lib/python3/dist-packages/oslo_config/cfg.py:2609
2026-06-22 00:37:19.805 139975 DEBUG oslo_service.service [req-a25d5cf7-45c3-4c0b-bfb6-51225209b151 - - - - -] oslo_messaging_rabbit.amqp_auto_delete = False log_opt_values /usr/lib/python3/dist-packages/oslo_config/cfg.py:2609
2026-06-22 00:37:19.805 139975 DEBUG oslo_service.service [req-a25d5cf7-45c3-4c0b-bfb6-51225209b151 - - - - -] oslo_messaging_rabbit.amqp_durable_queues = False log_opt_values /usr/lib/python3/dist-packages/oslo_config/cfg.py:2609
2026-06-22 00:37:19.805 139975 DEBUG oslo_service.service [req-a25d5cf7-45c3-4c0b-bfb6-51225209b151 - - - - -] oslo_messaging_rabbit.conn_pool_min_size = 2 log_opt_values /usr/lib/python3/dist-packages/oslo_config/cfg.py:2609
2026-06-22 00:37:19.806 139975 DEBUG oslo_service.service [req-a25d5cf7-45c3-4c0b-bfb6-51225209b151 - - - - -] oslo_messaging_rabbit.conn_pool_ttl = 1200 log_opt_values /usr/lib/python3/dist-packages/oslo_config/cfg.py:2609
2026-06-22 00:37:19.806 139975 DEBUG oslo_service.service [req-a25d5cf7-45c3-4c0b-bfb6-51225209b151 - - - - -] oslo_messaging_rabbit.direct_mandatory_flag = True log_opt_values /usr/lib/python3/dist-packages/oslo_config/cfg.py:2609
2026-06-22 00:37:19.806 139975 DEBUG oslo_service.service [req-a25d5cf7-45c3-4c0b-bfb6-51225209b151 - - - - -] oslo_messaging_rabbit.enable_cancel_on_failover = False log_opt_values /usr/lib/python3/dist-packages/oslo_config/cfg.py:2609
2026-06-22 00:37:19.806 139975 DEBUG oslo_service.service [req-a25d5cf7-45c3-4c0b-bfb6-51225209b151 - - - - -] oslo_messaging_rabbit.heartbeat_in_pthread = False log_opt_values /usr/lib/python3/dist-packages/oslo_config/cfg.py:2609
2026-06-22 00:37:19.807 139975 DEBUG oslo_service.service [req-a25d5cf7-45c3-4c0b-bfb6-51225209b151 - - - - -] oslo_messaging_rabbit.heartbeat_rate = 2 log_opt_values /usr/lib/python3/dist-packages/oslo_config/cfg.py:2609
2026-06-22 00:37:19.807 139975 DEBUG oslo_service.service [req-a25d5cf7-45c3-4c0b-bfb6-51225209b151 - - - - -] oslo_messaging_rabbit.heartbeat_timeout_threshold = 60 log_opt_values /usr/lib/python3/dist-packages/oslo_config/cfg.py:2609
2026-06-22 00:37:19.807 139975 DEBUG oslo_service.service [req-a25d5cf7-45c3-4c0b-bfb6-51225209b151 - - - - -] oslo_messaging_rabbit.kombu_compression = None log_opt_values /usr/lib/python3/dist-packages/oslo_config/cfg.py:2609
2026-06-22 00:37:19.807 139975 DEBUG oslo_service.service [req-a25d5cf7-45c3-4c0b-bfb6-51225209b151 - - - - -] oslo_messaging_rabbit.kombu_failover_strategy = round-robin log_opt_values /usr/lib/python3/dist-packages/oslo_config/cfg.py:2609
2026-06-22 00:37:19.807 139975 DEBUG oslo_service.service [req-a25d5cf7-45c3-4c0b-bfb6-51225209b151 - - - - -] oslo_messaging_rabbit.kombu_missing_consumer_retry_timeout = 60 log_opt_values /usr/lib/python3/dist-packages/oslo_config/cfg.py:2609
2026-06-22 00:37:19.808 139975 DEBUG oslo_service.service [req-a25d5cf7-45c3-4c0b-bfb6-51225209b151 - - - - -] oslo_messaging_rabbit.kombu_reconnect_delay = 1.0 log_opt_values /usr/lib/python3/dist-packages/oslo_config/cfg.py:2609
2026-06-22 00:37:19.808 139975 DEBUG oslo_service.service [req-a25d5cf7-45c3-4c0b-bfb6-51225209b151 - - - - -] oslo_messaging_rabbit.rabbit_ha_queues = False log_opt_values /usr/lib/python3/dist-packages/oslo_config/cfg.py:2609
2026-06-22 00:37:19.808 139975 DEBUG oslo_service.service [req-a25d5cf7-45c3-4c0b-bfb6-51225209b151 - - - - -] oslo_messaging_rabbit.rabbit_interval_max = 30 log_opt_values /usr/lib/python3/dist-packages/oslo_config/cfg.py:2609
2026-06-22 00:37:19.809 139975 DEBUG oslo_service.service [req-a25d5cf7-45c3-4c0b-bfb6-51225209b151 - - - - -] oslo_messaging_rabbit.rabbit_login_method = AMQPLAIN log_opt_values /usr/lib/python3/dist-packages/oslo_config/cfg.py:2609
2026-06-22 00:37:19.809 139975 DEBUG oslo_service.service [req-a25d5cf7-45c3-4c0b-bfb6-51225209b151 - - - - -] oslo_messaging_rabbit.rabbit_qos_prefetch_count = 0 log_opt_values /usr/lib/python3/dist-packages/oslo_config/cfg.py:2609
2026-06-22 00:37:19.809 139975 DEBUG oslo_service.service [req-a25d5cf7-45c3-4c0b-bfb6-51225209b151 - - - - -] oslo_messaging_rabbit.rabbit_quorum_queue = False log_opt_values /usr/lib/python3/dist-packages/oslo_config/cfg.py:2609
2026-06-22 00:37:19.809 139975 DEBUG oslo_service.service [req-a25d5cf7-45c3-4c0b-bfb6-51225209b151 - - - - -] oslo_messaging_rabbit.rabbit_retry_backoff = 2 log_opt_values /usr/lib/python3/dist-packages/oslo_config/cfg.py:2609
2026-06-22 00:37:19.809 139975 DEBUG oslo_service.service [req-a25d5cf7-45c3-4c0b-bfb6-51225209b151 - - - - -] oslo_messaging_rabbit.rabbit_retry_interval = 1 log_opt_values /usr/lib/python3/dist-packages/oslo_config/cfg.py:2609
2026-06-22 00:37:19.810 139975 DEBUG oslo_service.service [req-a25d5cf7-45c3-4c0b-bfb6-51225209b151 - - - - -] oslo_messaging_rabbit.rabbit_transient_queues_ttl = 1800 log_opt_values /usr/lib/python3/dist-packages/oslo_config/cfg.py:2609
2026-06-22 00:37:19.810 139975 DEBUG oslo_service.service [req-a25d5cf7-45c3-4c0b-bfb6-51225209b151 - - - - -] oslo_messaging_rabbit.rpc_conn_pool_size = 30 log_opt_values /usr/lib/python3/dist-packages/oslo_config/cfg.py:2609
2026-06-22 00:37:19.810 139975 DEBUG oslo_service.service [req-a25d5cf7-45c3-4c0b-bfb6-51225209b151 - - - - -] oslo_messaging_rabbit.ssl = False log_opt_values /usr/lib/python3/dist-packages/oslo_config/cfg.py:2609
2026-06-22 00:37:19.810 139975 DEBUG oslo_service.service [req-a25d5cf7-45c3-4c0b-bfb6-51225209b151 - - - - -] oslo_messaging_rabbit.ssl_ca_file = log_opt_values /usr/lib/python3/dist-packages/oslo_config/cfg.py:2609
2026-06-22 00:37:19.811 139975 DEBUG oslo_service.service [req-a25d5cf7-45c3-4c0b-bfb6-51225209b151 - - - - -] oslo_messaging_rabbit.ssl_cert_file = log_opt_values /usr/lib/python3/dist-packages/oslo_config/cfg.py:2609
2026-06-22 00:37:19.811 139975 DEBUG oslo_service.service [req-a25d5cf7-45c3-4c0b-bfb6-51225209b151 - - - - -] oslo_messaging_rabbit.ssl_key_file = log_opt_values /usr/lib/python3/dist-packages/oslo_config/cfg.py:2609
2026-06-22 00:37:19.811 139975 DEBUG oslo_service.service [req-a25d5cf7-45c3-4c0b-bfb6-51225209b151 - - - - -] oslo_messaging_rabbit.ssl_version = log_opt_values /usr/lib/python3/dist-packages/oslo_config/cfg.py:2609
2026-06-22 00:37:19.811 139975 DEBUG oslo_service.service [req-a25d5cf7-45c3-4c0b-bfb6-51225209b151 - - - - -] oslo_messaging_notifications.driver = ['messagingv2'] log_opt_values /usr/lib/python3/dist-packages/oslo_config/cfg.py:2609
2026-06-22 00:37:19.811 139975 DEBUG oslo_service.service [req-a25d5cf7-45c3-4c0b-bfb6-51225209b151 - - - - -] oslo_messaging_notifications.retry = -1 log_opt_values /usr/lib/python3/dist-packages/oslo_config/cfg.py:2609
2026-06-22 00:37:19.812 139975 DEBUG oslo_service.service [req-a25d5cf7-45c3-4c0b-bfb6-51225209b151 - - - - -] oslo_messaging_notifications.topics = ['notifications'] log_opt_values /usr/lib/python3/dist-packages/oslo_config/cfg.py:2609
2026-06-22 00:37:19.812 139975 DEBUG oslo_service.service [req-a25d5cf7-45c3-4c0b-bfb6-51225209b151 - - - - -] oslo_messaging_notifications.transport_url = **** log_opt_values /usr/lib/python3/dist-packages/oslo_config/cfg.py:2609
2026-06-22 00:37:19.812 139975 DEBUG oslo_service.service [req-a25d5cf7-45c3-4c0b-bfb6-51225209b151 - - - - -] oslo_limit.auth_section = None log_opt_values /usr/lib/python3/dist-packages/oslo_config/cfg.py:2609
2026-06-22 00:37:19.812 139975 DEBUG oslo_service.service [req-a25d5cf7-45c3-4c0b-bfb6-51225209b151 - - - - -] oslo_limit.auth_type = None log_opt_values /usr/lib/python3/dist-packages/oslo_config/cfg.py:2609
2026-06-22 00:37:19.812 139975 DEBUG oslo_service.service [req-a25d5cf7-45c3-4c0b-bfb6-51225209b151 - - - - -] oslo_limit.cafile = None log_opt_values /usr/lib/python3/dist-packages/oslo_config/cfg.py:2609
2026-06-22 00:37:19.813 139975 DEBUG oslo_service.service [req-a25d5cf7-45c3-4c0b-bfb6-51225209b151 - - - - -] oslo_limit.certfile = None log_opt_values /usr/lib/python3/dist-packages/oslo_config/cfg.py:2609
2026-06-22 00:37:19.813 139975 DEBUG oslo_service.service [req-a25d5cf7-45c3-4c0b-bfb6-51225209b151 - - - - -] oslo_limit.collect_timing = False log_opt_values /usr/lib/python3/dist-packages/oslo_config/cfg.py:2609
2026-06-22 00:37:19.813 139975 DEBUG oslo_service.service [req-a25d5cf7-45c3-4c0b-bfb6-51225209b151 - - - - -] oslo_limit.connect_retries = None log_opt_values /usr/lib/python3/dist-packages/oslo_config/cfg.py:2609
2026-06-22 00:37:19.813 139975 DEBUG oslo_service.service [req-a25d5cf7-45c3-4c0b-bfb6-51225209b151 - - - - -] oslo_limit.connect_retry_delay = None log_opt_values /usr/lib/python3/dist-packages/oslo_config/cfg.py:2609
2026-06-22 00:37:19.813 139975 DEBUG oslo_service.service [req-a25d5cf7-45c3-4c0b-bfb6-51225209b151 - - - - -] oslo_limit.endpoint_id = None log_opt_values /usr/lib/python3/dist-packages/oslo_config/cfg.py:2609
2026-06-22 00:37:19.814 139975 DEBUG oslo_service.service [req-a25d5cf7-45c3-4c0b-bfb6-51225209b151 - - - - -] oslo_limit.endpoint_override = None log_opt_values /usr/lib/python3/dist-packages/oslo_config/cfg.py:2609
2026-06-22 00:37:19.814 139975 DEBUG oslo_service.service [req-a25d5cf7-45c3-4c0b-bfb6-51225209b151 - - - - -] oslo_limit.insecure = False log_opt_values /usr/lib/python3/dist-packages/oslo_config/cfg.py:2609
2026-06-22 00:37:19.814 139975 DEBUG oslo_service.service [req-a25d5cf7-45c3-4c0b-bfb6-51225209b151 - - - - -] oslo_limit.keyfile = None log_opt_values /usr/lib/python3/dist-packages/oslo_config/cfg.py:2609
2026-06-22 00:37:19.814 139975 DEBUG oslo_service.service [req-a25d5cf7-45c3-4c0b-bfb6-51225209b151 - - - - -] oslo_limit.max_version = None log_opt_values /usr/lib/python3/dist-packages/oslo_config/cfg.py:2609
2026-06-22 00:37:19.815 139975 DEBUG oslo_service.service [req-a25d5cf7-45c3-4c0b-bfb6-51225209b151 - - - - -] oslo_limit.min_version = None log_opt_values /usr/lib/python3/dist-packages/oslo_config/cfg.py:2609
2026-06-22 00:37:19.815 139975 DEBUG oslo_service.service [req-a25d5cf7-45c3-4c0b-bfb6-51225209b151 - - - - -] oslo_limit.region_name = None log_opt_values /usr/lib/python3/dist-packages/oslo_config/cfg.py:2609
2026-06-22 00:37:19.815 139975 DEBUG oslo_service.service [req-a25d5cf7-45c3-4c0b-bfb6-51225209b151 - - - - -] oslo_limit.service_name = None log_opt_values /usr/lib/python3/dist-packages/oslo_config/cfg.py:2609
2026-06-22 00:37:19.815 139975 DEBUG oslo_service.service [req-a25d5cf7-45c3-4c0b-bfb6-51225209b151 - - - - -] oslo_limit.service_type = None log_opt_values /usr/lib/python3/dist-packages/oslo_config/cfg.py:2609
2026-06-22 00:37:19.815 139975 DEBUG oslo_service.service [req-a25d5cf7-45c3-4c0b-bfb6-51225209b151 - - - - -] oslo_limit.split_loggers = False log_opt_values /usr/lib/python3/dist-packages/oslo_config/cfg.py:2609
2026-06-22 00:37:19.816 139975 DEBUG oslo_service.service [req-a25d5cf7-45c3-4c0b-bfb6-51225209b151 - - - - -] oslo_limit.status_code_retries = None log_opt_values /usr/lib/python3/dist-packages/oslo_config/cfg.py:2609
2026-06-22 00:37:19.816 139975 DEBUG oslo_service.service [req-a25d5cf7-45c3-4c0b-bfb6-51225209b151 - - - - -] oslo_limit.status_code_retry_delay = None log_opt_values /usr/lib/python3/dist-packages/oslo_config/cfg.py:2609
2026-06-22 00:37:19.816 139975 DEBUG oslo_service.service [req-a25d5cf7-45c3-4c0b-bfb6-51225209b151 - - - - -] oslo_limit.timeout = None log_opt_values /usr/lib/python3/dist-packages/oslo_config/cfg.py:2609
2026-06-22 00:37:19.816 139975 DEBUG oslo_service.service [req-a25d5cf7-45c3-4c0b-bfb6-51225209b151 - - - - -] oslo_limit.valid_interfaces = None log_opt_values /usr/lib/python3/dist-packages/oslo_config/cfg.py:2609
2026-06-22 00:37:19.816 139975 DEBUG oslo_service.service [req-a25d5cf7-45c3-4c0b-bfb6-51225209b151 - - - - -] oslo_limit.version = None log_opt_values /usr/lib/python3/dist-packages/oslo_config/cfg.py:2609
2026-06-22 00:37:19.817 139975 DEBUG oslo_service.service [req-a25d5cf7-45c3-4c0b-bfb6-51225209b151 - - - - -] oslo_reports.file_event_handler = None log_opt_values /usr/lib/python3/dist-packages/oslo_config/cfg.py:2609
2026-06-22 00:37:19.817 139975 DEBUG oslo_service.service [req-a25d5cf7-45c3-4c0b-bfb6-51225209b151 - - - - -] oslo_reports.file_event_handler_interval = 1 log_opt_values /usr/lib/python3/dist-packages/oslo_config/cfg.py:2609
2026-06-22 00:37:19.817 139975 DEBUG oslo_service.service [req-a25d5cf7-45c3-4c0b-bfb6-51225209b151 - - - - -] oslo_reports.log_dir = None log_opt_values /usr/lib/python3/dist-packages/oslo_config/cfg.py:2609
2026-06-22 00:37:19.817 139975 DEBUG oslo_service.service [req-a25d5cf7-45c3-4c0b-bfb6-51225209b151 - - - - -] ******************************************************************************** log_opt_values /usr/lib/python3/dist-packages/oslo_config/cfg.py:2613
2026-06-22 00:37:20.629 140416 DEBUG oslo_messaging._drivers.amqpdriver [-] AMQPListener connection timeout poll /usr/lib/python3/dist-packages/oslo_messaging/_drivers/amqpdriver.py:360
2026-06-22 00:37:20.630 140416 DEBUG oslo_messaging._drivers.amqpdriver [-] Listener is running poll /usr/lib/python3/dist-packages/oslo_messaging/_drivers/amqpdriver.py:343
2026-06-22 00:37:20.630 140416 DEBUG oslo_messaging._drivers.amqpdriver [-] AMQPListener connection consume poll /usr/lib/python3/dist-packages/oslo_messaging/_drivers/amqpdriver.py:357
2026-06-22 00:37:20.632 140418 DEBUG oslo_messaging._drivers.amqpdriver [-] AMQPListener connection timeout poll /usr/lib/python3/dist-packages/oslo_messaging/_drivers/amqpdriver.py:360
2026-06-22 00:37:20.632 140418 DEBUG oslo_messaging._drivers.amqpdriver [-] Listener is running poll /usr/lib/python3/dist-packages/oslo_messaging/_drivers/amqpdriver.py:343
2026-06-22 00:37:20.632 140418 DEBUG oslo_messaging._drivers.amqpdriver [-] AMQPListener connection consume poll /usr/lib/python3/dist-packages/oslo_messaging/_drivers/amqpdriver.py:357
2026-06-22 00:37:20.670 140419 DEBUG oslo_messaging._drivers.amqpdriver [-] AMQPListener connection timeout poll /usr/lib/python3/dist-packages/oslo_messaging/_drivers/amqpdriver.py:360
2026-06-22 00:37:20.670 140419 DEBUG oslo_messaging._drivers.amqpdriver [-] Listener is running poll /usr/lib/python3/dist-packages/oslo_messaging/_drivers/amqpdriver.py:343
2026-06-22 00:37:20.670 140419 DEBUG oslo_messaging._drivers.amqpdriver [-] AMQPListener connection consume poll /usr/lib/python3/dist-packages/oslo_messaging/_drivers/amqpdriver.py:357
2026-06-22 00:37:20.673 140417 DEBUG oslo_messaging._drivers.amqpdriver [-] AMQPListener connection timeout poll /usr/lib/python3/dist-packages/oslo_messaging/_drivers/amqpdriver.py:360
2026-06-22 00:37:20.673 140417 DEBUG oslo_messaging._drivers.amqpdriver [-] Listener is running poll /usr/lib/python3/dist-packages/oslo_messaging/_drivers/amqpdriver.py:343
2026-06-22 00:37:20.673 140417 DEBUG oslo_messaging._drivers.amqpdriver [-] AMQPListener connection consume poll /usr/lib/python3/dist-packages/oslo_messaging/_drivers/amqpdriver.py:357
2026-06-22 00:37:22.632 140416 DEBUG oslo_messaging._drivers.amqpdriver [-] AMQPListener connection timeout poll /usr/lib/python3/dist-packages/oslo_messaging/_drivers/amqpdriver.py:360
2026-06-22 00:37:22.633 140416 DEBUG oslo_messaging._drivers.amqpdriver [-] Listener is running poll /usr/lib/python3/dist-packages/oslo_messaging/_drivers/amqpdriver.py:343
2026-06-22 00:37:22.633 140416 DEBUG oslo_messaging._drivers.amqpdriver [-] AMQPListener connection consume poll /usr/lib/python3/dist-packages/oslo_messaging/_drivers/amqpdriver.py:357
2026-06-22 00:37:22.635 140418 DEBUG oslo_messaging._drivers.amqpdriver [-] AMQPListener connection timeout poll /usr/lib/python3/dist-packages/oslo_messaging/_drivers/amqpdriver.py:360
2026-06-22 00:37:22.635 140418 DEBUG oslo_messaging._drivers.amqpdriver [-] Listener is running poll /usr/lib/python3/dist-packages/oslo_messaging/_drivers/amqpdriver.py:343
2026-06-22 00:37:22.635 140418 DEBUG oslo_messaging._drivers.amqpdriver [-] AMQPListener connection consume poll /usr/lib/python3/dist-packages/oslo_messaging/_drivers/amqpdriver.py:357
2026-06-22 00:37:22.673 140419 DEBUG oslo_messaging._drivers.amqpdriver [-] AMQPListener connection timeout poll /usr/lib/python3/dist-packages/oslo_messaging/_drivers/amqpdriver.py:360
2026-06-22 00:37:22.673 140419 DEBUG oslo_messaging._drivers.amqpdriver [-] Listener is running poll /usr/lib/python3/dist-packages/oslo_messaging/_drivers/amqpdriver.py:343
2026-06-22 00:37:22.673 140419 DEBUG oslo_messaging._drivers.amqpdriver [-] AMQPListener connection consume poll /usr/lib/python3/dist-packages/oslo_messaging/_drivers/amqpdriver.py:357
2026-06-22 00:37:22.674 140417 DEBUG oslo_messaging._drivers.amqpdriver [-] AMQPListener connection timeout poll /usr/lib/python3/dist-packages/oslo_messaging/_drivers/amqpdriver.py:360
2026-06-22 00:37:22.675 140417 DEBUG oslo_messaging._drivers.amqpdriver [-] Listener is running poll /usr/lib/python3/dist-packages/oslo_messaging/_drivers/amqpdriver.py:343
2026-06-22 00:37:22.675 140417 DEBUG oslo_messaging._drivers.amqpdriver [-] AMQPListener connection consume poll /usr/lib/python3/dist-packages/oslo_messaging/_drivers/amqpdriver.py:357
2026-06-22 00:37:26.636 140416 DEBUG oslo_messaging._drivers.amqpdriver [-] AMQPListener connection timeout poll /usr/lib/python3/dist-packages/oslo_messaging/_drivers/amqpdriver.py:360
2026-06-22 00:37:26.636 140416 DEBUG oslo_messaging._drivers.amqpdriver [-] Listener is running poll /usr/lib/python3/dist-packages/oslo_messaging/_drivers/amqpdriver.py:343
2026-06-22 00:37:26.636 140416 DEBUG oslo_messaging._drivers.amqpdriver [-] AMQPListener connection consume poll /usr/lib/python3/dist-packages/oslo_messaging/_drivers/amqpdriver.py:357
2026-06-22 00:37:26.639 140418 DEBUG oslo_messaging._drivers.amqpdriver [-] AMQPListener connection timeout poll /usr/lib/python3/dist-packages/oslo_messaging/_drivers/amqpdriver.py:360
2026-06-22 00:37:26.639 140418 DEBUG oslo_messaging._drivers.amqpdriver [-] Listener is running poll /usr/lib/python3/dist-packages/oslo_messaging/_drivers/amqpdriver.py:343
2026-06-22 00:37:26.639 140418 DEBUG oslo_messaging._drivers.amqpdriver [-] AMQPListener connection consume poll /usr/lib/python3/dist-packages/oslo_messaging/_drivers/amqpdriver.py:357
2026-06-22 00:37:26.676 140419 DEBUG oslo_messaging._drivers.amqpdriver [-] AMQPListener connection timeout poll /usr/lib/python3/dist-packages/oslo_messaging/_drivers/amqpdriver.py:360
2026-06-22 00:37:26.676 140419 DEBUG oslo_messaging._drivers.amqpdriver [-] Listener is running poll /usr/lib/python3/dist-packages/oslo_messaging/_drivers/amqpdriver.py:343
2026-06-22 00:37:26.677 140419 DEBUG oslo_messaging._drivers.amqpdriver [-] AMQPListener connection consume poll /usr/lib/python3/dist-packages/oslo_messaging/_drivers/amqpdriver.py:357
2026-06-22 00:37:26.677 140417 DEBUG oslo_messaging._drivers.amqpdriver [-] AMQPListener connection timeout poll /usr/lib/python3/dist-packages/oslo_messaging/_drivers/amqpdriver.py:360
2026-06-22 00:37:26.678 140417 DEBUG oslo_messaging._drivers.amqpdriver [-] Listener is running poll /usr/lib/python3/dist-packages/oslo_messaging/_drivers/amqpdriver.py:343
2026-06-22 00:37:26.678 140417 DEBUG oslo_messaging._drivers.amqpdriver [-] AMQPListener connection consume poll /usr/lib/python3/dist-packages/oslo_messaging/_drivers/amqpdriver.py:357
2026-06-22 00:37:34.638 140416 DEBUG oslo_messaging._drivers.amqpdriver [-] AMQPListener connection timeout poll /usr/lib/python3/dist-packages/oslo_messaging/_drivers/amqpdriver.py:360
2026-06-22 00:37:34.638 140416 DEBUG oslo_messaging._drivers.amqpdriver [-] Listener is running poll /usr/lib/python3/dist-packages/oslo_messaging/_drivers/amqpdriver.py:343
2026-06-22 00:37:34.638 140416 DEBUG oslo_messaging._drivers.amqpdriver [-] AMQPListener connection consume poll /usr/lib/python3/dist-packages/oslo_messaging/_drivers/amqpdriver.py:357
2026-06-22 00:37:34.640 140418 DEBUG oslo_messaging._drivers.amqpdriver [-] AMQPListener connection timeout poll /usr/lib/python3/dist-packages/oslo_messaging/_drivers/amqpdriver.py:360
2026-06-22 00:37:34.640 140418 DEBUG oslo_messaging._drivers.amqpdriver [-] Listener is running poll /usr/lib/python3/dist-packages/oslo_messaging/_drivers/amqpdriver.py:343
2026-06-22 00:37:34.640 140418 DEBUG oslo_messaging._drivers.amqpdriver [-] AMQPListener connection consume poll /usr/lib/python3/dist-packages/oslo_messaging/_drivers/amqpdriver.py:357
2026-06-22 00:37:34.678 140419 DEBUG oslo_messaging._drivers.amqpdriver [-] AMQPListener connection timeout poll /usr/lib/python3/dist-packages/oslo_messaging/_drivers/amqpdriver.py:360
2026-06-22 00:37:34.678 140419 DEBUG oslo_messaging._drivers.amqpdriver [-] Listener is running poll /usr/lib/python3/dist-packages/oslo_messaging/_drivers/amqpdriver.py:343
2026-06-22 00:37:34.678 140419 DEBUG oslo_messaging._drivers.amqpdriver [-] AMQPListener connection consume poll /usr/lib/python3/dist-packages/oslo_messaging/_drivers/amqpdriver.py:357
2026-06-22 00:37:34.682 140417 DEBUG oslo_messaging._drivers.amqpdriver [-] AMQPListener connection timeout poll /usr/lib/python3/dist-packages/oslo_messaging/_drivers/amqpdriver.py:360
2026-06-22 00:37:34.682 140417 DEBUG oslo_messaging._drivers.amqpdriver [-] Listener is running poll /usr/lib/python3/dist-packages/oslo_messaging/_drivers/amqpdriver.py:343
2026-06-22 00:37:34.683 140417 DEBUG oslo_messaging._drivers.amqpdriver [-] AMQPListener connection consume poll /usr/lib/python3/dist-packages/oslo_messaging/_drivers/amqpdriver.py:357
2026-06-22 00:37:36.632 140418 DEBUG oslo_service.periodic_task [req-dd3668ff-d614-4b8d-bc76-b79594d814dc - - - - -] Running periodic task SchedulerManager._discover_hosts_in_cells run_periodic_tasks /usr/lib/python3/dist-packages/oslo_service/periodic_task.py:210
2026-06-22 00:37:36.633 140418 DEBUG oslo_db.sqlalchemy.engines [req-dd3668ff-d614-4b8d-bc76-b79594d814dc - - - - -] Parent process 139975 forked (140418) with an open database connection, which is being discarded and recreated. checkout /usr/lib/python3/dist-packages/oslo_db/sqlalchemy/engines.py:413
2026-06-22 00:37:36.639 140418 DEBUG oslo_concurrency.lockutils [req-dd3668ff-d614-4b8d-bc76-b79594d814dc - - - - -] Lock "5965d18c-52ec-4d08-a003-bb8c06580058" acquired by "nova.context.set_target_cell..get_or_set_cached_cell_and_set_connections" :: waited 0.000s inner /usr/lib/python3/dist-packages/oslo_concurrency/lockutils.py:386
2026-06-22 00:37:36.641 140418 DEBUG oslo_concurrency.lockutils [req-dd3668ff-d614-4b8d-bc76-b79594d814dc - - - - -] Lock "5965d18c-52ec-4d08-a003-bb8c06580058" "released" by "nova.context.set_target_cell..get_or_set_cached_cell_and_set_connections" :: held 0.002s inner /usr/lib/python3/dist-packages/oslo_concurrency/lockutils.py:400
2026-06-22 00:37:36.646 140418 DEBUG oslo_db.sqlalchemy.engines [req-dd3668ff-d614-4b8d-bc76-b79594d814dc - - - - -] MySQL server mode set to STRICT_TRANS_TABLES,STRICT_ALL_TABLES,NO_ZERO_IN_DATE,NO_ZERO_DATE,ERROR_FOR_DIVISION_BY_ZERO,TRADITIONAL,NO_ENGINE_SUBSTITUTION _check_effective_sql_mode /usr/lib/python3/dist-packages/oslo_db/sqlalchemy/engines.py:314
2026-06-22 00:37:36.695 140418 INFO nova.scheduler.manager [req-dd3668ff-d614-4b8d-bc76-b79594d814dc - - - - -] Discovered 1 new hosts: cell1:cn-jenkins-deploy-platform-juju-os-714-1
2026-06-22 00:37:46.664 140419 DEBUG oslo_service.periodic_task [req-c16c2dbb-f715-43af-8e62-9a69703c5e7f - - - - -] Running periodic task SchedulerManager._discover_hosts_in_cells run_periodic_tasks /usr/lib/python3/dist-packages/oslo_service/periodic_task.py:210
2026-06-22 00:37:46.665 140419 DEBUG oslo_db.sqlalchemy.engines [req-c16c2dbb-f715-43af-8e62-9a69703c5e7f - - - - -] Parent process 139975 forked (140419) with an open database connection, which is being discarded and recreated. checkout /usr/lib/python3/dist-packages/oslo_db/sqlalchemy/engines.py:413
2026-06-22 00:37:46.672 140419 DEBUG oslo_concurrency.lockutils [req-c16c2dbb-f715-43af-8e62-9a69703c5e7f - - - - -] Lock "5965d18c-52ec-4d08-a003-bb8c06580058" acquired by "nova.context.set_target_cell..get_or_set_cached_cell_and_set_connections" :: waited 0.000s inner /usr/lib/python3/dist-packages/oslo_concurrency/lockutils.py:386
2026-06-22 00:37:46.673 140419 DEBUG oslo_concurrency.lockutils [req-c16c2dbb-f715-43af-8e62-9a69703c5e7f - - - - -] Lock "5965d18c-52ec-4d08-a003-bb8c06580058" "released" by "nova.context.set_target_cell..get_or_set_cached_cell_and_set_connections" :: held 0.002s inner /usr/lib/python3/dist-packages/oslo_concurrency/lockutils.py:400
2026-06-22 00:37:46.678 140419 DEBUG oslo_db.sqlalchemy.engines [req-c16c2dbb-f715-43af-8e62-9a69703c5e7f - - - - -] MySQL server mode set to STRICT_TRANS_TABLES,STRICT_ALL_TABLES,NO_ZERO_IN_DATE,NO_ZERO_DATE,ERROR_FOR_DIVISION_BY_ZERO,TRADITIONAL,NO_ENGINE_SUBSTITUTION _check_effective_sql_mode /usr/lib/python3/dist-packages/oslo_db/sqlalchemy/engines.py:314
2026-06-22 00:38:04.618 140416 DEBUG oslo_messaging._drivers.amqpdriver [-] AMQPListener connection timeout poll /usr/lib/python3/dist-packages/oslo_messaging/_drivers/amqpdriver.py:360
2026-06-22 00:38:04.618 140416 DEBUG oslo_messaging._drivers.amqpdriver [-] Listener is running poll /usr/lib/python3/dist-packages/oslo_messaging/_drivers/amqpdriver.py:343
2026-06-22 00:38:04.618 140416 DEBUG oslo_messaging._drivers.amqpdriver [-] AMQPListener connection consume poll /usr/lib/python3/dist-packages/oslo_messaging/_drivers/amqpdriver.py:357
2026-06-22 00:38:04.624 140418 DEBUG oslo_messaging._drivers.amqpdriver [-] AMQPListener connection timeout poll /usr/lib/python3/dist-packages/oslo_messaging/_drivers/amqpdriver.py:360
2026-06-22 00:38:04.624 140418 DEBUG oslo_messaging._drivers.amqpdriver [-] Listener is running poll /usr/lib/python3/dist-packages/oslo_messaging/_drivers/amqpdriver.py:343
2026-06-22 00:38:04.625 140418 DEBUG oslo_messaging._drivers.amqpdriver [-] AMQPListener connection consume poll /usr/lib/python3/dist-packages/oslo_messaging/_drivers/amqpdriver.py:357
2026-06-22 00:38:04.646 140419 DEBUG oslo_messaging._drivers.amqpdriver [-] AMQPListener connection timeout poll /usr/lib/python3/dist-packages/oslo_messaging/_drivers/amqpdriver.py:360
2026-06-22 00:38:04.647 140419 DEBUG oslo_messaging._drivers.amqpdriver [-] Listener is running poll /usr/lib/python3/dist-packages/oslo_messaging/_drivers/amqpdriver.py:343
2026-06-22 00:38:04.647 140419 DEBUG oslo_messaging._drivers.amqpdriver [-] AMQPListener connection consume poll /usr/lib/python3/dist-packages/oslo_messaging/_drivers/amqpdriver.py:357
2026-06-22 00:38:04.649 140417 DEBUG oslo_messaging._drivers.amqpdriver [-] AMQPListener connection timeout poll /usr/lib/python3/dist-packages/oslo_messaging/_drivers/amqpdriver.py:360
2026-06-22 00:38:04.649 140417 DEBUG oslo_messaging._drivers.amqpdriver [-] Listener is running poll /usr/lib/python3/dist-packages/oslo_messaging/_drivers/amqpdriver.py:343
2026-06-22 00:38:04.649 140417 DEBUG oslo_messaging._drivers.amqpdriver [-] AMQPListener connection consume poll /usr/lib/python3/dist-packages/oslo_messaging/_drivers/amqpdriver.py:357
2026-06-22 00:38:05.674 140417 DEBUG oslo_service.periodic_task [req-7d653192-5867-4c3f-802b-6eed17c42a99 - - - - -] Running periodic task SchedulerManager._discover_hosts_in_cells run_periodic_tasks /usr/lib/python3/dist-packages/oslo_service/periodic_task.py:210
2026-06-22 00:38:05.675 140417 DEBUG oslo_db.sqlalchemy.engines [req-7d653192-5867-4c3f-802b-6eed17c42a99 - - - - -] Parent process 139975 forked (140417) with an open database connection, which is being discarded and recreated. checkout /usr/lib/python3/dist-packages/oslo_db/sqlalchemy/engines.py:413
2026-06-22 00:38:05.681 140417 DEBUG oslo_concurrency.lockutils [req-7d653192-5867-4c3f-802b-6eed17c42a99 - - - - -] Lock "5965d18c-52ec-4d08-a003-bb8c06580058" acquired by "nova.context.set_target_cell..get_or_set_cached_cell_and_set_connections" :: waited 0.000s inner /usr/lib/python3/dist-packages/oslo_concurrency/lockutils.py:386
2026-06-22 00:38:05.683 140417 DEBUG oslo_concurrency.lockutils [req-7d653192-5867-4c3f-802b-6eed17c42a99 - - - - -] Lock "5965d18c-52ec-4d08-a003-bb8c06580058" "released" by "nova.context.set_target_cell..get_or_set_cached_cell_and_set_connections" :: held 0.002s inner /usr/lib/python3/dist-packages/oslo_concurrency/lockutils.py:400
2026-06-22 00:38:05.688 140417 DEBUG oslo_db.sqlalchemy.engines [req-7d653192-5867-4c3f-802b-6eed17c42a99 - - - - -] MySQL server mode set to STRICT_TRANS_TABLES,STRICT_ALL_TABLES,NO_ZERO_IN_DATE,NO_ZERO_DATE,ERROR_FOR_DIVISION_BY_ZERO,TRADITIONAL,NO_ENGINE_SUBSTITUTION _check_effective_sql_mode /usr/lib/python3/dist-packages/oslo_db/sqlalchemy/engines.py:314
2026-06-22 00:38:06.697 140418 DEBUG oslo_service.periodic_task [req-dd3668ff-d614-4b8d-bc76-b79594d814dc - - - - -] Running periodic task SchedulerManager._discover_hosts_in_cells run_periodic_tasks /usr/lib/python3/dist-packages/oslo_service/periodic_task.py:210
2026-06-22 00:38:06.702 140418 DEBUG oslo_concurrency.lockutils [req-dd8feb21-ccd0-42e6-9ecf-0dbe74803690 - - - - -] Lock "5965d18c-52ec-4d08-a003-bb8c06580058" acquired by "nova.context.set_target_cell..get_or_set_cached_cell_and_set_connections" :: waited 0.000s inner /usr/lib/python3/dist-packages/oslo_concurrency/lockutils.py:386
2026-06-22 00:38:06.702 140418 DEBUG oslo_concurrency.lockutils [req-dd8feb21-ccd0-42e6-9ecf-0dbe74803690 - - - - -] Lock "5965d18c-52ec-4d08-a003-bb8c06580058" "released" by "nova.context.set_target_cell..get_or_set_cached_cell_and_set_connections" :: held 0.000s inner /usr/lib/python3/dist-packages/oslo_concurrency/lockutils.py:400
2026-06-22 00:38:07.625 140416 DEBUG oslo_service.periodic_task [req-5b68b668-b5ed-4732-984e-3988e61c1518 - - - - -] Running periodic task SchedulerManager._discover_hosts_in_cells run_periodic_tasks /usr/lib/python3/dist-packages/oslo_service/periodic_task.py:210
2026-06-22 00:38:07.626 140416 DEBUG oslo_db.sqlalchemy.engines [req-5b68b668-b5ed-4732-984e-3988e61c1518 - - - - -] Parent process 139975 forked (140416) with an open database connection, which is being discarded and recreated. checkout /usr/lib/python3/dist-packages/oslo_db/sqlalchemy/engines.py:413
2026-06-22 00:38:07.632 140416 DEBUG oslo_concurrency.lockutils [req-5b68b668-b5ed-4732-984e-3988e61c1518 - - - - -] Lock "5965d18c-52ec-4d08-a003-bb8c06580058" acquired by "nova.context.set_target_cell..get_or_set_cached_cell_and_set_connections" :: waited 0.000s inner /usr/lib/python3/dist-packages/oslo_concurrency/lockutils.py:386
2026-06-22 00:38:07.633 140416 DEBUG oslo_concurrency.lockutils [req-5b68b668-b5ed-4732-984e-3988e61c1518 - - - - -] Lock "5965d18c-52ec-4d08-a003-bb8c06580058" "released" by "nova.context.set_target_cell..get_or_set_cached_cell_and_set_connections" :: held 0.002s inner /usr/lib/python3/dist-packages/oslo_concurrency/lockutils.py:400
2026-06-22 00:38:07.638 140416 DEBUG oslo_db.sqlalchemy.engines [req-5b68b668-b5ed-4732-984e-3988e61c1518 - - - - -] MySQL server mode set to STRICT_TRANS_TABLES,STRICT_ALL_TABLES,NO_ZERO_IN_DATE,NO_ZERO_DATE,ERROR_FOR_DIVISION_BY_ZERO,TRADITIONAL,NO_ENGINE_SUBSTITUTION _check_effective_sql_mode /usr/lib/python3/dist-packages/oslo_db/sqlalchemy/engines.py:314
2026-06-22 00:38:16.689 140419 DEBUG oslo_service.periodic_task [req-c16c2dbb-f715-43af-8e62-9a69703c5e7f - - - - -] Running periodic task SchedulerManager._discover_hosts_in_cells run_periodic_tasks /usr/lib/python3/dist-packages/oslo_service/periodic_task.py:210
2026-06-22 00:38:16.693 140419 DEBUG oslo_concurrency.lockutils [req-830454ac-da2c-4a97-b0c4-dbedbbae7c81 - - - - -] Lock "5965d18c-52ec-4d08-a003-bb8c06580058" acquired by "nova.context.set_target_cell..get_or_set_cached_cell_and_set_connections" :: waited 0.000s inner /usr/lib/python3/dist-packages/oslo_concurrency/lockutils.py:386
2026-06-22 00:38:16.693 140419 DEBUG oslo_concurrency.lockutils [req-830454ac-da2c-4a97-b0c4-dbedbbae7c81 - - - - -] Lock "5965d18c-52ec-4d08-a003-bb8c06580058" "released" by "nova.context.set_target_cell..get_or_set_cached_cell_and_set_connections" :: held 0.000s inner /usr/lib/python3/dist-packages/oslo_concurrency/lockutils.py:400
2026-06-22 00:38:35.704 140417 DEBUG oslo_service.periodic_task [req-7d653192-5867-4c3f-802b-6eed17c42a99 - - - - -] Running periodic task SchedulerManager._discover_hosts_in_cells run_periodic_tasks /usr/lib/python3/dist-packages/oslo_service/periodic_task.py:210
2026-06-22 00:38:35.709 140417 DEBUG oslo_concurrency.lockutils [req-a2816785-9397-4113-a273-53a77c26ebf2 - - - - -] Lock "5965d18c-52ec-4d08-a003-bb8c06580058" acquired by "nova.context.set_target_cell..get_or_set_cached_cell_and_set_connections" :: waited 0.000s inner /usr/lib/python3/dist-packages/oslo_concurrency/lockutils.py:386
2026-06-22 00:38:35.709 140417 DEBUG oslo_concurrency.lockutils [req-a2816785-9397-4113-a273-53a77c26ebf2 - - - - -] Lock "5965d18c-52ec-4d08-a003-bb8c06580058" "released" by "nova.context.set_target_cell..get_or_set_cached_cell_and_set_connections" :: held 0.000s inner /usr/lib/python3/dist-packages/oslo_concurrency/lockutils.py:400
2026-06-22 00:38:36.620 140416 DEBUG oslo_messaging._drivers.amqpdriver [-] AMQPListener connection timeout poll /usr/lib/python3/dist-packages/oslo_messaging/_drivers/amqpdriver.py:360
2026-06-22 00:38:36.621 140416 DEBUG oslo_messaging._drivers.amqpdriver [-] Listener is running poll /usr/lib/python3/dist-packages/oslo_messaging/_drivers/amqpdriver.py:343
2026-06-22 00:38:36.621 140416 DEBUG oslo_messaging._drivers.amqpdriver [-] AMQPListener connection consume poll /usr/lib/python3/dist-packages/oslo_messaging/_drivers/amqpdriver.py:357
2026-06-22 00:38:36.627 140418 DEBUG oslo_messaging._drivers.amqpdriver [-] AMQPListener connection timeout poll /usr/lib/python3/dist-packages/oslo_messaging/_drivers/amqpdriver.py:360
2026-06-22 00:38:36.628 140418 DEBUG oslo_messaging._drivers.amqpdriver [-] Listener is running poll /usr/lib/python3/dist-packages/oslo_messaging/_drivers/amqpdriver.py:343
2026-06-22 00:38:36.628 140418 DEBUG oslo_messaging._drivers.amqpdriver [-] AMQPListener connection consume poll /usr/lib/python3/dist-packages/oslo_messaging/_drivers/amqpdriver.py:357
2026-06-22 00:38:36.650 140419 DEBUG oslo_messaging._drivers.amqpdriver [-] AMQPListener connection timeout poll /usr/lib/python3/dist-packages/oslo_messaging/_drivers/amqpdriver.py:360
2026-06-22 00:38:36.650 140419 DEBUG oslo_messaging._drivers.amqpdriver [-] Listener is running poll /usr/lib/python3/dist-packages/oslo_messaging/_drivers/amqpdriver.py:343
2026-06-22 00:38:36.650 140419 DEBUG oslo_messaging._drivers.amqpdriver [-] AMQPListener connection consume poll /usr/lib/python3/dist-packages/oslo_messaging/_drivers/amqpdriver.py:357
2026-06-22 00:38:36.651 140417 DEBUG oslo_messaging._drivers.amqpdriver [-] AMQPListener connection timeout poll /usr/lib/python3/dist-packages/oslo_messaging/_drivers/amqpdriver.py:360
2026-06-22 00:38:36.651 140417 DEBUG oslo_messaging._drivers.amqpdriver [-] Listener is running poll /usr/lib/python3/dist-packages/oslo_messaging/_drivers/amqpdriver.py:343
2026-06-22 00:38:36.652 140417 DEBUG oslo_messaging._drivers.amqpdriver [-] AMQPListener connection consume poll /usr/lib/python3/dist-packages/oslo_messaging/_drivers/amqpdriver.py:357
2026-06-22 00:38:36.706 140418 DEBUG oslo_service.periodic_task [req-dd8feb21-ccd0-42e6-9ecf-0dbe74803690 - - - - -] Running periodic task SchedulerManager._discover_hosts_in_cells run_periodic_tasks /usr/lib/python3/dist-packages/oslo_service/periodic_task.py:210
2026-06-22 00:38:36.710 140418 DEBUG oslo_concurrency.lockutils [req-ca6e93a5-36e8-4e2d-ac5e-577724bd0f98 - - - - -] Lock "5965d18c-52ec-4d08-a003-bb8c06580058" acquired by "nova.context.set_target_cell..get_or_set_cached_cell_and_set_connections" :: waited 0.000s inner /usr/lib/python3/dist-packages/oslo_concurrency/lockutils.py:386
2026-06-22 00:38:36.711 140418 DEBUG oslo_concurrency.lockutils [req-ca6e93a5-36e8-4e2d-ac5e-577724bd0f98 - - - - -] Lock "5965d18c-52ec-4d08-a003-bb8c06580058" "released" by "nova.context.set_target_cell..get_or_set_cached_cell_and_set_connections" :: held 0.000s inner /usr/lib/python3/dist-packages/oslo_concurrency/lockutils.py:400
2026-06-22 00:38:37.649 140416 DEBUG oslo_service.periodic_task [req-5b68b668-b5ed-4732-984e-3988e61c1518 - - - - -] Running periodic task SchedulerManager._discover_hosts_in_cells run_periodic_tasks /usr/lib/python3/dist-packages/oslo_service/periodic_task.py:210
2026-06-22 00:38:37.654 140416 DEBUG oslo_concurrency.lockutils [req-f9f53c38-5030-4409-8d57-a91ca627eeda - - - - -] Lock "5965d18c-52ec-4d08-a003-bb8c06580058" acquired by "nova.context.set_target_cell..get_or_set_cached_cell_and_set_connections" :: waited 0.000s inner /usr/lib/python3/dist-packages/oslo_concurrency/lockutils.py:386
2026-06-22 00:38:37.654 140416 DEBUG oslo_concurrency.lockutils [req-f9f53c38-5030-4409-8d57-a91ca627eeda - - - - -] Lock "5965d18c-52ec-4d08-a003-bb8c06580058" "released" by "nova.context.set_target_cell..get_or_set_cached_cell_and_set_connections" :: held 0.000s inner /usr/lib/python3/dist-packages/oslo_concurrency/lockutils.py:400
2026-06-22 00:38:46.699 140419 DEBUG oslo_service.periodic_task [req-830454ac-da2c-4a97-b0c4-dbedbbae7c81 - - - - -] Running periodic task SchedulerManager._discover_hosts_in_cells run_periodic_tasks /usr/lib/python3/dist-packages/oslo_service/periodic_task.py:210
2026-06-22 00:38:46.704 140419 DEBUG oslo_concurrency.lockutils [req-17f9930d-acd2-4df2-86e7-68f299247556 - - - - -] Lock "5965d18c-52ec-4d08-a003-bb8c06580058" acquired by "nova.context.set_target_cell..get_or_set_cached_cell_and_set_connections" :: waited 0.000s inner /usr/lib/python3/dist-packages/oslo_concurrency/lockutils.py:386
2026-06-22 00:38:46.704 140419 DEBUG oslo_concurrency.lockutils [req-17f9930d-acd2-4df2-86e7-68f299247556 - - - - -] Lock "5965d18c-52ec-4d08-a003-bb8c06580058" "released" by "nova.context.set_target_cell..get_or_set_cached_cell_and_set_connections" :: held 0.000s inner /usr/lib/python3/dist-packages/oslo_concurrency/lockutils.py:400
2026-06-22 00:39:05.716 140417 DEBUG oslo_service.periodic_task [req-a2816785-9397-4113-a273-53a77c26ebf2 - - - - -] Running periodic task SchedulerManager._discover_hosts_in_cells run_periodic_tasks /usr/lib/python3/dist-packages/oslo_service/periodic_task.py:210
2026-06-22 00:39:05.720 140417 DEBUG oslo_concurrency.lockutils [req-fec3c087-a9f6-418b-a869-c51a0bc047aa - - - - -] Lock "5965d18c-52ec-4d08-a003-bb8c06580058" acquired by "nova.context.set_target_cell..get_or_set_cached_cell_and_set_connections" :: waited 0.000s inner /usr/lib/python3/dist-packages/oslo_concurrency/lockutils.py:386
2026-06-22 00:39:05.720 140417 DEBUG oslo_concurrency.lockutils [req-fec3c087-a9f6-418b-a869-c51a0bc047aa - - - - -] Lock "5965d18c-52ec-4d08-a003-bb8c06580058" "released" by "nova.context.set_target_cell..get_or_set_cached_cell_and_set_connections" :: held 0.000s inner /usr/lib/python3/dist-packages/oslo_concurrency/lockutils.py:400
2026-06-22 00:39:06.717 140418 DEBUG oslo_service.periodic_task [req-ca6e93a5-36e8-4e2d-ac5e-577724bd0f98 - - - - -] Running periodic task SchedulerManager._discover_hosts_in_cells run_periodic_tasks /usr/lib/python3/dist-packages/oslo_service/periodic_task.py:210
2026-06-22 00:39:06.720 140418 DEBUG oslo_concurrency.lockutils [req-1d4b5f46-3114-4800-b874-7e5ed527b6c9 - - - - -] Lock "5965d18c-52ec-4d08-a003-bb8c06580058" acquired by "nova.context.set_target_cell..get_or_set_cached_cell_and_set_connections" :: waited 0.000s inner /usr/lib/python3/dist-packages/oslo_concurrency/lockutils.py:386
2026-06-22 00:39:06.721 140418 DEBUG oslo_concurrency.lockutils [req-1d4b5f46-3114-4800-b874-7e5ed527b6c9 - - - - -] Lock "5965d18c-52ec-4d08-a003-bb8c06580058" "released" by "nova.context.set_target_cell..get_or_set_cached_cell_and_set_connections" :: held 0.000s inner /usr/lib/python3/dist-packages/oslo_concurrency/lockutils.py:400
2026-06-22 00:39:07.661 140416 DEBUG oslo_service.periodic_task [req-f9f53c38-5030-4409-8d57-a91ca627eeda - - - - -] Running periodic task SchedulerManager._discover_hosts_in_cells run_periodic_tasks /usr/lib/python3/dist-packages/oslo_service/periodic_task.py:210
2026-06-22 00:39:07.664 140416 DEBUG oslo_concurrency.lockutils [req-f60ae88f-63d9-43ad-9f4c-595fd4aff9d6 - - - - -] Lock "5965d18c-52ec-4d08-a003-bb8c06580058" acquired by "nova.context.set_target_cell..get_or_set_cached_cell_and_set_connections" :: waited 0.000s inner /usr/lib/python3/dist-packages/oslo_concurrency/lockutils.py:386
2026-06-22 00:39:07.665 140416 DEBUG oslo_concurrency.lockutils [req-f60ae88f-63d9-43ad-9f4c-595fd4aff9d6 - - - - -] Lock "5965d18c-52ec-4d08-a003-bb8c06580058" "released" by "nova.context.set_target_cell..get_or_set_cached_cell_and_set_connections" :: held 0.000s inner /usr/lib/python3/dist-packages/oslo_concurrency/lockutils.py:400
2026-06-22 00:39:16.709 140419 DEBUG oslo_service.periodic_task [req-17f9930d-acd2-4df2-86e7-68f299247556 - - - - -] Running periodic task SchedulerManager._discover_hosts_in_cells run_periodic_tasks /usr/lib/python3/dist-packages/oslo_service/periodic_task.py:210
2026-06-22 00:39:16.715 140419 DEBUG oslo_concurrency.lockutils [req-389954ef-7e06-499d-8b5e-9bcc2f9ac613 - - - - -] Lock "5965d18c-52ec-4d08-a003-bb8c06580058" acquired by "nova.context.set_target_cell..get_or_set_cached_cell_and_set_connections" :: waited 0.000s inner /usr/lib/python3/dist-packages/oslo_concurrency/lockutils.py:386
2026-06-22 00:39:16.715 140419 DEBUG oslo_concurrency.lockutils [req-389954ef-7e06-499d-8b5e-9bcc2f9ac613 - - - - -] Lock "5965d18c-52ec-4d08-a003-bb8c06580058" "released" by "nova.context.set_target_cell..get_or_set_cached_cell_and_set_connections" :: held 0.000s inner /usr/lib/python3/dist-packages/oslo_concurrency/lockutils.py:400
2026-06-22 00:39:35.725 140417 DEBUG oslo_service.periodic_task [req-fec3c087-a9f6-418b-a869-c51a0bc047aa - - - - -] Running periodic task SchedulerManager._discover_hosts_in_cells run_periodic_tasks /usr/lib/python3/dist-packages/oslo_service/periodic_task.py:210
2026-06-22 00:39:35.729 140417 DEBUG oslo_concurrency.lockutils [req-b27513a5-b3a3-4f5a-82db-14a6489cc9f5 - - - - -] Lock "5965d18c-52ec-4d08-a003-bb8c06580058" acquired by "nova.context.set_target_cell..get_or_set_cached_cell_and_set_connections" :: waited 0.000s inner /usr/lib/python3/dist-packages/oslo_concurrency/lockutils.py:386
2026-06-22 00:39:35.729 140417 DEBUG oslo_concurrency.lockutils [req-b27513a5-b3a3-4f5a-82db-14a6489cc9f5 - - - - -] Lock "5965d18c-52ec-4d08-a003-bb8c06580058" "released" by "nova.context.set_target_cell..get_or_set_cached_cell_and_set_connections" :: held 0.000s inner /usr/lib/python3/dist-packages/oslo_concurrency/lockutils.py:400
2026-06-22 00:39:36.726 140418 DEBUG oslo_service.periodic_task [req-1d4b5f46-3114-4800-b874-7e5ed527b6c9 - - - - -] Running periodic task SchedulerManager._discover_hosts_in_cells run_periodic_tasks /usr/lib/python3/dist-packages/oslo_service/periodic_task.py:210
2026-06-22 00:39:36.730 140418 DEBUG oslo_concurrency.lockutils [req-d68ae36e-13b6-4d17-8725-1d33d0352fc3 - - - - -] Lock "5965d18c-52ec-4d08-a003-bb8c06580058" acquired by "nova.context.set_target_cell..get_or_set_cached_cell_and_set_connections" :: waited 0.000s inner /usr/lib/python3/dist-packages/oslo_concurrency/lockutils.py:386
2026-06-22 00:39:36.730 140418 DEBUG oslo_concurrency.lockutils [req-d68ae36e-13b6-4d17-8725-1d33d0352fc3 - - - - -] Lock "5965d18c-52ec-4d08-a003-bb8c06580058" "released" by "nova.context.set_target_cell..get_or_set_cached_cell_and_set_connections" :: held 0.000s inner /usr/lib/python3/dist-packages/oslo_concurrency/lockutils.py:400
2026-06-22 00:39:37.672 140416 DEBUG oslo_service.periodic_task [req-f60ae88f-63d9-43ad-9f4c-595fd4aff9d6 - - - - -] Running periodic task SchedulerManager._discover_hosts_in_cells run_periodic_tasks /usr/lib/python3/dist-packages/oslo_service/periodic_task.py:210
2026-06-22 00:39:37.676 140416 DEBUG oslo_concurrency.lockutils [req-0de98009-c15d-4d4c-95a5-cd9c2db5edb7 - - - - -] Lock "5965d18c-52ec-4d08-a003-bb8c06580058" acquired by "nova.context.set_target_cell..get_or_set_cached_cell_and_set_connections" :: waited 0.000s inner /usr/lib/python3/dist-packages/oslo_concurrency/lockutils.py:386
2026-06-22 00:39:37.677 140416 DEBUG oslo_concurrency.lockutils [req-0de98009-c15d-4d4c-95a5-cd9c2db5edb7 - - - - -] Lock "5965d18c-52ec-4d08-a003-bb8c06580058" "released" by "nova.context.set_target_cell..get_or_set_cached_cell_and_set_connections" :: held 0.000s inner /usr/lib/python3/dist-packages/oslo_concurrency/lockutils.py:400
2026-06-22 00:39:40.624 140416 DEBUG oslo_messaging._drivers.amqpdriver [-] AMQPListener connection timeout poll /usr/lib/python3/dist-packages/oslo_messaging/_drivers/amqpdriver.py:360
2026-06-22 00:39:40.625 140416 DEBUG oslo_messaging._drivers.amqpdriver [-] Listener is running poll /usr/lib/python3/dist-packages/oslo_messaging/_drivers/amqpdriver.py:343
